201.245.192.253 - - [28/Mar/2024:05:42:04 -0500] "POST /kwsrmcab/Wsrmcab  HTTP/1.1" 200 39660
216.245.221.92 - - [28/Mar/2024:05:42:33 -0500] "HEAD / HTTP/1.1" 200 -
52.167.144.181 - - [28/Mar/2024:05:42:48 -0500] "GET /BLA/resoluciones/RESOLUCIONES%202021/3980.pdf HTTP/1.1" 200 417342
149.56.241.154 - - [28/Mar/2024:05:43:17 -0500] "GET /isolucionsda/Scripts/jsUtilities.js?fecha=20150217a HTTP/1.1" 200 136227
172.22.2.4 - - [28/Mar/2024:05:45:37 -0500] "GET /BLA/boletinlegal/Directivas/2019/Directiva%20008%20del%2001%20de%20noviembre%20de%202019.pdf HTTP/1.1" 304 -
172.22.2.4 - - [28/Mar/2024:05:44:47 -0500] "HEAD /BLA/boletinlegal/ HTTP/1.1" 200 -
201.245.192.253 - - [28/Mar/2024:05:47:03 -0500] "POST /kwsrmcab/Wsrmcab  HTTP/1.1" 200 39660
172.22.2.4 - - [28/Mar/2024:05:45:37 -0500] "GET /BLA/boletinlegal/ HTTP/1.1" 200 58273
18.232.188.122 - - [28/Mar/2024:05:47:29 -0500] "GET /robots.txt HTTP/1.1" 404 1018
18.232.188.122 - - [28/Mar/2024:05:47:30 -0500] "GET /BLA/boletinlegal/;jsessionid=1C0B27AD147415B47D3C6F33C326D45B? HTTP/1.1" 404 1018
216.245.221.92 - - [28/Mar/2024:05:47:33 -0500] "HEAD / HTTP/1.1" 200 -
66.249.66.19 - - [28/Mar/2024:05:47:46 -0500] "GET /BLA/resoluciones/Notificaciones/AUTOS%202023/6090.pdf HTTP/1.1" 304 -
40.77.167.67 - - [28/Mar/2024:05:48:25 -0500] "GET /BLA/resoluciones/RESOLUCIONES%202021/0827.pdf HTTP/1.1" 200 606795
40.77.167.59 - - [28/Mar/2024:05:48:52 -0500] "GET /BLA/resoluciones/RESOLUCIONES%202021/2894.pdf HTTP/1.1" 200 426462
18.212.87.137 - - [28/Mar/2024:05:51:24 -0500] "GET /robots.txt HTTP/1.1" 404 1035
18.212.87.137 - - [28/Mar/2024:05:51:25 -0500] "GET /portaldeninos/parque-ecologico-distrital-humedal-santa-maria-del-lago/ HTTP/1.1" 200 90199
40.77.167.59 - - [28/Mar/2024:05:51:51 -0500] "GET /BLA/resoluciones/AUTOS%202021/1779.pdf HTTP/1.1" 304 -
201.245.192.253 - - [28/Mar/2024:05:52:01 -0500] "POST /kwsrmcab/Wsrmcab  HTTP/1.1" 200 39660
172.22.2.4 - - [28/Mar/2024:05:50:37 -0500] "HEAD /BLA/boletinlegal/ HTTP/1.1" 200 -
216.245.221.92 - - [28/Mar/2024:05:52:33 -0500] "HEAD / HTTP/1.1" 200 -
172.22.2.4 - - [28/Mar/2024:05:51:27 -0500] "GET /BLA/boletinlegal/ HTTP/1.1" 200 60380
216.244.66.195 - - [28/Mar/2024:05:53:21 -0500] "GET /robots.txt HTTP/1.1" 404 1018
13.56.33.4 - - [28/Mar/2024:05:56:08 -0500] "HEAD / HTTP/1.1" 200 -
201.245.192.253 - - [28/Mar/2024:05:57:00 -0500] "POST /kwsrmcab/Wsrmcab  HTTP/1.1" 200 39660
216.245.221.92 - - [28/Mar/2024:05:57:33 -0500] "HEAD / HTTP/1.1" 200 -
64.62.197.83 - - [28/Mar/2024:05:58:00 -0500] "GET / HTTP/1.1" 200 319
172.22.2.4 - - [28/Mar/2024:05:56:27 -0500] "HEAD /BLA/boletinlegal/ HTTP/1.1" 200 -
172.22.2.4 - - [28/Mar/2024:05:57:18 -0500] "GET /BLA/boletinlegal/ HTTP/1.1" 200 58273
52.167.144.230 - - [28/Mar/2024:05:59:27 -0500] "GET /BLA/resoluciones/RESOLUCIONES%202022/5028.pdf HTTP/1.1" 200 568979
64.62.197.77 - - [28/Mar/2024:05:59:47 -0500] "GET /favicon.ico HTTP/1.1" 200 7782
35.173.178.60 - - [28/Mar/2024:06:00:08 -0500] "GET /robots.txt HTTP/1.1" 404 1018
35.173.178.60 - - [28/Mar/2024:06:00:09 -0500] "GET /galeria/galeria/fotos/Humedal-Santa-Mar%C3%ADa-del-Lago4G.jpg HTTP/1.1" 200 361652
43.130.32.224 - - [28/Mar/2024:06:00:21 -0500] "GET / HTTP/1.1" 200 319
64.62.197.83 - - [28/Mar/2024:06:00:26 -0500] "GET /geoserver/web/ HTTP/1.1" 200 2424
168.119.251.242 - - [28/Mar/2024:06:01:27 -0500] "GET / HTTP/1.1" 200 4720
66.249.66.19 - - [28/Mar/2024:06:01:36 -0500] "GET /portel_dama/libreria/php/2006/ECOSISTEMAS%20FINAL%20web_mz27/incendios/sitio/xtras/2.pdf HTTP/1.1" 404 1018
52.167.144.191 - - [28/Mar/2024:06:01:53 -0500] "GET /BLA/resoluciones/RESOLUCIONES%202022/5019.pdf HTTP/1.1" 200 467389
201.245.192.253 - - [28/Mar/2024:06:01:59 -0500] "POST /kwsrmcab/Wsrmcab  HTTP/1.1" 200 39660
216.245.221.92 - - [28/Mar/2024:06:02:33 -0500] "HEAD / HTTP/1.1" 200 -
172.22.2.4 - - [28/Mar/2024:06:03:40 -0500] "GET /BLA/boletinlegal/Circulares/2012/Circular%20No.%2010%20del%2022%20de%20Agosto%20de%202012.pdf HTTP/1.1" 304 -
172.22.2.4 - - [28/Mar/2024:06:02:17 -0500] "HEAD /BLA/boletinlegal/ HTTP/1.1" 200 -
172.22.2.4 - - [28/Mar/2024:06:03:07 -0500] "GET /BLA/boletinlegal/ HTTP/1.1" 200 58273
44.215.110.142 - - [28/Mar/2024:06:05:54 -0500] "GET /robots.txt HTTP/1.1" 404 1018
44.215.110.142 - - [28/Mar/2024:06:05:56 -0500] "GET /galeria/galeria/fotos/Entrenube4G.jpg HTTP/1.1" 200 171047
201.245.192.253 - - [28/Mar/2024:06:06:57 -0500] "POST /kwsrmcab/Wsrmcab  HTTP/1.1" 200 39660
66.249.66.21 - - [28/Mar/2024:06:07:31 -0500] "GET /BLA/resoluciones/AUTOS%202008/2080.pdf HTTP/1.1" 200 98515
216.245.221.92 - - [28/Mar/2024:06:07:33 -0500] "HEAD / HTTP/1.1" 200 -
52.167.144.198 - - [28/Mar/2024:06:08:30 -0500] "GET /BLA/resoluciones/RESOLUCIONES%202021/5678.pdf HTTP/1.1" 200 958485
172.22.2.4 - - [28/Mar/2024:06:08:07 -0500] "HEAD /BLA/boletinlegal/ HTTP/1.1" 200 -
172.22.2.4 - - [28/Mar/2024:06:08:58 -0500] "GET /BLA/boletinlegal/ HTTP/1.1" 200 53419
66.249.66.21 - - [28/Mar/2024:06:10:55 -0500] "GET /BLA/resoluciones/Notificaciones/AUTOS%202023/1548.pdf HTTP/1.1" 304 -
66.249.66.166 - - [28/Mar/2024:06:11:22 -0500] "GET /robots.txt HTTP/1.1" 404 1035
66.249.66.165 - - [28/Mar/2024:06:11:23 -0500] "GET /portaldeninos/2021/06/20/mas-de-130-arboles-fueron-plantados-en-el-humedal-la-conejera-con-comunidad-educativa/ HTTP/1.1" 200 107808
201.245.192.253 - - [28/Mar/2024:06:11:56 -0500] "POST /kwsrmcab/Wsrmcab  HTTP/1.1" 200 39660
40.77.167.8 - - [28/Mar/2024:06:12:15 -0500] "GET / HTTP/1.1" 200 319
52.167.144.198 - - [28/Mar/2024:06:12:20 -0500] "GET /BLA/resoluciones/RESOLUCIONES%202021/0072.pdf HTTP/1.1" 200 515897
216.245.221.92 - - [28/Mar/2024:06:12:33 -0500] "HEAD / HTTP/1.1" 200 -
40.77.167.1 - - [28/Mar/2024:06:13:34 -0500] "GET /BLA/resoluciones/RESOLUCIONES%202021/2307.pdf HTTP/1.1" 200 807805
172.22.2.4 - - [28/Mar/2024:06:14:42 -0500] "GET /BLA/boletinlegal/Circulares/2012/Circular%20No.%2011%20del%2027%20de%20Agosto%20de%202012.pdf HTTP/1.1" 304 -
172.22.2.4 - - [28/Mar/2024:06:13:57 -0500] "HEAD /BLA/boletinlegal/ HTTP/1.1" 200 -
172.22.2.4 - - [28/Mar/2024:06:15:48 -0500] "GET /BLA/boletinlegal/Circulares/2024/CIRCULAR%20No.%2000003%20DEL%2016%20DE%20FEBRERO%20DEL%202024.pdf HTTP/1.1" 200 262750
181.63.49.37 - - [28/Mar/2024:06:15:51 -0500] "POST /sipse/faces/presentacion/financiero/solicitudProceso/consultarSolicitudProceso.xhtml HTTP/1.1" 302 -
181.63.49.37 - - [28/Mar/2024:06:15:51 -0500] "GET /sipse/faces/autenticacion.xhtml HTTP/1.1" 200 1099
181.63.49.37 - - [28/Mar/2024:06:15:52 -0500] "POST /sipse/faces/presentacion/financiero/solicitudProceso/consultarSolicitudProceso.xhtml HTTP/1.1" 302 -
181.63.49.37 - - [28/Mar/2024:06:15:53 -0500] "GET /sipse/faces/autenticacion.xhtml HTTP/1.1" 200 1099
181.63.49.37 - - [28/Mar/2024:06:15:53 -0500] "POST /sipse/faces/presentacion/financiero/solicitudProceso/consultarSolicitudProceso.xhtml HTTP/1.1" 302 -
181.63.49.37 - - [28/Mar/2024:06:15:54 -0500] "GET /sipse/faces/autenticacion.xhtml HTTP/1.1" 200 1099
181.63.49.37 - - [28/Mar/2024:06:15:54 -0500] "POST /sipse/faces/presentacion/financiero/solicitudProceso/consultarSolicitudProceso.xhtml HTTP/1.1" 302 -
181.63.49.37 - - [28/Mar/2024:06:15:54 -0500] "GET /sipse/faces/autenticacion.xhtml HTTP/1.1" 200 1099
172.22.2.4 - - [28/Mar/2024:06:14:47 -0500] "GET /BLA/boletinlegal/ HTTP/1.1" 200 53818
52.167.144.192 - - [28/Mar/2024:06:16:49 -0500] "GET /BLA/resoluciones/index.php?dir=AUTOS+2013%2F HTTP/1.1" 200 407754
201.245.192.253 - - [28/Mar/2024:06:16:55 -0500] "POST /kwsrmcab/Wsrmcab  HTTP/1.1" 200 39660
69.171.249.117 - - [28/Mar/2024:06:17:01 -0500] "GET /festival-estereo-picnic-la-secretaria-de-ambiente-emite-recomendaciones-a-organizadores-y-asistentes-para-que-sea-un-evento-ambientalmente-responsable.html HTTP/1.1" 206 1053
69.171.249.120 - - [28/Mar/2024:06:17:01 -0500] "GET /festival-estereo-picnic-la-secretaria-de-ambiente-emite-recomendaciones-a-organizadores-y-asistentes-para-que-sea-un-evento-ambientalmente-responsable.html HTTP/1.1" 200 1053
69.171.249.7 - - [28/Mar/2024:06:17:01 -0500] "GET /festival-estereo-picnic-la-secretaria-de-ambiente-emite-recomendaciones-a-organizadores-y-asistentes-para-que-sea-un-evento-ambientalmente-responsable.html HTTP/1.1" 200 1053
69.171.249.116 - - [28/Mar/2024:06:17:06 -0500] "GET /festival-estereo-picnic-la-secretaria-de-ambiente-emite-recomendaciones-a-organizadores-y-asistentes-para-que-sea-un-evento-ambientalmente-responsable.html HTTP/1.1" 200 1053
69.171.249.1 - - [28/Mar/2024:06:17:06 -0500] "GET /festival-estereo-picnic-la-secretaria-de-ambiente-emite-recomendaciones-a-organizadores-y-asistentes-para-que-sea-un-evento-ambientalmente-responsable.html HTTP/1.1" 200 1053
47.128.58.176 - - [28/Mar/2024:06:17:21 -0500] "GET /galeria/nivo-slider/demo/images/banner%20aceite%20vegetal%20usado.jpg HTTP/1.1" 200 169350
216.245.221.92 - - [28/Mar/2024:06:17:33 -0500] "HEAD / HTTP/1.1" 200 -
66.249.66.19 - - [28/Mar/2024:06:17:33 -0500] "GET /BLA/resoluciones/RESOLUCIONES%202010/2300.pdf HTTP/1.1" 200 803943
201.245.192.253 - - [28/Mar/2024:06:19:26 -0500] "POST /kwsrmcab/Wsrmcab HTTP/1.1" 200 37623
201.245.192.253 - - [28/Mar/2024:06:19:26 -0500] "POST /kwsrmcab/Wsrmcab HTTP/1.1" 200 37280
66.249.66.19 - - [28/Mar/2024:06:19:46 -0500] "GET /BLA/resoluciones/RESOLUCIONES%202008/0029.pdf HTTP/1.1" 200 243605
216.244.66.195 - - [28/Mar/2024:06:19:59 -0500] "GET /BLA/resoluciones/AUTOS%202023/02907.pdf HTTP/1.1" 200 459498
201.245.192.253 - - [28/Mar/2024:06:20:06 -0500] "POST /kwsrmcab/Wsrmcab HTTP/1.1" 200 37475
173.252.107.117 - - [28/Mar/2024:06:20:16 -0500] "GET /images/FEP%20SDA%20(1)%20(1).jpeg HTTP/1.1" 200 53469
172.22.2.4 - - [28/Mar/2024:06:18:48 -0500] "HEAD /BLA/boletinlegal/ HTTP/1.1" 200 -
216.244.66.195 - - [28/Mar/2024:06:20:29 -0500] "GET /BLA/resoluciones/AUTOS%202023/03204.pdf HTTP/1.1" 200 1034502
66.249.66.19 - - [28/Mar/2024:06:20:40 -0500] "GET /BLA/resoluciones/RESOLUCIONES%202010/4501.pdf HTTP/1.1" 200 4070663
201.245.192.253 - - [28/Mar/2024:06:20:45 -0500] "POST /kwsrmcab/Wsrmcab HTTP/1.1" 200 37280
66.249.66.19 - - [28/Mar/2024:06:21:01 -0500] "GET /BLA/resoluciones/RESOLUCIONES%202009/2059.pdf HTTP/1.1" 200 794596
172.22.2.4 - - [28/Mar/2024:06:19:24 -0500] "GET /BLA/boletinlegal/ HTTP/1.1" 200 48027
52.167.144.54 - - [28/Mar/2024:06:21:05 -0500] "GET /robots.txt HTTP/1.1" 404 1034
52.167.144.221 - - [28/Mar/2024:06:21:16 -0500] "GET / HTTP/1.1" 200 4720
172.22.2.4 - - [28/Mar/2024:06:19:47 -0500] "HEAD /BLA/boletinlegal/ HTTP/1.1" 200 -
201.245.192.253 - - [28/Mar/2024:06:21:53 -0500] "POST /kwsrmcab/Wsrmcab  HTTP/1.1" 200 39660
172.22.2.4 - - [28/Mar/2024:06:20:37 -0500] "GET /BLA/boletinlegal/ HTTP/1.1" 200 54913
216.245.221.92 - - [28/Mar/2024:06:22:33 -0500] "HEAD / HTTP/1.1" 200 -
44.212.26.248 - - [28/Mar/2024:06:22:38 -0500] "GET /robots.txt HTTP/1.1" 404 1018
44.212.26.248 - - [28/Mar/2024:06:22:39 -0500] "GET /Publicaciones/2023EE19083.pdf HTTP/1.1" 404 227
52.167.144.22 - - [28/Mar/2024:06:23:30 -0500] "GET /images/Acercar.jpeg HTTP/1.1" 200 109672
66.249.66.19 - - [28/Mar/2024:06:25:10 -0500] "GET /BLA/resoluciones/Notificaciones/AUTOS%202022/6237.pdf HTTP/1.1" 304 -
47.128.96.86 - - [28/Mar/2024:06:25:34 -0500] "GET /BLA/resoluciones/AUTOS%202021/0245.php?act=cmd&d=E%3A%5Cnuevo%5Chtdocs%5Ccumbreclima%5Cdynamic%5C HTTP/1.1" 200 2746
88.218.47.135 - - [28/Mar/2024:06:25:39 -0500] "POST /appsia/controlador HTTP/1.1" 200 4799
88.218.47.135 - - [28/Mar/2024:06:25:40 -0500] "GET /wp-admin/plugin-install.php?tab=plugin-information&plugin=header-footer&TB_iframe=true&width=772&height=871 HTTP/1.1" 404 1018
47.128.121.85 - - [28/Mar/2024:06:25:57 -0500] "GET /BLA/resoluciones/AUTOS%202021/0245.php?act=f&d=E%3A%5Cnuevo%5Chtdocs%5Ccumbredelclima%5Cwp-admin&f=async-upload.php HTTP/1.1" 200 5425
47.128.121.85 - - [28/Mar/2024:06:25:58 -0500] "GET /BLA/resoluciones/AUTOS%202021/0245.php?act=img&img=ext_rtf HTTP/1.1" 200 164
47.128.121.85 - - [28/Mar/2024:06:25:58 -0500] "GET /BLA/resoluciones/AUTOS%202021/0245.php?act=img&img=ext_txt HTTP/1.1" 200 132
47.128.121.85 - - [28/Mar/2024:06:25:58 -0500] "GET /BLA/resoluciones/AUTOS%202021/0245.php?act=img&img=ext_php HTTP/1.1" 200 79
47.128.121.85 - - [28/Mar/2024:06:25:58 -0500] "GET /BLA/resoluciones/AUTOS%202021/0245.php?act=img&img=ext_diz HTTP/1.1" 200 1027
47.128.121.85 - - [28/Mar/2024:06:25:58 -0500] "GET /BLA/resoluciones/AUTOS%202021/0245.php?act=img&img=ext_html HTTP/1.1" 200 230
47.128.121.85 - - [28/Mar/2024:06:25:58 -0500] "GET /BLA/resoluciones/AUTOS%202021/0245.php?act=img&img=ext_gif HTTP/1.1" 200 175
47.128.121.85 - - [28/Mar/2024:06:25:58 -0500] "GET /BLA/resoluciones/AUTOS%202021/0245.php?act=img&img=ext_ini HTTP/1.1" 200 134
47.128.121.85 - - [28/Mar/2024:06:25:58 -0500] "GET /BLA/resoluciones/AUTOS%202021/0245.php?act=img&img=download HTTP/1.1" 200 161
47.128.121.85 - - [28/Mar/2024:06:25:58 -0500] "GET /BLA/resoluciones/AUTOS%202021/0245.php?act=img&img=change HTTP/1.1" 200 290
47.128.121.85 - - [28/Mar/2024:06:25:58 -0500] "GET /BLA/resoluciones/AUTOS%202021/0245.php?act=img&img=ext_exe HTTP/1.1" 200 118
172.22.2.4 - - [28/Mar/2024:06:26:01 -0500] "GET /BLA/boletinlegal/Circulares/2015/Circular%20No.%202%20del%201%20de%20julio%20de%202015.pdf HTTP/1.1" 200 752890
47.128.42.116 - - [28/Mar/2024:06:26:22 -0500] "GET /BLA/resoluciones/AUTOS%202021/0245.php?act=eval&d=E%3A%5Ccopia+nuevo%5C HTTP/1.1" 200 2697
47.128.96.89 - - [28/Mar/2024:06:26:45 -0500] "GET /BLA/resoluciones/AUTOS%202021/0245.php?act=f&d=E%3A%5Cnuevo%5Cmysql&f=README HTTP/1.1" 200 2956
47.128.96.89 - - [28/Mar/2024:06:26:46 -0500] "GET /BLA/resoluciones/AUTOS%202021/0245.php?act=img&img=ext_readme HTTP/1.1" 200 1034
47.128.96.89 - - [28/Mar/2024:06:26:46 -0500] "GET /BLA/resoluciones/AUTOS%202021/0245.php?act=img&img=ext_gif HTTP/1.1" 200 175
47.128.96.89 - - [28/Mar/2024:06:26:46 -0500] "GET /BLA/resoluciones/AUTOS%202021/0245.php?act=img&img=ext_txt HTTP/1.1" 200 132
47.128.96.89 - - [28/Mar/2024:06:26:46 -0500] "GET /BLA/resoluciones/AUTOS%202021/0245.php?act=img&img=ext_diz HTTP/1.1" 200 1027
47.128.96.89 - - [28/Mar/2024:06:26:46 -0500] "GET /BLA/resoluciones/AUTOS%202021/0245.php?act=img&img=ext_exe HTTP/1.1" 200 118
47.128.96.89 - - [28/Mar/2024:06:26:46 -0500] "GET /BLA/resoluciones/AUTOS%202021/0245.php?act=img&img=ext_html HTTP/1.1" 200 230
47.128.96.89 - - [28/Mar/2024:06:26:46 -0500] "GET /BLA/resoluciones/AUTOS%202021/0245.php?act=img&img=ext_rtf HTTP/1.1" 200 164
47.128.96.89 - - [28/Mar/2024:06:26:47 -0500] "GET /BLA/resoluciones/AUTOS%202021/0245.php?act=img&img=download HTTP/1.1" 200 161
47.128.96.89 - - [28/Mar/2024:06:26:47 -0500] "GET /BLA/resoluciones/AUTOS%202021/0245.php?act=img&img=change HTTP/1.1" 200 290
47.128.96.89 - - [28/Mar/2024:06:26:47 -0500] "GET /BLA/resoluciones/AUTOS%202021/0245.php?act=img&img=ext_ini HTTP/1.1" 200 134
66.249.66.19 - - [28/Mar/2024:06:26:47 -0500] "GET /BLA/resoluciones/RESOLUCIONES%202009/6539.pdf HTTP/1.1" 200 436611
40.77.167.16 - - [28/Mar/2024:06:26:49 -0500] "GET /BLA/resoluciones/RESOLUCIONES%202022/0188.pdf HTTP/1.1" 200 533011
201.245.192.253 - - [28/Mar/2024:06:26:52 -0500] "POST /kwsrmcab/Wsrmcab  HTTP/1.1" 200 39660
66.249.66.20 - - [28/Mar/2024:06:26:54 -0500] "GET /BLA/resoluciones/AUTOS%202014/3854.pdf HTTP/1.1" 304 -
216.244.66.195 - - [28/Mar/2024:06:26:56 -0500] "GET /BLA/resoluciones/RESOLUCIONES%202022/05243.pdf HTTP/1.1" 200 444254
47.128.38.213 - - [28/Mar/2024:06:27:11 -0500] "GET /BLA/resoluciones/AUTOS%202021/0245.php?act=cmd&d=E%3A%5Cnuevo%5Chtdocs%5Ccalculadora%5Cvendor%5C HTTP/1.1" 200 2746
172.22.2.4 - - [28/Mar/2024:06:25:37 -0500] "HEAD /BLA/boletinlegal/ HTTP/1.1" 200 -
216.245.221.92 - - [28/Mar/2024:06:27:33 -0500] "HEAD / HTTP/1.1" 200 -
47.128.98.238 - - [28/Mar/2024:06:27:33 -0500] "GET /BLA/resoluciones/AUTOS%202021/0245.php?act=f&d=E%3A%5Cnuevo%5Chtdocs%5Ccumbredelclima%5Cwp-includes&f=comment.php HTTP/1.1" 200 38786
47.128.98.238 - - [28/Mar/2024:06:27:34 -0500] "GET /BLA/resoluciones/AUTOS%202021/0245.php?act=img&img=ext_diz HTTP/1.1" 200 1027
47.128.98.238 - - [28/Mar/2024:06:27:34 -0500] "GET /BLA/resoluciones/AUTOS%202021/0245.php?act=img&img=ext_html HTTP/1.1" 200 230
47.128.98.238 - - [28/Mar/2024:06:27:34 -0500] "GET /BLA/resoluciones/AUTOS%202021/0245.php?act=img&img=ext_txt HTTP/1.1" 200 132
47.128.98.238 - - [28/Mar/2024:06:27:34 -0500] "GET /BLA/resoluciones/AUTOS%202021/0245.php?act=img&img=ext_exe HTTP/1.1" 200 118
47.128.98.238 - - [28/Mar/2024:06:27:34 -0500] "GET /BLA/resoluciones/AUTOS%202021/0245.php?act=img&img=ext_php HTTP/1.1" 200 79
47.128.98.238 - - [28/Mar/2024:06:27:34 -0500] "GET /BLA/resoluciones/AUTOS%202021/0245.php?act=img&img=ext_rtf HTTP/1.1" 200 164
47.128.98.238 - - [28/Mar/2024:06:27:34 -0500] "GET /BLA/resoluciones/AUTOS%202021/0245.php?act=img&img=ext_ini HTTP/1.1" 200 134
47.128.98.238 - - [28/Mar/2024:06:27:34 -0500] "GET /BLA/resoluciones/AUTOS%202021/0245.php?act=img&img=ext_gif HTTP/1.1" 200 175
47.128.98.238 - - [28/Mar/2024:06:27:34 -0500] "GET /BLA/resoluciones/AUTOS%202021/0245.php?act=img&img=download HTTP/1.1" 200 161
47.128.98.238 - - [28/Mar/2024:06:27:34 -0500] "GET /BLA/resoluciones/AUTOS%202021/0245.php?act=img&img=change HTTP/1.1" 200 290
216.244.66.195 - - [28/Mar/2024:06:27:56 -0500] "GET /BLA/resoluciones/RESOLUCIONES%202019/1232.pdf HTTP/1.1" 200 411450
47.128.39.194 - - [28/Mar/2024:06:27:58 -0500] "GET /BLA/resoluciones/AUTOS%202021/0245.php?act=cmd&d=E%3A%5Cnuevo%5Ctmp%5C HTTP/1.1" 200 2703
172.22.2.4 - - [28/Mar/2024:06:26:27 -0500] "GET /BLA/boletinlegal/ HTTP/1.1" 200 58273
216.244.66.195 - - [28/Mar/2024:06:28:39 -0500] "GET /BLA/resoluciones/RESOLUCIONES%202019/1664.pdf HTTP/1.1" 200 281997
201.245.192.253 - - [28/Mar/2024:06:29:26 -0500] "POST /kwsrmcab/Wsrmcab HTTP/1.1" 200 37623
201.245.192.253 - - [28/Mar/2024:06:29:26 -0500] "POST /kwsrmcab/Wsrmcab HTTP/1.1" 200 37280
201.245.192.253 - - [28/Mar/2024:06:30:05 -0500] "POST /kwsrmcab/Wsrmcab HTTP/1.1" 200 37475
201.245.192.253 - - [28/Mar/2024:06:30:44 -0500] "POST /kwsrmcab/Wsrmcab HTTP/1.1" 200 37280
40.77.167.26 - - [28/Mar/2024:06:31:02 -0500] "GET /BLA/resoluciones/RESOLUCIONES%202021/2135.pdf HTTP/1.1" 200 433189
216.244.66.195 - - [28/Mar/2024:06:31:02 -0500] "GET /BLA/resoluciones/AUTOS%202023/2962.pdf HTTP/1.1" 200 449178
216.244.66.195 - - [28/Mar/2024:06:31:40 -0500] "GET /BLA/resoluciones/AUTOS%202023/3278.pdf HTTP/1.1" 200 1507319
201.245.192.253 - - [28/Mar/2024:06:31:50 -0500] "POST /kwsrmcab/Wsrmcab  HTTP/1.1" 200 39660
216.244.66.195 - - [28/Mar/2024:06:32:12 -0500] "GET /BLA/resoluciones/AUTOS%202023/3530.pdf HTTP/1.1" 200 1802570
216.245.221.92 - - [28/Mar/2024:06:32:33 -0500] "HEAD / HTTP/1.1" 200 -
47.128.41.81 - - [28/Mar/2024:06:32:44 -0500] "GET /BLA/resoluciones/AUTOS%202021/0245.php?act=f&d=E%3A%5Cnuevo%5Chtdocs%5CBLA%5Cresoluciones%5CAUTOS+2021%5C&f=2791.pdf&ft=img&white=1 HTTP/1.1" 200 200463
172.22.2.4 - - [28/Mar/2024:06:31:27 -0500] "HEAD /BLA/boletinlegal/ HTTP/1.1" 200 -
47.128.44.208 - - [28/Mar/2024:06:33:09 -0500] "GET /BLA/resoluciones/AUTOS%202021/0245.php?act=f&d=E%3A%5Cnuevo%5Chtdocs%5CBLA%5Cresoluciones%5CAUTOS+2021%5C&f=0252.pdf&ft=info HTTP/1.1" 200 3846
47.128.44.208 - - [28/Mar/2024:06:33:10 -0500] "GET /BLA/resoluciones/AUTOS%202021/0245.php?act=img&img=change HTTP/1.1" 200 290
47.128.44.208 - - [28/Mar/2024:06:33:10 -0500] "GET /BLA/resoluciones/AUTOS%202021/0245.php?act=img&img=ext_exe HTTP/1.1" 200 118
47.128.44.208 - - [28/Mar/2024:06:33:10 -0500] "GET /BLA/resoluciones/AUTOS%202021/0245.php?act=img&img=ext_txt HTTP/1.1" 200 132
47.128.44.208 - - [28/Mar/2024:06:33:10 -0500] "GET /BLA/resoluciones/AUTOS%202021/0245.php?act=img&img=ext_diz HTTP/1.1" 200 1027
47.128.44.208 - - [28/Mar/2024:06:33:10 -0500] "GET /BLA/resoluciones/AUTOS%202021/0245.php?act=img&img=ext_gif HTTP/1.1" 200 175
47.128.44.208 - - [28/Mar/2024:06:33:10 -0500] "GET /BLA/resoluciones/AUTOS%202021/0245.php?act=img&img=ext_html HTTP/1.1" 200 230
47.128.44.208 - - [28/Mar/2024:06:33:10 -0500] "GET /BLA/resoluciones/AUTOS%202021/0245.php?act=img&img=ext_rtf HTTP/1.1" 200 164
47.128.44.208 - - [28/Mar/2024:06:33:10 -0500] "GET /BLA/resoluciones/AUTOS%202021/0245.php?act=img&img=download HTTP/1.1" 200 161
47.128.44.208 - - [28/Mar/2024:06:33:10 -0500] "GET /BLA/resoluciones/AUTOS%202021/0245.php?act=img&img=ext_pdf HTTP/1.1" 200 1034
47.128.44.208 - - [28/Mar/2024:06:33:10 -0500] "GET /BLA/resoluciones/AUTOS%202021/0245.php?act=img&img=ext_ini HTTP/1.1" 200 134
47.128.49.202 - - [28/Mar/2024:06:33:32 -0500] "GET /BLA/resoluciones/AUTOS%202021/0245.php?act=f&d=E%3A%5Cnuevo%5Chtdocs%5CBLA%5Cresoluciones%5CAUTOS+2021%5C&f=2642.pdf&ft=edit HTTP/1.1" 200 3105
47.128.49.202 - - [28/Mar/2024:06:33:33 -0500] "GET /BLA/resoluciones/AUTOS%202021/0245.php?act=img&img=ext_gif HTTP/1.1" 200 175
47.128.49.202 - - [28/Mar/2024:06:33:33 -0500] "GET /BLA/resoluciones/AUTOS%202021/0245.php?act=img&img=ext_diz HTTP/1.1" 200 1027
47.128.49.202 - - [28/Mar/2024:06:33:33 -0500] "GET /BLA/resoluciones/AUTOS%202021/0245.php?act=img&img=ext_exe HTTP/1.1" 200 118
47.128.49.202 - - [28/Mar/2024:06:33:33 -0500] "GET /BLA/resoluciones/AUTOS%202021/0245.php?act=img&img=ext_pdf HTTP/1.1" 200 1034
47.128.49.202 - - [28/Mar/2024:06:33:33 -0500] "GET /BLA/resoluciones/AUTOS%202021/0245.php?act=img&img=ext_txt HTTP/1.1" 200 132
47.128.49.202 - - [28/Mar/2024:06:33:33 -0500] "GET /BLA/resoluciones/AUTOS%202021/0245.php?act=img&img=ext_html HTTP/1.1" 200 230
47.128.49.202 - - [28/Mar/2024:06:33:34 -0500] "GET /BLA/resoluciones/AUTOS%202021/0245.php?act=img&img=ext_rtf HTTP/1.1" 200 164
47.128.49.202 - - [28/Mar/2024:06:33:34 -0500] "GET /BLA/resoluciones/AUTOS%202021/0245.php?act=img&img=change HTTP/1.1" 200 290
47.128.49.202 - - [28/Mar/2024:06:33:34 -0500] "GET /BLA/resoluciones/AUTOS%202021/0245.php?act=img&img=download HTTP/1.1" 200 161
47.128.49.202 - - [28/Mar/2024:06:33:34 -0500] "GET /BLA/resoluciones/AUTOS%202021/0245.php?act=img&img=ext_ini HTTP/1.1" 200 134
66.249.66.21 - - [28/Mar/2024:06:33:44 -0500] "GET /BLA/resoluciones/RESOLUCIONES%202012/1552.pdf HTTP/1.1" 200 450745
172.22.2.4 - - [28/Mar/2024:06:32:17 -0500] "GET /BLA/boletinlegal/ HTTP/1.1" 200 53818
66.249.66.165 - - [28/Mar/2024:06:34:24 -0500] "GET /portaldeninos/2021/05/17/en-el-dia-mundial-del-reciclaje-la-secretaria-de-ambiente-recuerda-la-importancia-de-separar-residuos-y-aprovecharlos/ HTTP/1.1" 200 132838
66.249.66.19 - - [28/Mar/2024:06:34:49 -0500] "GET /BLA/resoluciones/RESOLUCIONES%202007/RES%202007%202801%20AL%202900/RESOLUCION%202873%20DE%202007.pdf HTTP/1.1" 200 351498
207.46.13.154 - - [28/Mar/2024:06:34:58 -0500] "GET /portaldeninos/agua-y-estructura-ecologica-principal/ HTTP/1.1" 200 87488
13.56.33.4 - - [28/Mar/2024:06:36:07 -0500] "HEAD / HTTP/1.1" 200 -
52.167.144.211 - - [28/Mar/2024:06:36:36 -0500] "GET /BLA/resoluciones/AUTOS%202021/1457.pdf HTTP/1.1" 304 -
201.245.192.253 - - [28/Mar/2024:06:36:49 -0500] "POST /kwsrmcab/Wsrmcab  HTTP/1.1" 200 39660
40.77.167.68 - - [28/Mar/2024:06:37:02 -0500] "GET /BLA/resoluciones/RESOLUCIONES%202023/2196.pdf HTTP/1.1" 200 478557
216.245.221.92 - - [28/Mar/2024:06:37:33 -0500] "HEAD / HTTP/1.1" 200 -
172.22.2.4 - - [28/Mar/2024:06:37:17 -0500] "HEAD /BLA/boletinlegal/ HTTP/1.1" 200 -
201.245.192.253 - - [28/Mar/2024:06:39:25 -0500] "POST /kwsrmcab/Wsrmcab HTTP/1.1" 200 37623
201.245.192.253 - - [28/Mar/2024:06:39:26 -0500] "POST /kwsrmcab/Wsrmcab HTTP/1.1" 200 37280
172.22.2.4 - - [28/Mar/2024:06:38:07 -0500] "GET /BLA/boletinlegal/ HTTP/1.1" 200 58273
201.245.192.253 - - [28/Mar/2024:06:40:05 -0500] "POST /kwsrmcab/Wsrmcab HTTP/1.1" 200 37475
201.245.192.253 - - [28/Mar/2024:06:40:48 -0500] "POST /kwsrmcab/Wsrmcab HTTP/1.1" 200 37280
66.249.66.20 - - [28/Mar/2024:06:40:57 -0500] "GET /Publicaciones/2024EE67455.pdf HTTP/1.1" 200 223257
134.209.241.237 - - [28/Mar/2024:06:40:59 -0500] "\x16\x03\x01" 400 226
134.209.241.237 - - [28/Mar/2024:06:41:00 -0500] "\x16\x03\x01" 400 226
134.209.241.237 - - [28/Mar/2024:06:41:00 -0500] "GET / HTTP/1.1" 200 319
134.209.241.237 - - [28/Mar/2024:06:41:00 -0500] "GET /form.html HTTP/1.1" 404 1018
134.209.241.237 - - [28/Mar/2024:06:41:01 -0500] "GET /upl.php HTTP/1.1" 404 1018
134.209.241.237 - - [28/Mar/2024:06:41:01 -0500] "\x16\x03\x01" 400 226
134.209.241.237 - - [28/Mar/2024:06:41:01 -0500] "GET /geoip/ HTTP/1.1" 404 1018
134.209.241.237 - - [28/Mar/2024:06:41:02 -0500] "GET /favicon.ico HTTP/1.1" 200 7782
134.209.241.237 - - [28/Mar/2024:06:41:02 -0500] "GET /1.php HTTP/1.1" 404 1018
134.209.241.237 - - [28/Mar/2024:06:41:03 -0500] "GET /bundle.js HTTP/1.1" 404 1018
134.209.241.237 - - [28/Mar/2024:06:41:03 -0500] "GET /files/ HTTP/1.1" 404 1018
134.209.241.237 - - [28/Mar/2024:06:41:03 -0500] "GET /systembc/password.php HTTP/1.1" 404 1018
134.209.241.237 - - [28/Mar/2024:06:41:04 -0500] "GET /password.php HTTP/1.1" 404 1018
134.209.241.237 - - [28/Mar/2024:06:41:04 -0500] "GET /info.php HTTP/1.1" 404 1018
201.245.192.253 - - [28/Mar/2024:06:41:48 -0500] "POST /kwsrmcab/Wsrmcab  HTTP/1.1" 200 39660
186.102.115.42 - - [28/Mar/2024:06:42:22 -0500] "GET /kwssiamovil/sm/acme/u?s=U2FsdGVkX1/UU0qKPw/WcDEruSdAFdoNjxzJakdycZKofQC2NntxQGFO9Rya7L4YfL31PZ57N3ENxrkEOQIHUI/TEf3vFtU+PLgUDUP22icJIQesVxLaapx1FjxX0jXHj+kQk9PFSG8p6iUXD7JKcoL944Avo1A+bl8/Tr/uU1A=&u=U2FsdGVkX1/wK/6fDnfqzqRIxUBmicQaLa+ocm0NlCU=&y=U2FsdGVkX18pTNVa7GqTo+XAOLSqHZXnk4unXs0nyhUd1f2n9ciUJ3V8Lby0ZGK6 HTTP/1.1" 200 60
216.245.221.92 - - [28/Mar/2024:06:42:33 -0500] "HEAD / HTTP/1.1" 200 -
47.128.36.61 - - [28/Mar/2024:06:42:49 -0500] "GET /galeria/nivo-slider/demo/images/buses-chimenea.jpg HTTP/1.1" 200 144235
47.128.36.61 - - [28/Mar/2024:06:42:49 -0500] "GET /galeria/nivo-slider/demo/images/Rendicion.png HTTP/1.1" 200 262274
66.249.66.19 - - [28/Mar/2024:06:43:58 -0500] "GET /BLA/boletinlegal/Directivas/2022/DIRECTIVA%20No.%2000002%20DEL%2022%20DE%20JUNIO%20DEL%202022.pdf HTTP/1.1" 304 -
40.77.167.68 - - [28/Mar/2024:06:44:23 -0500] "GET /BLA/resoluciones/RESOLUCIONES%202020/0728.pdf HTTP/1.1" 200 460447
172.22.2.4 - - [28/Mar/2024:06:43:07 -0500] "HEAD /BLA/boletinlegal/ HTTP/1.1" 200 -
40.77.167.28 - - [28/Mar/2024:06:45:28 -0500] "GET /BLA/resoluciones/RESOLUCIONES%202021/0787.pdf HTTP/1.1" 200 585293
172.22.2.4 - - [28/Mar/2024:06:43:57 -0500] "GET /BLA/boletinlegal/ HTTP/1.1" 200 53818
201.245.192.253 - - [28/Mar/2024:06:46:47 -0500] "POST /kwsrmcab/Wsrmcab  HTTP/1.1" 200 39660
216.245.221.92 - - [28/Mar/2024:06:47:33 -0500] "HEAD / HTTP/1.1" 200 -
52.167.144.137 - - [28/Mar/2024:06:47:53 -0500] "GET /BLA/resoluciones/RESOLUCIONES%202023/0231.pdf HTTP/1.1" 200 486859
47.128.16.86 - - [28/Mar/2024:06:47:55 -0500] "GET /robots.txt HTTP/1.1" 404 1049
66.249.66.19 - - [28/Mar/2024:06:48:10 -0500] "GET /BLA/resoluciones/RESOLUCIONES%202011/0019.pdf HTTP/1.1" 200 277930
52.167.144.137 - - [28/Mar/2024:06:48:12 -0500] "GET /BLA/resoluciones/RESOLUCIONES%202023/0253.pdf HTTP/1.1" 200 432646
47.128.110.214 - - [28/Mar/2024:06:48:13 -0500] "GET /www.ambientebogota.gov.co:81/ HTTP/1.1" 403 1051
51.14.94.175 - - [28/Mar/2024:06:48:41 -0500] "GET /robots.txt HTTP/1.1" 404 1049
146.19.24.28 - - [28/Mar/2024:06:48:51 -0500] "GET / HTTP/1.1" 200 319
66.249.66.19 - - [28/Mar/2024:06:49:51 -0500] "GET /sig/CALIDAD/NORMATIVIDAD/NTC-ISO14001%202004.pdf HTTP/1.1" 404 1018
172.22.2.4 - - [28/Mar/2024:06:48:57 -0500] "HEAD /BLA/boletinlegal/ HTTP/1.1" 200 -
66.249.66.166 - - [28/Mar/2024:06:50:57 -0500] "GET /portaldeninos/corresponsal-ambiental/ HTTP/1.1" 200 93768
172.22.2.4 - - [28/Mar/2024:06:49:47 -0500] "GET /BLA/boletinlegal/ HTTP/1.1" 200 58273
201.245.192.253 - - [28/Mar/2024:06:51:45 -0500] "POST /kwsrmcab/Wsrmcab  HTTP/1.1" 200 39660
69.63.189.8 - - [28/Mar/2024:06:52:25 -0500] "GET /images/Comprimida%20incendios.jpg HTTP/1.1" 200 23316
216.245.221.92 - - [28/Mar/2024:06:52:33 -0500] "HEAD / HTTP/1.1" 200 -
173.252.107.119 - - [28/Mar/2024:06:52:47 -0500] "GET /distrito-recupera-mas-de-20-kilogramos-de-musgo-y-dos-aves-silvestres.html HTTP/1.1" 200 857
173.252.107.116 - - [28/Mar/2024:06:52:47 -0500] "GET /distrito-recupera-mas-de-20-kilogramos-de-musgo-y-dos-aves-silvestres.html HTTP/1.1" 200 857
173.252.107.6 - - [28/Mar/2024:06:52:47 -0500] "GET /distrito-recupera-mas-de-20-kilogramos-de-musgo-y-dos-aves-silvestres.html HTTP/1.1" 200 857
173.252.79.1 - - [28/Mar/2024:06:52:48 -0500] "GET /images/Musgo%2017%20-%2012%20-%202023.jpeg HTTP/1.1" 200 66238
69.63.189.1 - - [28/Mar/2024:06:52:56 -0500] "GET /alcalde-carlos-fernando-galan-posesiono-a-adriana-soto-como-nueva-secretaria-de-ambiente.html HTTP/1.1" 200 888
69.63.189.6 - - [28/Mar/2024:06:52:56 -0500] "GET /alcalde-carlos-fernando-galan-posesiono-a-adriana-soto-como-nueva-secretaria-de-ambiente.html HTTP/1.1" 200 888
172.22.2.4 - - [28/Mar/2024:06:52:08 -0500] "HEAD /BLA/boletinlegal/ HTTP/1.1" 200 -
172.22.2.4 - - [28/Mar/2024:06:52:44 -0500] "GET /BLA/boletinlegal/ HTTP/1.1" 200 59583
52.167.144.23 - - [28/Mar/2024:06:54:54 -0500] "GET /BLA/resoluciones/RESOLUCIONES%202021/1735.pdf HTTP/1.1" 200 406819
181.63.49.37 - - [28/Mar/2024:06:55:41 -0500] "GET /sipse/faces/faces/autenticacion.xhtml HTTP/1.1" 200 12732
181.63.49.37 - - [28/Mar/2024:06:55:42 -0500] "GET /sipse/faces/javax.faces.resource/layout/layout.css;jsessionid=mLVeUFmYOCVYKjMotZEnF0BE.undefined?ln=primefaces&v=4.0 HTTP/1.1" 200 542
181.63.49.37 - - [28/Mar/2024:06:55:42 -0500] "GET /sipse/css/custom_css_sg.css HTTP/1.1" 200 9694
181.63.49.37 - - [28/Mar/2024:06:55:42 -0500] "GET /sipse/css/custom_css_sg_prime_login.css HTTP/1.1" 200 443
181.63.49.37 - - [28/Mar/2024:06:55:42 -0500] "GET /sipse/faces/javax.faces.resource/primefaces.css;jsessionid=mLVeUFmYOCVYKjMotZEnF0BE.undefined?ln=primefaces&v=4.0 HTTP/1.1" 200 53295
181.63.49.37 - - [28/Mar/2024:06:55:42 -0500] "GET /sipse/faces/javax.faces.resource/layout/layout.js;jsessionid=mLVeUFmYOCVYKjMotZEnF0BE.undefined?ln=primefaces&v=4.0 HTTP/1.1" 200 87560
181.63.49.37 - - [28/Mar/2024:06:55:42 -0500] "GET /sipse/faces/javax.faces.resource/theme.css?ln=primefaces-sipse HTTP/1.1" 200 50058
181.63.49.37 - - [28/Mar/2024:06:55:42 -0500] "GET /sipse/faces/javax.faces.resource/jquery/jquery-plugins.js;jsessionid=mLVeUFmYOCVYKjMotZEnF0BE.undefined?ln=primefaces&v=4.0 HTTP/1.1" 200 220526
181.63.49.37 - - [28/Mar/2024:06:55:42 -0500] "GET /sipse/faces/javax.faces.resource/jquery/jquery.js;jsessionid=mLVeUFmYOCVYKjMotZEnF0BE.undefined?ln=primefaces&v=4.0 HTTP/1.1" 200 105384
181.63.49.37 - - [28/Mar/2024:06:55:42 -0500] "GET /sipse/faces/javax.faces.resource/primefaces.js;jsessionid=mLVeUFmYOCVYKjMotZEnF0BE.undefined?ln=primefaces&v=4.0 HTTP/1.1" 200 276924
181.63.49.37 - - [28/Mar/2024:06:55:42 -0500] "GET /sipse/faces/javax.faces.resource/images/ui-icons_898989_256x240.png?ln=primefaces-aristo HTTP/1.1" 200 5355
181.63.49.37 - - [28/Mar/2024:06:55:42 -0500] "GET /sipse/css/imagen/loginimg.png HTTP/1.1" 200 71635
181.63.49.37 - - [28/Mar/2024:06:55:42 -0500] "GET /sipse/css/imagen/logoSDG.png HTTP/1.1" 200 53064
181.63.49.37 - - [28/Mar/2024:06:55:43 -0500] "GET /sipse/faces/faces/index.xhtml HTTP/1.1" 200 677
181.63.49.37 - - [28/Mar/2024:06:55:43 -0500] "GET /sipse/faces/javax.faces.resource/theme.css?ln=primefaces-sipse HTTP/1.1" 304 -
181.63.49.37 - - [28/Mar/2024:06:55:43 -0500] "GET /favicon.ico HTTP/1.1" 200 7782
181.63.49.37 - - [28/Mar/2024:06:55:43 -0500] "GET /sipse/faces/faces/faces/autenticacion.xhtml HTTP/1.1" 200 12410
181.63.49.37 - - [28/Mar/2024:06:55:43 -0500] "GET /sipse/faces/javax.faces.resource/theme.css?ln=primefaces-sipse HTTP/1.1" 304 -
181.63.49.37 - - [28/Mar/2024:06:55:43 -0500] "GET /sipse/faces/javax.faces.resource/jquery/jquery.js?ln=primefaces&v=4.0 HTTP/1.1" 304 -
181.63.49.37 - - [28/Mar/2024:06:55:43 -0500] "GET /sipse/faces/javax.faces.resource/layout/layout.css?ln=primefaces&v=4.0 HTTP/1.1" 200 542
181.63.49.37 - - [28/Mar/2024:06:55:43 -0500] "GET /sipse/faces/javax.faces.resource/jquery/jquery-plugins.js?ln=primefaces&v=4.0 HTTP/1.1" 304 -
181.63.49.37 - - [28/Mar/2024:06:55:43 -0500] "GET /sipse/faces/javax.faces.resource/primefaces.js?ln=primefaces&v=4.0 HTTP/1.1" 304 -
181.63.49.37 - - [28/Mar/2024:06:55:43 -0500] "GET /sipse/faces/javax.faces.resource/layout/layout.js?ln=primefaces&v=4.0 HTTP/1.1" 304 -
181.63.49.37 - - [28/Mar/2024:06:55:43 -0500] "GET /sipse/faces/javax.faces.resource/primefaces.css?ln=primefaces&v=4.0 HTTP/1.1" 200 53295
181.63.49.37 - - [28/Mar/2024:06:55:43 -0500] "GET /sipse/faces/javax.faces.resource/images/ui-icons_898989_256x240.png?ln=primefaces-aristo HTTP/1.1" 304 -
181.63.49.37 - - [28/Mar/2024:06:55:45 -0500] "POST /sipse/faces/autenticacion.xhtml HTTP/1.1" 200 16162
181.63.49.37 - - [28/Mar/2024:06:55:45 -0500] "GET /sipse/css/custom_css_sg_prime.css HTTP/1.1" 200 5201
181.63.49.37 - - [28/Mar/2024:06:55:45 -0500] "GET /sipse/faces/javax.faces.resource/jquery/jquery.js?ln=primefaces&v=4.0 HTTP/1.1" 304 -
181.63.49.37 - - [28/Mar/2024:06:55:45 -0500] "GET /sipse/faces/javax.faces.resource/jquery/jquery-plugins.js?ln=primefaces&v=4.0 HTTP/1.1" 304 -
181.63.49.37 - - [28/Mar/2024:06:55:46 -0500] "GET /sipse/faces/javax.faces.resource/primefaces.js?ln=primefaces&v=4.0 HTTP/1.1" 304 -
181.63.49.37 - - [28/Mar/2024:06:55:46 -0500] "GET /sipse/faces/javax.faces.resource/layout/layout.js?ln=primefaces&v=4.0 HTTP/1.1" 304 -
181.63.49.37 - - [28/Mar/2024:06:55:46 -0500] "GET /sipse/css/v_mergente.css HTTP/1.1" 304 -
181.63.49.37 - - [28/Mar/2024:06:55:46 -0500] "GET /sipse/css/imagen/contrasena.png HTTP/1.1" 404 383
181.63.49.37 - - [28/Mar/2024:06:55:46 -0500] "GET /sipse/imagenes/logoAplicacion.jpg HTTP/1.1" 304 -
181.63.49.37 - - [28/Mar/2024:06:55:46 -0500] "GET /sipse/faces/javax.faces.resource/messages/messages.png?ln=primefaces&v=4.0 HTTP/1.1" 200 27209
181.63.49.37 - - [28/Mar/2024:06:55:47 -0500] "GET /sipse/faces/javax.faces.resource/images/ui-bg_flat_0_2d5972_40x100.png?ln=primefaces-aristo HTTP/1.1" 200 183
181.63.49.37 - - [28/Mar/2024:06:55:47 -0500] "POST /sipse/faces/bienvenido.xhtml HTTP/1.1" 200 1471
66.249.66.20 - - [28/Mar/2024:06:55:48 -0500] "GET /BLA/resoluciones/RESOLUCIONES%202009/2942.pdf HTTP/1.1" 200 657938
181.63.49.37 - - [28/Mar/2024:06:55:48 -0500] "POST /sipse/faces/bienvenido.xhtml HTTP/1.1" 200 49085
181.63.49.37 - - [28/Mar/2024:06:55:48 -0500] "GET /sipse/faces/javax.faces.resource/jquery/jquery.js?ln=primefaces&v=4.0 HTTP/1.1" 304 -
181.63.49.37 - - [28/Mar/2024:06:55:48 -0500] "GET /sipse/faces/javax.faces.resource/jquery/jquery-plugins.js?ln=primefaces&v=4.0 HTTP/1.1" 304 -
181.63.49.37 - - [28/Mar/2024:06:55:49 -0500] "GET /sipse/faces/javax.faces.resource/primefaces.js?ln=primefaces&v=4.0 HTTP/1.1" 304 -
181.63.49.37 - - [28/Mar/2024:06:55:49 -0500] "GET /sipse/faces/javax.faces.resource/layout/layout.js?ln=primefaces&v=4.0 HTTP/1.1" 304 -
181.63.49.37 - - [28/Mar/2024:06:55:49 -0500] "POST /sipse/faces/presentacion/financiero/solicitudProceso/listarSolicitudProceso.xhtml HTTP/1.1" 200 1492
181.63.49.37 - - [28/Mar/2024:06:55:50 -0500] "POST /sipse/faces/presentacion/financiero/solicitudProceso/listarSolicitudProceso.xhtml HTTP/1.1" 200 2197
181.63.49.37 - - [28/Mar/2024:06:55:51 -0500] "POST /sipse/faces/presentacion/financiero/solicitudProceso/listarSolicitudProceso.xhtml HTTP/1.1" 200 38332
181.63.49.37 - - [28/Mar/2024:06:55:51 -0500] "GET /sipse/faces/javax.faces.resource/jquery/jquery.js?ln=primefaces&v=4.0 HTTP/1.1" 304 -
181.63.49.37 - - [28/Mar/2024:06:55:51 -0500] "GET /sipse/faces/javax.faces.resource/jquery/jquery-plugins.js?ln=primefaces&v=4.0 HTTP/1.1" 304 -
181.63.49.37 - - [28/Mar/2024:06:55:51 -0500] "GET /sipse/faces/javax.faces.resource/primefaces.js?ln=primefaces&v=4.0 HTTP/1.1" 304 -
181.63.49.37 - - [28/Mar/2024:06:55:52 -0500] "GET /sipse/faces/javax.faces.resource/layout/layout.js?ln=primefaces&v=4.0 HTTP/1.1" 304 -
181.63.49.37 - - [28/Mar/2024:06:55:52 -0500] "POST /sipse/faces/presentacion/financiero/solicitudProceso/consultar.xhtml HTTP/1.1" 200 31753
181.63.49.37 - - [28/Mar/2024:06:55:57 -0500] "POST /sipse/faces/presentacion/financiero/solicitudProceso/consultar.xhtml HTTP/1.1" 200 12935
66.249.66.19 - - [28/Mar/2024:06:55:58 -0500] "GET /Residuos/cosmeticos/cosmeticos.html HTTP/1.1" 304 -
181.63.49.37 - - [28/Mar/2024:06:55:59 -0500] "POST /sipse/faces/presentacion/financiero/solicitudProceso/consultar.xhtml HTTP/1.1" 200 144141
181.63.49.37 - - [28/Mar/2024:06:56:00 -0500] "GET /sipse/faces/javax.faces.resource/jquery/jquery.js?ln=primefaces&v=4.0 HTTP/1.1" 304 -
181.63.49.37 - - [28/Mar/2024:06:56:00 -0500] "GET /sipse/faces/javax.faces.resource/jquery/jquery-plugins.js?ln=primefaces&v=4.0 HTTP/1.1" 304 -
181.63.49.37 - - [28/Mar/2024:06:56:00 -0500] "GET /sipse/faces/javax.faces.resource/primefaces.js?ln=primefaces&v=4.0 HTTP/1.1" 304 -
181.63.49.37 - - [28/Mar/2024:06:56:01 -0500] "GET /sipse/faces/javax.faces.resource/layout/layout.js?ln=primefaces&v=4.0 HTTP/1.1" 304 -
181.63.49.37 - - [28/Mar/2024:06:56:01 -0500] "GET /sipse/faces/javax.faces.resource/dynamiccontent.properties?ln=primefaces&pfdrid=XjOR5%2F%2FfPAZAuY9TpWQeCiM0BhlXxYRBGKi%2FQcXXfeA%3D&pfdrid_c=false HTTP/1.1" 500 383
181.63.49.37 - - [28/Mar/2024:06:56:05 -0500] "POST /sipse/faces/presentacion/financiero/solicitudProceso/consultarSolicitudProceso.xhtml HTTP/1.1" 200 274753
172.22.2.4 - - [28/Mar/2024:06:54:47 -0500] "HEAD /BLA/boletinlegal/ HTTP/1.1" 200 -
201.245.192.253 - - [28/Mar/2024:06:56:44 -0500] "POST /kwsrmcab/Wsrmcab  HTTP/1.1" 200 39660
66.249.66.167 - - [28/Mar/2024:06:56:59 -0500] "GET /portaldeninos/gestion-del-riesgo-incendios-forestales HTTP/1.1" 301 -
66.249.66.167 - - [28/Mar/2024:06:57:00 -0500] "GET /portaldeninos/gestion-del-riesgo-incendios-forestales/ HTTP/1.1" 200 86825
172.22.2.4 - - [28/Mar/2024:06:55:37 -0500] "GET /BLA/boletinlegal/ HTTP/1.1" 200 60380
216.245.221.92 - - [28/Mar/2024:06:57:32 -0500] "HEAD / HTTP/1.1" 200 -
52.167.144.219 - - [28/Mar/2024:06:58:16 -0500] "GET /portaldeninos/humedal-tibanica-2/ HTTP/1.1" 200 87771
44.222.146.114 - - [28/Mar/2024:06:59:12 -0500] "GET /robots.txt HTTP/1.1" 404 1018
44.222.146.114 - - [28/Mar/2024:06:59:13 -0500] "GET /BLA/resoluciones/ HTTP/1.1" 200 14105
40.77.167.1 - - [28/Mar/2024:06:59:41 -0500] "GET /BLA/resoluciones/RESOLUCIONES%202022/0331.pdf HTTP/1.1" 200 494080
114.119.138.107 - - [28/Mar/2024:07:00:27 -0500] "GET /galeria/nivo-slider/demo/images/Bannercalculadoraweb.jpg HTTP/1.1" 200 301964
47.128.53.68 - - [28/Mar/2024:07:00:57 -0500] "GET /BLA/resoluciones/AUTOS%202021/0245.php?act=f&d=E%3A%5Cnuevo%5Chtdocs%5CMetadatos_final_2014%5C&f=Rio_Tramo_WQI.xml&ft=phpsess&white=1 HTTP/1.1" 200 8061
47.128.53.68 - - [28/Mar/2024:07:00:58 -0500] "GET /BLA/resoluciones/AUTOS%202021/0245.php?act=img&img=ext_exe HTTP/1.1" 200 118
47.128.53.68 - - [28/Mar/2024:07:00:58 -0500] "GET /BLA/resoluciones/AUTOS%202021/0245.php?act=img&img=ext_diz HTTP/1.1" 200 1027
47.128.53.68 - - [28/Mar/2024:07:00:58 -0500] "GET /BLA/resoluciones/AUTOS%202021/0245.php?act=img&img=ext_gif HTTP/1.1" 200 175
47.128.53.68 - - [28/Mar/2024:07:00:58 -0500] "GET /BLA/resoluciones/AUTOS%202021/0245.php?act=img&img=ext_txt HTTP/1.1" 200 132
47.128.53.68 - - [28/Mar/2024:07:00:58 -0500] "GET /BLA/resoluciones/AUTOS%202021/0245.php?act=img&img=ext_html HTTP/1.1" 200 230
47.128.53.68 - - [28/Mar/2024:07:00:58 -0500] "GET /BLA/resoluciones/AUTOS%202021/0245.php?act=img&img=ext_rtf HTTP/1.1" 200 164
47.128.53.68 - - [28/Mar/2024:07:00:59 -0500] "GET /BLA/resoluciones/AUTOS%202021/0245.php?act=img&img=change HTTP/1.1" 200 290
47.128.53.68 - - [28/Mar/2024:07:00:59 -0500] "GET /BLA/resoluciones/AUTOS%202021/0245.php?act=img&img=ext_ini HTTP/1.1" 200 134
47.128.53.68 - - [28/Mar/2024:07:00:59 -0500] "GET /BLA/resoluciones/AUTOS%202021/0245.php?act=img&img=download HTTP/1.1" 200 161
47.128.53.68 - - [28/Mar/2024:07:00:59 -0500] "GET /BLA/resoluciones/AUTOS%202021/0245.php?act=img&img=ext_xml HTTP/1.1" 200 231
66.249.66.39 - - [28/Mar/2024:07:01:02 -0500] "GET /distrito-exalto-a-246-empresas-de-bogota-por-su-alto-desempeno-y-responsabilidad-ambiental-durante-2023.html HTTP/1.1" 304 -
47.128.126.9 - - [28/Mar/2024:07:01:21 -0500] "GET /BLA/resoluciones/AUTOS%202021/0245.php?act=f&d=E%3A%5Cnuevo%5Chtdocs%5CBLA%5Cresoluciones%5CRESOLUCIONES+2024&f=00393.pdf&ft=edit HTTP/1.1" 200 3119
47.128.126.9 - - [28/Mar/2024:07:01:22 -0500] "GET /BLA/resoluciones/AUTOS%202021/0245.php?act=img&img=ext_pdf HTTP/1.1" 200 1034
47.128.126.9 - - [28/Mar/2024:07:01:22 -0500] "GET /BLA/resoluciones/AUTOS%202021/0245.php?act=img&img=ext_exe HTTP/1.1" 200 118
47.128.126.9 - - [28/Mar/2024:07:01:22 -0500] "GET /BLA/resoluciones/AUTOS%202021/0245.php?act=img&img=ext_txt HTTP/1.1" 200 132
47.128.126.9 - - [28/Mar/2024:07:01:22 -0500] "GET /BLA/resoluciones/AUTOS%202021/0245.php?act=img&img=ext_gif HTTP/1.1" 200 175
47.128.126.9 - - [28/Mar/2024:07:01:22 -0500] "GET /BLA/resoluciones/AUTOS%202021/0245.php?act=img&img=ext_html HTTP/1.1" 200 230
47.128.126.9 - - [28/Mar/2024:07:01:22 -0500] "GET /BLA/resoluciones/AUTOS%202021/0245.php?act=img&img=ext_diz HTTP/1.1" 200 1027
47.128.126.9 - - [28/Mar/2024:07:01:23 -0500] "GET /BLA/resoluciones/AUTOS%202021/0245.php?act=img&img=change HTTP/1.1" 200 290
47.128.126.9 - - [28/Mar/2024:07:01:23 -0500] "GET /BLA/resoluciones/AUTOS%202021/0245.php?act=img&img=ext_rtf HTTP/1.1" 200 164
47.128.126.9 - - [28/Mar/2024:07:01:23 -0500] "GET /BLA/resoluciones/AUTOS%202021/0245.php?act=img&img=download HTTP/1.1" 200 161
47.128.126.9 - - [28/Mar/2024:07:01:23 -0500] "GET /BLA/resoluciones/AUTOS%202021/0245.php?act=img&img=ext_ini HTTP/1.1" 200 134
201.245.192.253 - - [28/Mar/2024:07:01:42 -0500] "POST /kwsrmcab/Wsrmcab  HTTP/1.1" 200 39660
66.249.66.19 - - [28/Mar/2024:07:01:43 -0500] "GET /BLA/resoluciones/RESOLUCIONES%202009/3031.pdf HTTP/1.1" 200 606922
47.128.42.50 - - [28/Mar/2024:07:01:45 -0500] "GET /BLA/resoluciones/AUTOS%202021/0245.php?act=f&d=E%3A%5Cnuevo%5Chtdocs%5CBLA%5Cresoluciones%5CAUTOS+2021%5C&f=2152.pdf&ft=notepad HTTP/1.1" 200 360137
47.128.46.107 - - [28/Mar/2024:07:02:10 -0500] "GET /BLA/resoluciones/AUTOS%202021/0245.php?act=img&img=ext_pdf HTTP/1.1" 200 1034
47.128.46.107 - - [28/Mar/2024:07:02:11 -0500] "GET /BLA/resoluciones/AUTOS%202021/0245.php?act=img&img=ext_diz HTTP/1.1" 200 1027
47.128.46.107 - - [28/Mar/2024:07:02:11 -0500] "GET /BLA/resoluciones/AUTOS%202021/0245.php?act=img&img=ext_gif HTTP/1.1" 200 175
47.128.46.107 - - [28/Mar/2024:07:02:11 -0500] "GET /BLA/resoluciones/AUTOS%202021/0245.php?act=img&img=ext_txt HTTP/1.1" 200 132
47.128.46.107 - - [28/Mar/2024:07:02:11 -0500] "GET /BLA/resoluciones/AUTOS%202021/0245.php?act=img&img=ext_html HTTP/1.1" 200 230
47.128.46.107 - - [28/Mar/2024:07:02:11 -0500] "GET /BLA/resoluciones/AUTOS%202021/0245.php?act=img&img=ext_exe HTTP/1.1" 200 118
52.15.147.27 - - [28/Mar/2024:07:02:11 -0500] "HEAD / HTTP/1.1" 200 -
47.128.46.107 - - [28/Mar/2024:07:02:11 -0500] "GET /BLA/resoluciones/AUTOS%202021/0245.php?act=img&img=change HTTP/1.1" 200 290
47.128.46.107 - - [28/Mar/2024:07:02:11 -0500] "GET /BLA/resoluciones/AUTOS%202021/0245.php?act=img&img=ext_rtf HTTP/1.1" 200 164
47.128.46.107 - - [28/Mar/2024:07:02:11 -0500] "GET /BLA/resoluciones/AUTOS%202021/0245.php?act=img&img=download HTTP/1.1" 200 161
47.128.46.107 - - [28/Mar/2024:07:02:11 -0500] "GET /BLA/resoluciones/AUTOS%202021/0245.php?act=img&img=ext_ini HTTP/1.1" 200 134
47.128.46.107 - - [28/Mar/2024:07:02:09 -0500] "GET /BLA/resoluciones/AUTOS%202021/0245.php?act=f&d=E%3A%5Cnuevo%5Chtdocs%5CBLA%5Cresoluciones%5CAUTOS+2021%5C&f=2769.pdf&ft=html HTTP/1.1" 200 342815
172.22.2.4 - - [28/Mar/2024:07:00:37 -0500] "HEAD /BLA/boletinlegal/ HTTP/1.1" 200 -
216.245.221.92 - - [28/Mar/2024:07:02:32 -0500] "HEAD / HTTP/1.1" 200 -
47.128.26.62 - - [28/Mar/2024:07:02:34 -0500] "GET /BLA/resoluciones/AUTOS%202021/0245.php?act=eval&d=E%3A%5Cnuevo%5Cphp%5C HTTP/1.1" 200 2702
52.167.144.226 - - [28/Mar/2024:07:02:55 -0500] "GET /BLA/resoluciones/RESOLUCIONES%202021/4734.pdf HTTP/1.1" 200 440143
47.128.26.42 - - [28/Mar/2024:07:02:57 -0500] "GET /BLA/resoluciones/AUTOS%202021/0245.php?act=eval&d=E%3A%5Cnuevo%5Chtdocs%5CBLA%5Cresoluciones%5CRESOLUCIONES+2015%5C HTTP/1.1" 200 2779
172.22.2.4 - - [28/Mar/2024:07:02:58 -0500] "GET /BLA/boletinlegal/robots.txt HTTP/1.1" 404 1038
172.22.2.4 - - [28/Mar/2024:07:01:27 -0500] "GET /BLA/boletinlegal/ HTTP/1.1" 200 58720
172.22.2.4 - - [28/Mar/2024:07:03:19 -0500] "GET /BLA/boletinlegal/robots.txt HTTP/1.1" 404 1038
47.128.19.8 - - [28/Mar/2024:07:03:22 -0500] "GET /BLA/resoluciones/AUTOS%202021/0245.php?act=eval&d=E%3A%5Cnuevo%5Cinstall%5C HTTP/1.1" 200 2705
66.249.66.20 - - [28/Mar/2024:07:03:31 -0500] "GET /BLA/resoluciones/RESOLUCIONES%202017/1888.pdf HTTP/1.1" 200 764804
47.128.115.176 - - [28/Mar/2024:07:03:46 -0500] "GET /BLA/resoluciones/AUTOS%202021/0245.php?act=img&img=ext_txt HTTP/1.1" 200 132
47.128.115.176 - - [28/Mar/2024:07:03:46 -0500] "GET /BLA/resoluciones/AUTOS%202021/0245.php?act=img&img=ext_exe HTTP/1.1" 200 118
47.128.115.176 - - [28/Mar/2024:07:03:46 -0500] "GET /BLA/resoluciones/AUTOS%202021/0245.php?act=img&img=ext_diz HTTP/1.1" 200 1027
47.128.115.176 - - [28/Mar/2024:07:03:46 -0500] "GET /BLA/resoluciones/AUTOS%202021/0245.php?act=img&img=ext_html HTTP/1.1" 200 230
47.128.115.176 - - [28/Mar/2024:07:03:46 -0500] "GET /BLA/resoluciones/AUTOS%202021/0245.php?act=img&img=ext_php HTTP/1.1" 200 79
47.128.115.176 - - [28/Mar/2024:07:03:45 -0500] "GET /BLA/resoluciones/AUTOS%202021/0245.php?act=f&d=E%3A%5Cnuevo%5Chtdocs%5Ccumbredelclima%5Cwp-includes&f=option.php HTTP/1.1" 200 16766
47.128.115.176 - - [28/Mar/2024:07:03:47 -0500] "GET /BLA/resoluciones/AUTOS%202021/0245.php?act=img&img=ext_gif HTTP/1.1" 200 175
47.128.115.176 - - [28/Mar/2024:07:03:47 -0500] "GET /BLA/resoluciones/AUTOS%202021/0245.php?act=img&img=change HTTP/1.1" 200 290
47.128.115.176 - - [28/Mar/2024:07:03:47 -0500] "GET /BLA/resoluciones/AUTOS%202021/0245.php?act=img&img=ext_rtf HTTP/1.1" 200 164
47.128.115.176 - - [28/Mar/2024:07:03:47 -0500] "GET /BLA/resoluciones/AUTOS%202021/0245.php?act=img&img=download HTTP/1.1" 200 161
47.128.115.176 - - [28/Mar/2024:07:03:47 -0500] "GET /BLA/resoluciones/AUTOS%202021/0245.php?act=img&img=ext_ini HTTP/1.1" 200 134
47.128.118.187 - - [28/Mar/2024:07:04:09 -0500] "GET /BLA/resoluciones/AUTOS%202021/0245.php?act=eval&d=E%3A%5Cnuevo%5Ccontrib%5C HTTP/1.1" 200 2707
47.128.38.202 - - [28/Mar/2024:07:04:34 -0500] "GET /BLA/resoluciones/AUTOS%202021/0245.php?act=eval&d=E%3A%5Cnuevo%5Chtdocs%5CBLA%5Cresoluciones%5CRESOLUCIONES+1993%5C HTTP/1.1" 200 2780
52.167.144.226 - - [28/Mar/2024:07:05:53 -0500] "GET /BLA/resoluciones/RESOLUCIONES%202021/1922.pdf HTTP/1.1" 200 532012
40.77.167.187 - - [28/Mar/2024:07:06:19 -0500] "GET /robots.txt HTTP/1.1" 404 1018
52.167.144.226 - - [28/Mar/2024:07:06:25 -0500] "GET /BLA/resoluciones/RESOLUCIONES%202021/1540.pdf HTTP/1.1" 200 457842
201.245.192.253 - - [28/Mar/2024:07:06:41 -0500] "POST /kwsrmcab/Wsrmcab  HTTP/1.1" 200 39660
216.245.221.92 - - [28/Mar/2024:07:07:32 -0500] "HEAD / HTTP/1.1" 200 -
173.252.107.118 - - [28/Mar/2024:07:07:34 -0500] "GET /images/pieza-arbolado-jbb-15-dic.jpg HTTP/1.1" 200 210305
173.252.79.116 - - [28/Mar/2024:07:07:35 -0500] "GET /images/pieza-arbolado-jbb-15-dic.jpg HTTP/1.1" 200 210305
172.22.2.4 - - [28/Mar/2024:07:06:27 -0500] "HEAD /BLA/boletinlegal/ HTTP/1.1" 200 -
172.22.2.4 - - [28/Mar/2024:07:07:17 -0500] "GET /BLA/boletinlegal/ HTTP/1.1" 200 53419
66.249.66.19 - - [28/Mar/2024:07:09:35 -0500] "GET /BLA/resoluciones/RESOLUCIONES%202010/7772.pdf HTTP/1.1" 200 3272062
66.249.66.19 - - [28/Mar/2024:07:09:36 -0500] "GET /BLA/resoluciones/Notificaciones/RESOLUCIONES%202023/1823.pdf HTTP/1.1" 304 -
40.77.167.60 - - [28/Mar/2024:07:10:01 -0500] "GET /BLA/resoluciones/RESOLUCIONES%202023/0050.pdf HTTP/1.1" 200 416703
201.245.192.253 - - [28/Mar/2024:07:11:40 -0500] "POST /kwsrmcab/Wsrmcab  HTTP/1.1" 200 39660
52.167.144.235 - - [28/Mar/2024:07:11:55 -0500] "GET /BLA/resoluciones/RESOLUCIONES%202022/0190.pdf HTTP/1.1" 200 560937
216.245.221.92 - - [28/Mar/2024:07:12:32 -0500] "HEAD / HTTP/1.1" 200 -
66.249.66.166 - - [28/Mar/2024:07:12:49 -0500] "GET /portaldeninos/2019/08/05/ruido-2/ HTTP/1.1" 200 93580
66.249.66.19 - - [28/Mar/2024:07:13:20 -0500] "GET /BLA/boletinlegal/Directivas/2014/Directiva%20No.%202%20del%205%20de%20Mayo%20de%202014.pdf HTTP/1.1" 304 -
191.156.50.53 - - [28/Mar/2024:07:13:21 -0500] "GET /BLA/resoluciones/index.php HTTP/1.1" 200 14105
191.156.50.53 - - [28/Mar/2024:07:13:24 -0500] "GET /BLA/resoluciones/dlf/styles.css HTTP/1.1" 200 3049
191.156.62.208 - - [28/Mar/2024:07:13:27 -0500] "GET /BLA/resoluciones/dlf/folder.png HTTP/1.1" 200 410
191.156.50.53 - - [28/Mar/2024:07:13:27 -0500] "GET /BLA/resoluciones/dlf/bg.gif HTTP/1.1" 200 54
172.22.2.4 - - [28/Mar/2024:07:12:17 -0500] "HEAD /BLA/boletinlegal/ HTTP/1.1" 200 -
216.244.66.195 - - [28/Mar/2024:07:14:08 -0500] "GET /robots.txt HTTP/1.1" 404 1018
172.22.2.4 - - [28/Mar/2024:07:13:07 -0500] "GET /BLA/boletinlegal/ HTTP/1.1" 200 53419
157.55.39.58 - - [28/Mar/2024:07:15:07 -0500] "GET /bogota-fue-calificada-y-reconocida-internacionalmente-por-avanzar-en-la-accion-climatica.html HTTP/1.1" 200 963
52.167.144.235 - - [28/Mar/2024:07:15:56 -0500] "GET /BLA/resoluciones/RESOLUCIONES%202022/4432.pdf HTTP/1.1" 200 481158
201.245.192.253 - - [28/Mar/2024:07:16:37 -0500] "POST /kwsrmcab/Wsrmcab  HTTP/1.1" 200 39660
52.167.144.235 - - [28/Mar/2024:07:16:57 -0500] "GET /BLA/resoluciones/Decretos/Decreto%20323%20de%202018.pdf HTTP/1.1" 304 -
216.245.221.92 - - [28/Mar/2024:07:17:32 -0500] "HEAD / HTTP/1.1" 200 -
52.167.144.179 - - [28/Mar/2024:07:19:16 -0500] "GET /BLA/resoluciones/RESOLUCIONES%202022/0193.pdf HTTP/1.1" 200 506625
201.245.192.253 - - [28/Mar/2024:07:19:25 -0500] "POST /kwsrmcab/Wsrmcab HTTP/1.1" 200 37804
201.245.192.253 - - [28/Mar/2024:07:19:26 -0500] "POST /kwsrmcab/Wsrmcab HTTP/1.1" 200 37300
172.22.2.4 - - [28/Mar/2024:07:18:07 -0500] "HEAD /BLA/boletinlegal/ HTTP/1.1" 200 -
