52.167.144.137 - - [28/Mar/2024:23:13:09 -0500] "GET /BLA/resoluciones/RESOLUCIONES%202019/2417.pdf HTTP/1.1" 200 425541
173.252.127.119 - - [28/Mar/2024:23:13:23 -0500] "GET /semana-santa-caminos-de-los-cerros-siguen-cerrados-de-forma-preventiva.html HTTP/1.1" 200 909
173.252.127.1 - - [28/Mar/2024:23:13:23 -0500] "GET /semana-santa-caminos-de-los-cerros-siguen-cerrados-de-forma-preventiva.html HTTP/1.1" 200 909
173.252.127.117 - - [28/Mar/2024:23:13:23 -0500] "GET /semana-santa-caminos-de-los-cerros-siguen-cerrados-de-forma-preventiva.html HTTP/1.1" 200 909
52.167.144.186 - - [28/Mar/2024:23:13:35 -0500] "GET /Publicaciones/2024EE48674.pdf HTTP/1.1" 404 227
172.22.2.4 - - [28/Mar/2024:23:12:35 -0500] "HEAD /BLA/boletinlegal/ HTTP/1.1" 200 -
66.249.66.20 - - [28/Mar/2024:23:14:26 -0500] "GET /IsolucionSDA/Scripts/jquery.js HTTP/1.1" 200 299461
66.249.66.21 - - [28/Mar/2024:23:14:28 -0500] "GET /IsolucionSDA/Scripts/jsUtilities.js?fecha=20150217a HTTP/1.1" 200 136227
66.249.66.19 - - [28/Mar/2024:23:14:29 -0500] "GET /IsolucionSDA/Scripts/customRequired/base64.js HTTP/1.1" 200 3069
66.249.66.19 - - [28/Mar/2024:23:14:31 -0500] "GET /IsolucionSDA/Scripts/customRequired/toasterConfiguration.js HTTP/1.1" 200 1446
66.249.66.19 - - [28/Mar/2024:23:14:32 -0500] "GET /IsolucionSDA/Scripts/toastr.js HTTP/1.1" 200 15304
66.249.66.20 - - [28/Mar/2024:23:14:33 -0500] "GET /IsolucionSDA/IsolucionSDA/BancoConocimiento/D/Decreto714denoviembre15de1996/Decreto714denoviembre15de1996.asp?IdArticulo=333 HTTP/1.1" 404 5045
66.249.66.19 - - [28/Mar/2024:23:14:35 -0500] "GET /isolucionsda/Arriba.asp?Pagina=/IsolucionSDA/bancoconocimiento/D/Directiva4del22deMayode2009/Directiva4del22deMayode2009.asp&IdArticulo=6469 HTTP/1.1" 200 527
216.245.221.92 - - [28/Mar/2024:23:14:46 -0500] "HEAD / HTTP/1.1" 200 -
185.150.26.246 - - [28/Mar/2024:23:15:00 -0500] "GET / HTTP/1.1" 200 319
172.22.2.4 - - [28/Mar/2024:23:13:25 -0500] "GET /BLA/boletinlegal/ HTTP/1.1" 200 58720
185.242.226.99 - - [28/Mar/2024:23:16:23 -0500] "GET / HTTP/1.1" 200 319
201.245.192.253 - - [28/Mar/2024:23:16:46 -0500] "POST /kwsrmcab/Wsrmcab  HTTP/1.1" 200 39660
52.167.144.186 - - [28/Mar/2024:23:17:16 -0500] "GET /Publicaciones/2024EE55869.pdf HTTP/1.1" 404 227
52.167.144.140 - - [28/Mar/2024:23:18:21 -0500] "GET /BLA/resoluciones/RESOLUCIONES%202021/5678.pdf HTTP/1.1" 200 958485
201.245.192.253 - - [28/Mar/2024:23:19:22 -0500] "POST /kwsrmcab/Wsrmcab HTTP/1.1" 200 40001
201.245.192.253 - - [28/Mar/2024:23:19:23 -0500] "POST /kwsrmcab/Wsrmcab HTTP/1.1" 200 39669
216.245.221.92 - - [28/Mar/2024:23:19:46 -0500] "HEAD / HTTP/1.1" 200 -
52.167.144.171 - - [28/Mar/2024:23:19:52 -0500] "GET /BLA/resoluciones/RESOLUCIONES%202022/1989.pdf HTTP/1.1" 200 428142
201.245.192.253 - - [28/Mar/2024:23:20:02 -0500] "POST /kwsrmcab/Wsrmcab HTTP/1.1" 200 39853
199.16.157.180 - - [28/Mar/2024:23:20:05 -0500] "GET /images/presentaci%C3%B3n%20convenci%C3%B3n.jpg HTTP/1.1" 404 1034
172.22.2.4 - - [28/Mar/2024:23:18:25 -0500] "HEAD /BLA/boletinlegal/ HTTP/1.1" 200 -
52.167.144.140 - - [28/Mar/2024:23:20:41 -0500] "GET /BLA/resoluciones/RESOLUCIONES%202022/0169.pdf HTTP/1.1" 200 431561
201.245.192.253 - - [28/Mar/2024:23:20:44 -0500] "POST /kwsrmcab/Wsrmcab HTTP/1.1" 200 39669
172.22.2.4 - - [28/Mar/2024:23:19:16 -0500] "GET /BLA/boletinlegal/ HTTP/1.1" 200 53419
201.245.192.253 - - [28/Mar/2024:23:21:44 -0500] "POST /kwsrmcab/Wsrmcab  HTTP/1.1" 200 39660
66.249.66.37 - - [28/Mar/2024:23:21:51 -0500] "GET /distrito-exalto-a-246-empresas-de-bogota-por-su-alto-desempeno-y-responsabilidad-ambiental-durante-2023.html HTTP/1.1" 304 -
66.249.66.20 - - [28/Mar/2024:23:21:53 -0500] "GET /BLA/resoluciones/RESOLUCIONES%202008/0133.pdf HTTP/1.1" 200 254715
52.167.144.219 - - [28/Mar/2024:23:23:18 -0500] "GET /BLA/resoluciones/RESOLUCIONES%202022/0803.pdf HTTP/1.1" 200 463793
52.167.144.237 - - [28/Mar/2024:23:24:31 -0500] "GET /portaldeninos/residuos/ HTTP/1.1" 200 87443
47.128.124.14 - - [28/Mar/2024:23:24:33 -0500] "GET /BLA/resoluciones/AUTOS%202021/0245.php?act=chmod&d=E%3A%5Cnuevo%5Cmailoutput&f=mail-20150907-1447-519000.txt HTTP/1.1" 200 2864
66.249.66.21 - - [28/Mar/2024:23:24:38 -0500] "GET /Publicaciones/2024EE09963.pdf HTTP/1.1" 404 227
216.245.221.92 - - [28/Mar/2024:23:24:46 -0500] "HEAD / HTTP/1.1" 200 -
207.46.13.116 - - [28/Mar/2024:23:25:29 -0500] "GET /portaldeninos/wp-content/themes/betheme/js/plugins.js?ver=20.9.6 HTTP/1.1" 200 197151
52.167.144.171 - - [28/Mar/2024:23:25:50 -0500] "GET /BLA/resoluciones/RESOLUCIONES%202020/01144.pdf HTTP/1.1" 200 535181
172.22.2.4 - - [28/Mar/2024:23:24:15 -0500] "HEAD /BLA/boletinlegal/ HTTP/1.1" 200 -
216.244.66.195 - - [28/Mar/2024:23:26:04 -0500] "GET /BLA/resoluciones/AUTOS%202024/01025.pdf HTTP/1.1" 200 498366
186.31.55.233 - - [28/Mar/2024:23:26:13 -0500] "GET /BLA/resoluciones/index.php?dir=AUTOS+2014%2F HTTP/1.1" 200 12235
186.31.55.233 - - [28/Mar/2024:23:26:14 -0500] "GET /BLA/resoluciones/index.php?dir=AUTOS+2014%2F HTTP/1.1" 200 891672
186.31.55.233 - - [28/Mar/2024:23:26:16 -0500] "GET /BLA/resoluciones/dlf/unknown.png HTTP/1.1" 200 266
40.77.167.75 - - [28/Mar/2024:23:26:33 -0500] "GET /BLA/resoluciones/RESOLUCIONES%202019/0755.pdf HTTP/1.1" 200 297466
186.31.55.233 - - [28/Mar/2024:23:26:33 -0500] "GET /BLA/resoluciones/index.php?dir=AUTOS+2015%2F HTTP/1.1" 200 585318
201.245.192.253 - - [28/Mar/2024:23:26:43 -0500] "POST /kwsrmcab/Wsrmcab  HTTP/1.1" 200 39660
172.22.2.4 - - [28/Mar/2024:23:25:06 -0500] "GET /BLA/boletinlegal/ HTTP/1.1" 200 58273
186.31.55.233 - - [28/Mar/2024:23:26:46 -0500] "GET /BLA/resoluciones/index.php?dir=AUTOS+2014%2F HTTP/1.1" 200 891672
216.244.66.195 - - [28/Mar/2024:23:26:54 -0500] "GET /BLA/resoluciones/RESOLUCIONES%202023/02255.pdf HTTP/1.1" 200 458835
186.31.55.233 - - [28/Mar/2024:23:27:07 -0500] "GET /BLA/resoluciones/AUTOS%202014/5799.pdf HTTP/1.1" 200 467221
173.252.79.1 - - [28/Mar/2024:23:27:19 -0500] "GET /images/Comprimida%20incendios.jpg HTTP/1.1" 200 23316
216.244.66.195 - - [28/Mar/2024:23:28:57 -0500] "GET /BLA/resoluciones/RESOLUCIONES%201996/0444.pdf HTTP/1.1" 200 280567
201.245.192.253 - - [28/Mar/2024:23:29:22 -0500] "POST /kwsrmcab/Wsrmcab HTTP/1.1" 200 40001
201.245.192.253 - - [28/Mar/2024:23:29:23 -0500] "POST /kwsrmcab/Wsrmcab HTTP/1.1" 200 39669
216.244.66.195 - - [28/Mar/2024:23:29:38 -0500] "GET /BLA/resoluciones/RESOLUCIONES%201997/0191.pdf HTTP/1.1" 200 45028
40.77.167.19 - - [28/Mar/2024:23:29:41 -0500] "GET /BLA/resoluciones/RESOLUCIONES%202021/4730.pdf HTTP/1.1" 200 498577
216.245.221.92 - - [28/Mar/2024:23:29:46 -0500] "HEAD / HTTP/1.1" 200 -
172.22.2.4 - - [28/Mar/2024:23:28:13 -0500] "GET /BLA/boletinlegal/ HTTP/1.1" 200 62310
201.245.192.253 - - [28/Mar/2024:23:30:02 -0500] "POST /kwsrmcab/Wsrmcab HTTP/1.1" 200 39853
216.244.66.195 - - [28/Mar/2024:23:30:09 -0500] "GET /BLA/resoluciones/RESOLUCIONES%202001/0311.pdf HTTP/1.1" 200 398777
201.245.192.253 - - [28/Mar/2024:23:30:43 -0500] "POST /kwsrmcab/Wsrmcab HTTP/1.1" 200 39669
216.244.66.195 - - [28/Mar/2024:23:30:58 -0500] "GET /BLA/resoluciones/RESOLUCIONES%202016/1844.pdf HTTP/1.1" 200 460610
201.245.192.253 - - [28/Mar/2024:23:31:42 -0500] "POST /kwsrmcab/Wsrmcab  HTTP/1.1" 200 39660
172.22.2.4 - - [28/Mar/2024:23:30:05 -0500] "HEAD /BLA/boletinlegal/ HTTP/1.1" 200 -
216.244.66.195 - - [28/Mar/2024:23:31:48 -0500] "GET /BLA/resoluciones/RESOLUCIONES%202016/1916.pdf HTTP/1.1" 200 361313
216.244.66.195 - - [28/Mar/2024:23:32:35 -0500] "GET /BLA/resoluciones/RESOLUCIONES%202016/1946.pdf HTTP/1.1" 200 468629
172.22.2.4 - - [28/Mar/2024:23:30:56 -0500] "GET /BLA/boletinlegal/ HTTP/1.1" 200 60380
66.249.66.20 - - [28/Mar/2024:23:32:54 -0500] "GET /BLA/resoluciones/AUTOS%202008/0388.pdf HTTP/1.1" 200 244947
216.244.66.195 - - [28/Mar/2024:23:33:24 -0500] "GET /BLA/resoluciones/RESOLUCIONES%202016/1985.pdf HTTP/1.1" 200 364045
47.128.98.111 - - [28/Mar/2024:23:33:48 -0500] "GET /BLA/resoluciones/AUTOS%202021/0245.php?act=chmod&d=E%3A%5Cnuevo%5Chtdocs%5Ccumbredelclima%5Cwp-includes&f=feed-rss2-comments.php HTTP/1.1" 200 2897
216.244.66.195 - - [28/Mar/2024:23:34:12 -0500] "GET /BLA/resoluciones/RESOLUCIONES%202016/2354.pdf HTTP/1.1" 200 453883
47.128.98.147 - - [28/Mar/2024:23:34:12 -0500] "GET /BLA/resoluciones/AUTOS%202021/0245.php?act=chmod&d=E%3A%5Cnuevo%5Csendmail&f=. HTTP/1.1" 200 2832
172.22.2.4 - - [28/Mar/2024:23:32:52 -0500] "GET /BLA/boletinlegal/ HTTP/1.1" 200 62720
47.128.58.93 - - [28/Mar/2024:23:34:35 -0500] "GET /BLA/resoluciones/AUTOS%202021/0245.php?act=eval&d=E%3A%5Cnuevo%5Chtdocs%5CBLA%5Cresoluciones%5CRESOLUCIONES+2012%5C HTTP/1.1" 200 2780
216.245.221.92 - - [28/Mar/2024:23:34:46 -0500] "HEAD / HTTP/1.1" 200 -
47.128.98.145 - - [28/Mar/2024:23:34:59 -0500] "GET /BLA/resoluciones/AUTOS%202021/0245.php?act=ls&d=E%3A%5Cnuevo%5Chtdocs%5CAutoliquidacion2020%5CAceites-Residuos-Estaciones-%5CTr%E1mite+de+registro+de+movilizaci%F3n+de+aceites+usados+en+el+%E1rea+urbana+del+Distrito+Capital&sort=0a HTTP/1.1" 200 3732
47.128.98.145 - - [28/Mar/2024:23:35:00 -0500] "GET /BLA/resoluciones/AUTOS%202021/0245.php?act=img&img=ext_xlsx HTTP/1.1" 200 1034
216.244.66.195 - - [28/Mar/2024:23:35:00 -0500] "GET /BLA/resoluciones/RESOLUCIONES%202016/2383.pdf HTTP/1.1" 200 464057
47.128.98.145 - - [28/Mar/2024:23:35:00 -0500] "GET /BLA/resoluciones/AUTOS%202021/0245.php?act=img&img=ext_doc HTTP/1.1" 200 140
47.128.98.145 - - [28/Mar/2024:23:35:00 -0500] "GET /BLA/resoluciones/AUTOS%202021/0245.php?act=img&img=arrow_ltr HTTP/1.1" 200 88
47.128.96.204 - - [28/Mar/2024:23:35:23 -0500] "GET /BLA/resoluciones/AUTOS%202021/0245.php?act=eval&d=E%3A%5Cnuevo%5Chtdocs%5CBLA%5Cresoluciones%5CRESOLUCIONES+2016%5C HTTP/1.1" 200 2780
216.244.66.195 - - [28/Mar/2024:23:35:44 -0500] "GET /BLA/resoluciones/RESOLUCIONES%202016/2403.pdf HTTP/1.1" 200 353618
47.128.115.96 - - [28/Mar/2024:23:35:47 -0500] "GET /BLA/resoluciones/AUTOS%202021/0245.php?act=f&d=E%3A%5Cnuevo%5Chtdocs%5Ccumbreclima%5Cwp-includes&f=template.php HTTP/1.1" 200 7358
47.128.115.96 - - [28/Mar/2024:23:35:48 -0500] "GET /BLA/resoluciones/AUTOS%202021/0245.php?act=img&img=ext_ini HTTP/1.1" 200 134
47.128.115.96 - - [28/Mar/2024:23:35:48 -0500] "GET /BLA/resoluciones/AUTOS%202021/0245.php?act=img&img=ext_html HTTP/1.1" 200 230
47.128.115.96 - - [28/Mar/2024:23:35:48 -0500] "GET /BLA/resoluciones/AUTOS%202021/0245.php?act=img&img=ext_gif HTTP/1.1" 200 175
47.128.115.96 - - [28/Mar/2024:23:35:48 -0500] "GET /BLA/resoluciones/AUTOS%202021/0245.php?act=img&img=ext_txt HTTP/1.1" 200 132
47.128.115.96 - - [28/Mar/2024:23:35:48 -0500] "GET /BLA/resoluciones/AUTOS%202021/0245.php?act=img&img=ext_exe HTTP/1.1" 200 118
47.128.115.96 - - [28/Mar/2024:23:35:48 -0500] "GET /BLA/resoluciones/AUTOS%202021/0245.php?act=img&img=ext_diz HTTP/1.1" 200 1027
47.128.115.96 - - [28/Mar/2024:23:35:49 -0500] "GET /BLA/resoluciones/AUTOS%202021/0245.php?act=img&img=change HTTP/1.1" 200 290
47.128.115.96 - - [28/Mar/2024:23:35:49 -0500] "GET /BLA/resoluciones/AUTOS%202021/0245.php?act=img&img=ext_rtf HTTP/1.1" 200 164
47.128.115.96 - - [28/Mar/2024:23:35:49 -0500] "GET /BLA/resoluciones/AUTOS%202021/0245.php?act=img&img=download HTTP/1.1" 200 161
47.128.115.96 - - [28/Mar/2024:23:35:49 -0500] "GET /BLA/resoluciones/AUTOS%202021/0245.php?act=img&img=ext_php HTTP/1.1" 200 79
47.128.45.207 - - [28/Mar/2024:23:36:11 -0500] "GET /BLA/resoluciones/AUTOS%202021/0245.php?act=eval&d=E%3A%5CSystem+Volume+Information%5C HTTP/1.1" 200 2714
216.244.66.195 - - [28/Mar/2024:23:36:28 -0500] "GET /BLA/resoluciones/RESOLUCIONES%202016/2410.pdf HTTP/1.1" 200 893208
201.245.192.253 - - [28/Mar/2024:23:36:40 -0500] "POST /kwsrmcab/Wsrmcab  HTTP/1.1" 200 39660
172.22.2.4 - - [28/Mar/2024:23:36:52 -0500] "GET /BLA/boletinlegal/Circulares/2019/.pdf HTTP/1.1" 404 1218
216.244.66.195 - - [28/Mar/2024:23:37:18 -0500] "GET /BLA/resoluciones/RESOLUCIONES%202016/2452.pdf HTTP/1.1" 200 526469
172.22.2.4 - - [28/Mar/2024:23:35:55 -0500] "HEAD /BLA/boletinlegal/ HTTP/1.1" 200 -
172.22.2.4 - - [28/Mar/2024:23:36:46 -0500] "GET /BLA/boletinlegal/ HTTP/1.1" 200 58273
190.159.168.169 - - [28/Mar/2024:23:38:27 -0500] "GET /BLA/resoluciones/dlf/styles.css HTTP/1.1" 200 3049
190.159.168.169 - - [28/Mar/2024:23:38:27 -0500] "GET /BLA/resoluciones/dlf/dirup.png HTTP/1.1" 200 644
190.159.168.169 - - [28/Mar/2024:23:38:27 -0500] "GET /BLA/resoluciones/dlf/pdf.gif HTTP/1.1" 200 272
190.159.168.169 - - [28/Mar/2024:23:38:27 -0500] "GET /BLA/resoluciones/dlf/bg.gif HTTP/1.1" 200 54
190.159.168.169 - - [28/Mar/2024:23:38:27 -0500] "GET /BLA/resoluciones/index.php?dir=AUTOS+2019%2F HTTP/1.1" 200 392233
190.159.168.169 - - [28/Mar/2024:23:38:28 -0500] "GET /BLA/resoluciones/dlf/archive.png HTTP/1.1" 200 632
190.159.168.169 - - [28/Mar/2024:23:38:28 -0500] "GET /favicon.ico HTTP/1.1" 200 7782
190.159.168.169 - - [28/Mar/2024:23:38:40 -0500] "GET /BLA/resoluciones/index.php HTTP/1.1" 200 14105
190.159.168.169 - - [28/Mar/2024:23:38:40 -0500] "GET /BLA/resoluciones/dlf/folder.png HTTP/1.1" 200 410
190.159.168.169 - - [28/Mar/2024:23:38:44 -0500] "GET /BLA/resoluciones/index.php?dir=AUTOS+2016%2F HTTP/1.1" 200 331957
190.159.168.169 - - [28/Mar/2024:23:38:49 -0500] "GET /BLA/resoluciones/AUTOS%202016/2834.pdf HTTP/1.1" 200 398322
52.149.22.89 - - [28/Mar/2024:23:38:55 -0500] "GET /Publicaciones/2024EE54759.pdf HTTP/1.1" 404 227
201.245.192.253 - - [28/Mar/2024:23:39:22 -0500] "POST /kwsrmcab/Wsrmcab HTTP/1.1" 200 40001
201.245.192.253 - - [28/Mar/2024:23:39:23 -0500] "POST /kwsrmcab/Wsrmcab HTTP/1.1" 200 39669
66.249.66.19 - - [28/Mar/2024:23:39:38 -0500] "GET /Publicaciones/2024EE08543.pdf HTTP/1.1" 404 227
216.245.221.92 - - [28/Mar/2024:23:39:46 -0500] "HEAD / HTTP/1.1" 200 -
201.245.192.253 - - [28/Mar/2024:23:40:02 -0500] "POST /kwsrmcab/Wsrmcab HTTP/1.1" 200 39853
52.167.144.192 - - [28/Mar/2024:23:40:22 -0500] "GET /BLA/resoluciones/RESOLUCIONES%202021/1853.pdf HTTP/1.1" 200 463030
201.245.192.253 - - [28/Mar/2024:23:40:49 -0500] "POST /kwsrmcab/Wsrmcab HTTP/1.1" 200 39669
172.22.2.4 - - [28/Mar/2024:23:41:02 -0500] "GET /BLA/boletinlegal/.git/config HTTP/1.1" 404 1018
201.245.192.253 - - [28/Mar/2024:23:41:39 -0500] "POST /kwsrmcab/Wsrmcab  HTTP/1.1" 200 39660
66.249.66.19 - - [28/Mar/2024:23:41:53 -0500] "GET /BLA/resoluciones/Notificaciones/AUTOS%202022/8133.pdf HTTP/1.1" 200 417320
66.249.66.19 - - [28/Mar/2024:23:42:04 -0500] "GET /Publicaciones/2024EE17579.pdf HTTP/1.1" 404 227
66.249.66.19 - - [28/Mar/2024:23:42:12 -0500] "GET /BLA/resoluciones/AUTOS%202013/1759.pdf HTTP/1.1" 200 220928
66.249.66.20 - - [28/Mar/2024:23:42:50 -0500] "GET /BLA/resoluciones/RESOLUCIONES%202011/1390.pdf HTTP/1.1" 200 596408
40.77.167.10 - - [28/Mar/2024:23:42:50 -0500] "GET /BLA/resoluciones/RESOLUCIONES%202019/2078.pdf HTTP/1.1" 200 376749
66.249.66.21 - - [28/Mar/2024:23:43:16 -0500] "GET /BLA/resoluciones/AUTOS%202014/0990.pdf HTTP/1.1" 200 292484
172.22.2.4 - - [28/Mar/2024:23:41:45 -0500] "HEAD /BLA/boletinlegal/ HTTP/1.1" 200 -
172.22.2.4 - - [28/Mar/2024:23:42:36 -0500] "GET /BLA/boletinlegal/ HTTP/1.1" 200 58273
66.249.66.20 - - [28/Mar/2024:23:44:25 -0500] "GET /BLA/resoluciones/Autos%202008/1842.pdf HTTP/1.1" 200 276383
66.249.66.19 - - [28/Mar/2024:23:44:33 -0500] "GET /BLA/resoluciones/RESOLUCIONES%202007/RES%202007%204101%20AL%204200/RESOLUCION%204194%20DE%202007.pdf HTTP/1.1" 200 287290
216.245.221.92 - - [28/Mar/2024:23:44:46 -0500] "HEAD / HTTP/1.1" 200 -
52.167.144.237 - - [28/Mar/2024:23:45:42 -0500] "GET /BLA/resoluciones/RESOLUCIONES%202021/5570.pdf HTTP/1.1" 200 554550
201.245.192.253 - - [28/Mar/2024:23:46:37 -0500] "POST /kwsrmcab/Wsrmcab  HTTP/1.1" 200 39660
173.252.127.116 - - [28/Mar/2024:23:47:22 -0500] "GET /images/Comprimida%20incendios.jpg HTTP/1.1" 200 23316
66.249.66.19 - - [28/Mar/2024:23:47:58 -0500] "GET /BLA/resoluciones/AUTOS%202008/1957.pdf HTTP/1.1" 200 87238
66.249.66.19 - - [28/Mar/2024:23:48:25 -0500] "GET /BLA/resoluciones/RESOLUCIONES%202010/7799.pdf HTTP/1.1" 200 1240879
172.22.2.4 - - [28/Mar/2024:23:47:35 -0500] "HEAD /BLA/boletinlegal/ HTTP/1.1" 200 -
3.236.240.48 - - [28/Mar/2024:23:49:34 -0500] "GET /robots.txt HTTP/1.1" 404 1018
3.236.240.48 - - [28/Mar/2024:23:49:36 -0500] "GET /transparencia/directorioservidores/abril2015.pdf HTTP/1.1" 200 325020
216.245.221.92 - - [28/Mar/2024:23:49:46 -0500] "HEAD / HTTP/1.1" 200 -
40.77.167.32 - - [28/Mar/2024:23:49:53 -0500] "GET /BLA/resoluciones/RESOLUCIONES%202019/2077.pdf HTTP/1.1" 200 385140
172.22.2.4 - - [28/Mar/2024:23:48:26 -0500] "GET /BLA/boletinlegal/ HTTP/1.1" 200 58273
216.244.66.195 - - [28/Mar/2024:23:50:50 -0500] "GET /robots.txt HTTP/1.1" 404 1018
34.241.117.82 - - [28/Mar/2024:23:51:18 -0500] "HEAD / HTTP/1.1" 200 -
172.22.2.4 - - [28/Mar/2024:23:51:22 -0500] "GET /BLA/boletinlegal/Directivas/2011/Directiva%20No.%202%20del%2017%20de%20Mayo%20de%202011.pdf HTTP/1.1" 200 495382
201.245.192.253 - - [28/Mar/2024:23:51:36 -0500] "POST /kwsrmcab/Wsrmcab  HTTP/1.1" 200 39660
66.249.66.21 - - [28/Mar/2024:23:53:38 -0500] "GET /BLA/resoluciones/AUTOS%202014/0984.pdf HTTP/1.1" 200 286283
66.249.66.21 - - [28/Mar/2024:23:54:18 -0500] "GET /BLA/resoluciones/RESOLUCIONES%202002/1039.pdf HTTP/1.1" 304 -
40.77.167.50 - - [28/Mar/2024:23:54:21 -0500] "GET /Publicaciones/2024EE41188.pdf HTTP/1.1" 404 227
66.249.66.20 - - [28/Mar/2024:23:54:27 -0500] "GET /BLA/resoluciones/Notificaciones/AUTOS%202023/4124.pdf HTTP/1.1" 304 -
216.245.221.92 - - [28/Mar/2024:23:54:46 -0500] "HEAD / HTTP/1.1" 200 -
172.22.2.4 - - [28/Mar/2024:23:53:25 -0500] "HEAD /BLA/boletinlegal/ HTTP/1.1" 200 -
172.22.2.4 - - [28/Mar/2024:23:54:16 -0500] "GET /BLA/boletinlegal/ HTTP/1.1" 200 58273
146.19.24.28 - - [28/Mar/2024:23:56:17 -0500] "GET / HTTP/1.1" 200 319
201.245.192.253 - - [28/Mar/2024:23:56:34 -0500] "POST /kwsrmcab/Wsrmcab  HTTP/1.1" 200 39660
172.22.2.4 - - [28/Mar/2024:23:56:48 -0500] "GET /BLA/boletinlegal/actos.php HTTP/1.1" 200 9738
66.249.66.19 - - [28/Mar/2024:23:57:41 -0500] "GET /BLA/resoluciones/AUTOS%202011/7745.pdf HTTP/1.1" 200 235673
191.102.85.241 - - [28/Mar/2024:23:57:56 -0500] "GET /BLA/resoluciones/ HTTP/1.1" 200 14105
191.102.85.241 - - [28/Mar/2024:23:58:01 -0500] "GET /BLA/resoluciones/index.php?dir=AUTOS+2023%2F HTTP/1.1" 200 519484
172.22.2.4 - - [28/Mar/2024:23:58:12 -0500] "GET /BLA/boletinlegal/ HTTP/1.1" 200 24523
216.245.221.92 - - [28/Mar/2024:23:59:46 -0500] "HEAD / HTTP/1.1" 200 -

:: Command execute ::

Enter:
 
Select:
 

:: Search ::
regexp 

:: Upload ::
 
[ ok ]

:: Make Dir ::
 
[ ok ]
:: Make File ::
 
[ ok ]

:: Go Dir ::
 
:: Go File ::
 

--[ c99shell v. 1.0 pre-release build #13 powered by Captain Crunch Security Team | http://ccteam.ru | Generation time: 0.9516 ]--