172.22.2.4 - - [28/Mar/2024:01:40:38 -0500] "GET /BLA/boletinlegal/ HTTP/1.1" 200 58273
216.244.66.195 - - [28/Mar/2024:01:42:19 -0500] "GET /BLA/resoluciones/AUTOS%202011/1666.pdf HTTP/1.1" 200 282408
216.244.66.195 - - [28/Mar/2024:01:42:22 -0500] "GET /BLA/resoluciones/AUTOS%202011/1815.pdf HTTP/1.1" 200 153171
216.244.66.195 - - [28/Mar/2024:01:42:25 -0500] "GET /BLA/resoluciones/AUTOS%202011/1862.pdf HTTP/1.1" 200 94623
216.244.66.195 - - [28/Mar/2024:01:42:28 -0500] "GET /BLA/resoluciones/AUTOS%202011/2104.pdf HTTP/1.1" 200 253630
216.244.66.195 - - [28/Mar/2024:01:42:30 -0500] "GET /BLA/resoluciones/AUTOS%202011/2144.pdf HTTP/1.1" 200 256438
216.244.66.195 - - [28/Mar/2024:01:42:33 -0500] "GET /BLA/resoluciones/AUTOS%202011/2194.pdf HTTP/1.1" 200 248783
216.245.221.92 - - [28/Mar/2024:01:42:33 -0500] "HEAD / HTTP/1.1" 200 -
216.244.66.195 - - [28/Mar/2024:01:42:36 -0500] "GET /BLA/resoluciones/AUTOS%202011/2198.pdf HTTP/1.1" 200 299332
216.244.66.195 - - [28/Mar/2024:01:42:39 -0500] "GET /BLA/resoluciones/AUTOS%202011/2528.pdf HTTP/1.1" 200 176520
216.244.66.195 - - [28/Mar/2024:01:42:41 -0500] "GET /BLA/resoluciones/AUTOS%202011/2535.pdf HTTP/1.1" 200 153057
216.244.66.195 - - [28/Mar/2024:01:42:44 -0500] "GET /BLA/resoluciones/AUTOS%202011/2689.pdf HTTP/1.1" 200 143393
216.244.66.195 - - [28/Mar/2024:01:42:46 -0500] "GET /BLA/resoluciones/AUTOS%202011/2715.pdf HTTP/1.1" 200 149583
216.244.66.195 - - [28/Mar/2024:01:42:49 -0500] "GET /BLA/resoluciones/AUTOS%202011/3084.pdf HTTP/1.1" 200 198887
95.217.219.28 - - [28/Mar/2024:01:42:50 -0500] "GET /isolucionsda/BancoConocimiento/Q/Quejasyreclamos_v5/Quejasyreclamos_v5.asp HTTP/1.1" 404 4960
216.244.66.195 - - [28/Mar/2024:01:42:52 -0500] "GET /BLA/resoluciones/AUTOS%202011/3301.pdf HTTP/1.1" 200 217181
216.244.66.195 - - [28/Mar/2024:01:42:55 -0500] "GET /BLA/resoluciones/AUTOS%202011/3593.pdf HTTP/1.1" 200 259050
216.244.66.195 - - [28/Mar/2024:01:42:59 -0500] "GET /BLA/resoluciones/AUTOS%202012/0323.pdf HTTP/1.1" 200 353422
216.244.66.195 - - [28/Mar/2024:01:43:03 -0500] "GET /BLA/resoluciones/AUTOS%202012/0697.pdf HTTP/1.1" 200 255570
216.244.66.195 - - [28/Mar/2024:01:43:07 -0500] "GET /BLA/resoluciones/AUTOS%202012/0727.pdf HTTP/1.1" 200 262181
216.244.66.195 - - [28/Mar/2024:01:43:10 -0500] "GET /BLA/resoluciones/AUTOS%202012/0819.pdf HTTP/1.1" 200 230108
216.244.66.195 - - [28/Mar/2024:01:43:17 -0500] "GET /BLA/resoluciones/AUTOS%202012/0979.pdf HTTP/1.1" 200 152572
216.244.66.195 - - [28/Mar/2024:01:43:22 -0500] "GET /BLA/resoluciones/AUTOS%202012/0995.pdf HTTP/1.1" 200 2245363
216.244.66.195 - - [28/Mar/2024:01:43:31 -0500] "GET /BLA/resoluciones/AUTOS%202012/1571.pdf HTTP/1.1" 200 356881
216.244.66.195 - - [28/Mar/2024:01:43:38 -0500] "GET /BLA/resoluciones/AUTOS%202012/1603.pdf HTTP/1.1" 200 176013
216.244.66.195 - - [28/Mar/2024:01:43:44 -0500] "GET /BLA/resoluciones/AUTOS%202012/1653.pdf HTTP/1.1" 200 321995
40.77.167.132 - - [28/Mar/2024:01:43:48 -0500] "GET /BLA/resoluciones/RESOLUCIONES%202021/1942.pdf HTTP/1.1" 200 453544
216.244.66.195 - - [28/Mar/2024:01:43:49 -0500] "GET /BLA/resoluciones/AUTOS%202012/1683.pdf HTTP/1.1" 200 334241
40.77.167.132 - - [28/Mar/2024:01:43:50 -0500] "GET /BLA/resoluciones/RESOLUCIONES%202021/0001.pdf HTTP/1.1" 200 490426
201.245.192.253 - - [28/Mar/2024:01:43:53 -0500] "POST /kwsrmcab/Wsrmcab  HTTP/1.1" 200 39660
216.244.66.195 - - [28/Mar/2024:01:43:54 -0500] "GET /BLA/resoluciones/AUTOS%202012/1774.pdf HTTP/1.1" 200 442132
216.244.66.195 - - [28/Mar/2024:01:43:58 -0500] "GET /BLA/resoluciones/AUTOS%202012/1845.pdf HTTP/1.1" 200 380073
216.244.66.195 - - [28/Mar/2024:01:44:02 -0500] "GET /BLA/resoluciones/AUTOS%202012/1999.pdf HTTP/1.1" 200 1053101
216.244.66.195 - - [28/Mar/2024:01:44:07 -0500] "GET /BLA/resoluciones/AUTOS%202012/2156.pdf HTTP/1.1" 200 398569
216.244.66.195 - - [28/Mar/2024:01:44:10 -0500] "GET /BLA/resoluciones/AUTOS%202012/2620.pdf HTTP/1.1" 200 436111
216.244.66.195 - - [28/Mar/2024:01:44:14 -0500] "GET /BLA/resoluciones/AUTOS%202012/2786.pdf HTTP/1.1" 200 438659
216.244.66.195 - - [28/Mar/2024:01:44:17 -0500] "GET /BLA/resoluciones/AUTOS%202012/2894.pdf HTTP/1.1" 200 583657
216.244.66.195 - - [28/Mar/2024:01:44:21 -0500] "GET /BLA/resoluciones/AUTOS%202012/2913.pdf HTTP/1.1" 200 315114
216.244.66.195 - - [28/Mar/2024:01:44:24 -0500] "GET /BLA/resoluciones/AUTOS%202013/0063.pdf HTTP/1.1" 200 1383002
216.244.66.195 - - [28/Mar/2024:01:44:30 -0500] "GET /BLA/resoluciones/AUTOS%202013/0167.pdf HTTP/1.1" 200 621223
216.244.66.195 - - [28/Mar/2024:01:44:35 -0500] "GET /BLA/resoluciones/AUTOS%202013/0274.pdf HTTP/1.1" 200 1140041
186.86.33.13 - - [28/Mar/2024:01:44:36 -0500] "GET /appsia/controlador HTTP/1.1" 200 4799
186.86.33.13 - - [28/Mar/2024:01:44:36 -0500] "GET /appsia/scripts/validarIngreso.js HTTP/1.1" 200 851
186.86.33.13 - - [28/Mar/2024:01:44:36 -0500] "GET /appsia/css/estilos.css HTTP/1.1" 200 4804
186.86.33.13 - - [28/Mar/2024:01:44:36 -0500] "GET /appsia/images/logo_bogota_p.png HTTP/1.1" 200 14951
186.86.33.13 - - [28/Mar/2024:01:44:36 -0500] "GET /appsia/images/cabezoteHojaVida.png HTTP/1.1" 200 32493
186.86.33.13 - - [28/Mar/2024:01:44:37 -0500] "GET /favicon.ico HTTP/1.1" 200 7782
216.244.66.195 - - [28/Mar/2024:01:44:39 -0500] "GET /BLA/resoluciones/AUTOS%202013/0363.pdf HTTP/1.1" 200 273557
216.244.66.195 - - [28/Mar/2024:01:44:43 -0500] "GET /BLA/resoluciones/AUTOS%202013/0398.pdf HTTP/1.1" 200 209227
216.244.66.195 - - [28/Mar/2024:01:44:47 -0500] "GET /BLA/resoluciones/AUTOS%202013/0490.pdf HTTP/1.1" 200 1553207
216.244.66.195 - - [28/Mar/2024:01:44:54 -0500] "GET /BLA/resoluciones/AUTOS%202013/1165.pdf HTTP/1.1" 200 579177
216.244.66.195 - - [28/Mar/2024:01:45:00 -0500] "GET /BLA/resoluciones/AUTOS%202013/1249.pdf HTTP/1.1" 200 1160654
186.86.33.13 - - [28/Mar/2024:01:45:06 -0500] "POST /appsia/controlador HTTP/1.1" 200 4621
216.244.66.195 - - [28/Mar/2024:01:45:06 -0500] "GET /BLA/resoluciones/AUTOS%202013/1314.pdf HTTP/1.1" 200 1324037
216.244.66.195 - - [28/Mar/2024:01:45:14 -0500] "GET /BLA/resoluciones/AUTOS%202013/1407.pdf HTTP/1.1" 200 712060
186.86.33.13 - - [28/Mar/2024:01:45:20 -0500] "POST /appsia/controlador HTTP/1.1" 200 7732
186.86.33.13 - - [28/Mar/2024:01:45:20 -0500] "GET /appsia/images/logo_escudo.png HTTP/1.1" 200 36965
216.244.66.195 - - [28/Mar/2024:01:45:23 -0500] "GET /BLA/resoluciones/AUTOS%202013/1602.pdf HTTP/1.1" 200 139543
216.244.66.195 - - [28/Mar/2024:01:45:29 -0500] "GET /BLA/resoluciones/AUTOS%202013/1650.pdf HTTP/1.1" 200 434692
216.244.66.195 - - [28/Mar/2024:01:45:36 -0500] "GET /BLA/resoluciones/AUTOS%202013/1663.pdf HTTP/1.1" 200 185106
216.244.66.195 - - [28/Mar/2024:01:45:41 -0500] "GET /BLA/resoluciones/AUTOS%202013/2034.pdf HTTP/1.1" 200 902708
216.244.66.195 - - [28/Mar/2024:01:45:46 -0500] "GET /BLA/resoluciones/AUTOS%202013/2183.pdf HTTP/1.1" 200 628121
216.244.66.195 - - [28/Mar/2024:01:45:51 -0500] "GET /BLA/resoluciones/AUTOS%202013/2519.pdf HTTP/1.1" 200 271214
216.244.66.195 - - [28/Mar/2024:01:45:55 -0500] "GET /BLA/resoluciones/AUTOS%202013/2601.pdf HTTP/1.1" 200 415787
216.244.66.195 - - [28/Mar/2024:01:45:59 -0500] "GET /BLA/resoluciones/AUTOS%202013/2758.pdf HTTP/1.1" 200 554123
216.244.66.195 - - [28/Mar/2024:01:46:05 -0500] "GET /BLA/resoluciones/AUTOS%202014/0428.pdf HTTP/1.1" 200 432657
216.244.66.195 - - [28/Mar/2024:01:46:11 -0500] "GET /BLA/resoluciones/AUTOS%202014/0446.pdf HTTP/1.1" 200 372629
172.22.2.4 - - [28/Mar/2024:01:44:34 -0500] "HEAD /BLA/boletinlegal/ HTTP/1.1" 200 -
216.244.66.195 - - [28/Mar/2024:01:46:16 -0500] "GET /BLA/resoluciones/AUTOS%202014/1146.pdf HTTP/1.1" 200 295546
216.244.66.195 - - [28/Mar/2024:01:46:20 -0500] "GET /BLA/resoluciones/AUTOS%202014/2261.pdf HTTP/1.1" 200 334721
216.244.66.195 - - [28/Mar/2024:01:46:23 -0500] "GET /BLA/resoluciones/AUTOS%202019/0002.pdf HTTP/1.1" 200 330178
216.244.66.195 - - [28/Mar/2024:01:46:26 -0500] "GET /BLA/resoluciones/AUTOS%202023/1492.pdf HTTP/1.1" 200 527251
216.244.66.195 - - [28/Mar/2024:01:46:30 -0500] "GET /BLA/resoluciones/AUTOS%202023/3691.pdf HTTP/1.1" 200 454171
216.244.66.195 - - [28/Mar/2024:01:46:33 -0500] "GET /BLA/resoluciones/RESOLUCIONES%202019/3658.pdf HTTP/1.1" 200 383085
172.22.2.4 - - [28/Mar/2024:01:45:10 -0500] "GET /BLA/boletinlegal/ HTTP/1.1" 200 48425
172.22.2.4 - - [28/Mar/2024:01:45:37 -0500] "HEAD /BLA/boletinlegal/ HTTP/1.1" 200 -
52.167.144.237 - - [28/Mar/2024:01:47:25 -0500] "GET /BLA/resoluciones/RESOLUCIONES%202019/2053.pdf HTTP/1.1" 304 -
216.245.221.92 - - [28/Mar/2024:01:47:33 -0500] "HEAD / HTTP/1.1" 200 -
172.22.2.4 - - [28/Mar/2024:01:46:28 -0500] "GET /BLA/boletinlegal/ HTTP/1.1" 200 53818
69.63.189.111 - - [28/Mar/2024:01:48:11 -0500] "GET /mas-de-360-kilos-de-palmas-silvestres-fueron-incautados-en-bogota-durante-el-domingo-de-ramos.html HTTP/1.1" 200 1009
66.249.66.19 - - [28/Mar/2024:01:48:56 -0500] "GET /Publicaciones/2024EE53817.pdf HTTP/1.1" 404 227
52.230.152.60 - - [28/Mar/2024:01:49:07 -0500] "GET /robots.txt HTTP/1.1" 404 1035
201.245.192.253 - - [28/Mar/2024:01:50:01 -0500] "POST /kwsrmcab/Wsrmcab  HTTP/1.1" 200 39660
201.245.192.253 - - [28/Mar/2024:01:48:53 -0500] "POST /kwsrmcab/Wsrmcab  HTTP/1.1" 200 21429
201.245.192.253 - - [28/Mar/2024:01:51:01 -0500] "POST /kwsrmcab/Wsrmcab  HTTP/1.1" 200 39660
216.245.221.92 - - [28/Mar/2024:01:52:33 -0500] "HEAD / HTTP/1.1" 200 -
172.22.2.4 - - [28/Mar/2024:01:51:27 -0500] "HEAD /BLA/boletinlegal/ HTTP/1.1" 200 -
172.22.2.4 - - [28/Mar/2024:01:52:18 -0500] "GET /BLA/boletinlegal/ HTTP/1.1" 200 56779
146.19.24.28 - - [28/Mar/2024:01:54:01 -0500] "GET / HTTP/1.1" 200 319
40.77.167.5 - - [28/Mar/2024:01:55:23 -0500] "GET /BLA/resoluciones/RESOLUCIONES%202023/0177.pdf HTTP/1.1" 200 487857
66.249.66.21 - - [28/Mar/2024:01:55:56 -0500] "GET /BLA/resoluciones/Notificaciones/AUTOS%202023/6075.pdf HTTP/1.1" 304 -
40.77.167.2 - - [28/Mar/2024:01:56:27 -0500] "GET /BLA/resoluciones/RESOLUCIONES%202021/3637.pdf HTTP/1.1" 200 850860
162.55.175.138 - - [28/Mar/2024:01:57:00 -0500] "GET / HTTP/1.1" 200 4720
201.245.192.253 - - [28/Mar/2024:01:57:09 -0500] "POST /kwsrmcab/Wsrmcab  HTTP/1.1" 200 39660
216.245.221.92 - - [28/Mar/2024:01:57:33 -0500] "HEAD / HTTP/1.1" 200 -
201.245.192.253 - - [28/Mar/2024:01:56:00 -0500] "POST /kwsrmcab/Wsrmcab  HTTP/1.1" 200 39660
40.77.167.5 - - [28/Mar/2024:01:57:50 -0500] "GET /BLA/resoluciones/RESOLUCIONES%202023/0030.pdf HTTP/1.1" 304 -
201.245.192.253 - - [28/Mar/2024:01:58:11 -0500] "POST /kwsrmcab/Wsrmcab  HTTP/1.1" 200 39660
172.22.2.4 - - [28/Mar/2024:01:57:17 -0500] "HEAD /BLA/boletinlegal/ HTTP/1.1" 200 -
52.167.144.23 - - [28/Mar/2024:01:59:17 -0500] "GET /BLA/resoluciones/RESOLUCIONES%202022/0332.pdf HTTP/1.1" 200 451932
47.128.46.9 - - [28/Mar/2024:01:59:47 -0500] "GET /galeria/nivo-slider/demo/images/Rendicion.png HTTP/1.1" 200 262274
47.128.46.9 - - [28/Mar/2024:01:59:47 -0500] "GET /galeria/nivo-slider/demo/images/buses-chimenea.jpg HTTP/1.1" 200 144235
172.22.2.4 - - [28/Mar/2024:01:58:08 -0500] "GET /BLA/boletinlegal/ HTTP/1.1" 200 53419
216.245.221.92 - - [28/Mar/2024:02:02:33 -0500] "HEAD / HTTP/1.1" 200 -
201.245.192.253 - - [28/Mar/2024:02:03:10 -0500] "POST /kwsrmcab/Wsrmcab  HTTP/1.1" 200 39660
52.167.144.203 - - [28/Mar/2024:02:03:59 -0500] "GET /BLA/resoluciones/AUTOS%202020/0729.pdf HTTP/1.1" 304 -
47.128.44.43 - - [28/Mar/2024:02:04:18 -0500] "GET /BLA/resoluciones/AUTOS%202021/0245.php?act=security&d=E%3A%5Cnuevo%5Chtdocs%5Csig%5CControl+y+mejora%5C HTTP/1.1" 200 2781
47.128.51.224 - - [28/Mar/2024:02:04:40 -0500] "GET /BLA/resoluciones/AUTOS%202021/0245.php?act=eval&d=E%3A%5Cnuevo%5Chtdocs%5CBLA%5Cresoluciones%5CRESOLUCIONES+2024%5C HTTP/1.1" 200 2779
172.22.2.4 - - [28/Mar/2024:02:03:07 -0500] "HEAD /BLA/boletinlegal/ HTTP/1.1" 200 -
205.210.31.68 - - [28/Mar/2024:02:04:58 -0500] "\x16\x03\x01" 400 226
205.210.31.68 - - [28/Mar/2024:02:04:58 -0500] "\x16\x03\x01" 400 226
47.128.115.205 - - [28/Mar/2024:02:05:04 -0500] "GET /BLA/resoluciones/AUTOS%202021/0245.php?act=chmod&d=E%3A%5Cnuevo%5Cmailoutput%5C HTTP/1.1" 200 2833
47.128.51.213 - - [28/Mar/2024:02:05:28 -0500] "GET /BLA/resoluciones/AUTOS%202021/0245.php?act=f&d=E%3A%5Cnuevo%5Chtdocs%5Ccumbredelclima%5Cwp-admin&f=import.php HTTP/1.1" 200 6098
47.128.51.213 - - [28/Mar/2024:02:05:29 -0500] "GET /BLA/resoluciones/AUTOS%202021/0245.php?act=img&img=ext_gif HTTP/1.1" 200 175
47.128.51.213 - - [28/Mar/2024:02:05:29 -0500] "GET /BLA/resoluciones/AUTOS%202021/0245.php?act=img&img=ext_diz HTTP/1.1" 200 1027
47.128.51.213 - - [28/Mar/2024:02:05:29 -0500] "GET /BLA/resoluciones/AUTOS%202021/0245.php?act=img&img=ext_php HTTP/1.1" 200 79
47.128.51.213 - - [28/Mar/2024:02:05:29 -0500] "GET /BLA/resoluciones/AUTOS%202021/0245.php?act=img&img=ext_txt HTTP/1.1" 200 132
47.128.51.213 - - [28/Mar/2024:02:05:29 -0500] "GET /BLA/resoluciones/AUTOS%202021/0245.php?act=img&img=ext_exe HTTP/1.1" 200 118
47.128.51.213 - - [28/Mar/2024:02:05:29 -0500] "GET /BLA/resoluciones/AUTOS%202021/0245.php?act=img&img=ext_html HTTP/1.1" 200 230
47.128.51.213 - - [28/Mar/2024:02:05:30 -0500] "GET /BLA/resoluciones/AUTOS%202021/0245.php?act=img&img=ext_rtf HTTP/1.1" 200 164
47.128.51.213 - - [28/Mar/2024:02:05:30 -0500] "GET /BLA/resoluciones/AUTOS%202021/0245.php?act=img&img=ext_ini HTTP/1.1" 200 134
47.128.51.213 - - [28/Mar/2024:02:05:30 -0500] "GET /BLA/resoluciones/AUTOS%202021/0245.php?act=img&img=download HTTP/1.1" 200 161
47.128.51.213 - - [28/Mar/2024:02:05:30 -0500] "GET /BLA/resoluciones/AUTOS%202021/0245.php?act=img&img=change HTTP/1.1" 200 290
172.22.2.4 - - [28/Mar/2024:02:03:58 -0500] "GET /BLA/boletinlegal/ HTTP/1.1" 200 58273
47.128.48.119 - - [28/Mar/2024:02:05:52 -0500] "GET /BLA/resoluciones/AUTOS%202021/0245.php?act=f&d=E%3A%5Cnuevo%5Chtdocs%5Ccumbreclima%5Cwp-admin&f=options-discussion.php HTTP/1.1" 200 8787
47.128.48.119 - - [28/Mar/2024:02:05:53 -0500] "GET /BLA/resoluciones/AUTOS%202021/0245.php?act=img&img=ext_php HTTP/1.1" 200 79
47.128.48.119 - - [28/Mar/2024:02:05:53 -0500] "GET /BLA/resoluciones/AUTOS%202021/0245.php?act=img&img=ext_diz HTTP/1.1" 200 1027
47.128.48.119 - - [28/Mar/2024:02:05:53 -0500] "GET /BLA/resoluciones/AUTOS%202021/0245.php?act=img&img=ext_gif HTTP/1.1" 200 175
47.128.48.119 - - [28/Mar/2024:02:05:53 -0500] "GET /BLA/resoluciones/AUTOS%202021/0245.php?act=img&img=ext_exe HTTP/1.1" 200 118
47.128.48.119 - - [28/Mar/2024:02:05:53 -0500] "GET /BLA/resoluciones/AUTOS%202021/0245.php?act=img&img=ext_html HTTP/1.1" 200 230
47.128.48.119 - - [28/Mar/2024:02:05:54 -0500] "GET /BLA/resoluciones/AUTOS%202021/0245.php?act=img&img=ext_txt HTTP/1.1" 200 132
47.128.48.119 - - [28/Mar/2024:02:05:54 -0500] "GET /BLA/resoluciones/AUTOS%202021/0245.php?act=img&img=ext_rtf HTTP/1.1" 200 164
47.128.48.119 - - [28/Mar/2024:02:05:54 -0500] "GET /BLA/resoluciones/AUTOS%202021/0245.php?act=img&img=change HTTP/1.1" 200 290
47.128.48.119 - - [28/Mar/2024:02:05:54 -0500] "GET /BLA/resoluciones/AUTOS%202021/0245.php?act=img&img=download HTTP/1.1" 200 161
47.128.48.119 - - [28/Mar/2024:02:05:54 -0500] "GET /BLA/resoluciones/AUTOS%202021/0245.php?act=img&img=ext_ini HTTP/1.1" 200 134
47.128.121.200 - - [28/Mar/2024:02:06:16 -0500] "GET /BLA/resoluciones/AUTOS%202021/0245.php?act=chmod&d=E%3A%5Cnuevo%5Cmailoutput&f=mail-20150908-1521-16000.txt HTTP/1.1" 200 2862
40.77.167.63 - - [28/Mar/2024:02:07:18 -0500] "GET /BLA/resoluciones/RESOLUCIONES%202019/0467.pdf HTTP/1.1" 200 379096
52.167.144.203 - - [28/Mar/2024:02:07:28 -0500] "GET /BLA/resoluciones/RESOLUCIONES%202022/2976.pdf HTTP/1.1" 200 445962
216.245.221.92 - - [28/Mar/2024:02:07:33 -0500] "HEAD / HTTP/1.1" 200 -
185.189.182.234 - - [28/Mar/2024:02:08:02 -0500] "GET / HTTP/1.1" 400 946
201.245.192.253 - - [28/Mar/2024:02:08:08 -0500] "POST /kwsrmcab/Wsrmcab  HTTP/1.1" 200 24901
52.167.144.203 - - [28/Mar/2024:02:08:56 -0500] "GET /forest/ HTTP/1.1" 200 12041
207.46.13.78 - - [28/Mar/2024:02:09:15 -0500] "GET /alerta-por-calidad-del-aire-distrito-intensifica-operativos-a-industria-y-vehiculos-en-el-suroccidente-de-bogota.html HTTP/1.1" 200 987
201.245.192.253 - - [28/Mar/2024:02:09:17 -0500] "POST /kwsrmcab/Wsrmcab  HTTP/1.1" 200 39660
66.249.66.19 - - [28/Mar/2024:02:09:57 -0500] "GET /BLA/resoluciones/RESOLUCIONES%202021/5262.pdf HTTP/1.1" 200 370932
216.244.66.195 - - [28/Mar/2024:02:10:02 -0500] "GET /robots.txt HTTP/1.1" 404 1018
201.245.192.253 - - [28/Mar/2024:02:10:16 -0500] "POST /kwsrmcab/Wsrmcab  HTTP/1.1" 200 39660
172.22.2.4 - - [28/Mar/2024:02:08:57 -0500] "HEAD /BLA/boletinlegal/ HTTP/1.1" 200 -
172.22.2.4 - - [28/Mar/2024:02:09:48 -0500] "GET /BLA/boletinlegal/ HTTP/1.1" 200 58273
52.167.144.221 - - [28/Mar/2024:02:11:38 -0500] "GET /BLA/resoluciones/RESOLUCIONES%202021/0918.pdf HTTP/1.1" 200 525935
216.245.221.92 - - [28/Mar/2024:02:12:33 -0500] "HEAD / HTTP/1.1" 200 -
3.20.63.178 - - [28/Mar/2024:02:14:01 -0500] "HEAD / HTTP/1.1" 200 -
201.245.192.253 - - [28/Mar/2024:02:15:15 -0500] "POST /kwsrmcab/Wsrmcab  HTTP/1.1" 200 17965
201.245.192.253 - - [28/Mar/2024:02:16:23 -0500] "POST /kwsrmcab/Wsrmcab  HTTP/1.1" 200 39660
172.22.2.4 - - [28/Mar/2024:02:14:47 -0500] "HEAD /BLA/boletinlegal/ HTTP/1.1" 200 -
172.22.2.4 - - [28/Mar/2024:02:15:38 -0500] "GET /BLA/boletinlegal/ HTTP/1.1" 200 58273
201.245.192.253 - - [28/Mar/2024:02:17:22 -0500] "POST /kwsrmcab/Wsrmcab  HTTP/1.1" 200 39660
216.245.221.92 - - [28/Mar/2024:02:17:33 -0500] "HEAD / HTTP/1.1" 200 -
52.167.144.203 - - [28/Mar/2024:02:17:48 -0500] "GET /BLA/resoluciones/RESOLUCIONES%202021/0917.pdf HTTP/1.1" 200 447725
47.128.49.134 - - [28/Mar/2024:02:19:31 -0500] "GET /BLA/resoluciones/AUTOS%202021/0245.php?act=f&d=E%3A%5Cnuevo%5Chtdocs%5CBLA%5Cresoluciones%5CAUTOS+2021%5C&f=1616.pdf&ft=phpsess&white=1 HTTP/1.1" 200 3943
47.128.49.134 - - [28/Mar/2024:02:19:32 -0500] "GET /BLA/resoluciones/AUTOS%202021/0245.php?act=img&img=download HTTP/1.1" 200 161
47.128.49.134 - - [28/Mar/2024:02:19:32 -0500] "GET /BLA/resoluciones/AUTOS%202021/0245.php?act=img&img=ext_exe HTTP/1.1" 200 118
47.128.49.134 - - [28/Mar/2024:02:19:32 -0500] "GET /BLA/resoluciones/AUTOS%202021/0245.php?act=img&img=ext_diz HTTP/1.1" 200 1027
47.128.49.134 - - [28/Mar/2024:02:19:32 -0500] "GET /BLA/resoluciones/AUTOS%202021/0245.php?act=img&img=ext_html HTTP/1.1" 200 230
47.128.49.134 - - [28/Mar/2024:02:19:32 -0500] "GET /BLA/resoluciones/AUTOS%202021/0245.php?act=img&img=ext_txt HTTP/1.1" 200 132
47.128.49.134 - - [28/Mar/2024:02:19:32 -0500] "GET /BLA/resoluciones/AUTOS%202021/0245.php?act=img&img=ext_pdf HTTP/1.1" 200 1034
47.128.49.134 - - [28/Mar/2024:02:19:33 -0500] "GET /BLA/resoluciones/AUTOS%202021/0245.php?act=img&img=ext_ini HTTP/1.1" 200 134
47.128.49.134 - - [28/Mar/2024:02:19:33 -0500] "GET /BLA/resoluciones/AUTOS%202021/0245.php?act=img&img=ext_gif HTTP/1.1" 200 175
47.128.49.134 - - [28/Mar/2024:02:19:33 -0500] "GET /BLA/resoluciones/AUTOS%202021/0245.php?act=img&img=change HTTP/1.1" 200 290
47.128.49.134 - - [28/Mar/2024:02:19:33 -0500] "GET /BLA/resoluciones/AUTOS%202021/0245.php?act=img&img=ext_rtf HTTP/1.1" 200 164
47.128.59.240 - - [28/Mar/2024:02:19:55 -0500] "GET /BLA/resoluciones/AUTOS%202021/0245.php?act=f&d=E%3A%5Cnuevo%5Chtdocs%5Cvideos&f=WEBParticipacion.flv HTTP/1.1" 200 2987
47.128.59.240 - - [28/Mar/2024:02:19:56 -0500] "GET /BLA/resoluciones/AUTOS%202021/0245.php?act=img&img=download HTTP/1.1" 200 161
47.128.59.240 - - [28/Mar/2024:02:19:56 -0500] "GET /BLA/resoluciones/AUTOS%202021/0245.php?act=img&img=ext_txt HTTP/1.1" 200 132
47.128.59.240 - - [28/Mar/2024:02:19:56 -0500] "GET /BLA/resoluciones/AUTOS%202021/0245.php?act=img&img=ext_gif HTTP/1.1" 200 175
47.128.59.240 - - [28/Mar/2024:02:19:56 -0500] "GET /BLA/resoluciones/AUTOS%202021/0245.php?act=img&img=ext_diz HTTP/1.1" 200 1027
47.128.59.240 - - [28/Mar/2024:02:19:56 -0500] "GET /BLA/resoluciones/AUTOS%202021/0245.php?act=img&img=ext_exe HTTP/1.1" 200 118
47.128.59.240 - - [28/Mar/2024:02:19:56 -0500] "GET /BLA/resoluciones/AUTOS%202021/0245.php?act=img&img=ext_html HTTP/1.1" 200 230
47.128.59.240 - - [28/Mar/2024:02:19:57 -0500] "GET /BLA/resoluciones/AUTOS%202021/0245.php?act=img&img=ext_rtf HTTP/1.1" 200 164
47.128.59.240 - - [28/Mar/2024:02:19:57 -0500] "GET /BLA/resoluciones/AUTOS%202021/0245.php?act=img&img=change HTTP/1.1" 200 290
47.128.59.240 - - [28/Mar/2024:02:19:57 -0500] "GET /BLA/resoluciones/AUTOS%202021/0245.php?act=img&img=ext_ini HTTP/1.1" 200 134
47.128.59.240 - - [28/Mar/2024:02:19:57 -0500] "GET /BLA/resoluciones/AUTOS%202021/0245.php?act=img&img=ext_flv HTTP/1.1" 200 1034
52.230.152.109 - - [28/Mar/2024:02:20:06 -0500] "GET /robots.txt HTTP/1.1" 404 1032
201.245.192.253 - - [28/Mar/2024:02:19:27 -0500] "POST /kwsrmcab/Wsrmcab HTTP/1.1" 200 37622
201.245.192.253 - - [28/Mar/2024:02:20:06 -0500] "POST /kwsrmcab/Wsrmcab HTTP/1.1" 200 37450
201.245.192.253 - - [28/Mar/2024:02:20:07 -0500] "POST /kwsrmcab/Wsrmcab HTTP/1.1" 200 37276
66.249.66.166 - - [28/Mar/2024:02:20:14 -0500] "GET /portaldeninos/humedal-santa-maria-del-lago/ HTTP/1.1" 200 88988
47.128.55.15 - - [28/Mar/2024:02:20:20 -0500] "GET /BLA/resoluciones/AUTOS%202021/0245.php?act=f&d=E%3A%5Cnuevo%5Chtdocs%5CBLA%5Cresoluciones%5CAUTOS+2021%5C&f=6167.pdf&ft=phpsess HTTP/1.1" 200 3943
47.128.55.15 - - [28/Mar/2024:02:20:21 -0500] "GET /BLA/resoluciones/AUTOS%202021/0245.php?act=img&img=ext_exe HTTP/1.1" 200 118
47.128.55.15 - - [28/Mar/2024:02:20:21 -0500] "GET /BLA/resoluciones/AUTOS%202021/0245.php?act=img&img=ext_html HTTP/1.1" 200 230
47.128.55.15 - - [28/Mar/2024:02:20:21 -0500] "GET /BLA/resoluciones/AUTOS%202021/0245.php?act=img&img=ext_pdf HTTP/1.1" 200 1034
47.128.55.15 - - [28/Mar/2024:02:20:21 -0500] "GET /BLA/resoluciones/AUTOS%202021/0245.php?act=img&img=ext_diz HTTP/1.1" 200 1027
47.128.55.15 - - [28/Mar/2024:02:20:21 -0500] "GET /BLA/resoluciones/AUTOS%202021/0245.php?act=img&img=ext_gif HTTP/1.1" 200 175
47.128.55.15 - - [28/Mar/2024:02:20:21 -0500] "GET /BLA/resoluciones/AUTOS%202021/0245.php?act=img&img=ext_txt HTTP/1.1" 200 132
47.128.55.15 - - [28/Mar/2024:02:20:22 -0500] "GET /BLA/resoluciones/AUTOS%202021/0245.php?act=img&img=change HTTP/1.1" 200 290
47.128.55.15 - - [28/Mar/2024:02:20:22 -0500] "GET /BLA/resoluciones/AUTOS%202021/0245.php?act=img&img=download HTTP/1.1" 200 161
47.128.55.15 - - [28/Mar/2024:02:20:22 -0500] "GET /BLA/resoluciones/AUTOS%202021/0245.php?act=img&img=ext_ini HTTP/1.1" 200 134
47.128.55.15 - - [28/Mar/2024:02:20:22 -0500] "GET /BLA/resoluciones/AUTOS%202021/0245.php?act=img&img=ext_rtf HTTP/1.1" 200 164
47.128.49.219 - - [28/Mar/2024:02:20:43 -0500] "GET /BLA/resoluciones/AUTOS%202021/0245.php?act=f&d=E%3A%5Cnuevo%5Chtdocs%5Ccumbreclima%5C&f=wp-load.php&ft=info HTTP/1.1" 200 3650
47.128.49.219 - - [28/Mar/2024:02:20:44 -0500] "GET /BLA/resoluciones/AUTOS%202021/0245.php?act=img&img=ext_exe HTTP/1.1" 200 118
47.128.49.219 - - [28/Mar/2024:02:20:44 -0500] "GET /BLA/resoluciones/AUTOS%202021/0245.php?act=img&img=ext_diz HTTP/1.1" 200 1027
47.128.49.219 - - [28/Mar/2024:02:20:44 -0500] "GET /BLA/resoluciones/AUTOS%202021/0245.php?act=img&img=ext_php HTTP/1.1" 200 79
47.128.49.219 - - [28/Mar/2024:02:20:44 -0500] "GET /BLA/resoluciones/AUTOS%202021/0245.php?act=img&img=ext_txt HTTP/1.1" 200 132
47.128.49.219 - - [28/Mar/2024:02:20:44 -0500] "GET /BLA/resoluciones/AUTOS%202021/0245.php?act=img&img=ext_gif HTTP/1.1" 200 175
47.128.49.219 - - [28/Mar/2024:02:20:44 -0500] "GET /BLA/resoluciones/AUTOS%202021/0245.php?act=img&img=ext_html HTTP/1.1" 200 230
47.128.49.219 - - [28/Mar/2024:02:20:45 -0500] "GET /BLA/resoluciones/AUTOS%202021/0245.php?act=img&img=ext_rtf HTTP/1.1" 200 164
47.128.49.219 - - [28/Mar/2024:02:20:45 -0500] "GET /BLA/resoluciones/AUTOS%202021/0245.php?act=img&img=download HTTP/1.1" 200 161
47.128.49.219 - - [28/Mar/2024:02:20:45 -0500] "GET /BLA/resoluciones/AUTOS%202021/0245.php?act=img&img=change HTTP/1.1" 200 290
47.128.49.219 - - [28/Mar/2024:02:20:45 -0500] "GET /BLA/resoluciones/AUTOS%202021/0245.php?act=img&img=ext_ini HTTP/1.1" 200 134
201.245.192.253 - - [28/Mar/2024:02:20:51 -0500] "POST /kwsrmcab/Wsrmcab HTTP/1.1" 200 37276
47.128.35.120 - - [28/Mar/2024:02:21:19 -0500] "GET /BLA/resoluciones/AUTOS%202021/0245.php?act=chmod&d=E%3A%5Cnuevo%5Cmailoutput&f=mail-20150907-1952-219000.txt HTTP/1.1" 200 2863
172.22.2.4 - - [28/Mar/2024:02:19:57 -0500] "HEAD /BLA/boletinlegal/ HTTP/1.1" 200 -
52.167.144.185 - - [28/Mar/2024:02:22:06 -0500] "GET /BLA/resoluciones/AUTOS%202021/0559.pdf HTTP/1.1" 304 -
172.22.2.4 - - [28/Mar/2024:02:20:33 -0500] "GET /BLA/boletinlegal/ HTTP/1.1" 200 45104
172.22.2.4 - - [28/Mar/2024:02:20:37 -0500] "HEAD /BLA/boletinlegal/ HTTP/1.1" 200 -
201.245.192.253 - - [28/Mar/2024:02:22:21 -0500] "POST /kwsrmcab/Wsrmcab  HTTP/1.1" 200 39660
40.77.167.73 - - [28/Mar/2024:02:22:30 -0500] "GET /Publicaciones/2023EE188342.pdf HTTP/1.1" 404 228
216.245.221.92 - - [28/Mar/2024:02:22:33 -0500] "HEAD / HTTP/1.1" 200 -
71.6.134.234 - - [28/Mar/2024:02:22:51 -0500] "\x16\x03\x01" 400 226
172.22.2.4 - - [28/Mar/2024:02:21:28 -0500] "GET /BLA/boletinlegal/ HTTP/1.1" 200 55442
66.249.66.19 - - [28/Mar/2024:02:23:12 -0500] "GET /Residuos/textiles/files/guia_textiles.pdf HTTP/1.1" 200 12356716
52.167.144.139 - - [28/Mar/2024:02:24:26 -0500] "GET /BLA/resoluciones/RESOLUCIONES%202021/0352.pdf HTTP/1.1" 200 498510
172.22.2.4 - - [28/Mar/2024:02:23:58 -0500] "GET /BLA/boletinlegal/ HTTP/1.1" 200 62720
201.245.192.253 - - [28/Mar/2024:02:27:20 -0500] "POST /kwsrmcab/Wsrmcab  HTTP/1.1" 200 39660
216.245.221.92 - - [28/Mar/2024:02:27:33 -0500] "HEAD / HTTP/1.1" 200 -
172.22.2.4 - - [28/Mar/2024:02:26:27 -0500] "HEAD /BLA/boletinlegal/ HTTP/1.1" 200 -
172.22.2.4 - - [28/Mar/2024:02:27:18 -0500] "GET /BLA/boletinlegal/ HTTP/1.1" 200 60380
52.167.144.139 - - [28/Mar/2024:02:29:06 -0500] "GET /BLA/resoluciones/RESOLUCIONES%202014/2025.pdf HTTP/1.1" 200 4749211
201.245.192.253 - - [28/Mar/2024:02:29:26 -0500] "POST /kwsrmcab/Wsrmcab HTTP/1.1" 200 37622
201.245.192.253 - - [28/Mar/2024:02:29:29 -0500] "POST /kwsrmcab/Wsrmcab HTTP/1.1" 200 37276
201.245.192.253 - - [28/Mar/2024:02:30:06 -0500] "POST /kwsrmcab/Wsrmcab HTTP/1.1" 200 37450
157.55.39.49 - - [28/Mar/2024:02:30:17 -0500] "GET /portaldeninos/wp-content/uploads/2022/08/Infograf%C3%ADa-humedales-actualizada.png HTTP/1.1" 200 588022
66.249.66.21 - - [28/Mar/2024:02:30:57 -0500] "GET /Publicaciones/2024EE34661.pdf HTTP/1.1" 404 227
201.245.192.253 - - [28/Mar/2024:02:30:50 -0500] "POST /kwsrmcab/Wsrmcab HTTP/1.1" 200 37276
52.167.144.139 - - [28/Mar/2024:02:31:44 -0500] "GET /BLA/resoluciones/RESOLUCIONES%202021/4737.pdf HTTP/1.1" 200 426556
185.150.26.251 - - [28/Mar/2024:02:31:53 -0500] "GET http://httpbin.org/ip HTTP/1.1" 404 1015
52.167.144.22 - - [28/Mar/2024:02:32:20 -0500] "GET /BLA/resoluciones/RESOLUCIONES%202022/0169.pdf HTTP/1.1" 200 431561
216.245.221.92 - - [28/Mar/2024:02:32:33 -0500] "HEAD / HTTP/1.1" 200 -
66.249.66.21 - - [28/Mar/2024:02:32:57 -0500] "GET /BLA/resoluciones/Notificaciones/RESOLUCIONES%202023/0274.pdf HTTP/1.1" 304 -
201.245.192.253 - - [28/Mar/2024:02:32:19 -0500] "POST /kwsrmcab/Wsrmcab  HTTP/1.1" 200 28373
201.245.192.253 - - [28/Mar/2024:02:33:28 -0500] "POST /kwsrmcab/Wsrmcab  HTTP/1.1" 200 39660
172.22.2.4 - - [28/Mar/2024:02:32:17 -0500] "HEAD /BLA/boletinlegal/ HTTP/1.1" 200 -
66.249.66.167 - - [28/Mar/2024:02:34:18 -0500] "GET /portaldeninos/aula-ambiental-artistica-itinerante-auambari/ HTTP/1.1" 200 89306
52.70.240.171 - - [28/Mar/2024:02:34:24 -0500] "GET /robots.txt HTTP/1.1" 404 1018
201.245.192.253 - - [28/Mar/2024:02:34:27 -0500] "POST /kwsrmcab/Wsrmcab  HTTP/1.1" 200 39660
23.22.35.162 - - [28/Mar/2024:02:34:28 -0500] "GET /BLA/resoluciones/RESOLUCIONES%202007/RES%202007%202901%20AL%203000/RESOLUCION%202906%20DE%202007.pdf HTTP/1.1" 200 591615
71.6.134.234 - - [28/Mar/2024:02:34:35 -0500] "GET / HTTP/1.1" 200 319
172.22.2.4 - - [28/Mar/2024:02:33:08 -0500] "GET /BLA/boletinlegal/ HTTP/1.1" 200 58273
216.244.66.195 - - [28/Mar/2024:02:34:58 -0500] "GET /BLA/resoluciones/RESOLUCIONES%202024/00470.pdf HTTP/1.1" 200 419428
172.22.2.4 - - [28/Mar/2024:02:34:54 -0500] "GET /BLA/boletinlegal/ HTTP/1.1" 200 24523
185.242.226.99 - - [28/Mar/2024:02:36:21 -0500] "GET / HTTP/1.1" 200 319
71.6.134.234 - - [28/Mar/2024:02:36:38 -0500] "GET /favicon.ico HTTP/1.1" 200 7782
216.245.221.92 - - [28/Mar/2024:02:37:33 -0500] "HEAD / HTTP/1.1" 200 -
201.245.192.253 - - [28/Mar/2024:02:39:26 -0500] "POST /kwsrmcab/Wsrmcab  HTTP/1.1" 200 39660
201.245.192.253 - - [28/Mar/2024:02:39:27 -0500] "POST /kwsrmcab/Wsrmcab HTTP/1.1" 200 37622
201.245.192.253 - - [28/Mar/2024:02:39:27 -0500] "POST /kwsrmcab/Wsrmcab HTTP/1.1" 200 37276
172.22.2.4 - - [28/Mar/2024:02:38:07 -0500] "HEAD /BLA/boletinlegal/ HTTP/1.1" 200 -
52.167.144.198 - - [28/Mar/2024:02:39:54 -0500] "GET /BLA/resoluciones/RESOLUCIONES%202021/5567.pdf HTTP/1.1" 200 542651
201.245.192.253 - - [28/Mar/2024:02:40:05 -0500] "POST /kwsrmcab/Wsrmcab HTTP/1.1" 200 37452
172.22.2.4 - - [28/Mar/2024:02:38:58 -0500] "GET /BLA/boletinlegal/ HTTP/1.1" 200 58273
201.245.192.253 - - [28/Mar/2024:02:40:45 -0500] "GET /kwsrmcab/Wsrmcab?wsdl HTTP/1.1" 200 6948
201.245.192.253 - - [28/Mar/2024:02:40:45 -0500] "POST /kwsrmcab/Wsrmcab HTTP/1.1" 200 37276
216.244.66.195 - - [28/Mar/2024:02:41:08 -0500] "GET /BLA/resoluciones/AUTOS%202023/1356.pdf HTTP/1.1" 200 423393
216.244.66.195 - - [28/Mar/2024:02:41:23 -0500] "GET /BLA/resoluciones/AUTOS%202023/3076.pdf HTTP/1.1" 200 920431
40.77.167.71 - - [28/Mar/2024:02:42:09 -0500] "GET /BLA/resoluciones/RESOLUCIONES%202021/1940.pdf HTTP/1.1" 200 567705
216.245.221.92 - - [28/Mar/2024:02:42:33 -0500] "HEAD / HTTP/1.1" 200 -
52.167.144.198 - - [28/Mar/2024:02:44:22 -0500] "GET /BLA/resoluciones/RESOLUCIONES%202021/0784.pdf HTTP/1.1" 200 475639
201.245.192.253 - - [28/Mar/2024:02:44:25 -0500] "POST /kwsrmcab/Wsrmcab  HTTP/1.1" 200 39660
172.22.2.4 - - [28/Mar/2024:02:45:29 -0500] "GET /BLA/boletinlegal/normativa.php HTTP/1.1" 200 8397
172.22.2.4 - - [28/Mar/2024:02:43:57 -0500] "HEAD /BLA/boletinlegal/ HTTP/1.1" 200 -
52.167.144.168 - - [28/Mar/2024:02:46:01 -0500] "GET /BLA/resoluciones/RESOLUCIONES%202022/4659.pdf HTTP/1.1" 200 451404
40.77.167.63 - - [28/Mar/2024:02:46:07 -0500] "GET /BLA/resoluciones/RESOLUCIONES%202021/4755.pdf HTTP/1.1" 200 781546
172.22.2.4 - - [28/Mar/2024:02:44:48 -0500] "GET /BLA/boletinlegal/ HTTP/1.1" 200 60380
216.245.221.92 - - [28/Mar/2024:02:47:33 -0500] "HEAD / HTTP/1.1" 200 -
52.230.152.84 - - [28/Mar/2024:02:47:50 -0500] "GET /robots.txt HTTP/1.1" 404 1018
52.22.236.30 - - [28/Mar/2024:02:48:11 -0500] "HEAD / HTTP/1.1" 200 -
201.245.192.253 - - [28/Mar/2024:02:49:23 -0500] "POST /kwsrmcab/Wsrmcab  HTTP/1.1" 200 14501
201.245.192.253 - - [28/Mar/2024:02:50:31 -0500] "POST /kwsrmcab/Wsrmcab  HTTP/1.1" 200 39660
172.22.2.4 - - [28/Mar/2024:02:49:47 -0500] "HEAD /BLA/boletinlegal/ HTTP/1.1" 200 -
201.245.192.253 - - [28/Mar/2024:02:51:31 -0500] "POST /kwsrmcab/Wsrmcab  HTTP/1.1" 200 39660
40.77.167.63 - - [28/Mar/2024:02:51:49 -0500] "GET /BLA/resoluciones/RESOLUCIONES%202022/1031.pdf HTTP/1.1" 200 475605
172.22.2.4 - - [28/Mar/2024:02:50:38 -0500] "GET /BLA/boletinlegal/ HTTP/1.1" 200 54300
216.245.221.92 - - [28/Mar/2024:02:52:33 -0500] "HEAD / HTTP/1.1" 200 -
66.249.66.166 - - [28/Mar/2024:02:54:22 -0500] "GET /portaldeninos/2021/02/05/la-virtualidad-una-oportunidad-para-que-mas-personas-conozcan-e-interactuen-con-los-ecosistemas-y-la-biodiversidad-de-bogota/ HTTP/1.1" 200 109801
172.22.2.4 - - [28/Mar/2024:02:55:37 -0500] "HEAD /BLA/boletinlegal/ HTTP/1.1" 200 -
216.245.221.92 - - [28/Mar/2024:02:57:33 -0500] "HEAD / HTTP/1.1" 200 -
201.245.192.253 - - [28/Mar/2024:02:56:29 -0500] "POST /kwsrmcab/Wsrmcab  HTTP/1.1" 200 39660
201.245.192.253 - - [28/Mar/2024:02:57:38 -0500] "POST /kwsrmcab/Wsrmcab  HTTP/1.1" 200 39660
146.19.24.28 - - [28/Mar/2024:02:57:54 -0500] "GET / HTTP/1.1" 200 319
172.22.2.4 - - [28/Mar/2024:02:56:28 -0500] "GET /BLA/boletinlegal/ HTTP/1.1" 200 50303
201.245.192.253 - - [28/Mar/2024:02:58:37 -0500] "POST /kwsrmcab/Wsrmcab  HTTP/1.1" 200 39660
52.167.144.137 - - [28/Mar/2024:02:59:02 -0500] "GET /BLA/resoluciones/RESOLUCIONES%202021/0919.pdf HTTP/1.1" 200 483355
172.22.2.4 - - [28/Mar/2024:02:58:30 -0500] "HEAD /BLA/boletinlegal/ HTTP/1.1" 200 -
172.22.2.4 - - [28/Mar/2024:03:00:42 -0500] "GET /BLA/boletinlegal/Circulares/2021/CIRCULAR%20No.%2000006%20DEL%2005%20DE%20AGOSTO%20DEL%202021.pdf HTTP/1.1" 304 -
172.22.2.4 - - [28/Mar/2024:02:59:14 -0500] "GET /BLA/boletinlegal/ HTTP/1.1" 200 51986
216.245.221.92 - - [28/Mar/2024:03:02:33 -0500] "HEAD / HTTP/1.1" 200 -
172.22.2.4 - - [28/Mar/2024:03:01:27 -0500] "HEAD /BLA/boletinlegal/ HTTP/1.1" 200 -
201.245.192.253 - - [28/Mar/2024:03:03:36 -0500] "POST /kwsrmcab/Wsrmcab  HTTP/1.1" 200 39660
172.22.2.4 - - [28/Mar/2024:03:02:18 -0500] "GET /BLA/boletinlegal/ HTTP/1.1" 200 59583
52.167.144.137 - - [28/Mar/2024:03:05:01 -0500] "GET /Publicaciones/2023EE182122.pdf HTTP/1.1" 404 228
47.128.31.112 - - [28/Mar/2024:03:05:02 -0500] "GET /BLA/resoluciones/AUTOS%202021/0245.php?act=f&d=E%3A%5Cnuevo%5Chtdocs%5CBLA%5Cresoluciones%5CAUTOS+2021%5C&f=1487.pdf&ft=edit HTTP/1.1" 200 3105
47.128.31.112 - - [28/Mar/2024:03:05:03 -0500] "GET /BLA/resoluciones/AUTOS%202021/0245.php?act=img&img=ext_exe HTTP/1.1" 200 118
47.128.31.112 - - [28/Mar/2024:03:05:03 -0500] "GET /BLA/resoluciones/AUTOS%202021/0245.php?act=img&img=ext_diz HTTP/1.1" 200 1027
47.128.31.112 - - [28/Mar/2024:03:05:03 -0500] "GET /BLA/resoluciones/AUTOS%202021/0245.php?act=img&img=ext_pdf HTTP/1.1" 200 1034
47.128.31.112 - - [28/Mar/2024:03:05:03 -0500] "GET /BLA/resoluciones/AUTOS%202021/0245.php?act=img&img=ext_html HTTP/1.1" 200 230
47.128.31.112 - - [28/Mar/2024:03:05:03 -0500] "GET /BLA/resoluciones/AUTOS%202021/0245.php?act=img&img=ext_gif HTTP/1.1" 200 175
47.128.31.112 - - [28/Mar/2024:03:05:03 -0500] "GET /BLA/resoluciones/AUTOS%202021/0245.php?act=img&img=ext_txt HTTP/1.1" 200 132
47.128.31.112 - - [28/Mar/2024:03:05:03 -0500] "GET /BLA/resoluciones/AUTOS%202021/0245.php?act=img&img=ext_rtf HTTP/1.1" 200 164
47.128.31.112 - - [28/Mar/2024:03:05:03 -0500] "GET /BLA/resoluciones/AUTOS%202021/0245.php?act=img&img=ext_ini HTTP/1.1" 200 134
47.128.31.112 - - [28/Mar/2024:03:05:03 -0500] "GET /BLA/resoluciones/AUTOS%202021/0245.php?act=img&img=change HTTP/1.1" 200 290
47.128.31.112 - - [28/Mar/2024:03:05:03 -0500] "GET /BLA/resoluciones/AUTOS%202021/0245.php?act=img&img=download HTTP/1.1" 200 161
52.167.144.168 - - [28/Mar/2024:03:05:06 -0500] "GET /BLA/resoluciones/RESOLUCIONES%202019/2693.pdf HTTP/1.1" 200 386076
47.128.31.133 - - [28/Mar/2024:03:05:27 -0500] "GET /BLA/resoluciones/AUTOS%202021/0245.php?act=f&d=E%3A%5Cnuevo%5Chtdocs%5CBLA%5Cresoluciones%5CAUTOS+2021&f=0323.pdf&ft=edit HTTP/1.1" 200 3108
47.128.31.133 - - [28/Mar/2024:03:05:28 -0500] "GET /BLA/resoluciones/AUTOS%202021/0245.php?act=img&img=ext_pdf HTTP/1.1" 200 1034
47.128.31.133 - - [28/Mar/2024:03:05:28 -0500] "GET /BLA/resoluciones/AUTOS%202021/0245.php?act=img&img=ext_exe HTTP/1.1" 200 118
47.128.31.133 - - [28/Mar/2024:03:05:28 -0500] "GET /BLA/resoluciones/AUTOS%202021/0245.php?act=img&img=ext_gif HTTP/1.1" 200 175
47.128.31.133 - - [28/Mar/2024:03:05:28 -0500] "GET /BLA/resoluciones/AUTOS%202021/0245.php?act=img&img=ext_html HTTP/1.1" 200 230
47.128.31.133 - - [28/Mar/2024:03:05:28 -0500] "GET /BLA/resoluciones/AUTOS%202021/0245.php?act=img&img=ext_txt HTTP/1.1" 200 132
47.128.31.133 - - [28/Mar/2024:03:05:28 -0500] "GET /BLA/resoluciones/AUTOS%202021/0245.php?act=img&img=ext_diz HTTP/1.1" 200 1027
47.128.31.133 - - [28/Mar/2024:03:05:28 -0500] "GET /BLA/resoluciones/AUTOS%202021/0245.php?act=img&img=download HTTP/1.1" 200 161
47.128.31.133 - - [28/Mar/2024:03:05:28 -0500] "GET /BLA/resoluciones/AUTOS%202021/0245.php?act=img&img=ext_rtf HTTP/1.1" 200 164
47.128.31.133 - - [28/Mar/2024:03:05:28 -0500] "GET /BLA/resoluciones/AUTOS%202021/0245.php?act=img&img=change HTTP/1.1" 200 290
47.128.31.133 - - [28/Mar/2024:03:05:28 -0500] "GET /BLA/resoluciones/AUTOS%202021/0245.php?act=img&img=ext_ini HTTP/1.1" 200 134
47.128.30.180 - - [28/Mar/2024:03:05:50 -0500] "GET /BLA/resoluciones/AUTOS%202021/0245.php?act=search&d=E%3A%5Cnuevo%5Chtdocs%5Csilvicultura%5C HTTP/1.1" 200 2859
47.128.44.40 - - [28/Mar/2024:03:06:15 -0500] "GET /BLA/resoluciones/AUTOS%202021/0245.php?act=img&img=ext_pdf HTTP/1.1" 200 1034
47.128.44.40 - - [28/Mar/2024:03:06:15 -0500] "GET /BLA/resoluciones/AUTOS%202021/0245.php?act=img&img=ext_exe HTTP/1.1" 200 118
47.128.44.40 - - [28/Mar/2024:03:06:15 -0500] "GET /BLA/resoluciones/AUTOS%202021/0245.php?act=img&img=ext_diz HTTP/1.1" 200 1027
47.128.44.40 - - [28/Mar/2024:03:06:15 -0500] "GET /BLA/resoluciones/AUTOS%202021/0245.php?act=img&img=ext_gif HTTP/1.1" 200 175
47.128.44.40 - - [28/Mar/2024:03:06:15 -0500] "GET /BLA/resoluciones/AUTOS%202021/0245.php?act=img&img=ext_html HTTP/1.1" 200 230
47.128.44.40 - - [28/Mar/2024:03:06:16 -0500] "GET /BLA/resoluciones/AUTOS%202021/0245.php?act=img&img=ext_txt HTTP/1.1" 200 132
47.128.44.40 - - [28/Mar/2024:03:06:16 -0500] "GET /BLA/resoluciones/AUTOS%202021/0245.php?act=img&img=download HTTP/1.1" 200 161
47.128.44.40 - - [28/Mar/2024:03:06:16 -0500] "GET /BLA/resoluciones/AUTOS%202021/0245.php?act=img&img=ext_ini HTTP/1.1" 200 134
47.128.44.40 - - [28/Mar/2024:03:06:16 -0500] "GET /BLA/resoluciones/AUTOS%202021/0245.php?act=img&img=ext_rtf HTTP/1.1" 200 164
47.128.44.40 - - [28/Mar/2024:03:06:16 -0500] "GET /BLA/resoluciones/AUTOS%202021/0245.php?act=img&img=change HTTP/1.1" 200 290
47.128.44.40 - - [28/Mar/2024:03:06:14 -0500] "GET /BLA/resoluciones/AUTOS%202021/0245.php?act=f&d=E%3A%5Cnuevo%5Chtdocs%5CBLA%5Cresoluciones%5CAUTOS+2021%5C&f=6181.pdf&ft=html HTTP/1.1" 200 1103857
216.245.221.92 - - [28/Mar/2024:03:07:33 -0500] "HEAD / HTTP/1.1" 200 -
201.245.192.253 - - [28/Mar/2024:03:08:35 -0500] "POST /kwsrmcab/Wsrmcab  HTTP/1.1" 200 39660
172.22.2.4 - - [28/Mar/2024:03:08:42 -0500] "GET /BLA/boletinlegal/jurisprudencia.php HTTP/1.1" 200 17637
172.22.2.4 - - [28/Mar/2024:03:07:17 -0500] "HEAD /BLA/boletinlegal/ HTTP/1.1" 200 -
172.22.2.4 - - [28/Mar/2024:03:09:02 -0500] "GET /BLA/boletinlegal/js/popup.js HTTP/1.1" 200 1270
40.77.167.52 - - [28/Mar/2024:03:07:30 -0500] "GET /BLA/boletinlegal/ HTTP/1.1" 200 48425
172.22.2.4 - - [28/Mar/2024:03:08:08 -0500] "GET /BLA/boletinlegal/ HTTP/1.1" 200 51561
185.180.143.190 - - [28/Mar/2024:03:09:58 -0500] "GET /portaldeninos/ HTTP/1.1" 200 110175
52.167.144.145 - - [28/Mar/2024:03:10:01 -0500] "GET /BLA/boletinlegal/js/jquery.scrollShow.js HTTP/1.1" 200 4586
52.167.144.145 - - [28/Mar/2024:03:10:02 -0500] "GET /BLA/boletinlegal/style.css HTTP/1.1" 200 9406
52.167.144.23 - - [28/Mar/2024:03:10:06 -0500] "GET /BLA/boletinlegal/js/jquery.js HTTP/1.1" 200 57254
52.167.144.23 - - [28/Mar/2024:03:10:07 -0500] "GET /BLA/boletinlegal/js/jquery.scrollTo-min.js HTTP/1.1" 200 1150
52.167.144.23 - - [28/Mar/2024:03:10:07 -0500] "GET /BLA/boletinlegal/styles2.css HTTP/1.1" 200 1838
216.245.221.92 - - [28/Mar/2024:03:12:33 -0500] "HEAD / HTTP/1.1" 200 -
52.167.144.145 - - [28/Mar/2024:03:12:54 -0500] "GET /BLA/resoluciones/RESOLUCIONES%202021/0819.pdf HTTP/1.1" 200 585361
201.245.192.253 - - [28/Mar/2024:03:13:34 -0500] "POST /kwsrmcab/Wsrmcab  HTTP/1.1" 200 39660
40.77.167.52 - - [28/Mar/2024:03:14:10 -0500] "GET /BLA/resoluciones/RESOLUCIONES%202022/5072.pdf HTTP/1.1" 200 487628
172.22.2.4 - - [28/Mar/2024:03:13:07 -0500] "HEAD /BLA/boletinlegal/ HTTP/1.1" 200 -
66.249.66.21 - - [28/Mar/2024:03:15:04 -0500] "GET /resoluciones/RESOLUCIONES%202009/7425.pdf HTTP/1.1" 404 1018
172.22.2.4 - - [28/Mar/2024:03:13:58 -0500] "GET /BLA/boletinlegal/ HTTP/1.1" 200 60380
216.244.66.195 - - [28/Mar/2024:03:17:32 -0500] "GET /robots.txt HTTP/1.1" 404 1018
216.245.221.92 - - [28/Mar/2024:03:17:33 -0500] "HEAD / HTTP/1.1" 200 -
52.167.144.192 - - [28/Mar/2024:03:17:50 -0500] "GET /BLA/resoluciones/AUTOS%202021/0859.pdf HTTP/1.1" 304 -
201.245.192.253 - - [28/Mar/2024:03:18:31 -0500] "POST /kwsrmcab/Wsrmcab  HTTP/1.1" 200 39660
201.245.192.253 - - [28/Mar/2024:03:19:27 -0500] "POST /kwsrmcab/Wsrmcab HTTP/1.1" 200 37609
201.245.192.253 - - [28/Mar/2024:03:19:27 -0500] "POST /kwsrmcab/Wsrmcab HTTP/1.1" 200 37275
172.22.2.4 - - [28/Mar/2024:03:18:57 -0500] "HEAD /BLA/boletinlegal/ HTTP/1.1" 200 -
201.245.192.253 - - [28/Mar/2024:03:20:06 -0500] "POST /kwsrmcab/Wsrmcab HTTP/1.1" 200 37295
40.77.167.77 - - [28/Mar/2024:03:21:15 -0500] "GET /BLA/resoluciones/RESOLUCIONES%202022/0730.pdf HTTP/1.1" 200 461175
172.22.2.4 - - [28/Mar/2024:03:19:48 -0500] "GET /BLA/boletinlegal/ HTTP/1.1" 200 57485
40.77.167.77 - - [28/Mar/2024:03:21:53 -0500] "GET /BLA/resoluciones/RESOLUCIONES%202019/2307.pdf HTTP/1.1" 200 689405
201.245.192.253 - - [28/Mar/2024:03:21:26 -0500] "POST /kwsrmcab/Wsrmcab HTTP/1.1" 200 37275
216.245.221.92 - - [28/Mar/2024:03:22:33 -0500] "HEAD / HTTP/1.1" 200 -
52.167.144.229 - - [28/Mar/2024:03:23:19 -0500] "GET /BLA/resoluciones/RESOLUCIONES%202020/0530.pdf HTTP/1.1" 200 430067
201.245.192.253 - - [28/Mar/2024:03:23:30 -0500] "POST /kwsrmcab/Wsrmcab  HTTP/1.1" 200 39660
54.167.223.174 - - [28/Mar/2024:03:24:10 -0500] "HEAD / HTTP/1.1" 200 -
47.128.52.119 - - [28/Mar/2024:03:25:00 -0500] "GET /BLA/resoluciones/AUTOS%202021/wp-admin/install.php HTTP/1.1" 404 1018
186.86.33.13 - - [28/Mar/2024:03:25:06 -0500] "-" 408 -
47.128.27.245 - - [28/Mar/2024:03:25:23 -0500] "GET /BLA/resoluciones/AUTOS%202021/0245.php?act=ls&d=E%3A%5Cnuevo%5Chtdocs%5CPruebasSTORM&sort=2a HTTP/1.1" 200 3573
47.128.27.245 - - [28/Mar/2024:03:25:24 -0500] "GET /BLA/resoluciones/AUTOS%202021/0245.php?act=img&img=ext_flv HTTP/1.1" 200 1034
47.128.27.245 - - [28/Mar/2024:03:25:24 -0500] "GET /BLA/resoluciones/AUTOS%202021/0245.php?act=img&img=arrow_ltr HTTP/1.1" 200 88
172.22.2.4 - - [28/Mar/2024:03:24:09 -0500] "GET /BLA/boletinlegal/ HTTP/1.1" 200 57485
66.249.66.21 - - [28/Mar/2024:03:26:05 -0500] "GET /Publicaciones/2024EE59881.pdf HTTP/1.1" 404 227
172.22.2.4 - - [28/Mar/2024:03:24:47 -0500] "HEAD /BLA/boletinlegal/ HTTP/1.1" 200 -
172.22.2.4 - - [28/Mar/2024:03:25:38 -0500] "GET /BLA/boletinlegal/ HTTP/1.1" 200 58273
216.245.221.92 - - [28/Mar/2024:03:27:33 -0500] "HEAD / HTTP/1.1" 200 -
40.77.167.4 - - [28/Mar/2024:03:28:05 -0500] "GET /BLA/resoluciones/RESOLUCIONES%202023/02957.pdf HTTP/1.1" 200 478095
201.245.192.253 - - [28/Mar/2024:03:28:29 -0500] "POST /kwsrmcab/Wsrmcab  HTTP/1.1" 200 39660
201.245.192.253 - - [28/Mar/2024:03:29:26 -0500] "POST /kwsrmcab/Wsrmcab HTTP/1.1" 200 37609
201.245.192.253 - - [28/Mar/2024:03:29:50 -0500] "POST /kwsrmcab/Wsrmcab HTTP/1.1" 200 37275
40.77.167.8 - - [28/Mar/2024:03:30:45 -0500] "GET /BLA/resoluciones/RESOLUCIONES%202023/02986.pdf HTTP/1.1" 200 848360
201.245.192.253 - - [28/Mar/2024:03:30:06 -0500] "POST /kwsrmcab/Wsrmcab HTTP/1.1" 200 27850
201.245.192.253 - - [28/Mar/2024:03:31:06 -0500] "POST /kwsrmcab/Wsrmcab HTTP/1.1" 200 37275
138.201.157.89 - - [28/Mar/2024:03:31:41 -0500] "GET / HTTP/1.1" 200 4720
172.22.2.4 - - [28/Mar/2024:03:30:37 -0500] "HEAD /BLA/boletinlegal/ HTTP/1.1" 200 -
216.245.221.92 - - [28/Mar/2024:03:32:33 -0500] "HEAD / HTTP/1.1" 200 -
172.22.2.4 - - [28/Mar/2024:03:31:28 -0500] "GET /BLA/boletinlegal/ HTTP/1.1" 200 51986
40.77.167.8 - - [28/Mar/2024:03:33:36 -0500] "GET /BLA/resoluciones/RESOLUCIONES%202021/4121.pdf HTTP/1.1" 200 479912
172.22.2.4 - - [28/Mar/2024:03:33:00 -0500] "GET /BLA/boletinlegal/ HTTP/1.1" 200 24523
66.249.66.20 - - [28/Mar/2024:03:33:53 -0500] "GET /BLA/resoluciones/RESOLUCIONES%202010/5185.pdf HTTP/1.1" 200 849599
40.77.167.28 - - [28/Mar/2024:03:34:00 -0500] "GET /BLA/resoluciones/RESOLUCIONES%202021/0834.pdf HTTP/1.1" 200 489931
201.245.192.253 - - [28/Mar/2024:03:33:27 -0500] "POST /kwsrmcab/Wsrmcab  HTTP/1.1" 200 39660
201.245.192.253 - - [28/Mar/2024:03:34:35 -0500] "POST /kwsrmcab/Wsrmcab  HTTP/1.1" 200 39660
138.197.16.94 - - [28/Mar/2024:03:35:05 -0500] "GET / HTTP/1.0" 200 319
216.244.66.195 - - [28/Mar/2024:03:35:11 -0500] "GET /BLA/resoluciones/AUTOS%202023/3254.pdf HTTP/1.1" 200 471750
201.245.192.253 - - [28/Mar/2024:03:35:34 -0500] "POST /kwsrmcab/Wsrmcab  HTTP/1.1" 200 39660
66.249.66.20 - - [28/Mar/2024:03:36:01 -0500] "GET /BLA/resoluciones/Autos%202008/0851.pdf HTTP/1.1" 200 76780
216.244.66.195 - - [28/Mar/2024:03:37:28 -0500] "GET /BLA/resoluciones/AUTOS%202023/1684.pdf HTTP/1.1" 200 421117
138.197.16.94 - - [28/Mar/2024:03:37:30 -0500] "GET / HTTP/1.1" 200 319
138.197.16.94 - - [28/Mar/2024:03:37:30 -0500] "GET /favicon.ico HTTP/1.1" 200 7782
66.249.66.19 - - [28/Mar/2024:03:37:32 -0500] "GET /portel_dama/libreria/pdf/polit_humedales.pdf HTTP/1.1" 404 1018
216.245.221.92 - - [28/Mar/2024:03:37:33 -0500] "HEAD / HTTP/1.1" 200 -
172.22.2.4 - - [28/Mar/2024:03:36:17 -0500] "HEAD /BLA/boletinlegal/ HTTP/1.1" 200 -
172.22.2.4 - - [28/Mar/2024:03:36:27 -0500] "HEAD /BLA/boletinlegal/ HTTP/1.1" 200 -
45.94.31.34 - - [28/Mar/2024:03:38:10 -0500] "GET / HTTP/1.1" 200 319
45.94.31.34 - - [28/Mar/2024:03:38:11 -0500] "GET /_profiler/empty/search/results HTTP/1.1" 404 1018
172.22.2.4 - - [28/Mar/2024:03:36:57 -0500] "GET /BLA/boletinlegal/ HTTP/1.1" 200 45104
172.22.2.4 - - [28/Mar/2024:03:37:18 -0500] "GET /BLA/boletinlegal/ HTTP/1.1" 200 49224
45.94.31.34 - - [28/Mar/2024:03:39:12 -0500] "GET / HTTP/1.1" 200 319
45.94.31.34 - - [28/Mar/2024:03:39:13 -0500] "GET /_profiler/empty/search/results HTTP/1.1" 404 1018
45.94.31.34 - - [28/Mar/2024:03:39:13 -0500] "GET / HTTP/1.1" 200 319
45.94.31.34 - - [28/Mar/2024:03:39:13 -0500] "GET /_profiler/empty/search/results HTTP/1.1" 404 1018
201.245.192.253 - - [28/Mar/2024:03:39:26 -0500] "POST /kwsrmcab/Wsrmcab HTTP/1.1" 200 37609
201.245.192.253 - - [28/Mar/2024:03:39:30 -0500] "GET /kwsrmcab/Wsrmcab?wsdl HTTP/1.1" 200 6948
201.245.192.253 - - [28/Mar/2024:03:39:30 -0500] "POST /kwsrmcab/Wsrmcab HTTP/1.1" 200 37275
66.249.66.21 - - [28/Mar/2024:03:39:39 -0500] "GET /BLA/resoluciones/RESOLUCIONES%202011/5390.pdf HTTP/1.1" 200 496541
66.249.66.19 - - [28/Mar/2024:03:40:00 -0500] "GET /Publicaciones/2024EE61945.pdf HTTP/1.1" 200 371164
66.249.66.20 - - [28/Mar/2024:03:40:00 -0500] "GET /Publicaciones/2024EE61556.pdf HTTP/1.1" 200 456550
66.249.66.20 - - [28/Mar/2024:03:40:01 -0500] "GET /Publicaciones/2024EE61830.pdf HTTP/1.1" 200 2403715
201.245.192.253 - - [28/Mar/2024:03:40:06 -0500] "POST /kwsrmcab/Wsrmcab HTTP/1.1" 200 37295
201.245.192.253 - - [28/Mar/2024:03:40:31 -0500] "POST /kwsrmcab/Wsrmcab  HTTP/1.1" 200 39660
45.94.31.34 - - [28/Mar/2024:03:41:04 -0500] "GET / HTTP/1.1" 200 319
45.94.31.34 - - [28/Mar/2024:03:41:04 -0500] "GET / HTTP/1.1" 200 319
45.94.31.34 - - [28/Mar/2024:03:41:04 -0500] "GET /_profiler/empty/search/results HTTP/1.1" 404 1018
45.94.31.34 - - [28/Mar/2024:03:41:04 -0500] "GET /_profiler/empty/search/results HTTP/1.1" 404 1018
172.22.2.4 - - [28/Mar/2024:03:40:25 -0500] "GET /BLA/boletinlegal/ HTTP/1.1" 200 62720
216.245.221.92 - - [28/Mar/2024:03:42:33 -0500] "HEAD / HTTP/1.1" 200 -
201.245.192.253 - - [28/Mar/2024:03:40:49 -0500] "POST /kwsrmcab/Wsrmcab HTTP/1.1" 200 24378
172.22.2.4 - - [28/Mar/2024:03:42:17 -0500] "HEAD /BLA/boletinlegal/ HTTP/1.1" 200 -
40.77.167.235 - - [28/Mar/2024:03:44:25 -0500] "GET /BLA/resoluciones/AUTOS%202021/4163.pdf HTTP/1.1" 304 -
172.22.2.4 - - [28/Mar/2024:03:43:08 -0500] "GET /BLA/boletinlegal/ HTTP/1.1" 200 59083
45.94.31.34 - - [28/Mar/2024:03:45:10 -0500] "GET / HTTP/1.1" 200 319
45.94.31.34 - - [28/Mar/2024:03:45:10 -0500] "GET /_profiler/empty/search/results HTTP/1.1" 404 1018
47.128.18.153 - - [28/Mar/2024:03:45:15 -0500] "GET /BLA/resoluciones/AUTOS%202021/0245.php?act=f&d=E%3A%5Cnuevo%5CMercuryMail&f=bearhtml_readme.txt HTTP/1.1" 200 4140
47.128.18.153 - - [28/Mar/2024:03:45:16 -0500] "GET /BLA/resoluciones/AUTOS%202021/0245.php?act=img&img=ext_html HTTP/1.1" 200 230
47.128.18.153 - - [28/Mar/2024:03:45:16 -0500] "GET /BLA/resoluciones/AUTOS%202021/0245.php?act=img&img=ext_txt HTTP/1.1" 200 132
47.128.18.153 - - [28/Mar/2024:03:45:16 -0500] "GET /BLA/resoluciones/AUTOS%202021/0245.php?act=img&img=ext_diz HTTP/1.1" 200 1027
47.128.18.153 - - [28/Mar/2024:03:45:16 -0500] "GET /BLA/resoluciones/AUTOS%202021/0245.php?act=img&img=ext_exe HTTP/1.1" 200 118
47.128.18.153 - - [28/Mar/2024:03:45:16 -0500] "GET /BLA/resoluciones/AUTOS%202021/0245.php?act=img&img=ext_ini HTTP/1.1" 200 134
47.128.18.153 - - [28/Mar/2024:03:45:16 -0500] "GET /BLA/resoluciones/AUTOS%202021/0245.php?act=img&img=ext_gif HTTP/1.1" 200 175
47.128.18.153 - - [28/Mar/2024:03:45:16 -0500] "GET /BLA/resoluciones/AUTOS%202021/0245.php?act=img&img=change HTTP/1.1" 200 290
47.128.18.153 - - [28/Mar/2024:03:45:16 -0500] "GET /BLA/resoluciones/AUTOS%202021/0245.php?act=img&img=download HTTP/1.1" 200 161
47.128.18.153 - - [28/Mar/2024:03:45:16 -0500] "GET /BLA/resoluciones/AUTOS%202021/0245.php?act=img&img=ext_rtf HTTP/1.1" 200 164
47.128.45.198 - - [28/Mar/2024:03:45:39 -0500] "GET /BLA/resoluciones/AUTOS%202021/0245.php?act=chmod&d=E%3A%5Cnuevo%5CMercuryMail&f=pconfig.exe HTTP/1.1" 200 2847
45.94.31.34 - - [28/Mar/2024:03:45:50 -0500] "GET / HTTP/1.1" 200 319
45.94.31.34 - - [28/Mar/2024:03:45:50 -0500] "GET /_profiler/empty/search/results HTTP/1.1" 404 1018
47.128.18.165 - - [28/Mar/2024:03:46:03 -0500] "GET /BLA/resoluciones/AUTOS%202021/0245.php?act=eval&d=E%3A%5Cnuevo%5Cmailtodisk%5C HTTP/1.1" 200 2711
47.128.18.119 - - [28/Mar/2024:03:46:27 -0500] "GET /BLA/resoluciones/AUTOS%202021/0245.php?act=chmod&d=E%3A%5Cnuevo%5CMercuryMail&f=bearhlp-it.htm HTTP/1.1" 200 2853
66.249.66.21 - - [28/Mar/2024:03:46:33 -0500] "GET /BLA/resoluciones/RESOLUCIONES%202009/7345.pdf HTTP/1.1" 200 371078
66.249.66.20 - - [28/Mar/2024:03:46:38 -0500] "GET /BLA/resoluciones/RESOLUCIONES%202009/4643.pdf HTTP/1.1" 200 548311
201.245.192.253 - - [28/Mar/2024:03:46:39 -0500] "POST /kwsrmcab/Wsrmcab  HTTP/1.1" 200 39660
