186.154.39.230 - - [28/Mar/2024:18:38:19 -0500] "GET /2EF8E3DF-30F3-4066-90C5-69DE2633DD99jIaajqhIFn_wjIQSSZJNotJk0VEPd_66xSed4fl8QRQDnHVf3-g7VAEbcR8cb_E7g2r3xTUpJJoVGlSRXyA1Ew/init?data=eyJ1cmwiOiJodHRwOi8vMTkwLjI3LjI0NS4xMDYvc2lwc2UvZmFjZXMvZmFjZXMvaW5kZXgueGh0bWwiLCJwbHVnaW5zIjoid3NtJndudCZjYSZwYyZ1YSZjYiZ4aHJfY29udGVudCIsImRhdGEiOnsiZGF0YSI6W3sicGx1Z2luIjoid3NtIiwicGFyYW1ldGVycyI6IntcInJlZmVycmVyXCI6XCJodHRwOi8vMTkwLjI3LjI0NS4xMDYvc2lwc2UvZmFjZXMvZmFjZXMvYXV0ZW50aWNhY2lvbi54aHRtbFwiLFwic3R1YklkXCI6XCJcIn0ifSx7InBsdWdpbiI6IndudCIsInBhcmFtZXRlcnMiOiJ7XCJyZWZlcnJlclwiOlwiaHR0cDovLzE5MC4yNy4yNDUuMTA2L3NpcHNlL2ZhY2VzL2ZhY2VzL2F1dGVudGljYWNpb24ueGh0bWxcIn0ifSx7InBsdWdpbiI6Inhocl9jb250ZW50IiwicGFyYW1ldGVycyI6IntcInJlZmVycmVyXCI6XCJodHRwOi8vMTkwLjI3LjI0NS4xMDYvc2lwc2UvZmFjZXMvZmFjZXMvYXV0ZW50aWNhY2lvbi54aHRtbFwifSJ9XX0sImlzVG9wTGV2ZWwiOnRydWUsInBhZ2VTdGFydFRpbWUiOjE3MTE1NTg0NjMxNzd9&nocache=1b83f HTTP/1.1" 404 1304
216.244.66.195 - - [28/Mar/2024:18:38:22 -0500] "GET /BLA/resoluciones/AUTOS%202019/1384.pdf HTTP/1.1" 200 253321
47.128.17.36 - - [28/Mar/2024:18:38:22 -0500] "GET /BLA/resoluciones/AUTOS%202021/0245.php?act=eval&d=C%3A%5CRecovery%5C HTTP/1.1" 200 2688
216.244.66.195 - - [28/Mar/2024:18:38:56 -0500] "GET /BLA/resoluciones/AUTOS%202019/1911.pdf HTTP/1.1" 200 268700
35.203.211.100 - - [28/Mar/2024:18:39:12 -0500] "GET / HTTP/1.1" 200 319
201.245.192.253 - - [28/Mar/2024:18:39:23 -0500] "POST /kwsrmcab/Wsrmcab HTTP/1.1" 200 39584
216.244.66.195 - - [28/Mar/2024:18:39:24 -0500] "GET /BLA/resoluciones/AUTOS%202019/2290.pdf HTTP/1.1" 200 286816
201.245.192.253 - - [28/Mar/2024:18:39:24 -0500] "POST /kwsrmcab/Wsrmcab HTTP/1.1" 200 39540
216.244.66.195 - - [28/Mar/2024:18:40:03 -0500] "GET /BLA/resoluciones/AUTOS%202019/3138.pdf HTTP/1.1" 200 359373
201.245.192.253 - - [28/Mar/2024:18:40:04 -0500] "POST /kwsrmcab/Wsrmcab HTTP/1.1" 200 40202
191.95.29.151 - - [28/Mar/2024:18:40:13 -0500] "POST /sipse/faces/autenticacion.xhtml HTTP/1.1" 200 2220
191.95.29.151 - - [28/Mar/2024:18:40:13 -0500] "GET /sipse/faces/javax.faces.resource/messages/messages.png?ln=primefaces&v=4.0 HTTP/1.1" 304 -
191.95.29.151 - - [28/Mar/2024:18:40:13 -0500] "POST /sipse/faces/autenticacion.xhtml HTTP/1.1" 200 2228
191.95.29.151 - - [28/Mar/2024:18:40:14 -0500] "POST /sipse/faces/autenticacion.xhtml HTTP/1.1" 200 16352
191.95.29.151 - - [28/Mar/2024:18:40:15 -0500] "GET /sipse/faces/javax.faces.resource/theme.css?ln=primefaces-sipse HTTP/1.1" 304 -
191.95.29.151 - - [28/Mar/2024:18:40:15 -0500] "GET /sipse/css/custom_css_sg_prime.css HTTP/1.1" 304 -
191.95.29.151 - - [28/Mar/2024:18:40:15 -0500] "GET /sipse/faces/javax.faces.resource/primefaces.css?ln=primefaces&v=4.0 HTTP/1.1" 304 -
191.95.29.151 - - [28/Mar/2024:18:40:15 -0500] "GET /sipse/faces/javax.faces.resource/layout/layout.css?ln=primefaces&v=4.0 HTTP/1.1" 304 -
191.95.29.151 - - [28/Mar/2024:18:40:15 -0500] "GET /sipse/js/jquery.min.js HTTP/1.1" 304 -
191.95.29.151 - - [28/Mar/2024:18:40:15 -0500] "GET /sipse/faces/javax.faces.resource/jquery/jquery.js?ln=primefaces&v=4.0 HTTP/1.1" 304 -
191.95.29.151 - - [28/Mar/2024:18:40:15 -0500] "GET /sipse/faces/javax.faces.resource/jquery/jquery-plugins.js?ln=primefaces&v=4.0 HTTP/1.1" 304 -
191.95.29.151 - - [28/Mar/2024:18:40:16 -0500] "GET /sipse/faces/javax.faces.resource/primefaces.js?ln=primefaces&v=4.0 HTTP/1.1" 304 -
191.95.29.151 - - [28/Mar/2024:18:40:16 -0500] "GET /sipse/faces/javax.faces.resource/layout/layout.js?ln=primefaces&v=4.0 HTTP/1.1" 304 -
191.95.29.151 - - [28/Mar/2024:18:40:16 -0500] "GET /sipse/css/v_mergente.css HTTP/1.1" 304 -
191.95.29.151 - - [28/Mar/2024:18:40:16 -0500] "GET /sipse/imagenes/cargando.gif HTTP/1.1" 304 -
191.95.29.151 - - [28/Mar/2024:18:40:16 -0500] "GET /sipse/imagenes/logoAplicacion.jpg HTTP/1.1" 304 -
191.95.29.151 - - [28/Mar/2024:18:40:16 -0500] "GET /sipse/css/imagen/contrasena.png HTTP/1.1" 404 383
191.95.29.151 - - [28/Mar/2024:18:40:18 -0500] "GET /sipse/faces/javax.faces.resource/images/ui-bg_flat_0_2d5972_40x100.png?ln=primefaces-aristo HTTP/1.1" 304 -
191.95.29.151 - - [28/Mar/2024:18:40:18 -0500] "POST /sipse/faces/bienvenido.xhtml HTTP/1.1" 200 2658
191.95.29.151 - - [28/Mar/2024:18:40:19 -0500] "POST /sipse/faces/bienvenido.xhtml HTTP/1.1" 200 65435
191.95.29.151 - - [28/Mar/2024:18:40:26 -0500] "GET /sipse/faces/javax.faces.resource/primefaces.css?ln=primefaces&v=4.0 HTTP/1.1" 304 -
191.95.29.151 - - [28/Mar/2024:18:40:26 -0500] "GET /sipse/faces/javax.faces.resource/theme.css?ln=primefaces-sipse HTTP/1.1" 304 -
191.95.29.151 - - [28/Mar/2024:18:40:26 -0500] "GET /sipse/faces/javax.faces.resource/jquery/jquery.js?ln=primefaces&v=4.0 HTTP/1.1" 304 -
191.95.29.151 - - [28/Mar/2024:18:40:26 -0500] "GET /sipse/faces/javax.faces.resource/layout/layout.css?ln=primefaces&v=4.0 HTTP/1.1" 304 -
191.95.29.151 - - [28/Mar/2024:18:40:26 -0500] "GET /sipse/faces/javax.faces.resource/jquery/jquery-plugins.js?ln=primefaces&v=4.0 HTTP/1.1" 304 -
191.95.29.151 - - [28/Mar/2024:18:40:27 -0500] "GET /sipse/faces/javax.faces.resource/primefaces.js?ln=primefaces&v=4.0 HTTP/1.1" 304 -
191.95.29.151 - - [28/Mar/2024:18:40:27 -0500] "GET /sipse/faces/javax.faces.resource/layout/layout.js?ln=primefaces&v=4.0 HTTP/1.1" 304 -
191.95.29.151 - - [28/Mar/2024:18:40:27 -0500] "POST /sipse/faces/presentacion/financiero/solicitudProceso/listarSolicitudProceso.xhtml HTTP/1.1" 200 1560
191.95.29.151 - - [28/Mar/2024:18:40:33 -0500] "POST /sipse/faces/presentacion/financiero/solicitudProceso/listarSolicitudProceso.xhtml HTTP/1.1" 200 21921
191.95.29.151 - - [28/Mar/2024:18:40:36 -0500] "POST /sipse/faces/presentacion/financiero/solicitudProceso/listarSolicitudProceso.xhtml HTTP/1.1" 200 150613
191.95.29.151 - - [28/Mar/2024:18:40:39 -0500] "GET /sipse/faces/javax.faces.resource/layout/layout.css?ln=primefaces&v=4.0 HTTP/1.1" 304 -
191.95.29.151 - - [28/Mar/2024:18:40:40 -0500] "GET /sipse/faces/javax.faces.resource/theme.css?ln=primefaces-sipse HTTP/1.1" 304 -
191.95.29.151 - - [28/Mar/2024:18:40:40 -0500] "GET /sipse/faces/javax.faces.resource/primefaces.css?ln=primefaces&v=4.0 HTTP/1.1" 304 -
191.95.29.151 - - [28/Mar/2024:18:40:41 -0500] "GET /sipse/faces/javax.faces.resource/jquery/jquery.js?ln=primefaces&v=4.0 HTTP/1.1" 304 -
201.245.192.253 - - [28/Mar/2024:18:40:44 -0500] "POST /kwsrmcab/Wsrmcab HTTP/1.1" 200 39540
191.95.29.151 - - [28/Mar/2024:18:40:44 -0500] "GET /sipse/faces/javax.faces.resource/jquery/jquery-plugins.js?ln=primefaces&v=4.0 HTTP/1.1" 304 -
191.95.29.151 - - [28/Mar/2024:18:40:45 -0500] "GET /sipse/faces/javax.faces.resource/primefaces.js?ln=primefaces&v=4.0 HTTP/1.1" 304 -
191.95.29.151 - - [28/Mar/2024:18:40:45 -0500] "GET /sipse/faces/javax.faces.resource/layout/layout.js?ln=primefaces&v=4.0 HTTP/1.1" 304 -
216.244.66.195 - - [28/Mar/2024:18:40:46 -0500] "GET /BLA/resoluciones/AUTOS%202019/3581.pdf HTTP/1.1" 200 292268
181.53.12.229 - - [28/Mar/2024:18:40:48 -0500] "POST /sipse/faces/presentacion/financiero/solicitudProceso/consultarSolicitudProceso.xhtml HTTP/1.1" 302 -
181.53.12.229 - - [28/Mar/2024:18:40:48 -0500] "GET /sipse/faces/autenticacion.xhtml HTTP/1.1" 200 1099
181.53.12.229 - - [28/Mar/2024:18:40:51 -0500] "POST /sipse/faces/presentacion/financiero/solicitudProceso/consultarSolicitudProceso.xhtml HTTP/1.1" 302 -
181.53.12.229 - - [28/Mar/2024:18:40:51 -0500] "GET /sipse/faces/autenticacion.xhtml HTTP/1.1" 200 1099
181.53.12.229 - - [28/Mar/2024:18:41:02 -0500] "GET /sipse/faces/index.xhtml HTTP/1.1" 200 677
181.53.12.229 - - [28/Mar/2024:18:41:03 -0500] "GET /sipse/faces/javax.faces.resource/theme.css?ln=primefaces-sipse HTTP/1.1" 304 -
181.53.12.229 - - [28/Mar/2024:18:41:03 -0500] "GET /sipse/faces/faces/autenticacion.xhtml HTTP/1.1" 200 12410
181.53.12.229 - - [28/Mar/2024:18:41:03 -0500] "GET /sipse/faces/javax.faces.resource/theme.css?ln=primefaces-sipse HTTP/1.1" 304 -
181.53.12.229 - - [28/Mar/2024:18:41:03 -0500] "GET /sipse/faces/javax.faces.resource/primefaces.css?ln=primefaces&v=4.0 HTTP/1.1" 304 -
181.53.12.229 - - [28/Mar/2024:18:41:03 -0500] "GET /sipse/faces/javax.faces.resource/layout/layout.css?ln=primefaces&v=4.0 HTTP/1.1" 304 -
181.53.12.229 - - [28/Mar/2024:18:41:03 -0500] "GET /sipse/faces/javax.faces.resource/jquery/jquery.js?ln=primefaces&v=4.0 HTTP/1.1" 304 -
181.53.12.229 - - [28/Mar/2024:18:41:03 -0500] "GET /sipse/faces/javax.faces.resource/jquery/jquery-plugins.js?ln=primefaces&v=4.0 HTTP/1.1" 304 -
181.53.12.229 - - [28/Mar/2024:18:41:03 -0500] "GET /sipse/faces/javax.faces.resource/primefaces.js?ln=primefaces&v=4.0 HTTP/1.1" 304 -
181.53.12.229 - - [28/Mar/2024:18:41:03 -0500] "GET /sipse/faces/javax.faces.resource/layout/layout.js?ln=primefaces&v=4.0 HTTP/1.1" 304 -
181.53.12.229 - - [28/Mar/2024:18:41:03 -0500] "GET /sipse/faces/javax.faces.resource/images/ui-icons_898989_256x240.png?ln=primefaces-aristo HTTP/1.1" 304 -
181.53.12.229 - - [28/Mar/2024:18:41:07 -0500] "POST /sipse/faces/autenticacion.xhtml HTTP/1.1" 200 16174
181.53.12.229 - - [28/Mar/2024:18:41:07 -0500] "GET /sipse/faces/javax.faces.resource/theme.css?ln=primefaces-sipse HTTP/1.1" 304 -
181.53.12.229 - - [28/Mar/2024:18:41:07 -0500] "GET /sipse/faces/javax.faces.resource/primefaces.css?ln=primefaces&v=4.0 HTTP/1.1" 304 -
181.53.12.229 - - [28/Mar/2024:18:41:07 -0500] "GET /sipse/faces/javax.faces.resource/layout/layout.css?ln=primefaces&v=4.0 HTTP/1.1" 304 -
181.53.12.229 - - [28/Mar/2024:18:41:07 -0500] "GET /sipse/faces/javax.faces.resource/jquery/jquery.js?ln=primefaces&v=4.0 HTTP/1.1" 304 -
181.53.12.229 - - [28/Mar/2024:18:41:07 -0500] "GET /sipse/faces/javax.faces.resource/jquery/jquery-plugins.js?ln=primefaces&v=4.0 HTTP/1.1" 304 -
181.53.12.229 - - [28/Mar/2024:18:41:07 -0500] "GET /sipse/faces/javax.faces.resource/primefaces.js?ln=primefaces&v=4.0 HTTP/1.1" 304 -
181.53.12.229 - - [28/Mar/2024:18:41:07 -0500] "GET /sipse/faces/javax.faces.resource/layout/layout.js?ln=primefaces&v=4.0 HTTP/1.1" 304 -
181.53.12.229 - - [28/Mar/2024:18:41:07 -0500] "GET /sipse/css/imagen/contrasena.png HTTP/1.1" 404 383
181.53.12.229 - - [28/Mar/2024:18:41:07 -0500] "GET /sipse/faces/javax.faces.resource/messages/messages.png?ln=primefaces&v=4.0 HTTP/1.1" 304 -
181.53.12.229 - - [28/Mar/2024:18:41:12 -0500] "GET /sipse/faces/javax.faces.resource/images/ui-bg_flat_0_2d5972_40x100.png?ln=primefaces-aristo HTTP/1.1" 304 -
181.53.12.229 - - [28/Mar/2024:18:41:12 -0500] "POST /sipse/faces/bienvenido.xhtml HTTP/1.1" 200 1471
181.53.12.229 - - [28/Mar/2024:18:41:13 -0500] "POST /sipse/faces/bienvenido.xhtml HTTP/1.1" 200 63923
181.53.12.229 - - [28/Mar/2024:18:41:14 -0500] "GET /sipse/faces/javax.faces.resource/theme.css?ln=primefaces-sipse HTTP/1.1" 304 -
181.53.12.229 - - [28/Mar/2024:18:41:14 -0500] "GET /sipse/faces/javax.faces.resource/layout/layout.css?ln=primefaces&v=4.0 HTTP/1.1" 304 -
181.53.12.229 - - [28/Mar/2024:18:41:14 -0500] "GET /sipse/faces/javax.faces.resource/primefaces.css?ln=primefaces&v=4.0 HTTP/1.1" 304 -
181.53.12.229 - - [28/Mar/2024:18:41:14 -0500] "GET /sipse/faces/javax.faces.resource/jquery/jquery.js?ln=primefaces&v=4.0 HTTP/1.1" 304 -
181.53.12.229 - - [28/Mar/2024:18:41:14 -0500] "GET /sipse/faces/javax.faces.resource/jquery/jquery-plugins.js?ln=primefaces&v=4.0 HTTP/1.1" 304 -
181.53.12.229 - - [28/Mar/2024:18:41:14 -0500] "GET /sipse/faces/javax.faces.resource/primefaces.js?ln=primefaces&v=4.0 HTTP/1.1" 304 -
181.53.12.229 - - [28/Mar/2024:18:41:14 -0500] "GET /sipse/faces/javax.faces.resource/layout/layout.js?ln=primefaces&v=4.0 HTTP/1.1" 304 -
181.53.12.229 - - [28/Mar/2024:18:41:14 -0500] "POST /sipse/faces/presentacion/financiero/solicitudProceso/listarSolicitudProceso.xhtml HTTP/1.1" 200 1560
181.53.12.229 - - [28/Mar/2024:18:41:18 -0500] "POST /sipse/faces/presentacion/financiero/solicitudProceso/listarSolicitudProceso.xhtml HTTP/1.1" 200 4748
216.244.66.195 - - [28/Mar/2024:18:41:27 -0500] "GET /BLA/resoluciones/AUTOS%202023/3384.pdf HTTP/1.1" 200 2343759
181.53.12.229 - - [28/Mar/2024:18:41:27 -0500] "POST /sipse/faces/presentacion/financiero/solicitudProceso/listarSolicitudProceso.xhtml HTTP/1.1" 200 32141
181.53.12.229 - - [28/Mar/2024:18:41:55 -0500] "POST /sipse/faces/presentacion/financiero/solicitudProceso/listarSolicitudProceso.xhtml HTTP/1.1" 200 5484
52.167.144.233 - - [28/Mar/2024:18:42:15 -0500] "GET /BLA/resoluciones/RESOLUCIONES%202019/1653.pdf HTTP/1.1" 200 728800
216.244.66.195 - - [28/Mar/2024:18:42:17 -0500] "GET /BLA/resoluciones/RESOLUCIONES%202019/0588.pdf HTTP/1.1" 200 273375
172.22.2.4 - - [28/Mar/2024:18:40:41 -0500] "HEAD /BLA/boletinlegal/ HTTP/1.1" 200 -
216.245.221.92 - - [28/Mar/2024:18:42:31 -0500] "HEAD / HTTP/1.1" 200 -
31.13.115.118 - - [28/Mar/2024:18:42:51 -0500] "GET /mas-de-360-kilos-de-palmas-silvestres-fueron-incautados-en-bogota-durante-el-domingo-de-ramos.html HTTP/1.1" 206 1009
31.13.115.112 - - [28/Mar/2024:18:42:51 -0500] "GET /mas-de-360-kilos-de-palmas-silvestres-fueron-incautados-en-bogota-durante-el-domingo-de-ramos.html HTTP/1.1" 206 1009
31.13.115.117 - - [28/Mar/2024:18:42:51 -0500] "GET /mas-de-360-kilos-de-palmas-silvestres-fueron-incautados-en-bogota-durante-el-domingo-de-ramos.html HTTP/1.1" 206 1009
31.13.115.6 - - [28/Mar/2024:18:42:51 -0500] "GET /mas-de-360-kilos-de-palmas-silvestres-fueron-incautados-en-bogota-durante-el-domingo-de-ramos.html HTTP/1.1" 206 1009
31.13.115.10 - - [28/Mar/2024:18:42:51 -0500] "GET /mas-de-360-kilos-de-palmas-silvestres-fueron-incautados-en-bogota-durante-el-domingo-de-ramos.html HTTP/1.1" 200 1009
3.235.243.45 - - [28/Mar/2024:18:42:54 -0500] "GET /robots.txt HTTP/1.1" 404 1018
52.167.144.233 - - [28/Mar/2024:18:42:54 -0500] "GET /BLA/resoluciones/RESOLUCIONES%202021/3251.pdf HTTP/1.1" 200 483192
66.249.66.19 - - [28/Mar/2024:18:42:55 -0500] "GET /Publicaciones/2024EE09788.pdf HTTP/1.1" 404 227
3.235.243.45 - - [28/Mar/2024:18:42:55 -0500] "GET /Publicaciones/2022EE250035.pdf HTTP/1.1" 404 228
31.13.115.10 - - [28/Mar/2024:18:42:55 -0500] "GET /mas-de-360-kilos-de-palmas-silvestres-fueron-incautados-en-bogota-durante-el-domingo-de-ramos.html HTTP/1.1" 200 1009
31.13.115.116 - - [28/Mar/2024:18:42:56 -0500] "GET /mas-de-360-kilos-de-palmas-silvestres-fueron-incautados-en-bogota-durante-el-domingo-de-ramos.html HTTP/1.1" 200 1009
216.244.66.195 - - [28/Mar/2024:18:43:00 -0500] "GET /BLA/resoluciones/RESOLUCIONES%202019/1140.pdf HTTP/1.1" 200 449057
181.53.12.229 - - [28/Mar/2024:18:43:04 -0500] "POST /sipse/faces/presentacion/financiero/solicitudProceso/listarSolicitudProceso.xhtml HTTP/1.1" 200 33671
181.53.12.229 - - [28/Mar/2024:18:43:08 -0500] "POST /sipse/faces/presentacion/financiero/solicitudProceso/listarSolicitudProceso.xhtml HTTP/1.1" 200 5488
201.245.192.253 - - [28/Mar/2024:18:43:10 -0500] "POST /kwsrmcab/Wsrmcab  HTTP/1.1" 200 39660
181.53.12.229 - - [28/Mar/2024:18:43:11 -0500] "POST /sipse/faces/presentacion/financiero/solicitudProceso/listarSolicitudProceso.xhtml HTTP/1.1" 200 32677
172.22.2.4 - - [28/Mar/2024:18:41:32 -0500] "GET /BLA/boletinlegal/ HTTP/1.1" 200 50303
181.53.12.229 - - [28/Mar/2024:18:43:17 -0500] "POST /sipse/faces/presentacion/financiero/solicitudProceso/listarSolicitudProceso.xhtml HTTP/1.1" 200 32061
216.244.66.195 - - [28/Mar/2024:18:43:41 -0500] "GET /BLA/resoluciones/RESOLUCIONES%202019/3302.pdf HTTP/1.1" 200 283044
181.53.12.229 - - [28/Mar/2024:18:43:53 -0500] "POST /sipse/faces/presentacion/financiero/solicitudProceso/listarSolicitudProceso.xhtml HTTP/1.1" 200 5524
108.174.5.113 - - [28/Mar/2024:18:43:54 -0500] "GET /images/Red%20de%20Monitoreo%20de%20Calidad%20del%20Aire.jpg HTTP/1.1" 200 51986
181.53.12.229 - - [28/Mar/2024:18:44:01 -0500] "POST /sipse/faces/presentacion/financiero/solicitudProceso/listarSolicitudProceso.xhtml HTTP/1.1" 200 5533
181.53.12.229 - - [28/Mar/2024:18:44:14 -0500] "POST /sipse/faces/presentacion/financiero/solicitudProceso/listarSolicitudProceso.xhtml HTTP/1.1" 200 32057
181.53.12.229 - - [28/Mar/2024:18:44:24 -0500] "POST /sipse/faces/presentacion/financiero/solicitudProceso/listarSolicitudProceso.xhtml HTTP/1.1" 200 5532
181.53.12.229 - - [28/Mar/2024:18:44:27 -0500] "POST /sipse/faces/presentacion/financiero/solicitudProceso/listarSolicitudProceso.xhtml HTTP/1.1" 200 31987
66.249.66.19 - - [28/Mar/2024:18:44:32 -0500] "GET /pdc/actos/1731.pdf HTTP/1.1" 200 724138
181.53.12.229 - - [28/Mar/2024:18:44:44 -0500] "POST /sipse/faces/presentacion/financiero/solicitudProceso/listarSolicitudProceso.xhtml HTTP/1.1" 200 5532
181.53.12.229 - - [28/Mar/2024:18:45:14 -0500] "POST /sipse/faces/presentacion/financiero/solicitudProceso/listarSolicitudProceso.xhtml HTTP/1.1" 200 5779
181.53.12.229 - - [28/Mar/2024:18:45:24 -0500] "POST /sipse/faces/presentacion/financiero/solicitudProceso/listarSolicitudProceso.xhtml HTTP/1.1" 200 8613
66.249.66.20 - - [28/Mar/2024:18:45:56 -0500] "GET /Publicaciones/2024EE33813.pdf HTTP/1.1" 404 227
172.22.2.4 - - [28/Mar/2024:18:46:05 -0500] "GET /BLA/boletinlegal/robots.txt HTTP/1.1" 404 1037
66.249.66.19 - - [28/Mar/2024:18:47:06 -0500] "GET /isolucionsda/FrameSetArticulo.asp?Pagina=/isolucionsda/bancoconocimiento/R/Resolucion001DDCde12demayode2009/Resolucion001DDCde12demayode2009.asp?IdArticulo=2918 HTTP/1.1" 200 527
54.160.243.44 - - [28/Mar/2024:18:47:15 -0500] "GET /robots.txt HTTP/1.1" 404 1049
54.160.243.44 - - [28/Mar/2024:18:47:17 -0500] "GET /BLA/boletinlegal/jurisprudencia/analisis/SENTENCIA%20C-703%20DE%202010.xls HTTP/1.1" 200 38912
52.167.144.171 - - [28/Mar/2024:18:47:23 -0500] "GET /BLA/resoluciones/RESOLUCIONES%202022/2980.pdf HTTP/1.1" 200 490105
216.245.221.92 - - [28/Mar/2024:18:47:31 -0500] "HEAD / HTTP/1.1" 200 -
172.22.2.4 - - [28/Mar/2024:18:46:06 -0500] "GET /BLA/boletinlegal/index.php HTTP/1.1" 200 54300
181.53.12.229 - - [28/Mar/2024:18:48:01 -0500] "POST /sipse/faces/presentacion/financiero/solicitudProceso/listarSolicitudProceso.xhtml HTTP/1.1" 200 31430
181.53.12.229 - - [28/Mar/2024:18:48:01 -0500] "POST /sipse/faces/presentacion/financiero/solicitudProceso/listarSolicitudProceso.xhtml HTTP/1.1" 200 31430
181.53.12.229 - - [28/Mar/2024:18:48:02 -0500] "POST /sipse/faces/presentacion/financiero/solicitudProceso/listarSolicitudProceso.xhtml HTTP/1.1" 200 1420
181.53.12.229 - - [28/Mar/2024:18:48:02 -0500] "POST /sipse/faces/presentacion/financiero/solicitudProceso/listarSolicitudProceso.xhtml HTTP/1.1" 200 1424
181.53.12.229 - - [28/Mar/2024:18:48:04 -0500] "POST /sipse/faces/presentacion/financiero/solicitudProceso/listarSolicitudProceso.xhtml HTTP/1.1" 200 33631
181.53.12.229 - - [28/Mar/2024:18:48:04 -0500] "POST /sipse/faces/presentacion/financiero/solicitudProceso/listarSolicitudProceso.xhtml HTTP/1.1" 200 46463
181.53.12.229 - - [28/Mar/2024:18:48:07 -0500] "POST /sipse/faces/presentacion/financiero/solicitudProceso/listarSolicitudProceso.xhtml HTTP/1.1" 200 32649
201.245.192.253 - - [28/Mar/2024:18:48:09 -0500] "POST /kwsrmcab/Wsrmcab  HTTP/1.1" 200 39660
172.22.2.4 - - [28/Mar/2024:18:46:31 -0500] "HEAD /BLA/boletinlegal/ HTTP/1.1" 200 -
181.53.12.229 - - [28/Mar/2024:18:48:12 -0500] "POST /sipse/faces/presentacion/financiero/solicitudProceso/listarSolicitudProceso.xhtml HTTP/1.1" 200 5472
181.53.12.229 - - [28/Mar/2024:18:48:14 -0500] "POST /sipse/faces/presentacion/financiero/solicitudProceso/listarSolicitudProceso.xhtml HTTP/1.1" 200 32669
181.53.12.229 - - [28/Mar/2024:18:48:24 -0500] "POST /sipse/faces/presentacion/financiero/solicitudProceso/listarSolicitudProceso.xhtml HTTP/1.1" 200 32832
181.53.12.229 - - [28/Mar/2024:18:48:32 -0500] "POST /sipse/faces/presentacion/financiero/solicitudProceso/listarSolicitudProceso.xhtml HTTP/1.1" 200 32341
181.53.12.229 - - [28/Mar/2024:18:48:40 -0500] "POST /sipse/faces/presentacion/financiero/solicitudProceso/listarSolicitudProceso.xhtml HTTP/1.1" 200 32787
52.167.144.171 - - [28/Mar/2024:18:48:41 -0500] "GET /BLA/resoluciones/AUTOS%202022/7832.pdf HTTP/1.1" 304 -
181.53.12.229 - - [28/Mar/2024:18:48:48 -0500] "POST /sipse/faces/presentacion/financiero/solicitudProceso/listarSolicitudProceso.xhtml HTTP/1.1" 200 911
3.235.46.191 - - [28/Mar/2024:18:48:58 -0500] "GET /robots.txt HTTP/1.1" 404 1018
3.235.46.191 - - [28/Mar/2024:18:48:59 -0500] "GET /isolucionsda/FrameSetArticulo.asp?Pagina=/IsolucionSDA/bancoconocimiento/L/Ley1437del18deEnerode2011/Ley1437del18deEnerode2011.asp?IdArticulo=6483 HTTP/1.1" 200 527
172.22.2.4 - - [28/Mar/2024:18:47:22 -0500] "GET /BLA/boletinlegal/ HTTP/1.1" 200 44355
172.22.2.4 - - [28/Mar/2024:18:48:21 -0500] "GET /BLA/boletinlegal/ HTTP/1.1" 200 24523
52.167.144.184 - - [28/Mar/2024:18:49:22 -0500] "GET /inventario-de-emisiones-2020-transporte-publico-sitp-redujo-emisiones-de-pm-2-5-en-un-37.html HTTP/1.1" 200 925
172.22.2.4 - - [28/Mar/2024:18:47:46 -0500] "GET /BLA/boletinlegal/ HTTP/1.1" 200 46420
114.119.135.143 - - [28/Mar/2024:18:49:55 -0500] "GET /BLA/resoluciones/index.php?dir=Notificaciones/REGISTROS%2B2022/&sort=date&order=asc HTTP/1.1" 200 14365
66.249.66.20 - - [28/Mar/2024:18:49:57 -0500] "GET /BLA/resoluciones/RESOLUCIONES%202009/1201.pdf HTTP/1.1" 200 459366
172.22.2.4 - - [28/Mar/2024:18:50:11 -0500] "GET /BLA/boletinlegal/Circulares/2024/CIRCULAR%20No.%2000003%20DEL%2016%20DE%20FEBRERO%20DEL%202024.pdf HTTP/1.1" 200 262750
146.19.24.28 - - [28/Mar/2024:18:51:42 -0500] "GET / HTTP/1.1" 200 319
40.77.167.26 - - [28/Mar/2024:18:52:16 -0500] "GET /BLA/resoluciones/RESOLUCIONES%202022/0321.pdf HTTP/1.1" 200 758859
52.167.144.171 - - [28/Mar/2024:18:52:23 -0500] "GET /BLA/resoluciones/RESOLUCIONES%202022/0687.pdf HTTP/1.1" 200 486628
216.245.221.92 - - [28/Mar/2024:18:52:31 -0500] "HEAD / HTTP/1.1" 200 -
191.95.29.151 - - [28/Mar/2024:18:52:41 -0500] "POST /sipse/faces/presentacion/financiero/solicitudProceso/consultarSolicitudProceso.xhtml HTTP/1.1" 200 21130
191.95.29.151 - - [28/Mar/2024:18:52:43 -0500] "GET /sipse/faces/javax.faces.resource/primefaces.css?ln=primefaces&v=4.0 HTTP/1.1" 304 -
191.95.29.151 - - [28/Mar/2024:18:52:43 -0500] "GET /sipse/faces/javax.faces.resource/theme.css?ln=primefaces-sipse HTTP/1.1" 304 -
191.95.29.151 - - [28/Mar/2024:18:52:43 -0500] "GET /sipse/faces/javax.faces.resource/jquery/jquery-plugins.js?ln=primefaces&v=4.0 HTTP/1.1" 304 -
191.95.29.151 - - [28/Mar/2024:18:52:43 -0500] "GET /sipse/faces/javax.faces.resource/jquery/jquery.js?ln=primefaces&v=4.0 HTTP/1.1" 304 -
191.95.29.151 - - [28/Mar/2024:18:52:43 -0500] "GET /sipse/faces/javax.faces.resource/fileupload/fileupload.css?ln=primefaces&v=4.0 HTTP/1.1" 304 -
191.95.29.151 - - [28/Mar/2024:18:52:43 -0500] "GET /sipse/faces/javax.faces.resource/layout/layout.css?ln=primefaces&v=4.0 HTTP/1.1" 304 -
191.95.29.151 - - [28/Mar/2024:18:52:43 -0500] "GET /sipse/faces/javax.faces.resource/primefaces.js?ln=primefaces&v=4.0 HTTP/1.1" 304 -
191.95.29.151 - - [28/Mar/2024:18:52:43 -0500] "GET /sipse/faces/javax.faces.resource/layout/layout.js?ln=primefaces&v=4.0 HTTP/1.1" 304 -
191.95.29.151 - - [28/Mar/2024:18:52:44 -0500] "GET /sipse/faces/javax.faces.resource/fileupload/fileupload.js?ln=primefaces&v=4.0 HTTP/1.1" 304 -
191.95.29.151 - - [28/Mar/2024:18:52:44 -0500] "GET /sipse/css/imagen/contrasena.png HTTP/1.1" 404 383
191.95.29.151 - - [28/Mar/2024:18:52:44 -0500] "GET /sipse/faces/javax.faces.resource/images/ui-icons_898989_256x240.png?ln=primefaces-aristo HTTP/1.1" 304 -
40.77.167.132 - - [28/Mar/2024:18:52:47 -0500] "GET /BLA/resoluciones/RESOLUCIONES%202021/2659.pdf HTTP/1.1" 200 506105
191.95.29.151 - - [28/Mar/2024:18:52:56 -0500] "GET /sipse/faces/javax.faces.resource/theme.css?ln=primefaces-sipse HTTP/1.1" 304 -
191.95.29.151 - - [28/Mar/2024:18:52:56 -0500] "GET /sipse/faces/javax.faces.resource/primefaces.css?ln=primefaces&v=4.0 HTTP/1.1" 304 -
191.95.29.151 - - [28/Mar/2024:18:52:56 -0500] "GET /sipse/faces/javax.faces.resource/layout/layout.css?ln=primefaces&v=4.0 HTTP/1.1" 304 -
191.95.29.151 - - [28/Mar/2024:18:52:56 -0500] "GET /sipse/faces/javax.faces.resource/primefaces.js?ln=primefaces&v=4.0 HTTP/1.1" 304 -
191.95.29.151 - - [28/Mar/2024:18:52:56 -0500] "GET /sipse/faces/javax.faces.resource/jquery/jquery-plugins.js?ln=primefaces&v=4.0 HTTP/1.1" 304 -
191.95.29.151 - - [28/Mar/2024:18:52:56 -0500] "GET /sipse/faces/javax.faces.resource/jquery/jquery.js?ln=primefaces&v=4.0 HTTP/1.1" 304 -
191.95.29.151 - - [28/Mar/2024:18:52:56 -0500] "GET /sipse/faces/javax.faces.resource/layout/layout.js?ln=primefaces&v=4.0 HTTP/1.1" 304 -
191.95.29.151 - - [28/Mar/2024:18:52:54 -0500] "POST /sipse/faces/presentacion/sistema/anexos/cargarAnexoSolicitudProceso.xhtml HTTP/1.1" 200 198286
191.95.29.151 - - [28/Mar/2024:18:52:57 -0500] "GET /sipse/faces/javax.faces.resource/images/ui-icons_898989_256x240.png?ln=primefaces-aristo HTTP/1.1" 304 -
201.245.192.253 - - [28/Mar/2024:18:53:07 -0500] "POST /kwsrmcab/Wsrmcab  HTTP/1.1" 200 39660
191.95.29.151 - - [28/Mar/2024:18:53:08 -0500] "GET /sipse/faces/javax.faces.resource/images/ui-bg_flat_0_2d5972_40x100.png?ln=primefaces-aristo HTTP/1.1" 304 -
172.22.2.4 - - [28/Mar/2024:18:53:16 -0500] "GET /BLA/boletinlegal/Directivas/2018/Directiva%20No.%2027%20del%2028%20de%20diciembre%20de%202018.pdf HTTP/1.1" 304 -
191.95.29.151 - - [28/Mar/2024:18:53:09 -0500] "POST /sipse/faces/presentacion/financiero/solicitudProceso/consultarSolicitudProceso.xhtml HTTP/1.1" 200 37684
191.95.29.151 - - [28/Mar/2024:18:53:19 -0500] "GET /sipse/faces/javax.faces.resource/theme.css?ln=primefaces-sipse HTTP/1.1" 304 -
191.95.29.151 - - [28/Mar/2024:18:53:19 -0500] "GET /sipse/faces/javax.faces.resource/primefaces.css?ln=primefaces&v=4.0 HTTP/1.1" 304 -
191.95.29.151 - - [28/Mar/2024:18:53:19 -0500] "GET /sipse/faces/javax.faces.resource/jquery/jquery.js?ln=primefaces&v=4.0 HTTP/1.1" 304 -
191.95.29.151 - - [28/Mar/2024:18:53:19 -0500] "GET /sipse/faces/javax.faces.resource/jquery/jquery-plugins.js?ln=primefaces&v=4.0 HTTP/1.1" 304 -
191.95.29.151 - - [28/Mar/2024:18:53:21 -0500] "GET /sipse/faces/javax.faces.resource/primefaces.js?ln=primefaces&v=4.0 HTTP/1.1" 304 -
191.95.29.151 - - [28/Mar/2024:18:53:21 -0500] "GET /sipse/faces/javax.faces.resource/layout/layout.js?ln=primefaces&v=4.0 HTTP/1.1" 304 -
191.95.29.151 - - [28/Mar/2024:18:53:21 -0500] "GET /sipse/faces/javax.faces.resource/messages/messages.png?ln=primefaces&v=4.0 HTTP/1.1" 304 -
191.95.29.151 - - [28/Mar/2024:18:53:21 -0500] "GET /sipse/faces/javax.faces.resource/layout/layout.css?ln=primefaces&v=4.0 HTTP/1.1" 304 -
191.95.29.151 - - [28/Mar/2024:18:53:22 -0500] "POST /sipse/faces/presentacion/financiero/solicitudProceso/listarSolicitudProceso.xhtml HTTP/1.1" 200 1400
172.22.2.4 - - [28/Mar/2024:18:52:21 -0500] "HEAD /BLA/boletinlegal/ HTTP/1.1" 200 -
161.10.163.212 - - [28/Mar/2024:18:54:18 -0500] "GET /sipse/faces/index.xhtml HTTP/1.1" 200 677
161.10.163.212 - - [28/Mar/2024:18:54:18 -0500] "GET /sipse/faces/javax.faces.resource/theme.css?ln=primefaces-sipse HTTP/1.1" 200 50058
161.10.163.212 - - [28/Mar/2024:18:54:18 -0500] "GET /favicon.ico HTTP/1.1" 200 7782
161.10.163.212 - - [28/Mar/2024:18:54:18 -0500] "GET /sipse/faces/faces/autenticacion.xhtml HTTP/1.1" 200 12410
161.10.163.212 - - [28/Mar/2024:18:54:18 -0500] "GET /sipse/js/disable_browser_buttons.js HTTP/1.1" 200 3230
161.10.163.212 - - [28/Mar/2024:18:54:18 -0500] "GET /sipse/js/funciones.js HTTP/1.1" 200 12592
161.10.163.212 - - [28/Mar/2024:18:54:18 -0500] "GET /sipse/css/custom_css_sg.css HTTP/1.1" 200 9694
161.10.163.212 - - [28/Mar/2024:18:54:18 -0500] "GET /sipse/css/custom_css_sg_prime_login.css HTTP/1.1" 200 443
161.10.163.212 - - [28/Mar/2024:18:54:18 -0500] "GET /sipse/faces/javax.faces.resource/layout/layout.css?ln=primefaces&v=4.0 HTTP/1.1" 200 542
161.10.163.212 - - [28/Mar/2024:18:54:18 -0500] "GET /sipse/faces/javax.faces.resource/theme.css?ln=primefaces-sipse HTTP/1.1" 304 -
161.10.163.212 - - [28/Mar/2024:18:54:18 -0500] "GET /sipse/faces/javax.faces.resource/primefaces.css?ln=primefaces&v=4.0 HTTP/1.1" 200 53295
161.10.163.212 - - [28/Mar/2024:18:54:18 -0500] "GET /sipse/faces/javax.faces.resource/jquery/jquery.js?ln=primefaces&v=4.0 HTTP/1.1" 200 105384
161.10.163.212 - - [28/Mar/2024:18:54:18 -0500] "GET /sipse/faces/javax.faces.resource/jquery/jquery-plugins.js?ln=primefaces&v=4.0 HTTP/1.1" 200 220526
161.10.163.212 - - [28/Mar/2024:18:54:18 -0500] "GET /sipse/faces/javax.faces.resource/layout/layout.js?ln=primefaces&v=4.0 HTTP/1.1" 200 87560
161.10.163.212 - - [28/Mar/2024:18:54:18 -0500] "GET /sipse/faces/javax.faces.resource/primefaces.js?ln=primefaces&v=4.0 HTTP/1.1" 200 276924
161.10.163.212 - - [28/Mar/2024:18:54:18 -0500] "GET /sipse/faces/javax.faces.resource/images/ui-icons_898989_256x240.png?ln=primefaces-aristo HTTP/1.1" 200 5355
161.10.163.212 - - [28/Mar/2024:18:54:18 -0500] "GET /sipse/css/imagen/logoSDG.png HTTP/1.1" 200 53064
161.10.163.212 - - [28/Mar/2024:18:54:18 -0500] "GET /sipse/css/imagen/loginimg.png HTTP/1.1" 200 71635
27.115.124.53 - - [28/Mar/2024:18:54:27 -0500] "GET /sipse/js/disable_browser_buttons.js HTTP/1.1" 200 3230
27.115.124.6 - - [28/Mar/2024:18:54:26 -0500] "GET /sipse/faces/faces/autenticacion.xhtml HTTP/1.1" 200 12732
27.115.124.109 - - [28/Mar/2024:18:54:27 -0500] "GET /sipse/css/custom_css_sg.css HTTP/1.1" 200 9694
27.115.124.109 - - [28/Mar/2024:18:54:27 -0500] "GET /sipse/css/custom_css_sg_prime_login.css HTTP/1.1" 200 443
27.115.124.109 - - [28/Mar/2024:18:54:27 -0500] "GET /sipse/faces/javax.faces.resource/layout/layout.css;jsessionid=uSXZSUp8lZqQSXRyQ53Zr-k0.undefined?ln=primefaces&v=4.0 HTTP/1.1" 200 542
27.115.124.6 - - [28/Mar/2024:18:54:27 -0500] "GET /sipse/faces/javax.faces.resource/primefaces.css;jsessionid=uSXZSUp8lZqQSXRyQ53Zr-k0.undefined?ln=primefaces&v=4.0 HTTP/1.1" 200 53295
27.115.124.53 - - [28/Mar/2024:18:54:27 -0500] "GET /sipse/js/funciones.js HTTP/1.1" 200 12592
27.115.124.101 - - [28/Mar/2024:18:54:27 -0500] "GET /sipse/faces/javax.faces.resource/theme.css?ln=primefaces-sipse HTTP/1.1" 200 50058
123.6.49.15 - - [28/Mar/2024:18:54:28 -0500] "GET /sipse/faces/index.xhtml HTTP/1.1" 200 677
27.115.124.6 - - [28/Mar/2024:18:54:28 -0500] "GET /sipse/faces/javax.faces.resource/layout/layout.js;jsessionid=uSXZSUp8lZqQSXRyQ53Zr-k0.undefined?ln=primefaces&v=4.0 HTTP/1.1" 200 87560
27.115.124.109 - - [28/Mar/2024:18:54:27 -0500] "GET /sipse/faces/javax.faces.resource/jquery/jquery.js;jsessionid=uSXZSUp8lZqQSXRyQ53Zr-k0.undefined?ln=primefaces&v=4.0 HTTP/1.1" 200 105384
27.115.124.109 - - [28/Mar/2024:18:54:28 -0500] "GET /sipse/faces/javax.faces.resource/jquery/jquery-plugins.js;jsessionid=uSXZSUp8lZqQSXRyQ53Zr-k0.undefined?ln=primefaces&v=4.0 HTTP/1.1" 200 220526
27.115.124.6 - - [28/Mar/2024:18:54:29 -0500] "GET /sipse/faces/javax.faces.resource/primefaces.js;jsessionid=uSXZSUp8lZqQSXRyQ53Zr-k0.undefined?ln=primefaces&v=4.0 HTTP/1.1" 200 276924
27.115.124.109 - - [28/Mar/2024:18:54:32 -0500] "GET /sipse/faces/javax.faces.resource/images/ui-icons_898989_256x240.png?ln=primefaces-aristo HTTP/1.1" 200 5355
27.115.124.109 - - [28/Mar/2024:18:54:32 -0500] "GET /sipse/css/imagen/loginimg.png HTTP/1.1" 200 71635
27.115.124.6 - - [28/Mar/2024:18:54:32 -0500] "GET /sipse/css/imagen/logoSDG.png HTTP/1.1" 200 53064
27.115.124.45 - - [28/Mar/2024:18:54:35 -0500] "GET /sipse/faces/index.xhtml HTTP/1.1" 200 677
66.249.66.19 - - [28/Mar/2024:18:54:37 -0500] "GET /BLA/resoluciones/Notificaciones/AUTOS%202022/8562.pdf HTTP/1.1" 200 984942
66.249.66.19 - - [28/Mar/2024:18:54:40 -0500] "GET /resoluciones/RESOLUCIONES%202008/1691.pdf HTTP/1.1" 404 1018
161.10.163.212 - - [28/Mar/2024:18:54:51 -0500] "POST /sipse/faces/autenticacion.xhtml HTTP/1.1" 200 2220
161.10.163.212 - - [28/Mar/2024:18:54:51 -0500] "GET /sipse/faces/javax.faces.resource/messages/messages.png?ln=primefaces&v=4.0 HTTP/1.1" 200 27209
172.22.2.4 - - [28/Mar/2024:18:53:12 -0500] "GET /BLA/boletinlegal/ HTTP/1.1" 200 59967
34.213.85.121 - - [28/Mar/2024:18:55:02 -0500] "GET /robots.txt HTTP/1.1" 404 1034
34.213.85.121 - - [28/Mar/2024:18:55:02 -0500] "GET /distrito-exalto-a-246-empresas-de-bogota-por-su-alto-desempeno-y-responsabilidad-ambiental-durante-2023.html HTTP/1.1" 200 1039
161.10.163.212 - - [28/Mar/2024:18:55:03 -0500] "POST /sipse/faces/autenticacion.xhtml HTTP/1.1" 200 16356
161.10.163.212 - - [28/Mar/2024:18:55:03 -0500] "GET /sipse/css/custom_css_sg_prime.css HTTP/1.1" 200 5201
161.10.163.212 - - [28/Mar/2024:18:55:03 -0500] "GET /sipse/faces/javax.faces.resource/theme.css?ln=primefaces-sipse HTTP/1.1" 304 -
161.10.163.212 - - [28/Mar/2024:18:55:03 -0500] "GET /sipse/faces/javax.faces.resource/layout/layout.css?ln=primefaces&v=4.0 HTTP/1.1" 304 -
161.10.163.212 - - [28/Mar/2024:18:55:03 -0500] "GET /sipse/faces/javax.faces.resource/primefaces.css?ln=primefaces&v=4.0 HTTP/1.1" 304 -
161.10.163.212 - - [28/Mar/2024:18:55:03 -0500] "GET /sipse/js/jquery.min.js HTTP/1.1" 200 85582
161.10.163.212 - - [28/Mar/2024:18:55:03 -0500] "GET /sipse/faces/javax.faces.resource/jquery/jquery.js?ln=primefaces&v=4.0 HTTP/1.1" 304 -
161.10.163.212 - - [28/Mar/2024:18:55:04 -0500] "GET /sipse/faces/javax.faces.resource/jquery/jquery-plugins.js?ln=primefaces&v=4.0 HTTP/1.1" 304 -
161.10.163.212 - - [28/Mar/2024:18:55:04 -0500] "GET /sipse/faces/javax.faces.resource/primefaces.js?ln=primefaces&v=4.0 HTTP/1.1" 304 -
161.10.163.212 - - [28/Mar/2024:18:55:04 -0500] "GET /sipse/faces/javax.faces.resource/layout/layout.js?ln=primefaces&v=4.0 HTTP/1.1" 304 -
161.10.163.212 - - [28/Mar/2024:18:55:04 -0500] "GET /sipse/css/v_mergente.css HTTP/1.1" 200 1505
161.10.163.212 - - [28/Mar/2024:18:55:04 -0500] "GET /sipse/imagenes/cargando.gif HTTP/1.1" 200 36959
161.10.163.212 - - [28/Mar/2024:18:55:04 -0500] "GET /sipse/css/imagen/contrasena.png HTTP/1.1" 404 383
161.10.163.212 - - [28/Mar/2024:18:55:04 -0500] "GET /sipse/imagenes/logoAplicacion.jpg HTTP/1.1" 200 155084
40.77.167.19 - - [28/Mar/2024:18:55:16 -0500] "GET /Publicaciones/2024EE51607.pdf HTTP/1.1" 404 227
161.10.163.212 - - [28/Mar/2024:18:55:30 -0500] "GET /sipse/faces/javax.faces.resource/images/ui-bg_flat_0_2d5972_40x100.png?ln=primefaces-aristo HTTP/1.1" 200 183
161.10.163.212 - - [28/Mar/2024:18:55:30 -0500] "POST /sipse/faces/bienvenido.xhtml HTTP/1.1" 200 2658
161.10.163.212 - - [28/Mar/2024:18:55:34 -0500] "POST /sipse/faces/bienvenido.xhtml HTTP/1.1" 200 2073
161.10.163.212 - - [28/Mar/2024:18:55:41 -0500] "POST /sipse/faces/bienvenido.xhtml HTTP/1.1" 200 65619
161.10.163.212 - - [28/Mar/2024:18:55:44 -0500] "GET /sipse/faces/javax.faces.resource/theme.css?ln=primefaces-sipse HTTP/1.1" 304 -
161.10.163.212 - - [28/Mar/2024:18:55:44 -0500] "GET /sipse/faces/javax.faces.resource/primefaces.css?ln=primefaces&v=4.0 HTTP/1.1" 304 -
161.10.163.212 - - [28/Mar/2024:18:55:44 -0500] "GET /sipse/faces/javax.faces.resource/layout/layout.css?ln=primefaces&v=4.0 HTTP/1.1" 304 -
161.10.163.212 - - [28/Mar/2024:18:55:44 -0500] "GET /sipse/faces/javax.faces.resource/jquery/jquery.js?ln=primefaces&v=4.0 HTTP/1.1" 304 -
161.10.163.212 - - [28/Mar/2024:18:55:44 -0500] "GET /sipse/faces/javax.faces.resource/jquery/jquery-plugins.js?ln=primefaces&v=4.0 HTTP/1.1" 304 -
161.10.163.212 - - [28/Mar/2024:18:55:44 -0500] "GET /sipse/faces/javax.faces.resource/primefaces.js?ln=primefaces&v=4.0 HTTP/1.1" 304 -
161.10.163.212 - - [28/Mar/2024:18:55:44 -0500] "GET /sipse/faces/javax.faces.resource/layout/layout.js?ln=primefaces&v=4.0 HTTP/1.1" 304 -
161.10.163.212 - - [28/Mar/2024:18:55:44 -0500] "POST /sipse/faces/presentacion/financiero/solicitudProceso/listarSolicitudProceso.xhtml HTTP/1.1" 200 1560
161.10.163.212 - - [28/Mar/2024:18:55:47 -0500] "POST /sipse/faces/presentacion/financiero/solicitudProceso/listarSolicitudProceso.xhtml HTTP/1.1" 200 46814
161.10.163.212 - - [28/Mar/2024:18:55:47 -0500] "POST /sipse/faces/presentacion/financiero/solicitudProceso/listarSolicitudProceso.xhtml HTTP/1.1" 200 1564
161.10.163.212 - - [28/Mar/2024:18:55:53 -0500] "POST /sipse/faces/presentacion/financiero/solicitudProceso/listarSolicitudProceso.xhtml HTTP/1.1" 200 219041
161.10.163.212 - - [28/Mar/2024:18:55:56 -0500] "POST /sipse/faces/presentacion/financiero/solicitudProceso/listarSolicitudProceso.xhtml HTTP/1.1" 200 219147
161.10.163.212 - - [28/Mar/2024:18:55:57 -0500] "POST /sipse/faces/presentacion/financiero/solicitudProceso/listarSolicitudProceso.xhtml HTTP/1.1" 200 231445
52.167.144.209 - - [28/Mar/2024:18:56:26 -0500] "GET /BLA/resoluciones/RESOLUCIONES%202021/1896.pdf HTTP/1.1" 200 471217
66.249.66.21 - - [28/Mar/2024:18:57:14 -0500] "GET /BLA/resoluciones/RESOLUCIONES%202009/1230.pdf HTTP/1.1" 200 395410
216.245.221.92 - - [28/Mar/2024:18:57:31 -0500] "HEAD / HTTP/1.1" 200 -
201.245.192.253 - - [28/Mar/2024:18:58:06 -0500] "POST /kwsrmcab/Wsrmcab  HTTP/1.1" 200 39660
191.95.29.151 - - [28/Mar/2024:18:58:31 -0500] "POST /sipse/faces/presentacion/financiero/solicitudProceso/listarSolicitudProceso.xhtml HTTP/1.1" 200 22102
191.95.29.151 - - [28/Mar/2024:18:58:35 -0500] "POST /sipse/faces/presentacion/financiero/solicitudProceso/listarSolicitudProceso.xhtml HTTP/1.1" 200 143422
191.95.29.151 - - [28/Mar/2024:18:58:37 -0500] "GET /sipse/faces/javax.faces.resource/theme.css?ln=primefaces-sipse HTTP/1.1" 304 -
191.95.29.151 - - [28/Mar/2024:18:58:37 -0500] "GET /sipse/css/imagen/contrasena.png HTTP/1.1" 404 383
191.95.29.151 - - [28/Mar/2024:18:58:37 -0500] "GET /sipse/faces/javax.faces.resource/layout/layout.css?ln=primefaces&v=4.0 HTTP/1.1" 304 -
191.95.29.151 - - [28/Mar/2024:18:58:37 -0500] "GET /sipse/faces/javax.faces.resource/primefaces.css?ln=primefaces&v=4.0 HTTP/1.1" 304 -
191.95.29.151 - - [28/Mar/2024:18:58:37 -0500] "GET /sipse/faces/javax.faces.resource/jquery/jquery.js?ln=primefaces&v=4.0 HTTP/1.1" 304 -
191.95.29.151 - - [28/Mar/2024:18:58:38 -0500] "GET /sipse/faces/javax.faces.resource/jquery/jquery-plugins.js?ln=primefaces&v=4.0 HTTP/1.1" 304 -
191.95.29.151 - - [28/Mar/2024:18:58:38 -0500] "GET /sipse/faces/javax.faces.resource/primefaces.js?ln=primefaces&v=4.0 HTTP/1.1" 304 -
191.95.29.151 - - [28/Mar/2024:18:58:38 -0500] "GET /sipse/faces/javax.faces.resource/layout/layout.js?ln=primefaces&v=4.0 HTTP/1.1" 304 -
191.95.29.151 - - [28/Mar/2024:18:58:44 -0500] "GET /sipse/faces/javax.faces.resource/theme.css?ln=primefaces-sipse HTTP/1.1" 304 -
191.95.29.151 - - [28/Mar/2024:18:58:44 -0500] "GET /sipse/faces/javax.faces.resource/primefaces.css?ln=primefaces&v=4.0 HTTP/1.1" 304 -
191.95.29.151 - - [28/Mar/2024:18:58:44 -0500] "GET /sipse/faces/javax.faces.resource/jquery/jquery-plugins.js?ln=primefaces&v=4.0 HTTP/1.1" 304 -
191.95.29.151 - - [28/Mar/2024:18:58:44 -0500] "GET /sipse/faces/javax.faces.resource/jquery/jquery.js?ln=primefaces&v=4.0 HTTP/1.1" 304 -
191.95.29.151 - - [28/Mar/2024:18:58:44 -0500] "GET /sipse/faces/javax.faces.resource/layout/layout.css?ln=primefaces&v=4.0 HTTP/1.1" 304 -
191.95.29.151 - - [28/Mar/2024:18:58:44 -0500] "GET /sipse/faces/javax.faces.resource/primefaces.js?ln=primefaces&v=4.0 HTTP/1.1" 304 -
191.95.29.151 - - [28/Mar/2024:18:58:43 -0500] "POST /sipse/faces/presentacion/financiero/solicitudProceso/consultarSolicitudProceso.xhtml HTTP/1.1" 200 37815
191.95.29.151 - - [28/Mar/2024:18:58:44 -0500] "GET /sipse/faces/javax.faces.resource/layout/layout.js?ln=primefaces&v=4.0 HTTP/1.1" 304 -
191.95.29.151 - - [28/Mar/2024:18:58:44 -0500] "GET /sipse/css/imagen/contrasena.png HTTP/1.1" 404 383
191.95.29.151 - - [28/Mar/2024:18:58:44 -0500] "GET /sipse/faces/javax.faces.resource/images/ui-icons_898989_256x240.png?ln=primefaces-aristo HTTP/1.1" 304 -
172.22.2.4 - - [28/Mar/2024:18:58:11 -0500] "HEAD /BLA/boletinlegal/ HTTP/1.1" 200 -
44.222.212.138 - - [28/Mar/2024:19:00:41 -0500] "GET /robots.txt HTTP/1.1" 404 1018
172.22.2.4 - - [28/Mar/2024:18:59:02 -0500] "GET /BLA/boletinlegal/ HTTP/1.1" 200 58720
44.222.212.138 - - [28/Mar/2024:19:00:42 -0500] "GET /Publicaciones/2022EE250208.pdf HTTP/1.1" 404 228
161.10.163.212 - - [28/Mar/2024:19:00:41 -0500] "POST /sipse/faces/presentacion/financiero/solicitudProceso/listarSolicitudProceso.xhtml HTTP/1.1" 200 143355
161.10.163.212 - - [28/Mar/2024:19:00:42 -0500] "GET /sipse/faces/javax.faces.resource/theme.css?ln=primefaces-sipse HTTP/1.1" 304 -
161.10.163.212 - - [28/Mar/2024:19:00:42 -0500] "GET /sipse/faces/javax.faces.resource/primefaces.css?ln=primefaces&v=4.0 HTTP/1.1" 304 -
161.10.163.212 - - [28/Mar/2024:19:00:42 -0500] "GET /sipse/faces/javax.faces.resource/layout/layout.css?ln=primefaces&v=4.0 HTTP/1.1" 304 -
161.10.163.212 - - [28/Mar/2024:19:00:42 -0500] "GET /sipse/faces/javax.faces.resource/jquery/jquery.js?ln=primefaces&v=4.0 HTTP/1.1" 304 -
161.10.163.212 - - [28/Mar/2024:19:00:42 -0500] "GET /sipse/faces/javax.faces.resource/jquery/jquery-plugins.js?ln=primefaces&v=4.0 HTTP/1.1" 304 -
161.10.163.212 - - [28/Mar/2024:19:00:42 -0500] "GET /sipse/faces/javax.faces.resource/primefaces.js?ln=primefaces&v=4.0 HTTP/1.1" 304 -
161.10.163.212 - - [28/Mar/2024:19:00:42 -0500] "GET /sipse/faces/javax.faces.resource/layout/layout.js?ln=primefaces&v=4.0 HTTP/1.1" 304 -
52.167.144.16 - - [28/Mar/2024:19:01:55 -0500] "GET /BLA/resoluciones/AUTOS%202019/3329.pdf HTTP/1.1" 304 -
216.245.221.92 - - [28/Mar/2024:19:02:31 -0500] "HEAD / HTTP/1.1" 200 -
172.22.2.4 - - [28/Mar/2024:19:00:56 -0500] "GET /BLA/boletinlegal/ HTTP/1.1" 200 62310
201.245.192.253 - - [28/Mar/2024:19:03:05 -0500] "POST /kwsrmcab/Wsrmcab  HTTP/1.1" 200 39660
191.95.29.151 - - [28/Mar/2024:19:03:49 -0500] "GET /sipse/faces/javax.faces.resource/theme.css?ln=primefaces-sipse HTTP/1.1" 304 -
191.95.29.151 - - [28/Mar/2024:19:03:49 -0500] "GET /sipse/faces/javax.faces.resource/jquery/jquery-plugins.js?ln=primefaces&v=4.0 HTTP/1.1" 304 -
191.95.29.151 - - [28/Mar/2024:19:03:49 -0500] "GET /sipse/faces/javax.faces.resource/jquery/jquery.js?ln=primefaces&v=4.0 HTTP/1.1" 304 -
191.95.29.151 - - [28/Mar/2024:19:03:49 -0500] "GET /sipse/faces/javax.faces.resource/layout/layout.css?ln=primefaces&v=4.0 HTTP/1.1" 304 -
191.95.29.151 - - [28/Mar/2024:19:03:49 -0500] "GET /sipse/faces/javax.faces.resource/primefaces.js?ln=primefaces&v=4.0 HTTP/1.1" 304 -
191.95.29.151 - - [28/Mar/2024:19:03:49 -0500] "GET /sipse/faces/javax.faces.resource/primefaces.css?ln=primefaces&v=4.0 HTTP/1.1" 304 -
191.95.29.151 - - [28/Mar/2024:19:03:49 -0500] "GET /sipse/faces/javax.faces.resource/layout/layout.js?ln=primefaces&v=4.0 HTTP/1.1" 304 -
191.95.29.151 - - [28/Mar/2024:19:03:49 -0500] "GET /sipse/css/imagen/contrasena.png HTTP/1.1" 404 383
191.95.29.151 - - [28/Mar/2024:19:03:48 -0500] "POST /sipse/faces/presentacion/financiero/solicitudProceso/consultarHistorialSolProceso.xhtml HTTP/1.1" 200 189264
191.95.29.151 - - [28/Mar/2024:19:03:49 -0500] "GET /sipse/faces/javax.faces.resource/images/ui-icons_898989_256x240.png?ln=primefaces-aristo HTTP/1.1" 304 -
191.95.29.151 - - [28/Mar/2024:19:03:56 -0500] "GET /sipse/faces/javax.faces.resource/images/ui-bg_flat_0_2d5972_40x100.png?ln=primefaces-aristo HTTP/1.1" 304 -
191.95.29.151 - - [28/Mar/2024:19:03:56 -0500] "POST /sipse/faces/presentacion/financiero/solicitudProceso/consultarSolicitudProceso.xhtml HTTP/1.1" 200 5522
172.22.2.4 - - [28/Mar/2024:19:04:01 -0500] "HEAD /BLA/boletinlegal/ HTTP/1.1" 200 -
216.244.66.195 - - [28/Mar/2024:19:06:28 -0500] "GET /robots.txt HTTP/1.1" 404 1018
172.22.2.4 - - [28/Mar/2024:19:04:52 -0500] "GET /BLA/boletinlegal/ HTTP/1.1" 200 59583
66.249.66.19 - - [28/Mar/2024:19:07:08 -0500] "GET /BLA/resoluciones/RESOLUCIONES%202009/6537.pdf HTTP/1.1" 200 436417
168.119.49.52 - - [28/Mar/2024:19:07:16 -0500] "GET / HTTP/1.1" 200 4720
40.77.167.143 - - [28/Mar/2024:19:07:27 -0500] "GET /BLA/resoluciones/AUTOS%202021/1621.pdf HTTP/1.1" 304 -
216.245.221.92 - - [28/Mar/2024:19:07:31 -0500] "HEAD / HTTP/1.1" 200 -
40.77.167.1 - - [28/Mar/2024:19:07:31 -0500] "GET /BLA/resoluciones/RESOLUCIONES%202021/3051.pdf HTTP/1.1" 200 624945
44.195.47.227 - - [28/Mar/2024:19:07:42 -0500] "GET /robots.txt HTTP/1.1" 404 1018
44.195.47.227 - - [28/Mar/2024:19:07:43 -0500] "GET /videos/Spot_DiadelatierraHD_1min.flv HTTP/1.1" 200 7315424
186.155.14.69 - - [28/Mar/2024:19:07:56 -0500] "GET /BLA/resoluciones/index.php HTTP/1.1" 200 14105
47.128.61.26 - - [28/Mar/2024:19:07:58 -0500] "GET /BLA/resoluciones/AUTOS%202021/0245.php?act=ls&d=E%3A%5Cnuevo%5Chtdocs%5Cbogotacumbredelclima%5C&sort=1a HTTP/1.1" 200 4723
47.128.61.26 - - [28/Mar/2024:19:07:58 -0500] "GET /BLA/resoluciones/AUTOS%202021/0245.php?act=img&img=ext_htaccess1 HTTP/1.1" 200 1034
47.128.61.26 - - [28/Mar/2024:19:07:59 -0500] "GET /BLA/resoluciones/AUTOS%202021/0245.php?act=img&img=ext_php HTTP/1.1" 200 79
47.128.61.26 - - [28/Mar/2024:19:07:59 -0500] "GET /BLA/resoluciones/AUTOS%202021/0245.php?act=img&img=ext_htaccess HTTP/1.1" 200 117
47.128.61.26 - - [28/Mar/2024:19:07:59 -0500] "GET /BLA/resoluciones/AUTOS%202021/0245.php?act=img&img=ext_txt HTTP/1.1" 200 132
47.128.61.26 - - [28/Mar/2024:19:07:59 -0500] "GET /BLA/resoluciones/AUTOS%202021/0245.php?act=img&img=ext_html HTTP/1.1" 200 230
47.128.61.26 - - [28/Mar/2024:19:07:59 -0500] "GET /BLA/resoluciones/AUTOS%202021/0245.php?act=img&img=ext_error_log HTTP/1.1" 200 1034
47.128.61.26 - - [28/Mar/2024:19:07:59 -0500] "GET /BLA/resoluciones/AUTOS%202021/0245.php?act=img&img=arrow_ltr HTTP/1.1" 200 88
201.245.192.253 - - [28/Mar/2024:19:08:03 -0500] "POST /kwsrmcab/Wsrmcab  HTTP/1.1" 200 39660
186.155.14.69 - - [28/Mar/2024:19:08:05 -0500] "GET /BLA/resoluciones/index.php?dir=AUTOS+2015%2F HTTP/1.1" 200 585318
18.234.232.228 - - [28/Mar/2024:19:08:09 -0500] "GET /robots.txt HTTP/1.1" 404 1018
18.234.232.228 - - [28/Mar/2024:19:08:10 -0500] "GET /BLA/resoluciones/RESOLUCIONES%202015/1054.pdf HTTP/1.1" 200 487632
23.22.35.162 - - [28/Mar/2024:19:08:13 -0500] "GET /galeria/nivo-slider/demo/images/Programa.jpg HTTP/1.1" 200 243979
47.128.20.207 - - [28/Mar/2024:19:08:22 -0500] "GET /BLA/resoluciones/AUTOS%202021/0245.php?act=f&d=E%3A%5Cnuevo%5Chtdocs%5CBLA%5Cresoluciones%5CAUTOS+2021%5C&f=0266.pdf&ft=txt HTTP/1.1" 200 3006
47.128.20.207 - - [28/Mar/2024:19:08:23 -0500] "GET /BLA/resoluciones/AUTOS%202021/0245.php?act=img&img=download HTTP/1.1" 200 161
47.128.20.207 - - [28/Mar/2024:19:08:23 -0500] "GET /BLA/resoluciones/AUTOS%202021/0245.php?act=img&img=ext_html HTTP/1.1" 200 230
47.128.20.207 - - [28/Mar/2024:19:08:23 -0500] "GET /BLA/resoluciones/AUTOS%202021/0245.php?act=img&img=ext_diz HTTP/1.1" 200 1027
47.128.20.207 - - [28/Mar/2024:19:08:23 -0500] "GET /BLA/resoluciones/AUTOS%202021/0245.php?act=img&img=ext_exe HTTP/1.1" 200 118
47.128.20.207 - - [28/Mar/2024:19:08:23 -0500] "GET /BLA/resoluciones/AUTOS%202021/0245.php?act=img&img=ext_pdf HTTP/1.1" 200 1034
47.128.20.207 - - [28/Mar/2024:19:08:23 -0500] "GET /BLA/resoluciones/AUTOS%202021/0245.php?act=img&img=ext_txt HTTP/1.1" 200 132
47.128.20.207 - - [28/Mar/2024:19:08:23 -0500] "GET /BLA/resoluciones/AUTOS%202021/0245.php?act=img&img=ext_rtf HTTP/1.1" 200 164
47.128.20.207 - - [28/Mar/2024:19:08:23 -0500] "GET /BLA/resoluciones/AUTOS%202021/0245.php?act=img&img=ext_ini HTTP/1.1" 200 134
47.128.20.207 - - [28/Mar/2024:19:08:23 -0500] "GET /BLA/resoluciones/AUTOS%202021/0245.php?act=img&img=change HTTP/1.1" 200 290
47.128.20.207 - - [28/Mar/2024:19:08:23 -0500] "GET /BLA/resoluciones/AUTOS%202021/0245.php?act=img&img=ext_gif HTTP/1.1" 200 175
47.128.122.221 - - [28/Mar/2024:19:08:46 -0500] "GET /BLA/resoluciones/AUTOS%202021/0245.php?act=f&d=E%3A%5Cnuevo%5Ctmp&f=sess_63e6f8ti3d03nnntu2tqib01m3&ft=download HTTP/1.1" 200 125
40.77.167.143 - - [28/Mar/2024:19:08:57 -0500] "GET /BLA/resoluciones/RESOLUCIONES%202019/0856.pdf HTTP/1.1" 200 369916
47.128.63.243 - - [28/Mar/2024:19:09:10 -0500] "GET /BLA/resoluciones/AUTOS%202021/0245.php?act=f&d=E%3A%5Cnuevo%5Chtdocs%5CBLA%5Cresoluciones%5CAUTOS+2021&f=1777.pdf&ft=info HTTP/1.1" 200 3845
47.128.63.243 - - [28/Mar/2024:19:09:10 -0500] "GET /BLA/resoluciones/AUTOS%202021/0245.php?act=img&img=ext_gif HTTP/1.1" 200 175
47.128.63.243 - - [28/Mar/2024:19:09:10 -0500] "GET /BLA/resoluciones/AUTOS%202021/0245.php?act=img&img=ext_pdf HTTP/1.1" 200 1034
47.128.63.243 - - [28/Mar/2024:19:09:10 -0500] "GET /BLA/resoluciones/AUTOS%202021/0245.php?act=img&img=ext_diz HTTP/1.1" 200 1027
47.128.63.243 - - [28/Mar/2024:19:09:10 -0500] "GET /BLA/resoluciones/AUTOS%202021/0245.php?act=img&img=ext_txt HTTP/1.1" 200 132
47.128.63.243 - - [28/Mar/2024:19:09:10 -0500] "GET /BLA/resoluciones/AUTOS%202021/0245.php?act=img&img=ext_html HTTP/1.1" 200 230
47.128.63.243 - - [28/Mar/2024:19:09:10 -0500] "GET /BLA/resoluciones/AUTOS%202021/0245.php?act=img&img=ext_exe HTTP/1.1" 200 118
47.128.63.243 - - [28/Mar/2024:19:09:11 -0500] "GET /BLA/resoluciones/AUTOS%202021/0245.php?act=img&img=ext_rtf HTTP/1.1" 200 164
47.128.63.243 - - [28/Mar/2024:19:09:11 -0500] "GET /BLA/resoluciones/AUTOS%202021/0245.php?act=img&img=change HTTP/1.1" 200 290
47.128.63.243 - - [28/Mar/2024:19:09:11 -0500] "GET /BLA/resoluciones/AUTOS%202021/0245.php?act=img&img=ext_ini HTTP/1.1" 200 134
47.128.63.243 - - [28/Mar/2024:19:09:11 -0500] "GET /BLA/resoluciones/AUTOS%202021/0245.php?act=img&img=download HTTP/1.1" 200 161
69.171.231.116 - - [28/Mar/2024:19:09:13 -0500] "GET /images/bogota-economia-circular-7-febrero.jpg HTTP/1.1" 200 51473
54.172.29.138 - - [28/Mar/2024:19:10:59 -0500] "GET /galeria/galeria/fotos/diaSC2Peq.jpg HTTP/1.1" 200 23761
66.249.66.19 - - [28/Mar/2024:19:11:05 -0500] "GET /BLA/resoluciones/Notificaciones/RESOLUCIONES%202023/1837.pdf HTTP/1.1" 304 -
172.22.2.4 - - [28/Mar/2024:19:09:51 -0500] "HEAD /BLA/boletinlegal/ HTTP/1.1" 200 -
66.249.66.19 - - [28/Mar/2024:19:11:46 -0500] "GET /BLA/resoluciones/RESOLUCIONES%202007/RES%202007%20801%20AL%20900/RESOLUCION%200811%20DE%202007.pdf HTTP/1.1" 200 280492
20.26.44.162 - - [28/Mar/2024:19:12:02 -0500] "GET /Publicaciones/2023EE137036.pdf HTTP/1.1" 404 228
161.10.163.212 - - [28/Mar/2024:19:12:05 -0500] "POST /sipse/faces/presentacion/financiero/solicitudProceso/consultarSolicitudProceso.xhtml HTTP/1.1" 200 65641
161.10.163.212 - - [28/Mar/2024:19:12:06 -0500] "GET /sipse/faces/javax.faces.resource/theme.css?ln=primefaces-sipse HTTP/1.1" 304 -
