172.22.2.4 - - [28/Mar/2024:20:35:02 -0500] "HEAD /BLA/boletinlegal/ HTTP/1.1" 200 -
186.29.81.44 - - [28/Mar/2024:20:36:42 -0500] "GET /BLA/resoluciones/RESOLUCIONES%202017/0247.pdf HTTP/1.1" 200 1118456
191.111.47.8 - - [28/Mar/2024:20:36:42 -0500] "POST /sipse/faces/presentacion/financiero/solicitudProceso/consultar.xhtml HTTP/1.1" 200 142305
191.111.47.8 - - [28/Mar/2024:20:36:43 -0500] "GET /sipse/faces/javax.faces.resource/jquery/jquery.js?ln=primefaces&v=4.0 HTTP/1.1" 304 -
191.111.47.8 - - [28/Mar/2024:20:36:43 -0500] "GET /sipse/faces/javax.faces.resource/jquery/jquery-plugins.js?ln=primefaces&v=4.0 HTTP/1.1" 304 -
191.111.47.8 - - [28/Mar/2024:20:36:43 -0500] "GET /sipse/faces/javax.faces.resource/primefaces.js?ln=primefaces&v=4.0 HTTP/1.1" 304 -
191.111.47.8 - - [28/Mar/2024:20:36:43 -0500] "GET /sipse/faces/javax.faces.resource/layout/layout.js?ln=primefaces&v=4.0 HTTP/1.1" 304 -
172.22.2.4 - - [28/Mar/2024:20:36:43 -0500] "GET /BLA/boletinlegal/Circulares/2019/.pdf HTTP/1.1" 404 1218
191.111.47.8 - - [28/Mar/2024:20:36:50 -0500] "POST /sipse/faces/presentacion/financiero/solicitudProceso/consultarSolicitudProceso.xhtml HTTP/1.1" 200 2589652
186.29.81.44 - - [28/Mar/2024:20:37:04 -0500] "HEAD /BLA/resoluciones/RESOLUCIONES%202017/0195.pdf HTTP/1.1" 200 -
186.29.81.44 - - [28/Mar/2024:20:37:05 -0500] "GET /BLA/resoluciones/RESOLUCIONES%202017/0195.pdf HTTP/1.1" 200 714822
172.22.2.4 - - [28/Mar/2024:20:35:53 -0500] "GET /BLA/boletinlegal/ HTTP/1.1" 200 60380
201.245.192.253 - - [28/Mar/2024:20:37:34 -0500] "POST /kwsrmcab/Wsrmcab  HTTP/1.1" 200 39660
186.29.81.44 - - [28/Mar/2024:20:37:41 -0500] "HEAD /BLA/resoluciones/RESOLUCIONES%202017/0192.pdf HTTP/1.1" 200 -
186.29.81.44 - - [28/Mar/2024:20:37:41 -0500] "GET /BLA/resoluciones/RESOLUCIONES%202017/0192.pdf HTTP/1.1" 200 555095
186.29.81.44 - - [28/Mar/2024:20:38:03 -0500] "HEAD /BLA/resoluciones/RESOLUCIONES%202017/0189.pdf HTTP/1.1" 200 -
186.29.81.44 - - [28/Mar/2024:20:38:03 -0500] "GET /BLA/resoluciones/RESOLUCIONES%202017/0189.pdf HTTP/1.1" 200 375869
186.29.81.44 - - [28/Mar/2024:20:38:20 -0500] "HEAD /BLA/resoluciones/RESOLUCIONES%202017/0155.pdf HTTP/1.1" 200 -
186.29.81.44 - - [28/Mar/2024:20:38:20 -0500] "GET /BLA/resoluciones/RESOLUCIONES%202017/0155.pdf HTTP/1.1" 200 350123
186.29.81.44 - - [28/Mar/2024:20:38:36 -0500] "HEAD /BLA/resoluciones/RESOLUCIONES%202017/0154.pdf HTTP/1.1" 200 -
186.29.81.44 - - [28/Mar/2024:20:38:37 -0500] "GET /BLA/resoluciones/RESOLUCIONES%202017/0154.pdf HTTP/1.1" 200 402591
186.29.81.44 - - [28/Mar/2024:20:38:57 -0500] "HEAD /BLA/resoluciones/RESOLUCIONES%202017/0153.pdf HTTP/1.1" 200 -
186.29.81.44 - - [28/Mar/2024:20:38:57 -0500] "GET /BLA/resoluciones/RESOLUCIONES%202017/0153.pdf HTTP/1.1" 200 468255
40.77.167.63 - - [28/Mar/2024:20:39:10 -0500] "GET /BLA/resoluciones/RESOLUCIONES%202021/0001.pdf HTTP/1.1" 200 490426
186.29.81.44 - - [28/Mar/2024:20:39:14 -0500] "HEAD /BLA/resoluciones/RESOLUCIONES%202017/0112.pdf HTTP/1.1" 200 -
186.29.81.44 - - [28/Mar/2024:20:39:14 -0500] "GET /BLA/resoluciones/RESOLUCIONES%202017/0112.pdf HTTP/1.1" 200 636388
201.245.192.253 - - [28/Mar/2024:20:39:23 -0500] "POST /kwsrmcab/Wsrmcab HTTP/1.1" 200 40000
201.245.192.253 - - [28/Mar/2024:20:39:23 -0500] "POST /kwsrmcab/Wsrmcab HTTP/1.1" 200 39692
186.29.81.44 - - [28/Mar/2024:20:39:28 -0500] "HEAD /BLA/resoluciones/RESOLUCIONES%202017/0110.pdf HTTP/1.1" 200 -
186.29.81.44 - - [28/Mar/2024:20:39:29 -0500] "GET /BLA/resoluciones/RESOLUCIONES%202017/0110.pdf HTTP/1.1" 200 380640
186.29.81.44 - - [28/Mar/2024:20:39:42 -0500] "HEAD /BLA/resoluciones/RESOLUCIONES%202017/0109.pdf HTTP/1.1" 200 -
186.29.81.44 - - [28/Mar/2024:20:39:43 -0500] "GET /BLA/resoluciones/RESOLUCIONES%202017/0109.pdf HTTP/1.1" 200 768972
216.245.221.92 - - [28/Mar/2024:20:39:46 -0500] "HEAD / HTTP/1.1" 200 -
186.29.81.44 - - [28/Mar/2024:20:39:57 -0500] "HEAD /BLA/resoluciones/RESOLUCIONES%202017/0089.pdf HTTP/1.1" 200 -
186.29.81.44 - - [28/Mar/2024:20:39:58 -0500] "GET /BLA/resoluciones/RESOLUCIONES%202017/0089.pdf HTTP/1.1" 200 573195
201.245.192.253 - - [28/Mar/2024:20:40:03 -0500] "POST /kwsrmcab/Wsrmcab HTTP/1.1" 200 40164
201.245.192.253 - - [28/Mar/2024:20:40:44 -0500] "POST /kwsrmcab/Wsrmcab HTTP/1.1" 200 39692
186.29.81.44 - - [28/Mar/2024:20:41:00 -0500] "HEAD /BLA/resoluciones/RESOLUCIONES%202017/0087.pdf HTTP/1.1" 200 -
186.29.81.44 - - [28/Mar/2024:20:41:00 -0500] "GET /BLA/resoluciones/RESOLUCIONES%202017/0087.pdf HTTP/1.1" 200 397993
66.249.66.20 - - [28/Mar/2024:20:41:08 -0500] "GET /BLA/resoluciones/AUTOS%202010/6460.pdf HTTP/1.1" 304 -
66.249.66.21 - - [28/Mar/2024:20:41:09 -0500] "GET /BLA/resoluciones/Notificaciones/AUTOS%202023/3880.pdf HTTP/1.1" 304 -
66.249.66.20 - - [28/Mar/2024:20:41:09 -0500] "GET /Publicaciones/2024EE33299.pdf HTTP/1.1" 404 227
186.29.81.44 - - [28/Mar/2024:20:41:16 -0500] "HEAD /BLA/resoluciones/RESOLUCIONES%202017/0083.pdf HTTP/1.1" 200 -
186.29.81.44 - - [28/Mar/2024:20:41:16 -0500] "GET /BLA/resoluciones/RESOLUCIONES%202017/0083.pdf HTTP/1.1" 200 684497
186.29.81.44 - - [28/Mar/2024:20:41:58 -0500] "HEAD /BLA/resoluciones/RESOLUCIONES%202017/0066.pdf HTTP/1.1" 200 -
186.29.81.44 - - [28/Mar/2024:20:41:58 -0500] "GET /BLA/resoluciones/RESOLUCIONES%202017/0066.pdf HTTP/1.1" 200 563263
186.29.81.44 - - [28/Mar/2024:20:42:25 -0500] "HEAD /BLA/resoluciones/RESOLUCIONES%202017/0065.pdf HTTP/1.1" 200 -
186.29.81.44 - - [28/Mar/2024:20:42:25 -0500] "GET /BLA/resoluciones/RESOLUCIONES%202017/0065.pdf HTTP/1.1" 200 552418
172.22.2.4 - - [28/Mar/2024:20:40:53 -0500] "HEAD /BLA/boletinlegal/ HTTP/1.1" 200 -
201.245.192.253 - - [28/Mar/2024:20:42:33 -0500] "POST /kwsrmcab/Wsrmcab  HTTP/1.1" 200 39660
40.77.167.63 - - [28/Mar/2024:20:42:39 -0500] "GET /BLA/resoluciones/RESOLUCIONES%202021/2807.pdf HTTP/1.1" 200 497274
186.29.81.44 - - [28/Mar/2024:20:43:10 -0500] "HEAD /BLA/resoluciones/RESOLUCIONES%202017/0010.pdf HTTP/1.1" 200 -
186.29.81.44 - - [28/Mar/2024:20:43:11 -0500] "GET /BLA/resoluciones/RESOLUCIONES%202017/0010.pdf HTTP/1.1" 200 1066692
172.22.2.4 - - [28/Mar/2024:20:41:43 -0500] "GET /BLA/boletinlegal/ HTTP/1.1" 200 60380
186.29.81.44 - - [28/Mar/2024:20:43:54 -0500] "HEAD /BLA/resoluciones/RESOLUCIONES%202017/0009.pdf HTTP/1.1" 200 -
186.29.81.44 - - [28/Mar/2024:20:43:54 -0500] "GET /BLA/resoluciones/RESOLUCIONES%202017/0009.pdf HTTP/1.1" 200 1168102
216.245.221.92 - - [28/Mar/2024:20:44:46 -0500] "HEAD / HTTP/1.1" 200 -
3.237.178.126 - - [28/Mar/2024:20:46:31 -0500] "GET /robots.txt HTTP/1.1" 404 1018
3.237.178.126 - - [28/Mar/2024:20:46:32 -0500] "GET /Publicaciones/2023EE08757.pdf HTTP/1.1" 404 227
52.167.144.17 - - [28/Mar/2024:20:46:41 -0500] "GET /BLA/resoluciones/RESOLUCIONES%202022/3257.pdf HTTP/1.1" 200 525915
66.249.66.38 - - [28/Mar/2024:20:47:16 -0500] "GET /robots.txt HTTP/1.1" 404 1034
66.249.66.37 - - [28/Mar/2024:20:47:16 -0500] "GET /mas-de-20-kilos-de-palma-silvestre-incautados-en-dos-localidades-de-bogota.html HTTP/1.1" 200 946
201.245.192.253 - - [28/Mar/2024:20:47:31 -0500] "POST /kwsrmcab/Wsrmcab  HTTP/1.1" 200 39660
52.167.144.235 - - [28/Mar/2024:20:47:59 -0500] "GET /Publicaciones/2024EE43122.pdf HTTP/1.1" 404 227
172.22.2.4 - - [28/Mar/2024:20:46:43 -0500] "HEAD /BLA/boletinlegal/ HTTP/1.1" 200 -
216.244.66.195 - - [28/Mar/2024:20:48:46 -0500] "GET /robots.txt HTTP/1.1" 404 1018
181.55.46.207 - - [28/Mar/2024:20:48:52 -0500] "GET /sipse/faces/faces/faces/autenticacion.xhtml HTTP/1.1" 200 12410
181.55.46.207 - - [28/Mar/2024:20:48:52 -0500] "GET /sipse/js/funciones.js HTTP/1.1" 200 12592
181.55.46.207 - - [28/Mar/2024:20:48:52 -0500] "GET /sipse/js/disable_browser_buttons.js HTTP/1.1" 200 3230
181.55.46.207 - - [28/Mar/2024:20:48:52 -0500] "GET /sipse/css/custom_css_sg.css HTTP/1.1" 200 9694
181.55.46.207 - - [28/Mar/2024:20:48:52 -0500] "GET /sipse/css/custom_css_sg_prime_login.css HTTP/1.1" 200 443
181.55.46.207 - - [28/Mar/2024:20:48:53 -0500] "GET /sipse/faces/javax.faces.resource/layout/layout.css?ln=primefaces&v=4.0 HTTP/1.1" 200 542
181.55.46.207 - - [28/Mar/2024:20:48:53 -0500] "GET /sipse/faces/javax.faces.resource/theme.css?ln=primefaces-sipse HTTP/1.1" 200 50058
181.55.46.207 - - [28/Mar/2024:20:48:53 -0500] "GET /sipse/faces/javax.faces.resource/primefaces.css?ln=primefaces&v=4.0 HTTP/1.1" 200 53295
181.55.46.207 - - [28/Mar/2024:20:48:53 -0500] "GET /sipse/faces/javax.faces.resource/jquery/jquery.js?ln=primefaces&v=4.0 HTTP/1.1" 200 105384
181.55.46.207 - - [28/Mar/2024:20:48:53 -0500] "GET /sipse/faces/javax.faces.resource/jquery/jquery-plugins.js?ln=primefaces&v=4.0 HTTP/1.1" 200 220526
181.55.46.207 - - [28/Mar/2024:20:48:53 -0500] "GET /sipse/faces/javax.faces.resource/primefaces.js?ln=primefaces&v=4.0 HTTP/1.1" 200 276924
181.55.46.207 - - [28/Mar/2024:20:48:53 -0500] "GET /sipse/faces/javax.faces.resource/layout/layout.js?ln=primefaces&v=4.0 HTTP/1.1" 200 87560
181.55.46.207 - - [28/Mar/2024:20:48:54 -0500] "GET /sipse/faces/javax.faces.resource/images/ui-icons_898989_256x240.png?ln=primefaces-aristo HTTP/1.1" 200 5355
181.55.46.207 - - [28/Mar/2024:20:48:54 -0500] "GET /sipse/css/imagen/loginimg.png HTTP/1.1" 200 71635
181.55.46.207 - - [28/Mar/2024:20:48:54 -0500] "GET /sipse/css/imagen/logoSDG.png HTTP/1.1" 200 53064
181.55.46.207 - - [28/Mar/2024:20:48:54 -0500] "GET /sipse/faces/faces/faces/index.xhtml HTTP/1.1" 200 677
181.55.46.207 - - [28/Mar/2024:20:48:54 -0500] "GET /sipse/faces/javax.faces.resource/theme.css?ln=primefaces-sipse HTTP/1.1" 304 -
181.55.46.207 - - [28/Mar/2024:20:48:54 -0500] "GET /sipse/faces/faces/faces/faces/autenticacion.xhtml HTTP/1.1" 200 12410
181.55.46.207 - - [28/Mar/2024:20:49:00 -0500] "GET /sipse/faces/javax.faces.resource/theme.css?ln=primefaces-sipse HTTP/1.1" 304 -
181.55.46.207 - - [28/Mar/2024:20:49:00 -0500] "GET /sipse/faces/javax.faces.resource/primefaces.css?ln=primefaces&v=4.0 HTTP/1.1" 304 -
181.55.46.207 - - [28/Mar/2024:20:49:00 -0500] "GET /sipse/faces/javax.faces.resource/layout/layout.css?ln=primefaces&v=4.0 HTTP/1.1" 304 -
181.55.46.207 - - [28/Mar/2024:20:49:00 -0500] "GET /sipse/faces/javax.faces.resource/jquery/jquery.js?ln=primefaces&v=4.0 HTTP/1.1" 304 -
181.55.46.207 - - [28/Mar/2024:20:49:00 -0500] "GET /sipse/faces/javax.faces.resource/primefaces.js?ln=primefaces&v=4.0 HTTP/1.1" 304 -
181.55.46.207 - - [28/Mar/2024:20:49:00 -0500] "GET /sipse/faces/javax.faces.resource/layout/layout.js?ln=primefaces&v=4.0 HTTP/1.1" 304 -
181.55.46.207 - - [28/Mar/2024:20:49:00 -0500] "GET /sipse/faces/javax.faces.resource/jquery/jquery-plugins.js?ln=primefaces&v=4.0 HTTP/1.1" 304 -
172.22.2.4 - - [28/Mar/2024:20:47:33 -0500] "GET /BLA/boletinlegal/ HTTP/1.1" 200 58273
216.245.221.92 - - [28/Mar/2024:20:49:46 -0500] "HEAD / HTTP/1.1" 200 -
52.167.144.17 - - [28/Mar/2024:20:49:40 -0500] "GET /Publicaciones/2024EE00037.pdf HTTP/1.1" 200 6854487
172.22.2.4 - - [28/Mar/2024:20:50:12 -0500] "GET /BLA/boletinlegal/style.css HTTP/1.1" 200 9406
172.22.2.4 - - [28/Mar/2024:20:50:12 -0500] "GET /BLA/boletinlegal/styles2.css HTTP/1.1" 200 1838
172.22.2.4 - - [28/Mar/2024:20:50:12 -0500] "GET /BLA/boletinlegal/js/jquery.scrollShow.js HTTP/1.1" 200 4586
172.22.2.4 - - [28/Mar/2024:20:50:12 -0500] "GET /BLA/boletinlegal/images/cabezote%20BLEGAL.jpg HTTP/1.1" 200 118164
172.22.2.4 - - [28/Mar/2024:20:50:12 -0500] "GET /BLA/boletinlegal/js/jquery.js HTTP/1.1" 200 57254
172.22.2.4 - - [28/Mar/2024:20:50:12 -0500] "GET /BLA/boletinlegal/js/jquery.scrollTo-min.js HTTP/1.1" 200 1150
172.22.2.4 - - [28/Mar/2024:20:50:12 -0500] "GET /BLA/boletinlegal/images/screen_1.png HTTP/1.1" 200 202547
172.22.2.4 - - [28/Mar/2024:20:50:12 -0500] "GET /BLA/boletinlegal/images/subscribe-icon-big.png HTTP/1.1" 200 47702
172.22.2.4 - - [28/Mar/2024:20:50:12 -0500] "GET /BLA/boletinlegal/images/historia.png HTTP/1.1" 200 52775
172.22.2.4 - - [28/Mar/2024:20:50:12 -0500] "GET /BLA/boletinlegal/images/registro-usuarios.png HTTP/1.1" 200 8106
172.22.2.4 - - [28/Mar/2024:20:50:12 -0500] "GET /BLA/boletinlegal/images/arr_l.jpg HTTP/1.1" 200 1979
172.22.2.4 - - [28/Mar/2024:20:50:12 -0500] "GET /BLA/boletinlegal/images/launch.jpg HTTP/1.1" 200 14577
172.22.2.4 - - [28/Mar/2024:20:50:12 -0500] "GET /BLA/boletinlegal/images/body_bg.jpg HTTP/1.1" 200 1601
172.22.2.4 - - [28/Mar/2024:20:50:12 -0500] "GET /BLA/boletinlegal/images/menu_lft.gif HTTP/1.1" 200 1713
172.22.2.4 - - [28/Mar/2024:20:50:12 -0500] "GET /BLA/boletinlegal/images/menu_rght.gif HTTP/1.1" 200 1627
172.22.2.4 - - [28/Mar/2024:20:50:12 -0500] "GET /BLA/boletinlegal/images/bg_top.jpg HTTP/1.1" 200 522
172.22.2.4 - - [28/Mar/2024:20:50:12 -0500] "GET /BLA/boletinlegal/images/menu_bg.jpg HTTP/1.1" 200 620
172.22.2.4 - - [28/Mar/2024:20:50:12 -0500] "GET /BLA/boletinlegal/images/hover.jpg HTTP/1.1" 200 640
172.22.2.4 - - [28/Mar/2024:20:50:12 -0500] "GET /BLA/boletinlegal/images/text.jpg HTTP/1.1" 200 568
172.22.2.4 - - [28/Mar/2024:20:50:14 -0500] "GET /BLA/boletinlegal/actos.php HTTP/1.1" 200 9738
172.22.2.4 - - [28/Mar/2024:20:50:14 -0500] "GET /BLA/boletinlegal/js/ajax_actos.js HTTP/1.1" 200 1322
172.22.2.4 - - [28/Mar/2024:20:50:14 -0500] "GET /BLA/boletinlegal/niceforms.js HTTP/1.1" 200 22876
172.22.2.4 - - [28/Mar/2024:20:50:14 -0500] "GET /BLA/boletinlegal/niceforms-default.css HTTP/1.1" 200 6694
172.22.2.4 - - [28/Mar/2024:20:50:14 -0500] "GET /BLA/boletinlegal/js/lib.js HTTP/1.1" 200 6474
172.22.2.4 - - [28/Mar/2024:20:50:14 -0500] "GET /BLA/boletinlegal/js/popup.js HTTP/1.1" 200 1270
172.22.2.4 - - [28/Mar/2024:20:50:14 -0500] "GET /BLA/boletinlegal/js/jquery1.js HTTP/1.1" 200 29846
172.22.2.4 - - [28/Mar/2024:20:50:14 -0500] "GET /BLA/boletinlegal/images/green-yellow-blue-pink-th.png HTTP/1.1" 200 7394
172.22.2.4 - - [28/Mar/2024:20:50:14 -0500] "GET /BLA/boletinlegal/images/tel.png HTTP/1.1" 200 14477
172.22.2.4 - - [28/Mar/2024:20:50:14 -0500] "GET /BLA/boletinlegal/images/icono-email.png HTTP/1.1" 200 5544
172.22.2.4 - - [28/Mar/2024:20:50:14 -0500] "GET /BLA/boletinlegal/images/footer_bg.jpg HTTP/1.1" 200 586
172.22.2.4 - - [28/Mar/2024:20:50:14 -0500] "GET /BLA/boletinlegal/images/footer_bg_l.jpg HTTP/1.1" 200 776
172.22.2.4 - - [28/Mar/2024:20:50:14 -0500] "GET /BLA/boletinlegal/img/0.png HTTP/1.1" 200 110
172.22.2.4 - - [28/Mar/2024:20:50:14 -0500] "GET /BLA/boletinlegal/img/select-left.png HTTP/1.1" 200 263
172.22.2.4 - - [28/Mar/2024:20:50:14 -0500] "GET /BLA/boletinlegal/img/select-right.png HTTP/1.1" 200 44019
172.22.2.4 - - [28/Mar/2024:20:50:14 -0500] "GET /BLA/boletinlegal/img/button-left.png HTTP/1.1" 200 57071
172.22.2.4 - - [28/Mar/2024:20:50:14 -0500] "GET /BLA/boletinlegal/img/button.png HTTP/1.1" 200 43241
172.22.2.4 - - [28/Mar/2024:20:50:14 -0500] "GET /BLA/boletinlegal/img/button-right.png HTTP/1.1" 200 57878
172.22.2.4 - - [28/Mar/2024:20:50:14 -0500] "GET /BLA/boletinlegal/favicon.ico HTTP/1.1" 404 1326
40.77.189.229 - - [28/Mar/2024:20:50:15 -0500] "GET /Publicaciones/2024EE00037.pdf HTTP/1.1" 200 6854487
186.31.159.232 - - [28/Mar/2024:20:50:24 -0500] "GET /BLA/resoluciones/dlf/styles.css HTTP/1.1" 200 3049
186.31.159.232 - - [28/Mar/2024:20:50:24 -0500] "GET /BLA/resoluciones/dlf/folder.png HTTP/1.1" 200 410
186.31.159.232 - - [28/Mar/2024:20:50:24 -0500] "GET /BLA/resoluciones/dlf/bg.gif HTTP/1.1" 200 54
186.31.159.232 - - [28/Mar/2024:20:50:24 -0500] "GET /BLA/resoluciones/ HTTP/1.1" 200 14105
186.31.159.232 - - [28/Mar/2024:20:50:24 -0500] "GET /favicon.ico HTTP/1.1" 200 7782
186.31.159.232 - - [28/Mar/2024:20:50:38 -0500] "GET /BLA/resoluciones/index.php?dir=AUTOS+2024%2F HTTP/1.1" 200 10947
186.31.159.232 - - [28/Mar/2024:20:50:38 -0500] "GET /BLA/resoluciones/dlf/dirup.png HTTP/1.1" 200 644
186.31.159.232 - - [28/Mar/2024:20:50:38 -0500] "GET /BLA/resoluciones/dlf/pdf.gif HTTP/1.1" 200 272
186.31.159.232 - - [28/Mar/2024:20:50:40 -0500] "GET /BLA/resoluciones/AUTOS%202024/00086.pdf HTTP/1.1" 200 400286
172.22.2.4 - - [28/Mar/2024:20:50:11 -0500] "GET /BLA/boletinlegal/ HTTP/1.1" 200 24523
66.249.66.166 - - [28/Mar/2024:20:50:53 -0500] "GET /portaldeninos/2020/08/28/agua-2/ HTTP/1.1" 200 102184
66.249.66.165 - - [28/Mar/2024:20:51:54 -0500] "GET /portaldeninos/2021/01/14/en-caso-de-encontrarte-una-tingua-azul-sigue-las-siguientes-recomendaciones/ HTTP/1.1" 200 102470
191.111.47.8 - - [28/Mar/2024:20:52:12 -0500] "POST /sipse/faces/presentacion/financiero/solicitudProceso/consultarSolicitudProceso.xhtml HTTP/1.1" 200 31956
191.111.47.8 - - [28/Mar/2024:20:52:13 -0500] "GET /sipse/faces/javax.faces.resource/jquery/jquery.js?ln=primefaces&v=4.0 HTTP/1.1" 304 -
191.111.47.8 - - [28/Mar/2024:20:52:13 -0500] "GET /sipse/faces/javax.faces.resource/jquery/jquery-plugins.js?ln=primefaces&v=4.0 HTTP/1.1" 304 -
191.111.47.8 - - [28/Mar/2024:20:52:13 -0500] "GET /sipse/faces/javax.faces.resource/primefaces.js?ln=primefaces&v=4.0 HTTP/1.1" 304 -
191.111.47.8 - - [28/Mar/2024:20:52:13 -0500] "GET /sipse/faces/javax.faces.resource/layout/layout.js?ln=primefaces&v=4.0 HTTP/1.1" 304 -
191.111.47.8 - - [28/Mar/2024:20:52:13 -0500] "POST /sipse/faces/presentacion/financiero/solicitudProceso/listarSolicitudProceso.xhtml HTTP/1.1" 200 25347
191.111.47.8 - - [28/Mar/2024:20:52:13 -0500] "POST /sipse/faces/presentacion/financiero/solicitudProceso/listarSolicitudProceso.xhtml HTTP/1.1" 200 25347
191.111.47.8 - - [28/Mar/2024:20:52:14 -0500] "POST /sipse/faces/presentacion/financiero/solicitudProceso/listarSolicitudProceso.xhtml HTTP/1.1" 200 25347
191.111.47.8 - - [28/Mar/2024:20:52:14 -0500] "POST /sipse/faces/presentacion/financiero/solicitudProceso/listarSolicitudProceso.xhtml HTTP/1.1" 200 1376
191.111.47.8 - - [28/Mar/2024:20:52:14 -0500] "POST /sipse/faces/presentacion/financiero/solicitudProceso/listarSolicitudProceso.xhtml HTTP/1.1" 200 1384
191.111.47.8 - - [28/Mar/2024:20:52:14 -0500] "POST /sipse/faces/presentacion/financiero/solicitudProceso/listarSolicitudProceso.xhtml HTTP/1.1" 200 1384
191.111.47.8 - - [28/Mar/2024:20:52:14 -0500] "POST /sipse/faces/presentacion/financiero/solicitudProceso/listarSolicitudProceso.xhtml HTTP/1.1" 200 1384
191.111.47.8 - - [28/Mar/2024:20:52:16 -0500] "POST /sipse/faces/presentacion/financiero/solicitudProceso/listarSolicitudProceso.xhtml HTTP/1.1" 200 41443
191.111.47.8 - - [28/Mar/2024:20:52:16 -0500] "GET /sipse/faces/javax.faces.resource/jquery/jquery.js?ln=primefaces&v=4.0 HTTP/1.1" 304 -
191.111.47.8 - - [28/Mar/2024:20:52:16 -0500] "GET /sipse/faces/javax.faces.resource/jquery/jquery-plugins.js?ln=primefaces&v=4.0 HTTP/1.1" 304 -
191.111.47.8 - - [28/Mar/2024:20:52:16 -0500] "GET /sipse/faces/javax.faces.resource/primefaces.js?ln=primefaces&v=4.0 HTTP/1.1" 304 -
191.111.47.8 - - [28/Mar/2024:20:52:17 -0500] "GET /sipse/faces/javax.faces.resource/layout/layout.js?ln=primefaces&v=4.0 HTTP/1.1" 304 -
191.111.47.8 - - [28/Mar/2024:20:52:17 -0500] "POST /sipse/faces/presentacion/financiero/solicitudProceso/consultar.xhtml HTTP/1.1" 200 34860
191.111.47.8 - - [28/Mar/2024:20:52:17 -0500] "POST /sipse/faces/presentacion/financiero/solicitudProceso/consultar.xhtml HTTP/1.1" 200 34860
191.111.47.8 - - [28/Mar/2024:20:52:17 -0500] "POST /sipse/faces/presentacion/financiero/solicitudProceso/consultar.xhtml HTTP/1.1" 200 34860
191.111.47.8 - - [28/Mar/2024:20:52:17 -0500] "POST /sipse/faces/presentacion/financiero/solicitudProceso/consultar.xhtml HTTP/1.1" 200 34860
191.111.47.8 - - [28/Mar/2024:20:52:20 -0500] "POST /sipse/faces/presentacion/financiero/solicitudProceso/consultar.xhtml HTTP/1.1" 200 12879
201.245.192.253 - - [28/Mar/2024:20:52:30 -0500] "POST /kwsrmcab/Wsrmcab  HTTP/1.1" 200 39660
52.167.144.221 - - [28/Mar/2024:20:52:32 -0500] "GET /Publicaciones/2024EE55505.pdf HTTP/1.1" 404 227
191.111.47.8 - - [28/Mar/2024:20:52:33 -0500] "POST /sipse/faces/presentacion/financiero/solicitudProceso/consultar.xhtml HTTP/1.1" 200 146091
191.111.47.8 - - [28/Mar/2024:20:52:34 -0500] "GET /sipse/faces/javax.faces.resource/jquery/jquery.js?ln=primefaces&v=4.0 HTTP/1.1" 304 -
191.111.47.8 - - [28/Mar/2024:20:52:34 -0500] "GET /sipse/faces/javax.faces.resource/jquery/jquery-plugins.js?ln=primefaces&v=4.0 HTTP/1.1" 304 -
191.111.47.8 - - [28/Mar/2024:20:52:34 -0500] "GET /sipse/faces/javax.faces.resource/primefaces.js?ln=primefaces&v=4.0 HTTP/1.1" 304 -
191.111.47.8 - - [28/Mar/2024:20:52:34 -0500] "GET /sipse/faces/javax.faces.resource/layout/layout.js?ln=primefaces&v=4.0 HTTP/1.1" 304 -
191.111.47.8 - - [28/Mar/2024:20:52:40 -0500] "POST /sipse/faces/presentacion/financiero/solicitudProceso/consultarSolicitudProceso.xhtml HTTP/1.1" 200 188571
172.22.2.4 - - [28/Mar/2024:20:52:33 -0500] "HEAD /BLA/boletinlegal/ HTTP/1.1" 200 -
66.249.66.21 - - [28/Mar/2024:20:54:26 -0500] "GET /Publicaciones/2024EE29470.pdf HTTP/1.1" 404 227
191.111.47.8 - - [28/Mar/2024:20:54:29 -0500] "POST /sipse/faces/presentacion/financiero/solicitudProceso/consultarSolicitudProceso.xhtml HTTP/1.1" 200 5568777
191.111.47.8 - - [28/Mar/2024:20:54:30 -0500] "POST /sipse/faces/presentacion/financiero/solicitudProceso/consultarSolicitudProceso.xhtml HTTP/1.1" 200 3732551
191.111.47.8 - - [28/Mar/2024:20:54:31 -0500] "POST /sipse/faces/presentacion/financiero/solicitudProceso/consultarSolicitudProceso.xhtml HTTP/1.1" 200 881030
191.111.47.8 - - [28/Mar/2024:20:54:32 -0500] "POST /sipse/faces/presentacion/financiero/solicitudProceso/consultarSolicitudProceso.xhtml HTTP/1.1" 200 1683809
191.111.47.8 - - [28/Mar/2024:20:54:38 -0500] "POST /sipse/faces/presentacion/financiero/solicitudProceso/consultarSolicitudProceso.xhtml HTTP/1.1" 200 71458
216.245.221.92 - - [28/Mar/2024:20:54:46 -0500] "HEAD / HTTP/1.1" 200 -
172.22.2.4 - - [28/Mar/2024:20:53:23 -0500] "GET /BLA/boletinlegal/ HTTP/1.1" 200 60380
191.111.47.8 - - [28/Mar/2024:20:56:27 -0500] "POST /sipse/faces/presentacion/financiero/solicitudProceso/consultarSolicitudProceso.xhtml HTTP/1.1" 200 5537
191.111.47.8 - - [28/Mar/2024:20:56:28 -0500] "GET /sipse/faces/javax.faces.resource/dynamiccontent.properties?ln=primefaces&pfdrid=XjOR5%2F%2FfPAZAuY9TpWQeCiM0BhlXxYRBGKi%2FQcXXfeA%3D&pfdrid_c=false HTTP/1.1" 200 120726
40.77.167.76 - - [28/Mar/2024:20:57:23 -0500] "GET /BLA/resoluciones/RESOLUCIONES%202021/0774.pdf HTTP/1.1" 200 457361
201.245.192.253 - - [28/Mar/2024:20:57:27 -0500] "POST /kwsrmcab/Wsrmcab  HTTP/1.1" 200 39660
52.167.144.140 - - [28/Mar/2024:20:59:04 -0500] "GET /BLA/resoluciones/RESOLUCIONES%202021/4739.pdf HTTP/1.1" 200 500638
216.245.221.92 - - [28/Mar/2024:20:59:46 -0500] "HEAD / HTTP/1.1" 200 -
172.22.2.4 - - [28/Mar/2024:20:58:23 -0500] "HEAD /BLA/boletinlegal/ HTTP/1.1" 200 -
172.22.2.4 - - [28/Mar/2024:20:59:13 -0500] "GET /BLA/boletinlegal/ HTTP/1.1" 200 58273
47.128.52.46 - - [28/Mar/2024:21:01:20 -0500] "GET /BLA/resoluciones/AUTOS%202021/0245.php?act=security&d=E%3A%5Cnuevo%5Chtdocs%5CAutoliquidacion2020%5CCobro+Evaluacion+Certificaci%F3n+Para+La+Deducci%F3n+Por+Inversi%F3n+En+Medio+Ambiente%5C HTTP/1.1" 200 2834
47.128.62.53 - - [28/Mar/2024:21:01:44 -0500] "GET /BLA/resoluciones/AUTOS%202021/0245.php?act=eval&d=E%3A%5Cnuevo%5Chtdocs%5CBLA%5Cresoluciones%5CAUTOS+2017%5C HTTP/1.1" 200 2773
47.128.62.41 - - [28/Mar/2024:21:02:08 -0500] "GET /BLA/resoluciones/AUTOS%202021/0245.php?act=security&d=E%3A%5Cnuevo%5Chtdocs%5CNew+folder+%282%29%5C HTTP/1.1" 200 2771
52.167.144.140 - - [28/Mar/2024:21:02:13 -0500] "GET /BLA/resoluciones/RESOLUCIONES%202019/1571.pdf HTTP/1.1" 200 435228
201.245.192.253 - - [28/Mar/2024:21:02:27 -0500] "POST /kwsrmcab/Wsrmcab  HTTP/1.1" 200 39660
47.128.62.217 - - [28/Mar/2024:21:02:33 -0500] "GET /BLA/resoluciones/AUTOS%202021/0245.php?act=security&d=E%3A%5Cnuevo%5Chtdocs%5CBLA%5Cresoluciones%5CRESOLUCIONES+2015%5C HTTP/1.1" 200 2809
47.128.62.59 - - [28/Mar/2024:21:02:56 -0500] "GET /BLA/resoluciones/AUTOS%202021/0245.php?act=cmd&d=E%3A%5Cnuevo%5Chtdocs%5Ccumbredelclima%5Cwp-includes%5C HTTP/1.1" 200 2753
47.128.109.37 - - [28/Mar/2024:21:03:21 -0500] "GET /BLA/resoluciones/AUTOS%202021/0245.php?act=chmod&d=E%3A%5Cnuevo%5Chtdocs%5Cgaleria&f=bibloteca HTTP/1.1" 200 2854
172.22.2.4 - - [28/Mar/2024:21:02:01 -0500] "GET /BLA/boletinlegal/ HTTP/1.1" 200 62310
47.128.37.87 - - [28/Mar/2024:21:03:44 -0500] "GET /BLA/resoluciones/AUTOS%202021/0245.php?act=eval&d=E%3A%5Cmod_evasive%5C HTTP/1.1" 200 2690
216.245.221.92 - - [28/Mar/2024:21:04:46 -0500] "HEAD / HTTP/1.1" 200 -
69.171.249.1 - - [28/Mar/2024:21:05:06 -0500] "GET /sin-raza-pero-con-casa-nuevas-jornadas-de-adopcion-en-el-distrito.html HTTP/1.1" 200 742
69.171.249.7 - - [28/Mar/2024:21:05:06 -0500] "GET /sin-raza-pero-con-casa-nuevas-jornadas-de-adopcion-en-el-distrito.html HTTP/1.1" 200 742
66.240.236.116 - - [28/Mar/2024:21:05:38 -0500] "GET / HTTP/1.1" 200 319
172.22.2.4 - - [28/Mar/2024:21:04:13 -0500] "HEAD /BLA/boletinlegal/ HTTP/1.1" 200 -
54.144.81.21 - - [28/Mar/2024:21:06:13 -0500] "GET /robots.txt HTTP/1.1" 404 1049
54.144.81.21 - - [28/Mar/2024:21:06:14 -0500] "GET /BLA/boletinlegal/jurisprudencia/analisis/AnalisisT-146-16.docx HTTP/1.1" 200 23021
172.22.2.4 - - [28/Mar/2024:21:05:03 -0500] "GET /BLA/boletinlegal/ HTTP/1.1" 200 59967
201.245.192.253 - - [28/Mar/2024:21:07:26 -0500] "POST /kwsrmcab/Wsrmcab  HTTP/1.1" 200 39660
104.248.168.144 - - [28/Mar/2024:21:08:44 -0500] "\x16\x03\x01" 400 226
104.248.168.144 - - [28/Mar/2024:21:08:44 -0500] "\x16\x03\x01" 400 226
104.248.168.144 - - [28/Mar/2024:21:08:45 -0500] "GET / HTTP/1.1" 200 319
104.248.168.144 - - [28/Mar/2024:21:08:45 -0500] "GET /form.html HTTP/1.1" 404 1018
104.248.168.144 - - [28/Mar/2024:21:08:45 -0500] "GET /upl.php HTTP/1.1" 404 1018
104.248.168.144 - - [28/Mar/2024:21:08:46 -0500] "\x16\x03\x01" 400 226
104.248.168.144 - - [28/Mar/2024:21:08:46 -0500] "GET /geoip/ HTTP/1.1" 404 1018
104.248.168.144 - - [28/Mar/2024:21:08:46 -0500] "GET /favicon.ico HTTP/1.1" 200 7782
104.248.168.144 - - [28/Mar/2024:21:08:47 -0500] "GET /1.php HTTP/1.1" 404 1018
104.248.168.144 - - [28/Mar/2024:21:08:47 -0500] "GET /bundle.js HTTP/1.1" 404 1018
104.248.168.144 - - [28/Mar/2024:21:08:47 -0500] "GET /files/ HTTP/1.1" 404 1018
104.248.168.144 - - [28/Mar/2024:21:08:48 -0500] "GET /systembc/password.php HTTP/1.1" 404 1018
104.248.168.144 - - [28/Mar/2024:21:08:48 -0500] "GET /password.php HTTP/1.1" 404 1018
104.248.168.144 - - [28/Mar/2024:21:08:48 -0500] "GET /info.php HTTP/1.1" 404 1018
66.249.66.21 - - [28/Mar/2024:21:09:40 -0500] "GET /Publicaciones/2023EE303534.pdf HTTP/1.1" 404 228
66.249.66.21 - - [28/Mar/2024:21:09:41 -0500] "GET /Publicaciones/2024EE31668.pdf HTTP/1.1" 404 227
216.245.221.92 - - [28/Mar/2024:21:09:46 -0500] "HEAD / HTTP/1.1" 200 -
172.22.2.4 - - [28/Mar/2024:21:10:03 -0500] "HEAD /BLA/boletinlegal/ HTTP/1.1" 200 -
52.167.144.216 - - [28/Mar/2024:21:11:54 -0500] "GET /portaldeninos/wp-content/uploads/2021/07/auambari-foto-portal-ni%C3%B1os.jpg HTTP/1.1" 200 36962
40.77.167.20 - - [28/Mar/2024:21:12:05 -0500] "GET /BLA/resoluciones/RESOLUCIONES%202021/3252.pdf HTTP/1.1" 200 442888
201.245.192.253 - - [28/Mar/2024:21:12:25 -0500] "POST /kwsrmcab/Wsrmcab  HTTP/1.1" 200 39660
172.22.2.4 - - [28/Mar/2024:21:10:53 -0500] "GET /BLA/boletinlegal/ HTTP/1.1" 200 58720
216.244.66.195 - - [28/Mar/2024:21:12:46 -0500] "GET /BLA/resoluciones/AUTOS%202016/2090.pdf HTTP/1.1" 200 1091123
216.244.66.195 - - [28/Mar/2024:21:13:18 -0500] "GET /BLA/resoluciones/AUTOS%202016/2305.pdf HTTP/1.1" 200 569275
40.77.167.19 - - [28/Mar/2024:21:13:29 -0500] "GET /dia-nacional-del-arbol-atributos-y-caracteristicas-de-las-especies-representativas-de-bogota.html HTTP/1.1" 200 697
216.244.66.195 - - [28/Mar/2024:21:14:00 -0500] "GET /BLA/resoluciones/AUTOS%202016/2766.pdf HTTP/1.1" 200 692672
40.77.167.50 - - [28/Mar/2024:21:14:18 -0500] "GET /BLA/resoluciones/RESOLUCIONES%202021/1891.pdf HTTP/1.1" 200 501051
216.245.221.92 - - [28/Mar/2024:21:14:46 -0500] "HEAD / HTTP/1.1" 200 -
216.244.66.195 - - [28/Mar/2024:21:14:53 -0500] "GET /BLA/resoluciones/AUTOS%202016/3024.pdf HTTP/1.1" 200 532534
40.77.167.75 - - [28/Mar/2024:21:16:37 -0500] "GET /BLA/resoluciones/RESOLUCIONES%202021/1472.pdf HTTP/1.1" 200 499700
216.244.66.195 - - [28/Mar/2024:21:17:06 -0500] "GET /BLA/resoluciones/AUTOS%202007/3352.pdf HTTP/1.1" 200 279699
190.27.112.234 - - [28/Mar/2024:21:17:11 -0500] "GET /semana-santa-caminos-de-los-cerros-siguen-cerrados-de-forma-preventiva.html?fbclid=PAAaaDKhqd8R3KfhatHDavPchGxppvh3r7mUZAc94jd0ZkOfVuz_F7JNpWmbA HTTP/1.1" 200 909
201.245.192.253 - - [28/Mar/2024:21:17:23 -0500] "POST /kwsrmcab/Wsrmcab  HTTP/1.1" 200 39660
172.22.2.4 - - [28/Mar/2024:21:15:53 -0500] "HEAD /BLA/boletinlegal/ HTTP/1.1" 200 -
172.22.2.4 - - [28/Mar/2024:21:16:43 -0500] "GET /BLA/boletinlegal/ HTTP/1.1" 200 60380
201.245.192.253 - - [28/Mar/2024:21:19:22 -0500] "POST /kwsrmcab/Wsrmcab HTTP/1.1" 200 40000
201.245.192.253 - - [28/Mar/2024:21:19:23 -0500] "POST /kwsrmcab/Wsrmcab HTTP/1.1" 200 39527
216.245.221.92 - - [28/Mar/2024:21:19:46 -0500] "HEAD / HTTP/1.1" 200 -
201.245.192.253 - - [28/Mar/2024:21:20:02 -0500] "POST /kwsrmcab/Wsrmcab HTTP/1.1" 200 40161
66.249.66.21 - - [28/Mar/2024:21:20:19 -0500] "GET /BLA/resoluciones/RESOLUCIONES%202014/2709.pdf HTTP/1.1" 200 295200
40.77.167.143 - - [28/Mar/2024:21:20:37 -0500] "GET /galeria/galeria/jquery.fancybox.js?v=2.1.5 HTTP/1.1" 200 48706
201.245.192.253 - - [28/Mar/2024:21:20:44 -0500] "POST /kwsrmcab/Wsrmcab HTTP/1.1" 200 39527
40.77.167.75 - - [28/Mar/2024:21:20:46 -0500] "GET /galeria/galeria/jquery.fancybox.css?v=2.1.5 HTTP/1.1" 200 4895
66.249.66.167 - - [28/Mar/2024:21:20:58 -0500] "GET /portaldeninos/humedal-el-tunjo/ HTTP/1.1" 200 87661
216.244.66.195 - - [28/Mar/2024:21:21:04 -0500] "GET /BLA/resoluciones/AUTOS%202007/1933.pdf HTTP/1.1" 200 68743
216.244.66.195 - - [28/Mar/2024:21:21:34 -0500] "GET /BLA/resoluciones/AUTOS%202007/1963.pdf HTTP/1.1" 200 367658
40.77.167.75 - - [28/Mar/2024:21:22:08 -0500] "GET /BLA/resoluciones/RESOLUCIONES%202022/0728.pdf HTTP/1.1" 200 451061
216.244.66.195 - - [28/Mar/2024:21:22:15 -0500] "GET /BLA/resoluciones/AUTOS%202007/1987.pdf HTTP/1.1" 200 31636
201.245.192.253 - - [28/Mar/2024:21:22:21 -0500] "POST /kwsrmcab/Wsrmcab  HTTP/1.1" 200 39660
216.244.66.195 - - [28/Mar/2024:21:22:48 -0500] "GET /BLA/resoluciones/AUTOS%202010/0488.pdf HTTP/1.1" 200 189311
20.15.133.170 - - [28/Mar/2024:21:22:50 -0500] "GET /Publicaciones/2024EE08538.pdf HTTP/1.1" 200 234960
66.249.66.21 - - [28/Mar/2024:21:23:03 -0500] "GET /BLA/resoluciones/RESOLUCIONES%202007/RES%202007%203601%20AL%203700/RESOLUCION%203632%20DE%202007.pdf HTTP/1.1" 200 654997
216.244.66.195 - - [28/Mar/2024:21:23:17 -0500] "GET /BLA/resoluciones/AUTOS%202010/0855.pdf HTTP/1.1" 200 183628
172.22.2.4 - - [28/Mar/2024:21:21:42 -0500] "HEAD /BLA/boletinlegal/ HTTP/1.1" 200 -
216.244.66.195 - - [28/Mar/2024:21:23:46 -0500] "GET /BLA/resoluciones/AUTOS%202010/1384.pdf HTTP/1.1" 200 260219
172.22.2.4 - - [28/Mar/2024:21:22:33 -0500] "GET /BLA/boletinlegal/ HTTP/1.1" 200 60380
216.244.66.195 - - [28/Mar/2024:21:24:14 -0500] "GET /BLA/resoluciones/AUTOS%202010/2132.pdf HTTP/1.1" 200 1272305
66.249.66.21 - - [28/Mar/2024:21:24:35 -0500] "GET /Publicaciones/2024EE28565.pdf HTTP/1.1" 404 227
216.245.221.92 - - [28/Mar/2024:21:24:46 -0500] "HEAD / HTTP/1.1" 200 -
216.244.66.195 - - [28/Mar/2024:21:24:59 -0500] "GET /BLA/resoluciones/AUTOS%202010/3072.pdf HTTP/1.1" 200 167264
66.249.66.165 - - [28/Mar/2024:21:25:10 -0500] "GET /portaldeninos/2021/07/01/en-fotos-conoce-algunos-de-los-lugares-mas-biodiversos-de-bogota/ HTTP/1.1" 200 100987
216.244.66.195 - - [28/Mar/2024:21:25:30 -0500] "GET /BLA/resoluciones/AUTOS%202010/4425.pdf HTTP/1.1" 200 163395
66.249.66.166 - - [28/Mar/2024:21:25:38 -0500] "GET /portaldeninos/wp-content/themes/betheme/css/shortcodes.css?ver=20.9.6 HTTP/1.1" 200 138889
66.249.66.165 - - [28/Mar/2024:21:25:39 -0500] "GET /portaldeninos/wp-includes/js/comment-reply.min.js?ver=4.9.8 HTTP/1.1" 200 1078
216.244.66.195 - - [28/Mar/2024:21:26:08 -0500] "GET /BLA/resoluciones/AUTOS%202010/5464.pdf HTTP/1.1" 200 163770
66.249.66.19 - - [28/Mar/2024:21:26:36 -0500] "GET /Publicaciones/2024EE35185.pdf HTTP/1.1" 404 227
216.244.66.195 - - [28/Mar/2024:21:26:38 -0500] "GET /BLA/resoluciones/AUTOS%202010/5480.pdf HTTP/1.1" 200 345832
216.244.66.195 - - [28/Mar/2024:21:27:08 -0500] "GET /BLA/resoluciones/AUTOS%202010/5985.pdf HTTP/1.1" 200 192331
40.77.167.143 - - [28/Mar/2024:21:27:18 -0500] "GET /BLA/resoluciones/RESOLUCIONES%202022/0190.pdf HTTP/1.1" 200 560937
201.245.192.253 - - [28/Mar/2024:21:27:20 -0500] "POST /kwsrmcab/Wsrmcab  HTTP/1.1" 200 39660
216.244.66.195 - - [28/Mar/2024:21:27:36 -0500] "GET /BLA/resoluciones/RESOLUCIONES%201997/0411.pdf HTTP/1.1" 200 33348
216.244.66.195 - - [28/Mar/2024:21:28:03 -0500] "GET /BLA/resoluciones/RESOLUCIONES%201997/0510.pdf HTTP/1.1" 200 101473
199.16.157.183 - - [28/Mar/2024:21:28:04 -0500] "GET /images/pieza-eficiencia-energetica.jpg HTTP/1.1" 200 51282
216.244.66.195 - - [28/Mar/2024:21:28:29 -0500] "GET /BLA/resoluciones/RESOLUCIONES%202016/2464.pdf HTTP/1.1" 200 367177
172.22.2.4 - - [28/Mar/2024:21:27:32 -0500] "HEAD /BLA/boletinlegal/ HTTP/1.1" 200 -
66.249.66.165 - - [28/Mar/2024:21:29:16 -0500] "GET /portaldeninos/aula-ambiental-artistica-itinerante-auambari/ HTTP/1.1" 200 89306
201.245.192.253 - - [28/Mar/2024:21:29:22 -0500] "POST /kwsrmcab/Wsrmcab HTTP/1.1" 200 40000
201.245.192.253 - - [28/Mar/2024:21:29:23 -0500] "POST /kwsrmcab/Wsrmcab HTTP/1.1" 200 39527
216.245.221.92 - - [28/Mar/2024:21:29:46 -0500] "HEAD / HTTP/1.1" 200 -
201.245.192.253 - - [28/Mar/2024:21:30:03 -0500] "POST /kwsrmcab/Wsrmcab HTTP/1.1" 200 40161
172.22.2.4 - - [28/Mar/2024:21:28:23 -0500] "GET /BLA/boletinlegal/ HTTP/1.1" 200 59967
66.249.66.21 - - [28/Mar/2024:21:30:15 -0500] "GET /BLA/resoluciones/RESOLUCIONES%202008/2741.pdf HTTP/1.1" 200 308100
52.167.144.219 - - [28/Mar/2024:21:30:29 -0500] "GET /portaldeninos/?s=2023 HTTP/1.1" 200 87105
201.245.192.253 - - [28/Mar/2024:21:30:43 -0500] "POST /kwsrmcab/Wsrmcab HTTP/1.1" 200 39527
74.50.80.206 - - [28/Mar/2024:21:30:52 -0500] "HEAD / HTTP/1.0" 200 -
40.77.167.143 - - [28/Mar/2024:21:31:17 -0500] "GET /Publicaciones/2024EE08545.pdf HTTP/1.1" 200 231598
52.167.144.139 - - [28/Mar/2024:21:31:50 -0500] "GET /BLA/resoluciones/RESOLUCIONES%202021/0592.pdf HTTP/1.1" 200 541532
201.245.192.253 - - [28/Mar/2024:21:32:19 -0500] "POST /kwsrmcab/Wsrmcab  HTTP/1.1" 200 39660
186.145.185.69 - - [28/Mar/2024:21:33:21 -0500] "GET /semana-santa-caminos-de-los-cerros-siguen-cerrados-de-forma-preventiva.html?fbclid=PAAaZ-2MV3gM7ieHEss0Qftc8jW7RJf0bqydoAY2-4Z5rbChhrwPKdlLrRs7U HTTP/1.1" 200 909
66.249.66.167 - - [28/Mar/2024:21:33:21 -0500] "GET /portaldeninos/humedal-santa-maria-del-lago/ HTTP/1.1" 200 88988
172.22.2.4 - - [28/Mar/2024:21:32:31 -0500] "GET /BLA/boletinlegal/ HTTP/1.1" 200 60380
216.245.221.92 - - [28/Mar/2024:21:34:46 -0500] "HEAD / HTTP/1.1" 200 -
40.77.167.143 - - [28/Mar/2024:21:34:50 -0500] "GET /BLA/resoluciones/RESOLUCIONES%202022/1079.pdf HTTP/1.1" 200 695620
157.90.244.54 - - [28/Mar/2024:21:35:02 -0500] "GET / HTTP/1.1" 200 4720
172.22.2.4 - - [28/Mar/2024:21:33:22 -0500] "HEAD /BLA/boletinlegal/ HTTP/1.1" 200 -
216.244.66.195 - - [28/Mar/2024:21:35:10 -0500] "GET /BLA/resoluciones/AUTOS%202019/0855.pdf HTTP/1.1" 200 374965
40.77.167.60 - - [28/Mar/2024:21:35:41 -0500] "GET /BLA/resoluciones/RESOLUCIONES%202020/2661.pdf HTTP/1.1" 200 545175
172.22.2.4 - - [28/Mar/2024:21:34:13 -0500] "GET /BLA/boletinlegal/ HTTP/1.1" 200 60380
52.167.144.139 - - [28/Mar/2024:21:36:10 -0500] "GET /BLA/resoluciones/RESOLUCIONES%202019/0152.pdf HTTP/1.1" 304 -
172.22.2.4 - - [28/Mar/2024:21:36:32 -0500] "GET /BLA/boletinlegal/Circulares/2019/.pdf HTTP/1.1" 404 1218
201.245.192.253 - - [28/Mar/2024:21:37:18 -0500] "POST /kwsrmcab/Wsrmcab  HTTP/1.1" 200 39660
66.249.66.167 - - [28/Mar/2024:21:37:27 -0500] "GET /portaldeninos/aulas-ambientales/ HTTP/1.1" 200 88416
47.128.119.195 - - [28/Mar/2024:21:37:45 -0500] "GET /BLA/resoluciones/AUTOS%202021/0245.php?act=f&d=E%3A%5Cnuevo%5Chtdocs%5CBLA%5Cresoluciones%5CAUTOS+2021&f=2437.pdf&ft=info HTTP/1.1" 200 3848
47.128.119.195 - - [28/Mar/2024:21:37:46 -0500] "GET /BLA/resoluciones/AUTOS%202021/0245.php?act=img&img=ext_txt HTTP/1.1" 200 132
47.128.119.195 - - [28/Mar/2024:21:37:46 -0500] "GET /BLA/resoluciones/AUTOS%202021/0245.php?act=img&img=ext_pdf HTTP/1.1" 200 1034
47.128.119.195 - - [28/Mar/2024:21:37:46 -0500] "GET /BLA/resoluciones/AUTOS%202021/0245.php?act=img&img=ext_diz HTTP/1.1" 200 1027
47.128.119.195 - - [28/Mar/2024:21:37:46 -0500] "GET /BLA/resoluciones/AUTOS%202021/0245.php?act=img&img=ext_gif HTTP/1.1" 200 175
47.128.119.195 - - [28/Mar/2024:21:37:46 -0500] "GET /BLA/resoluciones/AUTOS%202021/0245.php?act=img&img=ext_html HTTP/1.1" 200 230
47.128.119.195 - - [28/Mar/2024:21:37:46 -0500] "GET /BLA/resoluciones/AUTOS%202021/0245.php?act=img&img=ext_exe HTTP/1.1" 200 118
47.128.119.195 - - [28/Mar/2024:21:37:46 -0500] "GET /BLA/resoluciones/AUTOS%202021/0245.php?act=img&img=ext_rtf HTTP/1.1" 200 164
47.128.119.195 - - [28/Mar/2024:21:37:46 -0500] "GET /BLA/resoluciones/AUTOS%202021/0245.php?act=img&img=ext_ini HTTP/1.1" 200 134
47.128.119.195 - - [28/Mar/2024:21:37:46 -0500] "GET /BLA/resoluciones/AUTOS%202021/0245.php?act=img&img=change HTTP/1.1" 200 290
47.128.119.195 - - [28/Mar/2024:21:37:46 -0500] "GET /BLA/resoluciones/AUTOS%202021/0245.php?act=img&img=download HTTP/1.1" 200 161
201.245.192.253 - - [28/Mar/2024:21:39:23 -0500] "POST /kwsrmcab/Wsrmcab HTTP/1.1" 200 40000
201.245.192.253 - - [28/Mar/2024:21:39:23 -0500] "POST /kwsrmcab/Wsrmcab HTTP/1.1" 200 39525
216.244.66.195 - - [28/Mar/2024:21:39:36 -0500] "GET /robots.txt HTTP/1.1" 404 1018
216.245.221.92 - - [28/Mar/2024:21:39:46 -0500] "HEAD / HTTP/1.1" 200 -
201.245.192.253 - - [28/Mar/2024:21:40:03 -0500] "POST /kwsrmcab/Wsrmcab HTTP/1.1" 200 40161
66.249.66.19 - - [28/Mar/2024:21:40:09 -0500] "GET /BLA/resoluciones/RESOLUCIONES%202008/3234.pdf HTTP/1.1" 200 305954
47.128.21.90 - - [28/Mar/2024:21:40:26 -0500] "GET /BLA/resoluciones/AUTOS%202021/0245.php?act=f&d=E%3A%5Cnuevo%5Chtdocs%5CBLA%5Cresoluciones%5CAUTOS+2021%5C&f=6401.pdf&ft=img HTTP/1.1" 200 15951
47.128.21.90 - - [28/Mar/2024:21:40:29 -0500] "GET /BLA/resoluciones/AUTOS%202021/0245.php?act=img&img=ext_diz HTTP/1.1" 200 1027
47.128.21.90 - - [28/Mar/2024:21:40:29 -0500] "GET /BLA/resoluciones/AUTOS%202021/0245.php?act=img&img=ext_txt HTTP/1.1" 200 132
47.128.21.90 - - [28/Mar/2024:21:40:29 -0500] "GET /BLA/resoluciones/AUTOS%202021/0245.php?act=img&img=ext_html HTTP/1.1" 200 230
47.128.21.90 - - [28/Mar/2024:21:40:29 -0500] "GET /BLA/resoluciones/AUTOS%202021/0245.php?act=img&img=ext_pdf HTTP/1.1" 200 1034
47.128.21.90 - - [28/Mar/2024:21:40:29 -0500] "GET /BLA/resoluciones/AUTOS%202021/0245.php?act=img&img=ext_gif HTTP/1.1" 200 175
47.128.21.90 - - [28/Mar/2024:21:40:29 -0500] "GET /BLA/resoluciones/AUTOS%202021/0245.php?act=img&img=ext_exe HTTP/1.1" 200 118
47.128.21.90 - - [28/Mar/2024:21:40:30 -0500] "GET /BLA/resoluciones/AUTOS%202021/0245.php?act=img&img=ext_rtf HTTP/1.1" 200 164
47.128.21.90 - - [28/Mar/2024:21:40:30 -0500] "GET /BLA/resoluciones/AUTOS%202021/0245.php?act=img&img=download HTTP/1.1" 200 161
47.128.21.90 - - [28/Mar/2024:21:40:30 -0500] "GET /BLA/resoluciones/AUTOS%202021/0245.php?act=img&img=ext_ini HTTP/1.1" 200 134
47.128.21.90 - - [28/Mar/2024:21:40:30 -0500] "GET /BLA/resoluciones/AUTOS%202021/0245.php?act=img&img=change HTTP/1.1" 200 290
201.245.192.253 - - [28/Mar/2024:21:40:49 -0500] "POST /kwsrmcab/Wsrmcab HTTP/1.1" 200 39525
47.128.121.71 - - [28/Mar/2024:21:40:50 -0500] "GET /BLA/resoluciones/AUTOS%202021/0245.php?act=chmod&d=E%3A%5Cnuevo%5Chtdocs%5Cvideos&f=Hora+del+Planeta+pagina.swf HTTP/1.1" 200 2870
172.22.2.4 - - [28/Mar/2024:21:39:12 -0500] "HEAD /BLA/boletinlegal/ HTTP/1.1" 200 -
172.22.2.4 - - [28/Mar/2024:21:39:22 -0500] "GET /BLA/boletinlegal/ HTTP/1.1" 200 43983
172.22.2.4 - - [28/Mar/2024:21:41:02 -0500] "GET /BLA/boletinlegal/sugerencias.php HTTP/1.1" 200 8615
47.128.23.207 - - [28/Mar/2024:21:41:14 -0500] "GET /BLA/resoluciones/AUTOS%202021/0245.php?act=f&d=E%3A%5Cnuevo%5Chtdocs%5CBLA%5Cresoluciones%5CAUTOS+2021%5C&f=0447.pdf&ft=exe&white=1 HTTP/1.1" 200 3063
47.128.23.207 - - [28/Mar/2024:21:41:15 -0500] "GET /BLA/resoluciones/AUTOS%202021/0245.php?act=img&img=ext_gif HTTP/1.1" 200 175
47.128.23.207 - - [28/Mar/2024:21:41:15 -0500] "GET /BLA/resoluciones/AUTOS%202021/0245.php?act=img&img=ext_pdf HTTP/1.1" 200 1034
47.128.23.207 - - [28/Mar/2024:21:41:15 -0500] "GET /BLA/resoluciones/AUTOS%202021/0245.php?act=img&img=ext_html HTTP/1.1" 200 230
47.128.23.207 - - [28/Mar/2024:21:41:15 -0500] "GET /BLA/resoluciones/AUTOS%202021/0245.php?act=img&img=ext_exe HTTP/1.1" 200 118
47.128.23.207 - - [28/Mar/2024:21:41:15 -0500] "GET /BLA/resoluciones/AUTOS%202021/0245.php?act=img&img=ext_txt HTTP/1.1" 200 132
47.128.23.207 - - [28/Mar/2024:21:41:15 -0500] "GET /BLA/resoluciones/AUTOS%202021/0245.php?act=img&img=ext_diz HTTP/1.1" 200 1027
47.128.23.207 - - [28/Mar/2024:21:41:15 -0500] "GET /BLA/resoluciones/AUTOS%202021/0245.php?act=img&img=ext_ini HTTP/1.1" 200 134
47.128.23.207 - - [28/Mar/2024:21:41:16 -0500] "GET /BLA/resoluciones/AUTOS%202021/0245.php?act=img&img=change HTTP/1.1" 200 290
47.128.23.207 - - [28/Mar/2024:21:41:16 -0500] "GET /BLA/resoluciones/AUTOS%202021/0245.php?act=img&img=download HTTP/1.1" 200 161
47.128.23.207 - - [28/Mar/2024:21:41:16 -0500] "GET /BLA/resoluciones/AUTOS%202021/0245.php?act=img&img=ext_rtf HTTP/1.1" 200 164
173.252.95.9 - - [28/Mar/2024:21:41:32 -0500] "GET /images/27%20de%20enero%20Soratama.jpg HTTP/1.1" 200 63397
66.249.66.166 - - [28/Mar/2024:21:41:32 -0500] "GET /portaldeninos/humedal-el-burro-2/ HTTP/1.1" 200 87926
172.22.2.4 - - [28/Mar/2024:21:40:03 -0500] "GET /BLA/boletinlegal/ HTTP/1.1" 200 52783
52.167.144.181 - - [28/Mar/2024:21:41:58 -0500] "GET /portaldeninos/wp-content/uploads/2021/07/auambari-foto-portal-ni%C3%B1os.jpg HTTP/1.1" 200 36962
172.22.2.4 - - [28/Mar/2024:21:41:59 -0500] "GET /BLA/boletinlegal/js/jquery.js HTTP/1.1" 200 57254
201.245.192.253 - - [28/Mar/2024:21:42:16 -0500] "POST /kwsrmcab/Wsrmcab  HTTP/1.1" 200 39660
66.249.66.20 - - [28/Mar/2024:21:42:39 -0500] "GET /resoluciones/RESOLUCIONES%202008/3902.pdf HTTP/1.1" 404 1018
51.222.253.1 - - [28/Mar/2024:21:44:44 -0500] "GET /robots.txt HTTP/1.1" 404 1035
216.245.221.92 - - [28/Mar/2024:21:44:46 -0500] "HEAD / HTTP/1.1" 200 -
51.222.253.8 - - [28/Mar/2024:21:44:46 -0500] "GET /portaldeninos/ HTTP/1.1" 200 110175
51.222.253.9 - - [28/Mar/2024:21:44:49 -0500] "GET /portaldeninos/wp-content/plugins/gallery-videos/CSS/totalsoft.css?ver=4.9.8 HTTP/1.1" 200 40622
51.222.253.2 - - [28/Mar/2024:21:44:50 -0500] "GET /portaldeninos/wp-content/themes/betheme/js/menu.js?ver=20.9.6 HTTP/1.1" 200 2449
51.222.253.9 - - [28/Mar/2024:21:44:50 -0500] "GET /portaldeninos/wp-content/themes/betheme/assets/animations/animations.min.css?ver=20.9.6 HTTP/1.1" 200 58508
51.222.253.4 - - [28/Mar/2024:21:44:51 -0500] "GET /portaldeninos/wp-includes/js/wp-embed.min.js?ver=4.9.8 HTTP/1.1" 200 1398
51.222.253.14 - - [28/Mar/2024:21:44:52 -0500] "GET /portaldeninos/wp-content/uploads/useanyfont/uaf.css?ver=1589905315 HTTP/1.1" 200 408
51.222.253.1 - - [28/Mar/2024:21:44:52 -0500] "GET /portaldeninos/wp-includes/js/jquery/ui/position.min.js?ver=1.11.4 HTTP/1.1" 200 6527
51.222.253.6 - - [28/Mar/2024:21:44:53 -0500] "GET /portaldeninos/wp-includes/js/jquery/ui/core.min.js?ver=1.11.4 HTTP/1.1" 200 4000
51.222.253.2 - - [28/Mar/2024:21:44:53 -0500] "GET /portaldeninos/wp-includes/js/jquery/ui/sortable.min.js?ver=1.11.4 HTTP/1.1" 200 24899
51.222.253.5 - - [28/Mar/2024:21:44:54 -0500] "GET /portaldeninos/wp-content/themes/betheme/css/responsive.css?ver=20.9.6 HTTP/1.1" 200 55740
51.222.253.16 - - [28/Mar/2024:21:44:55 -0500] "GET /portaldeninos/wp-content/themes/betheme/css/shortcodes.css?ver=20.9.6 HTTP/1.1" 200 138889
51.222.253.1 - - [28/Mar/2024:21:44:56 -0500] "GET /portaldeninos/wp-content/plugins/popup-maker/assets/js/site.min.js?defer&ver=1.8.14 HTTP/1.1" 200 48457
51.222.253.5 - - [28/Mar/2024:21:44:57 -0500] "GET /portaldeninos/wp-content/themes/betheme/style.css?ver=20.9.6 HTTP/1.1" 200 287
51.222.253.6 - - [28/Mar/2024:21:44:58 -0500] "GET /portaldeninos/wp-content/themes/betheme/assets/ui/jquery.ui.all.css?ver=20.9.6 HTTP/1.1" 200 18765
51.222.253.9 - - [28/Mar/2024:21:44:58 -0500] "GET /portaldeninos/wp-content/themes/betheme/assets/jplayer/css/jplayer.blue.monday.css?ver=20.9.6 HTTP/1.1" 200 9834
51.222.253.6 - - [28/Mar/2024:21:44:59 -0500] "GET /portaldeninos/wp-content/plugins/google-analytics-for-wordpress/assets/js/frontend-gtag.min.js?ver=8.5.0 HTTP/1.1" 200 11801
51.222.253.10 - - [28/Mar/2024:21:45:00 -0500] "GET /portaldeninos/wp-content/plugins/gallery-videos/JS/Total-Soft-Gallery-Video-Widget.js?ver=4.9.8 HTTP/1.1" 200 80264
51.222.253.7 - - [28/Mar/2024:21:45:01 -0500] "GET /portaldeninos/wp-includes/js/jquery/ui/accordion.min.js?ver=1.11.4 HTTP/1.1" 200 8584
51.222.253.17 - - [28/Mar/2024:21:45:01 -0500] "GET /portaldeninos/wp-content/themes/betheme/js/scripts.js?ver=20.9.6 HTTP/1.1" 200 77162
51.222.253.16 - - [28/Mar/2024:21:45:02 -0500] "GET /portaldeninos/wp-includes/js/jquery/ui/mouse.min.js?ver=1.11.4 HTTP/1.1" 200 3148
51.222.253.19 - - [28/Mar/2024:21:45:03 -0500] "GET /portaldeninos/wp-content/plugins/gallery-videos/CSS/Total-Soft-Gallery-Video-Widget.css?ver=4.9.8 HTTP/1.1" 200 51554
51.222.253.8 - - [28/Mar/2024:21:45:04 -0500] "GET /portaldeninos/wp-content/themes/betheme/assets/animations/animations.min.js?ver=20.9.6 HTTP/1.1" 200 1896
51.222.253.6 - - [28/Mar/2024:21:45:04 -0500] "GET /portaldeninos/wp-content/plugins/gallery-videos/JS/modernizr.custom.js?ver=4.9.8 HTTP/1.1" 200 9019
51.222.253.7 - - [28/Mar/2024:21:45:05 -0500] "GET /portaldeninos/wp-content/themes/betheme/css/layout.css?ver=20.9.6 HTTP/1.1" 200 116639
51.222.253.13 - - [28/Mar/2024:21:45:06 -0500] "GET /portaldeninos/wp-content/themes/betheme/js/plugins.js?ver=20.9.6 HTTP/1.1" 200 197151
51.222.253.3 - - [28/Mar/2024:21:45:08 -0500] "GET /portaldeninos/wp-content/themes/betheme/assets/jplayer/jplayer.min.js?ver=20.9.6 HTTP/1.1" 200 52702
51.222.253.14 - - [28/Mar/2024:21:45:08 -0500] "GET /portaldeninos/wp-content/themes/betheme/css/base.css?ver=20.9.6 HTTP/1.1" 200 57283
51.222.253.3 - - [28/Mar/2024:21:45:09 -0500] "GET /portaldeninos/wp-includes/js/jquery/ui/widget.min.js?ver=1.11.4 HTTP/1.1" 200 6908
51.222.253.19 - - [28/Mar/2024:21:45:10 -0500] "GET /portaldeninos/wp-content/plugins/popup-maker/assets/css/site.min.css?ver=1.8.14 HTTP/1.1" 200 8260
51.222.253.8 - - [28/Mar/2024:21:45:11 -0500] "GET /portaldeninos/wp-includes/js/jquery/jquery-migrate.min.js?ver=1.4.1 HTTP/1.1" 200 10056
51.222.253.13 - - [28/Mar/2024:21:45:11 -0500] "GET /portaldeninos/wp-includes/js/jquery/jquery.js?ver=1.12.4 HTTP/1.1" 200 97184
51.222.253.10 - - [28/Mar/2024:21:45:12 -0500] "GET /portaldeninos/wp-includes/js/jquery/ui/tabs.min.js?ver=1.11.4 HTTP/1.1" 200 12110
173.252.79.1 - - [28/Mar/2024:21:45:30 -0500] "GET /images/Rueda%20de%20prensa.jpeg HTTP/1.1" 200 58715
40.77.167.24 - - [28/Mar/2024:21:45:32 -0500] "GET /BLA/resoluciones/RESOLUCIONES%202019/1741.pdf HTTP/1.1" 200 365545
66.249.66.20 - - [28/Mar/2024:21:45:37 -0500] "GET /BLA/resoluciones/RESOLUCIONES%202009/6916.pdf HTTP/1.1" 200 149098
66.249.66.165 - - [28/Mar/2024:21:45:38 -0500] "GET /portaldeninos/humedal-torca-y-guaymaral-2/ HTTP/1.1" 200 88086
66.249.66.20 - - [28/Mar/2024:21:46:07 -0500] "GET /BLA/resoluciones/RESOLUCIONES%202008/1824.pdf HTTP/1.1" 200 207865
172.22.2.4 - - [28/Mar/2024:21:46:19 -0500] "GET /BLA/boletinlegal/Directivas/2011/Directiva%20No.%205%20del%2029%20de%20Agosto%20de%202011.pdf HTTP/1.1" 200 444404
40.77.167.126 - - [28/Mar/2024:21:46:40 -0500] "GET /BLA/resoluciones/RESOLUCIONES%202019/2990.pdf HTTP/1.1" 200 449774
172.22.2.4 - - [28/Mar/2024:21:45:02 -0500] "HEAD /BLA/boletinlegal/ HTTP/1.1" 200 -
168.119.51.200 - - [28/Mar/2024:21:46:53 -0500] "GET / HTTP/1.1" 200 4720
201.245.192.253 - - [28/Mar/2024:21:47:15 -0500] "POST /kwsrmcab/Wsrmcab  HTTP/1.1" 200 39660
172.22.2.4 - - [28/Mar/2024:21:45:53 -0500] "GET /BLA/boletinlegal/ HTTP/1.1" 200 58720
66.249.66.20 - - [28/Mar/2024:21:47:59 -0500] "GET /BLA/resoluciones/Autos%202008/1657.pdf HTTP/1.1" 200 320589
40.77.167.24 - - [28/Mar/2024:21:48:23 -0500] "GET /BLA/resoluciones/RESOLUCIONES%202020/1146.pdf HTTP/1.1" 200 705158
66.249.66.21 - - [28/Mar/2024:21:49:38 -0500] "GET /BLA/resoluciones/AUTOS%202008/0401.pdf HTTP/1.1" 200 113228
216.245.221.92 - - [28/Mar/2024:21:49:46 -0500] "HEAD / HTTP/1.1" 200 -
66.249.66.20 - - [28/Mar/2024:21:51:00 -0500] "GET /BLA/resoluciones/RESOLUCIONES%202007/RES%202007%202801%20AL%202900/RESOLUCION%202834%20DE%202007.pdf HTTP/1.1" 200 114978
201.245.192.253 - - [28/Mar/2024:21:52:13 -0500] "POST /kwsrmcab/Wsrmcab  HTTP/1.1" 200 39660
40.77.167.143 - - [28/Mar/2024:21:52:22 -0500] "GET /BLA/resoluciones/RESOLUCIONES%202022/2976.pdf HTTP/1.1" 200 445962
172.22.2.4 - - [28/Mar/2024:21:50:52 -0500] "HEAD /BLA/boletinlegal/ HTTP/1.1" 200 -
173.252.107.10 - - [28/Mar/2024:21:52:43 -0500] "GET /semana-santa-caminos-de-los-cerros-siguen-cerrados-de-forma-preventiva.html HTTP/1.1" 200 909
173.252.107.2 - - [28/Mar/2024:21:52:43 -0500] "GET /semana-santa-caminos-de-los-cerros-siguen-cerrados-de-forma-preventiva.html HTTP/1.1" 200 909
173.252.107.10 - - [28/Mar/2024:21:52:43 -0500] "GET /semana-santa-caminos-de-los-cerros-siguen-cerrados-de-forma-preventiva.html HTTP/1.1" 200 909
173.252.107.113 - - [28/Mar/2024:21:52:43 -0500] "GET /semana-santa-caminos-de-los-cerros-siguen-cerrados-de-forma-preventiva.html HTTP/1.1" 200 909
186.102.94.74 - - [28/Mar/2024:21:53:20 -0500] "GET /sipse/js/disable_browser_buttons.js HTTP/1.1" 200 3230
186.102.94.74 - - [28/Mar/2024:21:53:20 -0500] "GET /sipse/js/funciones.js HTTP/1.1" 200 12592
186.102.94.74 - - [28/Mar/2024:21:53:20 -0500] "GET /sipse/css/custom_css_sg.css HTTP/1.1" 200 9694
186.102.94.74 - - [28/Mar/2024:21:53:20 -0500] "GET /sipse/css/custom_css_sg_prime_login.css HTTP/1.1" 200 443
