186.29.81.44 - - [28/Mar/2024:22:31:26 -0500] "HEAD /BLA/resoluciones/RESOLUCIONES%202016/1591.pdf HTTP/1.1" 200 -
186.29.81.44 - - [28/Mar/2024:22:31:27 -0500] "GET /BLA/resoluciones/RESOLUCIONES%202016/1591.pdf HTTP/1.1" 200 1042258
52.167.144.211 - - [28/Mar/2024:22:31:37 -0500] "GET /BLA/resoluciones/RESOLUCIONES%202022/2803.pdf HTTP/1.1" 200 474503
186.29.81.44 - - [28/Mar/2024:22:31:42 -0500] "HEAD /BLA/resoluciones/RESOLUCIONES%202016/1589.pdf HTTP/1.1" 200 -
186.29.81.44 - - [28/Mar/2024:22:31:42 -0500] "GET /BLA/resoluciones/RESOLUCIONES%202016/1589.pdf HTTP/1.1" 200 698692
186.29.81.44 - - [28/Mar/2024:22:31:56 -0500] "HEAD /BLA/resoluciones/RESOLUCIONES%202016/1566.pdf HTTP/1.1" 200 -
186.29.81.44 - - [28/Mar/2024:22:31:57 -0500] "GET /BLA/resoluciones/RESOLUCIONES%202016/1566.pdf HTTP/1.1" 200 342843
201.245.192.253 - - [28/Mar/2024:22:32:01 -0500] "POST /kwsrmcab/Wsrmcab  HTTP/1.1" 200 39660
186.29.81.44 - - [28/Mar/2024:22:32:16 -0500] "HEAD /BLA/resoluciones/RESOLUCIONES%202016/1544.pdf HTTP/1.1" 200 -
186.29.81.44 - - [28/Mar/2024:22:32:16 -0500] "GET /BLA/resoluciones/RESOLUCIONES%202016/1544.pdf HTTP/1.1" 200 1270499
52.167.144.21 - - [28/Mar/2024:22:32:20 -0500] "GET /BLA/resoluciones/RESOLUCIONES%202021/5679.pdf HTTP/1.1" 200 455476
47.128.118.178 - - [28/Mar/2024:22:32:27 -0500] "GET /BLA/resoluciones/AUTOS%202021/0245.php?act=security&d=E%3A%5Cnuevo%5Chtdocs%5CBLA%5Cresoluciones%5CRESOLUCIONES+2007%5C HTTP/1.1" 200 2810
47.128.118.180 - - [28/Mar/2024:22:32:51 -0500] "GET /BLA/resoluciones/AUTOS%202021/0245.php?act=img&img=ext_html HTTP/1.1" 200 230
47.128.118.180 - - [28/Mar/2024:22:32:51 -0500] "GET /BLA/resoluciones/AUTOS%202021/0245.php?act=img&img=ext_php HTTP/1.1" 200 79
47.128.118.180 - - [28/Mar/2024:22:32:51 -0500] "GET /BLA/resoluciones/AUTOS%202021/0245.php?act=img&img=ext_txt HTTP/1.1" 200 132
47.128.118.180 - - [28/Mar/2024:22:32:51 -0500] "GET /BLA/resoluciones/AUTOS%202021/0245.php?act=img&img=ext_exe HTTP/1.1" 200 118
47.128.118.180 - - [28/Mar/2024:22:32:51 -0500] "GET /BLA/resoluciones/AUTOS%202021/0245.php?act=img&img=ext_diz HTTP/1.1" 200 1027
47.128.118.180 - - [28/Mar/2024:22:32:52 -0500] "GET /BLA/resoluciones/AUTOS%202021/0245.php?act=img&img=ext_gif HTTP/1.1" 200 175
47.128.118.180 - - [28/Mar/2024:22:32:52 -0500] "GET /BLA/resoluciones/AUTOS%202021/0245.php?act=img&img=download HTTP/1.1" 200 161
47.128.118.180 - - [28/Mar/2024:22:32:52 -0500] "GET /BLA/resoluciones/AUTOS%202021/0245.php?act=img&img=ext_ini HTTP/1.1" 200 134
47.128.118.180 - - [28/Mar/2024:22:32:52 -0500] "GET /BLA/resoluciones/AUTOS%202021/0245.php?act=img&img=ext_rtf HTTP/1.1" 200 164
47.128.118.180 - - [28/Mar/2024:22:32:52 -0500] "GET /BLA/resoluciones/AUTOS%202021/0245.php?act=img&img=change HTTP/1.1" 200 290
47.128.118.180 - - [28/Mar/2024:22:32:50 -0500] "GET /BLA/resoluciones/AUTOS%202021/0245.php?act=f&d=E%3A%5Cnuevo%5Chtdocs%5Ccumbreclima%5Cwp-includes&f=default-widgets.php HTTP/1.1" 200 21804
186.29.81.44 - - [28/Mar/2024:22:33:06 -0500] "HEAD /BLA/resoluciones/RESOLUCIONES%202016/1469.pdf HTTP/1.1" 200 -
186.29.81.44 - - [28/Mar/2024:22:33:07 -0500] "GET /BLA/resoluciones/RESOLUCIONES%202016/1469.pdf HTTP/1.1" 200 568282
47.128.118.240 - - [28/Mar/2024:22:33:15 -0500] "GET /BLA/resoluciones/AUTOS%202021/0245.php?act=eval&d=C%3A%5CSystem+Volume+Information%5C HTTP/1.1" 200 2711
172.22.2.4 - - [28/Mar/2024:22:31:43 -0500] "HEAD /BLA/boletinlegal/ HTTP/1.1" 200 -
186.29.81.44 - - [28/Mar/2024:22:33:26 -0500] "HEAD /BLA/resoluciones/RESOLUCIONES%202016/1467.pdf HTTP/1.1" 200 -
186.29.81.44 - - [28/Mar/2024:22:33:26 -0500] "GET /BLA/resoluciones/RESOLUCIONES%202016/1467.pdf HTTP/1.1" 200 895631
186.29.81.44 - - [28/Mar/2024:22:33:45 -0500] "HEAD /BLA/resoluciones/RESOLUCIONES%202016/1460.pdf HTTP/1.1" 200 -
186.29.81.44 - - [28/Mar/2024:22:33:45 -0500] "GET /BLA/resoluciones/RESOLUCIONES%202016/1460.pdf HTTP/1.1" 200 687854
172.22.2.4 - - [28/Mar/2024:22:32:34 -0500] "GET /BLA/boletinlegal/ HTTP/1.1" 200 55823
186.29.81.44 - - [28/Mar/2024:22:34:19 -0500] "HEAD /BLA/resoluciones/RESOLUCIONES%202016/1446.pdf HTTP/1.1" 200 -
186.29.81.44 - - [28/Mar/2024:22:34:19 -0500] "GET /BLA/resoluciones/RESOLUCIONES%202016/1446.pdf HTTP/1.1" 200 802174
198.235.24.193 - - [28/Mar/2024:22:34:37 -0500] "GET / HTTP/1.0" 200 319
40.77.167.60 - - [28/Mar/2024:22:34:45 -0500] "GET /BLA/resoluciones/RESOLUCIONES%202019/2216.pdf HTTP/1.1" 200 466397
216.245.221.92 - - [28/Mar/2024:22:34:46 -0500] "HEAD / HTTP/1.1" 200 -
52.167.144.235 - - [28/Mar/2024:22:34:49 -0500] "GET /BLA/resoluciones/RESOLUCIONES%202022/0334.pdf HTTP/1.1" 200 415689
172.22.2.4 - - [28/Mar/2024:22:33:12 -0500] "GET /BLA/boletinlegal/ HTTP/1.1" 200 57889
186.29.81.44 - - [28/Mar/2024:22:34:56 -0500] "HEAD /BLA/resoluciones/RESOLUCIONES%202016/1445.pdf HTTP/1.1" 200 -
186.29.81.44 - - [28/Mar/2024:22:34:56 -0500] "GET /BLA/resoluciones/RESOLUCIONES%202016/1445.pdf HTTP/1.1" 200 563173
52.167.144.145 - - [28/Mar/2024:22:35:01 -0500] "GET /BLA/resoluciones/RESOLUCIONES%202019/1315.pdf HTTP/1.1" 200 313106
186.29.81.44 - - [28/Mar/2024:22:35:19 -0500] "HEAD /BLA/resoluciones/RESOLUCIONES%202016/1444.pdf HTTP/1.1" 200 -
186.29.81.44 - - [28/Mar/2024:22:35:20 -0500] "GET /BLA/resoluciones/RESOLUCIONES%202016/1444.pdf HTTP/1.1" 200 677200
186.29.81.44 - - [28/Mar/2024:22:35:40 -0500] "HEAD /BLA/resoluciones/RESOLUCIONES%202016/1393.pdf HTTP/1.1" 200 -
186.29.81.44 - - [28/Mar/2024:22:35:41 -0500] "GET /BLA/resoluciones/RESOLUCIONES%202016/1393.pdf HTTP/1.1" 200 946225
186.29.81.44 - - [28/Mar/2024:22:36:06 -0500] "HEAD /BLA/resoluciones/RESOLUCIONES%202016/1392.pdf HTTP/1.1" 200 -
186.29.81.44 - - [28/Mar/2024:22:36:06 -0500] "GET /BLA/resoluciones/RESOLUCIONES%202016/1392.pdf HTTP/1.1" 200 730802
186.29.81.44 - - [28/Mar/2024:22:36:36 -0500] "HEAD /BLA/resoluciones/RESOLUCIONES%202016/1391.pdf HTTP/1.1" 200 -
186.29.81.44 - - [28/Mar/2024:22:36:37 -0500] "GET /BLA/resoluciones/RESOLUCIONES%202016/1391.pdf HTTP/1.1" 200 580123
186.29.81.44 - - [28/Mar/2024:22:36:52 -0500] "HEAD /BLA/resoluciones/RESOLUCIONES%202016/1381.pdf HTTP/1.1" 200 -
186.29.81.44 - - [28/Mar/2024:22:36:53 -0500] "GET /BLA/resoluciones/RESOLUCIONES%202016/1381.pdf HTTP/1.1" 200 676130
201.245.192.253 - - [28/Mar/2024:22:36:59 -0500] "POST /kwsrmcab/Wsrmcab  HTTP/1.1" 200 39660
186.29.81.44 - - [28/Mar/2024:22:37:11 -0500] "HEAD /BLA/resoluciones/RESOLUCIONES%202016/1380.pdf HTTP/1.1" 200 -
186.29.81.44 - - [28/Mar/2024:22:37:11 -0500] "GET /BLA/resoluciones/RESOLUCIONES%202016/1380.pdf HTTP/1.1" 200 3194460
172.22.2.4 - - [28/Mar/2024:22:37:13 -0500] "GET /BLA/boletinlegal/Circulares/2019/.pdf HTTP/1.1" 404 1218
186.29.81.44 - - [28/Mar/2024:22:37:26 -0500] "HEAD /BLA/resoluciones/RESOLUCIONES%202016/1364.pdf HTTP/1.1" 200 -
186.29.81.44 - - [28/Mar/2024:22:37:27 -0500] "GET /BLA/resoluciones/RESOLUCIONES%202016/1364.pdf HTTP/1.1" 200 821320
40.77.167.18 - - [28/Mar/2024:22:37:41 -0500] "GET /BLA/resoluciones/RESOLUCIONES%202022/0802.pdf HTTP/1.1" 200 494927
186.29.81.44 - - [28/Mar/2024:22:37:44 -0500] "HEAD /BLA/resoluciones/RESOLUCIONES%202016/1358.pdf HTTP/1.1" 200 -
186.29.81.44 - - [28/Mar/2024:22:37:44 -0500] "GET /BLA/resoluciones/RESOLUCIONES%202016/1358.pdf HTTP/1.1" 200 759873
186.29.81.44 - - [28/Mar/2024:22:37:59 -0500] "HEAD /BLA/resoluciones/RESOLUCIONES%202016/1348.pdf HTTP/1.1" 200 -
186.29.81.44 - - [28/Mar/2024:22:37:59 -0500] "GET /BLA/resoluciones/RESOLUCIONES%202016/1348.pdf HTTP/1.1" 200 1003359
186.29.81.44 - - [28/Mar/2024:22:38:23 -0500] "HEAD /BLA/resoluciones/RESOLUCIONES%202016/1345.pdf HTTP/1.1" 200 -
186.29.81.44 - - [28/Mar/2024:22:38:23 -0500] "GET /BLA/resoluciones/RESOLUCIONES%202016/1345.pdf HTTP/1.1" 200 711107
186.29.81.44 - - [28/Mar/2024:22:38:38 -0500] "HEAD /BLA/resoluciones/RESOLUCIONES%202016/1342.pdf HTTP/1.1" 200 -
186.29.81.44 - - [28/Mar/2024:22:38:38 -0500] "GET /BLA/resoluciones/RESOLUCIONES%202016/1342.pdf HTTP/1.1" 200 593675
66.249.66.19 - - [28/Mar/2024:22:38:50 -0500] "GET /BLA/resoluciones/RESOLUCIONES%202014/2258.pdf HTTP/1.1" 200 464929
186.29.81.44 - - [28/Mar/2024:22:39:06 -0500] "HEAD /BLA/resoluciones/RESOLUCIONES%202016/1336.pdf HTTP/1.1" 200 -
186.29.81.44 - - [28/Mar/2024:22:39:06 -0500] "GET /BLA/resoluciones/RESOLUCIONES%202016/1336.pdf HTTP/1.1" 200 1932678
172.22.2.4 - - [28/Mar/2024:22:37:33 -0500] "HEAD /BLA/boletinlegal/ HTTP/1.1" 200 -
201.245.192.253 - - [28/Mar/2024:22:39:22 -0500] "POST /kwsrmcab/Wsrmcab HTTP/1.1" 200 39992
201.245.192.253 - - [28/Mar/2024:22:39:23 -0500] "POST /kwsrmcab/Wsrmcab HTTP/1.1" 200 39524
66.249.66.21 - - [28/Mar/2024:22:39:30 -0500] "GET /IsolucionSDA/FrameSetArticulo.asp?Pagina=/IsolucionSDA/BancoConocimiento/D/Decreto714denoviembre15de1996/Decreto714denoviembre15de1996.asp?IdArticulo=333 HTTP/1.1" 200 8077
186.29.81.44 - - [28/Mar/2024:22:39:39 -0500] "HEAD /BLA/resoluciones/RESOLUCIONES%202016/1333.pdf HTTP/1.1" 200 -
186.29.81.44 - - [28/Mar/2024:22:39:39 -0500] "GET /BLA/resoluciones/RESOLUCIONES%202016/1333.pdf HTTP/1.1" 200 503502
216.245.221.92 - - [28/Mar/2024:22:39:46 -0500] "HEAD / HTTP/1.1" 200 -
186.29.81.44 - - [28/Mar/2024:22:39:57 -0500] "HEAD /BLA/resoluciones/RESOLUCIONES%202016/1332.pdf HTTP/1.1" 200 -
186.29.81.44 - - [28/Mar/2024:22:39:58 -0500] "GET /BLA/resoluciones/RESOLUCIONES%202016/1332.pdf HTTP/1.1" 200 342073
201.245.192.253 - - [28/Mar/2024:22:40:02 -0500] "POST /kwsrmcab/Wsrmcab HTTP/1.1" 200 40010
172.22.2.4 - - [28/Mar/2024:22:38:24 -0500] "GET /BLA/boletinlegal/ HTTP/1.1" 200 56779
52.167.144.235 - - [28/Mar/2024:22:40:08 -0500] "GET /BLA/resoluciones/RESOLUCIONES%202021/2020.pdf HTTP/1.1" 200 483265
191.111.47.8 - - [28/Mar/2024:22:40:20 -0500] "POST /sipse/faces/presentacion/financiero/solicitudProceso/consultarSolicitudProceso.xhtml HTTP/1.1" 200 31956
191.111.47.8 - - [28/Mar/2024:22:40:20 -0500] "GET /sipse/faces/javax.faces.resource/jquery/jquery.js?ln=primefaces&v=4.0 HTTP/1.1" 304 -
191.111.47.8 - - [28/Mar/2024:22:40:20 -0500] "GET /sipse/faces/javax.faces.resource/jquery/jquery-plugins.js?ln=primefaces&v=4.0 HTTP/1.1" 304 -
191.111.47.8 - - [28/Mar/2024:22:40:20 -0500] "GET /sipse/faces/javax.faces.resource/primefaces.js?ln=primefaces&v=4.0 HTTP/1.1" 304 -
191.111.47.8 - - [28/Mar/2024:22:40:20 -0500] "GET /sipse/faces/javax.faces.resource/layout/layout.js?ln=primefaces&v=4.0 HTTP/1.1" 304 -
191.111.47.8 - - [28/Mar/2024:22:40:20 -0500] "POST /sipse/faces/presentacion/financiero/solicitudProceso/listarSolicitudProceso.xhtml HTTP/1.1" 200 25347
191.111.47.8 - - [28/Mar/2024:22:40:21 -0500] "POST /sipse/faces/presentacion/financiero/solicitudProceso/listarSolicitudProceso.xhtml HTTP/1.1" 200 25347
191.111.47.8 - - [28/Mar/2024:22:40:21 -0500] "POST /sipse/faces/presentacion/financiero/solicitudProceso/listarSolicitudProceso.xhtml HTTP/1.1" 200 25347
191.111.47.8 - - [28/Mar/2024:22:40:22 -0500] "POST /sipse/faces/presentacion/financiero/solicitudProceso/listarSolicitudProceso.xhtml HTTP/1.1" 200 25347
191.111.47.8 - - [28/Mar/2024:22:40:22 -0500] "POST /sipse/faces/presentacion/financiero/solicitudProceso/listarSolicitudProceso.xhtml HTTP/1.1" 200 25347
191.111.47.8 - - [28/Mar/2024:22:40:23 -0500] "POST /sipse/faces/presentacion/financiero/solicitudProceso/listarSolicitudProceso.xhtml HTTP/1.1" 200 25347
191.111.47.8 - - [28/Mar/2024:22:40:23 -0500] "POST /sipse/faces/presentacion/financiero/solicitudProceso/listarSolicitudProceso.xhtml HTTP/1.1" 200 1376
191.111.47.8 - - [28/Mar/2024:22:40:23 -0500] "POST /sipse/faces/presentacion/financiero/solicitudProceso/listarSolicitudProceso.xhtml HTTP/1.1" 200 1384
191.111.47.8 - - [28/Mar/2024:22:40:23 -0500] "POST /sipse/faces/presentacion/financiero/solicitudProceso/listarSolicitudProceso.xhtml HTTP/1.1" 200 1384
191.111.47.8 - - [28/Mar/2024:22:40:24 -0500] "POST /sipse/faces/presentacion/financiero/solicitudProceso/listarSolicitudProceso.xhtml HTTP/1.1" 200 1384
191.111.47.8 - - [28/Mar/2024:22:40:24 -0500] "POST /sipse/faces/presentacion/financiero/solicitudProceso/listarSolicitudProceso.xhtml HTTP/1.1" 200 1384
191.111.47.8 - - [28/Mar/2024:22:40:24 -0500] "POST /sipse/faces/presentacion/financiero/solicitudProceso/listarSolicitudProceso.xhtml HTTP/1.1" 200 1384
191.111.47.8 - - [28/Mar/2024:22:40:24 -0500] "POST /sipse/faces/presentacion/financiero/solicitudProceso/listarSolicitudProceso.xhtml HTTP/1.1" 200 1384
191.111.47.8 - - [28/Mar/2024:22:40:26 -0500] "POST /sipse/faces/presentacion/financiero/solicitudProceso/listarSolicitudProceso.xhtml HTTP/1.1" 200 41452
191.111.47.8 - - [28/Mar/2024:22:40:27 -0500] "GET /sipse/faces/javax.faces.resource/jquery/jquery.js?ln=primefaces&v=4.0 HTTP/1.1" 304 -
191.111.47.8 - - [28/Mar/2024:22:40:27 -0500] "GET /sipse/faces/javax.faces.resource/jquery/jquery-plugins.js?ln=primefaces&v=4.0 HTTP/1.1" 304 -
191.111.47.8 - - [28/Mar/2024:22:40:27 -0500] "GET /sipse/faces/javax.faces.resource/primefaces.js?ln=primefaces&v=4.0 HTTP/1.1" 304 -
191.111.47.8 - - [28/Mar/2024:22:40:27 -0500] "GET /sipse/faces/javax.faces.resource/layout/layout.js?ln=primefaces&v=4.0 HTTP/1.1" 304 -
191.111.47.8 - - [28/Mar/2024:22:40:27 -0500] "POST /sipse/faces/presentacion/financiero/solicitudProceso/consultar.xhtml HTTP/1.1" 200 34869
191.111.47.8 - - [28/Mar/2024:22:40:27 -0500] "POST /sipse/faces/presentacion/financiero/solicitudProceso/consultar.xhtml HTTP/1.1" 200 34869
191.111.47.8 - - [28/Mar/2024:22:40:27 -0500] "POST /sipse/faces/presentacion/financiero/solicitudProceso/consultar.xhtml HTTP/1.1" 200 34869
191.111.47.8 - - [28/Mar/2024:22:40:28 -0500] "POST /sipse/faces/presentacion/financiero/solicitudProceso/consultar.xhtml HTTP/1.1" 200 34869
191.111.47.8 - - [28/Mar/2024:22:40:28 -0500] "POST /sipse/faces/presentacion/financiero/solicitudProceso/consultar.xhtml HTTP/1.1" 200 34869
191.111.47.8 - - [28/Mar/2024:22:40:28 -0500] "POST /sipse/faces/presentacion/financiero/solicitudProceso/consultar.xhtml HTTP/1.1" 200 34869
191.111.47.8 - - [28/Mar/2024:22:40:29 -0500] "POST /sipse/faces/presentacion/financiero/solicitudProceso/consultar.xhtml HTTP/1.1" 200 34869
191.111.47.8 - - [28/Mar/2024:22:40:32 -0500] "POST /sipse/faces/presentacion/financiero/solicitudProceso/consultar.xhtml HTTP/1.1" 200 12962
191.111.47.8 - - [28/Mar/2024:22:40:34 -0500] "POST /sipse/faces/presentacion/financiero/solicitudProceso/consultar.xhtml HTTP/1.1" 200 138807
191.111.47.8 - - [28/Mar/2024:22:40:35 -0500] "GET /sipse/faces/javax.faces.resource/jquery/jquery.js?ln=primefaces&v=4.0 HTTP/1.1" 304 -
191.111.47.8 - - [28/Mar/2024:22:40:35 -0500] "GET /sipse/faces/javax.faces.resource/jquery/jquery-plugins.js?ln=primefaces&v=4.0 HTTP/1.1" 304 -
191.111.47.8 - - [28/Mar/2024:22:40:35 -0500] "GET /sipse/faces/javax.faces.resource/primefaces.js?ln=primefaces&v=4.0 HTTP/1.1" 304 -
191.111.47.8 - - [28/Mar/2024:22:40:35 -0500] "GET /sipse/faces/javax.faces.resource/layout/layout.js?ln=primefaces&v=4.0 HTTP/1.1" 304 -
191.111.47.8 - - [28/Mar/2024:22:40:35 -0500] "GET /sipse/faces/javax.faces.resource/dynamiccontent.properties?ln=primefaces&pfdrid=XjOR5%2F%2FfPAZAuY9TpWQeCiM0BhlXxYRBGKi%2FQcXXfeA%3D&pfdrid_c=false HTTP/1.1" 500 383
191.111.47.8 - - [28/Mar/2024:22:40:43 -0500] "POST /sipse/faces/presentacion/financiero/solicitudProceso/consultarSolicitudProceso.xhtml HTTP/1.1" 200 184051
201.245.192.253 - - [28/Mar/2024:22:40:44 -0500] "POST /kwsrmcab/Wsrmcab HTTP/1.1" 200 39524
191.111.47.8 - - [28/Mar/2024:22:40:47 -0500] "POST /sipse/faces/presentacion/financiero/solicitudProceso/consultarSolicitudProceso.xhtml HTTP/1.1" 200 84491
191.111.47.8 - - [28/Mar/2024:22:40:49 -0500] "POST /sipse/faces/presentacion/financiero/solicitudProceso/consultarSolicitudProceso.xhtml HTTP/1.1" 200 2141934
191.111.47.8 - - [28/Mar/2024:22:40:54 -0500] "POST /sipse/faces/presentacion/financiero/solicitudProceso/consultarSolicitudProceso.xhtml HTTP/1.1" 200 131789
191.111.47.8 - - [28/Mar/2024:22:40:57 -0500] "POST /sipse/faces/presentacion/financiero/solicitudProceso/consultarSolicitudProceso.xhtml HTTP/1.1" 200 6259913
191.111.47.8 - - [28/Mar/2024:22:40:59 -0500] "POST /sipse/faces/presentacion/financiero/solicitudProceso/consultarSolicitudProceso.xhtml HTTP/1.1" 200 2961804
191.111.47.8 - - [28/Mar/2024:22:41:02 -0500] "POST /sipse/faces/presentacion/financiero/solicitudProceso/consultarSolicitudProceso.xhtml HTTP/1.1" 200 104621
191.111.47.8 - - [28/Mar/2024:22:41:00 -0500] "POST /sipse/faces/presentacion/financiero/solicitudProceso/consultarSolicitudProceso.xhtml HTTP/1.1" 200 6709252
186.29.81.44 - - [28/Mar/2024:22:41:06 -0500] "HEAD /BLA/resoluciones/RESOLUCIONES%202016/1328.pdf HTTP/1.1" 200 -
186.29.81.44 - - [28/Mar/2024:22:41:06 -0500] "GET /BLA/resoluciones/RESOLUCIONES%202016/1328.pdf HTTP/1.1" 200 1181955
186.29.81.44 - - [28/Mar/2024:22:41:06 -0500] "GET /favicon.ico HTTP/1.1" 200 7782
186.29.81.44 - - [28/Mar/2024:22:41:22 -0500] "HEAD /BLA/resoluciones/RESOLUCIONES%202016/1327.pdf HTTP/1.1" 200 -
186.29.81.44 - - [28/Mar/2024:22:41:22 -0500] "GET /BLA/resoluciones/RESOLUCIONES%202016/1327.pdf HTTP/1.1" 200 1037346
186.29.81.44 - - [28/Mar/2024:22:41:45 -0500] "HEAD /BLA/resoluciones/RESOLUCIONES%202016/1326.pdf HTTP/1.1" 200 -
186.29.81.44 - - [28/Mar/2024:22:41:45 -0500] "GET /BLA/resoluciones/RESOLUCIONES%202016/1326.pdf HTTP/1.1" 200 553106
201.245.192.253 - - [28/Mar/2024:22:41:57 -0500] "POST /kwsrmcab/Wsrmcab  HTTP/1.1" 200 39660
191.111.47.8 - - [28/Mar/2024:22:42:08 -0500] "POST /sipse/faces/presentacion/financiero/solicitudProceso/consultarSolicitudProceso.xhtml HTTP/1.1" 200 31956
191.111.47.8 - - [28/Mar/2024:22:42:08 -0500] "GET /sipse/faces/javax.faces.resource/jquery/jquery.js?ln=primefaces&v=4.0 HTTP/1.1" 304 -
191.111.47.8 - - [28/Mar/2024:22:42:08 -0500] "GET /sipse/faces/javax.faces.resource/jquery/jquery-plugins.js?ln=primefaces&v=4.0 HTTP/1.1" 304 -
191.111.47.8 - - [28/Mar/2024:22:42:08 -0500] "GET /sipse/faces/javax.faces.resource/primefaces.js?ln=primefaces&v=4.0 HTTP/1.1" 304 -
191.111.47.8 - - [28/Mar/2024:22:42:08 -0500] "GET /sipse/faces/javax.faces.resource/layout/layout.js?ln=primefaces&v=4.0 HTTP/1.1" 304 -
191.111.47.8 - - [28/Mar/2024:22:42:08 -0500] "POST /sipse/faces/presentacion/financiero/solicitudProceso/listarSolicitudProceso.xhtml HTTP/1.1" 200 25347
191.111.47.8 - - [28/Mar/2024:22:42:09 -0500] "POST /sipse/faces/presentacion/financiero/solicitudProceso/listarSolicitudProceso.xhtml HTTP/1.1" 200 25347
191.111.47.8 - - [28/Mar/2024:22:42:09 -0500] "POST /sipse/faces/presentacion/financiero/solicitudProceso/listarSolicitudProceso.xhtml HTTP/1.1" 200 25347
191.111.47.8 - - [28/Mar/2024:22:42:09 -0500] "POST /sipse/faces/presentacion/financiero/solicitudProceso/listarSolicitudProceso.xhtml HTTP/1.1" 200 25347
191.111.47.8 - - [28/Mar/2024:22:42:10 -0500] "POST /sipse/faces/presentacion/financiero/solicitudProceso/listarSolicitudProceso.xhtml HTTP/1.1" 200 25347
191.111.47.8 - - [28/Mar/2024:22:42:10 -0500] "POST /sipse/faces/presentacion/financiero/solicitudProceso/listarSolicitudProceso.xhtml HTTP/1.1" 200 25347
191.111.47.8 - - [28/Mar/2024:22:42:10 -0500] "POST /sipse/faces/presentacion/financiero/solicitudProceso/listarSolicitudProceso.xhtml HTTP/1.1" 200 25347
191.111.47.8 - - [28/Mar/2024:22:42:11 -0500] "POST /sipse/faces/presentacion/financiero/solicitudProceso/listarSolicitudProceso.xhtml HTTP/1.1" 200 25347
191.111.47.8 - - [28/Mar/2024:22:42:11 -0500] "POST /sipse/faces/presentacion/financiero/solicitudProceso/listarSolicitudProceso.xhtml HTTP/1.1" 200 25347
191.111.47.8 - - [28/Mar/2024:22:42:11 -0500] "POST /sipse/faces/presentacion/financiero/solicitudProceso/listarSolicitudProceso.xhtml HTTP/1.1" 200 1376
191.111.47.8 - - [28/Mar/2024:22:42:12 -0500] "POST /sipse/faces/presentacion/financiero/solicitudProceso/listarSolicitudProceso.xhtml HTTP/1.1" 200 1384
191.111.47.8 - - [28/Mar/2024:22:42:12 -0500] "POST /sipse/faces/presentacion/financiero/solicitudProceso/listarSolicitudProceso.xhtml HTTP/1.1" 200 1384
191.111.47.8 - - [28/Mar/2024:22:42:12 -0500] "POST /sipse/faces/presentacion/financiero/solicitudProceso/listarSolicitudProceso.xhtml HTTP/1.1" 200 1384
191.111.47.8 - - [28/Mar/2024:22:42:12 -0500] "POST /sipse/faces/presentacion/financiero/solicitudProceso/listarSolicitudProceso.xhtml HTTP/1.1" 200 1384
191.111.47.8 - - [28/Mar/2024:22:42:12 -0500] "POST /sipse/faces/presentacion/financiero/solicitudProceso/listarSolicitudProceso.xhtml HTTP/1.1" 200 1384
191.111.47.8 - - [28/Mar/2024:22:42:13 -0500] "POST /sipse/faces/presentacion/financiero/solicitudProceso/listarSolicitudProceso.xhtml HTTP/1.1" 200 1384
191.111.47.8 - - [28/Mar/2024:22:42:13 -0500] "POST /sipse/faces/presentacion/financiero/solicitudProceso/listarSolicitudProceso.xhtml HTTP/1.1" 200 1384
191.111.47.8 - - [28/Mar/2024:22:42:13 -0500] "POST /sipse/faces/presentacion/financiero/solicitudProceso/listarSolicitudProceso.xhtml HTTP/1.1" 200 1384
191.111.47.8 - - [28/Mar/2024:22:42:13 -0500] "POST /sipse/faces/presentacion/financiero/solicitudProceso/listarSolicitudProceso.xhtml HTTP/1.1" 200 1384
186.29.81.44 - - [28/Mar/2024:22:42:18 -0500] "HEAD /BLA/resoluciones/RESOLUCIONES%202016/1325.pdf HTTP/1.1" 200 -
186.29.81.44 - - [28/Mar/2024:22:42:18 -0500] "GET /BLA/resoluciones/RESOLUCIONES%202016/1325.pdf HTTP/1.1" 200 677143
191.111.47.8 - - [28/Mar/2024:22:42:24 -0500] "POST /sipse/faces/presentacion/financiero/solicitudProceso/listarSolicitudProceso.xhtml HTTP/1.1" 200 4967
191.111.47.8 - - [28/Mar/2024:22:42:26 -0500] "POST /sipse/faces/presentacion/financiero/solicitudProceso/listarSolicitudProceso.xhtml HTTP/1.1" 200 141685
191.111.47.8 - - [28/Mar/2024:22:42:27 -0500] "GET /sipse/faces/javax.faces.resource/jquery/jquery.js?ln=primefaces&v=4.0 HTTP/1.1" 304 -
191.111.47.8 - - [28/Mar/2024:22:42:27 -0500] "GET /sipse/faces/javax.faces.resource/jquery/jquery-plugins.js?ln=primefaces&v=4.0 HTTP/1.1" 304 -
191.111.47.8 - - [28/Mar/2024:22:42:27 -0500] "GET /sipse/faces/javax.faces.resource/primefaces.js?ln=primefaces&v=4.0 HTTP/1.1" 304 -
191.111.47.8 - - [28/Mar/2024:22:42:27 -0500] "GET /sipse/faces/javax.faces.resource/layout/layout.js?ln=primefaces&v=4.0 HTTP/1.1" 304 -
191.111.47.8 - - [28/Mar/2024:22:42:27 -0500] "GET /sipse/faces/javax.faces.resource/dynamiccontent.properties?ln=primefaces&pfdrid=XjOR5%2F%2FfPAZAuY9TpWQeCiM0BhlXxYRBGKi%2FQcXXfeA%3D&pfdrid_c=false HTTP/1.1" 500 383
191.111.47.8 - - [28/Mar/2024:22:42:30 -0500] "POST /sipse/faces/presentacion/financiero/solicitudProceso/consultarSolicitudProceso.xhtml HTTP/1.1" 200 19890
191.111.47.8 - - [28/Mar/2024:22:42:30 -0500] "GET /sipse/faces/javax.faces.resource/jquery/jquery.js?ln=primefaces&v=4.0 HTTP/1.1" 304 -
191.111.47.8 - - [28/Mar/2024:22:42:30 -0500] "GET /sipse/faces/javax.faces.resource/theme.css?ln=primefaces-sipse HTTP/1.1" 304 -
191.111.47.8 - - [28/Mar/2024:22:42:30 -0500] "GET /sipse/faces/javax.faces.resource/jquery/jquery-plugins.js?ln=primefaces&v=4.0 HTTP/1.1" 304 -
191.111.47.8 - - [28/Mar/2024:22:42:30 -0500] "GET /sipse/faces/javax.faces.resource/primefaces.js?ln=primefaces&v=4.0 HTTP/1.1" 304 -
191.111.47.8 - - [28/Mar/2024:22:42:30 -0500] "GET /sipse/faces/javax.faces.resource/fileupload/fileupload.css?ln=primefaces&v=4.0 HTTP/1.1" 200 1330
191.111.47.8 - - [28/Mar/2024:22:42:30 -0500] "GET /sipse/faces/javax.faces.resource/layout/layout.css?ln=primefaces&v=4.0 HTTP/1.1" 200 542
191.111.47.8 - - [28/Mar/2024:22:42:30 -0500] "GET /sipse/faces/javax.faces.resource/layout/layout.js?ln=primefaces&v=4.0 HTTP/1.1" 304 -
191.111.47.8 - - [28/Mar/2024:22:42:30 -0500] "GET /sipse/faces/javax.faces.resource/fileupload/fileupload.js?ln=primefaces&v=4.0 HTTP/1.1" 304 -
191.111.47.8 - - [28/Mar/2024:22:42:30 -0500] "GET /sipse/faces/javax.faces.resource/primefaces.css?ln=primefaces&v=4.0 HTTP/1.1" 200 53295
191.111.47.8 - - [28/Mar/2024:22:42:30 -0500] "GET /sipse/faces/javax.faces.resource/images/ui-icons_898989_256x240.png?ln=primefaces-aristo HTTP/1.1" 200 5355
186.29.81.44 - - [28/Mar/2024:22:42:39 -0500] "HEAD /BLA/resoluciones/RESOLUCIONES%202016/1323.pdf HTTP/1.1" 200 -
186.29.81.44 - - [28/Mar/2024:22:42:40 -0500] "GET /BLA/resoluciones/RESOLUCIONES%202016/1323.pdf HTTP/1.1" 200 365305
191.111.47.8 - - [28/Mar/2024:22:42:42 -0500] "GET /sipse/faces/javax.faces.resource/primefaces.css?ln=primefaces&v=4.0 HTTP/1.1" 304 -
191.111.47.8 - - [28/Mar/2024:22:42:42 -0500] "GET /sipse/faces/javax.faces.resource/theme.css?ln=primefaces-sipse HTTP/1.1" 304 -
191.111.47.8 - - [28/Mar/2024:22:42:42 -0500] "GET /sipse/faces/javax.faces.resource/jquery/jquery.js?ln=primefaces&v=4.0 HTTP/1.1" 304 -
191.111.47.8 - - [28/Mar/2024:22:42:42 -0500] "GET /sipse/faces/javax.faces.resource/layout/layout.css?ln=primefaces&v=4.0 HTTP/1.1" 304 -
191.111.47.8 - - [28/Mar/2024:22:42:42 -0500] "GET /sipse/faces/javax.faces.resource/jquery/jquery-plugins.js?ln=primefaces&v=4.0 HTTP/1.1" 304 -
191.111.47.8 - - [28/Mar/2024:22:42:42 -0500] "GET /sipse/faces/javax.faces.resource/layout/layout.js?ln=primefaces&v=4.0 HTTP/1.1" 304 -
191.111.47.8 - - [28/Mar/2024:22:42:42 -0500] "GET /sipse/faces/javax.faces.resource/primefaces.js?ln=primefaces&v=4.0 HTTP/1.1" 304 -
191.111.47.8 - - [28/Mar/2024:22:42:41 -0500] "POST /sipse/faces/presentacion/sistema/anexos/cargarAnexoSolicitudProceso.xhtml HTTP/1.1" 200 189328
191.111.47.8 - - [28/Mar/2024:22:42:42 -0500] "GET /sipse/faces/javax.faces.resource/dynamiccontent.properties?ln=primefaces&pfdrid=XjOR5%2F%2FfPAZAuY9TpWQeCiM0BhlXxYRBGKi%2FQcXXfeA%3D&pfdrid_c=false HTTP/1.1" 500 383
191.111.47.8 - - [28/Mar/2024:22:42:42 -0500] "GET /sipse/faces/javax.faces.resource/images/ui-icons_898989_256x240.png?ln=primefaces-aristo HTTP/1.1" 304 -
191.111.47.8 - - [28/Mar/2024:22:42:47 -0500] "GET /sipse/faces/javax.faces.resource/images/ui-bg_flat_0_2d5972_40x100.png?ln=primefaces-aristo HTTP/1.1" 304 -
191.111.47.8 - - [28/Mar/2024:22:42:47 -0500] "POST /sipse/faces/presentacion/financiero/solicitudProceso/consultarSolicitudProceso.xhtml HTTP/1.1" 200 35574
191.111.47.8 - - [28/Mar/2024:22:42:49 -0500] "GET /sipse/faces/javax.faces.resource/jquery/jquery.js?ln=primefaces&v=4.0 HTTP/1.1" 304 -
191.111.47.8 - - [28/Mar/2024:22:42:49 -0500] "GET /sipse/faces/javax.faces.resource/jquery/jquery-plugins.js?ln=primefaces&v=4.0 HTTP/1.1" 304 -
191.111.47.8 - - [28/Mar/2024:22:42:49 -0500] "GET /sipse/faces/javax.faces.resource/primefaces.js?ln=primefaces&v=4.0 HTTP/1.1" 304 -
191.111.47.8 - - [28/Mar/2024:22:42:49 -0500] "GET /sipse/faces/javax.faces.resource/layout/layout.js?ln=primefaces&v=4.0 HTTP/1.1" 304 -
191.111.47.8 - - [28/Mar/2024:22:42:49 -0500] "GET /sipse/faces/javax.faces.resource/messages/messages.png?ln=primefaces&v=4.0 HTTP/1.1" 304 -
191.111.47.8 - - [28/Mar/2024:22:42:49 -0500] "POST /sipse/faces/presentacion/financiero/solicitudProceso/listarSolicitudProceso.xhtml HTTP/1.1" 200 1400
191.111.47.8 - - [28/Mar/2024:22:43:13 -0500] "POST /sipse/faces/presentacion/financiero/solicitudProceso/listarSolicitudProceso.xhtml HTTP/1.1" 200 28472
191.111.47.8 - - [28/Mar/2024:22:43:13 -0500] "POST /sipse/faces/presentacion/financiero/solicitudProceso/listarSolicitudProceso.xhtml HTTP/1.1" 200 28472
191.111.47.8 - - [28/Mar/2024:22:43:14 -0500] "POST /sipse/faces/presentacion/financiero/solicitudProceso/listarSolicitudProceso.xhtml HTTP/1.1" 200 1400
191.111.47.8 - - [28/Mar/2024:22:43:14 -0500] "POST /sipse/faces/presentacion/financiero/solicitudProceso/listarSolicitudProceso.xhtml HTTP/1.1" 200 1396
191.111.47.8 - - [28/Mar/2024:22:43:22 -0500] "POST /sipse/faces/presentacion/financiero/solicitudProceso/listarSolicitudProceso.xhtml HTTP/1.1" 200 31731
191.111.47.8 - - [28/Mar/2024:22:43:22 -0500] "POST /sipse/faces/presentacion/financiero/solicitudProceso/listarSolicitudProceso.xhtml HTTP/1.1" 200 43494
191.111.47.8 - - [28/Mar/2024:22:43:26 -0500] "POST /sipse/faces/presentacion/financiero/solicitudProceso/listarSolicitudProceso.xhtml HTTP/1.1" 200 16918
186.29.81.44 - - [28/Mar/2024:22:43:34 -0500] "HEAD /BLA/resoluciones/RESOLUCIONES%202016/1285.pdf HTTP/1.1" 200 -
191.111.47.8 - - [28/Mar/2024:22:43:33 -0500] "POST /sipse/faces/presentacion/financiero/solicitudProceso/listarSolicitudProceso.xhtml HTTP/1.1" 200 111162
191.111.47.8 - - [28/Mar/2024:22:43:34 -0500] "GET /sipse/faces/javax.faces.resource/jquery/jquery.js?ln=primefaces&v=4.0 HTTP/1.1" 304 -
191.111.47.8 - - [28/Mar/2024:22:43:34 -0500] "GET /sipse/faces/javax.faces.resource/jquery/jquery-plugins.js?ln=primefaces&v=4.0 HTTP/1.1" 304 -
191.111.47.8 - - [28/Mar/2024:22:43:34 -0500] "GET /sipse/faces/javax.faces.resource/primefaces.js?ln=primefaces&v=4.0 HTTP/1.1" 304 -
191.111.47.8 - - [28/Mar/2024:22:43:34 -0500] "GET /sipse/faces/javax.faces.resource/layout/layout.js?ln=primefaces&v=4.0 HTTP/1.1" 304 -
191.111.47.8 - - [28/Mar/2024:22:43:34 -0500] "GET /sipse/faces/javax.faces.resource/dynamiccontent.properties?ln=primefaces&pfdrid=XjOR5%2F%2FfPAZAuY9TpWQeCiM0BhlXxYRBGKi%2FQcXXfeA%3D&pfdrid_c=false HTTP/1.1" 500 383
186.29.81.44 - - [28/Mar/2024:22:43:34 -0500] "GET /BLA/resoluciones/RESOLUCIONES%202016/1285.pdf HTTP/1.1" 200 797887
191.111.47.8 - - [28/Mar/2024:22:43:39 -0500] "POST /sipse/faces/presentacion/financiero/solicitudProceso/consultarSolicitudProceso.xhtml HTTP/1.1" 200 62591
191.111.47.8 - - [28/Mar/2024:22:43:42 -0500] "GET /sipse/faces/javax.faces.resource/jquery/jquery.js?ln=primefaces&v=4.0 HTTP/1.1" 304 -
191.111.47.8 - - [28/Mar/2024:22:43:42 -0500] "GET /sipse/faces/javax.faces.resource/jquery/jquery-plugins.js?ln=primefaces&v=4.0 HTTP/1.1" 304 -
191.111.47.8 - - [28/Mar/2024:22:43:42 -0500] "GET /sipse/faces/javax.faces.resource/primefaces.js?ln=primefaces&v=4.0 HTTP/1.1" 304 -
191.111.47.8 - - [28/Mar/2024:22:43:42 -0500] "GET /sipse/faces/javax.faces.resource/layout/layout.js?ln=primefaces&v=4.0 HTTP/1.1" 304 -
191.111.47.8 - - [28/Mar/2024:22:43:42 -0500] "POST /sipse/faces/presentacion/financiero/solicitudProceso/listarSolicitudProceso.xhtml HTTP/1.1" 200 1560
172.22.2.4 - - [28/Mar/2024:22:43:44 -0500] "GET /BLA/boletinlegal/Directivas/2017/Directiva%20No.%2005%20del%2013%20de%20Junio%20de%202017.pdf HTTP/1.1" 304 -
188.130.142.147 - - [28/Mar/2024:22:43:44 -0500] "GET /BLA/resoluciones/AUTOS%202022/7847.pdf HTTP/1.1" 200 519514
186.29.81.44 - - [28/Mar/2024:22:43:58 -0500] "HEAD /BLA/resoluciones/RESOLUCIONES%202016/1254.pdf HTTP/1.1" 200 -
186.29.81.44 - - [28/Mar/2024:22:43:58 -0500] "GET /BLA/resoluciones/RESOLUCIONES%202016/1254.pdf HTTP/1.1" 200 623853
186.29.81.44 - - [28/Mar/2024:22:44:18 -0500] "HEAD /BLA/resoluciones/RESOLUCIONES%202016/1251.pdf HTTP/1.1" 200 -
186.29.81.44 - - [28/Mar/2024:22:44:19 -0500] "GET /BLA/resoluciones/RESOLUCIONES%202016/1251.pdf HTTP/1.1" 200 441101
186.29.81.44 - - [28/Mar/2024:22:44:34 -0500] "HEAD /BLA/resoluciones/RESOLUCIONES%202016/1249.pdf HTTP/1.1" 200 -
186.29.81.44 - - [28/Mar/2024:22:44:35 -0500] "GET /BLA/resoluciones/RESOLUCIONES%202016/1249.pdf HTTP/1.1" 200 892645
216.245.221.92 - - [28/Mar/2024:22:44:46 -0500] "HEAD / HTTP/1.1" 200 -
191.111.47.8 - - [28/Mar/2024:22:44:57 -0500] "POST /sipse/faces/presentacion/financiero/solicitudProceso/listarSolicitudProceso.xhtml HTTP/1.1" 200 41535
191.111.47.8 - - [28/Mar/2024:22:44:57 -0500] "GET /sipse/faces/javax.faces.resource/jquery/jquery.js?ln=primefaces&v=4.0 HTTP/1.1" 304 -
191.111.47.8 - - [28/Mar/2024:22:44:57 -0500] "GET /sipse/faces/javax.faces.resource/jquery/jquery-plugins.js?ln=primefaces&v=4.0 HTTP/1.1" 304 -
191.111.47.8 - - [28/Mar/2024:22:44:57 -0500] "GET /sipse/faces/javax.faces.resource/primefaces.js?ln=primefaces&v=4.0 HTTP/1.1" 304 -
191.111.47.8 - - [28/Mar/2024:22:44:57 -0500] "GET /sipse/faces/javax.faces.resource/layout/layout.js?ln=primefaces&v=4.0 HTTP/1.1" 304 -
191.111.47.8 - - [28/Mar/2024:22:44:57 -0500] "POST /sipse/faces/presentacion/financiero/solicitudProceso/consultar.xhtml HTTP/1.1" 200 34952
191.111.47.8 - - [28/Mar/2024:22:44:58 -0500] "POST /sipse/faces/presentacion/financiero/solicitudProceso/consultar.xhtml HTTP/1.1" 200 34952
191.111.47.8 - - [28/Mar/2024:22:44:58 -0500] "POST /sipse/faces/presentacion/financiero/solicitudProceso/consultar.xhtml HTTP/1.1" 200 34952
186.29.81.44 - - [28/Mar/2024:22:45:00 -0500] "HEAD /BLA/resoluciones/RESOLUCIONES%202016/1227.pdf HTTP/1.1" 200 -
186.29.81.44 - - [28/Mar/2024:22:45:00 -0500] "GET /BLA/resoluciones/RESOLUCIONES%202016/1227.pdf HTTP/1.1" 200 645131
191.111.47.8 - - [28/Mar/2024:22:44:59 -0500] "POST /sipse/faces/presentacion/financiero/solicitudProceso/consultar.xhtml HTTP/1.1" 200 140575
191.111.47.8 - - [28/Mar/2024:22:45:00 -0500] "GET /sipse/faces/javax.faces.resource/jquery/jquery.js?ln=primefaces&v=4.0 HTTP/1.1" 304 -
191.111.47.8 - - [28/Mar/2024:22:45:01 -0500] "GET /sipse/faces/javax.faces.resource/jquery/jquery-plugins.js?ln=primefaces&v=4.0 HTTP/1.1" 304 -
191.111.47.8 - - [28/Mar/2024:22:45:01 -0500] "GET /sipse/faces/javax.faces.resource/primefaces.js?ln=primefaces&v=4.0 HTTP/1.1" 304 -
191.111.47.8 - - [28/Mar/2024:22:45:01 -0500] "GET /sipse/faces/javax.faces.resource/layout/layout.js?ln=primefaces&v=4.0 HTTP/1.1" 304 -
191.111.47.8 - - [28/Mar/2024:22:45:01 -0500] "GET /sipse/faces/javax.faces.resource/dynamiccontent.properties?ln=primefaces&pfdrid=XjOR5%2F%2FfPAZAuY9TpWQeCiM0BhlXxYRBGKi%2FQcXXfeA%3D&pfdrid_c=false HTTP/1.1" 500 383
172.22.2.4 - - [28/Mar/2024:22:43:24 -0500] "HEAD /BLA/boletinlegal/ HTTP/1.1" 200 -
186.29.81.44 - - [28/Mar/2024:22:45:20 -0500] "HEAD /BLA/resoluciones/RESOLUCIONES%202016/1226.pdf HTTP/1.1" 200 -
186.29.81.44 - - [28/Mar/2024:22:45:20 -0500] "GET /BLA/resoluciones/RESOLUCIONES%202016/1226.pdf HTTP/1.1" 200 640684
191.156.235.108 - - [28/Mar/2024:22:45:21 -0500] "GET /semana-santa-caminos-de-los-cerros-siguen-cerrados-de-forma-preventiva.html?fbclid=PAAaY9XyaQrJdNLIK90Ew4D5ttv5750BX6GH-GOjQjrUbCbyMtZR_IjJV9bVA HTTP/1.1" 200 909
172.22.2.4 - - [28/Mar/2024:22:44:15 -0500] "GET /BLA/boletinlegal/ HTTP/1.1" 200 59583
186.29.81.44 - - [28/Mar/2024:22:46:03 -0500] "HEAD /BLA/resoluciones/RESOLUCIONES%202016/1217.pdf HTTP/1.1" 200 -
186.29.81.44 - - [28/Mar/2024:22:46:03 -0500] "GET /BLA/resoluciones/RESOLUCIONES%202016/1217.pdf HTTP/1.1" 200 1026493
201.245.192.253 - - [28/Mar/2024:22:46:55 -0500] "POST /kwsrmcab/Wsrmcab  HTTP/1.1" 200 39660
40.77.167.68 - - [28/Mar/2024:22:46:56 -0500] "GET /Publicaciones/2024EE59866.pdf HTTP/1.1" 404 227
186.29.81.44 - - [28/Mar/2024:22:48:19 -0500] "HEAD /BLA/resoluciones/RESOLUCIONES%202016/1120.pdf HTTP/1.1" 200 -
186.29.81.44 - - [28/Mar/2024:22:48:19 -0500] "GET /BLA/resoluciones/RESOLUCIONES%202016/1120.pdf HTTP/1.1" 200 616660
186.29.81.44 - - [28/Mar/2024:22:48:37 -0500] "HEAD /BLA/resoluciones/RESOLUCIONES%202016/1110.pdf HTTP/1.1" 200 -
186.29.81.44 - - [28/Mar/2024:22:48:37 -0500] "GET /BLA/resoluciones/RESOLUCIONES%202016/1110.pdf HTTP/1.1" 200 443014
186.29.81.44 - - [28/Mar/2024:22:48:56 -0500] "HEAD /BLA/resoluciones/RESOLUCIONES%202016/1036.pdf HTTP/1.1" 200 -
186.29.81.44 - - [28/Mar/2024:22:48:56 -0500] "GET /BLA/resoluciones/RESOLUCIONES%202016/1036.pdf HTTP/1.1" 200 409179
186.29.81.44 - - [28/Mar/2024:22:49:12 -0500] "HEAD /BLA/resoluciones/RESOLUCIONES%202016/1025.pdf HTTP/1.1" 200 -
186.29.81.44 - - [28/Mar/2024:22:49:13 -0500] "GET /BLA/resoluciones/RESOLUCIONES%202016/1025.pdf HTTP/1.1" 200 1146033
186.29.81.44 - - [28/Mar/2024:22:49:29 -0500] "HEAD /BLA/resoluciones/RESOLUCIONES%202016/1017.pdf HTTP/1.1" 200 -
186.29.81.44 - - [28/Mar/2024:22:49:30 -0500] "GET /BLA/resoluciones/RESOLUCIONES%202016/1017.pdf HTTP/1.1" 200 418753
216.245.221.92 - - [28/Mar/2024:22:49:46 -0500] "HEAD / HTTP/1.1" 200 -
186.29.81.44 - - [28/Mar/2024:22:49:52 -0500] "HEAD /BLA/resoluciones/RESOLUCIONES%202016/1015.pdf HTTP/1.1" 200 -
186.29.81.44 - - [28/Mar/2024:22:49:52 -0500] "GET /BLA/resoluciones/RESOLUCIONES%202016/1015.pdf HTTP/1.1" 200 430250
186.29.81.44 - - [28/Mar/2024:22:50:13 -0500] "HEAD /BLA/resoluciones/RESOLUCIONES%202016/1014.pdf HTTP/1.1" 200 -
186.29.81.44 - - [28/Mar/2024:22:50:13 -0500] "GET /BLA/resoluciones/RESOLUCIONES%202016/1014.pdf HTTP/1.1" 200 447747
40.77.167.59 - - [28/Mar/2024:22:50:28 -0500] "GET /BLA/resoluciones/RESOLUCIONES%202021/1890.pdf HTTP/1.1" 200 1003160
186.29.81.44 - - [28/Mar/2024:22:50:34 -0500] "HEAD /BLA/resoluciones/RESOLUCIONES%202016/0956.pdf HTTP/1.1" 200 -
186.29.81.44 - - [28/Mar/2024:22:50:34 -0500] "GET /BLA/resoluciones/RESOLUCIONES%202016/0956.pdf HTTP/1.1" 200 5455637
66.249.66.39 - - [28/Mar/2024:22:50:53 -0500] "GET /distrito-lanza-la-patrulla-cazachimeneas-un-vehiculo-que-hara-seguimiento-a-fuentes-moviles-contaminantes.html HTTP/1.1" 200 1010
172.22.2.4 - - [28/Mar/2024:22:49:14 -0500] "HEAD /BLA/boletinlegal/ HTTP/1.1" 200 -
172.22.2.4 - - [28/Mar/2024:22:50:05 -0500] "GET /BLA/boletinlegal/ HTTP/1.1" 200 58273
201.245.192.253 - - [28/Mar/2024:22:51:54 -0500] "POST /kwsrmcab/Wsrmcab  HTTP/1.1" 200 39660
186.29.81.44 - - [28/Mar/2024:22:51:58 -0500] "HEAD /BLA/resoluciones/RESOLUCIONES%202016/0951.pdf HTTP/1.1" 200 -
186.29.81.44 - - [28/Mar/2024:22:51:58 -0500] "GET /BLA/resoluciones/RESOLUCIONES%202016/0951.pdf HTTP/1.1" 200 511433
186.29.81.44 - - [28/Mar/2024:22:52:13 -0500] "HEAD /BLA/resoluciones/RESOLUCIONES%202016/0933.pdf HTTP/1.1" 200 -
186.29.81.44 - - [28/Mar/2024:22:52:14 -0500] "GET /BLA/resoluciones/RESOLUCIONES%202016/0933.pdf HTTP/1.1" 200 484403
172.22.2.4 - - [28/Mar/2024:22:51:58 -0500] "GET /BLA/boletinlegal/ HTTP/1.1" 200 32715
40.77.167.78 - - [28/Mar/2024:22:53:24 -0500] "GET /BLA/resoluciones/RESOLUCIONES%202019/0495.pdf HTTP/1.1" 200 303564
186.29.81.44 - - [28/Mar/2024:22:53:42 -0500] "HEAD /BLA/resoluciones/RESOLUCIONES%202016/0859.pdf HTTP/1.1" 200 -
186.29.81.44 - - [28/Mar/2024:22:53:43 -0500] "GET /BLA/resoluciones/RESOLUCIONES%202016/0859.pdf HTTP/1.1" 200 636643
186.29.81.44 - - [28/Mar/2024:22:54:00 -0500] "HEAD /BLA/resoluciones/RESOLUCIONES%202016/0858.pdf HTTP/1.1" 200 -
186.29.81.44 - - [28/Mar/2024:22:54:01 -0500] "GET /BLA/resoluciones/RESOLUCIONES%202016/0858.pdf HTTP/1.1" 200 680942
66.249.66.19 - - [28/Mar/2024:22:54:37 -0500] "GET /Publicaciones/2024EE12651.pdf HTTP/1.1" 404 227
186.29.81.44 - - [28/Mar/2024:22:54:38 -0500] "HEAD /BLA/resoluciones/RESOLUCIONES%202016/0843.pdf HTTP/1.1" 200 -
186.29.81.44 - - [28/Mar/2024:22:54:38 -0500] "GET /BLA/resoluciones/RESOLUCIONES%202016/0843.pdf HTTP/1.1" 200 666894
216.244.66.195 - - [28/Mar/2024:22:54:44 -0500] "GET /robots.txt HTTP/1.1" 404 1018
216.245.221.92 - - [28/Mar/2024:22:54:46 -0500] "HEAD / HTTP/1.1" 200 -
186.29.81.44 - - [28/Mar/2024:22:54:54 -0500] "HEAD /BLA/resoluciones/RESOLUCIONES%202016/0788.pdf HTTP/1.1" 200 -
186.29.81.44 - - [28/Mar/2024:22:54:54 -0500] "GET /BLA/resoluciones/RESOLUCIONES%202016/0788.pdf HTTP/1.1" 200 563879
66.249.66.39 - - [28/Mar/2024:22:54:58 -0500] "GET /distrito-declara-alerta-fase-1-por-calidad-del-aire-en-toda-la-ciudad.html HTTP/1.1" 200 838
186.29.81.44 - - [28/Mar/2024:22:55:11 -0500] "HEAD /BLA/resoluciones/RESOLUCIONES%202016/0787.pdf HTTP/1.1" 200 -
186.29.81.44 - - [28/Mar/2024:22:55:11 -0500] "GET /BLA/resoluciones/RESOLUCIONES%202016/0787.pdf HTTP/1.1" 200 403171
66.249.66.21 - - [28/Mar/2024:22:55:23 -0500] "GET /siipev/Diseno%20de%20Elementos%20de%20Mobiliario%20Urbano/Otros%20Elementos/PARTE%20B/Dise%C3%B1o%20de%20Elementos%20M60-M63.pdf HTTP/1.1" 304 -
186.29.81.44 - - [28/Mar/2024:22:55:25 -0500] "HEAD /BLA/resoluciones/RESOLUCIONES%202016/0786.pdf HTTP/1.1" 200 -
186.29.81.44 - - [28/Mar/2024:22:55:26 -0500] "GET /BLA/resoluciones/RESOLUCIONES%202016/0786.pdf HTTP/1.1" 200 836216
186.29.81.44 - - [28/Mar/2024:22:55:41 -0500] "GET /BLA/resoluciones/RESOLUCIONES%202016/0776.pdf HTTP/1.1" 200 725169
186.29.81.44 - - [28/Mar/2024:22:55:57 -0500] "HEAD /BLA/resoluciones/RESOLUCIONES%202016/0761.pdf HTTP/1.1" 200 -
186.29.81.44 - - [28/Mar/2024:22:55:57 -0500] "GET /BLA/resoluciones/RESOLUCIONES%202016/0761.pdf HTTP/1.1" 200 627088
186.29.81.44 - - [28/Mar/2024:22:56:16 -0500] "HEAD /BLA/resoluciones/RESOLUCIONES%202016/0469.pdf HTTP/1.1" 200 -
186.29.81.44 - - [28/Mar/2024:22:56:16 -0500] "GET /BLA/resoluciones/RESOLUCIONES%202016/0469.pdf HTTP/1.1" 200 691283
40.77.167.4 - - [28/Mar/2024:22:56:19 -0500] "GET /BLA/resoluciones/RESOLUCIONES%202022/3380.pdf HTTP/1.1" 200 510347
52.167.144.184 - - [28/Mar/2024:22:56:28 -0500] "GET /BLA/resoluciones/RESOLUCIONES%202021/3621.pdf HTTP/1.1" 200 440602
66.249.66.19 - - [28/Mar/2024:22:56:37 -0500] "GET /BLA/resoluciones/Notificaciones/REGISTROS%202022/02511.pdf HTTP/1.1" 200 274383
172.22.2.4 - - [28/Mar/2024:22:55:04 -0500] "HEAD /BLA/boletinlegal/ HTTP/1.1" 200 -
201.245.192.253 - - [28/Mar/2024:22:56:52 -0500] "POST /kwsrmcab/Wsrmcab  HTTP/1.1" 200 39660
186.29.81.44 - - [28/Mar/2024:22:57:04 -0500] "HEAD /BLA/resoluciones/RESOLUCIONES%202016/0334.pdf HTTP/1.1" 200 -
186.29.81.44 - - [28/Mar/2024:22:57:04 -0500] "GET /BLA/resoluciones/RESOLUCIONES%202016/0334.pdf HTTP/1.1" 200 1584850
186.29.81.44 - - [28/Mar/2024:22:57:25 -0500] "HEAD /BLA/resoluciones/RESOLUCIONES%202016/0309.pdf HTTP/1.1" 200 -
186.29.81.44 - - [28/Mar/2024:22:57:26 -0500] "GET /BLA/resoluciones/RESOLUCIONES%202016/0309.pdf HTTP/1.1" 200 1025227
172.22.2.4 - - [28/Mar/2024:22:55:55 -0500] "GET /BLA/boletinlegal/ HTTP/1.1" 200 59083
186.29.81.44 - - [28/Mar/2024:22:57:43 -0500] "HEAD /BLA/resoluciones/RESOLUCIONES%202016/0267.pdf HTTP/1.1" 200 -
186.29.81.44 - - [28/Mar/2024:22:57:43 -0500] "GET /BLA/resoluciones/RESOLUCIONES%202016/0267.pdf HTTP/1.1" 200 1637745
186.29.81.44 - - [28/Mar/2024:22:58:01 -0500] "HEAD /BLA/resoluciones/RESOLUCIONES%202016/0252.pdf HTTP/1.1" 200 -
186.29.81.44 - - [28/Mar/2024:22:58:01 -0500] "GET /BLA/resoluciones/RESOLUCIONES%202016/0252.pdf HTTP/1.1" 200 1140268
186.29.81.44 - - [28/Mar/2024:22:58:30 -0500] "HEAD /BLA/resoluciones/RESOLUCIONES%202016/0251.pdf HTTP/1.1" 200 -
186.29.81.44 - - [28/Mar/2024:22:58:30 -0500] "GET /BLA/resoluciones/RESOLUCIONES%202016/0251.pdf HTTP/1.1" 200 1218725
186.29.81.44 - - [28/Mar/2024:22:58:50 -0500] "HEAD /BLA/resoluciones/RESOLUCIONES%202016/0207.pdf HTTP/1.1" 200 -
186.29.81.44 - - [28/Mar/2024:22:58:50 -0500] "GET /BLA/resoluciones/RESOLUCIONES%202016/0207.pdf HTTP/1.1" 200 1137027
66.249.66.38 - - [28/Mar/2024:22:59:04 -0500] "GET /durante-la- HTTP/1.1" 404 1034
186.29.81.44 - - [28/Mar/2024:22:59:20 -0500] "HEAD /BLA/resoluciones/RESOLUCIONES%202016/0196.pdf HTTP/1.1" 200 -
186.29.81.44 - - [28/Mar/2024:22:59:20 -0500] "GET /BLA/resoluciones/RESOLUCIONES%202016/0196.pdf HTTP/1.1" 200 1009008
40.77.167.46 - - [28/Mar/2024:22:59:25 -0500] "GET /BLA/resoluciones/RESOLUCIONES%202022/2799.pdf HTTP/1.1" 200 432723
186.29.81.44 - - [28/Mar/2024:22:59:36 -0500] "HEAD /BLA/resoluciones/RESOLUCIONES%202016/0193.pdf HTTP/1.1" 200 -
186.29.81.44 - - [28/Mar/2024:22:59:37 -0500] "GET /BLA/resoluciones/RESOLUCIONES%202016/0193.pdf HTTP/1.1" 200 981497
216.245.221.92 - - [28/Mar/2024:22:59:46 -0500] "HEAD / HTTP/1.1" 200 -
186.29.81.44 - - [28/Mar/2024:22:59:55 -0500] "HEAD /BLA/resoluciones/RESOLUCIONES%202016/0192.pdf HTTP/1.1" 200 -
186.29.81.44 - - [28/Mar/2024:22:59:55 -0500] "GET /BLA/resoluciones/RESOLUCIONES%202016/0192.pdf HTTP/1.1" 200 677088
146.19.24.28 - - [28/Mar/2024:23:00:04 -0500] "GET / HTTP/1.1" 200 319
186.29.81.44 - - [28/Mar/2024:23:00:10 -0500] "HEAD /BLA/resoluciones/RESOLUCIONES%202016/0156.pdf HTTP/1.1" 200 -
186.29.81.44 - - [28/Mar/2024:23:00:10 -0500] "GET /BLA/resoluciones/RESOLUCIONES%202016/0156.pdf HTTP/1.1" 200 1542479
186.29.81.44 - - [28/Mar/2024:23:00:28 -0500] "HEAD /BLA/resoluciones/RESOLUCIONES%202016/0147.pdf HTTP/1.1" 200 -
186.29.81.44 - - [28/Mar/2024:23:00:28 -0500] "GET /BLA/resoluciones/RESOLUCIONES%202016/0147.pdf HTTP/1.1" 200 790346
186.29.81.44 - - [28/Mar/2024:23:00:45 -0500] "HEAD /BLA/resoluciones/RESOLUCIONES%202016/0146.pdf HTTP/1.1" 200 -
186.29.81.44 - - [28/Mar/2024:23:00:45 -0500] "GET /BLA/resoluciones/RESOLUCIONES%202016/0146.pdf HTTP/1.1" 200 1414563
186.29.81.44 - - [28/Mar/2024:23:01:18 -0500] "HEAD /BLA/resoluciones/RESOLUCIONES%202016/0111.pdf HTTP/1.1" 200 -
186.29.81.44 - - [28/Mar/2024:23:01:19 -0500] "GET /BLA/resoluciones/RESOLUCIONES%202016/0111.pdf HTTP/1.1" 200 1194885
40.77.167.4 - - [28/Mar/2024:23:01:28 -0500] "GET /BLA/resoluciones/RESOLUCIONES%202021/1752.pdf HTTP/1.1" 200 678012
186.29.81.44 - - [28/Mar/2024:23:01:36 -0500] "HEAD /BLA/resoluciones/RESOLUCIONES%202016/0110.pdf HTTP/1.1" 200 -
186.29.81.44 - - [28/Mar/2024:23:01:37 -0500] "GET /BLA/resoluciones/RESOLUCIONES%202016/0110.pdf HTTP/1.1" 200 1523696
201.245.192.253 - - [28/Mar/2024:23:01:50 -0500] "POST /kwsrmcab/Wsrmcab  HTTP/1.1" 200 39660
186.29.81.44 - - [28/Mar/2024:23:01:54 -0500] "HEAD /BLA/resoluciones/RESOLUCIONES%202016/0094.pdf HTTP/1.1" 200 -
186.29.81.44 - - [28/Mar/2024:23:01:54 -0500] "GET /BLA/resoluciones/RESOLUCIONES%202016/0094.pdf HTTP/1.1" 200 1365472
172.22.2.4 - - [28/Mar/2024:23:00:54 -0500] "HEAD /BLA/boletinlegal/ HTTP/1.1" 200 -
172.22.2.4 - - [28/Mar/2024:23:01:45 -0500] "GET /BLA/boletinlegal/ HTTP/1.1" 200 59967
216.245.221.92 - - [28/Mar/2024:23:04:46 -0500] "HEAD / HTTP/1.1" 200 -
172.22.2.4 - - [28/Mar/2024:23:03:48 -0500] "GET /BLA/boletinlegal/ HTTP/1.1" 200 62310
40.77.167.10 - - [28/Mar/2024:23:05:54 -0500] "GET /Publicaciones/2024EE54759.pdf HTTP/1.1" 404 227
40.77.167.59 - - [28/Mar/2024:23:06:08 -0500] "GET /BLA/resoluciones/RESOLUCIONES%202021/0574.pdf HTTP/1.1" 200 545143
47.128.45.148 - - [28/Mar/2024:23:06:15 -0500] "GET /BLA/resoluciones/AUTOS%202021/0245.php?act=f&d=E%3A%5Cnuevo%5Chtdocs%5Cbogotacumbredelclima%5C&f=wp-blog-header.php&ft=download HTTP/1.1" 200 271
47.128.112.56 - - [28/Mar/2024:23:05:51 -0500] "GET /BLA/resoluciones/AUTOS%202021/0245.php?act=f&d=E%3A%5Cnuevo%5Chtdocs%5CBLA%5Cresoluciones%5CAUTOS+2021%5C&f=6611.pdf&ft=html&white=1 HTTP/1.1" 200 327751
47.128.112.78 - - [28/Mar/2024:23:06:41 -0500] "GET /BLA/resoluciones/AUTOS%202021/0245.php?act=img&img=ext_pdf HTTP/1.1" 200 1034
47.128.112.78 - - [28/Mar/2024:23:06:42 -0500] "GET /BLA/resoluciones/AUTOS%202021/0245.php?act=img&img=ext_gif HTTP/1.1" 200 175
47.128.112.78 - - [28/Mar/2024:23:06:42 -0500] "GET /BLA/resoluciones/AUTOS%202021/0245.php?act=img&img=ext_html HTTP/1.1" 200 230
47.128.112.78 - - [28/Mar/2024:23:06:42 -0500] "GET /BLA/resoluciones/AUTOS%202021/0245.php?act=img&img=ext_txt HTTP/1.1" 200 132
47.128.112.78 - - [28/Mar/2024:23:06:42 -0500] "GET /BLA/resoluciones/AUTOS%202021/0245.php?act=img&img=ext_diz HTTP/1.1" 200 1027
47.128.112.78 - - [28/Mar/2024:23:06:42 -0500] "GET /BLA/resoluciones/AUTOS%202021/0245.php?act=img&img=ext_exe HTTP/1.1" 200 118
47.128.112.78 - - [28/Mar/2024:23:06:42 -0500] "GET /BLA/resoluciones/AUTOS%202021/0245.php?act=img&img=ext_ini HTTP/1.1" 200 134
47.128.112.78 - - [28/Mar/2024:23:06:42 -0500] "GET /BLA/resoluciones/AUTOS%202021/0245.php?act=img&img=change HTTP/1.1" 200 290
47.128.112.78 - - [28/Mar/2024:23:06:42 -0500] "GET /BLA/resoluciones/AUTOS%202021/0245.php?act=img&img=download HTTP/1.1" 200 161
47.128.112.78 - - [28/Mar/2024:23:06:42 -0500] "GET /BLA/resoluciones/AUTOS%202021/0245.php?act=img&img=ext_rtf HTTP/1.1" 200 164
47.128.112.78 - - [28/Mar/2024:23:06:40 -0500] "GET /BLA/resoluciones/AUTOS%202021/0245.php?act=f&d=E%3A%5Cnuevo%5Chtdocs%5CBLA%5Cresoluciones%5CAUTOS+2021%5C&f=0482.pdf&ft=code HTTP/1.1" 200 558478
201.245.192.253 - - [28/Mar/2024:23:06:48 -0500] "POST /kwsrmcab/Wsrmcab  HTTP/1.1" 200 39660
47.128.44.83 - - [28/Mar/2024:23:07:04 -0500] "GET /BLA/resoluciones/AUTOS%202021/0245.php?act=f&d=E%3A%5Cnuevo%5Chtdocs%5CBLA%5Cresoluciones%5CAUTOS+2021&f=5324.pdf&ft=info HTTP/1.1" 200 3848
47.128.44.83 - - [28/Mar/2024:23:07:05 -0500] "GET /BLA/resoluciones/AUTOS%202021/0245.php?act=img&img=ext_exe HTTP/1.1" 200 118
47.128.44.83 - - [28/Mar/2024:23:07:05 -0500] "GET /BLA/resoluciones/AUTOS%202021/0245.php?act=img&img=ext_rtf HTTP/1.1" 200 164
47.128.44.83 - - [28/Mar/2024:23:07:05 -0500] "GET /BLA/resoluciones/AUTOS%202021/0245.php?act=img&img=ext_pdf HTTP/1.1" 200 1034
47.128.44.83 - - [28/Mar/2024:23:07:05 -0500] "GET /BLA/resoluciones/AUTOS%202021/0245.php?act=img&img=ext_gif HTTP/1.1" 200 175
47.128.44.83 - - [28/Mar/2024:23:07:05 -0500] "GET /BLA/resoluciones/AUTOS%202021/0245.php?act=img&img=ext_html HTTP/1.1" 200 230
47.128.44.83 - - [28/Mar/2024:23:07:05 -0500] "GET /BLA/resoluciones/AUTOS%202021/0245.php?act=img&img=ext_diz HTTP/1.1" 200 1027
47.128.44.83 - - [28/Mar/2024:23:07:05 -0500] "GET /BLA/resoluciones/AUTOS%202021/0245.php?act=img&img=ext_txt HTTP/1.1" 200 132
47.128.44.83 - - [28/Mar/2024:23:07:05 -0500] "GET /BLA/resoluciones/AUTOS%202021/0245.php?act=img&img=download HTTP/1.1" 200 161
47.128.44.83 - - [28/Mar/2024:23:07:05 -0500] "GET /BLA/resoluciones/AUTOS%202021/0245.php?act=img&img=ext_ini HTTP/1.1" 200 134
47.128.44.83 - - [28/Mar/2024:23:07:05 -0500] "GET /BLA/resoluciones/AUTOS%202021/0245.php?act=img&img=change HTTP/1.1" 200 290
40.77.167.10 - - [28/Mar/2024:23:07:46 -0500] "GET /BLA/resoluciones/RESOLUCIONES%202022/0191.pdf HTTP/1.1" 200 501821
66.249.66.19 - - [28/Mar/2024:23:08:15 -0500] "GET /BLA/resoluciones/RESOLUCIONES%202011/1371.pdf HTTP/1.1" 200 519061
172.22.2.4 - - [28/Mar/2024:23:06:44 -0500] "HEAD /BLA/boletinlegal/ HTTP/1.1" 200 -
172.22.2.4 - - [28/Mar/2024:23:07:35 -0500] "GET /BLA/boletinlegal/ HTTP/1.1" 200 58273
66.249.66.21 - - [28/Mar/2024:23:09:38 -0500] "GET /BLA/resoluciones/Notificaciones/RESOLUCIONES%202023/429.pdf HTTP/1.1" 304 -
216.245.221.92 - - [28/Mar/2024:23:09:46 -0500] "HEAD / HTTP/1.1" 200 -
114.119.135.199 - - [28/Mar/2024:23:10:33 -0500] "GET /galeria/galeria/fotos/1GuaymaralTorcaP1.jpg HTTP/1.1" 200 9512
201.245.192.253 - - [28/Mar/2024:23:11:47 -0500] "POST /kwsrmcab/Wsrmcab  HTTP/1.1" 200 39660
114.119.138.107 - - [28/Mar/2024:23:11:53 -0500] "GET /BLA/resoluciones/index.php?dir=Notificaciones/AUTOS%2B2029/&sort=size&order=asc HTTP/1.1" 200 14353
66.249.66.20 - - [28/Mar/2024:23:12:19 -0500] "GET /resoluciones/RESOLUCIONES%202008/1916.pdf HTTP/1.1" 404 1018
