186.102.94.74 - - [28/Mar/2024:21:53:20 -0500] "GET /sipse/faces/javax.faces.resource/theme.css?ln=primefaces-sipse HTTP/1.1" 304 -
186.102.94.74 - - [28/Mar/2024:21:53:20 -0500] "GET /sipse/faces/javax.faces.resource/layout/layout.css?ln=primefaces&v=4.0 HTTP/1.1" 304 -
186.102.94.74 - - [28/Mar/2024:21:53:20 -0500] "GET /sipse/faces/javax.faces.resource/theme.css?ln=primefaces-sipse HTTP/1.1" 200 50058
186.102.94.74 - - [28/Mar/2024:21:53:20 -0500] "GET /sipse/faces/javax.faces.resource/primefaces.css?ln=primefaces&v=4.0 HTTP/1.1" 200 53295
186.102.94.74 - - [28/Mar/2024:21:53:20 -0500] "GET /sipse/faces/javax.faces.resource/jquery/jquery.js?ln=primefaces&v=4.0 HTTP/1.1" 200 105384
186.102.94.74 - - [28/Mar/2024:21:53:20 -0500] "GET /sipse/faces/javax.faces.resource/primefaces.js?ln=primefaces&v=4.0 HTTP/1.1" 200 17695
186.102.94.74 - - [28/Mar/2024:21:53:20 -0500] "GET /sipse/faces/javax.faces.resource/jquery/jquery-plugins.js?ln=primefaces&v=4.0 HTTP/1.1" 200 172032
186.102.94.74 - - [28/Mar/2024:21:53:21 -0500] "GET /sipse/faces/faces/faces/faces/autenticacion.xhtml HTTP/1.1" 200 12410
186.102.94.74 - - [28/Mar/2024:21:53:21 -0500] "GET /sipse/faces/javax.faces.resource/theme.css?ln=primefaces-sipse HTTP/1.1" 304 -
186.102.94.74 - - [28/Mar/2024:21:53:21 -0500] "GET /sipse/faces/javax.faces.resource/primefaces.css?ln=primefaces&v=4.0 HTTP/1.1" 304 -
186.102.94.74 - - [28/Mar/2024:21:53:21 -0500] "GET /sipse/faces/javax.faces.resource/layout/layout.css?ln=primefaces&v=4.0 HTTP/1.1" 304 -
186.102.94.74 - - [28/Mar/2024:21:53:21 -0500] "GET /sipse/faces/javax.faces.resource/jquery/jquery.js?ln=primefaces&v=4.0 HTTP/1.1" 304 -
186.102.94.74 - - [28/Mar/2024:21:53:21 -0500] "GET /sipse/faces/javax.faces.resource/layout/layout.js?ln=primefaces&v=4.0 HTTP/1.1" 200 87560
186.102.94.74 - - [28/Mar/2024:21:53:21 -0500] "GET /sipse/faces/javax.faces.resource/jquery/jquery-plugins.js?ln=primefaces&v=4.0 HTTP/1.1" 200 220526
186.102.94.74 - - [28/Mar/2024:21:53:21 -0500] "GET /sipse/faces/javax.faces.resource/primefaces.js?ln=primefaces&v=4.0 HTTP/1.1" 200 276924
186.102.94.74 - - [28/Mar/2024:21:53:22 -0500] "GET /sipse/faces/javax.faces.resource/images/ui-icons_898989_256x240.png?ln=primefaces-aristo HTTP/1.1" 304 -
186.102.94.74 - - [28/Mar/2024:21:53:22 -0500] "GET /sipse/css/imagen/loginimg.png HTTP/1.1" 200 71635
186.102.94.74 - - [28/Mar/2024:21:53:22 -0500] "GET /sipse/css/imagen/logoSDG.png HTTP/1.1" 200 53064
172.22.2.4 - - [28/Mar/2024:21:51:43 -0500] "GET /BLA/boletinlegal/ HTTP/1.1" 200 58720
52.167.144.205 - - [28/Mar/2024:21:53:34 -0500] "GET /BLA/resoluciones/RESOLUCIONES%202022/0562.pdf HTTP/1.1" 200 472267
66.249.66.166 - - [28/Mar/2024:21:53:41 -0500] "GET /portaldeninos/corresponsal-ambiental/ HTTP/1.1" 200 93768
216.245.221.92 - - [28/Mar/2024:21:54:46 -0500] "HEAD / HTTP/1.1" 200 -
191.156.59.224 - - [28/Mar/2024:21:54:57 -0500] "GET /sipse/faces/index.xhtml HTTP/1.1" 200 677
191.156.59.224 - - [28/Mar/2024:21:54:57 -0500] "GET /sipse/faces/javax.faces.resource/theme.css?ln=primefaces-sipse HTTP/1.1" 200 50058
191.156.59.130 - - [28/Mar/2024:21:55:00 -0500] "GET /sipse/css/custom_css_sg.css HTTP/1.1" 200 9694
191.156.61.36 - - [28/Mar/2024:21:55:00 -0500] "GET /sipse/js/disable_browser_buttons.js HTTP/1.1" 200 3230
191.156.59.130 - - [28/Mar/2024:21:55:00 -0500] "GET /sipse/css/custom_css_sg_prime_login.css HTTP/1.1" 200 443
191.156.55.213 - - [28/Mar/2024:21:55:00 -0500] "GET /sipse/faces/javax.faces.resource/layout/layout.css?ln=primefaces&v=4.0 HTTP/1.1" 200 542
191.156.59.224 - - [28/Mar/2024:21:55:00 -0500] "GET /sipse/faces/faces/autenticacion.xhtml HTTP/1.1" 200 12410
191.156.59.130 - - [28/Mar/2024:21:55:00 -0500] "GET /sipse/faces/javax.faces.resource/theme.css?ln=primefaces-sipse HTTP/1.1" 304 -
191.156.59.130 - - [28/Mar/2024:21:55:01 -0500] "GET /sipse/js/funciones.js HTTP/1.1" 200 12592
191.156.59.224 - - [28/Mar/2024:21:55:00 -0500] "GET /sipse/faces/javax.faces.resource/primefaces.css?ln=primefaces&v=4.0 HTTP/1.1" 200 53295
191.156.55.213 - - [28/Mar/2024:21:55:00 -0500] "GET /sipse/faces/javax.faces.resource/jquery/jquery.js?ln=primefaces&v=4.0 HTTP/1.1" 200 105384
191.156.61.36 - - [28/Mar/2024:21:55:00 -0500] "GET /sipse/faces/javax.faces.resource/primefaces.js?ln=primefaces&v=4.0 HTTP/1.1" 200 276924
191.156.59.130 - - [28/Mar/2024:21:55:00 -0500] "GET /sipse/faces/javax.faces.resource/layout/layout.js?ln=primefaces&v=4.0 HTTP/1.1" 200 87560
191.156.59.224 - - [28/Mar/2024:21:55:00 -0500] "GET /sipse/faces/javax.faces.resource/jquery/jquery-plugins.js?ln=primefaces&v=4.0 HTTP/1.1" 200 220526
191.156.59.130 - - [28/Mar/2024:21:55:07 -0500] "GET /sipse/faces/javax.faces.resource/images/ui-icons_898989_256x240.png?ln=primefaces-aristo HTTP/1.1" 200 5355
191.156.54.22 - - [28/Mar/2024:21:55:07 -0500] "GET /sipse/css/imagen/loginimg.png HTTP/1.1" 200 71635
191.156.59.224 - - [28/Mar/2024:21:55:07 -0500] "GET /sipse/css/imagen/logoSDG.png HTTP/1.1" 200 53064
66.249.66.21 - - [28/Mar/2024:21:55:08 -0500] "GET /BLA/resoluciones/AUTOS%202011/5753.pdf HTTP/1.1" 200 201036
66.249.66.19 - - [28/Mar/2024:21:55:13 -0500] "GET /BLA/resoluciones/AUTOS%202008/1412.pdf HTTP/1.1" 200 340105
191.156.55.213 - - [28/Mar/2024:21:55:19 -0500] "POST /sipse/faces/autenticacion.xhtml HTTP/1.1" 200 11154
191.156.55.213 - - [28/Mar/2024:21:55:20 -0500] "GET /sipse/css/custom_css_sg_prime.css HTTP/1.1" 200 5201
191.156.54.22 - - [28/Mar/2024:21:55:20 -0500] "GET /sipse/faces/javax.faces.resource/jquery/jquery.js?ln=primefaces&v=4.0 HTTP/1.1" 304 -
191.156.50.10 - - [28/Mar/2024:21:55:20 -0500] "GET /sipse/faces/javax.faces.resource/theme.css?ln=primefaces-sipse HTTP/1.1" 304 -
191.156.59.130 - - [28/Mar/2024:21:55:20 -0500] "GET /sipse/faces/javax.faces.resource/primefaces.css?ln=primefaces&v=4.0 HTTP/1.1" 304 -
191.156.50.10 - - [28/Mar/2024:21:55:20 -0500] "GET /sipse/faces/javax.faces.resource/layout/layout.css?ln=primefaces&v=4.0 HTTP/1.1" 304 -
191.156.55.213 - - [28/Mar/2024:21:55:20 -0500] "GET /sipse/faces/javax.faces.resource/jquery/jquery-plugins.js?ln=primefaces&v=4.0 HTTP/1.1" 304 -
191.156.55.213 - - [28/Mar/2024:21:55:20 -0500] "GET /sipse/faces/javax.faces.resource/primefaces.js?ln=primefaces&v=4.0 HTTP/1.1" 304 -
191.156.55.213 - - [28/Mar/2024:21:55:20 -0500] "GET /sipse/faces/javax.faces.resource/layout/layout.js?ln=primefaces&v=4.0 HTTP/1.1" 304 -
191.156.55.213 - - [28/Mar/2024:21:55:20 -0500] "GET /sipse/faces/javax.faces.resource/messages/messages.png?ln=primefaces&v=4.0 HTTP/1.1" 200 27209
191.156.54.22 - - [28/Mar/2024:21:55:27 -0500] "POST /sipse/faces/presentacion/sistema/seguridad/seleccionRol.xhtml HTTP/1.1" 200 5863
191.156.54.22 - - [28/Mar/2024:21:55:28 -0500] "GET /sipse/faces/javax.faces.resource/images/ui-bg_flat_0_2d5972_40x100.png?ln=primefaces-aristo HTTP/1.1" 200 183
66.249.66.20 - - [28/Mar/2024:21:55:28 -0500] "GET /BLA/resoluciones/RESOLUCIONES%202009/5117.pdf HTTP/1.1" 200 1180504
191.156.55.213 - - [28/Mar/2024:21:55:50 -0500] "POST /sipse/faces/presentacion/sistema/seguridad/seleccionRol.xhtml HTTP/1.1" 200 16339
191.156.55.213 - - [28/Mar/2024:21:55:50 -0500] "GET /sipse/faces/javax.faces.resource/theme.css?ln=primefaces-sipse HTTP/1.1" 304 -
191.156.54.22 - - [28/Mar/2024:21:55:50 -0500] "GET /sipse/faces/javax.faces.resource/layout/layout.css?ln=primefaces&v=4.0 HTTP/1.1" 304 -
191.156.60.78 - - [28/Mar/2024:21:55:50 -0500] "GET /sipse/faces/javax.faces.resource/primefaces.css?ln=primefaces&v=4.0 HTTP/1.1" 304 -
191.156.55.213 - - [28/Mar/2024:21:55:50 -0500] "GET /sipse/js/jquery.min.js HTTP/1.1" 200 85582
191.156.55.213 - - [28/Mar/2024:21:55:51 -0500] "GET /sipse/faces/javax.faces.resource/jquery/jquery.js?ln=primefaces&v=4.0 HTTP/1.1" 304 -
191.156.55.213 - - [28/Mar/2024:21:55:51 -0500] "GET /sipse/faces/javax.faces.resource/jquery/jquery-plugins.js?ln=primefaces&v=4.0 HTTP/1.1" 304 -
191.156.55.213 - - [28/Mar/2024:21:55:51 -0500] "GET /sipse/faces/javax.faces.resource/primefaces.js?ln=primefaces&v=4.0 HTTP/1.1" 304 -
191.156.55.213 - - [28/Mar/2024:21:55:52 -0500] "GET /sipse/faces/javax.faces.resource/layout/layout.js?ln=primefaces&v=4.0 HTTP/1.1" 304 -
191.156.59.130 - - [28/Mar/2024:21:55:52 -0500] "GET /sipse/css/imagen/contrasena.png HTTP/1.1" 404 383
191.156.52.214 - - [28/Mar/2024:21:55:52 -0500] "GET /sipse/css/v_mergente.css HTTP/1.1" 200 1505
191.156.55.213 - - [28/Mar/2024:21:55:52 -0500] "GET /sipse/imagenes/logoAplicacion.jpg HTTP/1.1" 200 155084
191.156.55.213 - - [28/Mar/2024:21:55:52 -0500] "GET /sipse/imagenes/cargando.gif HTTP/1.1" 200 36959
191.156.55.213 - - [28/Mar/2024:21:55:56 -0500] "POST /sipse/faces/bienvenido.xhtml HTTP/1.1" 200 2658
191.156.55.213 - - [28/Mar/2024:21:55:57 -0500] "POST /sipse/faces/bienvenido.xhtml HTTP/1.1" 200 63911
191.156.55.213 - - [28/Mar/2024:21:56:00 -0500] "GET /sipse/faces/javax.faces.resource/theme.css?ln=primefaces-sipse HTTP/1.1" 304 -
191.156.52.214 - - [28/Mar/2024:21:56:00 -0500] "GET /sipse/faces/javax.faces.resource/primefaces.css?ln=primefaces&v=4.0 HTTP/1.1" 304 -
191.156.59.224 - - [28/Mar/2024:21:56:00 -0500] "GET /sipse/faces/javax.faces.resource/jquery/jquery.js?ln=primefaces&v=4.0 HTTP/1.1" 304 -
191.156.60.78 - - [28/Mar/2024:21:56:00 -0500] "GET /sipse/faces/javax.faces.resource/layout/layout.css?ln=primefaces&v=4.0 HTTP/1.1" 304 -
191.156.52.214 - - [28/Mar/2024:21:56:00 -0500] "GET /sipse/faces/javax.faces.resource/jquery/jquery-plugins.js?ln=primefaces&v=4.0 HTTP/1.1" 304 -
191.156.52.214 - - [28/Mar/2024:21:56:00 -0500] "GET /sipse/faces/javax.faces.resource/primefaces.js?ln=primefaces&v=4.0 HTTP/1.1" 304 -
191.156.52.214 - - [28/Mar/2024:21:56:00 -0500] "GET /sipse/faces/javax.faces.resource/layout/layout.js?ln=primefaces&v=4.0 HTTP/1.1" 304 -
191.156.55.213 - - [28/Mar/2024:21:56:00 -0500] "POST /sipse/faces/presentacion/financiero/solicitudProceso/listarSolicitudProceso.xhtml HTTP/1.1" 200 1560
191.156.50.10 - - [28/Mar/2024:21:56:08 -0500] "POST /sipse/faces/presentacion/financiero/solicitudProceso/listarSolicitudProceso.xhtml HTTP/1.1" 200 30768
191.156.57.100 - - [28/Mar/2024:21:56:11 -0500] "POST /sipse/faces/presentacion/financiero/solicitudProceso/listarSolicitudProceso.xhtml HTTP/1.1" 200 22509
191.156.62.225 - - [28/Mar/2024:21:56:19 -0500] "POST /sipse/faces/presentacion/financiero/solicitudProceso/listarSolicitudProceso.xhtml HTTP/1.1" 200 144627
191.156.62.225 - - [28/Mar/2024:21:56:22 -0500] "GET /sipse/faces/javax.faces.resource/layout/layout.css?ln=primefaces&v=4.0 HTTP/1.1" 304 -
191.156.60.78 - - [28/Mar/2024:21:56:23 -0500] "GET /sipse/faces/javax.faces.resource/primefaces.css?ln=primefaces&v=4.0 HTTP/1.1" 304 -
191.156.55.213 - - [28/Mar/2024:21:56:23 -0500] "GET /sipse/faces/javax.faces.resource/jquery/jquery.js?ln=primefaces&v=4.0 HTTP/1.1" 304 -
191.156.62.225 - - [28/Mar/2024:21:56:23 -0500] "GET /sipse/faces/javax.faces.resource/theme.css?ln=primefaces-sipse HTTP/1.1" 304 -
191.156.62.225 - - [28/Mar/2024:21:56:23 -0500] "GET /sipse/faces/javax.faces.resource/jquery/jquery-plugins.js?ln=primefaces&v=4.0 HTTP/1.1" 304 -
191.156.62.225 - - [28/Mar/2024:21:56:23 -0500] "GET /sipse/faces/javax.faces.resource/primefaces.js?ln=primefaces&v=4.0 HTTP/1.1" 304 -
191.156.62.225 - - [28/Mar/2024:21:56:23 -0500] "GET /sipse/faces/javax.faces.resource/layout/layout.js?ln=primefaces&v=4.0 HTTP/1.1" 304 -
191.156.59.130 - - [28/Mar/2024:21:56:29 -0500] "GET /sipse/faces/javax.faces.resource/jquery/jquery.js?ln=primefaces&v=4.0 HTTP/1.1" 304 -
191.156.54.22 - - [28/Mar/2024:21:56:29 -0500] "GET /sipse/faces/javax.faces.resource/primefaces.css?ln=primefaces&v=4.0 HTTP/1.1" 304 -
191.156.55.213 - - [28/Mar/2024:21:56:29 -0500] "GET /sipse/faces/javax.faces.resource/theme.css?ln=primefaces-sipse HTTP/1.1" 304 -
191.156.59.130 - - [28/Mar/2024:21:56:29 -0500] "GET /sipse/faces/javax.faces.resource/primefaces.js?ln=primefaces&v=4.0 HTTP/1.1" 304 -
191.156.54.22 - - [28/Mar/2024:21:56:29 -0500] "GET /sipse/faces/javax.faces.resource/layout/layout.js?ln=primefaces&v=4.0 HTTP/1.1" 304 -
191.156.60.78 - - [28/Mar/2024:21:56:28 -0500] "POST /sipse/faces/presentacion/financiero/solicitudProceso/consultarSolicitudProceso.xhtml HTTP/1.1" 200 38923
191.156.57.100 - - [28/Mar/2024:21:56:32 -0500] "GET /sipse/faces/javax.faces.resource/layout/layout.css?ln=primefaces&v=4.0 HTTP/1.1" 304 -
191.156.52.214 - - [28/Mar/2024:21:56:32 -0500] "GET /sipse/faces/javax.faces.resource/jquery/jquery-plugins.js?ln=primefaces&v=4.0 HTTP/1.1" 304 -
191.156.57.100 - - [28/Mar/2024:21:56:33 -0500] "GET /sipse/faces/javax.faces.resource/images/ui-icons_898989_256x240.png?ln=primefaces-aristo HTTP/1.1" 304 -
191.156.59.224 - - [28/Mar/2024:21:56:54 -0500] "GET /sipse/faces/javax.faces.resource/theme.css?ln=primefaces-sipse HTTP/1.1" 304 -
191.156.57.240 - - [28/Mar/2024:21:56:54 -0500] "GET /sipse/faces/javax.faces.resource/layout/layout.css?ln=primefaces&v=4.0 HTTP/1.1" 304 -
191.156.48.200 - - [28/Mar/2024:21:56:54 -0500] "GET /sipse/faces/javax.faces.resource/primefaces.css?ln=primefaces&v=4.0 HTTP/1.1" 304 -
191.156.57.240 - - [28/Mar/2024:21:56:54 -0500] "GET /sipse/faces/javax.faces.resource/jquery/jquery-plugins.js?ln=primefaces&v=4.0 HTTP/1.1" 304 -
191.156.48.200 - - [28/Mar/2024:21:56:54 -0500] "GET /sipse/faces/javax.faces.resource/jquery/jquery.js?ln=primefaces&v=4.0 HTTP/1.1" 304 -
191.156.59.224 - - [28/Mar/2024:21:56:54 -0500] "GET /sipse/faces/javax.faces.resource/primefaces.js?ln=primefaces&v=4.0 HTTP/1.1" 304 -
191.156.57.240 - - [28/Mar/2024:21:56:54 -0500] "GET /sipse/faces/javax.faces.resource/layout/layout.js?ln=primefaces&v=4.0 HTTP/1.1" 304 -
191.156.59.224 - - [28/Mar/2024:21:56:54 -0500] "GET /sipse/faces/javax.faces.resource/images/ui-icons_898989_256x240.png?ln=primefaces-aristo HTTP/1.1" 304 -
191.156.55.132 - - [28/Mar/2024:21:56:53 -0500] "POST /sipse/faces/presentacion/financiero/solicitudProceso/consultarHistorialSolProceso.xhtml HTTP/1.1" 200 190469
191.156.48.200 - - [28/Mar/2024:21:57:01 -0500] "POST /sipse/faces/presentacion/financiero/solicitudProceso/consultarSolicitudProceso.xhtml HTTP/1.1" 200 105090
201.245.192.253 - - [28/Mar/2024:21:57:11 -0500] "POST /kwsrmcab/Wsrmcab  HTTP/1.1" 200 39660
191.156.63.237 - - [28/Mar/2024:21:57:16 -0500] "GET /semana-santa-caminos-de-los-cerros-siguen-cerrados-de-forma-preventiva.html?fbclid=PAAaaYcuUpOjBIxMNq8a9uMXgIsrPuhlQZswr8bggawI3nMbDkaA8rM_hjKmU HTTP/1.1" 200 909
66.249.66.20 - - [28/Mar/2024:21:57:27 -0500] "GET /BLA/resoluciones/RESOLUCIONES%202009/0192.pdf HTTP/1.1" 200 257319
172.22.2.4 - - [28/Mar/2024:21:56:42 -0500] "HEAD /BLA/boletinlegal/ HTTP/1.1" 200 -
172.22.2.4 - - [28/Mar/2024:21:57:33 -0500] "GET /BLA/boletinlegal/ HTTP/1.1" 200 59967
216.245.221.92 - - [28/Mar/2024:21:59:46 -0500] "HEAD / HTTP/1.1" 200 -
172.22.2.4 - - [28/Mar/2024:22:00:02 -0500] "GET /BLA/boletinlegal/ HTTP/1.1" 200 24523
172.22.2.4 - - [28/Mar/2024:22:00:52 -0500] "GET /BLA/boletinlegal/Circulares/2012/Circular%20No.%205%20del%2027%20de%20Abril%20de%202012.pdf HTTP/1.1" 304 -
201.245.192.253 - - [28/Mar/2024:22:02:11 -0500] "POST /kwsrmcab/Wsrmcab  HTTP/1.1" 200 39660
172.22.2.4 - - [28/Mar/2024:22:02:32 -0500] "HEAD /BLA/boletinlegal/ HTTP/1.1" 200 -
216.245.221.92 - - [28/Mar/2024:22:04:46 -0500] "HEAD / HTTP/1.1" 200 -
172.22.2.4 - - [28/Mar/2024:22:03:11 -0500] "GET /BLA/boletinlegal/ HTTP/1.1" 200 44737
40.77.167.18 - - [28/Mar/2024:22:04:53 -0500] "GET /BLA/resoluciones/RESOLUCIONES%202020/2010.pdf HTTP/1.1" 200 539502
172.22.2.4 - - [28/Mar/2024:22:03:23 -0500] "GET /BLA/boletinlegal/ HTTP/1.1" 200 45104
181.53.13.250 - - [28/Mar/2024:22:06:25 -0500] "GET /BLA/resoluciones/RESOLUCIONES%202021/0796.pdf HTTP/1.1" 200 512557
40.77.167.18 - - [28/Mar/2024:22:06:43 -0500] "GET /BLA/resoluciones/RESOLUCIONES%202021/0628.pdf HTTP/1.1" 200 478468
66.220.149.21 - - [28/Mar/2024:22:06:55 -0500] "GET /images/PREAD%20SDA%201.jpeg HTTP/1.1" 200 65620
201.245.192.253 - - [28/Mar/2024:22:07:08 -0500] "POST /kwsrmcab/Wsrmcab  HTTP/1.1" 200 39660
66.249.66.20 - - [28/Mar/2024:22:09:36 -0500] "GET /Publicaciones/2024EE31857.pdf HTTP/1.1" 404 227
216.245.221.92 - - [28/Mar/2024:22:09:46 -0500] "HEAD / HTTP/1.1" 200 -
172.22.2.4 - - [28/Mar/2024:22:08:22 -0500] "HEAD /BLA/boletinlegal/ HTTP/1.1" 200 -
190.24.25.114 - - [28/Mar/2024:22:10:07 -0500] "GET /appsia/controlador HTTP/1.1" 200 4799
190.24.25.114 - - [28/Mar/2024:22:10:08 -0500] "GET /appsia/css/estilos.css HTTP/1.1" 200 4804
190.24.25.114 - - [28/Mar/2024:22:10:08 -0500] "GET /appsia/scripts/validarIngreso.js HTTP/1.1" 200 851
190.24.25.114 - - [28/Mar/2024:22:10:08 -0500] "GET /appsia/images/logo_bogota_p.png HTTP/1.1" 200 14951
190.24.25.114 - - [28/Mar/2024:22:10:08 -0500] "GET /appsia/images/cabezoteHojaVida.png HTTP/1.1" 200 32493
190.24.25.114 - - [28/Mar/2024:22:10:08 -0500] "GET /favicon.ico HTTP/1.1" 200 7782
190.24.25.114 - - [28/Mar/2024:22:10:14 -0500] "POST /appsia/controlador HTTP/1.1" 200 3599
190.24.25.114 - - [28/Mar/2024:22:10:15 -0500] "GET /appsia/jscripts/validarSolicitud.js HTTP/1.1" 404 68
190.24.25.114 - - [28/Mar/2024:22:10:23 -0500] "POST /appsia/controlador HTTP/1.1" 200 4799
190.24.25.114 - - [28/Mar/2024:22:10:36 -0500] "POST /appsia/controlador HTTP/1.1" 200 5437
190.24.25.114 - - [28/Mar/2024:22:10:40 -0500] "POST /appsia/controlador HTTP/1.1" 200 7730
190.24.25.114 - - [28/Mar/2024:22:10:40 -0500] "GET /appsia/images/logo_escudo.png HTTP/1.1" 200 36965
172.22.2.4 - - [28/Mar/2024:22:09:13 -0500] "GET /BLA/boletinlegal/ HTTP/1.1" 200 58720
66.249.66.21 - - [28/Mar/2024:22:11:36 -0500] "GET /BLA/resoluciones/Notificaciones/AUTOS%202023/2502.pdf HTTP/1.1" 200 384322
201.245.192.253 - - [28/Mar/2024:22:12:07 -0500] "POST /kwsrmcab/Wsrmcab  HTTP/1.1" 200 39660
66.249.66.20 - - [28/Mar/2024:22:13:22 -0500] "GET /BLA/resoluciones/RESOLUCIONES%202009/7871.pdf HTTP/1.1" 200 326102
66.249.66.19 - - [28/Mar/2024:22:13:48 -0500] "GET /BLA/resoluciones/AUTOS%202008/1313.pdf HTTP/1.1" 200 315430
190.158.100.67 - - [28/Mar/2024:22:13:53 -0500] "GET /sipse/faces/index.xhtml HTTP/1.1" 200 677
190.158.100.67 - - [28/Mar/2024:22:13:54 -0500] "GET /sipse/faces/javax.faces.resource/theme.css?ln=primefaces-sipse HTTP/1.1" 200 50058
190.158.100.67 - - [28/Mar/2024:22:13:55 -0500] "GET /sipse/faces/faces/autenticacion.xhtml HTTP/1.1" 200 12410
190.158.100.67 - - [28/Mar/2024:22:13:55 -0500] "GET /sipse/js/disable_browser_buttons.js HTTP/1.1" 200 3230
190.158.100.67 - - [28/Mar/2024:22:13:55 -0500] "GET /sipse/js/funciones.js HTTP/1.1" 200 12592
190.158.100.67 - - [28/Mar/2024:22:13:55 -0500] "GET /sipse/css/custom_css_sg.css HTTP/1.1" 200 9694
190.158.100.67 - - [28/Mar/2024:22:13:55 -0500] "GET /sipse/css/custom_css_sg_prime_login.css HTTP/1.1" 200 443
190.158.100.67 - - [28/Mar/2024:22:13:55 -0500] "GET /sipse/faces/javax.faces.resource/layout/layout.css?ln=primefaces&v=4.0 HTTP/1.1" 200 542
190.158.100.67 - - [28/Mar/2024:22:13:55 -0500] "GET /sipse/faces/javax.faces.resource/theme.css?ln=primefaces-sipse HTTP/1.1" 304 -
190.158.100.67 - - [28/Mar/2024:22:13:55 -0500] "GET /sipse/faces/javax.faces.resource/primefaces.css?ln=primefaces&v=4.0 HTTP/1.1" 200 53295
190.158.100.67 - - [28/Mar/2024:22:13:55 -0500] "GET /sipse/faces/javax.faces.resource/layout/layout.js?ln=primefaces&v=4.0 HTTP/1.1" 200 87560
190.158.100.67 - - [28/Mar/2024:22:13:55 -0500] "GET /sipse/faces/javax.faces.resource/jquery/jquery-plugins.js?ln=primefaces&v=4.0 HTTP/1.1" 200 220526
190.158.100.67 - - [28/Mar/2024:22:13:55 -0500] "GET /sipse/faces/javax.faces.resource/jquery/jquery.js?ln=primefaces&v=4.0 HTTP/1.1" 200 105384
190.158.100.67 - - [28/Mar/2024:22:13:55 -0500] "GET /sipse/faces/javax.faces.resource/primefaces.js?ln=primefaces&v=4.0 HTTP/1.1" 200 276924
190.158.100.67 - - [28/Mar/2024:22:13:56 -0500] "GET /sipse/faces/javax.faces.resource/images/ui-icons_898989_256x240.png?ln=primefaces-aristo HTTP/1.1" 200 5355
190.158.100.67 - - [28/Mar/2024:22:13:56 -0500] "GET /sipse/css/imagen/loginimg.png HTTP/1.1" 200 71635
190.158.100.67 - - [28/Mar/2024:22:13:56 -0500] "GET /sipse/css/imagen/logoSDG.png HTTP/1.1" 200 53064
52.167.144.181 - - [28/Mar/2024:22:13:58 -0500] "GET /BLA/resoluciones/RESOLUCIONES%202021/1327.pdf HTTP/1.1" 200 1258318
190.158.100.67 - - [28/Mar/2024:22:13:59 -0500] "POST /sipse/faces/autenticacion.xhtml HTTP/1.1" 200 11154
190.158.100.67 - - [28/Mar/2024:22:13:59 -0500] "GET /sipse/css/custom_css_sg_prime.css HTTP/1.1" 200 5201
190.158.100.67 - - [28/Mar/2024:22:13:59 -0500] "GET /sipse/faces/javax.faces.resource/theme.css?ln=primefaces-sipse HTTP/1.1" 304 -
190.158.100.67 - - [28/Mar/2024:22:13:59 -0500] "GET /sipse/faces/javax.faces.resource/layout/layout.css?ln=primefaces&v=4.0 HTTP/1.1" 304 -
190.158.100.67 - - [28/Mar/2024:22:13:59 -0500] "GET /sipse/faces/javax.faces.resource/primefaces.css?ln=primefaces&v=4.0 HTTP/1.1" 304 -
190.158.100.67 - - [28/Mar/2024:22:13:59 -0500] "GET /sipse/faces/javax.faces.resource/jquery/jquery.js?ln=primefaces&v=4.0 HTTP/1.1" 304 -
190.158.100.67 - - [28/Mar/2024:22:13:59 -0500] "GET /sipse/faces/javax.faces.resource/jquery/jquery-plugins.js?ln=primefaces&v=4.0 HTTP/1.1" 304 -
190.158.100.67 - - [28/Mar/2024:22:13:59 -0500] "GET /sipse/faces/javax.faces.resource/primefaces.js?ln=primefaces&v=4.0 HTTP/1.1" 304 -
190.158.100.67 - - [28/Mar/2024:22:13:59 -0500] "GET /sipse/faces/javax.faces.resource/layout/layout.js?ln=primefaces&v=4.0 HTTP/1.1" 304 -
190.158.100.67 - - [28/Mar/2024:22:13:59 -0500] "GET /sipse/faces/javax.faces.resource/messages/messages.png?ln=primefaces&v=4.0 HTTP/1.1" 200 27209
190.158.100.67 - - [28/Mar/2024:22:14:02 -0500] "POST /sipse/faces/presentacion/sistema/seguridad/seleccionRol.xhtml HTTP/1.1" 200 5863
190.158.100.67 - - [28/Mar/2024:22:14:02 -0500] "GET /sipse/faces/javax.faces.resource/images/ui-bg_flat_0_2d5972_40x100.png?ln=primefaces-aristo HTTP/1.1" 200 183
190.158.100.67 - - [28/Mar/2024:22:14:03 -0500] "POST /sipse/faces/presentacion/sistema/seguridad/seleccionRol.xhtml HTTP/1.1" 200 16344
190.158.100.67 - - [28/Mar/2024:22:14:03 -0500] "GET /sipse/faces/javax.faces.resource/theme.css?ln=primefaces-sipse HTTP/1.1" 304 -
190.158.100.67 - - [28/Mar/2024:22:14:03 -0500] "GET /sipse/faces/javax.faces.resource/primefaces.css?ln=primefaces&v=4.0 HTTP/1.1" 304 -
190.158.100.67 - - [28/Mar/2024:22:14:03 -0500] "GET /sipse/faces/javax.faces.resource/layout/layout.css?ln=primefaces&v=4.0 HTTP/1.1" 304 -
190.158.100.67 - - [28/Mar/2024:22:14:03 -0500] "GET /sipse/js/jquery.min.js HTTP/1.1" 200 85582
190.158.100.67 - - [28/Mar/2024:22:14:04 -0500] "GET /sipse/faces/javax.faces.resource/jquery/jquery.js?ln=primefaces&v=4.0 HTTP/1.1" 304 -
190.158.100.67 - - [28/Mar/2024:22:14:04 -0500] "GET /sipse/faces/javax.faces.resource/jquery/jquery-plugins.js?ln=primefaces&v=4.0 HTTP/1.1" 304 -
190.158.100.67 - - [28/Mar/2024:22:14:04 -0500] "GET /sipse/faces/javax.faces.resource/primefaces.js?ln=primefaces&v=4.0 HTTP/1.1" 304 -
190.158.100.67 - - [28/Mar/2024:22:14:04 -0500] "GET /sipse/faces/javax.faces.resource/layout/layout.js?ln=primefaces&v=4.0 HTTP/1.1" 304 -
190.158.100.67 - - [28/Mar/2024:22:14:04 -0500] "GET /sipse/css/v_mergente.css HTTP/1.1" 200 1505
190.158.100.67 - - [28/Mar/2024:22:14:04 -0500] "GET /sipse/css/imagen/contrasena.png HTTP/1.1" 404 383
190.158.100.67 - - [28/Mar/2024:22:14:04 -0500] "GET /sipse/imagenes/cargando.gif HTTP/1.1" 200 36959
190.158.100.67 - - [28/Mar/2024:22:14:04 -0500] "GET /sipse/imagenes/logoAplicacion.jpg HTTP/1.1" 200 155084
190.158.100.67 - - [28/Mar/2024:22:14:05 -0500] "POST /sipse/faces/bienvenido.xhtml HTTP/1.1" 200 2658
190.158.100.67 - - [28/Mar/2024:22:14:07 -0500] "POST /sipse/faces/bienvenido.xhtml HTTP/1.1" 200 64862
190.158.100.67 - - [28/Mar/2024:22:14:09 -0500] "GET /sipse/faces/javax.faces.resource/theme.css?ln=primefaces-sipse HTTP/1.1" 304 -
190.158.100.67 - - [28/Mar/2024:22:14:09 -0500] "GET /sipse/faces/javax.faces.resource/primefaces.css?ln=primefaces&v=4.0 HTTP/1.1" 304 -
190.158.100.67 - - [28/Mar/2024:22:14:09 -0500] "GET /sipse/faces/javax.faces.resource/layout/layout.css?ln=primefaces&v=4.0 HTTP/1.1" 304 -
190.158.100.67 - - [28/Mar/2024:22:14:09 -0500] "GET /sipse/faces/javax.faces.resource/jquery/jquery.js?ln=primefaces&v=4.0 HTTP/1.1" 304 -
190.158.100.67 - - [28/Mar/2024:22:14:09 -0500] "GET /sipse/faces/javax.faces.resource/jquery/jquery-plugins.js?ln=primefaces&v=4.0 HTTP/1.1" 304 -
190.158.100.67 - - [28/Mar/2024:22:14:09 -0500] "GET /sipse/faces/javax.faces.resource/primefaces.js?ln=primefaces&v=4.0 HTTP/1.1" 304 -
190.158.100.67 - - [28/Mar/2024:22:14:09 -0500] "GET /sipse/faces/javax.faces.resource/layout/layout.js?ln=primefaces&v=4.0 HTTP/1.1" 304 -
190.158.100.67 - - [28/Mar/2024:22:14:09 -0500] "POST /sipse/faces/presentacion/financiero/solicitudProceso/listarSolicitudProceso.xhtml HTTP/1.1" 200 1560
216.245.221.92 - - [28/Mar/2024:22:14:46 -0500] "HEAD / HTTP/1.1" 200 -
172.22.2.4 - - [28/Mar/2024:22:14:13 -0500] "HEAD /BLA/boletinlegal/ HTTP/1.1" 200 -
168.119.253.48 - - [28/Mar/2024:22:16:04 -0500] "GET / HTTP/1.1" 200 4720
172.22.2.4 - - [28/Mar/2024:22:15:04 -0500] "GET /BLA/boletinlegal/ HTTP/1.1" 200 58720
190.158.100.67 - - [28/Mar/2024:22:16:45 -0500] "POST /sipse/faces/presentacion/financiero/solicitudProceso/listarSolicitudProceso.xhtml HTTP/1.1" 200 6877
190.158.100.67 - - [28/Mar/2024:22:16:47 -0500] "POST /sipse/faces/presentacion/financiero/solicitudProceso/listarSolicitudProceso.xhtml HTTP/1.1" 200 157946
190.158.100.67 - - [28/Mar/2024:22:16:48 -0500] "GET /sipse/faces/javax.faces.resource/theme.css?ln=primefaces-sipse HTTP/1.1" 304 -
190.158.100.67 - - [28/Mar/2024:22:16:48 -0500] "GET /sipse/faces/javax.faces.resource/primefaces.css?ln=primefaces&v=4.0 HTTP/1.1" 304 -
190.158.100.67 - - [28/Mar/2024:22:16:48 -0500] "GET /sipse/faces/javax.faces.resource/layout/layout.css?ln=primefaces&v=4.0 HTTP/1.1" 304 -
190.158.100.67 - - [28/Mar/2024:22:16:48 -0500] "GET /sipse/faces/javax.faces.resource/jquery/jquery.js?ln=primefaces&v=4.0 HTTP/1.1" 304 -
190.158.100.67 - - [28/Mar/2024:22:16:48 -0500] "GET /sipse/faces/javax.faces.resource/jquery/jquery-plugins.js?ln=primefaces&v=4.0 HTTP/1.1" 304 -
190.158.100.67 - - [28/Mar/2024:22:16:48 -0500] "GET /sipse/faces/javax.faces.resource/primefaces.js?ln=primefaces&v=4.0 HTTP/1.1" 304 -
190.158.100.67 - - [28/Mar/2024:22:16:48 -0500] "GET /sipse/faces/javax.faces.resource/layout/layout.js?ln=primefaces&v=4.0 HTTP/1.1" 304 -
186.29.81.44 - - [28/Mar/2024:22:16:48 -0500] "HEAD /BLA/resoluciones/RESOLUCIONES%202016/2538.pdf HTTP/1.1" 200 -
190.158.100.67 - - [28/Mar/2024:22:16:48 -0500] "GET /sipse/faces/javax.faces.resource/dynamiccontent.properties?ln=primefaces&pfdrid=XjOR5%2F%2FfPAZAuY9TpWQeCiM0BhlXxYRBGKi%2FQcXXfeA%3D&pfdrid_c=false HTTP/1.1" 500 383
186.29.81.44 - - [28/Mar/2024:22:16:49 -0500] "GET /BLA/resoluciones/RESOLUCIONES%202016/2538.pdf HTTP/1.1" 200 1248176
201.245.192.253 - - [28/Mar/2024:22:17:06 -0500] "POST /kwsrmcab/Wsrmcab  HTTP/1.1" 200 39660
190.158.100.67 - - [28/Mar/2024:22:17:07 -0500] "POST /sipse/faces/presentacion/financiero/solicitudProceso/consultarSolicitudProceso.xhtml HTTP/1.1" 200 36697
190.158.100.67 - - [28/Mar/2024:22:17:07 -0500] "GET /sipse/faces/javax.faces.resource/theme.css?ln=primefaces-sipse HTTP/1.1" 304 -
190.158.100.67 - - [28/Mar/2024:22:17:07 -0500] "GET /sipse/faces/javax.faces.resource/jquery/jquery.js?ln=primefaces&v=4.0 HTTP/1.1" 304 -
190.158.100.67 - - [28/Mar/2024:22:17:07 -0500] "GET /sipse/faces/javax.faces.resource/layout/layout.css?ln=primefaces&v=4.0 HTTP/1.1" 304 -
190.158.100.67 - - [28/Mar/2024:22:17:07 -0500] "GET /sipse/faces/javax.faces.resource/primefaces.css?ln=primefaces&v=4.0 HTTP/1.1" 304 -
190.158.100.67 - - [28/Mar/2024:22:17:07 -0500] "GET /sipse/faces/javax.faces.resource/jquery/jquery-plugins.js?ln=primefaces&v=4.0 HTTP/1.1" 304 -
190.158.100.67 - - [28/Mar/2024:22:17:07 -0500] "GET /sipse/faces/javax.faces.resource/primefaces.js?ln=primefaces&v=4.0 HTTP/1.1" 304 -
190.158.100.67 - - [28/Mar/2024:22:17:07 -0500] "GET /sipse/faces/javax.faces.resource/layout/layout.js?ln=primefaces&v=4.0 HTTP/1.1" 304 -
190.158.100.67 - - [28/Mar/2024:22:17:07 -0500] "POST /sipse/faces/presentacion/financiero/solicitudProceso/listarSolicitudProceso.xhtml HTTP/1.1" 200 30079
190.158.100.67 - - [28/Mar/2024:22:17:08 -0500] "POST /sipse/faces/presentacion/financiero/solicitudProceso/listarSolicitudProceso.xhtml HTTP/1.1" 200 30079
190.158.100.67 - - [28/Mar/2024:22:17:09 -0500] "POST /sipse/faces/presentacion/financiero/solicitudProceso/listarSolicitudProceso.xhtml HTTP/1.1" 200 1400
190.158.100.67 - - [28/Mar/2024:22:17:09 -0500] "POST /sipse/faces/presentacion/financiero/solicitudProceso/listarSolicitudProceso.xhtml HTTP/1.1" 200 1396
190.158.100.67 - - [28/Mar/2024:22:17:10 -0500] "POST /sipse/faces/presentacion/financiero/solicitudProceso/listarSolicitudProceso.xhtml HTTP/1.1" 200 1408
190.158.100.67 - - [28/Mar/2024:22:17:12 -0500] "POST /sipse/faces/presentacion/financiero/solicitudProceso/listarSolicitudProceso.xhtml HTTP/1.1" 200 6802
190.158.100.67 - - [28/Mar/2024:22:17:17 -0500] "POST /sipse/faces/presentacion/financiero/solicitudProceso/listarSolicitudProceso.xhtml HTTP/1.1" 200 152088
190.158.100.67 - - [28/Mar/2024:22:17:19 -0500] "GET /sipse/faces/javax.faces.resource/theme.css?ln=primefaces-sipse HTTP/1.1" 304 -
190.158.100.67 - - [28/Mar/2024:22:17:19 -0500] "GET /sipse/faces/javax.faces.resource/jquery/jquery.js?ln=primefaces&v=4.0 HTTP/1.1" 304 -
190.158.100.67 - - [28/Mar/2024:22:17:19 -0500] "GET /sipse/faces/javax.faces.resource/primefaces.css?ln=primefaces&v=4.0 HTTP/1.1" 304 -
190.158.100.67 - - [28/Mar/2024:22:17:19 -0500] "GET /sipse/faces/javax.faces.resource/layout/layout.css?ln=primefaces&v=4.0 HTTP/1.1" 304 -
190.158.100.67 - - [28/Mar/2024:22:17:19 -0500] "GET /sipse/faces/javax.faces.resource/jquery/jquery-plugins.js?ln=primefaces&v=4.0 HTTP/1.1" 304 -
190.158.100.67 - - [28/Mar/2024:22:17:19 -0500] "GET /sipse/faces/javax.faces.resource/primefaces.js?ln=primefaces&v=4.0 HTTP/1.1" 304 -
190.158.100.67 - - [28/Mar/2024:22:17:19 -0500] "GET /sipse/faces/javax.faces.resource/layout/layout.js?ln=primefaces&v=4.0 HTTP/1.1" 304 -
190.158.100.67 - - [28/Mar/2024:22:17:19 -0500] "GET /sipse/faces/javax.faces.resource/dynamiccontent.properties?ln=primefaces&pfdrid=XjOR5%2F%2FfPAZAuY9TpWQeCiM0BhlXxYRBGKi%2FQcXXfeA%3D&pfdrid_c=false HTTP/1.1" 500 383
66.249.66.20 - - [28/Mar/2024:22:17:50 -0500] "GET /resoluciones/RESOLUCIONES%202007/RES%202007%203901%20AL%204000/RESOLUCION%203984%20DE%202007.pdf HTTP/1.1" 404 1018
186.29.81.44 - - [28/Mar/2024:22:18:02 -0500] "HEAD /BLA/resoluciones/RESOLUCIONES%202016/2327.pdf HTTP/1.1" 200 -
186.29.81.44 - - [28/Mar/2024:22:18:03 -0500] "GET /BLA/resoluciones/RESOLUCIONES%202016/2327.pdf HTTP/1.1" 200 596438
66.249.66.19 - - [28/Mar/2024:22:18:03 -0500] "GET /BLA/resoluciones/AUTOS%202008/1657.pdf HTTP/1.1" 200 320589
216.244.66.195 - - [28/Mar/2024:22:18:14 -0500] "GET /BLA/resoluciones/RESOLUCIONES%202017/1373.pdf HTTP/1.1" 200 320120
216.244.66.195 - - [28/Mar/2024:22:18:20 -0500] "GET /BLA/resoluciones/RESOLUCIONES%202017/3144.pdf HTTP/1.1" 200 321812
216.244.66.195 - - [28/Mar/2024:22:18:25 -0500] "GET /BLA/resoluciones/RESOLUCIONES%202019/0990.pdf HTTP/1.1" 200 382580
216.244.66.195 - - [28/Mar/2024:22:18:29 -0500] "GET /BLA/resoluciones/RESOLUCIONES%202019/2220.pdf HTTP/1.1" 200 378153
216.244.66.195 - - [28/Mar/2024:22:18:33 -0500] "GET /BLA/resoluciones/RESOLUCIONES%202019/2276.pdf HTTP/1.1" 200 336229
216.244.66.195 - - [28/Mar/2024:22:18:41 -0500] "GET /BLA/resoluciones/RESOLUCIONES%202019/2948.pdf HTTP/1.1" 200 614817
216.244.66.195 - - [28/Mar/2024:22:19:17 -0500] "GET /BLA/resoluciones/RESOLUCIONES%202019/3107.pdf HTTP/1.1" 200 472671
201.245.192.253 - - [28/Mar/2024:22:19:22 -0500] "POST /kwsrmcab/Wsrmcab HTTP/1.1" 200 39990
201.245.192.253 - - [28/Mar/2024:22:19:23 -0500] "POST /kwsrmcab/Wsrmcab HTTP/1.1" 200 39524
216.245.221.92 - - [28/Mar/2024:22:19:46 -0500] "HEAD / HTTP/1.1" 200 -
201.245.192.253 - - [28/Mar/2024:22:20:02 -0500] "POST /kwsrmcab/Wsrmcab HTTP/1.1" 200 40010
201.245.192.253 - - [28/Mar/2024:22:20:49 -0500] "POST /kwsrmcab/Wsrmcab HTTP/1.1" 200 39524
66.249.66.20 - - [28/Mar/2024:22:21:08 -0500] "GET /BLA/resoluciones/RESOLUCIONES%202010/6313.pdf HTTP/1.1" 200 2490023
172.22.2.4 - - [28/Mar/2024:22:20:03 -0500] "HEAD /BLA/boletinlegal/ HTTP/1.1" 200 -
186.29.81.44 - - [28/Mar/2024:22:21:53 -0500] "HEAD /BLA/resoluciones/RESOLUCIONES%202016/2268.pdf HTTP/1.1" 200 -
186.29.81.44 - - [28/Mar/2024:22:21:53 -0500] "GET /BLA/resoluciones/RESOLUCIONES%202016/2268.pdf HTTP/1.1" 200 663967
201.245.192.253 - - [28/Mar/2024:22:22:04 -0500] "POST /kwsrmcab/Wsrmcab  HTTP/1.1" 200 39660
186.29.81.44 - - [28/Mar/2024:22:22:11 -0500] "HEAD /BLA/resoluciones/RESOLUCIONES%202016/2267.pdf HTTP/1.1" 200 -
186.29.81.44 - - [28/Mar/2024:22:22:11 -0500] "GET /BLA/resoluciones/RESOLUCIONES%202016/2267.pdf HTTP/1.1" 200 446931
186.29.81.44 - - [28/Mar/2024:22:22:27 -0500] "HEAD /BLA/resoluciones/RESOLUCIONES%202016/2266.pdf HTTP/1.1" 200 -
186.29.81.44 - - [28/Mar/2024:22:22:28 -0500] "GET /BLA/resoluciones/RESOLUCIONES%202016/2266.pdf HTTP/1.1" 200 351193
172.22.2.4 - - [28/Mar/2024:22:20:54 -0500] "GET /BLA/boletinlegal/ HTTP/1.1" 200 60380
186.29.81.44 - - [28/Mar/2024:22:22:42 -0500] "HEAD /BLA/resoluciones/RESOLUCIONES%202016/2227.pdf HTTP/1.1" 200 -
186.29.81.44 - - [28/Mar/2024:22:22:42 -0500] "GET /BLA/resoluciones/RESOLUCIONES%202016/2227.pdf HTTP/1.1" 200 1701825
186.29.81.44 - - [28/Mar/2024:22:22:57 -0500] "HEAD /BLA/resoluciones/RESOLUCIONES%202016/2223.pdf HTTP/1.1" 200 -
186.29.81.44 - - [28/Mar/2024:22:22:57 -0500] "GET /BLA/resoluciones/RESOLUCIONES%202016/2223.pdf HTTP/1.1" 200 564948
47.128.34.165 - - [28/Mar/2024:22:23:14 -0500] "GET /BLA/resoluciones/AUTOS%202021/0245.php?act=eval&d=C%3A%5Cinventory%5C HTTP/1.1" 200 2689
186.29.81.44 - - [28/Mar/2024:22:23:21 -0500] "HEAD /BLA/resoluciones/RESOLUCIONES%202016/2222.pdf HTTP/1.1" 200 -
186.29.81.44 - - [28/Mar/2024:22:23:21 -0500] "GET /BLA/resoluciones/RESOLUCIONES%202016/2222.pdf HTTP/1.1" 200 593622
186.29.81.44 - - [28/Mar/2024:22:23:38 -0500] "HEAD /BLA/resoluciones/RESOLUCIONES%202016/2199.pdf HTTP/1.1" 200 -
186.29.81.44 - - [28/Mar/2024:22:23:38 -0500] "GET /BLA/resoluciones/RESOLUCIONES%202016/2199.pdf HTTP/1.1" 200 1718207
47.128.34.110 - - [28/Mar/2024:22:23:38 -0500] "GET /BLA/resoluciones/AUTOS%202021/0245.php?act=security&d=E%3A%5Cnuevo%5Chtdocs%5CBLA%5Cresoluciones%5CRESOLUCIONES+1995%5C HTTP/1.1" 200 2809
52.167.144.181 - - [28/Mar/2024:22:23:49 -0500] "GET /BLA/resoluciones/RESOLUCIONES%202021/1941.pdf HTTP/1.1" 200 431222
186.29.81.44 - - [28/Mar/2024:22:23:52 -0500] "HEAD /BLA/resoluciones/RESOLUCIONES%202016/2055.pdf HTTP/1.1" 200 -
186.29.81.44 - - [28/Mar/2024:22:23:52 -0500] "GET /BLA/resoluciones/RESOLUCIONES%202016/2055.pdf HTTP/1.1" 200 688625
40.77.167.77 - - [28/Mar/2024:22:23:53 -0500] "GET /Publicaciones/2024EE53260.pdf HTTP/1.1" 404 227
47.128.52.49 - - [28/Mar/2024:22:24:02 -0500] "GET /BLA/resoluciones/AUTOS%202021/0245.php?act=eval&d=E%3A%5Cnuevo%5Chtdocs%5CBLA%5Cresoluciones%5CAUTOS+2003%5C HTTP/1.1" 200 2773
186.29.81.44 - - [28/Mar/2024:22:24:07 -0500] "HEAD /BLA/resoluciones/RESOLUCIONES%202016/2044.pdf HTTP/1.1" 200 -
186.29.81.44 - - [28/Mar/2024:22:24:07 -0500] "GET /BLA/resoluciones/RESOLUCIONES%202016/2044.pdf HTTP/1.1" 200 545549
216.244.66.195 - - [28/Mar/2024:22:24:11 -0500] "GET /BLA/resoluciones/index.php?dir=RESOLUCIONES+2004%2FRES+2004+451-500%2F HTTP/1.1" 200 12037
47.128.34.100 - - [28/Mar/2024:22:24:25 -0500] "GET /BLA/resoluciones/AUTOS%202021/0245.php?act=f&d=E%3A%5Cnuevo%5Chtdocs%5Ccumbredelclima%5Cwp-admin&f=options-reading.php HTTP/1.1" 200 7205
186.29.81.44 - - [28/Mar/2024:22:24:25 -0500] "HEAD /BLA/resoluciones/RESOLUCIONES%202016/2024.pdf HTTP/1.1" 200 -
186.29.81.44 - - [28/Mar/2024:22:24:26 -0500] "GET /BLA/resoluciones/RESOLUCIONES%202016/2024.pdf HTTP/1.1" 200 626439
47.128.34.100 - - [28/Mar/2024:22:24:26 -0500] "GET /BLA/resoluciones/AUTOS%202021/0245.php?act=img&img=ext_rtf HTTP/1.1" 200 164
47.128.34.100 - - [28/Mar/2024:22:24:26 -0500] "GET /BLA/resoluciones/AUTOS%202021/0245.php?act=img&img=ext_txt HTTP/1.1" 200 132
47.128.34.100 - - [28/Mar/2024:22:24:26 -0500] "GET /BLA/resoluciones/AUTOS%202021/0245.php?act=img&img=ext_html HTTP/1.1" 200 230
47.128.34.100 - - [28/Mar/2024:22:24:26 -0500] "GET /BLA/resoluciones/AUTOS%202021/0245.php?act=img&img=ext_gif HTTP/1.1" 200 175
47.128.34.100 - - [28/Mar/2024:22:24:26 -0500] "GET /BLA/resoluciones/AUTOS%202021/0245.php?act=img&img=ext_diz HTTP/1.1" 200 1027
47.128.34.100 - - [28/Mar/2024:22:24:26 -0500] "GET /BLA/resoluciones/AUTOS%202021/0245.php?act=img&img=ext_exe HTTP/1.1" 200 118
47.128.34.100 - - [28/Mar/2024:22:24:27 -0500] "GET /BLA/resoluciones/AUTOS%202021/0245.php?act=img&img=download HTTP/1.1" 200 161
47.128.34.100 - - [28/Mar/2024:22:24:27 -0500] "GET /BLA/resoluciones/AUTOS%202021/0245.php?act=img&img=change HTTP/1.1" 200 290
47.128.34.100 - - [28/Mar/2024:22:24:27 -0500] "GET /BLA/resoluciones/AUTOS%202021/0245.php?act=img&img=ext_ini HTTP/1.1" 200 134
47.128.34.100 - - [28/Mar/2024:22:24:27 -0500] "GET /BLA/resoluciones/AUTOS%202021/0245.php?act=img&img=ext_php HTTP/1.1" 200 79
66.249.66.20 - - [28/Mar/2024:22:24:30 -0500] "GET /silvicultura/1.pdf HTTP/1.1" 304 -
66.249.66.19 - - [28/Mar/2024:22:24:43 -0500] "GET /BLA/resoluciones/RESOLUCIONES%202011/5118.pdf HTTP/1.1" 200 447963
216.245.221.92 - - [28/Mar/2024:22:24:46 -0500] "HEAD / HTTP/1.1" 200 -
47.128.34.158 - - [28/Mar/2024:22:24:50 -0500] "GET /BLA/resoluciones/AUTOS%202021/0245.php?act=security&d=E%3A%5Cnuevo%5Chtdocs%5CBLA%5Cresoluciones%5CRESOLUCIONES+1997%5C HTTP/1.1" 200 2810
186.29.81.44 - - [28/Mar/2024:22:24:52 -0500] "HEAD /BLA/resoluciones/RESOLUCIONES%202016/2023.pdf HTTP/1.1" 200 -
186.29.81.44 - - [28/Mar/2024:22:24:52 -0500] "GET /BLA/resoluciones/RESOLUCIONES%202016/2023.pdf HTTP/1.1" 200 769599
66.249.66.39 - - [28/Mar/2024:22:25:01 -0500] "GET /distrito-exalto-a-246-empresas-de-bogota-por-su-alto-desempeno-y-responsabilidad-ambiental-durante-2023.html HTTP/1.1" 200 1039
52.167.144.21 - - [28/Mar/2024:22:25:07 -0500] "GET /Publicaciones/2024EE55359.pdf HTTP/1.1" 404 227
47.128.18.236 - - [28/Mar/2024:22:25:16 -0500] "GET /BLA/resoluciones/AUTOS%202021/0245.php?act=f&d=E%3A%5Cnuevo%5Chtdocs%5C&f=favicon.ico&ft=phpsess&white=1 HTTP/1.1" 200 5623
47.128.18.236 - - [28/Mar/2024:22:25:21 -0500] "GET /BLA/resoluciones/AUTOS%202021/0245.php?act=img&img=ext_diz HTTP/1.1" 200 1027
47.128.18.236 - - [28/Mar/2024:22:25:22 -0500] "GET /BLA/resoluciones/AUTOS%202021/0245.php?act=img&img=ext_txt HTTP/1.1" 200 132
47.128.18.236 - - [28/Mar/2024:22:25:22 -0500] "GET /BLA/resoluciones/AUTOS%202021/0245.php?act=img&img=ext_gif HTTP/1.1" 200 175
47.128.18.236 - - [28/Mar/2024:22:25:22 -0500] "GET /BLA/resoluciones/AUTOS%202021/0245.php?act=img&img=ext_html HTTP/1.1" 200 230
47.128.18.236 - - [28/Mar/2024:22:25:22 -0500] "GET /BLA/resoluciones/AUTOS%202021/0245.php?act=img&img=ext_exe HTTP/1.1" 200 118
47.128.18.236 - - [28/Mar/2024:22:25:22 -0500] "GET /BLA/resoluciones/AUTOS%202021/0245.php?act=img&img=ext_ico HTTP/1.1" 200 175
47.128.18.236 - - [28/Mar/2024:22:25:22 -0500] "GET /BLA/resoluciones/AUTOS%202021/0245.php?act=img&img=ext_rtf HTTP/1.1" 200 164
47.128.18.236 - - [28/Mar/2024:22:25:22 -0500] "GET /BLA/resoluciones/AUTOS%202021/0245.php?act=img&img=ext_ini HTTP/1.1" 200 134
47.128.18.236 - - [28/Mar/2024:22:25:22 -0500] "GET /BLA/resoluciones/AUTOS%202021/0245.php?act=img&img=change HTTP/1.1" 200 290
47.128.18.236 - - [28/Mar/2024:22:25:22 -0500] "GET /BLA/resoluciones/AUTOS%202021/0245.php?act=img&img=download HTTP/1.1" 200 161
186.29.81.44 - - [28/Mar/2024:22:25:32 -0500] "HEAD /BLA/resoluciones/RESOLUCIONES%202016/1949.pdf HTTP/1.1" 200 -
186.29.81.44 - - [28/Mar/2024:22:25:32 -0500] "GET /BLA/resoluciones/RESOLUCIONES%202016/1949.pdf HTTP/1.1" 200 383513
47.128.98.42 - - [28/Mar/2024:22:25:37 -0500] "GET /BLA/resoluciones/AUTOS%202021/0245.php?act=f&d=E%3A%5Cnuevo%5Chtdocs%5CBLA%5Cresoluciones%5CRESOLUCIONES+2000%5C&f=0384.pdf&ft=ini&white=1 HTTP/1.1" 200 3030
47.128.98.42 - - [28/Mar/2024:22:25:38 -0500] "GET /BLA/resoluciones/AUTOS%202021/0245.php?act=img&img=ext_gif HTTP/1.1" 200 175
47.128.98.42 - - [28/Mar/2024:22:25:38 -0500] "GET /BLA/resoluciones/AUTOS%202021/0245.php?act=img&img=ext_txt HTTP/1.1" 200 132
47.128.98.42 - - [28/Mar/2024:22:25:38 -0500] "GET /BLA/resoluciones/AUTOS%202021/0245.php?act=img&img=ext_diz HTTP/1.1" 200 1027
47.128.98.42 - - [28/Mar/2024:22:25:38 -0500] "GET /BLA/resoluciones/AUTOS%202021/0245.php?act=img&img=ext_pdf HTTP/1.1" 200 1034
47.128.98.42 - - [28/Mar/2024:22:25:38 -0500] "GET /BLA/resoluciones/AUTOS%202021/0245.php?act=img&img=ext_html HTTP/1.1" 200 230
47.128.98.42 - - [28/Mar/2024:22:25:38 -0500] "GET /BLA/resoluciones/AUTOS%202021/0245.php?act=img&img=ext_exe HTTP/1.1" 200 118
47.128.98.42 - - [28/Mar/2024:22:25:38 -0500] "GET /BLA/resoluciones/AUTOS%202021/0245.php?act=img&img=download HTTP/1.1" 200 161
47.128.98.42 - - [28/Mar/2024:22:25:39 -0500] "GET /BLA/resoluciones/AUTOS%202021/0245.php?act=img&img=ext_ini HTTP/1.1" 200 134
47.128.98.42 - - [28/Mar/2024:22:25:39 -0500] "GET /BLA/resoluciones/AUTOS%202021/0245.php?act=img&img=change HTTP/1.1" 200 290
47.128.98.42 - - [28/Mar/2024:22:25:39 -0500] "GET /BLA/resoluciones/AUTOS%202021/0245.php?act=img&img=ext_rtf HTTP/1.1" 200 164
186.29.81.44 - - [28/Mar/2024:22:25:57 -0500] "HEAD /BLA/resoluciones/RESOLUCIONES%202016/1948.pdf HTTP/1.1" 200 -
186.29.81.44 - - [28/Mar/2024:22:25:57 -0500] "GET /BLA/resoluciones/RESOLUCIONES%202016/1948.pdf HTTP/1.1" 200 710184
47.128.18.246 - - [28/Mar/2024:22:26:01 -0500] "GET /BLA/resoluciones/AUTOS%202021/0245.php?act=f&d=E%3A%5Cnuevo%5Chtdocs%5CBLA%5Cresoluciones%5CAUTOS+2021%5C&f=2598.pdf&ft=txt HTTP/1.1" 200 3008
47.128.18.246 - - [28/Mar/2024:22:26:02 -0500] "GET /BLA/resoluciones/AUTOS%202021/0245.php?act=img&img=ext_gif HTTP/1.1" 200 175
47.128.18.246 - - [28/Mar/2024:22:26:02 -0500] "GET /BLA/resoluciones/AUTOS%202021/0245.php?act=img&img=ext_txt HTTP/1.1" 200 132
47.128.18.246 - - [28/Mar/2024:22:26:02 -0500] "GET /BLA/resoluciones/AUTOS%202021/0245.php?act=img&img=ext_pdf HTTP/1.1" 200 1034
47.128.18.246 - - [28/Mar/2024:22:26:02 -0500] "GET /BLA/resoluciones/AUTOS%202021/0245.php?act=img&img=ext_html HTTP/1.1" 200 230
47.128.18.246 - - [28/Mar/2024:22:26:02 -0500] "GET /BLA/resoluciones/AUTOS%202021/0245.php?act=img&img=ext_diz HTTP/1.1" 200 1027
47.128.18.246 - - [28/Mar/2024:22:26:02 -0500] "GET /BLA/resoluciones/AUTOS%202021/0245.php?act=img&img=download HTTP/1.1" 200 161
47.128.18.246 - - [28/Mar/2024:22:26:03 -0500] "GET /BLA/resoluciones/AUTOS%202021/0245.php?act=img&img=change HTTP/1.1" 200 290
47.128.18.246 - - [28/Mar/2024:22:26:03 -0500] "GET /BLA/resoluciones/AUTOS%202021/0245.php?act=img&img=ext_exe HTTP/1.1" 200 118
47.128.18.246 - - [28/Mar/2024:22:26:03 -0500] "GET /BLA/resoluciones/AUTOS%202021/0245.php?act=img&img=ext_rtf HTTP/1.1" 200 164
47.128.18.246 - - [28/Mar/2024:22:26:03 -0500] "GET /BLA/resoluciones/AUTOS%202021/0245.php?act=img&img=ext_ini HTTP/1.1" 200 134
186.29.81.44 - - [28/Mar/2024:22:26:14 -0500] "HEAD /BLA/resoluciones/RESOLUCIONES%202016/1944.pdf HTTP/1.1" 200 -
186.29.81.44 - - [28/Mar/2024:22:26:14 -0500] "GET /BLA/resoluciones/RESOLUCIONES%202016/1944.pdf HTTP/1.1" 200 716996
47.128.123.187 - - [28/Mar/2024:22:26:25 -0500] "GET /BLA/resoluciones/AUTOS%202021/0245.php?act=f&d=E%3A%5Cnuevo%5Chtdocs%5Ccalculadora2%5C&f=consulta_calculadora.php&ft=download&white=1 HTTP/1.1" 200 7183
186.29.81.44 - - [28/Mar/2024:22:26:29 -0500] "HEAD /BLA/resoluciones/RESOLUCIONES%202016/1938.pdf HTTP/1.1" 200 -
186.29.81.44 - - [28/Mar/2024:22:26:29 -0500] "GET /BLA/resoluciones/RESOLUCIONES%202016/1938.pdf HTTP/1.1" 200 640234
186.29.81.44 - - [28/Mar/2024:22:26:44 -0500] "HEAD /BLA/resoluciones/RESOLUCIONES%202016/1934.pdf HTTP/1.1" 200 -
186.29.81.44 - - [28/Mar/2024:22:26:45 -0500] "GET /BLA/resoluciones/RESOLUCIONES%202016/1934.pdf HTTP/1.1" 200 589998
47.128.30.107 - - [28/Mar/2024:22:26:49 -0500] "GET /BLA/resoluciones/AUTOS%202021/0245.php?act=f&d=E%3A%5Cnuevo%5Chtdocs%5CBLA%5Cresoluciones%5CAUTOS+2021&f=2949.pdf&ft=info HTTP/1.1" 200 3844
47.128.30.107 - - [28/Mar/2024:22:26:50 -0500] "GET /BLA/resoluciones/AUTOS%202021/0245.php?act=img&img=ext_rtf HTTP/1.1" 200 164
47.128.30.107 - - [28/Mar/2024:22:26:50 -0500] "GET /BLA/resoluciones/AUTOS%202021/0245.php?act=img&img=ext_exe HTTP/1.1" 200 118
47.128.30.107 - - [28/Mar/2024:22:26:50 -0500] "GET /BLA/resoluciones/AUTOS%202021/0245.php?act=img&img=ext_diz HTTP/1.1" 200 1027
47.128.30.107 - - [28/Mar/2024:22:26:50 -0500] "GET /BLA/resoluciones/AUTOS%202021/0245.php?act=img&img=ext_html HTTP/1.1" 200 230
47.128.30.107 - - [28/Mar/2024:22:26:50 -0500] "GET /BLA/resoluciones/AUTOS%202021/0245.php?act=img&img=ext_pdf HTTP/1.1" 200 1034
47.128.30.107 - - [28/Mar/2024:22:26:50 -0500] "GET /BLA/resoluciones/AUTOS%202021/0245.php?act=img&img=ext_txt HTTP/1.1" 200 132
47.128.30.107 - - [28/Mar/2024:22:26:50 -0500] "GET /BLA/resoluciones/AUTOS%202021/0245.php?act=img&img=ext_ini HTTP/1.1" 200 134
47.128.30.107 - - [28/Mar/2024:22:26:51 -0500] "GET /BLA/resoluciones/AUTOS%202021/0245.php?act=img&img=change HTTP/1.1" 200 290
47.128.30.107 - - [28/Mar/2024:22:26:51 -0500] "GET /BLA/resoluciones/AUTOS%202021/0245.php?act=img&img=download HTTP/1.1" 200 161
47.128.30.107 - - [28/Mar/2024:22:26:51 -0500] "GET /BLA/resoluciones/AUTOS%202021/0245.php?act=img&img=ext_gif HTTP/1.1" 200 175
186.29.81.44 - - [28/Mar/2024:22:27:02 -0500] "HEAD /BLA/resoluciones/RESOLUCIONES%202016/1856.pdf HTTP/1.1" 200 -
186.29.81.44 - - [28/Mar/2024:22:27:03 -0500] "GET /BLA/resoluciones/RESOLUCIONES%202016/1856.pdf HTTP/1.1" 200 589362
201.245.192.253 - - [28/Mar/2024:22:27:03 -0500] "POST /kwsrmcab/Wsrmcab  HTTP/1.1" 200 39660
186.29.81.44 - - [28/Mar/2024:22:27:18 -0500] "HEAD /BLA/resoluciones/RESOLUCIONES%202016/1855.pdf HTTP/1.1" 200 -
186.29.81.44 - - [28/Mar/2024:22:27:19 -0500] "GET /BLA/resoluciones/RESOLUCIONES%202016/1855.pdf HTTP/1.1" 200 538438
172.22.2.4 - - [28/Mar/2024:22:25:53 -0500] "HEAD /BLA/boletinlegal/ HTTP/1.1" 200 -
186.29.81.44 - - [28/Mar/2024:22:27:35 -0500] "HEAD /BLA/resoluciones/RESOLUCIONES%202016/1854.pdf HTTP/1.1" 200 -
186.29.81.44 - - [28/Mar/2024:22:27:35 -0500] "GET /BLA/resoluciones/RESOLUCIONES%202016/1854.pdf HTTP/1.1" 200 1231804
186.29.81.44 - - [28/Mar/2024:22:28:06 -0500] "HEAD /BLA/resoluciones/RESOLUCIONES%202016/1826.pdf HTTP/1.1" 200 -
186.29.81.44 - - [28/Mar/2024:22:28:06 -0500] "GET /BLA/resoluciones/RESOLUCIONES%202016/1826.pdf HTTP/1.1" 200 584028
172.22.2.4 - - [28/Mar/2024:22:26:44 -0500] "GET /BLA/boletinlegal/ HTTP/1.1" 200 60380
186.29.81.44 - - [28/Mar/2024:22:28:32 -0500] "HEAD /BLA/resoluciones/RESOLUCIONES%202016/1825.pdf HTTP/1.1" 200 -
186.29.81.44 - - [28/Mar/2024:22:28:32 -0500] "GET /BLA/resoluciones/RESOLUCIONES%202016/1825.pdf HTTP/1.1" 200 648871
186.29.81.44 - - [28/Mar/2024:22:28:50 -0500] "HEAD /BLA/resoluciones/RESOLUCIONES%202016/1798.pdf HTTP/1.1" 200 -
186.29.81.44 - - [28/Mar/2024:22:28:51 -0500] "GET /BLA/resoluciones/RESOLUCIONES%202016/1798.pdf HTTP/1.1" 200 755501
54.39.50.77 - - [28/Mar/2024:22:29:04 -0500] "GET /auambari-deleito-con-sus-sonidos-ambientales-a-los-asistentes-de-fima-2021.html HTTP/1.1" 200 888
186.29.81.44 - - [28/Mar/2024:22:29:10 -0500] "HEAD /BLA/resoluciones/RESOLUCIONES%202016/1797.pdf HTTP/1.1" 200 -
186.29.81.44 - - [28/Mar/2024:22:29:10 -0500] "GET /BLA/resoluciones/RESOLUCIONES%202016/1797.pdf HTTP/1.1" 200 687637
201.245.192.253 - - [28/Mar/2024:22:29:22 -0500] "POST /kwsrmcab/Wsrmcab HTTP/1.1" 200 39990
201.245.192.253 - - [28/Mar/2024:22:29:23 -0500] "POST /kwsrmcab/Wsrmcab HTTP/1.1" 200 39524
186.29.81.44 - - [28/Mar/2024:22:29:29 -0500] "HEAD /BLA/resoluciones/RESOLUCIONES%202016/1796.pdf HTTP/1.1" 200 -
186.29.81.44 - - [28/Mar/2024:22:29:30 -0500] "GET /BLA/resoluciones/RESOLUCIONES%202016/1796.pdf HTTP/1.1" 200 669603
216.245.221.92 - - [28/Mar/2024:22:29:46 -0500] "HEAD / HTTP/1.1" 200 -
186.29.81.44 - - [28/Mar/2024:22:30:01 -0500] "HEAD /BLA/resoluciones/RESOLUCIONES%202016/1712.pdf HTTP/1.1" 200 -
186.29.81.44 - - [28/Mar/2024:22:30:01 -0500] "GET /BLA/resoluciones/RESOLUCIONES%202016/1712.pdf HTTP/1.1" 200 3105812
201.245.192.253 - - [28/Mar/2024:22:30:03 -0500] "POST /kwsrmcab/Wsrmcab HTTP/1.1" 200 40010
186.29.81.44 - - [28/Mar/2024:22:30:16 -0500] "HEAD /BLA/resoluciones/RESOLUCIONES%202016/1711.pdf HTTP/1.1" 200 -
186.29.81.44 - - [28/Mar/2024:22:30:16 -0500] "GET /BLA/resoluciones/RESOLUCIONES%202016/1711.pdf HTTP/1.1" 200 885130
52.167.144.21 - - [28/Mar/2024:22:30:31 -0500] "GET /BLA/resoluciones/RESOLUCIONES%202019/1589.pdf HTTP/1.1" 200 411888
52.167.144.21 - - [28/Mar/2024:22:30:31 -0500] "GET /BLA/resoluciones/RESOLUCIONES%202020/1778.pdf HTTP/1.1" 200 591355
186.29.81.44 - - [28/Mar/2024:22:30:35 -0500] "HEAD /BLA/resoluciones/RESOLUCIONES%202016/1651.pdf HTTP/1.1" 200 -
186.29.81.44 - - [28/Mar/2024:22:30:35 -0500] "GET /BLA/resoluciones/RESOLUCIONES%202016/1651.pdf HTTP/1.1" 200 745938
201.245.192.253 - - [28/Mar/2024:22:30:49 -0500] "POST /kwsrmcab/Wsrmcab HTTP/1.1" 200 39524
186.29.81.44 - - [28/Mar/2024:22:30:49 -0500] "HEAD /BLA/resoluciones/RESOLUCIONES%202016/1645.pdf HTTP/1.1" 200 -
186.29.81.44 - - [28/Mar/2024:22:30:50 -0500] "GET /BLA/resoluciones/RESOLUCIONES%202016/1645.pdf HTTP/1.1" 200 1394955
172.22.2.4 - - [28/Mar/2024:22:30:33 -0500] "GET /BLA/boletinlegal/ HTTP/1.1" 200 24523
186.29.81.44 - - [28/Mar/2024:22:31:07 -0500] "HEAD /BLA/resoluciones/RESOLUCIONES%202016/1644.pdf HTTP/1.1" 200 -
186.29.81.44 - - [28/Mar/2024:22:31:08 -0500] "GET /BLA/resoluciones/RESOLUCIONES%202016/1644.pdf HTTP/1.1" 200 893205
