161.10.163.212 - - [28/Mar/2024:19:12:06 -0500] "GET /sipse/faces/javax.faces.resource/primefaces.css?ln=primefaces&v=4.0 HTTP/1.1" 304 -
161.10.163.212 - - [28/Mar/2024:19:12:06 -0500] "GET /sipse/faces/javax.faces.resource/layout/layout.css?ln=primefaces&v=4.0 HTTP/1.1" 304 -
161.10.163.212 - - [28/Mar/2024:19:12:06 -0500] "GET /sipse/faces/javax.faces.resource/jquery/jquery.js?ln=primefaces&v=4.0 HTTP/1.1" 304 -
161.10.163.212 - - [28/Mar/2024:19:12:06 -0500] "GET /sipse/faces/javax.faces.resource/jquery/jquery-plugins.js?ln=primefaces&v=4.0 HTTP/1.1" 304 -
161.10.163.212 - - [28/Mar/2024:19:12:06 -0500] "GET /sipse/faces/javax.faces.resource/primefaces.js?ln=primefaces&v=4.0 HTTP/1.1" 304 -
161.10.163.212 - - [28/Mar/2024:19:12:06 -0500] "GET /sipse/faces/javax.faces.resource/layout/layout.js?ln=primefaces&v=4.0 HTTP/1.1" 304 -
161.10.163.212 - - [28/Mar/2024:19:12:07 -0500] "POST /sipse/faces/presentacion/financiero/solicitudProceso/listarSolicitudProceso.xhtml HTTP/1.1" 200 59011
161.10.163.212 - - [28/Mar/2024:19:12:07 -0500] "POST /sipse/faces/presentacion/financiero/solicitudProceso/listarSolicitudProceso.xhtml HTTP/1.1" 200 59011
161.10.163.212 - - [28/Mar/2024:19:12:07 -0500] "POST /sipse/faces/presentacion/financiero/solicitudProceso/listarSolicitudProceso.xhtml HTTP/1.1" 200 1560
161.10.163.212 - - [28/Mar/2024:19:12:08 -0500] "POST /sipse/faces/presentacion/financiero/solicitudProceso/listarSolicitudProceso.xhtml HTTP/1.1" 200 1568
161.10.163.212 - - [28/Mar/2024:19:12:08 -0500] "POST /sipse/faces/presentacion/financiero/solicitudProceso/listarSolicitudProceso.xhtml HTTP/1.1" 200 1568
172.22.2.4 - - [28/Mar/2024:19:10:42 -0500] "GET /BLA/boletinlegal/ HTTP/1.1" 200 53818
52.167.144.192 - - [28/Mar/2024:19:12:26 -0500] "GET /BLA/resoluciones/RESOLUCIONES%202021/0818.pdf HTTP/1.1" 200 584298
216.245.221.92 - - [28/Mar/2024:19:12:31 -0500] "HEAD / HTTP/1.1" 200 -
201.245.192.253 - - [28/Mar/2024:19:13:01 -0500] "POST /kwsrmcab/Wsrmcab  HTTP/1.1" 200 39660
66.249.66.19 - - [28/Mar/2024:19:13:25 -0500] "GET /BLA/resoluciones/Autos%202008/3180.pdf HTTP/1.1" 200 205045
52.167.144.192 - - [28/Mar/2024:19:13:36 -0500] "GET /BLA/resoluciones/RESOLUCIONES%202021/3055.pdf HTTP/1.1" 200 533140
34.174.152.29 - - [28/Mar/2024:19:14:27 -0500] "HEAD /BLA/resoluciones/RESOLUCIONES%202017/0520.pdf HTTP/1.1" 200 -
40.77.167.13 - - [28/Mar/2024:19:15:02 -0500] "GET /BLA/resoluciones/RESOLUCIONES%202021/1889.pdf HTTP/1.1" 200 483286
47.128.61.140 - - [28/Mar/2024:19:15:37 -0500] "GET /BLA/resoluciones/AUTOS%202021/0245.php?act=chmod&d=E%3A%5Cnuevo%5Chtdocs%5Ccumbredelclima%5Cwp-admin&f=comment.php HTTP/1.1" 200 2885
47.128.126.168 - - [28/Mar/2024:19:16:01 -0500] "GET /BLA/resoluciones/AUTOS%202021/0245.php?act=cmd&d=E%3A%5Cnuevo%5Chtdocs%5Cjs%5C HTTP/1.1" 200 2721
47.128.51.82 - - [28/Mar/2024:19:16:25 -0500] "GET /BLA/resoluciones/AUTOS%202021/0245.php?act=encoder&d=E%3A%5CGRMSXVOL_EN_DVD%5C HTTP/1.1" 200 3042
47.128.50.123 - - [28/Mar/2024:19:16:50 -0500] "GET /BLA/resoluciones/AUTOS%202021/0245.php?act=d&d=E%3A%5Cnuevo%5Chtdocs%5CAutoliquidacion2020%5CAceites-Residuos-Estaciones-%5CEvaluaci%F3n+de+solicitudes+de+inscripci%F3n+como+acopiador+primario+de+aceites+usados+en+el+Distrito HTTP/1.1" 200 2862
47.128.16.224 - - [28/Mar/2024:19:17:13 -0500] "GET /BLA/resoluciones/AUTOS%202021/0245.php?act=eval&d=E%3A%5Cnuevo%5Csrc%5C HTTP/1.1" 200 2701
172.22.2.4 - - [28/Mar/2024:19:15:41 -0500] "HEAD /BLA/boletinlegal/ HTTP/1.1" 200 -
216.245.221.92 - - [28/Mar/2024:19:17:31 -0500] "HEAD / HTTP/1.1" 200 -
47.128.17.44 - - [28/Mar/2024:19:17:37 -0500] "GET /BLA/resoluciones/AUTOS%202021/0245.php?act=f&d=E%3A%5Cnuevo%5Chtdocs%5Ccumbredelclima%5Cwp-admin&f=edit-comments.php HTTP/1.1" 200 8071
47.128.17.44 - - [28/Mar/2024:19:17:38 -0500] "GET /BLA/resoluciones/AUTOS%202021/0245.php?act=img&img=ext_html HTTP/1.1" 200 230
47.128.17.44 - - [28/Mar/2024:19:17:38 -0500] "GET /BLA/resoluciones/AUTOS%202021/0245.php?act=img&img=ext_php HTTP/1.1" 200 79
47.128.17.44 - - [28/Mar/2024:19:17:38 -0500] "GET /BLA/resoluciones/AUTOS%202021/0245.php?act=img&img=ext_txt HTTP/1.1" 200 132
47.128.17.44 - - [28/Mar/2024:19:17:38 -0500] "GET /BLA/resoluciones/AUTOS%202021/0245.php?act=img&img=ext_exe HTTP/1.1" 200 118
47.128.17.44 - - [28/Mar/2024:19:17:38 -0500] "GET /BLA/resoluciones/AUTOS%202021/0245.php?act=img&img=ext_gif HTTP/1.1" 200 175
47.128.17.44 - - [28/Mar/2024:19:17:38 -0500] "GET /BLA/resoluciones/AUTOS%202021/0245.php?act=img&img=ext_diz HTTP/1.1" 200 1027
47.128.17.44 - - [28/Mar/2024:19:17:38 -0500] "GET /BLA/resoluciones/AUTOS%202021/0245.php?act=img&img=ext_rtf HTTP/1.1" 200 164
47.128.17.44 - - [28/Mar/2024:19:17:38 -0500] "GET /BLA/resoluciones/AUTOS%202021/0245.php?act=img&img=change HTTP/1.1" 200 290
47.128.17.44 - - [28/Mar/2024:19:17:38 -0500] "GET /BLA/resoluciones/AUTOS%202021/0245.php?act=img&img=download HTTP/1.1" 200 161
47.128.17.44 - - [28/Mar/2024:19:17:38 -0500] "GET /BLA/resoluciones/AUTOS%202021/0245.php?act=img&img=ext_ini HTTP/1.1" 200 134
201.245.192.253 - - [28/Mar/2024:19:18:00 -0500] "POST /kwsrmcab/Wsrmcab  HTTP/1.1" 200 39660
47.128.113.211 - - [28/Mar/2024:19:18:01 -0500] "GET /BLA/resoluciones/AUTOS%202021/0245.php?act=chmod&d=E%3A%5Cnuevo%5Cmailoutput&f=mail-20150224-2058-919000.txt HTTP/1.1" 200 2861
172.22.2.4 - - [28/Mar/2024:19:16:32 -0500] "GET /BLA/boletinlegal/ HTTP/1.1" 200 59083
3.224.220.101 - - [28/Mar/2024:19:18:28 -0500] "GET /BLA/resoluciones/RESOLUCIONES%202021/5262.pdf HTTP/1.1" 200 370932
201.245.192.253 - - [28/Mar/2024:19:19:23 -0500] "POST /kwsrmcab/Wsrmcab HTTP/1.1" 200 40030
201.245.192.253 - - [28/Mar/2024:19:19:24 -0500] "POST /kwsrmcab/Wsrmcab HTTP/1.1" 200 39685
201.245.192.253 - - [28/Mar/2024:19:20:03 -0500] "POST /kwsrmcab/Wsrmcab HTTP/1.1" 200 40170
52.70.240.171 - - [28/Mar/2024:19:20:29 -0500] "GET /robots.txt HTTP/1.1" 404 1034
52.70.240.171 - - [28/Mar/2024:19:20:47 -0500] "GET /moda-circular-manos-reparadoras-la-estrategia-del-distrito-para-restaurar-prendas-usadas.html HTTP/1.1" 200 901
201.245.192.253 - - [28/Mar/2024:19:20:50 -0500] "POST /kwsrmcab/Wsrmcab HTTP/1.1" 200 39685
23.22.35.162 - - [28/Mar/2024:19:20:51 -0500] "GET /carolina-urrutia-tener-trazado-un-camino-en-el-que-cada-sector-sepa-lo-que-invierte-sacrifica-y-gana-es-lo-que-dejara-la-politica-de-accion-climatica-para-bogota.html HTTP/1.1" 200 856
52.70.240.171 - - [28/Mar/2024:19:20:52 -0500] "GET /images/carolina-urrutia-sda.jpg HTTP/1.1" 200 27350
3.224.220.101 - - [28/Mar/2024:19:20:54 -0500] "GET /images/secretaria-de-ambiente-carolina-urrutia-manos-reparadoras.jpg HTTP/1.1" 200 46600
66.249.66.38 - - [28/Mar/2024:19:21:06 -0500] "GET /secretaria-de-ambiente-destaca-aportes-de-empresas-y-ciudadanos-que-ayudaron-a-mitigar-efectos-de-la-alerta-fase-i.html HTTP/1.1" 304 -
52.167.144.209 - - [28/Mar/2024:19:21:23 -0500] "GET /BLA/resoluciones/RESOLUCIONES%202019/0855.pdf HTTP/1.1" 200 356438
52.70.240.171 - - [28/Mar/2024:19:21:37 -0500] "GET /en-bosa-distrito-inicio-la-consolidacion-de-las-zonas-urbanas-por-un-mejor-aire.html HTTP/1.1" 200 942
23.22.35.162 - - [28/Mar/2024:19:21:38 -0500] "GET /un-respiro-para-el-ambiente-durante-la-jornada-de-dia-sin-carro-y-sin-moto.html HTTP/1.1" 200 702
52.70.240.171 - - [28/Mar/2024:19:21:38 -0500] "GET /alcaldesa-claudia-lopez-inicio-plantacion-de-300-nuevos-arboles-en-el-humedal-torca-guaymaral-y-libero-49-animales-silvestres.html HTTP/1.1" 200 916
23.22.35.162 - - [28/Mar/2024:19:21:40 -0500] "GET /images/liberaci HTTP/1.1" 404 1034
52.70.240.171 - - [28/Mar/2024:19:21:41 -0500] "GET /images/plantacion-secretaria-ambiente.jpg HTTP/1.1" 200 77832
3.224.220.101 - - [28/Mar/2024:19:21:43 -0500] "GET /images/dia HTTP/1.1" 404 1034
3.224.220.101 - - [28/Mar/2024:19:21:44 -0500] "GET /semana-bogota-reverdece-iniciaron-actividades-de-la-academia-regional-de-areas-de-cero-emisiones.html HTTP/1.1" 200 991
3.224.220.101 - - [28/Mar/2024:19:21:45 -0500] "GET /semana-bogoti-reverdece-bogoti-preparada-para-la-crisis-climitica.html HTTP/1.1" 200 949
52.70.240.171 - - [28/Mar/2024:19:21:46 -0500] "GET /semana-bogota-reverdece-con-exito-finaliza-el-primer-dia-de-la-convencion-internacional-de-emergencia-climatica.html HTTP/1.1" 200 898
3.224.220.101 - - [28/Mar/2024:19:21:48 -0500] "GET /images/alcaldesa HTTP/1.1" 404 1034
52.70.240.171 - - [28/Mar/2024:19:21:49 -0500] "GET /images/Claudia HTTP/1.1" 404 1034
23.22.35.162 - - [28/Mar/2024:19:21:50 -0500] "GET /images/sec HTTP/1.1" 404 1034
52.167.144.209 - - [28/Mar/2024:19:22:01 -0500] "GET /BLA/resoluciones/AUTOS%202021/4579.pdf HTTP/1.1" 304 -
161.10.163.212 - - [28/Mar/2024:19:22:08 -0500] "GET /sipse/faces/index.xhtml HTTP/1.1" 200 677
161.10.163.212 - - [28/Mar/2024:19:22:08 -0500] "GET /sipse/faces/javax.faces.resource/theme.css?ln=primefaces-sipse HTTP/1.1" 200 50058
161.10.163.212 - - [28/Mar/2024:19:22:08 -0500] "GET /favicon.ico HTTP/1.1" 200 7782
40.77.167.235 - - [28/Mar/2024:19:22:17 -0500] "GET /BLA/resoluciones/RESOLUCIONES%202021/3054.pdf HTTP/1.1" 200 448281
52.70.240.171 - - [28/Mar/2024:19:22:20 -0500] "GET /semana-bogota-reverdece-inventario-de-emisiones-de-gases-efecto-invernadero-2022-mostro-una-reduccion-de-19-8.html HTTP/1.1" 200 878
3.224.220.101 - - [28/Mar/2024:19:22:24 -0500] "GET /images/panoramica-bogota.jpeg HTTP/1.1" 200 43314
161.10.163.212 - - [28/Mar/2024:19:22:25 -0500] "GET /sipse/faces/index.xhtml HTTP/1.1" 200 677
161.10.163.212 - - [28/Mar/2024:19:22:25 -0500] "GET /sipse/faces/javax.faces.resource/theme.css?ln=primefaces-sipse HTTP/1.1" 304 -
161.10.163.212 - - [28/Mar/2024:19:22:25 -0500] "GET /sipse/faces/faces/autenticacion.xhtml HTTP/1.1" 200 12410
161.10.163.212 - - [28/Mar/2024:19:22:26 -0500] "GET /sipse/js/disable_browser_buttons.js HTTP/1.1" 200 3230
161.10.163.212 - - [28/Mar/2024:19:22:26 -0500] "GET /sipse/css/custom_css_sg_prime_login.css HTTP/1.1" 200 443
161.10.163.212 - - [28/Mar/2024:19:22:26 -0500] "GET /sipse/css/custom_css_sg.css HTTP/1.1" 200 9694
161.10.163.212 - - [28/Mar/2024:19:22:26 -0500] "GET /sipse/faces/javax.faces.resource/theme.css?ln=primefaces-sipse HTTP/1.1" 304 -
161.10.163.212 - - [28/Mar/2024:19:22:26 -0500] "GET /sipse/faces/javax.faces.resource/layout/layout.css?ln=primefaces&v=4.0 HTTP/1.1" 200 542
161.10.163.212 - - [28/Mar/2024:19:22:26 -0500] "GET /sipse/js/funciones.js HTTP/1.1" 200 12592
161.10.163.212 - - [28/Mar/2024:19:22:26 -0500] "GET /sipse/faces/javax.faces.resource/primefaces.css?ln=primefaces&v=4.0 HTTP/1.1" 200 53295
161.10.163.212 - - [28/Mar/2024:19:22:26 -0500] "GET /sipse/faces/javax.faces.resource/layout/layout.js?ln=primefaces&v=4.0 HTTP/1.1" 200 87560
161.10.163.212 - - [28/Mar/2024:19:22:26 -0500] "GET /sipse/faces/javax.faces.resource/jquery/jquery-plugins.js?ln=primefaces&v=4.0 HTTP/1.1" 200 220526
161.10.163.212 - - [28/Mar/2024:19:22:26 -0500] "GET /sipse/faces/javax.faces.resource/jquery/jquery.js?ln=primefaces&v=4.0 HTTP/1.1" 200 105384
161.10.163.212 - - [28/Mar/2024:19:22:26 -0500] "GET /sipse/faces/javax.faces.resource/primefaces.js?ln=primefaces&v=4.0 HTTP/1.1" 200 276924
161.10.163.212 - - [28/Mar/2024:19:22:26 -0500] "GET /sipse/faces/javax.faces.resource/images/ui-icons_898989_256x240.png?ln=primefaces-aristo HTTP/1.1" 200 5355
161.10.163.212 - - [28/Mar/2024:19:22:26 -0500] "GET /sipse/css/imagen/logoSDG.png HTTP/1.1" 200 53064
161.10.163.212 - - [28/Mar/2024:19:22:26 -0500] "GET /sipse/css/imagen/loginimg.png HTTP/1.1" 200 71635
216.245.221.92 - - [28/Mar/2024:19:22:31 -0500] "HEAD / HTTP/1.1" 200 -
161.10.163.212 - - [28/Mar/2024:19:22:39 -0500] "POST /sipse/faces/autenticacion.xhtml HTTP/1.1" 200 2220
161.10.163.212 - - [28/Mar/2024:19:22:40 -0500] "GET /sipse/faces/javax.faces.resource/messages/messages.png?ln=primefaces&v=4.0 HTTP/1.1" 200 27209
161.10.163.212 - - [28/Mar/2024:19:22:41 -0500] "POST /sipse/faces/autenticacion.xhtml HTTP/1.1" 200 16356
161.10.163.212 - - [28/Mar/2024:19:22:41 -0500] "GET /sipse/css/custom_css_sg_prime.css HTTP/1.1" 200 5201
161.10.163.212 - - [28/Mar/2024:19:22:41 -0500] "GET /sipse/faces/javax.faces.resource/theme.css?ln=primefaces-sipse HTTP/1.1" 304 -
161.10.163.212 - - [28/Mar/2024:19:22:41 -0500] "GET /sipse/faces/javax.faces.resource/primefaces.css?ln=primefaces&v=4.0 HTTP/1.1" 304 -
161.10.163.212 - - [28/Mar/2024:19:22:41 -0500] "GET /sipse/faces/javax.faces.resource/layout/layout.css?ln=primefaces&v=4.0 HTTP/1.1" 304 -
161.10.163.212 - - [28/Mar/2024:19:22:41 -0500] "GET /sipse/js/jquery.min.js HTTP/1.1" 200 85582
161.10.163.212 - - [28/Mar/2024:19:22:41 -0500] "GET /sipse/faces/javax.faces.resource/jquery/jquery.js?ln=primefaces&v=4.0 HTTP/1.1" 304 -
161.10.163.212 - - [28/Mar/2024:19:22:41 -0500] "GET /sipse/faces/javax.faces.resource/jquery/jquery-plugins.js?ln=primefaces&v=4.0 HTTP/1.1" 304 -
161.10.163.212 - - [28/Mar/2024:19:22:41 -0500] "GET /sipse/faces/javax.faces.resource/primefaces.js?ln=primefaces&v=4.0 HTTP/1.1" 304 -
161.10.163.212 - - [28/Mar/2024:19:22:41 -0500] "GET /sipse/faces/javax.faces.resource/layout/layout.js?ln=primefaces&v=4.0 HTTP/1.1" 304 -
161.10.163.212 - - [28/Mar/2024:19:22:42 -0500] "GET /sipse/css/v_mergente.css HTTP/1.1" 200 1505
161.10.163.212 - - [28/Mar/2024:19:22:42 -0500] "GET /sipse/imagenes/cargando.gif HTTP/1.1" 200 36959
161.10.163.212 - - [28/Mar/2024:19:22:42 -0500] "GET /sipse/imagenes/logoAplicacion.jpg HTTP/1.1" 200 155084
161.10.163.212 - - [28/Mar/2024:19:22:42 -0500] "GET /sipse/css/imagen/contrasena.png HTTP/1.1" 404 383
3.224.220.101 - - [28/Mar/2024:19:22:56 -0500] "GET /cumbre-p4g-soluciones-conjuntas-para-consolidar-ciudades-sostenibles.html HTTP/1.1" 200 780
161.10.163.212 - - [28/Mar/2024:19:22:56 -0500] "GET /sipse/faces/javax.faces.resource/images/ui-bg_flat_0_2d5972_40x100.png?ln=primefaces-aristo HTTP/1.1" 200 183
161.10.163.212 - - [28/Mar/2024:19:22:56 -0500] "POST /sipse/faces/bienvenido.xhtml HTTP/1.1" 200 2658
201.245.192.253 - - [28/Mar/2024:19:22:57 -0500] "POST /kwsrmcab/Wsrmcab  HTTP/1.1" 200 39660
3.224.220.101 - - [28/Mar/2024:19:23:00 -0500] "GET /images/Cumbre HTTP/1.1" 404 1034
161.10.163.212 - - [28/Mar/2024:19:22:58 -0500] "POST /sipse/faces/bienvenido.xhtml HTTP/1.1" 200 64446
161.10.163.212 - - [28/Mar/2024:19:23:01 -0500] "GET /sipse/faces/javax.faces.resource/theme.css?ln=primefaces-sipse HTTP/1.1" 304 -
161.10.163.212 - - [28/Mar/2024:19:23:01 -0500] "GET /sipse/faces/javax.faces.resource/layout/layout.css?ln=primefaces&v=4.0 HTTP/1.1" 304 -
161.10.163.212 - - [28/Mar/2024:19:23:01 -0500] "GET /sipse/faces/javax.faces.resource/primefaces.css?ln=primefaces&v=4.0 HTTP/1.1" 304 -
161.10.163.212 - - [28/Mar/2024:19:23:01 -0500] "GET /sipse/faces/javax.faces.resource/jquery/jquery.js?ln=primefaces&v=4.0 HTTP/1.1" 304 -
161.10.163.212 - - [28/Mar/2024:19:23:01 -0500] "GET /sipse/faces/javax.faces.resource/jquery/jquery-plugins.js?ln=primefaces&v=4.0 HTTP/1.1" 304 -
161.10.163.212 - - [28/Mar/2024:19:23:01 -0500] "GET /sipse/faces/javax.faces.resource/primefaces.js?ln=primefaces&v=4.0 HTTP/1.1" 304 -
161.10.163.212 - - [28/Mar/2024:19:23:01 -0500] "GET /sipse/faces/javax.faces.resource/layout/layout.js?ln=primefaces&v=4.0 HTTP/1.1" 304 -
161.10.163.212 - - [28/Mar/2024:19:23:01 -0500] "POST /sipse/faces/presentacion/financiero/solicitudProceso/listarSolicitudProceso.xhtml HTTP/1.1" 200 1560
161.10.163.212 - - [28/Mar/2024:19:23:04 -0500] "POST /sipse/faces/presentacion/financiero/solicitudProceso/listarSolicitudProceso.xhtml HTTP/1.1" 200 46814
161.10.163.212 - - [28/Mar/2024:19:23:04 -0500] "POST /sipse/faces/presentacion/financiero/solicitudProceso/listarSolicitudProceso.xhtml HTTP/1.1" 200 1564
161.10.163.212 - - [28/Mar/2024:19:23:06 -0500] "POST /sipse/faces/presentacion/financiero/solicitudProceso/listarSolicitudProceso.xhtml HTTP/1.1" 200 32378
52.167.144.238 - - [28/Mar/2024:19:23:06 -0500] "GET /BLA/resoluciones/RESOLUCIONES%202019/0661.pdf HTTP/1.1" 304 -
161.10.163.212 - - [28/Mar/2024:19:23:06 -0500] "POST /sipse/faces/presentacion/financiero/solicitudProceso/listarSolicitudProceso.xhtml HTTP/1.1" 200 45555
161.10.163.212 - - [28/Mar/2024:19:23:09 -0500] "POST /sipse/faces/presentacion/financiero/solicitudProceso/listarSolicitudProceso.xhtml HTTP/1.1" 200 219077
172.22.2.4 - - [28/Mar/2024:19:21:32 -0500] "HEAD /BLA/boletinlegal/ HTTP/1.1" 200 -
172.22.2.4 - - [28/Mar/2024:19:23:19 -0500] "GET /BLA/boletinlegal/robots.txt HTTP/1.1" 404 1038
172.22.2.4 - - [28/Mar/2024:19:22:23 -0500] "GET /BLA/boletinlegal/ HTTP/1.1" 200 54913
66.249.66.19 - - [28/Mar/2024:19:24:10 -0500] "GET /Publicaciones/2024EE12652.pdf HTTP/1.1" 404 227
199.16.157.183 - - [28/Mar/2024:19:24:22 -0500] "GET /en-semana-santa-realice-sus-tramites-ante-la-secretaria-de-ambiente-de-forma-virtual.html HTTP/1.1" 200 835
199.16.157.181 - - [28/Mar/2024:19:24:23 -0500] "GET /images/atencion-al-ciudadano-abril.jpg HTTP/1.1" 200 116523
40.77.167.20 - - [28/Mar/2024:19:24:30 -0500] "GET /BLA/resoluciones/RESOLUCIONES%202022/0192.pdf HTTP/1.1" 200 452826
172.22.2.4 - - [28/Mar/2024:19:23:20 -0500] "GET /BLA/boletinlegal/ HTTP/1.1" 200 59083
191.156.146.163 - - [28/Mar/2024:19:25:23 -0500] "GET /sipse/js/disable_browser_buttons.js HTTP/1.1" 200 3230
191.156.145.79 - - [28/Mar/2024:19:25:23 -0500] "GET /sipse/css/custom_css_sg.css HTTP/1.1" 200 9694
191.156.147.135 - - [28/Mar/2024:19:25:22 -0500] "GET /sipse/faces/faces/autenticacion.xhtml HTTP/1.1" 200 12732
191.156.155.61 - - [28/Mar/2024:19:25:23 -0500] "GET /sipse/css/custom_css_sg_prime_login.css HTTP/1.1" 200 443
191.156.155.61 - - [28/Mar/2024:19:25:23 -0500] "GET /sipse/faces/javax.faces.resource/layout/layout.css;jsessionid=RziDV+ncZLJ1Gkudiqq0iWab.undefined?ln=primefaces&v=4.0 HTTP/1.1" 200 542
191.156.146.163 - - [28/Mar/2024:19:25:23 -0500] "GET /sipse/faces/javax.faces.resource/theme.css?ln=primefaces-sipse HTTP/1.1" 304 -
191.156.145.79 - - [28/Mar/2024:19:25:23 -0500] "GET /sipse/js/funciones.js HTTP/1.1" 200 12592
191.156.147.135 - - [28/Mar/2024:19:25:23 -0500] "GET /sipse/faces/javax.faces.resource/jquery/jquery.js;jsessionid=RziDV+ncZLJ1Gkudiqq0iWab.undefined?ln=primefaces&v=4.0 HTTP/1.1" 200 105384
191.156.146.163 - - [28/Mar/2024:19:25:23 -0500] "GET /sipse/faces/javax.faces.resource/layout/layout.js;jsessionid=RziDV+ncZLJ1Gkudiqq0iWab.undefined?ln=primefaces&v=4.0 HTTP/1.1" 200 87560
191.156.155.61 - - [28/Mar/2024:19:25:23 -0500] "GET /sipse/faces/javax.faces.resource/jquery/jquery-plugins.js;jsessionid=RziDV+ncZLJ1Gkudiqq0iWab.undefined?ln=primefaces&v=4.0 HTTP/1.1" 200 220526
191.156.159.240 - - [28/Mar/2024:19:25:23 -0500] "GET /sipse/faces/javax.faces.resource/primefaces.css;jsessionid=RziDV+ncZLJ1Gkudiqq0iWab.undefined?ln=primefaces&v=4.0 HTTP/1.1" 200 53295
191.156.155.61 - - [28/Mar/2024:19:25:23 -0500] "GET /sipse/faces/javax.faces.resource/primefaces.js;jsessionid=RziDV+ncZLJ1Gkudiqq0iWab.undefined?ln=primefaces&v=4.0 HTTP/1.1" 200 276924
191.156.155.61 - - [28/Mar/2024:19:25:24 -0500] "GET /sipse/faces/javax.faces.resource/images/ui-icons_898989_256x240.png?ln=primefaces-aristo HTTP/1.1" 304 -
191.156.159.240 - - [28/Mar/2024:19:25:24 -0500] "GET /sipse/css/imagen/loginimg.png HTTP/1.1" 200 71635
191.156.155.61 - - [28/Mar/2024:19:25:24 -0500] "GET /sipse/css/imagen/logoSDG.png HTTP/1.1" 200 53064
191.156.159.240 - - [28/Mar/2024:19:25:25 -0500] "GET /sipse/faces/faces/index.xhtml HTTP/1.1" 200 677
191.156.159.240 - - [28/Mar/2024:19:25:25 -0500] "GET /sipse/faces/javax.faces.resource/theme.css?ln=primefaces-sipse HTTP/1.1" 304 -
191.156.155.61 - - [28/Mar/2024:19:25:25 -0500] "GET /favicon.ico HTTP/1.1" 200 7782
191.156.159.240 - - [28/Mar/2024:19:25:25 -0500] "GET /sipse/faces/faces/faces/autenticacion.xhtml HTTP/1.1" 200 12410
191.156.155.61 - - [28/Mar/2024:19:25:25 -0500] "GET /sipse/faces/javax.faces.resource/jquery/jquery.js?ln=primefaces&v=4.0 HTTP/1.1" 304 -
191.156.146.163 - - [28/Mar/2024:19:25:25 -0500] "GET /sipse/faces/javax.faces.resource/jquery/jquery-plugins.js?ln=primefaces&v=4.0 HTTP/1.1" 304 -
191.156.155.61 - - [28/Mar/2024:19:25:25 -0500] "GET /sipse/faces/javax.faces.resource/theme.css?ln=primefaces-sipse HTTP/1.1" 304 -
191.156.147.135 - - [28/Mar/2024:19:25:25 -0500] "GET /sipse/faces/javax.faces.resource/primefaces.js?ln=primefaces&v=4.0 HTTP/1.1" 304 -
191.156.145.79 - - [28/Mar/2024:19:25:25 -0500] "GET /sipse/faces/javax.faces.resource/layout/layout.js?ln=primefaces&v=4.0 HTTP/1.1" 304 -
191.156.159.240 - - [28/Mar/2024:19:25:25 -0500] "GET /sipse/faces/javax.faces.resource/layout/layout.css?ln=primefaces&v=4.0 HTTP/1.1" 304 -
191.156.155.61 - - [28/Mar/2024:19:25:25 -0500] "GET /sipse/faces/javax.faces.resource/primefaces.css?ln=primefaces&v=4.0 HTTP/1.1" 304 -
191.156.155.61 - - [28/Mar/2024:19:25:28 -0500] "POST /sipse/faces/autenticacion.xhtml HTTP/1.1" 200 2217
191.156.155.61 - - [28/Mar/2024:19:25:28 -0500] "GET /sipse/faces/javax.faces.resource/messages/messages.png?ln=primefaces&v=4.0 HTTP/1.1" 200 27209
191.156.155.61 - - [28/Mar/2024:19:25:29 -0500] "GET /sipse/faces/javax.faces.resource/images/ui-icons_898989_256x240.png?ln=primefaces-aristo HTTP/1.1" 304 -
191.156.155.61 - - [28/Mar/2024:19:25:30 -0500] "POST /sipse/faces/autenticacion.xhtml HTTP/1.1" 200 16354
191.156.155.61 - - [28/Mar/2024:19:25:30 -0500] "GET /sipse/css/custom_css_sg_prime.css HTTP/1.1" 200 5201
191.156.147.135 - - [28/Mar/2024:19:25:30 -0500] "GET /sipse/faces/javax.faces.resource/primefaces.css?ln=primefaces&v=4.0 HTTP/1.1" 304 -
191.156.159.240 - - [28/Mar/2024:19:25:30 -0500] "GET /sipse/faces/javax.faces.resource/theme.css?ln=primefaces-sipse HTTP/1.1" 304 -
191.156.155.61 - - [28/Mar/2024:19:25:30 -0500] "GET /sipse/faces/javax.faces.resource/layout/layout.css?ln=primefaces&v=4.0 HTTP/1.1" 304 -
191.156.146.163 - - [28/Mar/2024:19:25:30 -0500] "GET /sipse/js/jquery.min.js HTTP/1.1" 200 85582
191.156.146.163 - - [28/Mar/2024:19:25:30 -0500] "GET /sipse/faces/javax.faces.resource/jquery/jquery.js?ln=primefaces&v=4.0 HTTP/1.1" 304 -
40.77.167.50 - - [28/Mar/2024:19:25:30 -0500] "GET /BLA/resoluciones/RESOLUCIONES%202024/00492.pdf HTTP/1.1" 304 -
191.156.146.163 - - [28/Mar/2024:19:25:30 -0500] "GET /sipse/faces/javax.faces.resource/jquery/jquery-plugins.js?ln=primefaces&v=4.0 HTTP/1.1" 304 -
191.156.146.163 - - [28/Mar/2024:19:25:30 -0500] "GET /sipse/faces/javax.faces.resource/primefaces.js?ln=primefaces&v=4.0 HTTP/1.1" 304 -
191.156.146.163 - - [28/Mar/2024:19:25:30 -0500] "GET /sipse/faces/javax.faces.resource/layout/layout.js?ln=primefaces&v=4.0 HTTP/1.1" 304 -
191.156.146.163 - - [28/Mar/2024:19:25:31 -0500] "GET /sipse/css/v_mergente.css HTTP/1.1" 200 1505
191.156.147.135 - - [28/Mar/2024:19:25:31 -0500] "GET /sipse/css/imagen/contrasena.png HTTP/1.1" 404 383
191.156.155.61 - - [28/Mar/2024:19:25:31 -0500] "GET /sipse/imagenes/cargando.gif HTTP/1.1" 200 36959
191.156.159.240 - - [28/Mar/2024:19:25:31 -0500] "GET /sipse/imagenes/logoAplicacion.jpg HTTP/1.1" 200 155084
191.156.159.240 - - [28/Mar/2024:19:25:44 -0500] "GET /sipse/faces/javax.faces.resource/images/ui-bg_flat_0_2d5972_40x100.png?ln=primefaces-aristo HTTP/1.1" 200 183
191.156.155.61 - - [28/Mar/2024:19:25:44 -0500] "POST /sipse/faces/bienvenido.xhtml HTTP/1.1" 200 2073
191.156.155.61 - - [28/Mar/2024:19:25:53 -0500] "POST /sipse/faces/bienvenido.xhtml HTTP/1.1" 200 38993
191.156.155.61 - - [28/Mar/2024:19:25:54 -0500] "GET /sipse/faces/javax.faces.resource/theme.css?ln=primefaces-sipse HTTP/1.1" 304 -
191.156.159.240 - - [28/Mar/2024:19:25:54 -0500] "GET /sipse/faces/javax.faces.resource/primefaces.css?ln=primefaces&v=4.0 HTTP/1.1" 304 -
191.156.159.240 - - [28/Mar/2024:19:25:54 -0500] "GET /sipse/faces/javax.faces.resource/jquery/jquery.js?ln=primefaces&v=4.0 HTTP/1.1" 304 -
191.156.155.61 - - [28/Mar/2024:19:25:54 -0500] "GET /sipse/faces/javax.faces.resource/layout/layout.css?ln=primefaces&v=4.0 HTTP/1.1" 304 -
191.156.155.61 - - [28/Mar/2024:19:25:54 -0500] "GET /sipse/faces/javax.faces.resource/jquery/jquery-plugins.js?ln=primefaces&v=4.0 HTTP/1.1" 304 -
191.156.155.61 - - [28/Mar/2024:19:25:54 -0500] "GET /sipse/faces/javax.faces.resource/primefaces.js?ln=primefaces&v=4.0 HTTP/1.1" 304 -
191.156.155.61 - - [28/Mar/2024:19:25:54 -0500] "GET /sipse/faces/javax.faces.resource/layout/layout.js?ln=primefaces&v=4.0 HTTP/1.1" 304 -
191.156.155.61 - - [28/Mar/2024:19:26:02 -0500] "POST /sipse/faces/presentacion/financiero/solicitudProceso/consultar.xhtml HTTP/1.1" 200 3774
191.156.155.61 - - [28/Mar/2024:19:26:03 -0500] "POST /sipse/faces/presentacion/financiero/solicitudProceso/consultar.xhtml HTTP/1.1" 200 31770
191.156.159.240 - - [28/Mar/2024:19:26:04 -0500] "GET /sipse/faces/javax.faces.resource/primefaces.css?ln=primefaces&v=4.0 HTTP/1.1" 304 -
191.156.155.61 - - [28/Mar/2024:19:26:04 -0500] "GET /sipse/faces/javax.faces.resource/theme.css?ln=primefaces-sipse HTTP/1.1" 304 -
191.156.159.240 - - [28/Mar/2024:19:26:04 -0500] "GET /sipse/faces/javax.faces.resource/layout/layout.css?ln=primefaces&v=4.0 HTTP/1.1" 304 -
191.156.159.240 - - [28/Mar/2024:19:26:04 -0500] "GET /sipse/faces/javax.faces.resource/jquery/jquery.js?ln=primefaces&v=4.0 HTTP/1.1" 304 -
191.156.159.240 - - [28/Mar/2024:19:26:04 -0500] "GET /sipse/faces/javax.faces.resource/jquery/jquery-plugins.js?ln=primefaces&v=4.0 HTTP/1.1" 304 -
191.156.159.240 - - [28/Mar/2024:19:26:04 -0500] "GET /sipse/faces/javax.faces.resource/primefaces.js?ln=primefaces&v=4.0 HTTP/1.1" 304 -
191.156.159.240 - - [28/Mar/2024:19:26:04 -0500] "GET /sipse/faces/javax.faces.resource/layout/layout.js?ln=primefaces&v=4.0 HTTP/1.1" 304 -
191.156.159.240 - - [28/Mar/2024:19:26:04 -0500] "POST /sipse/faces/presentacion/financiero/solicitudProceso/solicitudProcesoOtrosPagos.xhtml HTTP/1.1" 200 25134
191.156.151.178 - - [28/Mar/2024:19:26:22 -0500] "POST /sipse/faces/presentacion/financiero/solicitudProceso/solicitudProcesoOtrosPagos.xhtml HTTP/1.1" 200 184
191.156.151.178 - - [28/Mar/2024:19:26:22 -0500] "POST /sipse/faces/presentacion/financiero/solicitudProceso/solicitudProcesoOtrosPagos.xhtml HTTP/1.1" 200 184
191.156.145.79 - - [28/Mar/2024:19:26:22 -0500] "GET /sipse/faces/presentacion/financiero/solicitudAnulacion/solicitudAnulacion.xhtml HTTP/1.1" 200 12285
191.156.151.178 - - [28/Mar/2024:19:26:23 -0500] "POST /sipse/faces/presentacion/financiero/solicitudProceso/solicitudProcesoOtrosPagos.xhtml HTTP/1.1" 200 184
191.156.159.240 - - [28/Mar/2024:19:26:23 -0500] "GET /sipse/faces/presentacion/financiero/solicitudAnulacion/solicitudAnulacion.xhtml HTTP/1.1" 200 16113
191.156.151.178 - - [28/Mar/2024:19:26:23 -0500] "GET /sipse/faces/javax.faces.resource/theme.css?ln=primefaces-sipse HTTP/1.1" 304 -
191.156.145.208 - - [28/Mar/2024:19:26:23 -0500] "GET /sipse/faces/javax.faces.resource/primefaces.css?ln=primefaces&v=4.0 HTTP/1.1" 304 -
191.156.145.20 - - [28/Mar/2024:19:26:23 -0500] "GET /sipse/faces/javax.faces.resource/layout/layout.css?ln=primefaces&v=4.0 HTTP/1.1" 304 -
191.156.151.178 - - [28/Mar/2024:19:26:23 -0500] "GET /sipse/faces/javax.faces.resource/jquery/jquery.js?ln=primefaces&v=4.0 HTTP/1.1" 304 -
191.156.151.178 - - [28/Mar/2024:19:26:23 -0500] "GET /sipse/faces/presentacion/financiero/solicitudAnulacion/solicitudAnulacion.xhtml HTTP/1.1" 200 32836
191.156.145.208 - - [28/Mar/2024:19:26:23 -0500] "GET /sipse/faces/javax.faces.resource/jquery/jquery-plugins.js?ln=primefaces&v=4.0 HTTP/1.1" 304 -
191.156.145.20 - - [28/Mar/2024:19:26:23 -0500] "GET /sipse/faces/javax.faces.resource/primefaces.js?ln=primefaces&v=4.0 HTTP/1.1" 304 -
191.156.151.178 - - [28/Mar/2024:19:26:23 -0500] "GET /sipse/faces/javax.faces.resource/layout/layout.js?ln=primefaces&v=4.0 HTTP/1.1" 304 -
191.156.151.178 - - [28/Mar/2024:19:26:23 -0500] "POST /sipse/faces/presentacion/financiero/solicitudAnulacion/solicitudAnulacion.xhtml HTTP/1.1" 200 10464
191.156.151.178 - - [28/Mar/2024:19:26:26 -0500] "POST /sipse/faces/presentacion/financiero/solicitudAnulacion/solicitudAnulacion.xhtml HTTP/1.1" 200 34222
191.156.151.178 - - [28/Mar/2024:19:26:26 -0500] "GET /sipse/faces/javax.faces.resource/theme.css?ln=primefaces-sipse HTTP/1.1" 304 -
191.156.145.208 - - [28/Mar/2024:19:26:26 -0500] "GET /sipse/faces/javax.faces.resource/primefaces.css?ln=primefaces&v=4.0 HTTP/1.1" 304 -
191.156.145.20 - - [28/Mar/2024:19:26:26 -0500] "GET /sipse/faces/javax.faces.resource/layout/layout.css?ln=primefaces&v=4.0 HTTP/1.1" 304 -
191.156.151.178 - - [28/Mar/2024:19:26:26 -0500] "GET /sipse/faces/javax.faces.resource/jquery/jquery.js?ln=primefaces&v=4.0 HTTP/1.1" 304 -
191.156.145.20 - - [28/Mar/2024:19:26:26 -0500] "GET /sipse/faces/javax.faces.resource/jquery/jquery-plugins.js?ln=primefaces&v=4.0 HTTP/1.1" 304 -
191.156.145.20 - - [28/Mar/2024:19:26:26 -0500] "GET /sipse/faces/javax.faces.resource/primefaces.js?ln=primefaces&v=4.0 HTTP/1.1" 304 -
191.156.145.20 - - [28/Mar/2024:19:26:26 -0500] "GET /sipse/faces/javax.faces.resource/layout/layout.js?ln=primefaces&v=4.0 HTTP/1.1" 304 -
191.156.145.20 - - [28/Mar/2024:19:26:27 -0500] "POST /sipse/faces/presentacion/financiero/solicitudProceso/listarSolicitudProceso.xhtml HTTP/1.1" 200 1376
191.156.145.20 - - [28/Mar/2024:19:26:31 -0500] "POST /sipse/faces/presentacion/financiero/solicitudProceso/listarSolicitudProceso.xhtml HTTP/1.1" 200 40751
191.156.151.178 - - [28/Mar/2024:19:26:32 -0500] "GET /sipse/faces/javax.faces.resource/layout/layout.css?ln=primefaces&v=4.0 HTTP/1.1" 304 -
191.156.145.20 - - [28/Mar/2024:19:26:32 -0500] "GET /sipse/faces/javax.faces.resource/theme.css?ln=primefaces-sipse HTTP/1.1" 304 -
191.156.145.208 - - [28/Mar/2024:19:26:32 -0500] "GET /sipse/faces/javax.faces.resource/primefaces.css?ln=primefaces&v=4.0 HTTP/1.1" 304 -
191.156.151.178 - - [28/Mar/2024:19:26:32 -0500] "GET /sipse/faces/javax.faces.resource/jquery/jquery.js?ln=primefaces&v=4.0 HTTP/1.1" 304 -
191.156.151.178 - - [28/Mar/2024:19:26:32 -0500] "GET /sipse/faces/javax.faces.resource/jquery/jquery-plugins.js?ln=primefaces&v=4.0 HTTP/1.1" 304 -
191.156.151.178 - - [28/Mar/2024:19:26:32 -0500] "GET /sipse/faces/javax.faces.resource/primefaces.js?ln=primefaces&v=4.0 HTTP/1.1" 304 -
191.156.151.178 - - [28/Mar/2024:19:26:32 -0500] "GET /sipse/faces/javax.faces.resource/layout/layout.js?ln=primefaces&v=4.0 HTTP/1.1" 304 -
191.156.151.178 - - [28/Mar/2024:19:26:32 -0500] "POST /sipse/faces/presentacion/financiero/solicitudProceso/consultar.xhtml HTTP/1.1" 200 34149
191.156.148.10 - - [28/Mar/2024:19:27:11 -0500] "GET /sipse/faces/javax.faces.resource/theme.css?ln=primefaces-sipse HTTP/1.1" 304 -
191.156.159.240 - - [28/Mar/2024:19:27:11 -0500] "GET /sipse/faces/javax.faces.resource/primefaces.css?ln=primefaces&v=4.0 HTTP/1.1" 304 -
191.156.155.61 - - [28/Mar/2024:19:27:10 -0500] "GET /sipse/faces/faces/autenticacion.xhtml HTTP/1.1" 200 12416
191.156.147.135 - - [28/Mar/2024:19:27:11 -0500] "GET /sipse/faces/javax.faces.resource/jquery/jquery-plugins.js?ln=primefaces&v=4.0 HTTP/1.1" 304 -
191.156.156.29 - - [28/Mar/2024:19:27:11 -0500] "GET /sipse/faces/javax.faces.resource/layout/layout.css?ln=primefaces&v=4.0 HTTP/1.1" 304 -
191.156.145.79 - - [28/Mar/2024:19:27:11 -0500] "GET /sipse/faces/javax.faces.resource/jquery/jquery.js?ln=primefaces&v=4.0 HTTP/1.1" 304 -
191.156.148.10 - - [28/Mar/2024:19:27:11 -0500] "GET /sipse/faces/javax.faces.resource/primefaces.js?ln=primefaces&v=4.0 HTTP/1.1" 304 -
191.156.159.240 - - [28/Mar/2024:19:27:11 -0500] "GET /sipse/faces/javax.faces.resource/layout/layout.js?ln=primefaces&v=4.0 HTTP/1.1" 304 -
191.156.159.240 - - [28/Mar/2024:19:27:11 -0500] "GET /sipse/faces/javax.faces.resource/images/ui-icons_898989_256x240.png?ln=primefaces-aristo HTTP/1.1" 304 -
191.156.159.240 - - [28/Mar/2024:19:27:11 -0500] "GET /sipse/faces/faces/index.xhtml HTTP/1.1" 200 677
191.156.159.240 - - [28/Mar/2024:19:27:11 -0500] "GET /sipse/faces/javax.faces.resource/theme.css?ln=primefaces-sipse HTTP/1.1" 304 -
191.156.156.29 - - [28/Mar/2024:19:27:11 -0500] "GET /sipse/faces/javax.faces.resource/primefaces.css?ln=primefaces&v=4.0 HTTP/1.1" 304 -
191.156.145.79 - - [28/Mar/2024:19:27:11 -0500] "GET /sipse/faces/javax.faces.resource/theme.css?ln=primefaces-sipse HTTP/1.1" 304 -
191.156.147.135 - - [28/Mar/2024:19:27:11 -0500] "GET /sipse/faces/javax.faces.resource/layout/layout.css?ln=primefaces&v=4.0 HTTP/1.1" 304 -
191.156.148.10 - - [28/Mar/2024:19:27:11 -0500] "GET /sipse/faces/javax.faces.resource/jquery/jquery.js?ln=primefaces&v=4.0 HTTP/1.1" 304 -
191.156.155.61 - - [28/Mar/2024:19:27:11 -0500] "GET /sipse/faces/javax.faces.resource/jquery/jquery-plugins.js?ln=primefaces&v=4.0 HTTP/1.1" 304 -
191.156.159.240 - - [28/Mar/2024:19:27:11 -0500] "GET /sipse/faces/faces/faces/autenticacion.xhtml HTTP/1.1" 200 12416
191.156.156.29 - - [28/Mar/2024:19:27:11 -0500] "GET /sipse/faces/javax.faces.resource/primefaces.js?ln=primefaces&v=4.0 HTTP/1.1" 304 -
191.156.145.79 - - [28/Mar/2024:19:27:11 -0500] "GET /sipse/faces/javax.faces.resource/layout/layout.js?ln=primefaces&v=4.0 HTTP/1.1" 304 -
191.156.145.79 - - [28/Mar/2024:19:27:17 -0500] "POST /sipse/faces/autenticacion.xhtml HTTP/1.1" 200 2217
191.156.145.79 - - [28/Mar/2024:19:27:17 -0500] "GET /sipse/faces/javax.faces.resource/messages/messages.png?ln=primefaces&v=4.0 HTTP/1.1" 304 -
191.156.145.79 - - [28/Mar/2024:19:27:18 -0500] "GET /sipse/faces/javax.faces.resource/images/ui-icons_898989_256x240.png?ln=primefaces-aristo HTTP/1.1" 304 -
191.156.145.79 - - [28/Mar/2024:19:27:19 -0500] "POST /sipse/faces/autenticacion.xhtml HTTP/1.1" 200 16388
191.156.145.79 - - [28/Mar/2024:19:27:19 -0500] "GET /sipse/faces/javax.faces.resource/theme.css?ln=primefaces-sipse HTTP/1.1" 304 -
191.156.156.29 - - [28/Mar/2024:19:27:19 -0500] "GET /sipse/faces/javax.faces.resource/primefaces.css?ln=primefaces&v=4.0 HTTP/1.1" 304 -
191.156.159.240 - - [28/Mar/2024:19:27:19 -0500] "GET /sipse/faces/javax.faces.resource/layout/layout.css?ln=primefaces&v=4.0 HTTP/1.1" 304 -
191.156.155.61 - - [28/Mar/2024:19:27:19 -0500] "GET /sipse/faces/javax.faces.resource/jquery/jquery.js?ln=primefaces&v=4.0 HTTP/1.1" 304 -
191.156.155.61 - - [28/Mar/2024:19:27:19 -0500] "GET /sipse/faces/javax.faces.resource/jquery/jquery-plugins.js?ln=primefaces&v=4.0 HTTP/1.1" 304 -
191.156.155.61 - - [28/Mar/2024:19:27:19 -0500] "GET /sipse/faces/javax.faces.resource/primefaces.js?ln=primefaces&v=4.0 HTTP/1.1" 304 -
191.156.155.61 - - [28/Mar/2024:19:27:19 -0500] "GET /sipse/faces/javax.faces.resource/layout/layout.js?ln=primefaces&v=4.0 HTTP/1.1" 304 -
191.156.155.61 - - [28/Mar/2024:19:27:19 -0500] "GET /sipse/css/imagen/contrasena.png HTTP/1.1" 404 383
191.156.155.61 - - [28/Mar/2024:19:27:21 -0500] "GET /sipse/faces/javax.faces.resource/images/ui-bg_flat_0_2d5972_40x100.png?ln=primefaces-aristo HTTP/1.1" 304 -
191.156.159.240 - - [28/Mar/2024:19:27:21 -0500] "POST /sipse/faces/bienvenido.xhtml HTTP/1.1" 200 2073
191.156.159.240 - - [28/Mar/2024:19:27:27 -0500] "POST /sipse/faces/bienvenido.xhtml HTTP/1.1" 200 38993
191.156.159.240 - - [28/Mar/2024:19:27:28 -0500] "GET /sipse/faces/javax.faces.resource/theme.css?ln=primefaces-sipse HTTP/1.1" 304 -
191.156.155.61 - - [28/Mar/2024:19:27:28 -0500] "GET /sipse/faces/javax.faces.resource/primefaces.css?ln=primefaces&v=4.0 HTTP/1.1" 304 -
191.156.156.29 - - [28/Mar/2024:19:27:28 -0500] "GET /sipse/faces/javax.faces.resource/layout/layout.css?ln=primefaces&v=4.0 HTTP/1.1" 304 -
191.156.145.79 - - [28/Mar/2024:19:27:28 -0500] "GET /sipse/faces/javax.faces.resource/jquery/jquery.js?ln=primefaces&v=4.0 HTTP/1.1" 304 -
191.156.145.79 - - [28/Mar/2024:19:27:28 -0500] "GET /sipse/faces/javax.faces.resource/jquery/jquery-plugins.js?ln=primefaces&v=4.0 HTTP/1.1" 304 -
191.156.145.79 - - [28/Mar/2024:19:27:28 -0500] "GET /sipse/faces/javax.faces.resource/primefaces.js?ln=primefaces&v=4.0 HTTP/1.1" 304 -
191.156.145.79 - - [28/Mar/2024:19:27:28 -0500] "GET /sipse/faces/javax.faces.resource/layout/layout.js?ln=primefaces&v=4.0 HTTP/1.1" 304 -
216.245.221.92 - - [28/Mar/2024:19:27:31 -0500] "HEAD / HTTP/1.1" 200 -
52.167.144.214 - - [28/Mar/2024:19:27:32 -0500] "GET /Publicaciones/2024EE51602.pdf HTTP/1.1" 404 227
3.224.220.101 - - [28/Mar/2024:19:27:36 -0500] "GET /te-contamos-como-instalar-un-contenedor-para-baterias-de-litio-en-tu-establecimiento.html HTTP/1.1" 200 892
172.22.2.4 - - [28/Mar/2024:19:27:39 -0500] "GET /BLA/boletinlegal/robots.txt HTTP/1.1" 404 1038
23.22.35.162 - - [28/Mar/2024:19:27:40 -0500] "GET /images/contenedor-para-bater HTTP/1.1" 404 1034
191.156.159.240 - - [28/Mar/2024:19:27:49 -0500] "POST /sipse/faces/presentacion/financiero/solicitudProceso/consultar.xhtml HTTP/1.1" 200 12555
201.245.192.253 - - [28/Mar/2024:19:27:55 -0500] "POST /kwsrmcab/Wsrmcab  HTTP/1.1" 200 39660
191.156.159.240 - - [28/Mar/2024:19:27:55 -0500] "POST /sipse/faces/presentacion/financiero/solicitudProceso/consultar.xhtml HTTP/1.1" 200 110259
191.156.159.240 - - [28/Mar/2024:19:27:57 -0500] "GET /sipse/faces/javax.faces.resource/theme.css?ln=primefaces-sipse HTTP/1.1" 304 -
191.156.148.10 - - [28/Mar/2024:19:27:57 -0500] "GET /sipse/faces/javax.faces.resource/primefaces.css?ln=primefaces&v=4.0 HTTP/1.1" 304 -
191.156.159.240 - - [28/Mar/2024:19:27:57 -0500] "GET /sipse/faces/javax.faces.resource/jquery/jquery.js?ln=primefaces&v=4.0 HTTP/1.1" 304 -
191.156.151.178 - - [28/Mar/2024:19:27:57 -0500] "GET /sipse/faces/javax.faces.resource/layout/layout.css?ln=primefaces&v=4.0 HTTP/1.1" 304 -
191.156.151.178 - - [28/Mar/2024:19:27:58 -0500] "GET /sipse/faces/javax.faces.resource/jquery/jquery-plugins.js?ln=primefaces&v=4.0 HTTP/1.1" 304 -
191.156.151.178 - - [28/Mar/2024:19:27:58 -0500] "GET /sipse/faces/javax.faces.resource/primefaces.js?ln=primefaces&v=4.0 HTTP/1.1" 304 -
191.156.151.178 - - [28/Mar/2024:19:27:58 -0500] "GET /sipse/faces/javax.faces.resource/layout/layout.js?ln=primefaces&v=4.0 HTTP/1.1" 304 -
23.22.35.162 - - [28/Mar/2024:19:28:00 -0500] "GET /mujeres-que-reverdecen-secretaria-de-ambiente-anuncia-el-inicio-de-la-tercera-fase.html HTTP/1.1" 200 954
3.224.220.101 - - [28/Mar/2024:19:28:05 -0500] "GET /images/d HTTP/1.1" 404 1034
172.22.2.4 - - [28/Mar/2024:19:27:22 -0500] "HEAD /BLA/boletinlegal/ HTTP/1.1" 200 -
201.245.192.253 - - [28/Mar/2024:19:29:23 -0500] "POST /kwsrmcab/Wsrmcab HTTP/1.1" 200 40030
172.22.2.4 - - [28/Mar/2024:19:27:45 -0500] "GET /BLA/boletinlegal/index.php HTTP/1.1" 200 46859
201.245.192.253 - - [28/Mar/2024:19:29:24 -0500] "POST /kwsrmcab/Wsrmcab HTTP/1.1" 200 39685
172.22.2.4 - - [28/Mar/2024:19:28:13 -0500] "GET /BLA/boletinlegal/ HTTP/1.1" 200 49794
201.245.192.253 - - [28/Mar/2024:19:30:03 -0500] "POST /kwsrmcab/Wsrmcab HTTP/1.1" 200 40170
3.224.220.101 - - [28/Mar/2024:19:30:16 -0500] "GET /dia-mundial-del-reciclaje-conoce-como-gestionar-los-residuos-especiales-y-peligrosos.html HTTP/1.1" 200 831
23.22.35.162 - - [28/Mar/2024:19:30:18 -0500] "GET /bogota-lanza-la-red-colaborativa-de-microsensores-para-medir-la-calidad-del-aire-en-microambientes.html HTTP/1.1" 200 1008
23.22.35.162 - - [28/Mar/2024:19:30:19 -0500] "GET /distrito-lanza-la-patrulla-cazachimeneas-un-vehiculo-que-hara-seguimiento-a-fuentes-moviles-contaminantes.html HTTP/1.1" 200 1010
23.22.35.162 - - [28/Mar/2024:19:30:22 -0500] "GET /images/Reciclaje-en-bogota.jpg HTTP/1.1" 200 65853
3.224.220.101 - - [28/Mar/2024:19:30:22 -0500] "GET /images/microsensores-1_optimized.jpeg HTTP/1.1" 200 158711
3.224.220.101 - - [28/Mar/2024:19:30:24 -0500] "GET /images/3 HTTP/1.1" 404 1034
23.22.35.162 - - [28/Mar/2024:19:30:37 -0500] "GET /secretaria-de-ambiente-invita-al-conversatorio-sobre-publicidad-exterior-electoral.html HTTP/1.1" 200 822
23.22.35.162 - - [28/Mar/2024:19:30:40 -0500] "GET /images/publicidad-exterior-bogota.jpg HTTP/1.1" 200 38930
201.245.192.253 - - [28/Mar/2024:19:30:50 -0500] "POST /kwsrmcab/Wsrmcab HTTP/1.1" 200 39685
52.70.240.171 - - [28/Mar/2024:19:31:00 -0500] "GET /cuales-son-los-tramites-ambientales-mas-solicitados-de-bogota.html HTTP/1.1" 200 840
23.22.35.162 - - [28/Mar/2024:19:31:04 -0500] "GET /images/oficina-atenci HTTP/1.1" 404 1034
40.77.167.4 - - [28/Mar/2024:19:31:39 -0500] "GET /BLA/resoluciones/RESOLUCIONES%202019/0737.pdf HTTP/1.1" 200 357749
40.77.167.4 - - [28/Mar/2024:19:32:19 -0500] "GET /BLA/resoluciones/RESOLUCIONES%202019/2556.pdf HTTP/1.1" 200 456530
52.167.144.219 - - [28/Mar/2024:19:32:23 -0500] "GET /BLA/resoluciones/RESOLUCIONES%202019/0170.pdf HTTP/1.1" 200 357269
216.245.221.92 - - [28/Mar/2024:19:32:31 -0500] "HEAD / HTTP/1.1" 200 -
161.10.163.212 - - [28/Mar/2024:19:32:50 -0500] "POST /sipse/faces/presentacion/financiero/solicitudProceso/listarSolicitudProceso.xhtml HTTP/1.1" 200 23575
161.10.163.212 - - [28/Mar/2024:19:32:51 -0500] "POST /sipse/faces/presentacion/financiero/solicitudProceso/listarSolicitudProceso.xhtml HTTP/1.1" 200 2985
161.10.163.212 - - [28/Mar/2024:19:32:54 -0500] "POST /sipse/faces/presentacion/financiero/solicitudProceso/listarSolicitudProceso.xhtml HTTP/1.1" 200 2985
201.245.192.253 - - [28/Mar/2024:19:32:54 -0500] "POST /kwsrmcab/Wsrmcab  HTTP/1.1" 200 39660
161.10.163.212 - - [28/Mar/2024:19:32:54 -0500] "POST /sipse/faces/presentacion/financiero/solicitudProceso/listarSolicitudProceso.xhtml HTTP/1.1" 200 2989
161.10.163.212 - - [28/Mar/2024:19:32:56 -0500] "POST /sipse/faces/presentacion/financiero/solicitudProceso/listarSolicitudProceso.xhtml HTTP/1.1" 200 17465
161.10.163.212 - - [28/Mar/2024:19:32:57 -0500] "POST /sipse/faces/presentacion/financiero/solicitudProceso/listarSolicitudProceso.xhtml HTTP/1.1" 200 15121
161.10.163.212 - - [28/Mar/2024:19:32:59 -0500] "POST /sipse/faces/presentacion/financiero/solicitudProceso/listarSolicitudProceso.xhtml HTTP/1.1" 200 303336
161.10.163.212 - - [28/Mar/2024:19:33:00 -0500] "POST /sipse/faces/presentacion/financiero/solicitudProceso/listarSolicitudProceso.xhtml HTTP/1.1" 200 316255
161.10.163.212 - - [28/Mar/2024:19:33:04 -0500] "POST /sipse/faces/presentacion/financiero/solicitudProceso/listarSolicitudProceso.xhtml HTTP/1.1" 200 30972
161.10.163.212 - - [28/Mar/2024:19:33:05 -0500] "POST /sipse/faces/presentacion/financiero/solicitudProceso/listarSolicitudProceso.xhtml HTTP/1.1" 200 30976
161.10.163.212 - - [28/Mar/2024:19:33:06 -0500] "POST /sipse/faces/presentacion/financiero/solicitudProceso/listarSolicitudProceso.xhtml HTTP/1.1" 200 13711
161.10.163.212 - - [28/Mar/2024:19:33:10 -0500] "POST /sipse/faces/presentacion/financiero/solicitudProceso/listarSolicitudProceso.xhtml HTTP/1.1" 200 152923
161.10.163.212 - - [28/Mar/2024:19:33:12 -0500] "GET /sipse/faces/javax.faces.resource/theme.css?ln=primefaces-sipse HTTP/1.1" 304 -
161.10.163.212 - - [28/Mar/2024:19:33:12 -0500] "GET /sipse/faces/javax.faces.resource/layout/layout.css?ln=primefaces&v=4.0 HTTP/1.1" 304 -
161.10.163.212 - - [28/Mar/2024:19:33:12 -0500] "GET /sipse/faces/javax.faces.resource/primefaces.css?ln=primefaces&v=4.0 HTTP/1.1" 304 -
161.10.163.212 - - [28/Mar/2024:19:33:12 -0500] "GET /sipse/faces/javax.faces.resource/jquery/jquery.js?ln=primefaces&v=4.0 HTTP/1.1" 304 -
161.10.163.212 - - [28/Mar/2024:19:33:12 -0500] "GET /sipse/faces/javax.faces.resource/jquery/jquery-plugins.js?ln=primefaces&v=4.0 HTTP/1.1" 304 -
161.10.163.212 - - [28/Mar/2024:19:33:12 -0500] "GET /sipse/faces/javax.faces.resource/primefaces.js?ln=primefaces&v=4.0 HTTP/1.1" 304 -
161.10.163.212 - - [28/Mar/2024:19:33:12 -0500] "GET /sipse/faces/javax.faces.resource/layout/layout.js?ln=primefaces&v=4.0 HTTP/1.1" 304 -
161.10.163.212 - - [28/Mar/2024:19:33:18 -0500] "POST /sipse/faces/presentacion/financiero/solicitudProceso/consultarSolicitudProceso.xhtml HTTP/1.1" 200 138243
172.22.2.4 - - [28/Mar/2024:19:32:39 -0500] "GET /BLA/boletinlegal/ HTTP/1.1" 200 55823
172.22.2.4 - - [28/Mar/2024:19:33:13 -0500] "HEAD /BLA/boletinlegal/ HTTP/1.1" 200 -
172.22.2.4 - - [28/Mar/2024:19:34:04 -0500] "GET /BLA/boletinlegal/ HTTP/1.1" 200 57485
173.252.111.116 - - [28/Mar/2024:19:36:31 -0500] "GET /semana-santa-caminos-de-los-cerros-siguen-cerrados-de-forma-preventiva.html HTTP/1.1" 200 909
172.22.2.4 - - [28/Mar/2024:19:36:38 -0500] "GET /BLA/boletinlegal/Circulares/2019/.pdf HTTP/1.1" 404 1218
69.171.249.3 - - [28/Mar/2024:19:36:43 -0500] "GET /semana-santa-caminos-de-los-cerros-siguen-cerrados-de-forma-preventiva.html HTTP/1.1" 206 909
69.171.249.120 - - [28/Mar/2024:19:36:44 -0500] "GET /semana-santa-caminos-de-los-cerros-siguen-cerrados-de-forma-preventiva.html HTTP/1.1" 200 909
69.171.249.118 - - [28/Mar/2024:19:36:50 -0500] "GET /semana-santa-caminos-de-los-cerros-siguen-cerrados-de-forma-preventiva.html HTTP/1.1" 200 909
52.167.144.139 - - [28/Mar/2024:19:37:00 -0500] "GET /BLA/resoluciones/RESOLUCIONES%202021/4691.pdf HTTP/1.1" 200 659695
40.77.167.4 - - [28/Mar/2024:19:37:10 -0500] "GET /BLA/resoluciones/RESOLUCIONES%202021/0787.pdf HTTP/1.1" 200 585293
216.245.221.92 - - [28/Mar/2024:19:37:31 -0500] "HEAD / HTTP/1.1" 200 -
201.245.192.253 - - [28/Mar/2024:19:37:52 -0500] "POST /kwsrmcab/Wsrmcab  HTTP/1.1" 200 39660
40.77.167.4 - - [28/Mar/2024:19:37:59 -0500] "GET /BLA/resoluciones/RESOLUCIONES%202022/3261.pdf HTTP/1.1" 200 474743
201.245.192.253 - - [28/Mar/2024:19:39:23 -0500] "POST /kwsrmcab/Wsrmcab HTTP/1.1" 200 40028
201.245.192.253 - - [28/Mar/2024:19:39:24 -0500] "POST /kwsrmcab/Wsrmcab HTTP/1.1" 200 39685
201.245.192.253 - - [28/Mar/2024:19:40:03 -0500] "POST /kwsrmcab/Wsrmcab HTTP/1.1" 200 40170
216.244.66.195 - - [28/Mar/2024:19:40:42 -0500] "GET /BLA/resoluciones/AUTOS%202024/00555.pdf HTTP/1.1" 200 410214
172.22.2.4 - - [28/Mar/2024:19:39:03 -0500] "HEAD /BLA/boletinlegal/ HTTP/1.1" 200 -
201.245.192.253 - - [28/Mar/2024:19:40:44 -0500] "POST /kwsrmcab/Wsrmcab HTTP/1.1" 200 39685
66.249.66.21 - - [28/Mar/2024:19:41:19 -0500] "GET /Publicaciones/2024EE34641.pdf HTTP/1.1" 404 227
216.244.66.195 - - [28/Mar/2024:19:41:29 -0500] "GET /BLA/resoluciones/AUTOS%202024/01282.pdf HTTP/1.1" 200 314295
172.22.2.4 - - [28/Mar/2024:19:39:54 -0500] "GET /BLA/boletinlegal/ HTTP/1.1" 200 55823
216.244.66.195 - - [28/Mar/2024:19:42:02 -0500] "GET /BLA/resoluciones/RESOLUCIONES%202017/02147.pdf HTTP/1.1" 200 272754
3.224.220.101 - - [28/Mar/2024:19:42:12 -0500] "GET /en-navidad-protege-la-fauna-bajale-el-volumen-al-ruido-no-uses-musgo-reduce-la-generacion-de-residuos-y-disponlos-bien.html HTTP/1.1" 200 980
3.224.220.101 - - [28/Mar/2024:19:42:16 -0500] "GET /images/SDA HTTP/1.1" 404 1034
216.245.221.92 - - [28/Mar/2024:19:42:31 -0500] "HEAD / HTTP/1.1" 200 -
216.244.66.195 - - [28/Mar/2024:19:42:41 -0500] "GET /BLA/resoluciones/RESOLUCIONES%202023/1481.pdf HTTP/1.1" 200 388317
201.245.192.253 - - [28/Mar/2024:19:42:51 -0500] "POST /kwsrmcab/Wsrmcab  HTTP/1.1" 200 39660
216.244.66.195 - - [28/Mar/2024:19:43:29 -0500] "GET /BLA/resoluciones/RESOLUCIONES%202024/00392.pdf HTTP/1.1" 200 722710
66.249.66.20 - - [28/Mar/2024:19:43:37 -0500] "GET /Publicaciones/2024EE12468.pdf HTTP/1.1" 404 227
66.249.66.21 - - [28/Mar/2024:19:43:38 -0500] "GET /BLA/resoluciones/Notificaciones/AUTOS%202023/05451.pdf HTTP/1.1" 304 -
23.22.35.162 - - [28/Mar/2024:19:43:41 -0500] "GET /con-participacion-bogota-avanza-en-la-construccion-de-la-politica-publica-de-accion-climatica-2050.html HTTP/1.1" 200 806
216.244.66.195 - - [28/Mar/2024:19:44:19 -0500] "GET /BLA/resoluciones/RESOLUCIONES%202016/2201.pdf HTTP/1.1" 200 293802
52.167.144.205 - - [28/Mar/2024:19:44:19 -0500] "GET /Publicaciones/2023EE205032.pdf HTTP/1.1" 404 228
23.22.35.162 - - [28/Mar/2024:19:44:25 -0500] "GET /images/pol HTTP/1.1" 404 1034
3.224.220.101 - - [28/Mar/2024:19:44:47 -0500] "GET /participa-en-la-cuarta-convocatoria-de-sembradoras-por-la-reactivaccion.html HTTP/1.1" 200 757
52.70.240.171 - - [28/Mar/2024:19:44:56 -0500] "GET /images/Convocatoria-sembradoras1.jpg HTTP/1.1" 200 76185
216.244.66.195 - - [28/Mar/2024:19:45:00 -0500] "GET /BLA/resoluciones/RESOLUCIONES%202019/0783.pdf HTTP/1.1" 200 816336
66.249.66.21 - - [28/Mar/2024:19:45:38 -0500] "GET /BLA/resoluciones/Notificaciones/REGISTROS%202016/1267.pdf HTTP/1.1" 200 372414
69.171.231.118 - - [28/Mar/2024:19:45:41 -0500] "GET /images/Convocatoria%20Acercar%202024%20(1)%20(1).jpeg HTTP/1.1" 200 61100
216.244.66.195 - - [28/Mar/2024:19:45:46 -0500] "GET /BLA/resoluciones/RESOLUCIONES%202019/1279.pdf HTTP/1.1" 200 438578
216.244.66.195 - - [28/Mar/2024:19:46:28 -0500] "GET /BLA/resoluciones/RESOLUCIONES%202019/1529.pdf HTTP/1.1" 200 518365
172.22.2.4 - - [28/Mar/2024:19:44:53 -0500] "HEAD /BLA/boletinlegal/ HTTP/1.1" 200 -
44.200.210.43 - - [28/Mar/2024:19:46:39 -0500] "GET /robots.txt HTTP/1.1" 404 1018
44.200.210.43 - - [28/Mar/2024:19:46:40 -0500] "GET /Residuos/lavanderias/lavanderias.html HTTP/1.1" 200 1965
216.244.66.195 - - [28/Mar/2024:19:47:10 -0500] "GET /BLA/resoluciones/RESOLUCIONES%202019/1991.pdf HTTP/1.1" 200 247450
172.22.2.4 - - [28/Mar/2024:19:45:44 -0500] "GET /BLA/boletinlegal/ HTTP/1.1" 200 58273
216.245.221.92 - - [28/Mar/2024:19:47:31 -0500] "HEAD / HTTP/1.1" 200 -
216.244.66.195 - - [28/Mar/2024:19:47:48 -0500] "GET /BLA/resoluciones/RESOLUCIONES%202019/2031.pdf HTTP/1.1" 200 349603
40.77.167.20 - - [28/Mar/2024:19:47:49 -0500] "GET /BLA/resoluciones/RESOLUCIONES%202021/2809.pdf HTTP/1.1" 200 434488
201.245.192.253 - - [28/Mar/2024:19:47:50 -0500] "POST /kwsrmcab/Wsrmcab  HTTP/1.1" 200 39660
216.244.66.195 - - [28/Mar/2024:19:48:24 -0500] "GET /BLA/resoluciones/RESOLUCIONES%202019/2240.pdf HTTP/1.1" 200 292766
66.249.66.38 - - [28/Mar/2024:19:48:47 -0500] "GET /se-amplia-convocatoria-de-sembradoras-por-la-reactivaccion-para-que-20-organizaciones-ambientales-contraten-a-mas-de-mil-mujeres.html HTTP/1.1" 200 1100
216.244.66.195 - - [28/Mar/2024:19:48:53 -0500] "GET /BLA/resoluciones/RESOLUCIONES%202019/2331.pdf HTTP/1.1" 200 366917
23.22.35.162 - - [28/Mar/2024:19:49:12 -0500] "GET /atrapamoscas-coronidorado-ave-austral-que-se-registro-en-el-humedal-cordoba.html HTTP/1.1" 200 991
3.224.220.101 - - [28/Mar/2024:19:49:16 -0500] "GET /images/atrapamoscas-cornidorado_optimized.jpeg HTTP/1.1" 200 28085
