201.245.192.253 - - [01/Apr/2024:10:25:19 -0500] "GET /sipse/faces/javax.faces.resource/layout/layout.js?ln=primefaces&v=4.0 HTTP/1.1" 304 -
201.245.192.253 - - [01/Apr/2024:10:25:19 -0500] "POST /sipse/faces/presentacion/financiero/solicitudProceso/consultarSolicitudProceso.xhtml HTTP/1.1" 200 53521
201.245.192.253 - - [01/Apr/2024:10:25:19 -0500] "GET /sipse/faces/javax.faces.resource/images/ui-icons_898989_256x240.png?ln=primefaces-aristo HTTP/1.1" 304 -
186.84.22.177 - - [01/Apr/2024:10:25:21 -0500] "POST /sipse/faces/presentacion/financiero/solicitudProceso/listarSolicitudProceso.xhtml HTTP/1.1" 200 10296
201.245.192.253 - - [01/Apr/2024:10:25:22 -0500] "POST /sipse/faces/presentacion/financiero/solicitudProceso/consultarSolicitudProceso.xhtml HTTP/1.1" 200 53521
200.118.80.163 - - [01/Apr/2024:10:25:25 -0500] "POST /sipse/faces/presentacion/financiero/solicitudProceso/consultar.xhtml HTTP/1.1" 200 12903
201.245.192.253 - - [01/Apr/2024:10:25:28 -0500] "POST /sipse/faces/presentacion/financiero/solicitudProceso/consultarSolicitudProceso.xhtml HTTP/1.1" 200 53521
200.118.80.163 - - [01/Apr/2024:10:25:33 -0500] "POST /sipse/faces/presentacion/financiero/solicitudProceso/consultar.xhtml HTTP/1.1" 200 12859
186.84.22.177 - - [01/Apr/2024:10:25:35 -0500] "POST /sipse/faces/presentacion/financiero/solicitudProceso/listarSolicitudProceso.xhtml HTTP/1.1" 200 10292
200.118.80.163 - - [01/Apr/2024:10:25:38 -0500] "POST /sipse/faces/presentacion/financiero/solicitudProceso/consultar.xhtml HTTP/1.1" 200 12874
191.156.41.235 - - [01/Apr/2024:10:25:42 -0500] "POST /sipse/faces/presentacion/financiero/solicitudProceso/listarSolicitudProceso.xhtml HTTP/1.1" 200 10350
216.244.66.195 - - [01/Apr/2024:10:25:43 -0500] "GET /BLA/resoluciones/AUTOS%202019/2053.pdf HTTP/1.1" 200 258667
200.118.80.163 - - [01/Apr/2024:10:25:44 -0500] "POST /sipse/faces/presentacion/financiero/solicitudProceso/consultar.xhtml HTTP/1.1" 200 12839
200.118.80.163 - - [01/Apr/2024:10:25:49 -0500] "POST /sipse/faces/presentacion/financiero/solicitudProceso/consultar.xhtml HTTP/1.1" 200 12951
186.84.22.177 - - [01/Apr/2024:10:25:50 -0500] "POST /sipse/faces/presentacion/financiero/solicitudProceso/listarSolicitudProceso.xhtml HTTP/1.1" 200 10296
201.245.192.253 - - [01/Apr/2024:10:25:51 -0500] "POST /sipse/faces/presentacion/financiero/solicitudProceso/consultarSolicitudProceso.xhtml HTTP/1.1" 200 64530
201.245.192.253 - - [01/Apr/2024:10:25:51 -0500] "GET /sipse/faces/javax.faces.resource/theme.css?ln=primefaces-sipse HTTP/1.1" 304 -
201.245.192.253 - - [01/Apr/2024:10:25:51 -0500] "GET /sipse/faces/javax.faces.resource/primefaces.css?ln=primefaces&v=4.0 HTTP/1.1" 304 -
201.245.192.253 - - [01/Apr/2024:10:25:51 -0500] "GET /sipse/faces/javax.faces.resource/layout/layout.css?ln=primefaces&v=4.0 HTTP/1.1" 304 -
201.245.192.253 - - [01/Apr/2024:10:25:51 -0500] "GET /sipse/faces/javax.faces.resource/jquery/jquery.js?ln=primefaces&v=4.0 HTTP/1.1" 304 -
201.245.192.253 - - [01/Apr/2024:10:25:51 -0500] "GET /sipse/faces/javax.faces.resource/jquery/jquery-plugins.js?ln=primefaces&v=4.0 HTTP/1.1" 304 -
201.245.192.253 - - [01/Apr/2024:10:25:51 -0500] "GET /sipse/faces/javax.faces.resource/primefaces.js?ln=primefaces&v=4.0 HTTP/1.1" 304 -
201.245.192.253 - - [01/Apr/2024:10:25:51 -0500] "GET /sipse/faces/javax.faces.resource/layout/layout.js?ln=primefaces&v=4.0 HTTP/1.1" 304 -
201.245.192.253 - - [01/Apr/2024:10:25:51 -0500] "POST /sipse/faces/presentacion/financiero/solicitudProceso/listarSolicitudProceso.xhtml HTTP/1.1" 200 57902
201.245.192.253 - - [01/Apr/2024:10:25:51 -0500] "POST /sipse/faces/presentacion/financiero/solicitudProceso/listarSolicitudProceso.xhtml HTTP/1.1" 200 57902
201.245.192.253 - - [01/Apr/2024:10:25:52 -0500] "POST /sipse/faces/presentacion/financiero/solicitudProceso/listarSolicitudProceso.xhtml HTTP/1.1" 200 57902
201.245.192.253 - - [01/Apr/2024:10:25:53 -0500] "GET /sipse/faces/javax.faces.resource/images/ui-bg_flat_0_2d5972_40x100.png?ln=primefaces-aristo HTTP/1.1" 304 -
201.245.192.253 - - [01/Apr/2024:10:25:53 -0500] "POST /sipse/faces/presentacion/financiero/solicitudProceso/consultar.xhtml HTTP/1.1" 200 13154
201.245.192.253 - - [01/Apr/2024:10:25:52 -0500] "POST /sipse/faces/presentacion/financiero/solicitudProceso/listarSolicitudProceso.xhtml HTTP/1.1" 200 57902
200.118.61.46 - - [01/Apr/2024:10:25:53 -0500] "GET /mesa/manual.pdf HTTP/1.1" 200 534409
201.245.192.253 - - [01/Apr/2024:10:25:53 -0500] "POST /sipse/faces/presentacion/financiero/solicitudProceso/listarSolicitudProceso.xhtml HTTP/1.1" 200 1560
200.118.61.46 - - [01/Apr/2024:10:25:54 -0500] "GET /mesa/manual.pdf HTTP/1.1" 206 1
201.245.192.253 - - [01/Apr/2024:10:25:53 -0500] "POST /sipse/faces/presentacion/financiero/solicitudProceso/listarSolicitudProceso.xhtml HTTP/1.1" 200 1568
200.118.61.46 - - [01/Apr/2024:10:25:54 -0500] "GET /mesa/manual.pdf HTTP/1.1" 206 514241
201.245.192.253 - - [01/Apr/2024:10:25:54 -0500] "POST /sipse/faces/presentacion/financiero/solicitudProceso/listarSolicitudProceso.xhtml HTTP/1.1" 200 1568
201.245.192.253 - - [01/Apr/2024:10:25:54 -0500] "POST /sipse/faces/presentacion/financiero/solicitudProceso/listarSolicitudProceso.xhtml HTTP/1.1" 200 1564
201.245.192.253 - - [01/Apr/2024:10:25:55 -0500] "POST /sipse/faces/presentacion/financiero/solicitudProceso/listarSolicitudProceso.xhtml HTTP/1.1" 200 1564
201.245.192.253 - - [01/Apr/2024:10:25:55 -0500] "POST /sipse/faces/presentacion/financiero/solicitudProceso/consultar.xhtml HTTP/1.1" 200 132110
201.245.192.253 - - [01/Apr/2024:10:25:56 -0500] "GET /sipse/faces/javax.faces.resource/theme.css?ln=primefaces-sipse HTTP/1.1" 304 -
201.245.192.253 - - [01/Apr/2024:10:25:56 -0500] "GET /sipse/faces/javax.faces.resource/primefaces.css?ln=primefaces&v=4.0 HTTP/1.1" 304 -
201.245.192.253 - - [01/Apr/2024:10:25:56 -0500] "GET /sipse/faces/javax.faces.resource/layout/layout.css?ln=primefaces&v=4.0 HTTP/1.1" 304 -
201.245.192.253 - - [01/Apr/2024:10:25:56 -0500] "GET /sipse/faces/javax.faces.resource/jquery/jquery.js?ln=primefaces&v=4.0 HTTP/1.1" 304 -
201.245.192.253 - - [01/Apr/2024:10:25:56 -0500] "GET /sipse/faces/javax.faces.resource/jquery/jquery-plugins.js?ln=primefaces&v=4.0 HTTP/1.1" 304 -
201.245.192.253 - - [01/Apr/2024:10:25:56 -0500] "GET /sipse/faces/javax.faces.resource/primefaces.js?ln=primefaces&v=4.0 HTTP/1.1" 304 -
201.245.192.253 - - [01/Apr/2024:10:25:56 -0500] "GET /sipse/faces/javax.faces.resource/layout/layout.js?ln=primefaces&v=4.0 HTTP/1.1" 304 -
200.118.80.163 - - [01/Apr/2024:10:25:56 -0500] "POST /sipse/faces/presentacion/financiero/solicitudProceso/consultar.xhtml HTTP/1.1" 200 12861
201.245.192.253 - - [01/Apr/2024:10:25:58 -0500] "POST /sipse/faces/presentacion/financiero/solicitudProceso/consultarSolicitudProceso.xhtml HTTP/1.1" 200 49185
201.245.192.253 - - [01/Apr/2024:10:25:59 -0500] "GET /sipse/faces/javax.faces.resource/theme.css?ln=primefaces-sipse HTTP/1.1" 304 -
201.245.192.253 - - [01/Apr/2024:10:25:59 -0500] "GET /sipse/faces/javax.faces.resource/primefaces.css?ln=primefaces&v=4.0 HTTP/1.1" 304 -
201.245.192.253 - - [01/Apr/2024:10:25:59 -0500] "GET /sipse/faces/javax.faces.resource/jquery/jquery-plugins.js?ln=primefaces&v=4.0 HTTP/1.1" 304 -
201.245.192.253 - - [01/Apr/2024:10:25:59 -0500] "GET /sipse/faces/javax.faces.resource/jquery/jquery.js?ln=primefaces&v=4.0 HTTP/1.1" 304 -
201.245.192.253 - - [01/Apr/2024:10:25:59 -0500] "GET /sipse/faces/javax.faces.resource/layout/layout.css?ln=primefaces&v=4.0 HTTP/1.1" 304 -
201.245.192.253 - - [01/Apr/2024:10:25:59 -0500] "GET /sipse/faces/javax.faces.resource/primefaces.js?ln=primefaces&v=4.0 HTTP/1.1" 304 -
201.245.192.253 - - [01/Apr/2024:10:25:59 -0500] "GET /sipse/faces/javax.faces.resource/layout/layout.js?ln=primefaces&v=4.0 HTTP/1.1" 304 -
172.22.2.4 - - [01/Apr/2024:10:24:20 -0500] "HEAD /BLA/boletinlegal/ HTTP/1.1" 200 -
71.6.134.234 - - [01/Apr/2024:10:26:01 -0500] "GET /favicon.ico HTTP/1.1" 200 7782
201.245.192.253 - - [01/Apr/2024:10:26:02 -0500] "GET /sipse/faces/index.xhtml HTTP/1.1" 200 677
201.245.192.253 - - [01/Apr/2024:10:26:03 -0500] "GET /sipse/faces/javax.faces.resource/theme.css?ln=primefaces-sipse HTTP/1.1" 304 -
201.245.192.253 - - [01/Apr/2024:10:26:02 -0500] "POST /sipse/faces/presentacion/financiero/solicitudProceso/consultarSolicitudProceso.xhtml HTTP/1.1" 200 5522
201.245.192.253 - - [01/Apr/2024:10:26:03 -0500] "GET /sipse/faces/faces/autenticacion.xhtml HTTP/1.1" 200 12408
201.245.192.253 - - [01/Apr/2024:10:26:03 -0500] "GET /sipse/css/custom_css_sg.css HTTP/1.1" 304 -
201.245.192.253 - - [01/Apr/2024:10:26:03 -0500] "GET /sipse/css/custom_css_sg_prime_login.css HTTP/1.1" 304 -
201.245.192.253 - - [01/Apr/2024:10:26:03 -0500] "GET /sipse/faces/javax.faces.resource/theme.css?ln=primefaces-sipse HTTP/1.1" 304 -
201.245.192.253 - - [01/Apr/2024:10:26:03 -0500] "GET /sipse/faces/javax.faces.resource/primefaces.css?ln=primefaces&v=4.0 HTTP/1.1" 304 -
201.245.192.253 - - [01/Apr/2024:10:26:03 -0500] "GET /sipse/faces/javax.faces.resource/layout/layout.css?ln=primefaces&v=4.0 HTTP/1.1" 304 -
201.245.192.253 - - [01/Apr/2024:10:26:03 -0500] "GET /sipse/js/disable_browser_buttons.js HTTP/1.1" 304 -
201.245.192.253 - - [01/Apr/2024:10:26:03 -0500] "GET /sipse/js/funciones.js HTTP/1.1" 304 -
201.245.192.253 - - [01/Apr/2024:10:26:03 -0500] "GET /sipse/faces/javax.faces.resource/jquery/jquery.js?ln=primefaces&v=4.0 HTTP/1.1" 304 -
201.245.192.253 - - [01/Apr/2024:10:26:03 -0500] "GET /sipse/faces/javax.faces.resource/jquery/jquery-plugins.js?ln=primefaces&v=4.0 HTTP/1.1" 304 -
201.245.192.253 - - [01/Apr/2024:10:26:03 -0500] "GET /sipse/faces/javax.faces.resource/primefaces.js?ln=primefaces&v=4.0 HTTP/1.1" 304 -
201.245.192.253 - - [01/Apr/2024:10:26:03 -0500] "GET /sipse/faces/javax.faces.resource/layout/layout.js?ln=primefaces&v=4.0 HTTP/1.1" 304 -
201.245.192.253 - - [01/Apr/2024:10:26:03 -0500] "GET /sipse/css/imagen/loginimg.png HTTP/1.1" 304 -
201.245.192.253 - - [01/Apr/2024:10:26:03 -0500] "GET /sipse/css/imagen/logoSDG.png HTTP/1.1" 304 -
201.245.192.253 - - [01/Apr/2024:10:26:03 -0500] "GET /sipse/faces/javax.faces.resource/images/ui-icons_898989_256x240.png?ln=primefaces-aristo HTTP/1.1" 304 -
200.118.80.163 - - [01/Apr/2024:10:26:05 -0500] "POST /sipse/faces/presentacion/financiero/solicitudProceso/consultar.xhtml HTTP/1.1" 200 12937
201.245.192.253 - - [01/Apr/2024:10:26:08 -0500] "POST /sipse/faces/autenticacion.xhtml HTTP/1.1" 200 2220
201.245.192.253 - - [01/Apr/2024:10:26:08 -0500] "GET /sipse/faces/javax.faces.resource/messages/messages.png?ln=primefaces&v=4.0 HTTP/1.1" 304 -
186.102.9.123 - - [01/Apr/2024:10:26:09 -0500] "GET /kwssiamovil/sm/ldap/au?x=U2FsdGVkX19I7vRNmxTFeoC9jj8KLsElDe/z/30VO39zRdP2+HhDudLHxqfnCGxZ&y=U2FsdGVkX18FQoXaeLc11xYo8yJG7Ex/FWf7yMTPxdroW7wX7cQ5umCDkauBF6ee HTTP/1.1" 200 30
186.102.9.123 - - [01/Apr/2024:10:26:09 -0500] "GET /kwssiamovil/sm/acme/s?s=U2FsdGVkX19cs/li2iYnL4gaXvVoBlm7Ha0/O8gYyKyAtFLUQMd0QBdwaVh3k5uCpOI/UN2ubW1WgXX9+Aysz9wytfd+HilSrmSSFQdqYac=&u=U2FsdGVkX19zfBPuvMYTdtIHDWKO8mufWZG6ItOby9w=&y=U2FsdGVkX18FQoXaeLc11xYo8yJG7Ex/FWf7yMTPxdroW7wX7cQ5umCDkauBF6ee HTTP/1.1" 200 97
201.245.192.253 - - [01/Apr/2024:10:26:09 -0500] "POST /sipse/faces/autenticacion.xhtml HTTP/1.1" 200 16354
201.245.192.253 - - [01/Apr/2024:10:26:09 -0500] "GET /sipse/faces/javax.faces.resource/theme.css?ln=primefaces-sipse HTTP/1.1" 304 -
201.245.192.253 - - [01/Apr/2024:10:26:09 -0500] "GET /sipse/js/jquery.min.js HTTP/1.1" 304 -
201.245.192.253 - - [01/Apr/2024:10:26:09 -0500] "GET /sipse/faces/javax.faces.resource/primefaces.css?ln=primefaces&v=4.0 HTTP/1.1" 304 -
201.245.192.253 - - [01/Apr/2024:10:26:09 -0500] "GET /sipse/css/custom_css_sg_prime.css HTTP/1.1" 304 -
201.245.192.253 - - [01/Apr/2024:10:26:09 -0500] "GET /sipse/faces/javax.faces.resource/layout/layout.css?ln=primefaces&v=4.0 HTTP/1.1" 304 -
201.245.192.253 - - [01/Apr/2024:10:26:10 -0500] "GET /sipse/faces/javax.faces.resource/jquery/jquery.js?ln=primefaces&v=4.0 HTTP/1.1" 304 -
201.245.192.253 - - [01/Apr/2024:10:26:10 -0500] "GET /sipse/faces/javax.faces.resource/jquery/jquery-plugins.js?ln=primefaces&v=4.0 HTTP/1.1" 304 -
201.245.192.253 - - [01/Apr/2024:10:26:10 -0500] "GET /sipse/faces/javax.faces.resource/primefaces.js?ln=primefaces&v=4.0 HTTP/1.1" 304 -
201.245.192.253 - - [01/Apr/2024:10:26:10 -0500] "GET /sipse/faces/javax.faces.resource/layout/layout.js?ln=primefaces&v=4.0 HTTP/1.1" 304 -
186.102.9.123 - - [01/Apr/2024:10:26:10 -0500] "GET /kwssiamovil/sm/acme/s?s=U2FsdGVkX1+6wAJ08FyoCqfKgWgqRbOk/pnsxIGiIOS/WDJ8jNsNjjyxeKFL6nTvyaZrYwKFCGvOmj870LPDJqYoyXvYtTJ3ejAcfWCaGjouCNtdOP/ADG2OtUv7H4G5/anOjYEcwAbHGf67PSN0wzLhXY+/9hUDTrmvILJE7lTpJamH8DvUKTSvc+iPLFQqadS0IqhkUa08nVZTChbD3/3zp4WMRyt2qupyR8l8ovmUD8GqXxGghpQkITDLaCxuh+gi6sMDA9SNNCCwvEGsXtdWsYFFlh7N1kqpDA/jkiuuSJYZTYgW0t/qkYpMy9ZosvbZclo9MV4LFTWixBR7ri4r+iLJAB9VF1n7PNOF3x5ksJM5kaURu2YMZ0BuNSJ70zvHCtkWQPg7pOk3pZ7dNX06oCKO8tTV+7DDkFnNmDNIPwXz1hz5r/n6Qk1J+ItlHRO+wSY9lbdq4huIQ0b2ecy2Em43YHgcyGGljeRjO/EA+fGlGVe52+kVeNZ0P7Paj3mJIrRqLqseqD2Q1xGPtMmxsNJwKkGAtPOa0ErbGQbKVhMEdZyebYxg3c8XLPEIL9duRh5tDx7se+trHph/ApVQ6Sn49v7bgBwiURfeb+xyj5IryxUV/jJlxeimG9RMnNjaNGTx17GTF7oaiAvgjK2KkgpIS0uffUyaBVOh5pV7vV3SGoEgbZwID5jnUPnk/QxcCcTrsU7U+OzgQdU9qbh02jwUxKa2O7nnXavNGxXgwhl2DiPpGjrkKLM+aHYpAfd247qqLYTOi+bQpopckjDLGcyZ5Q/ZPTlJLpeRmA9PX7beOVGtD1K5IOmxjhEGwXT30bBxie8YSdK2VX4/0qOzgduKNoIQ30KUGy3KDeYI8rVJld/O0inqjZSRNTRMLhFFuYagMXJLckkYsz80IisIe/K5L67YGvvZwEM1P9YHSrR9UvvnUgthInT72hfKVkQaSmKR6LVgzw+Rx0BL9k8kt/xi4F1DhfBCFhLp6sTz4Inxa6eP15V3t3ohQnz11zu0KhtPtkhTEeBU4UCL8Tfba9MJOwe4TaNp1MvIlLzD6fcyJofpj+i/GpMOOmxZIGpdbA3TdVdJ22thlfRz8B6vV0Lt1zRN7rfPFeq1FZhWPnncudwFF57uwF0Sa+g0xvC1hWfqfADD0f5ke4mB79s5e2YxVfTrjkxRW+5olsOVL/UVo1Sr+455aqwqFL06ScIAytnaSzrx6AWUka591bnLUO4ot4MkexcftOnqFEkDD4+qtblOiHEEsktezuo27IX+0P0HgdX0QLjJR5FKN/rxMQeObid7JaR5NTc39gBz+ePlXFjW0LTTmr09d5Lr+mk418fH5WtuHeBhMFOqXCBrjVBh8/ufqQovEGhHoKDJPs7k0kWxtaQlo0s7+qITXjKMuy9Q+2yBv5+AL92heLs6+Tn8QqI1Kmc1HeJiJr8KnbXGlzaypnCLL4snk/3i+tM8KeliUoDC4w8kynkV9S48OOqdy3Ng1cKFF3QU9/EnfRZPsqidAAd5Y74n8lhcZSSlfvTmocBso5wcMQYtJeZptWwhsx2qPJb4ATF1CBbn8WrcoAMOcdmnQ7e1sC2Altt6fIZpvfAfNumu+aLWXZ2iT1+zA91USLTe9KR2fiibJXiMpWhl0DNfMBqmOsFG22t2zJK0w2ompkiEbJ8Y1E9ywPCirgFi7i5f91BhpCncQQHVmSoWmGc7853MJqGJZEyPdVwgak1XgO+2em8NeQ5h4OYR6/BbWxy53/GoNW0=&u=U2FsdGVkX19zfBPuvMYTdtIHDWKO8mufWZG6ItOby9w=&y=U2FsdGVkX18FQoXaeLc11xYo8yJG7Ex/FWf7yMTPxdroW7wX7cQ5umCDkauBF6ee HTTP/1.1" 200 372
201.245.192.253 - - [01/Apr/2024:10:26:10 -0500] "GET /sipse/css/imagen/contrasena.png HTTP/1.1" 404 383
201.245.192.253 - - [01/Apr/2024:10:26:10 -0500] "GET /sipse/css/v_mergente.css HTTP/1.1" 304 -
201.245.192.253 - - [01/Apr/2024:10:26:10 -0500] "GET /sipse/imagenes/cargando.gif HTTP/1.1" 304 -
201.245.192.253 - - [01/Apr/2024:10:26:10 -0500] "GET /sipse/imagenes/logoAplicacion.jpg HTTP/1.1" 304 -
186.102.9.123 - - [01/Apr/2024:10:26:10 -0500] "GET /kwssiamovil/sm/ldap/au?x=U2FsdGVkX19DWI2UoiQ4KOKJ5RWsOUN6eAWGxYXsB53CcLZQcGTmsoTYqxN8UxrU&y=U2FsdGVkX1/3POBW6I/FkttpEqp7wiF+9Ysiib1OMAtA/Y0qk1WifCb/JdVVWOWV HTTP/1.1" 200 30
200.118.80.163 - - [01/Apr/2024:10:26:10 -0500] "POST /sipse/faces/presentacion/financiero/solicitudProceso/consultar.xhtml HTTP/1.1" 200 12979
186.102.9.123 - - [01/Apr/2024:10:26:10 -0500] "GET /kwssiamovil/sm/acme/s?s=U2FsdGVkX1/L/QhF9tiu1u3edSh9xQQj/8KghVPKgL7/XHj0TivGsNGghNKLPCBnR4EchQTw4cfulB4vJhEZIht2gDOfDp5sLWa95gICIuRxa+VLkTZvdGtcbooUvo7hJfNCreo6qdAtbqWDOJNOboBdEY7BwI9K7haJOokxoeKzYHEw0bLYdT+ubpwsh+cSFPT315YpWJUmrxoWQiAFjCxkhEyeSDg18z7xajdLJWzkY1T+mJ4iB43150UIi/yYVOeDphDpyLemOLNkuMTfWoU/2hOXG7BWy3cXFm4WtYTorNGmWLbr2usxJ+euYcPAprWCGrUpdEzZaWauP6rAZ6MJeOBpbl7TmF21Q4kCXqEOu5Oi3pggMae2QrzSTEQarthdBxeBOvfwCGwGsstdiF2vPaTLCXAbI5MqO9GuxShzwnGu/co4rClx/WSxr7/cN0otm+7+XyvPudGIVc3wajlh4/oteWonwCj5DYul4TnUuzNXi1ac5Mi1H8koFD8mAkvQ307em/liGFl60Vshpr3LLEb04mYYmnhMRPZ45HhSY2a7O/Uq3xONn7/gXSVYFRNlqmZ1OnR7eVBDyvTZMLHVeyrEwRSPJ/rlB+SG98/VF4y1ybX9+bOrqQM190ROgXv2N/KQgfv09zgv6heNGRXVSU7CTcRxsO/3K8HZjuPlOyLT4pdeTardJx0HHyl4arBe1kXY60hZNr694zgaGBHI0/Khs3LDMLcor2mH8nboOPbS2YqzIUIYF1X4EYCd&u=U2FsdGVkX19zfBPuvMYTdtIHDWKO8mufWZG6ItOby9w=&y=U2FsdGVkX18FQoXaeLc11xYo8yJG7Ex/FWf7yMTPxdroW7wX7cQ5umCDkauBF6ee HTTP/1.1" 200 208
186.102.9.123 - - [01/Apr/2024:10:26:10 -0500] "GET /kwssiamovil/sm/acme/s?s=U2FsdGVkX19inIwv7p/HjuSVfz3LTmfGq3sVPWStfzaHSnHNpoYB6LtnDU5GkGD7DYUfWvp0sZ/LRKU2vg2TOgCi7SM476D77g35itkeW5c=&u=U2FsdGVkX1/jZ9rtaDF00kBS7QPwJpaBXMOBI0SAsZU=&y=U2FsdGVkX1/3POBW6I/FkttpEqp7wiF+9Ysiib1OMAtA/Y0qk1WifCb/JdVVWOWV HTTP/1.1" 200 97
186.102.9.123 - - [01/Apr/2024:10:26:10 -0500] "GET /kwssiamovil/sm/acme/s?s=U2FsdGVkX1/2tRSkBnzMJFF3v7TrArXNn5vhkVnpSfCZbbRegjTmDeZZ6+Lb68762jSE+MZBttnsGeJEjP440BG84rvE7Qunq45FlTS/VQJYCoTsA19wAI5J4N2jIEyRZkJzN/bIw8ohk7yok+GocS+8AIJPZS8Tb7Yu8hR4237Zc9r+MpV8DXFqF0Gp8W5+cWi7a6hcJtsuupswexSerRR49kt8zOaWWgMZLr4p+6qLjNR6NIhOequY17SdLhheyLOFNzZtMxKxrcHue5kzynAMSL5vX+HdxKxpyIsGPF+dsz19pf2IkxlCyrEqg+3RxqpxARNBLwAzAMYyojQVI4Wh4IprpNid5MP/3Txi4+FgfXRyIRnWGCO5VoYmw6fGVzu+6gLS6f7ijH9LUDdebzDmq8asqPLMuw749m0Ib8KfPneEXeComFZCwqCVuQXxijZZaZn3K7FWyRW5X6iSO2zj8gC9pS3wVzSFn5cQIGXekLoE/51YwekDjjBcqSfoA57tA67R1K/H+l7Nivz4OUd9qFwph2aAqlxxJyK0xFUSbAC0/RVM/TE3YKWLvXV7Zq/vYMG3/TNpb65xmbYAH4bbKYOa0OZZEl4JbktjvjNC2t0lxxpZGHIqgLS1MiHjhDK9xAUvPwcJ9jTW3EylyHBxr+8kmmCu4rZOpkCcM9P8EKXFwHbMEEpD4BFrAPPR1Uys1h04rTMPQoQjOWI6ACEXudVjaJoERVfRktSWosK282O8TJyAtK3wHkrJpCx6KIGQf/OKmtqUFaVVKxG7tnp7/etriUNBzuvzCvuheY36xug9hViNR7G/jKio02r9QAoUB0yHdPVnmehsILpRsnSGNF5/pjP6GufeEyrhRLtASdNTCSOF7iCNE9w89q2tRMGTGyErtdsyI6t/SaJMUI4XoMKvRkjIvaTtgT5QUYYM9ugvuw7n+l4RyBKso3AqUgfU9gP54Y07WrRQlUYxKTa8asJuSracNqXQ/vfHoE5Du6o5IhlYLNqkD+6h1491FJtKyTTTGip3lf5RCr4YeuYQjpNq2FEo2l2pr4pTn1FEX0zHmW5X3V5wpancDu29H2kjvviOCHR8hhd0mhYi71z53K4Dom8Mu94v8kNy8yV/9gcTmeCvHvw09m0PeUj3/mWDomSjNA4B0shsl6xXS1ABS19O3BHUyUeqW7PzjJ29civ/xXCPXLEF0oVtxOLovl4Jk/Jp6R4pKF9+rGTS+kmSzY4pod//RY57Np5MGoQ+CeIhPmOVEsGfCkzTtIy4iNb8bpNrRTBcn5lSgVEOuzbPnagBFXtBGi9kQd2K9n0MRa1IywbkGgFXljzuLClSZxMuEjVYPrMxvVEQ8iq0B/75CQOVeqyoVDjPM8rcnhtaBcIiTCyzgL6Nj5vAAaoxWsI2Kfbl00dQMH58XM26O2fSMXVG1dMw7/+ZLAwh9ywP8DdHpFR7vIJfWOgj7bsdgrh3JQDU0DdWIfDPwwGIDSfbC6niPxv3JNooTys0PVtUtH20VlpYoGrD3fevrSUEVcpHKnThIIayxg9duKXsJBilQgRWKsq4ddThElVE2T5sSHM7OfyhRTpD6myG8sD8KftlEllwRb+YBeI2i5MruJBZzSqwJncN7YqnepXRCwI+9AzKE97U7pwhex2o0g4kEboiHNfcCUMdtp4772jCfiHS4g6vF/zHxPwVVietlDNft4eUGqTdfrt+rhR4Id1YG6zg/vTDBZAIPt3bBZ0ybenqrPOw46AB8Z6kV2mlBJE=&u=U2FsdGVkX1/jZ9rtaDF00kBS7QPwJpaBXMOBI0SAsZU=&y=U2FsdGVkX1/3POBW6I/FkttpEqp7wiF+9Ysiib1OMAtA/Y0qk1WifCb/JdVVWOWV HTTP/1.1" 200 372
186.102.9.123 - - [01/Apr/2024:10:26:10 -0500] "GET /kwssiamovil/sm/acme/s?s=U2FsdGVkX1/jWMwuwp9yG1QpDU0Nb713k5Xbg6+oscN5GPbajQdGv800YU+Ei2obP/VmWblYY89YD3Mptty2opk8oI2ea57duXEXPnh3KeEhekCtjE+dkh5NgElErxiE41Kz/2YqKKoJO7RqTYRz4ms2jtKwj/z4P+/2ddDsncKOzrXww6Qf/XsXQBTcTeSPV5UYMIJyEeUM+gSQDcA2o+MPjlcaJpBWFfU22kD4ziskmHbw/9iZ+vNTEyJe44nyeJCeaLbGNh4i+Qz0ctOEBbC+B228CICCg5n4foP+/EJO438dVEv4yi1gzX/1c6mQf2mHTaqimkXdEKPG9zYa6OTUGILbNqpeA2ZXv2nEJvnLHMXdC4Y5FMf+SWVwhNFLhm5hSNvK71VkIZ1TumIMV4WXinVQRS53sPgHoBfrcep6ayCvMddN9dsCrlB9TAmdgVWarpiC1WbEmxxKlyv8Ho2Oz7fvWknoplW7H90eiEJO7U6sogeI1gyLVy+uMeBAPHYWJZFTfQdiPS7bsZ4XDU8Toqv19M1cvg1Nc59RMK2Da03UbhO5ObcKl6F1C40qMUHH39rVfy1WUn6UiI1jemQE3bMmWOrJIC7r2yiW6OWeaMNi/+C77N++j4hmee697TOZa1h8ArKKBHpX3fu5vEkKJRVXYMb4WqqpAyG1mAniZ7ZJ9XZlSyyKkPlxDd4kibh5epB5iRv1vqXQJndA8i8bYWME9OPPNr8LmZ08sSsiDdsCkuSSsSXOYzHhvfrw&u=U2FsdGVkX1/jZ9rtaDF00kBS7QPwJpaBXMOBI0SAsZU=&y=U2FsdGVkX1/3POBW6I/FkttpEqp7wiF+9Ysiib1OMAtA/Y0qk1WifCb/JdVVWOWV HTTP/1.1" 200 208
186.102.9.123 - - [01/Apr/2024:10:26:10 -0500] "GET /kwssiamovil/sm/cjson/pre?f=1&x=U2FsdGVkX19I7vRNmxTFeoC9jj8KLsElDe/z/30VO39zRdP2+HhDudLHxqfnCGxZ HTTP/1.1" 200 30244
186.102.9.123 - - [01/Apr/2024:10:26:11 -0500] "GET /kwssiamovil/sm/cjson/pre?f=1&x=U2FsdGVkX19DWI2UoiQ4KOKJ5RWsOUN6eAWGxYXsB53CcLZQcGTmsoTYqxN8UxrU HTTP/1.1" 200 30244
201.245.192.253 - - [01/Apr/2024:10:26:12 -0500] "POST /sipse/faces/bienvenido.xhtml HTTP/1.1" 200 2658
201.245.192.253 - - [01/Apr/2024:10:26:13 -0500] "GET /sipse/faces/javax.faces.resource/images/ui-bg_flat_0_2d5972_40x100.png?ln=primefaces-aristo HTTP/1.1" 304 -
191.156.38.135 - - [01/Apr/2024:10:26:16 -0500] "POST /sipse/faces/presentacion/financiero/solicitudProceso/listarSolicitudProceso.xhtml HTTP/1.1" 200 10429
201.245.192.253 - - [01/Apr/2024:10:26:14 -0500] "POST /sipse/faces/bienvenido.xhtml HTTP/1.1" 200 64508
201.245.192.253 - - [01/Apr/2024:10:26:16 -0500] "GET /sipse/faces/javax.faces.resource/theme.css?ln=primefaces-sipse HTTP/1.1" 304 -
201.245.192.253 - - [01/Apr/2024:10:26:16 -0500] "GET /sipse/faces/javax.faces.resource/primefaces.css?ln=primefaces&v=4.0 HTTP/1.1" 304 -
201.245.192.253 - - [01/Apr/2024:10:26:16 -0500] "GET /sipse/faces/javax.faces.resource/layout/layout.css?ln=primefaces&v=4.0 HTTP/1.1" 304 -
201.245.192.253 - - [01/Apr/2024:10:26:16 -0500] "GET /sipse/faces/javax.faces.resource/jquery/jquery.js?ln=primefaces&v=4.0 HTTP/1.1" 304 -
201.245.192.253 - - [01/Apr/2024:10:26:16 -0500] "GET /sipse/faces/javax.faces.resource/jquery/jquery-plugins.js?ln=primefaces&v=4.0 HTTP/1.1" 304 -
201.245.192.253 - - [01/Apr/2024:10:26:16 -0500] "GET /sipse/faces/javax.faces.resource/primefaces.js?ln=primefaces&v=4.0 HTTP/1.1" 304 -
201.245.192.253 - - [01/Apr/2024:10:26:17 -0500] "GET /sipse/faces/javax.faces.resource/layout/layout.js?ln=primefaces&v=4.0 HTTP/1.1" 304 -
200.118.80.163 - - [01/Apr/2024:10:26:17 -0500] "POST /sipse/faces/presentacion/financiero/solicitudProceso/consultar.xhtml HTTP/1.1" 200 12933
201.245.192.253 - - [01/Apr/2024:10:26:17 -0500] "POST /sipse/faces/presentacion/financiero/solicitudProceso/listarSolicitudProceso.xhtml HTTP/1.1" 200 1560
201.245.192.253 - - [01/Apr/2024:10:26:20 -0500] "POST /sipse/faces/presentacion/financiero/solicitudProceso/listarSolicitudProceso.xhtml HTTP/1.1" 200 46878
201.245.192.253 - - [01/Apr/2024:10:26:20 -0500] "POST /sipse/faces/presentacion/financiero/solicitudProceso/listarSolicitudProceso.xhtml HTTP/1.1" 200 1564
201.245.192.253 - - [01/Apr/2024:10:26:20 -0500] "POST /forms/lservlet;jsessionid=ac16012b30d61766ad30c9f04634b024bcbfec2f3322.e3iSbxaKaheRe3iNc3uNbNmQay1ynknvrkLOlQzNp65In0 HTTP/1.1" 200 2
191.156.38.135 - - [01/Apr/2024:10:26:23 -0500] "POST /sipse/faces/presentacion/financiero/solicitudProceso/listarSolicitudProceso.xhtml HTTP/1.1" 200 10419
186.84.22.177 - - [01/Apr/2024:10:26:23 -0500] "POST /sipse/faces/presentacion/financiero/solicitudProceso/listarSolicitudProceso.xhtml HTTP/1.1" 200 10306
201.245.192.253 - - [01/Apr/2024:10:26:24 -0500] "POST /sipse/faces/presentacion/financiero/solicitudProceso/listarSolicitudProceso.xhtml HTTP/1.1" 200 32260
216.244.66.195 - - [01/Apr/2024:10:26:24 -0500] "GET /BLA/resoluciones/AUTOS%202019/2850.pdf HTTP/1.1" 200 346411
200.118.80.163 - - [01/Apr/2024:10:26:25 -0500] "POST /sipse/faces/presentacion/financiero/solicitudProceso/consultar.xhtml HTTP/1.1" 200 13030
201.245.192.253 - - [01/Apr/2024:10:26:25 -0500] "POST /sipse/faces/presentacion/financiero/solicitudProceso/listarSolicitudProceso.xhtml HTTP/1.1" 200 5764
201.245.192.253 - - [01/Apr/2024:10:26:26 -0500] "POST /sipse/faces/presentacion/financiero/solicitudProceso/listarSolicitudProceso.xhtml HTTP/1.1" 200 5768
186.84.22.177 - - [01/Apr/2024:10:26:25 -0500] "POST /sipse/faces/presentacion/financiero/solicitudProceso/listarSolicitudProceso.xhtml HTTP/1.1" 200 130160
186.84.22.177 - - [01/Apr/2024:10:26:26 -0500] "GET /sipse/faces/javax.faces.resource/primefaces.css?ln=primefaces&v=4.0 HTTP/1.1" 304 -
186.84.22.177 - - [01/Apr/2024:10:26:26 -0500] "GET /sipse/faces/javax.faces.resource/layout/layout.css?ln=primefaces&v=4.0 HTTP/1.1" 304 -
186.84.22.177 - - [01/Apr/2024:10:26:26 -0500] "GET /sipse/faces/javax.faces.resource/theme.css?ln=primefaces-sipse HTTP/1.1" 304 -
186.84.22.177 - - [01/Apr/2024:10:26:26 -0500] "GET /sipse/faces/javax.faces.resource/jquery/jquery.js?ln=primefaces&v=4.0 HTTP/1.1" 304 -
186.84.22.177 - - [01/Apr/2024:10:26:26 -0500] "GET /sipse/faces/javax.faces.resource/jquery/jquery-plugins.js?ln=primefaces&v=4.0 HTTP/1.1" 304 -
186.84.22.177 - - [01/Apr/2024:10:26:26 -0500] "GET /sipse/faces/javax.faces.resource/primefaces.js?ln=primefaces&v=4.0 HTTP/1.1" 304 -
186.84.22.177 - - [01/Apr/2024:10:26:26 -0500] "GET /sipse/faces/javax.faces.resource/layout/layout.js?ln=primefaces&v=4.0 HTTP/1.1" 304 -
201.245.192.253 - - [01/Apr/2024:10:26:27 -0500] "POST /sipse/faces/presentacion/financiero/solicitudProceso/listarSolicitudProceso.xhtml HTTP/1.1" 200 5764
201.245.192.253 - - [01/Apr/2024:10:26:27 -0500] "POST /kwsrmcab/Wsrmcab  HTTP/1.1" 200 213
200.118.80.163 - - [01/Apr/2024:10:26:30 -0500] "POST /sipse/faces/presentacion/financiero/solicitudProceso/consultar.xhtml HTTP/1.1" 200 12853
191.156.38.135 - - [01/Apr/2024:10:26:31 -0500] "POST /sipse/faces/presentacion/financiero/solicitudProceso/listarSolicitudProceso.xhtml HTTP/1.1" 200 10391
201.245.192.253 - - [01/Apr/2024:10:26:32 -0500] "POST /sipse/faces/presentacion/financiero/solicitudProceso/listarSolicitudProceso.xhtml HTTP/1.1" 200 109669
201.245.192.253 - - [01/Apr/2024:10:26:33 -0500] "GET /sipse/faces/javax.faces.resource/theme.css?ln=primefaces-sipse HTTP/1.1" 304 -
201.245.192.253 - - [01/Apr/2024:10:26:33 -0500] "GET /sipse/faces/javax.faces.resource/primefaces.css?ln=primefaces&v=4.0 HTTP/1.1" 304 -
201.245.192.253 - - [01/Apr/2024:10:26:33 -0500] "GET /sipse/faces/javax.faces.resource/layout/layout.css?ln=primefaces&v=4.0 HTTP/1.1" 304 -
201.245.192.253 - - [01/Apr/2024:10:26:33 -0500] "GET /sipse/faces/javax.faces.resource/jquery/jquery.js?ln=primefaces&v=4.0 HTTP/1.1" 304 -
201.245.192.253 - - [01/Apr/2024:10:26:33 -0500] "GET /sipse/faces/javax.faces.resource/jquery/jquery-plugins.js?ln=primefaces&v=4.0 HTTP/1.1" 304 -
201.245.192.253 - - [01/Apr/2024:10:26:33 -0500] "GET /sipse/faces/javax.faces.resource/primefaces.js?ln=primefaces&v=4.0 HTTP/1.1" 304 -
201.245.192.253 - - [01/Apr/2024:10:26:33 -0500] "GET /sipse/faces/javax.faces.resource/layout/layout.js?ln=primefaces&v=4.0 HTTP/1.1" 304 -
201.245.192.253 - - [01/Apr/2024:10:26:33 -0500] "GET /sipse/faces/index.xhtml HTTP/1.1" 200 677
201.245.192.253 - - [01/Apr/2024:10:26:33 -0500] "GET /sipse/faces/javax.faces.resource/theme.css?ln=primefaces-sipse HTTP/1.1" 304 -
201.245.192.253 - - [01/Apr/2024:10:26:33 -0500] "GET /sipse/faces/faces/autenticacion.xhtml HTTP/1.1" 200 12408
201.245.192.253 - - [01/Apr/2024:10:26:34 -0500] "GET /sipse/js/disable_browser_buttons.js HTTP/1.1" 304 -
201.245.192.253 - - [01/Apr/2024:10:26:34 -0500] "GET /sipse/js/funciones.js HTTP/1.1" 304 -
201.245.192.253 - - [01/Apr/2024:10:26:34 -0500] "GET /sipse/css/custom_css_sg.css HTTP/1.1" 304 -
201.245.192.253 - - [01/Apr/2024:10:26:34 -0500] "GET /sipse/css/custom_css_sg_prime_login.css HTTP/1.1" 304 -
201.245.192.253 - - [01/Apr/2024:10:26:34 -0500] "GET /sipse/faces/javax.faces.resource/layout/layout.css?ln=primefaces&v=4.0 HTTP/1.1" 304 -
201.245.192.253 - - [01/Apr/2024:10:26:34 -0500] "GET /sipse/faces/javax.faces.resource/primefaces.css?ln=primefaces&v=4.0 HTTP/1.1" 304 -
201.245.192.253 - - [01/Apr/2024:10:26:34 -0500] "GET /sipse/faces/javax.faces.resource/jquery/jquery.js?ln=primefaces&v=4.0 HTTP/1.1" 304 -
201.245.192.253 - - [01/Apr/2024:10:26:34 -0500] "GET /sipse/faces/javax.faces.resource/jquery/jquery-plugins.js?ln=primefaces&v=4.0 HTTP/1.1" 304 -
201.245.192.253 - - [01/Apr/2024:10:26:34 -0500] "GET /sipse/faces/javax.faces.resource/primefaces.js?ln=primefaces&v=4.0 HTTP/1.1" 304 -
201.245.192.253 - - [01/Apr/2024:10:26:34 -0500] "GET /sipse/faces/javax.faces.resource/theme.css?ln=primefaces-sipse HTTP/1.1" 304 -
201.245.192.253 - - [01/Apr/2024:10:26:34 -0500] "GET /sipse/faces/javax.faces.resource/layout/layout.js?ln=primefaces&v=4.0 HTTP/1.1" 304 -
201.245.192.253 - - [01/Apr/2024:10:26:34 -0500] "GET /sipse/css/imagen/logoSDG.png HTTP/1.1" 304 -
201.245.192.253 - - [01/Apr/2024:10:26:34 -0500] "GET /sipse/css/imagen/loginimg.png HTTP/1.1" 304 -
201.245.192.253 - - [01/Apr/2024:10:26:34 -0500] "GET /sipse/faces/javax.faces.resource/images/ui-icons_898989_256x240.png?ln=primefaces-aristo HTTP/1.1" 304 -
191.156.38.135 - - [01/Apr/2024:10:26:40 -0500] "POST /sipse/faces/presentacion/financiero/solicitudProceso/listarSolicitudProceso.xhtml HTTP/1.1" 200 10362
125.209.235.174 - - [01/Apr/2024:10:26:44 -0500] "GET /robots.txt HTTP/1.1" 404 1114
114.111.32.101 - - [01/Apr/2024:10:26:45 -0500] "GET /la-secretaria-distrital-de-ambiente-informa-a-la-ciudadania-que-no-solicita-datos-personales-o-financieros-para-apadrinar-proyectos.html HTTP/1.1" 200 950
201.245.192.253 - - [01/Apr/2024:10:26:47 -0500] "POST /sipse/faces/autenticacion.xhtml HTTP/1.1" 200 2220
201.245.192.253 - - [01/Apr/2024:10:26:47 -0500] "GET /sipse/faces/javax.faces.resource/messages/messages.png?ln=primefaces&v=4.0 HTTP/1.1" 304 -
201.245.192.253 - - [01/Apr/2024:10:26:48 -0500] "POST /sipse/faces/autenticacion.xhtml HTTP/1.1" 200 16326
201.245.192.253 - - [01/Apr/2024:10:26:48 -0500] "GET /sipse/css/custom_css_sg_prime.css HTTP/1.1" 304 -
201.245.192.253 - - [01/Apr/2024:10:26:48 -0500] "GET /sipse/faces/javax.faces.resource/layout/layout.css?ln=primefaces&v=4.0 HTTP/1.1" 304 -
201.245.192.253 - - [01/Apr/2024:10:26:48 -0500] "GET /sipse/faces/javax.faces.resource/primefaces.css?ln=primefaces&v=4.0 HTTP/1.1" 304 -
201.245.192.253 - - [01/Apr/2024:10:26:48 -0500] "GET /sipse/faces/javax.faces.resource/theme.css?ln=primefaces-sipse HTTP/1.1" 304 -
201.245.192.253 - - [01/Apr/2024:10:26:48 -0500] "GET /sipse/js/jquery.min.js HTTP/1.1" 304 -
201.245.192.253 - - [01/Apr/2024:10:26:48 -0500] "GET /sipse/faces/javax.faces.resource/jquery/jquery.js?ln=primefaces&v=4.0 HTTP/1.1" 304 -
201.245.192.253 - - [01/Apr/2024:10:26:48 -0500] "GET /sipse/faces/javax.faces.resource/jquery/jquery-plugins.js?ln=primefaces&v=4.0 HTTP/1.1" 304 -
201.245.192.253 - - [01/Apr/2024:10:26:48 -0500] "GET /sipse/faces/javax.faces.resource/primefaces.js?ln=primefaces&v=4.0 HTTP/1.1" 304 -
201.245.192.253 - - [01/Apr/2024:10:26:48 -0500] "GET /sipse/faces/javax.faces.resource/layout/layout.js?ln=primefaces&v=4.0 HTTP/1.1" 304 -
201.245.192.253 - - [01/Apr/2024:10:26:48 -0500] "GET /sipse/css/v_mergente.css HTTP/1.1" 304 -
201.245.192.253 - - [01/Apr/2024:10:26:48 -0500] "GET /sipse/imagenes/logoAplicacion.jpg HTTP/1.1" 304 -
201.245.192.253 - - [01/Apr/2024:10:26:48 -0500] "GET /sipse/imagenes/cargando.gif HTTP/1.1" 304 -
201.245.192.253 - - [01/Apr/2024:10:26:48 -0500] "GET /sipse/css/imagen/contrasena.png HTTP/1.1" 404 383
201.245.192.253 - - [01/Apr/2024:10:26:49 -0500] "GET /appsia/controlador HTTP/1.1" 200 4799
201.245.192.253 - - [01/Apr/2024:10:26:49 -0500] "GET /appsia/scripts/validarIngreso.js HTTP/1.1" 200 851
201.245.192.253 - - [01/Apr/2024:10:26:49 -0500] "GET /appsia/css/estilos.css HTTP/1.1" 200 4804
201.245.192.253 - - [01/Apr/2024:10:26:49 -0500] "GET /appsia/images/logo_bogota_p.png HTTP/1.1" 200 14951
201.245.192.253 - - [01/Apr/2024:10:26:49 -0500] "GET /appsia/images/cabezoteHojaVida.png HTTP/1.1" 200 32493
201.245.192.253 - - [01/Apr/2024:10:26:49 -0500] "GET /favicon.ico HTTP/1.1" 200 7782
201.245.192.253 - - [01/Apr/2024:10:26:49 -0500] "GET /sipse/faces/javax.faces.resource/images/ui-bg_flat_0_2d5972_40x100.png?ln=primefaces-aristo HTTP/1.1" 304 -
201.245.192.253 - - [01/Apr/2024:10:26:49 -0500] "POST /sipse/faces/bienvenido.xhtml HTTP/1.1" 200 2658
172.22.2.4 - - [01/Apr/2024:10:25:11 -0500] "GET /BLA/boletinlegal/ HTTP/1.1" 200 53818
201.245.192.253 - - [01/Apr/2024:10:26:50 -0500] "POST /sipse/faces/bienvenido.xhtml HTTP/1.1" 200 64661
201.245.192.253 - - [01/Apr/2024:10:26:52 -0500] "GET /sipse/faces/javax.faces.resource/primefaces.css?ln=primefaces&v=4.0 HTTP/1.1" 304 -
201.245.192.253 - - [01/Apr/2024:10:26:52 -0500] "GET /sipse/faces/javax.faces.resource/theme.css?ln=primefaces-sipse HTTP/1.1" 304 -
201.245.192.253 - - [01/Apr/2024:10:26:52 -0500] "GET /sipse/faces/javax.faces.resource/layout/layout.css?ln=primefaces&v=4.0 HTTP/1.1" 304 -
201.245.192.253 - - [01/Apr/2024:10:26:52 -0500] "GET /sipse/faces/javax.faces.resource/jquery/jquery.js?ln=primefaces&v=4.0 HTTP/1.1" 304 -
201.245.192.253 - - [01/Apr/2024:10:26:52 -0500] "GET /sipse/faces/javax.faces.resource/jquery/jquery-plugins.js?ln=primefaces&v=4.0 HTTP/1.1" 304 -
201.245.192.253 - - [01/Apr/2024:10:26:52 -0500] "GET /sipse/faces/javax.faces.resource/primefaces.js?ln=primefaces&v=4.0 HTTP/1.1" 304 -
201.245.192.253 - - [01/Apr/2024:10:26:52 -0500] "GET /sipse/faces/javax.faces.resource/layout/layout.js?ln=primefaces&v=4.0 HTTP/1.1" 304 -
201.245.192.253 - - [01/Apr/2024:10:26:52 -0500] "POST /sipse/faces/presentacion/financiero/solicitudProceso/listarSolicitudProceso.xhtml HTTP/1.1" 200 1560
66.249.66.19 - - [01/Apr/2024:10:26:55 -0500] "GET /Publicaciones/2024EE35420.pdf HTTP/1.1" 404 227
201.245.192.253 - - [01/Apr/2024:10:26:57 -0500] "POST /sipse/faces/presentacion/financiero/solicitudProceso/listarSolicitudProceso.xhtml HTTP/1.1" 200 4695
216.244.66.195 - - [01/Apr/2024:10:26:57 -0500] "GET /BLA/resoluciones/AUTOS%202019/2854.pdf HTTP/1.1" 200 322430
201.245.192.253 - - [01/Apr/2024:10:27:03 -0500] "POST /appsia/controlador HTTP/1.1" 200 3599
201.245.192.253 - - [01/Apr/2024:10:27:03 -0500] "GET /appsia/jscripts/validarSolicitud.js HTTP/1.1" 404 68
201.245.192.253 - - [01/Apr/2024:10:27:06 -0500] "POST /sipse/faces/presentacion/financiero/solicitudProceso/listarSolicitudProceso.xhtml HTTP/1.1" 200 32123
201.245.192.253 - - [01/Apr/2024:10:27:08 -0500] "GET /sipse/faces/javax.faces.resource/theme.css?ln=primefaces-sipse HTTP/1.1" 304 -
201.245.192.253 - - [01/Apr/2024:10:27:08 -0500] "GET /sipse/faces/javax.faces.resource/primefaces.css?ln=primefaces&v=4.0 HTTP/1.1" 304 -
201.245.192.253 - - [01/Apr/2024:10:27:08 -0500] "GET /sipse/faces/javax.faces.resource/jquery/jquery.js?ln=primefaces&v=4.0 HTTP/1.1" 304 -
201.245.192.253 - - [01/Apr/2024:10:27:08 -0500] "GET /sipse/faces/javax.faces.resource/layout/layout.css?ln=primefaces&v=4.0 HTTP/1.1" 304 -
201.245.192.253 - - [01/Apr/2024:10:27:08 -0500] "GET /sipse/faces/javax.faces.resource/jquery/jquery-plugins.js?ln=primefaces&v=4.0 HTTP/1.1" 304 -
201.245.192.253 - - [01/Apr/2024:10:27:08 -0500] "GET /sipse/faces/javax.faces.resource/primefaces.js?ln=primefaces&v=4.0 HTTP/1.1" 304 -
201.245.192.253 - - [01/Apr/2024:10:27:08 -0500] "GET /sipse/faces/javax.faces.resource/layout/layout.js?ln=primefaces&v=4.0 HTTP/1.1" 304 -
201.245.192.253 - - [01/Apr/2024:10:27:08 -0500] "POST /appsia/controlador HTTP/1.1" 200 4799
201.245.192.253 - - [01/Apr/2024:10:27:08 -0500] "POST /sipse/faces/presentacion/financiero/solicitudProceso/consultarHistorialSolProceso.xhtml HTTP/1.1" 200 177575
201.245.192.253 - - [01/Apr/2024:10:27:20 -0500] "POST /sipse/faces/presentacion/financiero/solicitudProceso/listarSolicitudProceso.xhtml HTTP/1.1" 200 4899
201.245.192.253 - - [01/Apr/2024:10:27:22 -0500] "POST /appsia/controlador HTTP/1.1" 200 5437
201.245.192.253 - - [01/Apr/2024:10:27:24 -0500] "POST /appsia/controlador HTTP/1.1" 200 7729
201.245.192.253 - - [01/Apr/2024:10:27:24 -0500] "GET /appsia/images/logo_escudo.png HTTP/1.1" 200 36965
201.245.192.253 - - [01/Apr/2024:10:27:27 -0500] "POST /sipse/faces/presentacion/financiero/solicitudProceso/consultarSolicitudProceso.xhtml HTTP/1.1" 200 5277
201.245.192.253 - - [01/Apr/2024:10:27:28 -0500] "POST /appsia/controlador HTTP/1.1" 200 5437
201.245.192.253 - - [01/Apr/2024:10:27:28 -0500] "POST /sipse/faces/presentacion/financiero/solicitudProceso/consultarSolicitudProceso.xhtml HTTP/1.1" 200 40736
201.245.192.253 - - [01/Apr/2024:10:27:28 -0500] "GET /sipse/faces/javax.faces.resource/theme.css?ln=primefaces-sipse HTTP/1.1" 304 -
201.245.192.253 - - [01/Apr/2024:10:27:28 -0500] "GET /sipse/faces/javax.faces.resource/primefaces.css?ln=primefaces&v=4.0 HTTP/1.1" 304 -
201.245.192.253 - - [01/Apr/2024:10:27:28 -0500] "GET /sipse/faces/javax.faces.resource/layout/layout.css?ln=primefaces&v=4.0 HTTP/1.1" 304 -
201.245.192.253 - - [01/Apr/2024:10:27:28 -0500] "GET /sipse/faces/javax.faces.resource/jquery/jquery.js?ln=primefaces&v=4.0 HTTP/1.1" 304 -
201.245.192.253 - - [01/Apr/2024:10:27:28 -0500] "GET /sipse/faces/javax.faces.resource/jquery/jquery-plugins.js?ln=primefaces&v=4.0 HTTP/1.1" 304 -
201.245.192.253 - - [01/Apr/2024:10:27:28 -0500] "GET /sipse/css/imagen/contrasena.png HTTP/1.1" 404 383
201.245.192.253 - - [01/Apr/2024:10:27:28 -0500] "GET /sipse/faces/javax.faces.resource/primefaces.js?ln=primefaces&v=4.0 HTTP/1.1" 304 -
201.245.192.253 - - [01/Apr/2024:10:27:28 -0500] "GET /sipse/faces/javax.faces.resource/layout/layout.js?ln=primefaces&v=4.0 HTTP/1.1" 304 -
201.245.192.253 - - [01/Apr/2024:10:27:28 -0500] "GET /sipse/faces/javax.faces.resource/images/ui-icons_898989_256x240.png?ln=primefaces-aristo HTTP/1.1" 304 -
201.245.192.253 - - [01/Apr/2024:10:27:28 -0500] "POST /sipse/faces/presentacion/financiero/solicitudProceso/consultar.xhtml HTTP/1.1" 200 34149
201.245.192.253 - - [01/Apr/2024:10:27:28 -0500] "GET /sipse/faces/javax.faces.resource/images/ui-bg_flat_0_2d5972_40x100.png?ln=primefaces-aristo HTTP/1.1" 304 -
201.245.192.253 - - [01/Apr/2024:10:27:28 -0500] "POST /sipse/faces/presentacion/financiero/solicitudProceso/consultar.xhtml HTTP/1.1" 200 34149
201.245.192.253 - - [01/Apr/2024:10:27:30 -0500] "POST /appsia/controlador HTTP/1.1" 200 4799
201.245.192.253 - - [01/Apr/2024:10:27:30 -0500] "POST /sipse/faces/presentacion/financiero/solicitudProceso/consultar.xhtml HTTP/1.1" 200 13005
201.245.192.253 - - [01/Apr/2024:10:27:31 -0500] "POST /sipse/faces/presentacion/financiero/solicitudProceso/listarSolicitudProceso.xhtml HTTP/1.1" 200 222044
186.84.22.177 - - [01/Apr/2024:10:27:31 -0500] "POST /sipse/faces/presentacion/financiero/solicitudProceso/consultarSolicitudProceso.xhtml HTTP/1.1" 200 5464
201.245.192.253 - - [01/Apr/2024:10:27:32 -0500] "POST /sipse/faces/presentacion/financiero/solicitudProceso/listarSolicitudProceso.xhtml HTTP/1.1" 200 222176
201.245.192.253 - - [01/Apr/2024:10:27:33 -0500] "POST /sipse/faces/presentacion/financiero/solicitudProceso/listarSolicitudProceso.xhtml HTTP/1.1" 200 234542
186.117.145.149 - - [01/Apr/2024:10:27:35 -0500] "GET /catalogoisis/ HTTP/1.1" 200 8575
186.117.145.149 - - [01/Apr/2024:10:27:35 -0500] "GET /catalogoisis/Css/Busqueda.css HTTP/1.1" 200 1995
186.117.145.149 - - [01/Apr/2024:10:27:35 -0500] "GET /catalogoisis/Js/AceptarLimpiar.js HTTP/1.1" 200 331
186.117.145.149 - - [01/Apr/2024:10:27:35 -0500] "GET /catalogoisis/Js/Go.js HTTP/1.1" 200 364
186.117.145.149 - - [01/Apr/2024:10:27:35 -0500] "GET /catalogoisis/Js/LimpiarCombinada.js HTTP/1.1" 200 207
186.117.145.149 - - [01/Apr/2024:10:27:35 -0500] "GET /catalogoisis/Js/Numero.js HTTP/1.1" 200 398
186.117.145.149 - - [01/Apr/2024:10:27:35 -0500] "GET /catalogoisis/Js/Remote.js HTTP/1.1" 200 436
186.117.145.149 - - [01/Apr/2024:10:27:35 -0500] "GET /catalogoisis/Js/Enter.js HTTP/1.1" 200 1208
186.117.145.149 - - [01/Apr/2024:10:27:35 -0500] "GET /catalogoisis/Js/CriterioCombinada.js HTTP/1.1" 200 1843
186.117.145.149 - - [01/Apr/2024:10:27:35 -0500] "GET /catalogoisis/Js/Cookies.js HTTP/1.1" 200 1369
186.117.145.149 - - [01/Apr/2024:10:27:35 -0500] "GET /catalogoisis/imagenes/br1c1.gif HTTP/1.1" 200 172
186.117.145.149 - - [01/Apr/2024:10:27:35 -0500] "GET /catalogoisis/imagenes/Header.gif HTTP/1.1" 200 27040
186.117.145.149 - - [01/Apr/2024:10:27:35 -0500] "GET /catalogoisis/imagenes/br1c3.gif HTTP/1.1" 200 302
186.117.145.149 - - [01/Apr/2024:10:27:35 -0500] "GET /catalogoisis/imagenes/Turnbo1.gif HTTP/1.1" 200 227
186.117.145.149 - - [01/Apr/2024:10:27:35 -0500] "GET /catalogoisis/imagenes/aceptar1.gif HTTP/1.1" 200 604
186.117.145.149 - - [01/Apr/2024:10:27:35 -0500] "GET /catalogoisis/imagenes/br3c2.gif HTTP/1.1" 200 285
186.117.145.149 - - [01/Apr/2024:10:27:35 -0500] "GET /catalogoisis/imagenes/limpiar1.gif HTTP/1.1" 200 606
186.117.145.149 - - [01/Apr/2024:10:27:35 -0500] "GET /catalogoisis/imagenes/br3c3.gif HTTP/1.1" 200 186
186.117.145.149 - - [01/Apr/2024:10:27:35 -0500] "GET /catalogoisis/imagenes/br3c1.gif HTTP/1.1" 200 177
186.117.145.149 - - [01/Apr/2024:10:27:35 -0500] "GET /catalogoisis/imagenes/br1c2.gif HTTP/1.1" 200 297
186.117.145.149 - - [01/Apr/2024:10:27:35 -0500] "GET /catalogoisis/imagenes/br2c2.gif HTTP/1.1" 200 302
186.117.145.149 - - [01/Apr/2024:10:27:35 -0500] "GET /catalogoisis/imagenes/br2c1.gif HTTP/1.1" 200 297
186.117.145.149 - - [01/Apr/2024:10:27:35 -0500] "GET /catalogoisis/imagenes/br2c3.gif HTTP/1.1" 200 416
186.117.145.149 - - [01/Apr/2024:10:27:35 -0500] "GET /favicon.ico HTTP/1.1" 200 7782
40.77.167.59 - - [01/Apr/2024:10:27:37 -0500] "GET /BLA/resoluciones/RESOLUCIONES%202018/1449.pdf HTTP/1.1" 200 458919
216.244.66.195 - - [01/Apr/2024:10:27:43 -0500] "GET /BLA/resoluciones/AUTOS%202019/3353.pdf HTTP/1.1" 200 269119
191.156.39.185 - - [01/Apr/2024:10:27:44 -0500] "POST /sipse/faces/presentacion/financiero/solicitudProceso/listarSolicitudProceso.xhtml HTTP/1.1" 200 10333
201.245.192.253 - - [01/Apr/2024:10:27:49 -0500] "POST /sipse/faces/presentacion/financiero/solicitudProceso/listarSolicitudProceso.xhtml HTTP/1.1" 200 32123
40.77.167.136 - - [01/Apr/2024:10:28:02 -0500] "GET /BLA/resoluciones/RESOLUCIONES%202018/2729.pdf HTTP/1.1" 200 357923
201.245.192.253 - - [01/Apr/2024:10:28:03 -0500] "POST /sipse/faces/presentacion/financiero/solicitudProceso/listarSolicitudProceso.xhtml HTTP/1.1" 200 4899
201.245.192.253 - - [01/Apr/2024:10:28:05 -0500] "POST /sipse/faces/presentacion/financiero/solicitudProceso/listarSolicitudProceso.xhtml HTTP/1.1" 200 32898
191.156.39.185 - - [01/Apr/2024:10:28:12 -0500] "POST /sipse/faces/presentacion/financiero/solicitudProceso/listarSolicitudProceso.xhtml HTTP/1.1" 200 10278
201.245.192.253 - - [01/Apr/2024:10:28:20 -0500] "POST /forms/lservlet;jsessionid=ac16012b30d61766ad30c9f04634b024bcbfec2f3322.e3iSbxaKaheRe3iNc3uNbNmQay1ynknvrkLOlQzNp65In0 HTTP/1.1" 200 2
216.244.66.195 - - [01/Apr/2024:10:28:28 -0500] "GET /BLA/resoluciones/AUTOS%202019/3448.pdf HTTP/1.1" 200 509347
201.245.192.253 - - [01/Apr/2024:10:28:29 -0500] "GET /sipse/faces/index.xhtml HTTP/1.1" 200 677
201.245.192.253 - - [01/Apr/2024:10:28:29 -0500] "GET /sipse/faces/javax.faces.resource/theme.css?ln=primefaces-sipse HTTP/1.1" 304 -
201.245.192.253 - - [01/Apr/2024:10:28:29 -0500] "GET /sipse/faces/faces/autenticacion.xhtml HTTP/1.1" 200 12414
201.245.192.253 - - [01/Apr/2024:10:28:29 -0500] "GET /sipse/faces/javax.faces.resource/theme.css?ln=primefaces-sipse HTTP/1.1" 304 -
201.245.192.253 - - [01/Apr/2024:10:28:29 -0500] "GET /sipse/faces/javax.faces.resource/primefaces.js?ln=primefaces&v=4.0 HTTP/1.1" 304 -
201.245.192.253 - - [01/Apr/2024:10:28:29 -0500] "GET /sipse/faces/javax.faces.resource/layout/layout.js?ln=primefaces&v=4.0 HTTP/1.1" 304 -
201.245.192.253 - - [01/Apr/2024:10:28:29 -0500] "GET /sipse/faces/javax.faces.resource/jquery/jquery.js?ln=primefaces&v=4.0 HTTP/1.1" 304 -
201.245.192.253 - - [01/Apr/2024:10:28:29 -0500] "GET /sipse/faces/javax.faces.resource/jquery/jquery-plugins.js?ln=primefaces&v=4.0 HTTP/1.1" 304 -
201.245.192.253 - - [01/Apr/2024:10:28:29 -0500] "GET /sipse/faces/javax.faces.resource/primefaces.css?ln=primefaces&v=4.0 HTTP/1.1" 304 -
201.245.192.253 - - [01/Apr/2024:10:28:29 -0500] "GET /sipse/faces/javax.faces.resource/layout/layout.css?ln=primefaces&v=4.0 HTTP/1.1" 304 -
201.245.192.253 - - [01/Apr/2024:10:28:29 -0500] "GET /sipse/faces/javax.faces.resource/images/ui-icons_898989_256x240.png?ln=primefaces-aristo HTTP/1.1" 304 -
201.245.192.253 - - [01/Apr/2024:10:28:32 -0500] "POST /sipse/faces/autenticacion.xhtml HTTP/1.1" 200 16796
201.245.192.253 - - [01/Apr/2024:10:28:32 -0500] "GET /sipse/faces/javax.faces.resource/theme.css?ln=primefaces-sipse HTTP/1.1" 304 -
201.245.192.253 - - [01/Apr/2024:10:28:32 -0500] "GET /sipse/faces/javax.faces.resource/primefaces.css?ln=primefaces&v=4.0 HTTP/1.1" 304 -
201.245.192.253 - - [01/Apr/2024:10:28:32 -0500] "GET /sipse/faces/javax.faces.resource/layout/layout.css?ln=primefaces&v=4.0 HTTP/1.1" 304 -
201.245.192.253 - - [01/Apr/2024:10:28:32 -0500] "GET /sipse/faces/javax.faces.resource/jquery/jquery.js?ln=primefaces&v=4.0 HTTP/1.1" 304 -
201.245.192.253 - - [01/Apr/2024:10:28:32 -0500] "GET /sipse/faces/javax.faces.resource/jquery/jquery-plugins.js?ln=primefaces&v=4.0 HTTP/1.1" 304 -
201.245.192.253 - - [01/Apr/2024:10:28:32 -0500] "GET /sipse/faces/javax.faces.resource/primefaces.js?ln=primefaces&v=4.0 HTTP/1.1" 304 -
201.245.192.253 - - [01/Apr/2024:10:28:32 -0500] "GET /sipse/faces/javax.faces.resource/layout/layout.js?ln=primefaces&v=4.0 HTTP/1.1" 304 -
201.245.192.253 - - [01/Apr/2024:10:28:32 -0500] "GET /sipse/css/imagen/contrasena.png HTTP/1.1" 404 383
201.245.192.253 - - [01/Apr/2024:10:28:32 -0500] "GET /sipse/faces/javax.faces.resource/messages/messages.png?ln=primefaces&v=4.0 HTTP/1.1" 304 -
186.117.145.149 - - [01/Apr/2024:10:28:33 -0500] "GET /catalogoisis/Diccionario.php?i=1&form=0&element=3&prefix=ti-&first=yes HTTP/1.1" 200 4199
186.117.145.149 - - [01/Apr/2024:10:28:33 -0500] "GET /catalogoisis/Css/Diccionario.css HTTP/1.1" 200 1478
186.117.145.149 - - [01/Apr/2024:10:28:33 -0500] "GET /catalogoisis/Js/CriterioDiccionario.js HTTP/1.1" 200 608
186.117.145.149 - - [01/Apr/2024:10:28:33 -0500] "GET /catalogoisis/Js/Diccionario.js HTTP/1.1" 200 999
186.117.145.149 - - [01/Apr/2024:10:28:33 -0500] "GET /catalogoisis/Js/LimpiarDiccionario.js HTTP/1.1" 200 98
201.245.192.253 - - [01/Apr/2024:10:28:34 -0500] "GET /sipse/faces/javax.faces.resource/images/ui-bg_flat_0_2d5972_40x100.png?ln=primefaces-aristo HTTP/1.1" 304 -
201.245.192.253 - - [01/Apr/2024:10:28:34 -0500] "POST /sipse/faces/bienvenido.xhtml HTTP/1.1" 200 9886
201.245.192.253 - - [01/Apr/2024:10:28:37 -0500] "POST /sipse/faces/bienvenido.xhtml HTTP/1.1" 200 9886
186.117.145.149 - - [01/Apr/2024:10:28:37 -0500] "POST /catalogoisis/Diccionario.php HTTP/1.1" 200 5139
201.245.192.253 - - [01/Apr/2024:10:28:38 -0500] "POST /sipse/faces/bienvenido.xhtml HTTP/1.1" 200 9886
201.245.192.253 - - [01/Apr/2024:10:28:39 -0500] "POST /sipse/faces/bienvenido.xhtml HTTP/1.1" 200 2073
216.245.221.92 - - [01/Apr/2024:10:28:40 -0500] "HEAD / HTTP/1.1" 200 -
201.245.192.253 - - [01/Apr/2024:10:28:40 -0500] "POST /sipse/faces/bienvenido.xhtml HTTP/1.1" 200 38961
201.245.192.253 - - [01/Apr/2024:10:28:40 -0500] "GET /sipse/faces/javax.faces.resource/layout/layout.css?ln=primefaces&v=4.0 HTTP/1.1" 304 -
201.245.192.253 - - [01/Apr/2024:10:28:40 -0500] "GET /sipse/faces/javax.faces.resource/theme.css?ln=primefaces-sipse HTTP/1.1" 304 -
201.245.192.253 - - [01/Apr/2024:10:28:40 -0500] "GET /sipse/faces/javax.faces.resource/primefaces.css?ln=primefaces&v=4.0 HTTP/1.1" 304 -
201.245.192.253 - - [01/Apr/2024:10:28:40 -0500] "GET /sipse/faces/javax.faces.resource/jquery/jquery.js?ln=primefaces&v=4.0 HTTP/1.1" 304 -
201.245.192.253 - - [01/Apr/2024:10:28:40 -0500] "GET /sipse/faces/javax.faces.resource/jquery/jquery-plugins.js?ln=primefaces&v=4.0 HTTP/1.1" 304 -
201.245.192.253 - - [01/Apr/2024:10:28:40 -0500] "GET /sipse/faces/javax.faces.resource/primefaces.js?ln=primefaces&v=4.0 HTTP/1.1" 304 -
201.245.192.253 - - [01/Apr/2024:10:28:40 -0500] "GET /sipse/faces/javax.faces.resource/layout/layout.js?ln=primefaces&v=4.0 HTTP/1.1" 304 -
172.22.2.4 - - [01/Apr/2024:10:28:41 -0500] "GET /BLA/boletinlegal/consulta_actos.php?tipo=resoluciones&no=&usuario=&sector=&fecha=2024&resuelve= HTTP/1.1" 200 32785
186.117.145.149 - - [01/Apr/2024:10:28:49 -0500] "GET /catalogoisis/imagenes/aceptar2.gif HTTP/1.1" 200 586
201.245.192.253 - - [01/Apr/2024:10:28:53 -0500] "POST /sipse/faces/presentacion/financiero/solicitudProceso/listarSolicitudProceso.xhtml HTTP/1.1" 200 18361
201.245.192.253 - - [01/Apr/2024:10:29:04 -0500] "POST /sipse/faces/presentacion/financiero/solicitudProceso/listarSolicitudProceso.xhtml HTTP/1.1" 200 132624
201.245.192.253 - - [01/Apr/2024:10:29:05 -0500] "GET /sipse/faces/javax.faces.resource/theme.css?ln=primefaces-sipse HTTP/1.1" 304 -
201.245.192.253 - - [01/Apr/2024:10:29:05 -0500] "GET /sipse/faces/javax.faces.resource/layout/layout.css?ln=primefaces&v=4.0 HTTP/1.1" 304 -
201.245.192.253 - - [01/Apr/2024:10:29:05 -0500] "GET /sipse/faces/javax.faces.resource/primefaces.css?ln=primefaces&v=4.0 HTTP/1.1" 304 -
201.245.192.253 - - [01/Apr/2024:10:29:05 -0500] "GET /sipse/faces/javax.faces.resource/jquery/jquery.js?ln=primefaces&v=4.0 HTTP/1.1" 304 -
201.245.192.253 - - [01/Apr/2024:10:29:05 -0500] "GET /sipse/faces/javax.faces.resource/jquery/jquery-plugins.js?ln=primefaces&v=4.0 HTTP/1.1" 304 -
201.245.192.253 - - [01/Apr/2024:10:29:05 -0500] "GET /sipse/faces/javax.faces.resource/primefaces.js?ln=primefaces&v=4.0 HTTP/1.1" 304 -
201.245.192.253 - - [01/Apr/2024:10:29:05 -0500] "GET /sipse/faces/javax.faces.resource/layout/layout.js?ln=primefaces&v=4.0 HTTP/1.1" 304 -
201.245.192.253 - - [01/Apr/2024:10:29:06 -0500] "POST /kwsrmcab/Wsrmcab HTTP/1.1" 200 39700
201.245.192.253 - - [01/Apr/2024:10:29:06 -0500] "POST /kwsrmcab/Wsrmcab HTTP/1.1" 200 36034
186.155.14.118 - - [01/Apr/2024:10:29:14 -0500] "GET /BLA/resoluciones/RESOLUCIONES%202024/00652.pdf HTTP/1.1" 200 4585725
181.48.255.69 - - [01/Apr/2024:10:29:16 -0500] "GET /BLA/resoluciones/RESOLUCIONES%202024/00652.pdf HTTP/1.1" 200 4585725
186.84.22.177 - - [01/Apr/2024:10:29:17 -0500] "GET /sipse/faces/index.xhtml HTTP/1.1" 200 677
186.84.22.177 - - [01/Apr/2024:10:29:17 -0500] "GET /sipse/faces/javax.faces.resource/theme.css?ln=primefaces-sipse HTTP/1.1" 304 -
186.84.22.177 - - [01/Apr/2024:10:29:17 -0500] "GET /sipse/faces/faces/autenticacion.xhtml HTTP/1.1" 200 12416
186.84.22.177 - - [01/Apr/2024:10:29:17 -0500] "GET /sipse/faces/javax.faces.resource/theme.css?ln=primefaces-sipse HTTP/1.1" 304 -
186.84.22.177 - - [01/Apr/2024:10:29:17 -0500] "GET /sipse/faces/javax.faces.resource/primefaces.css?ln=primefaces&v=4.0 HTTP/1.1" 304 -
