216.245.221.92 - - [01/Apr/2024:03:58:41 -0500] "HEAD / HTTP/1.1" 200 -
40.77.167.77 - - [01/Apr/2024:03:58:47 -0500] "GET /BLA/resoluciones/RESOLUCIONES%202021/2870.pdf HTTP/1.1" 200 471619
52.167.144.176 - - [01/Apr/2024:04:00:19 -0500] "GET /Publicaciones/2024EE55848.pdf HTTP/1.1" 404 227
52.167.144.176 - - [01/Apr/2024:04:00:52 -0500] "GET /BLA/resoluciones/RESOLUCIONES%202018/1425.pdf HTTP/1.1" 200 396557
172.22.2.4 - - [01/Apr/2024:03:59:21 -0500] "HEAD /BLA/boletinlegal/ HTTP/1.1" 200 -
52.167.144.166 - - [01/Apr/2024:04:01:35 -0500] "GET /BLA/resoluciones/RESOLUCIONES%202018/1231.pdf HTTP/1.1" 200 386461
172.22.2.4 - - [01/Apr/2024:04:00:12 -0500] "GET /BLA/boletinlegal/ HTTP/1.1" 200 60380
40.77.167.77 - - [01/Apr/2024:04:01:53 -0500] "GET /BLA/resoluciones/RESOLUCIONES%202023/2703.pdf HTTP/1.1" 200 1174842
40.77.167.10 - - [01/Apr/2024:04:02:40 -0500] "GET /Publicaciones/2024EE59666.pdf HTTP/1.1" 404 227
201.245.192.253 - - [01/Apr/2024:04:03:13 -0500] "POST /kwsrmcab/Wsrmcab  HTTP/1.1" 200 213
47.128.62.87 - - [01/Apr/2024:04:03:37 -0500] "GET /BLA/resoluciones/AUTOS%202021/0245.php?act=f&d=E%3A%5Cnuevo%5Chtdocs%5CBLA%5Cresoluciones%5CAUTOS+2021&f=6623.pdf&ft=info HTTP/1.1" 200 3845
47.128.62.87 - - [01/Apr/2024:04:03:38 -0500] "GET /BLA/resoluciones/AUTOS%202021/0245.php?act=img&img=ext_html HTTP/1.1" 200 230
47.128.62.87 - - [01/Apr/2024:04:03:38 -0500] "GET /BLA/resoluciones/AUTOS%202021/0245.php?act=img&img=ext_pdf HTTP/1.1" 200 1034
47.128.62.87 - - [01/Apr/2024:04:03:38 -0500] "GET /BLA/resoluciones/AUTOS%202021/0245.php?act=img&img=ext_gif HTTP/1.1" 200 175
47.128.62.87 - - [01/Apr/2024:04:03:38 -0500] "GET /BLA/resoluciones/AUTOS%202021/0245.php?act=img&img=ext_exe HTTP/1.1" 200 118
47.128.62.87 - - [01/Apr/2024:04:03:38 -0500] "GET /BLA/resoluciones/AUTOS%202021/0245.php?act=img&img=ext_txt HTTP/1.1" 200 132
47.128.62.87 - - [01/Apr/2024:04:03:38 -0500] "GET /BLA/resoluciones/AUTOS%202021/0245.php?act=img&img=ext_diz HTTP/1.1" 200 1027
47.128.62.87 - - [01/Apr/2024:04:03:39 -0500] "GET /BLA/resoluciones/AUTOS%202021/0245.php?act=img&img=ext_ini HTTP/1.1" 200 134
47.128.62.87 - - [01/Apr/2024:04:03:39 -0500] "GET /BLA/resoluciones/AUTOS%202021/0245.php?act=img&img=ext_rtf HTTP/1.1" 200 164
47.128.62.87 - - [01/Apr/2024:04:03:39 -0500] "GET /BLA/resoluciones/AUTOS%202021/0245.php?act=img&img=download HTTP/1.1" 200 161
47.128.62.87 - - [01/Apr/2024:04:03:39 -0500] "GET /BLA/resoluciones/AUTOS%202021/0245.php?act=img&img=change HTTP/1.1" 200 290
216.245.221.92 - - [01/Apr/2024:04:03:41 -0500] "HEAD / HTTP/1.1" 200 -
47.128.20.227 - - [01/Apr/2024:04:04:02 -0500] "GET /BLA/resoluciones/AUTOS%202021/0245.php?act=f&d=E%3A%5Cnuevo%5Chtdocs%5CBLA%5Cresoluciones%5CAUTOS+2021&f=0638.pdf&ft=download HTTP/1.1" 200 434853
40.77.167.77 - - [01/Apr/2024:04:04:26 -0500] "GET /BLA/resoluciones/RESOLUCIONES%202016/1348.pdf HTTP/1.1" 200 1003359
216.244.66.195 - - [01/Apr/2024:04:05:24 -0500] "GET /BLA/resoluciones/AUTOS%202019/0186.pdf HTTP/1.1" 200 261744
216.244.66.195 - - [01/Apr/2024:04:06:12 -0500] "GET /BLA/resoluciones/AUTOS%202019/0437.pdf HTTP/1.1" 200 277379
172.22.2.4 - - [01/Apr/2024:04:05:11 -0500] "HEAD /BLA/boletinlegal/ HTTP/1.1" 200 -
216.244.66.195 - - [01/Apr/2024:04:06:57 -0500] "GET /BLA/resoluciones/AUTOS%202019/1494.pdf HTTP/1.1" 200 270121
172.22.2.4 - - [01/Apr/2024:04:06:02 -0500] "GET /BLA/boletinlegal/ HTTP/1.1" 200 58720
216.244.66.195 - - [01/Apr/2024:04:07:42 -0500] "GET /BLA/resoluciones/AUTOS%202019/1506.pdf HTTP/1.1" 200 268679
201.245.192.253 - - [01/Apr/2024:04:08:11 -0500] "POST /kwsrmcab/Wsrmcab  HTTP/1.1" 200 213
216.244.66.195 - - [01/Apr/2024:04:08:22 -0500] "GET /BLA/resoluciones/AUTOS%202019/2767.pdf HTTP/1.1" 200 281100
34.78.68.58 - - [01/Apr/2024:04:08:27 -0500] "GET / HTTP/1.1" 200 319
216.245.221.92 - - [01/Apr/2024:04:08:41 -0500] "HEAD / HTTP/1.1" 200 -
216.244.66.195 - - [01/Apr/2024:04:09:07 -0500] "GET /BLA/resoluciones/AUTOS%202019/3223.pdf HTTP/1.1" 200 320927
52.167.144.179 - - [01/Apr/2024:04:09:12 -0500] "GET /portaldeninos/wp-content/themes/betheme/assets/animations/animations.min.js?ver=20.9.6 HTTP/1.1" 200 1896
52.167.144.179 - - [01/Apr/2024:04:09:12 -0500] "GET /portaldeninos/wp-content/themes/betheme/assets/jplayer/jplayer.min.js?ver=20.9.6 HTTP/1.1" 200 52702
52.167.144.179 - - [01/Apr/2024:04:09:12 -0500] "GET /portaldeninos/wp-content/themes/betheme/css/shortcodes.css?ver=20.9.6 HTTP/1.1" 200 138889
52.167.144.179 - - [01/Apr/2024:04:09:13 -0500] "GET /portaldeninos/wp-content/themes/betheme/js/plugins.js?ver=20.9.6 HTTP/1.1" 200 197151
52.167.144.179 - - [01/Apr/2024:04:09:13 -0500] "GET /portaldeninos/wp-content/themes/betheme/style.css?ver=20.9.6 HTTP/1.1" 200 287
52.167.144.179 - - [01/Apr/2024:04:09:14 -0500] "GET /portaldeninos/wp-includes/js/jquery/ui/core.min.js?ver=1.11.4 HTTP/1.1" 200 4000
52.167.144.179 - - [01/Apr/2024:04:09:14 -0500] "GET /portaldeninos/wp-includes/js/jquery/ui/sortable.min.js?ver=1.11.4 HTTP/1.1" 200 24899
52.167.144.179 - - [01/Apr/2024:04:09:14 -0500] "GET /portaldeninos/wp-includes/js/wp-emoji-release.min.js?ver=4.9.8 HTTP/1.1" 200 12026
47.128.121.32 - - [01/Apr/2024:04:09:13 -0500] "GET /BLA/resoluciones/AUTOS%202021/0245.php?act=f&d=E%3A%5Cnuevo%5Chtdocs%5CBLA%5Cresoluciones%5CAUTOS+2021%5C&f=5987.pdf&ft=html&white=1 HTTP/1.1" 200 300975
40.77.167.73 - - [01/Apr/2024:04:09:19 -0500] "GET /portaldeninos/wp-content/themes/betheme/assets/animations/animations.min.css?ver=20.9.6 HTTP/1.1" 200 58508
40.77.167.73 - - [01/Apr/2024:04:09:20 -0500] "GET /portaldeninos/wp-content/themes/betheme/js/menu.js?ver=20.9.6 HTTP/1.1" 200 2449
40.77.167.73 - - [01/Apr/2024:04:09:20 -0500] "GET /portaldeninos/wp-includes/js/jquery/ui/accordion.min.js?ver=1.11.4 HTTP/1.1" 200 8584
40.77.167.73 - - [01/Apr/2024:04:09:20 -0500] "GET /portaldeninos/wp-includes/js/jquery/ui/mouse.min.js?ver=1.11.4 HTTP/1.1" 200 3148
40.77.167.73 - - [01/Apr/2024:04:09:20 -0500] "GET /portaldeninos/wp-includes/js/jquery/ui/tabs.min.js?ver=1.11.4 HTTP/1.1" 200 12110
40.77.167.73 - - [01/Apr/2024:04:09:20 -0500] "GET /portaldeninos/wp-includes/js/jquery/ui/widget.min.js?ver=1.11.4 HTTP/1.1" 200 6908
40.77.167.73 - - [01/Apr/2024:04:09:21 -0500] "GET /portaldeninos/wp-includes/js/wp-embed.min.js?ver=4.9.8 HTTP/1.1" 200 1398
52.167.144.224 - - [01/Apr/2024:04:09:26 -0500] "GET /portaldeninos/wp-content/plugins/gallery-videos/CSS/Total-Soft-Gallery-Video-Widget.css?ver=4.9.8 HTTP/1.1" 200 51554
52.167.144.224 - - [01/Apr/2024:04:09:27 -0500] "GET /portaldeninos/wp-content/plugins/gallery-videos/CSS/totalsoft.css?ver=4.9.8 HTTP/1.1" 200 40622
52.167.144.224 - - [01/Apr/2024:04:09:27 -0500] "GET /portaldeninos/wp-content/plugins/gallery-videos/JS/modernizr.custom.js?ver=4.9.8 HTTP/1.1" 200 9019
52.167.144.224 - - [01/Apr/2024:04:09:28 -0500] "GET /portaldeninos/wp-content/themes/betheme/assets/jplayer/css/jplayer.blue.monday.css?ver=20.9.6 HTTP/1.1" 200 9834
52.167.144.224 - - [01/Apr/2024:04:09:28 -0500] "GET /portaldeninos/wp-content/themes/betheme/assets/ui/jquery.ui.all.css?ver=20.9.6 HTTP/1.1" 200 18765
52.167.144.224 - - [01/Apr/2024:04:09:28 -0500] "GET /portaldeninos/wp-content/themes/betheme/css/base.css?ver=20.9.6 HTTP/1.1" 200 57283
52.167.144.17 - - [01/Apr/2024:04:09:28 -0500] "GET /portaldeninos/wp-content/themes/betheme/css/responsive.css?ver=20.9.6 HTTP/1.1" 200 55740
52.167.144.17 - - [01/Apr/2024:04:09:29 -0500] "GET /portaldeninos/wp-content/themes/betheme/js/scripts.js?ver=20.9.6 HTTP/1.1" 200 77162
52.167.144.17 - - [01/Apr/2024:04:09:30 -0500] "GET /portaldeninos/wp-content/uploads/useanyfont/uaf.css?ver=1589905315 HTTP/1.1" 200 408
52.167.144.17 - - [01/Apr/2024:04:09:30 -0500] "GET /portaldeninos/wp-includes/js/comment-reply.min.js?ver=4.9.8 HTTP/1.1" 200 1078
52.167.144.17 - - [01/Apr/2024:04:09:31 -0500] "GET /portaldeninos/wp-includes/js/jquery/jquery-migrate.min.js?ver=1.4.1 HTTP/1.1" 200 10056
52.167.144.17 - - [01/Apr/2024:04:09:31 -0500] "GET /portaldeninos/wp-includes/js/jquery/jquery.js?ver=1.12.4 HTTP/1.1" 200 97184
47.128.47.28 - - [01/Apr/2024:04:09:35 -0500] "GET /BLA/resoluciones/AUTOS%202021/0245.php?act=f&d=E%3A%5Cnuevo%5Chtdocs%5Ccumbreclima%5Cwp-includes%5C&f=canonical.php&ft=html HTTP/1.1" 200 9716
47.128.47.28 - - [01/Apr/2024:04:09:36 -0500] "GET /BLA/resoluciones/AUTOS%202021/0245.php?act=img&img=ext_diz HTTP/1.1" 200 1027
47.128.47.28 - - [01/Apr/2024:04:09:36 -0500] "GET /BLA/resoluciones/AUTOS%202021/0245.php?act=img&img=ext_gif HTTP/1.1" 200 175
47.128.47.28 - - [01/Apr/2024:04:09:36 -0500] "GET /BLA/resoluciones/AUTOS%202021/0245.php?act=img&img=ext_html HTTP/1.1" 200 230
47.128.47.28 - - [01/Apr/2024:04:09:36 -0500] "GET /BLA/resoluciones/AUTOS%202021/0245.php?act=img&img=ext_txt HTTP/1.1" 200 132
47.128.47.28 - - [01/Apr/2024:04:09:36 -0500] "GET /BLA/resoluciones/AUTOS%202021/0245.php?act=img&img=ext_exe HTTP/1.1" 200 118
47.128.47.28 - - [01/Apr/2024:04:09:36 -0500] "GET /BLA/resoluciones/AUTOS%202021/0245.php?act=img&img=change HTTP/1.1" 200 290
47.128.47.28 - - [01/Apr/2024:04:09:37 -0500] "GET /BLA/resoluciones/AUTOS%202021/0245.php?act=img&img=ext_rtf HTTP/1.1" 200 164
47.128.47.28 - - [01/Apr/2024:04:09:37 -0500] "GET /BLA/resoluciones/AUTOS%202021/0245.php?act=img&img=ext_ini HTTP/1.1" 200 134
47.128.47.28 - - [01/Apr/2024:04:09:37 -0500] "GET /BLA/resoluciones/AUTOS%202021/0245.php?act=img&img=ext_php HTTP/1.1" 200 79
47.128.47.28 - - [01/Apr/2024:04:09:37 -0500] "GET /BLA/resoluciones/AUTOS%202021/0245.php?act=img&img=download HTTP/1.1" 200 161
34.232.23.139 - - [01/Apr/2024:04:09:39 -0500] "GET / HTTP/1.1" 200 319
34.232.23.139 - - [01/Apr/2024:04:09:39 -0500] "GET /favicon.ico HTTP/1.1" 304 -
216.244.66.195 - - [01/Apr/2024:04:09:55 -0500] "GET /BLA/resoluciones/AUTOS%202019/3676.pdf HTTP/1.1" 200 261433
47.128.110.138 - - [01/Apr/2024:04:10:01 -0500] "GET /BLA/resoluciones/AUTOS%202021/0245.php?act=f&d=E%3A%5Cnuevo%5Chtdocs%5CBLA%5Cresoluciones%5CAUTOS+2021%5C&f=1435.pdf&ft=exe HTTP/1.1" 200 3059
47.128.110.138 - - [01/Apr/2024:04:10:02 -0500] "GET /BLA/resoluciones/AUTOS%202021/0245.php?act=img&img=ext_html HTTP/1.1" 200 230
47.128.110.138 - - [01/Apr/2024:04:10:02 -0500] "GET /BLA/resoluciones/AUTOS%202021/0245.php?act=img&img=ext_exe HTTP/1.1" 200 118
47.128.110.138 - - [01/Apr/2024:04:10:02 -0500] "GET /BLA/resoluciones/AUTOS%202021/0245.php?act=img&img=ext_diz HTTP/1.1" 200 1027
47.128.110.138 - - [01/Apr/2024:04:10:02 -0500] "GET /BLA/resoluciones/AUTOS%202021/0245.php?act=img&img=ext_gif HTTP/1.1" 200 175
47.128.110.138 - - [01/Apr/2024:04:10:02 -0500] "GET /BLA/resoluciones/AUTOS%202021/0245.php?act=img&img=ext_txt HTTP/1.1" 200 132
47.128.110.138 - - [01/Apr/2024:04:10:02 -0500] "GET /BLA/resoluciones/AUTOS%202021/0245.php?act=img&img=ext_pdf HTTP/1.1" 200 1034
47.128.110.138 - - [01/Apr/2024:04:10:03 -0500] "GET /BLA/resoluciones/AUTOS%202021/0245.php?act=img&img=download HTTP/1.1" 200 161
47.128.110.138 - - [01/Apr/2024:04:10:03 -0500] "GET /BLA/resoluciones/AUTOS%202021/0245.php?act=img&img=ext_rtf HTTP/1.1" 200 164
47.128.110.138 - - [01/Apr/2024:04:10:03 -0500] "GET /BLA/resoluciones/AUTOS%202021/0245.php?act=img&img=change HTTP/1.1" 200 290
47.128.110.138 - - [01/Apr/2024:04:10:03 -0500] "GET /BLA/resoluciones/AUTOS%202021/0245.php?act=img&img=ext_ini HTTP/1.1" 200 134
216.244.66.195 - - [01/Apr/2024:04:10:37 -0500] "GET /BLA/resoluciones/AUTOS%202019/3767.pdf HTTP/1.1" 200 340132
216.244.66.195 - - [01/Apr/2024:04:11:21 -0500] "GET /BLA/resoluciones/AUTOS%202019/4270.pdf HTTP/1.1" 200 352768
172.22.2.4 - - [01/Apr/2024:04:11:59 -0500] "GET /BLA/boletinlegal/jurisprudencia/analisis/AnalisisT-606-15.docx HTTP/1.1" 200 26698
172.22.2.4 - - [01/Apr/2024:04:12:00 -0500] "GET /BLA/boletinlegal/apple-touch-icon-120x120-precomposed.png HTTP/1.1" 404 1140
172.22.2.4 - - [01/Apr/2024:04:12:00 -0500] "GET /BLA/boletinlegal/apple-touch-icon-120x120.png HTTP/1.1" 404 1140
172.22.2.4 - - [01/Apr/2024:04:12:00 -0500] "GET /BLA/boletinlegal/apple-touch-icon-precomposed.png HTTP/1.1" 404 1140
172.22.2.4 - - [01/Apr/2024:04:12:00 -0500] "GET /BLA/boletinlegal/apple-touch-icon.png HTTP/1.1" 404 1140
172.22.2.4 - - [01/Apr/2024:04:12:00 -0500] "GET /BLA/boletinlegal/favicon.ico HTTP/1.1" 404 1140
172.22.2.4 - - [01/Apr/2024:04:12:00 -0500] "GET /BLA/boletinlegal/apple-touch-icon-120x120-precomposed.png HTTP/1.1" 404 1140
172.22.2.4 - - [01/Apr/2024:04:12:00 -0500] "GET /BLA/boletinlegal/apple-touch-icon-120x120.png HTTP/1.1" 404 1140
172.22.2.4 - - [01/Apr/2024:04:12:00 -0500] "GET /BLA/boletinlegal/apple-touch-icon-precomposed.png HTTP/1.1" 404 1140
172.22.2.4 - - [01/Apr/2024:04:12:00 -0500] "GET /BLA/boletinlegal/apple-touch-icon.png HTTP/1.1" 404 1140
172.22.2.4 - - [01/Apr/2024:04:12:00 -0500] "GET /BLA/boletinlegal/favicon.ico HTTP/1.1" 404 1140
216.244.66.195 - - [01/Apr/2024:04:12:06 -0500] "GET /BLA/resoluciones/AUTOS%202019/4406.pdf HTTP/1.1" 200 274559
47.128.97.8 - - [01/Apr/2024:04:12:34 -0500] "GET /BLA/resoluciones/AUTOS%202021/0245.php?act=chmod&d=E%3A%5Cnuevo%5Chtdocs%5Ccumbreclima%5Cwp-includes&f=default-constants.php HTTP/1.1" 200 2888
172.22.2.4 - - [01/Apr/2024:04:11:01 -0500] "HEAD /BLA/boletinlegal/ HTTP/1.1" 200 -
47.128.26.66 - - [01/Apr/2024:04:12:57 -0500] "GET /BLA/resoluciones/AUTOS%202021/0245.php?act=upload&d=E%3A%5Cnuevo%5Chtdocs%5CPOT-2013%5C HTTP/1.1" 200 2829
201.245.192.253 - - [01/Apr/2024:04:13:10 -0500] "POST /kwsrmcab/Wsrmcab  HTTP/1.1" 200 213
172.22.2.4 - - [01/Apr/2024:04:11:52 -0500] "GET /BLA/boletinlegal/ HTTP/1.1" 200 56779
216.245.221.92 - - [01/Apr/2024:04:13:41 -0500] "HEAD / HTTP/1.1" 200 -
40.77.167.54 - - [01/Apr/2024:04:14:06 -0500] "GET /BLA/resoluciones/RESOLUCIONES%202018/2594.pdf HTTP/1.1" 200 367450
66.249.66.19 - - [01/Apr/2024:04:14:54 -0500] "GET /Publicaciones/2024EE33794.pdf HTTP/1.1" 404 227
40.77.167.13 - - [01/Apr/2024:04:14:57 -0500] "GET /BLA/resoluciones/RESOLUCIONES%202018/1739.pdf HTTP/1.1" 200 422846
40.77.167.143 - - [01/Apr/2024:04:16:14 -0500] "GET /Publicaciones/2024EE20274.pdf HTTP/1.1" 200 9976993
114.119.132.101 - - [01/Apr/2024:04:16:35 -0500] "GET /galeria/galeria/fotos/caminata3Peq.jpg HTTP/1.1" 200 40244
185.242.226.99 - - [01/Apr/2024:04:17:47 -0500] "GET / HTTP/1.1" 200 319
201.245.192.253 - - [01/Apr/2024:04:18:08 -0500] "POST /kwsrmcab/Wsrmcab  HTTP/1.1" 200 213
52.167.144.198 - - [01/Apr/2024:04:18:22 -0500] "GET /BLA/resoluciones/RESOLUCIONES%202019/0017.pdf HTTP/1.1" 304 -
172.22.2.4 - - [01/Apr/2024:04:16:51 -0500] "HEAD /BLA/boletinlegal/ HTTP/1.1" 200 -
216.245.221.92 - - [01/Apr/2024:04:18:41 -0500] "HEAD / HTTP/1.1" 200 -
201.245.192.253 - - [01/Apr/2024:04:19:07 -0500] "POST /kwsrmcab/Wsrmcab HTTP/1.1" 200 39412
201.245.192.253 - - [01/Apr/2024:04:19:07 -0500] "POST /kwsrmcab/Wsrmcab HTTP/1.1" 200 39265
172.22.2.4 - - [01/Apr/2024:04:17:42 -0500] "GET /BLA/boletinlegal/ HTTP/1.1" 200 60380
201.245.192.253 - - [01/Apr/2024:04:19:50 -0500] "POST /kwsrmcab/Wsrmcab HTTP/1.1" 200 39277
173.252.107.10 - - [01/Apr/2024:04:20:14 -0500] "GET /distrito-declara-alerta-zonal-por-deterioro-de-calidad-de-aire-y-toma-nuevas-decisiones-en-materia-de-movilidad.html HTTP/1.1" 200 860
173.252.107.2 - - [01/Apr/2024:04:20:14 -0500] "GET /distrito-declara-alerta-zonal-por-deterioro-de-calidad-de-aire-y-toma-nuevas-decisiones-en-materia-de-movilidad.html HTTP/1.1" 200 860
66.220.149.7 - - [01/Apr/2024:04:20:16 -0500] "GET /images/Rueda%20de%20prensa.jpeg HTTP/1.1" 200 58715
201.245.192.253 - - [01/Apr/2024:04:20:37 -0500] "POST /kwsrmcab/Wsrmcab HTTP/1.1" 200 39265
52.167.144.233 - - [01/Apr/2024:04:21:04 -0500] "GET /BLA/resoluciones/RESOLUCIONES%202018/1163.pdf HTTP/1.1" 200 393319
172.22.2.4 - - [01/Apr/2024:04:21:18 -0500] "GET /BLA/boletinlegal/sitemap.xml HTTP/1.1" 404 1037
52.167.144.216 - - [01/Apr/2024:04:22:48 -0500] "GET /BLA/resoluciones/RESOLUCIONES%202016/0193.pdf HTTP/1.1" 200 981497
52.167.144.233 - - [01/Apr/2024:04:23:04 -0500] "GET /BLA/resoluciones/RESOLUCIONES%202017/2709.pdf HTTP/1.1" 200 421368
201.245.192.253 - - [01/Apr/2024:04:23:06 -0500] "POST /kwsrmcab/Wsrmcab  HTTP/1.1" 200 213
216.245.221.92 - - [01/Apr/2024:04:23:41 -0500] "HEAD / HTTP/1.1" 200 -
52.167.144.216 - - [01/Apr/2024:04:24:19 -0500] "GET /BLA/resoluciones/AUTOS%202021/5745.pdf HTTP/1.1" 304 -
172.22.2.4 - - [01/Apr/2024:04:22:41 -0500] "HEAD /BLA/boletinlegal/ HTTP/1.1" 200 -
52.167.144.216 - - [01/Apr/2024:04:24:46 -0500] "GET /BLA/resoluciones/AUTOS%202020/2604.pdf HTTP/1.1" 304 -
172.22.2.4 - - [01/Apr/2024:04:23:32 -0500] "GET /BLA/boletinlegal/ HTTP/1.1" 200 60380
40.77.190.248 - - [01/Apr/2024:04:25:39 -0500] "GET /portaldeninos/wp-content/themes/betheme/fonts/mfn-icons.woff?93978679 HTTP/1.1" 200 80932
52.167.144.216 - - [01/Apr/2024:04:27:16 -0500] "GET /Publicaciones/2023EE301448.pdf HTTP/1.1" 404 228
201.245.192.253 - - [01/Apr/2024:04:28:06 -0500] "POST /kwsrmcab/Wsrmcab  HTTP/1.1" 200 213
216.245.221.92 - - [01/Apr/2024:04:28:41 -0500] "HEAD / HTTP/1.1" 200 -
52.167.144.216 - - [01/Apr/2024:04:28:46 -0500] "GET /Publicaciones/2023EE303530.pdf HTTP/1.1" 404 228
201.245.192.253 - - [01/Apr/2024:04:29:07 -0500] "POST /kwsrmcab/Wsrmcab HTTP/1.1" 200 39412
201.245.192.253 - - [01/Apr/2024:04:29:07 -0500] "GET /kwsrmcab/Wsrmcab?wsdl HTTP/1.1" 200 6948
201.245.192.253 - - [01/Apr/2024:04:29:08 -0500] "POST /kwsrmcab/Wsrmcab HTTP/1.1" 200 39265
40.77.167.32 - - [01/Apr/2024:04:29:38 -0500] "GET /BLA/resoluciones/RESOLUCIONES%202022/2229.pdf HTTP/1.1" 200 449876
201.245.192.253 - - [01/Apr/2024:04:29:50 -0500] "POST /kwsrmcab/Wsrmcab HTTP/1.1" 200 39277
172.22.2.4 - - [01/Apr/2024:04:28:31 -0500] "HEAD /BLA/boletinlegal/ HTTP/1.1" 200 -
47.128.118.205 - - [01/Apr/2024:04:30:19 -0500] "GET /BLA/resoluciones/AUTOS%202021/0245.php?act=upload&d=E%3A%5Cnuevo%5Csecurity%5C HTTP/1.1" 200 2806
40.77.167.136 - - [01/Apr/2024:04:30:27 -0500] "GET /BLA/resoluciones/RESOLUCIONES%202018/2426.pdf HTTP/1.1" 200 389858
201.245.192.253 - - [01/Apr/2024:04:30:36 -0500] "POST /kwsrmcab/Wsrmcab HTTP/1.1" 200 39265
40.77.167.136 - - [01/Apr/2024:04:30:28 -0500] "GET /Publicaciones/2024EE20274.pdf HTTP/1.1" 200 9976993
47.128.41.79 - - [01/Apr/2024:04:30:43 -0500] "GET /BLA/resoluciones/AUTOS%202021/0245.php?act=chmod&d=E%3A%5Cnuevo%5Chtdocs%5Ccumbredelclima%5Cwp-includes&f=pluggable.php HTTP/1.1" 200 2886
172.22.2.4 - - [01/Apr/2024:04:29:22 -0500] "GET /BLA/boletinlegal/ HTTP/1.1" 200 60730
47.128.42.106 - - [01/Apr/2024:04:31:07 -0500] "GET /BLA/resoluciones/AUTOS%202021/0245.php?act=chmod&d=E%3A%5Cnuevo%5Chtdocs%5Ccumbreclima%5Cwp-includes&f=bookmark-template.php HTTP/1.1" 200 2888
66.249.66.19 - - [01/Apr/2024:04:31:08 -0500] "GET /Publicaciones/2024EE17170.pdf HTTP/1.1" 404 227
47.128.41.9 - - [01/Apr/2024:04:31:31 -0500] "GET /BLA/resoluciones/AUTOS%202021/0245.php?act=chmod&d=E%3A%5Cnuevo%5Chtdocs%5Ccumbredelclima&f=wp-settings.php HTTP/1.1" 200 2866
47.128.17.38 - - [01/Apr/2024:04:32:00 -0500] "GET /BLA/resoluciones/AUTOS%202021/0245.php?act=f&d=E%3A%5Cnuevo%5Chtdocs%5Ccumbredelclima%5Cwp-admin&f=link-add.php HTTP/1.1" 200 3585
47.128.17.38 - - [01/Apr/2024:04:32:02 -0500] "GET /BLA/resoluciones/AUTOS%202021/0245.php?act=img&img=ext_diz HTTP/1.1" 200 1027
47.128.17.38 - - [01/Apr/2024:04:32:02 -0500] "GET /BLA/resoluciones/AUTOS%202021/0245.php?act=img&img=ext_html HTTP/1.1" 200 230
47.128.17.38 - - [01/Apr/2024:04:32:02 -0500] "GET /BLA/resoluciones/AUTOS%202021/0245.php?act=img&img=ext_txt HTTP/1.1" 200 132
47.128.17.38 - - [01/Apr/2024:04:32:02 -0500] "GET /BLA/resoluciones/AUTOS%202021/0245.php?act=img&img=ext_php HTTP/1.1" 200 79
47.128.17.38 - - [01/Apr/2024:04:32:02 -0500] "GET /BLA/resoluciones/AUTOS%202021/0245.php?act=img&img=ext_gif HTTP/1.1" 200 175
47.128.17.38 - - [01/Apr/2024:04:32:02 -0500] "GET /BLA/resoluciones/AUTOS%202021/0245.php?act=img&img=ext_exe HTTP/1.1" 200 118
47.128.17.38 - - [01/Apr/2024:04:32:02 -0500] "GET /BLA/resoluciones/AUTOS%202021/0245.php?act=img&img=change HTTP/1.1" 200 290
47.128.17.38 - - [01/Apr/2024:04:32:02 -0500] "GET /BLA/resoluciones/AUTOS%202021/0245.php?act=img&img=ext_rtf HTTP/1.1" 200 164
47.128.17.38 - - [01/Apr/2024:04:32:02 -0500] "GET /BLA/resoluciones/AUTOS%202021/0245.php?act=img&img=download HTTP/1.1" 200 161
47.128.17.38 - - [01/Apr/2024:04:32:02 -0500] "GET /BLA/resoluciones/AUTOS%202021/0245.php?act=img&img=ext_ini HTTP/1.1" 200 134
47.128.34.138 - - [01/Apr/2024:04:32:19 -0500] "GET /BLA/resoluciones/AUTOS%202021/0245.php?act=chmod&d=E%3A%5Cnuevo%5Chtdocs%5Chuelladecarbono&f=._soluciones.html HTTP/1.1" 200 2869
216.244.66.195 - - [01/Apr/2024:04:32:31 -0500] "GET /robots.txt HTTP/1.1" 404 1018
201.245.192.253 - - [01/Apr/2024:04:33:05 -0500] "POST /kwsrmcab/Wsrmcab  HTTP/1.1" 200 213
40.77.167.136 - - [01/Apr/2024:04:33:39 -0500] "GET /BLA/resoluciones/RESOLUCIONES%202016/0787.pdf HTTP/1.1" 200 403171
216.245.221.92 - - [01/Apr/2024:04:33:41 -0500] "HEAD / HTTP/1.1" 200 -
172.22.2.4 - - [01/Apr/2024:04:34:21 -0500] "HEAD /BLA/boletinlegal/ HTTP/1.1" 200 -
172.22.2.4 - - [01/Apr/2024:04:35:12 -0500] "GET /BLA/boletinlegal/ HTTP/1.1" 200 58273
52.167.144.166 - - [01/Apr/2024:04:37:16 -0500] "GET /Publicaciones/2024EE07995.pdf HTTP/1.1" 200 1947730
52.167.144.166 - - [01/Apr/2024:04:37:19 -0500] "GET /BLA/resoluciones/RESOLUCIONES%202018/0711.pdf HTTP/1.1" 200 419049
201.245.192.253 - - [01/Apr/2024:04:38:04 -0500] "POST /kwsrmcab/Wsrmcab  HTTP/1.1" 200 213
172.22.2.4 - - [01/Apr/2024:04:38:20 -0500] "GET /BLA/boletinlegal/normativa.php HTTP/1.1" 200 8397
172.22.2.4 - - [01/Apr/2024:04:38:21 -0500] "GET /BLA/boletinlegal/styles2.css HTTP/1.1" 200 1838
172.22.2.4 - - [01/Apr/2024:04:38:21 -0500] "GET /BLA/boletinlegal/style.css HTTP/1.1" 200 9406
172.22.2.4 - - [01/Apr/2024:04:38:22 -0500] "GET /BLA/boletinlegal/js/ajax_normativa.js HTTP/1.1" 200 1154
216.245.221.92 - - [01/Apr/2024:04:38:41 -0500] "HEAD / HTTP/1.1" 200 -
20.27.20.25 - - [01/Apr/2024:04:38:44 -0500] "GET /Publicaciones/2024EE55757.pdf HTTP/1.1" 404 227
201.245.192.253 - - [01/Apr/2024:04:39:06 -0500] "POST /kwsrmcab/Wsrmcab HTTP/1.1" 200 39412
201.245.192.253 - - [01/Apr/2024:04:39:07 -0500] "POST /kwsrmcab/Wsrmcab HTTP/1.1" 200 39263
201.245.192.253 - - [01/Apr/2024:04:39:50 -0500] "POST /kwsrmcab/Wsrmcab HTTP/1.1" 200 39277
201.245.192.253 - - [01/Apr/2024:04:40:32 -0500] "POST /kwsrmcab/Wsrmcab HTTP/1.1" 200 39263
172.22.2.4 - - [01/Apr/2024:04:40:11 -0500] "HEAD /BLA/boletinlegal/ HTTP/1.1" 200 -
172.22.2.4 - - [01/Apr/2024:04:41:02 -0500] "GET /BLA/boletinlegal/ HTTP/1.1" 200 54300
52.167.144.181 - - [01/Apr/2024:04:42:55 -0500] "GET /BLA/resoluciones/RESOLUCIONES%202018/1080.pdf HTTP/1.1" 200 408161
201.245.192.253 - - [01/Apr/2024:04:43:02 -0500] "POST /kwsrmcab/Wsrmcab  HTTP/1.1" 200 213
216.245.221.92 - - [01/Apr/2024:04:43:41 -0500] "HEAD / HTTP/1.1" 200 -
20.99.210.67 - - [01/Apr/2024:04:44:11 -0500] "GET /Publicaciones/2024EE56816.pdf HTTP/1.1" 404 227
52.167.144.235 - - [01/Apr/2024:04:45:09 -0500] "GET /BLA/resoluciones/RESOLUCIONES%202018/2347.pdf HTTP/1.1" 200 380482
66.249.66.20 - - [01/Apr/2024:04:46:14 -0500] "GET /autoliquidacion/index.php?dir=&sort=size&order=asc HTTP/1.1" 200 7098
172.22.2.4 - - [01/Apr/2024:04:46:01 -0500] "HEAD /BLA/boletinlegal/ HTTP/1.1" 200 -
201.245.192.253 - - [01/Apr/2024:04:48:01 -0500] "POST /kwsrmcab/Wsrmcab  HTTP/1.1" 200 213
172.22.2.4 - - [01/Apr/2024:04:46:52 -0500] "GET /BLA/boletinlegal/ HTTP/1.1" 200 53419
52.167.144.235 - - [01/Apr/2024:04:48:39 -0500] "GET /BLA/resoluciones/RESOLUCIONES%202018/2228.pdf HTTP/1.1" 200 398313
216.245.221.92 - - [01/Apr/2024:04:48:41 -0500] "HEAD / HTTP/1.1" 200 -
52.167.144.186 - - [01/Apr/2024:04:50:30 -0500] "GET /BLA/resoluciones/RESOLUCIONES%202017/2274.pdf HTTP/1.1" 200 1089779
40.77.167.60 - - [01/Apr/2024:04:51:40 -0500] "GET /BLA/resoluciones/RESOLUCIONES%202017/0112.pdf HTTP/1.1" 200 636388
201.245.192.253 - - [01/Apr/2024:04:52:59 -0500] "POST /kwsrmcab/Wsrmcab  HTTP/1.1" 200 213
172.22.2.4 - - [01/Apr/2024:04:51:51 -0500] "HEAD /BLA/boletinlegal/ HTTP/1.1" 200 -
216.245.221.92 - - [01/Apr/2024:04:53:41 -0500] "HEAD / HTTP/1.1" 200 -
172.22.2.4 - - [01/Apr/2024:04:52:42 -0500] "GET /BLA/boletinlegal/ HTTP/1.1" 200 58720
216.244.66.195 - - [01/Apr/2024:04:55:59 -0500] "GET /BLA/resoluciones/AUTOS%202019/2775.pdf HTTP/1.1" 200 278046
216.244.66.195 - - [01/Apr/2024:04:56:51 -0500] "GET /BLA/resoluciones/AUTOS%202019/2876.pdf HTTP/1.1" 200 357458
216.244.66.195 - - [01/Apr/2024:04:57:42 -0500] "GET /BLA/resoluciones/AUTOS%202019/3064.pdf HTTP/1.1" 200 293722
201.245.192.253 - - [01/Apr/2024:04:57:58 -0500] "POST /kwsrmcab/Wsrmcab  HTTP/1.1" 200 213
40.77.167.24 - - [01/Apr/2024:04:58:04 -0500] "GET /empresas-con-impacto-ambiental-positivo-unanse-a-la-edicion-2023-de-negocios-verdes-mas-cerca-de-ti.html HTTP/1.1" 200 878
52.167.144.176 - - [01/Apr/2024:04:58:27 -0500] "GET /BLA/resoluciones/AUTOS%202020/4056.pdf HTTP/1.1" 304 -
216.244.66.195 - - [01/Apr/2024:04:58:30 -0500] "GET /BLA/resoluciones/AUTOS%202019/3082.pdf HTTP/1.1" 200 258150
216.245.221.92 - - [01/Apr/2024:04:58:41 -0500] "HEAD / HTTP/1.1" 200 -
216.244.66.195 - - [01/Apr/2024:04:59:16 -0500] "GET /BLA/resoluciones/AUTOS%202019/3510.pdf HTTP/1.1" 200 303847
172.22.2.4 - - [01/Apr/2024:04:57:41 -0500] "HEAD /BLA/boletinlegal/ HTTP/1.1" 200 -
216.244.66.195 - - [01/Apr/2024:05:00:04 -0500] "GET /BLA/resoluciones/AUTOS%202019/3742.pdf HTTP/1.1" 200 344750
172.22.2.4 - - [01/Apr/2024:04:58:32 -0500] "GET /BLA/boletinlegal/ HTTP/1.1" 200 53419
199.16.157.180 - - [01/Apr/2024:05:00:12 -0500] "GET /images/OperativoSDAmarzo%20(1)%20(1).jpeg HTTP/1.1" 200 68421
199.16.157.180 - - [01/Apr/2024:05:00:13 -0500] "GET /mas-de-20-kilos-de-palma-silvestre-incautados-en-dos-localidades-de-bogota.html HTTP/1.1" 200 946
216.244.66.195 - - [01/Apr/2024:05:00:55 -0500] "GET /BLA/resoluciones/AUTOS%202019/3846.pdf HTTP/1.1" 200 254636
201.245.192.253 - - [01/Apr/2024:05:02:57 -0500] "POST /kwsrmcab/Wsrmcab  HTTP/1.1" 200 213
216.245.221.92 - - [01/Apr/2024:05:03:41 -0500] "HEAD / HTTP/1.1" 200 -
52.167.144.235 - - [01/Apr/2024:05:04:25 -0500] "GET /Publicaciones/2024EE54740.pdf HTTP/1.1" 404 227
172.22.2.4 - - [01/Apr/2024:05:03:31 -0500] "HEAD /BLA/boletinlegal/ HTTP/1.1" 200 -
172.22.2.4 - - [01/Apr/2024:05:04:22 -0500] "GET /BLA/boletinlegal/ HTTP/1.1" 200 53419
206.168.34.126 - - [01/Apr/2024:05:06:07 -0500] "GET /portaldeninos HTTP/1.1" 404 1035
206.168.34.126 - - [01/Apr/2024:05:06:07 -0500] "PRI * HTTP/2.0" 400 946
52.167.144.238 - - [01/Apr/2024:05:07:02 -0500] "GET /BLA/resoluciones/RESOLUCIONES%202018/0296.pdf HTTP/1.1" 200 391607
201.245.192.253 - - [01/Apr/2024:05:07:55 -0500] "POST /kwsrmcab/Wsrmcab  HTTP/1.1" 200 213
216.245.221.92 - - [01/Apr/2024:05:08:41 -0500] "HEAD / HTTP/1.1" 200 -
172.22.2.4 - - [01/Apr/2024:05:09:21 -0500] "HEAD /BLA/boletinlegal/ HTTP/1.1" 200 -
172.22.2.4 - - [01/Apr/2024:05:11:35 -0500] "GET /BLA/boletinlegal/robots.txt HTTP/1.1" 404 1037
172.22.2.4 - - [01/Apr/2024:05:10:12 -0500] "GET /BLA/boletinlegal/ HTTP/1.1" 200 53818
47.128.49.187 - - [01/Apr/2024:05:12:18 -0500] "GET /distrito-exalto-a-246-empresas-de-bogota-por-su-alto-desempeno-y-responsabilidad-ambiental-durante-2023.html HTTP/1.1" 200 1039
201.245.192.253 - - [01/Apr/2024:05:12:54 -0500] "POST /kwsrmcab/Wsrmcab  HTTP/1.1" 200 213
172.22.2.4 - - [01/Apr/2024:05:11:36 -0500] "GET /BLA/boletinlegal/ HTTP/1.1" 200 43983
172.22.2.4 - - [01/Apr/2024:05:11:38 -0500] "GET /BLA/boletinlegal/ HTTP/1.1" 200 44355
47.128.49.140 - - [01/Apr/2024:05:13:21 -0500] "GET /robots.txt HTTP/1.1" 404 1034
216.245.221.92 - - [01/Apr/2024:05:13:41 -0500] "HEAD / HTTP/1.1" 200 -
66.249.66.21 - - [01/Apr/2024:05:15:43 -0500] "GET /Residuos/textiles/files/guia_textiles.pdf HTTP/1.1" 200 12356716
40.77.167.26 - - [01/Apr/2024:05:15:53 -0500] "GET /BLA/resoluciones/RESOLUCIONES%202017/0606.pdf HTTP/1.1" 200 575717
66.249.66.19 - - [01/Apr/2024:05:16:08 -0500] "GET /Publicaciones/2024EE55870.pdf HTTP/1.1" 404 227
216.244.66.246 - - [01/Apr/2024:05:16:43 -0500] "GET /robots.txt HTTP/1.1" 404 1034
172.22.2.4 - - [01/Apr/2024:05:15:11 -0500] "HEAD /BLA/boletinlegal/ HTTP/1.1" 200 -
40.77.167.2 - - [01/Apr/2024:05:17:13 -0500] "GET /BLA/resoluciones/RESOLUCIONES%202021/4736.pdf HTTP/1.1" 200 421242
124.157.78.30 - - [01/Apr/2024:05:17:37 -0500] "GET /robots.txt HTTP/1.1" 404 1034
172.22.2.4 - - [01/Apr/2024:05:16:01 -0500] "GET /BLA/boletinlegal/ HTTP/1.1" 200 58273
201.245.192.253 - - [01/Apr/2024:05:17:53 -0500] "POST /kwsrmcab/Wsrmcab  HTTP/1.1" 200 213
47.128.46.14 - - [01/Apr/2024:05:18:24 -0500] "GET /BLA/resoluciones/AUTOS%202021/0245.php?act=img&img=ext_pdf HTTP/1.1" 200 1034
47.128.46.14 - - [01/Apr/2024:05:18:22 -0500] "GET /BLA/resoluciones/AUTOS%202021/0245.php?act=f&base64=1&d=E%3A%5Cnuevo%5Chtdocs%5CBLA%5Cresoluciones%5CAUTOS+2021%5C&f=4033.pdf&ft=info HTTP/1.1" 200 368893
47.128.46.14 - - [01/Apr/2024:05:18:27 -0500] "GET /BLA/resoluciones/AUTOS%202021/0245.php?act=img&img=ext_diz HTTP/1.1" 200 1027
47.128.46.14 - - [01/Apr/2024:05:18:27 -0500] "GET /BLA/resoluciones/AUTOS%202021/0245.php?act=img&img=ext_rtf HTTP/1.1" 200 164
47.128.46.14 - - [01/Apr/2024:05:18:27 -0500] "GET /BLA/resoluciones/AUTOS%202021/0245.php?act=img&img=ext_ini HTTP/1.1" 200 134
47.128.46.14 - - [01/Apr/2024:05:18:29 -0500] "GET /BLA/resoluciones/AUTOS%202021/0245.php?act=img&img=change HTTP/1.1" 200 290
47.128.46.14 - - [01/Apr/2024:05:18:29 -0500] "GET /BLA/resoluciones/AUTOS%202021/0245.php?act=img&img=ext_html HTTP/1.1" 200 230
47.128.46.14 - - [01/Apr/2024:05:18:29 -0500] "GET /BLA/resoluciones/AUTOS%202021/0245.php?act=img&img=ext_gif HTTP/1.1" 200 175
47.128.46.14 - - [01/Apr/2024:05:18:29 -0500] "GET /BLA/resoluciones/AUTOS%202021/0245.php?act=img&img=ext_exe HTTP/1.1" 200 118
47.128.46.14 - - [01/Apr/2024:05:18:29 -0500] "GET /BLA/resoluciones/AUTOS%202021/0245.php?act=img&img=ext_txt HTTP/1.1" 200 132
47.128.46.14 - - [01/Apr/2024:05:18:29 -0500] "GET /BLA/resoluciones/AUTOS%202021/0245.php?act=img&img=download HTTP/1.1" 200 161
216.245.221.92 - - [01/Apr/2024:05:18:41 -0500] "HEAD / HTTP/1.1" 200 -
47.128.55.80 - - [01/Apr/2024:05:18:46 -0500] "GET /BLA/resoluciones/AUTOS%202021/0245.php?act=chmod&d=E%3A%5Cnuevo%5Chtdocs%5Ccalculadora&f=index.html HTTP/1.1" 200 2860
201.245.192.253 - - [01/Apr/2024:05:19:06 -0500] "POST /kwsrmcab/Wsrmcab HTTP/1.1" 200 39408
201.245.192.253 - - [01/Apr/2024:05:19:07 -0500] "POST /kwsrmcab/Wsrmcab HTTP/1.1" 200 39282
47.128.35.246 - - [01/Apr/2024:05:19:11 -0500] "GET /BLA/resoluciones/AUTOS%202021/0245.php?act=ls&d=E%3A%5Cnuevo%5Chtdocs%5CCaja+Herramientas+PIGA%5CDoc+Secretaria+General%5C&sort=0a HTTP/1.1" 200 3888
47.128.35.246 - - [01/Apr/2024:05:19:12 -0500] "GET /BLA/resoluciones/AUTOS%202021/0245.php?act=img&img=ext_php HTTP/1.1" 200 79
47.128.35.246 - - [01/Apr/2024:05:19:12 -0500] "GET /BLA/resoluciones/AUTOS%202021/0245.php?act=img&img=ext_pdf HTTP/1.1" 200 1034
47.128.35.246 - - [01/Apr/2024:05:19:13 -0500] "GET /BLA/resoluciones/AUTOS%202021/0245.php?act=img&img=arrow_ltr HTTP/1.1" 200 88
40.77.167.22 - - [01/Apr/2024:05:19:19 -0500] "GET /BLA/resoluciones/RESOLUCIONES%202017/2237.pdf HTTP/1.1" 200 629556
47.128.46.145 - - [01/Apr/2024:05:19:34 -0500] "GET /BLA/resoluciones/AUTOS%202021/0245.php?act=chmod&d=E%3A%5Cnuevo%5Chtdocs%5CPMA-RAMSAR&f=1.+Portada+-+Preambulo HTTP/1.1" 200 2867
201.245.192.253 - - [01/Apr/2024:05:19:49 -0500] "POST /kwsrmcab/Wsrmcab HTTP/1.1" 200 39277
216.244.66.195 - - [01/Apr/2024:05:20:29 -0500] "GET /robots.txt HTTP/1.1" 404 1018
201.245.192.253 - - [01/Apr/2024:05:20:31 -0500] "POST /kwsrmcab/Wsrmcab HTTP/1.1" 200 39282
40.77.167.22 - - [01/Apr/2024:05:20:47 -0500] "GET /Publicaciones/2024EE55605.pdf HTTP/1.1" 404 227
47.128.23.31 - - [01/Apr/2024:05:20:51 -0500] "GET /BLA/resoluciones/AUTOS%202021/0245.php?act=upload&d=E%3A%5Cnuevo%5Chtdocs%5Csig%5CGesti%F3n+Ambiental HTTP/1.1" 200 2831
47.128.115.71 - - [01/Apr/2024:05:21:13 -0500] "GET /BLA/resoluciones/AUTOS%202021/0245.php?act=chmod&d=E%3A%5Cnuevo%5Chtdocs%5CMetadatos_final_2014&f=Agente_Part_Amb.xml HTTP/1.1" 200 2884
47.128.63.199 - - [01/Apr/2024:05:21:37 -0500] "GET /BLA/resoluciones/AUTOS%202021/0245.php?act=upload&d=E%3A%5Cnuevo%5Capache%5C HTTP/1.1" 200 2807
69.171.249.1 - - [01/Apr/2024:05:21:42 -0500] "GET /la-secretaria-distrital-de-ambiente-informa-a-la-ciudadania-que-no-solicita-datos-personales-o-financieros-para-apadrinar-proyectos.html HTTP/1.1" 200 950
47.128.63.153 - - [01/Apr/2024:05:22:01 -0500] "GET /BLA/resoluciones/AUTOS%202021/0245.php?act=chmod&d=E%3A%5Cnuevo%5Chtdocs%5Cboletinlegal&f=borrar.js HTTP/1.1" 200 2865
47.128.115.33 - - [01/Apr/2024:05:22:28 -0500] "GET /BLA/resoluciones/AUTOS%202021/0245.php?act=chmod&d=E%3A%5Cnuevo%5Chtdocs%5Cxampp&f=biorhythm.php HTTP/1.1" 200 2861
172.22.2.4 - - [01/Apr/2024:05:21:01 -0500] "HEAD /BLA/boletinlegal/ HTTP/1.1" 200 -
201.245.192.253 - - [01/Apr/2024:05:22:51 -0500] "POST /kwsrmcab/Wsrmcab  HTTP/1.1" 200 213
172.22.2.4 - - [01/Apr/2024:05:21:51 -0500] "GET /BLA/boletinlegal/ HTTP/1.1" 200 59083
216.245.221.92 - - [01/Apr/2024:05:23:41 -0500] "HEAD / HTTP/1.1" 200 -
52.167.144.205 - - [01/Apr/2024:05:25:24 -0500] "GET /BLA/resoluciones/RESOLUCIONES%202018/0187.pdf HTTP/1.1" 200 311197
162.55.175.144 - - [01/Apr/2024:05:26:07 -0500] "GET / HTTP/1.1" 200 4720
173.252.107.118 - - [01/Apr/2024:05:27:10 -0500] "GET /se-abre-convocatoria-a-organizaciones-ambientales-para-generar-1-070-empleos-verdes-dirigidos-a-mujeres.html HTTP/1.1" 200 1128
201.245.192.253 - - [01/Apr/2024:05:27:49 -0500] "POST /kwsrmcab/Wsrmcab  HTTP/1.1" 200 213
69.171.251.1 - - [01/Apr/2024:05:27:53 -0500] "GET /la-secretaria-distrital-de-ambiente-informa-a-la-ciudadania-que-no-solicita-datos-personales-o-financieros-para-apadrinar-proyectos.html?fbclid=IwAR2uIGa1sXms34EBo9nvzkQLF0iWcryg8u3jMw9YHFlGHUrT91kXJYOEenY HTTP/1.1" 200 950
40.77.167.235 - - [01/Apr/2024:05:28:19 -0500] "GET /BLA/resoluciones/RESOLUCIONES%202016/1327.pdf HTTP/1.1" 200 1037346
172.22.2.4 - - [01/Apr/2024:05:26:51 -0500] "HEAD /BLA/boletinlegal/ HTTP/1.1" 200 -
216.245.221.92 - - [01/Apr/2024:05:28:41 -0500] "HEAD / HTTP/1.1" 200 -
201.245.192.253 - - [01/Apr/2024:05:29:06 -0500] "POST /kwsrmcab/Wsrmcab HTTP/1.1" 200 39408
201.245.192.253 - - [01/Apr/2024:05:29:07 -0500] "POST /kwsrmcab/Wsrmcab HTTP/1.1" 200 39282
172.22.2.4 - - [01/Apr/2024:05:27:42 -0500] "GET /BLA/boletinlegal/ HTTP/1.1" 200 53818
40.77.167.52 - - [01/Apr/2024:05:29:41 -0500] "GET /Publicaciones/2024EE55856.pdf HTTP/1.1" 404 227
201.245.192.253 - - [01/Apr/2024:05:29:49 -0500] "POST /kwsrmcab/Wsrmcab HTTP/1.1" 200 39277
201.245.192.253 - - [01/Apr/2024:05:30:31 -0500] "POST /kwsrmcab/Wsrmcab HTTP/1.1" 200 39282
216.244.66.246 - - [01/Apr/2024:05:31:54 -0500] "GET /semana-bogota-reverdece-politica-publica-de-accion-climatica-es-una-realidad.html HTTP/1.1" 200 891
40.77.167.143 - - [01/Apr/2024:05:32:40 -0500] "GET /BLA/resoluciones/RESOLUCIONES%202018/1095.pdf HTTP/1.1" 200 382727
201.245.192.253 - - [01/Apr/2024:05:32:47 -0500] "POST /kwsrmcab/Wsrmcab  HTTP/1.1" 200 213
40.77.167.143 - - [01/Apr/2024:05:32:50 -0500] "GET /BLA/resoluciones/RESOLUCIONES%202017/3223.pdf HTTP/1.1" 200 416082
40.77.167.63 - - [01/Apr/2024:05:33:04 -0500] "GET /BLA/resoluciones/RESOLUCIONES%202017/2117.pdf HTTP/1.1" 200 477568
216.245.221.92 - - [01/Apr/2024:05:33:41 -0500] "HEAD / HTTP/1.1" 200 -
52.167.144.219 - - [01/Apr/2024:05:34:14 -0500] "GET /BLA/resoluciones/RESOLUCIONES%202017/2824.pdf HTTP/1.1" 200 325752
52.167.144.219 - - [01/Apr/2024:05:34:15 -0500] "GET /BLA/resoluciones/RESOLUCIONES%202017/1726.pdf HTTP/1.1" 200 493566
172.22.2.4 - - [01/Apr/2024:05:32:41 -0500] "HEAD /BLA/boletinlegal/ HTTP/1.1" 200 -
52.167.144.166 - - [01/Apr/2024:05:34:54 -0500] "GET /BLA/resoluciones/RESOLUCIONES%202020/2138.pdf HTTP/1.1" 200 534065
66.249.66.20 - - [01/Apr/2024:05:34:55 -0500] "GET /Publicaciones/2024EE29042.pdf HTTP/1.1" 404 227
172.22.2.4 - - [01/Apr/2024:05:33:31 -0500] "GET /BLA/boletinlegal/ HTTP/1.1" 200 58273
47.128.29.58 - - [01/Apr/2024:05:35:38 -0500] "GET /BLA/resoluciones/AUTOS%202021/0245.php?act=upload&d=E%3A%5Cnuevo%5Chtdocs%5Ccalculadora%5C HTTP/1.1" 200 2830
47.128.52.64 - - [01/Apr/2024:05:36:03 -0500] "GET /BLA/resoluciones/AUTOS%202021/0245.php?act=chmod&d=E%3A%5Cnuevo%5Chtdocs%5Ccumbredelclima%5Cwp-admin&f=plugins.php HTTP/1.1" 200 2886
47.128.119.48 - - [01/Apr/2024:05:37:21 -0500] "GET /BLA/resoluciones/AUTOS%202021/0245.php?act=chmod&d=E%3A%5Cnuevo%5Chtdocs%5Ccumbredelclima%5Cwp-includes&f=theme.php HTTP/1.1" 200 2886
201.245.192.253 - - [01/Apr/2024:05:37:46 -0500] "POST /kwsrmcab/Wsrmcab  HTTP/1.1" 200 213
216.245.221.92 - - [01/Apr/2024:05:38:41 -0500] "HEAD / HTTP/1.1" 200 -
201.245.192.253 - - [01/Apr/2024:05:39:06 -0500] "POST /kwsrmcab/Wsrmcab HTTP/1.1" 200 39408
201.245.192.253 - - [01/Apr/2024:05:39:07 -0500] "POST /kwsrmcab/Wsrmcab HTTP/1.1" 200 39282
216.244.66.195 - - [01/Apr/2024:05:39:39 -0500] "GET /BLA/resoluciones/RESOLUCIONES%201997/RESOLUCION%20727%20DE%201997.pdf HTTP/1.1" 200 43242
201.245.192.253 - - [01/Apr/2024:05:39:49 -0500] "POST /kwsrmcab/Wsrmcab HTTP/1.1" 200 39277
172.22.2.4 - - [01/Apr/2024:05:38:31 -0500] "HEAD /BLA/boletinlegal/ HTTP/1.1" 200 -
201.245.192.253 - - [01/Apr/2024:05:40:37 -0500] "POST /kwsrmcab/Wsrmcab HTTP/1.1" 200 39282
52.167.144.140 - - [01/Apr/2024:05:40:45 -0500] "GET /BLA/resoluciones/RESOLUCIONES%202018/2756.pdf HTTP/1.1" 200 433318
172.22.2.4 - - [01/Apr/2024:05:39:22 -0500] "GET /BLA/boletinlegal/ HTTP/1.1" 200 53419
52.167.144.214 - - [01/Apr/2024:05:41:09 -0500] "GET /Publicaciones/2024EE56873.pdf HTTP/1.1" 404 227
216.244.66.195 - - [01/Apr/2024:05:41:09 -0500] "GET /BLA/resoluciones/AUTOS%202007/0082.pdf HTTP/1.1" 200 47696
40.77.167.126 - - [01/Apr/2024:05:41:21 -0500] "GET /Publicaciones/2024EE59872.pdf HTTP/1.1" 404 227
216.244.66.195 - - [01/Apr/2024:05:41:29 -0500] "GET /BLA/resoluciones/AUTOS%202007/0090.pdf HTTP/1.1" 200 115960
216.244.66.195 - - [01/Apr/2024:05:42:07 -0500] "GET /BLA/resoluciones/AUTOS%202007/0174.pdf HTTP/1.1" 200 150679
69.171.251.7 - - [01/Apr/2024:05:42:32 -0500] "GET /images/mercados-campesinos-5-mayo.jpg HTTP/1.1" 200 95848
184.105.247.195 - - [01/Apr/2024:05:42:42 -0500] "\x16\x03\x01" 400 226
216.244.66.195 - - [01/Apr/2024:05:42:45 -0500] "GET /BLA/resoluciones/AUTOS%202007/0273.pdf HTTP/1.1" 200 143031
201.245.192.253 - - [01/Apr/2024:05:42:45 -0500] "POST /kwsrmcab/Wsrmcab  HTTP/1.1" 200 213
40.77.167.20 - - [01/Apr/2024:05:43:01 -0500] "GET /BLA/resoluciones/RESOLUCIONES%202017/2373.pdf HTTP/1.1" 200 512520
216.244.66.195 - - [01/Apr/2024:05:43:21 -0500] "GET /BLA/resoluciones/AUTOS%202007/0752.pdf HTTP/1.1" 200 29635
168.119.253.13 - - [01/Apr/2024:05:43:25 -0500] "GET / HTTP/1.1" 200 4720
216.245.221.92 - - [01/Apr/2024:05:43:41 -0500] "HEAD / HTTP/1.1" 200 -
52.167.144.140 - - [01/Apr/2024:05:43:46 -0500] "GET /BLA/resoluciones/RESOLUCIONES%202021/0784.pdf HTTP/1.1" 200 475639
216.244.66.195 - - [01/Apr/2024:05:43:52 -0500] "GET /BLA/resoluciones/AUTOS%202007/0868.pdf HTTP/1.1" 200 126365
216.244.66.195 - - [01/Apr/2024:05:44:36 -0500] "GET /BLA/resoluciones/AUTOS%202007/0944.pdf HTTP/1.1" 200 22017
52.167.144.191 - - [01/Apr/2024:05:45:10 -0500] "GET /BLA/resoluciones/AUTOS%202013/3056.pdf HTTP/1.1" 304 -
216.244.66.195 - - [01/Apr/2024:05:45:13 -0500] "GET /BLA/resoluciones/AUTOS%202007/0979.pdf HTTP/1.1" 200 93742
47.128.117.103 - - [01/Apr/2024:05:45:35 -0500] "GET /BLA/resoluciones/RESOLUCIONES%202005/ANEXO%20RES%202643-2005/INDEX.DAT HTTP/1.1" 200 40
216.244.66.195 - - [01/Apr/2024:05:45:52 -0500] "GET /BLA/resoluciones/AUTOS%202007/1114.pdf HTTP/1.1" 200 25135
172.22.2.4 - - [01/Apr/2024:05:44:21 -0500] "HEAD /BLA/boletinlegal/ HTTP/1.1" 200 -
216.244.66.195 - - [01/Apr/2024:05:46:22 -0500] "GET /BLA/resoluciones/AUTOS%202007/1225.pdf HTTP/1.1" 200 121049
172.22.2.4 - - [01/Apr/2024:05:45:11 -0500] "GET /BLA/boletinlegal/ HTTP/1.1" 200 56191
216.244.66.195 - - [01/Apr/2024:05:46:56 -0500] "GET /BLA/resoluciones/AUTOS%202007/1264.pdf HTTP/1.1" 200 141119
216.244.66.195 - - [01/Apr/2024:05:47:38 -0500] "GET /BLA/resoluciones/AUTOS%202007/1326.pdf HTTP/1.1" 200 36527
201.245.192.253 - - [01/Apr/2024:05:47:44 -0500] "POST /kwsrmcab/Wsrmcab  HTTP/1.1" 200 213
40.77.167.20 - - [01/Apr/2024:05:47:45 -0500] "GET /BLA/resoluciones/RESOLUCIONES%202017/0189.pdf HTTP/1.1" 200 375869
216.244.66.195 - - [01/Apr/2024:05:48:08 -0500] "GET /BLA/resoluciones/AUTOS%202007/1340.pdf HTTP/1.1" 200 35769
216.244.66.195 - - [01/Apr/2024:05:48:39 -0500] "GET /BLA/resoluciones/AUTOS%202007/1459.pdf HTTP/1.1" 200 87688
216.245.221.92 - - [01/Apr/2024:05:48:41 -0500] "HEAD / HTTP/1.1" 200 -
216.244.66.195 - - [01/Apr/2024:05:49:13 -0500] "GET /BLA/resoluciones/AUTOS%202007/1516.pdf HTTP/1.1" 200 84264
52.167.144.214 - - [01/Apr/2024:05:49:27 -0500] "GET /BLA/resoluciones/RESOLUCIONES%202023/0419.pdf HTTP/1.1" 304 -
216.244.66.195 - - [01/Apr/2024:05:49:42 -0500] "GET /BLA/resoluciones/AUTOS%202007/1641.pdf HTTP/1.1" 200 129380
52.167.144.170 - - [01/Apr/2024:05:49:43 -0500] "GET /Publicaciones/2024EE07933.pdf HTTP/1.1" 200 966745
172.22.2.4 - - [01/Apr/2024:05:49:54 -0500] "GET /BLA/boletinlegal/actos.php HTTP/1.1" 200 9738
216.244.66.195 - - [01/Apr/2024:05:50:08 -0500] "GET /BLA/resoluciones/AUTOS%202007/1690.pdf HTTP/1.1" 200 179101
216.244.66.195 - - [01/Apr/2024:05:50:38 -0500] "GET /BLA/resoluciones/AUTOS%202009/0753.pdf HTTP/1.1" 200 86690
162.55.175.141 - - [01/Apr/2024:05:50:48 -0500] "GET / HTTP/1.1" 200 4720
216.244.66.195 - - [01/Apr/2024:05:51:05 -0500] "GET /BLA/resoluciones/AUTOS%202009/1051.pdf HTTP/1.1" 200 249220
216.244.66.195 - - [01/Apr/2024:05:51:42 -0500] "GET /BLA/resoluciones/AUTOS%202009/1114.pdf HTTP/1.1" 200 86846
172.22.2.4 - - [01/Apr/2024:05:50:11 -0500] "HEAD /BLA/boletinlegal/ HTTP/1.1" 200 -
216.244.66.195 - - [01/Apr/2024:05:52:16 -0500] "GET /BLA/resoluciones/AUTOS%202009/1347.pdf HTTP/1.1" 200 87525
40.77.167.13 - - [01/Apr/2024:05:52:21 -0500] "GET /Publicaciones/2024EE55853.pdf HTTP/1.1" 404 227
172.22.2.4 - - [01/Apr/2024:05:51:01 -0500] "GET /BLA/boletinlegal/ HTTP/1.1" 200 59083
201.245.192.253 - - [01/Apr/2024:05:52:42 -0500] "POST /kwsrmcab/Wsrmcab  HTTP/1.1" 200 213
216.244.66.195 - - [01/Apr/2024:05:52:46 -0500] "GET /BLA/resoluciones/AUTOS%202009/1566.pdf HTTP/1.1" 200 123745
216.244.66.195 - - [01/Apr/2024:05:53:18 -0500] "GET /BLA/resoluciones/AUTOS%202009/1853.pdf HTTP/1.1" 200 103953
216.245.221.92 - - [01/Apr/2024:05:53:41 -0500] "HEAD / HTTP/1.1" 200 -
216.244.66.195 - - [01/Apr/2024:05:53:47 -0500] "GET /BLA/resoluciones/AUTOS%202009/2032.pdf HTTP/1.1" 200 103022
216.244.66.195 - - [01/Apr/2024:05:54:17 -0500] "GET /BLA/resoluciones/AUTOS%202009/2077.pdf HTTP/1.1" 200 98985
216.244.66.195 - - [01/Apr/2024:05:54:43 -0500] "GET /BLA/resoluciones/AUTOS%202009/2149.pdf HTTP/1.1" 200 93639
216.244.66.195 - - [01/Apr/2024:05:55:07 -0500] "GET /BLA/resoluciones/AUTOS%202009/2428.pdf HTTP/1.1" 200 101491
216.244.66.195 - - [01/Apr/2024:05:55:31 -0500] "GET /BLA/resoluciones/AUTOS%202011/1354.pdf HTTP/1.1" 200 213480
185.224.128.43 - - [01/Apr/2024:05:55:38 -0500] "GET / HTTP/1.1" 200 319
216.244.66.195 - - [01/Apr/2024:05:55:58 -0500] "GET /BLA/resoluciones/AUTOS%202011/1735.pdf HTTP/1.1" 200 158069
216.244.66.195 - - [01/Apr/2024:05:56:20 -0500] "GET /BLA/resoluciones/AUTOS%202011/2174.pdf HTTP/1.1" 200 133198
186.29.22.239 - - [01/Apr/2024:05:56:24 -0500] "GET /appsia/controlador HTTP/1.1" 200 4799
186.29.22.239 - - [01/Apr/2024:05:56:24 -0500] "GET /appsia/css/estilos.css HTTP/1.1" 200 4804
186.29.22.239 - - [01/Apr/2024:05:56:24 -0500] "GET /appsia/scripts/validarIngreso.js HTTP/1.1" 200 851
186.29.22.239 - - [01/Apr/2024:05:56:24 -0500] "GET /appsia/images/cabezoteHojaVida.png HTTP/1.1" 200 32493
186.29.22.239 - - [01/Apr/2024:05:56:24 -0500] "GET /appsia/images/logo_bogota_p.png HTTP/1.1" 200 14951
186.29.22.239 - - [01/Apr/2024:05:56:24 -0500] "GET /favicon.ico HTTP/1.1" 200 7782
172.22.2.4 - - [01/Apr/2024:05:56:35 -0500] "GET /BLA/boletinlegal/Directivas/2009/Directiva%20No.%20del%2023%20de%20Diciembre%20de%202009.pdf HTTP/1.1" 304 -
216.244.66.195 - - [01/Apr/2024:05:56:40 -0500] "GET /BLA/resoluciones/AUTOS%202011/2921.pdf HTTP/1.1" 200 521108
186.29.22.239 - - [01/Apr/2024:05:56:40 -0500] "POST /appsia/controlador HTTP/1.1" 200 4621
186.29.22.239 - - [01/Apr/2024:05:56:46 -0500] "POST /appsia/controlador HTTP/1.1" 200 7738
186.29.22.239 - - [01/Apr/2024:05:56:47 -0500] "GET /appsia/images/logo_escudo.png HTTP/1.1" 200 36965
201.245.192.253 - - [01/Apr/2024:05:57:40 -0500] "POST /kwsrmcab/Wsrmcab  HTTP/1.1" 200 213
172.22.2.4 - - [01/Apr/2024:05:56:01 -0500] "HEAD /BLA/boletinlegal/ HTTP/1.1" 200 -
186.80.108.8 - - [01/Apr/2024:05:58:16 -0500] "GET /sipse/faces/faces/autenticacion.xhtml HTTP/1.1" 200 12730
186.80.108.8 - - [01/Apr/2024:05:58:16 -0500] "GET /sipse/js/disable_browser_buttons.js HTTP/1.1" 304 -
186.80.108.8 - - [01/Apr/2024:05:58:16 -0500] "GET /sipse/js/funciones.js HTTP/1.1" 304 -
186.80.108.8 - - [01/Apr/2024:05:58:16 -0500] "GET /sipse/css/custom_css_sg.css HTTP/1.1" 304 -
186.80.108.8 - - [01/Apr/2024:05:58:16 -0500] "GET /sipse/css/custom_css_sg_prime_login.css HTTP/1.1" 304 -
186.80.108.8 - - [01/Apr/2024:05:58:16 -0500] "GET /sipse/faces/javax.faces.resource/layout/layout.css;jsessionid=VfeRg3UIRwPzrs0ZQ3rlxJ4S.undefined?ln=primefaces&v=4.0 HTTP/1.1" 200 542
186.80.108.8 - - [01/Apr/2024:05:58:16 -0500] "GET /sipse/faces/javax.faces.resource/theme.css?ln=primefaces-sipse HTTP/1.1" 304 -
186.80.108.8 - - [01/Apr/2024:05:58:16 -0500] "GET /sipse/faces/javax.faces.resource/primefaces.css;jsessionid=VfeRg3UIRwPzrs0ZQ3rlxJ4S.undefined?ln=primefaces&v=4.0 HTTP/1.1" 200 53295
186.80.108.8 - - [01/Apr/2024:05:58:16 -0500] "GET /sipse/faces/javax.faces.resource/layout/layout.js;jsessionid=VfeRg3UIRwPzrs0ZQ3rlxJ4S.undefined?ln=primefaces&v=4.0 HTTP/1.1" 200 87560
186.80.108.8 - - [01/Apr/2024:05:58:16 -0500] "GET /sipse/faces/javax.faces.resource/jquery/jquery.js;jsessionid=VfeRg3UIRwPzrs0ZQ3rlxJ4S.undefined?ln=primefaces&v=4.0 HTTP/1.1" 200 105384
186.80.108.8 - - [01/Apr/2024:05:58:16 -0500] "GET /sipse/faces/javax.faces.resource/primefaces.js;jsessionid=VfeRg3UIRwPzrs0ZQ3rlxJ4S.undefined?ln=primefaces&v=4.0 HTTP/1.1" 200 276924
186.80.108.8 - - [01/Apr/2024:05:58:16 -0500] "GET /sipse/faces/javax.faces.resource/jquery/jquery-plugins.js;jsessionid=VfeRg3UIRwPzrs0ZQ3rlxJ4S.undefined?ln=primefaces&v=4.0 HTTP/1.1" 200 220526
186.80.108.8 - - [01/Apr/2024:05:58:16 -0500] "GET /sipse/css/imagen/loginimg.png HTTP/1.1" 304 -
186.80.108.8 - - [01/Apr/2024:05:58:16 -0500] "GET /sipse/css/imagen/logoSDG.png HTTP/1.1" 304 -
186.80.108.8 - - [01/Apr/2024:05:58:17 -0500] "GET /sipse/faces/javax.faces.resource/images/ui-icons_898989_256x240.png?ln=primefaces-aristo HTTP/1.1" 304 -
186.80.108.8 - - [01/Apr/2024:05:58:17 -0500] "GET /sipse/faces/faces/index.xhtml HTTP/1.1" 200 677
186.80.108.8 - - [01/Apr/2024:05:58:17 -0500] "GET /sipse/faces/javax.faces.resource/theme.css?ln=primefaces-sipse HTTP/1.1" 304 -
186.80.108.8 - - [01/Apr/2024:05:58:17 -0500] "GET /sipse/faces/faces/faces/autenticacion.xhtml HTTP/1.1" 200 12408
186.80.108.8 - - [01/Apr/2024:05:58:17 -0500] "GET /sipse/faces/javax.faces.resource/theme.css?ln=primefaces-sipse HTTP/1.1" 304 -
186.80.108.8 - - [01/Apr/2024:05:58:17 -0500] "GET /sipse/faces/javax.faces.resource/primefaces.css?ln=primefaces&v=4.0 HTTP/1.1" 304 -
186.80.108.8 - - [01/Apr/2024:05:58:17 -0500] "GET /sipse/faces/javax.faces.resource/layout/layout.css?ln=primefaces&v=4.0 HTTP/1.1" 304 -
186.80.108.8 - - [01/Apr/2024:05:58:17 -0500] "GET /sipse/faces/javax.faces.resource/jquery/jquery-plugins.js?ln=primefaces&v=4.0 HTTP/1.1" 304 -
186.80.108.8 - - [01/Apr/2024:05:58:17 -0500] "GET /sipse/faces/javax.faces.resource/jquery/jquery.js?ln=primefaces&v=4.0 HTTP/1.1" 304 -
186.80.108.8 - - [01/Apr/2024:05:58:17 -0500] "GET /sipse/faces/javax.faces.resource/primefaces.js?ln=primefaces&v=4.0 HTTP/1.1" 304 -
186.80.108.8 - - [01/Apr/2024:05:58:17 -0500] "GET /sipse/faces/javax.faces.resource/layout/layout.js?ln=primefaces&v=4.0 HTTP/1.1" 304 -
186.80.108.8 - - [01/Apr/2024:05:58:28 -0500] "POST /sipse/faces/autenticacion.xhtml HTTP/1.1" 200 11186
186.80.108.8 - - [01/Apr/2024:05:58:28 -0500] "GET /sipse/css/custom_css_sg_prime.css HTTP/1.1" 304 -
186.80.108.8 - - [01/Apr/2024:05:58:28 -0500] "GET /sipse/faces/javax.faces.resource/primefaces.css?ln=primefaces&v=4.0 HTTP/1.1" 304 -
186.80.108.8 - - [01/Apr/2024:05:58:28 -0500] "GET /sipse/faces/javax.faces.resource/layout/layout.css?ln=primefaces&v=4.0 HTTP/1.1" 304 -
186.80.108.8 - - [01/Apr/2024:05:58:28 -0500] "GET /sipse/faces/javax.faces.resource/theme.css?ln=primefaces-sipse HTTP/1.1" 304 -
186.80.108.8 - - [01/Apr/2024:05:58:28 -0500] "GET /sipse/faces/javax.faces.resource/jquery/jquery.js?ln=primefaces&v=4.0 HTTP/1.1" 304 -
186.80.108.8 - - [01/Apr/2024:05:58:28 -0500] "GET /sipse/faces/javax.faces.resource/jquery/jquery-plugins.js?ln=primefaces&v=4.0 HTTP/1.1" 304 -
186.80.108.8 - - [01/Apr/2024:05:58:28 -0500] "GET /sipse/faces/javax.faces.resource/primefaces.js?ln=primefaces&v=4.0 HTTP/1.1" 304 -
186.80.108.8 - - [01/Apr/2024:05:58:29 -0500] "GET /sipse/faces/javax.faces.resource/layout/layout.js?ln=primefaces&v=4.0 HTTP/1.1" 304 -
186.80.108.8 - - [01/Apr/2024:05:58:29 -0500] "GET /sipse/faces/javax.faces.resource/messages/messages.png?ln=primefaces&v=4.0 HTTP/1.1" 304 -
186.80.108.8 - - [01/Apr/2024:05:58:30 -0500] "GET /sipse/faces/javax.faces.resource/images/ui-icons_898989_256x240.png?ln=primefaces-aristo HTTP/1.1" 304 -
186.80.108.8 - - [01/Apr/2024:05:58:31 -0500] "POST /sipse/faces/presentacion/sistema/seguridad/seleccionRol.xhtml HTTP/1.1" 200 5624
172.22.2.4 - - [01/Apr/2024:05:56:52 -0500] "GET /BLA/boletinlegal/ HTTP/1.1" 200 58273
186.80.108.8 - - [01/Apr/2024:05:58:32 -0500] "POST /sipse/faces/presentacion/sistema/seguridad/seleccionRol.xhtml HTTP/1.1" 200 15118
