66.249.66.39 - - [04/Apr/2024:05:09:39 -0500] "GET /images/Foto%20Di%CC%81a%20Mundial%20del%20Agua%20(1)%20(1).jpeg HTTP/1.1" 404 1034
216.245.221.92 - - [04/Apr/2024:05:10:18 -0500] "HEAD / HTTP/1.1" 200 -
201.245.192.253 - - [04/Apr/2024:05:10:39 -0500] "POST /forms/lservlet;jsessionid=ac16012b30d66189f0c22d6a4c589cd0fb03154225f8.e3iSbxaKaheRe3iNc3uNbNmQay1ynknvrkLOlQzNp65In0 HTTP/1.1" 200 2
201.245.192.253 - - [04/Apr/2024:05:10:53 -0500] "POST /forms/lservlet;jsessionid=ac16012b30d662c41b008f2848f8812f805002413222.e3iSbxaKaheRe3iNc3uNbNmQay1ynknvrkLOlQzNp65In0 HTTP/1.1" 200 2
201.245.192.253 - - [04/Apr/2024:05:12:01 -0500] "POST /kwsrmcab/Wsrmcab  HTTP/1.1" 200 213
201.245.192.253 - - [04/Apr/2024:05:12:39 -0500] "POST /forms/lservlet;jsessionid=ac16012b30d66189f0c22d6a4c589cd0fb03154225f8.e3iSbxaKaheRe3iNc3uNbNmQay1ynknvrkLOlQzNp65In0 HTTP/1.1" 200 2
201.245.192.253 - - [04/Apr/2024:05:12:53 -0500] "POST /forms/lservlet;jsessionid=ac16012b30d662c41b008f2848f8812f805002413222.e3iSbxaKaheRe3iNc3uNbNmQay1ynknvrkLOlQzNp65In0 HTTP/1.1" 200 2
172.22.2.4 - - [04/Apr/2024:05:12:00 -0500] "HEAD /BLA/boletinlegal/ HTTP/1.1" 200 -
172.22.2.4 - - [04/Apr/2024:05:14:00 -0500] "GET /BLA/boletinlegal/jurisprudencia/analisis/AnalisisT-606-15.docx HTTP/1.1" 200 26698
172.22.2.4 - - [04/Apr/2024:05:14:01 -0500] "GET /BLA/boletinlegal/apple-touch-icon-120x120-precomposed.png HTTP/1.1" 404 1140
172.22.2.4 - - [04/Apr/2024:05:14:01 -0500] "GET /BLA/boletinlegal/apple-touch-icon-120x120.png HTTP/1.1" 404 1140
172.22.2.4 - - [04/Apr/2024:05:14:01 -0500] "GET /BLA/boletinlegal/apple-touch-icon-precomposed.png HTTP/1.1" 404 1140
172.22.2.4 - - [04/Apr/2024:05:14:01 -0500] "GET /BLA/boletinlegal/apple-touch-icon.png HTTP/1.1" 404 1140
172.22.2.4 - - [04/Apr/2024:05:14:01 -0500] "GET /BLA/boletinlegal/favicon.ico HTTP/1.1" 404 1140
172.22.2.4 - - [04/Apr/2024:05:14:02 -0500] "GET /BLA/boletinlegal/apple-touch-icon-120x120-precomposed.png HTTP/1.1" 404 1140
172.22.2.4 - - [04/Apr/2024:05:14:02 -0500] "GET /BLA/boletinlegal/apple-touch-icon-120x120.png HTTP/1.1" 404 1140
172.22.2.4 - - [04/Apr/2024:05:14:02 -0500] "GET /BLA/boletinlegal/apple-touch-icon-precomposed.png HTTP/1.1" 404 1140
172.22.2.4 - - [04/Apr/2024:05:14:02 -0500] "GET /BLA/boletinlegal/apple-touch-icon.png HTTP/1.1" 404 1140
172.22.2.4 - - [04/Apr/2024:05:14:02 -0500] "GET /BLA/boletinlegal/favicon.ico HTTP/1.1" 404 1140
172.22.2.4 - - [04/Apr/2024:05:12:51 -0500] "GET /BLA/boletinlegal/ HTTP/1.1" 200 58273
201.245.192.253 - - [04/Apr/2024:05:14:39 -0500] "POST /forms/lservlet;jsessionid=ac16012b30d66189f0c22d6a4c589cd0fb03154225f8.e3iSbxaKaheRe3iNc3uNbNmQay1ynknvrkLOlQzNp65In0 HTTP/1.1" 200 2
201.245.192.253 - - [04/Apr/2024:05:14:53 -0500] "POST /forms/lservlet;jsessionid=ac16012b30d662c41b008f2848f8812f805002413222.e3iSbxaKaheRe3iNc3uNbNmQay1ynknvrkLOlQzNp65In0 HTTP/1.1" 200 2
52.167.144.222 - - [04/Apr/2024:05:15:11 -0500] "GET /BLA/resoluciones/AUTOS%202008/2392.pdf HTTP/1.1" 200 131431
216.245.221.92 - - [04/Apr/2024:05:15:18 -0500] "HEAD / HTTP/1.1" 200 -
201.245.192.253 - - [04/Apr/2024:05:16:39 -0500] "POST /forms/lservlet;jsessionid=ac16012b30d66189f0c22d6a4c589cd0fb03154225f8.e3iSbxaKaheRe3iNc3uNbNmQay1ynknvrkLOlQzNp65In0 HTTP/1.1" 200 2
40.77.167.136 - - [04/Apr/2024:05:16:41 -0500] "GET /BLA/resoluciones/RESOLUCIONES%202022/4315.pdf HTTP/1.1" 200 5014954
40.77.167.136 - - [04/Apr/2024:05:16:43 -0500] "GET /BLA/resoluciones/RESOLUCIONES%202023/2197.pdf HTTP/1.1" 200 501447
201.245.192.253 - - [04/Apr/2024:05:16:53 -0500] "POST /forms/lservlet;jsessionid=ac16012b30d662c41b008f2848f8812f805002413222.e3iSbxaKaheRe3iNc3uNbNmQay1ynknvrkLOlQzNp65In0 HTTP/1.1" 200 2
201.245.192.253 - - [04/Apr/2024:05:17:00 -0500] "POST /kwsrmcab/Wsrmcab  HTTP/1.1" 200 213
201.245.192.253 - - [04/Apr/2024:05:18:39 -0500] "POST /forms/lservlet;jsessionid=ac16012b30d66189f0c22d6a4c589cd0fb03154225f8.e3iSbxaKaheRe3iNc3uNbNmQay1ynknvrkLOlQzNp65In0 HTTP/1.1" 200 2
216.244.66.195 - - [04/Apr/2024:05:18:42 -0500] "GET /BLA/resoluciones/RESOLUCIONES%202017/1832.pdf HTTP/1.1" 200 310075
216.244.66.195 - - [04/Apr/2024:05:18:48 -0500] "GET /BLA/resoluciones/RESOLUCIONES%202017/1978.pdf HTTP/1.1" 200 346805
201.245.192.253 - - [04/Apr/2024:05:18:52 -0500] "POST /kwsrmcab/Wsrmcab HTTP/1.1" 200 38686
201.245.192.253 - - [04/Apr/2024:05:18:53 -0500] "POST /kwsrmcab/Wsrmcab HTTP/1.1" 200 41157
201.245.192.253 - - [04/Apr/2024:05:18:53 -0500] "POST /forms/lservlet;jsessionid=ac16012b30d662c41b008f2848f8812f805002413222.e3iSbxaKaheRe3iNc3uNbNmQay1ynknvrkLOlQzNp65In0 HTTP/1.1" 200 2
216.244.66.195 - - [04/Apr/2024:05:18:54 -0500] "GET /BLA/resoluciones/RESOLUCIONES%202017/1985.pdf HTTP/1.1" 200 430826
216.244.66.195 - - [04/Apr/2024:05:19:03 -0500] "GET /BLA/resoluciones/RESOLUCIONES%202017/2116.pdf HTTP/1.1" 200 401032
216.244.66.195 - - [04/Apr/2024:05:19:25 -0500] "GET /BLA/resoluciones/RESOLUCIONES%202017/2235.pdf HTTP/1.1" 200 331573
172.22.2.4 - - [04/Apr/2024:05:17:50 -0500] "HEAD /BLA/boletinlegal/ HTTP/1.1" 200 -
201.245.192.253 - - [04/Apr/2024:05:19:38 -0500] "POST /kwsrmcab/Wsrmcab HTTP/1.1" 200 37308
216.244.66.195 - - [04/Apr/2024:05:19:44 -0500] "GET /BLA/resoluciones/RESOLUCIONES%202017/2333.pdf HTTP/1.1" 200 304434
216.244.66.195 - - [04/Apr/2024:05:20:01 -0500] "GET /BLA/resoluciones/RESOLUCIONES%202017/2866.pdf HTTP/1.1" 200 279901
216.245.221.92 - - [04/Apr/2024:05:20:18 -0500] "HEAD / HTTP/1.1" 200 -
216.244.66.195 - - [04/Apr/2024:05:20:19 -0500] "GET /BLA/resoluciones/RESOLUCIONES%202017/2875.pdf HTTP/1.1" 200 279017
172.22.2.4 - - [04/Apr/2024:05:18:41 -0500] "GET /BLA/boletinlegal/ HTTP/1.1" 200 58273
201.245.192.253 - - [04/Apr/2024:05:20:25 -0500] "POST /kwsrmcab/Wsrmcab HTTP/1.1" 200 41157
201.245.192.253 - - [04/Apr/2024:05:20:39 -0500] "POST /forms/lservlet;jsessionid=ac16012b30d66189f0c22d6a4c589cd0fb03154225f8.e3iSbxaKaheRe3iNc3uNbNmQay1ynknvrkLOlQzNp65In0 HTTP/1.1" 200 2
216.244.66.195 - - [04/Apr/2024:05:20:39 -0500] "GET /BLA/resoluciones/RESOLUCIONES%202017/2964.pdf HTTP/1.1" 200 304498
40.77.167.143 - - [04/Apr/2024:05:20:39 -0500] "GET /BLA/resoluciones/RESOLUCIONES%202018/0342.pdf HTTP/1.1" 200 408644
201.245.192.253 - - [04/Apr/2024:05:20:53 -0500] "POST /forms/lservlet;jsessionid=ac16012b30d662c41b008f2848f8812f805002413222.e3iSbxaKaheRe3iNc3uNbNmQay1ynknvrkLOlQzNp65In0 HTTP/1.1" 200 2
216.244.66.195 - - [04/Apr/2024:05:21:13 -0500] "GET /BLA/resoluciones/RESOLUCIONES%202019/0431.pdf HTTP/1.1" 200 280073
216.244.66.195 - - [04/Apr/2024:05:21:43 -0500] "GET /BLA/resoluciones/RESOLUCIONES%202019/2847.pdf HTTP/1.1" 200 1113826
201.245.192.253 - - [04/Apr/2024:05:21:57 -0500] "POST /kwsrmcab/Wsrmcab  HTTP/1.1" 200 213
216.244.66.195 - - [04/Apr/2024:05:22:10 -0500] "GET /BLA/resoluciones/RESOLUCIONES%201997/RESOLUCION%20801%20DE%201997.pdf HTTP/1.1" 200 43209
40.77.167.143 - - [04/Apr/2024:05:22:21 -0500] "GET /BLA/resoluciones/RESOLUCIONES%202021/4470.pdf HTTP/1.1" 200 429039
216.244.66.195 - - [04/Apr/2024:05:22:35 -0500] "GET /BLA/resoluciones/RESOLUCIONES%202001/RESOLUCION%201338%20DE%202001.pdf HTTP/1.1" 200 115436
201.245.192.253 - - [04/Apr/2024:05:22:39 -0500] "POST /forms/lservlet;jsessionid=ac16012b30d66189f0c22d6a4c589cd0fb03154225f8.e3iSbxaKaheRe3iNc3uNbNmQay1ynknvrkLOlQzNp65In0 HTTP/1.1" 200 2
201.245.192.253 - - [04/Apr/2024:05:22:53 -0500] "POST /forms/lservlet;jsessionid=ac16012b30d662c41b008f2848f8812f805002413222.e3iSbxaKaheRe3iNc3uNbNmQay1ynknvrkLOlQzNp65In0 HTTP/1.1" 200 2
216.244.66.195 - - [04/Apr/2024:05:22:59 -0500] "GET /BLA/resoluciones/AUTOS%202007/0166.pdf HTTP/1.1" 200 49105
216.244.66.195 - - [04/Apr/2024:05:23:21 -0500] "GET /BLA/resoluciones/AUTOS%202007/0178.pdf HTTP/1.1" 200 140337
216.244.66.195 - - [04/Apr/2024:05:23:45 -0500] "GET /BLA/resoluciones/AUTOS%202007/0270.pdf HTTP/1.1" 200 260144
216.244.66.195 - - [04/Apr/2024:05:24:08 -0500] "GET /BLA/resoluciones/AUTOS%202007/0330.pdf HTTP/1.1" 200 161950
216.244.66.195 - - [04/Apr/2024:05:24:28 -0500] "GET /BLA/resoluciones/AUTOS%202007/0375.pdf HTTP/1.1" 200 176572
201.245.192.253 - - [04/Apr/2024:05:24:39 -0500] "POST /forms/lservlet;jsessionid=ac16012b30d66189f0c22d6a4c589cd0fb03154225f8.e3iSbxaKaheRe3iNc3uNbNmQay1ynknvrkLOlQzNp65In0 HTTP/1.1" 200 2
216.244.66.195 - - [04/Apr/2024:05:24:49 -0500] "GET /BLA/resoluciones/AUTOS%202007/0454.pdf HTTP/1.1" 200 67615
40.77.167.32 - - [04/Apr/2024:05:24:51 -0500] "GET /BLA/resoluciones/RESOLUCIONES%202023/02825.pdf HTTP/1.1" 200 461078
201.245.192.253 - - [04/Apr/2024:05:24:53 -0500] "POST /forms/lservlet;jsessionid=ac16012b30d662c41b008f2848f8812f805002413222.e3iSbxaKaheRe3iNc3uNbNmQay1ynknvrkLOlQzNp65In0 HTTP/1.1" 200 2
216.244.66.195 - - [04/Apr/2024:05:25:07 -0500] "GET /BLA/resoluciones/AUTOS%202007/0607.pdf HTTP/1.1" 200 65806
216.245.221.92 - - [04/Apr/2024:05:25:18 -0500] "HEAD / HTTP/1.1" 200 -
172.22.2.4 - - [04/Apr/2024:05:23:40 -0500] "HEAD /BLA/boletinlegal/ HTTP/1.1" 200 -
216.244.66.195 - - [04/Apr/2024:05:25:26 -0500] "GET /BLA/resoluciones/AUTOS%202007/0757.pdf HTTP/1.1" 200 192002
216.244.66.195 - - [04/Apr/2024:05:25:42 -0500] "GET /BLA/resoluciones/AUTOS%202007/0760.pdf HTTP/1.1" 200 42297
216.244.66.195 - - [04/Apr/2024:05:25:57 -0500] "GET /BLA/resoluciones/AUTOS%202007/1266.pdf HTTP/1.1" 200 133236
216.244.66.195 - - [04/Apr/2024:05:26:11 -0500] "GET /BLA/resoluciones/AUTOS%202007/1377.pdf HTTP/1.1" 200 37335
172.22.2.4 - - [04/Apr/2024:05:24:31 -0500] "GET /BLA/boletinlegal/ HTTP/1.1" 200 58273
216.244.66.195 - - [04/Apr/2024:05:26:23 -0500] "GET /BLA/resoluciones/AUTOS%202007/1421.pdf HTTP/1.1" 200 25508
216.244.66.195 - - [04/Apr/2024:05:26:35 -0500] "GET /BLA/resoluciones/AUTOS%202007/1573.pdf HTTP/1.1" 200 28888
201.245.192.253 - - [04/Apr/2024:05:26:39 -0500] "POST /forms/lservlet;jsessionid=ac16012b30d66189f0c22d6a4c589cd0fb03154225f8.e3iSbxaKaheRe3iNc3uNbNmQay1ynknvrkLOlQzNp65In0 HTTP/1.1" 200 2
216.244.66.195 - - [04/Apr/2024:05:26:46 -0500] "GET /BLA/resoluciones/AUTOS%202007/1768.pdf HTTP/1.1" 200 41040
201.245.192.253 - - [04/Apr/2024:05:26:53 -0500] "POST /forms/lservlet;jsessionid=ac16012b30d662c41b008f2848f8812f805002413222.e3iSbxaKaheRe3iNc3uNbNmQay1ynknvrkLOlQzNp65In0 HTTP/1.1" 200 2
216.244.66.195 - - [04/Apr/2024:05:26:56 -0500] "GET /BLA/resoluciones/AUTOS%202009/0814.pdf HTTP/1.1" 200 82847
201.245.192.253 - - [04/Apr/2024:05:26:56 -0500] "POST /kwsrmcab/Wsrmcab  HTTP/1.1" 200 213
216.244.66.195 - - [04/Apr/2024:05:27:04 -0500] "GET /BLA/resoluciones/AUTOS%202009/0816.pdf HTTP/1.1" 200 116658
216.244.66.195 - - [04/Apr/2024:05:27:12 -0500] "GET /BLA/resoluciones/AUTOS%202009/0859.pdf HTTP/1.1" 200 84099
216.244.66.195 - - [04/Apr/2024:05:27:20 -0500] "GET /BLA/resoluciones/AUTOS%202009/1192.pdf HTTP/1.1" 200 124586
216.244.66.195 - - [04/Apr/2024:05:27:26 -0500] "GET /BLA/resoluciones/AUTOS%202009/1219.pdf HTTP/1.1" 200 124402
216.244.66.195 - - [04/Apr/2024:05:27:32 -0500] "GET /BLA/resoluciones/AUTOS%202009/1332.pdf HTTP/1.1" 200 75433
216.244.66.195 - - [04/Apr/2024:05:27:36 -0500] "GET /BLA/resoluciones/AUTOS%202009/1416.pdf HTTP/1.1" 200 181778
216.244.66.195 - - [04/Apr/2024:05:27:40 -0500] "GET /BLA/resoluciones/AUTOS%202009/1672.pdf HTTP/1.1" 200 124212
216.244.66.195 - - [04/Apr/2024:05:27:44 -0500] "GET /BLA/resoluciones/AUTOS%202009/1676.pdf HTTP/1.1" 200 120344
216.244.66.195 - - [04/Apr/2024:05:27:47 -0500] "GET /BLA/resoluciones/AUTOS%202009/2157.pdf HTTP/1.1" 200 87380
216.244.66.195 - - [04/Apr/2024:05:27:49 -0500] "GET /BLA/resoluciones/AUTOS%202009/2279.pdf HTTP/1.1" 200 122288
216.244.66.195 - - [04/Apr/2024:05:27:52 -0500] "GET /BLA/resoluciones/AUTOS%202009/2383.pdf HTTP/1.1" 200 257360
216.244.66.195 - - [04/Apr/2024:05:27:55 -0500] "GET /BLA/resoluciones/AUTOS%202009/2404.pdf HTTP/1.1" 200 104706
216.244.66.195 - - [04/Apr/2024:05:27:57 -0500] "GET /BLA/resoluciones/AUTOS%202009/2730.pdf HTTP/1.1" 200 103382
216.244.66.195 - - [04/Apr/2024:05:28:03 -0500] "GET /BLA/resoluciones/AUTOS%202009/2764.pdf HTTP/1.1" 200 72626
216.244.66.195 - - [04/Apr/2024:05:28:07 -0500] "GET /BLA/resoluciones/AUTOS%202009/2793.pdf HTTP/1.1" 200 82344
216.244.66.195 - - [04/Apr/2024:05:28:11 -0500] "GET /BLA/resoluciones/AUTOS%202009/2819.pdf HTTP/1.1" 200 102298
216.244.66.195 - - [04/Apr/2024:05:28:14 -0500] "GET /BLA/resoluciones/AUTOS%202011/0098.pdf HTTP/1.1" 200 125901
216.244.66.195 - - [04/Apr/2024:05:28:17 -0500] "GET /BLA/resoluciones/AUTOS%202011/0219.pdf HTTP/1.1" 200 156229
216.244.66.195 - - [04/Apr/2024:05:28:19 -0500] "GET /BLA/resoluciones/AUTOS%202011/1355.pdf HTTP/1.1" 200 289791
216.244.66.195 - - [04/Apr/2024:05:28:22 -0500] "GET /BLA/resoluciones/AUTOS%202011/1765.pdf HTTP/1.1" 200 157910
216.244.66.195 - - [04/Apr/2024:05:28:24 -0500] "GET /BLA/resoluciones/AUTOS%202011/2037.pdf HTTP/1.1" 200 71283
216.244.66.195 - - [04/Apr/2024:05:28:26 -0500] "GET /BLA/resoluciones/AUTOS%202011/2192.pdf HTTP/1.1" 200 206231
216.244.66.195 - - [04/Apr/2024:05:28:29 -0500] "GET /BLA/resoluciones/AUTOS%202011/2372.pdf HTTP/1.1" 200 761554
216.244.66.195 - - [04/Apr/2024:05:28:33 -0500] "GET /BLA/resoluciones/AUTOS%202011/2605.pdf HTTP/1.1" 200 173834
216.244.66.195 - - [04/Apr/2024:05:28:36 -0500] "GET /BLA/resoluciones/AUTOS%202011/2932.pdf HTTP/1.1" 200 439705
216.244.66.195 - - [04/Apr/2024:05:28:39 -0500] "GET /BLA/resoluciones/AUTOS%202011/2940.pdf HTTP/1.1" 200 502299
201.245.192.253 - - [04/Apr/2024:05:28:39 -0500] "POST /forms/lservlet;jsessionid=ac16012b30d66189f0c22d6a4c589cd0fb03154225f8.e3iSbxaKaheRe3iNc3uNbNmQay1ynknvrkLOlQzNp65In0 HTTP/1.1" 200 2
216.244.66.195 - - [04/Apr/2024:05:28:42 -0500] "GET /BLA/resoluciones/AUTOS%202011/2950.pdf HTTP/1.1" 200 499986
216.244.66.195 - - [04/Apr/2024:05:28:48 -0500] "GET /BLA/resoluciones/AUTOS%202011/3222.pdf HTTP/1.1" 200 305389
201.245.192.253 - - [04/Apr/2024:05:28:52 -0500] "POST /kwsrmcab/Wsrmcab HTTP/1.1" 200 38686
201.245.192.253 - - [04/Apr/2024:05:28:53 -0500] "POST /kwsrmcab/Wsrmcab HTTP/1.1" 200 41157
201.245.192.253 - - [04/Apr/2024:05:28:53 -0500] "POST /forms/lservlet;jsessionid=ac16012b30d662c41b008f2848f8812f805002413222.e3iSbxaKaheRe3iNc3uNbNmQay1ynknvrkLOlQzNp65In0 HTTP/1.1" 200 2
216.244.66.195 - - [04/Apr/2024:05:28:53 -0500] "GET /BLA/resoluciones/AUTOS%202011/3591.pdf HTTP/1.1" 200 239509
216.244.66.195 - - [04/Apr/2024:05:28:57 -0500] "GET /BLA/resoluciones/AUTOS%202011/3752.pdf HTTP/1.1" 200 209692
216.244.66.195 - - [04/Apr/2024:05:29:02 -0500] "GET /BLA/resoluciones/AUTOS%202011/3794.pdf HTTP/1.1" 200 300161
216.244.66.195 - - [04/Apr/2024:05:29:05 -0500] "GET /BLA/resoluciones/AUTOS%202012/0123.pdf HTTP/1.1" 200 1261675
216.244.66.195 - - [04/Apr/2024:05:29:13 -0500] "GET /BLA/resoluciones/AUTOS%202012/0821.pdf HTTP/1.1" 200 379000
216.244.66.195 - - [04/Apr/2024:05:29:19 -0500] "GET /BLA/resoluciones/AUTOS%202012/0854.pdf HTTP/1.1" 200 454997
216.244.66.195 - - [04/Apr/2024:05:29:25 -0500] "GET /BLA/resoluciones/AUTOS%202012/0989.pdf HTTP/1.1" 200 504506
216.244.66.195 - - [04/Apr/2024:05:29:29 -0500] "GET /BLA/resoluciones/AUTOS%202012/1642.pdf HTTP/1.1" 200 500105
216.244.66.195 - - [04/Apr/2024:05:29:33 -0500] "GET /BLA/resoluciones/AUTOS%202012/1673.pdf HTTP/1.1" 200 443540
201.245.192.253 - - [04/Apr/2024:05:29:38 -0500] "POST /kwsrmcab/Wsrmcab HTTP/1.1" 200 37308
40.77.167.32 - - [04/Apr/2024:05:29:41 -0500] "GET /BLA/resoluciones/RESOLUCIONES%202022/5112.pdf HTTP/1.1" 200 516582
216.245.221.92 - - [04/Apr/2024:05:30:18 -0500] "HEAD / HTTP/1.1" 200 -
201.245.192.253 - - [04/Apr/2024:05:30:26 -0500] "POST /kwsrmcab/Wsrmcab HTTP/1.1" 200 41157
47.128.123.178 - - [04/Apr/2024:05:30:31 -0500] "GET /BLA/resoluciones/AUTOS%202021/0245.php?act=upload&d=E%3A%5Cnuevo%5Chtdocs%5Cboletinlegal%5C HTTP/1.1" 200 2831
201.245.192.253 - - [04/Apr/2024:05:30:39 -0500] "POST /forms/lservlet;jsessionid=ac16012b30d66189f0c22d6a4c589cd0fb03154225f8.e3iSbxaKaheRe3iNc3uNbNmQay1ynknvrkLOlQzNp65In0 HTTP/1.1" 200 2
201.245.192.253 - - [04/Apr/2024:05:30:53 -0500] "POST /forms/lservlet;jsessionid=ac16012b30d662c41b008f2848f8812f805002413222.e3iSbxaKaheRe3iNc3uNbNmQay1ynknvrkLOlQzNp65In0 HTTP/1.1" 200 2
47.128.39.224 - - [04/Apr/2024:05:30:54 -0500] "GET /BLA/resoluciones/AUTOS%202021/0245.php?act=chmod&d=E%3A%5Cnuevo%5Chtdocs%5Ccumbreclima%5Cwp-admin&f=admin-ajax.php HTTP/1.1" 200 2883
172.22.2.4 - - [04/Apr/2024:05:29:30 -0500] "HEAD /BLA/boletinlegal/ HTTP/1.1" 200 -
47.128.120.125 - - [04/Apr/2024:05:31:19 -0500] "GET /BLA/resoluciones/AUTOS%202021/0245.php?act=upload&d=E%3A%5Cnuevo%5Chtdocs%5Csig%5CGesti%F3n+Jur%EDdica%5C HTTP/1.1" 200 2836
17.241.219.52 - - [04/Apr/2024:05:31:37 -0500] "GET /alcaldia-de-bogota-y-fundacion-exito-entregaron-en-ciudad-bolivar-la-primera-terraza-verde-de-la-capital.html HTTP/1.1" 200 852
47.128.39.240 - - [04/Apr/2024:05:31:44 -0500] "GET /BLA/resoluciones/AUTOS%202021/0245.php?act=chmod&d=E%3A%5Cnuevo%5Chtdocs%5Csig%5CGestion+Documental%5C HTTP/1.1" 200 2870
201.245.192.253 - - [04/Apr/2024:05:31:55 -0500] "POST /kwsrmcab/Wsrmcab  HTTP/1.1" 200 213
172.22.2.4 - - [04/Apr/2024:05:30:21 -0500] "GET /BLA/boletinlegal/ HTTP/1.1" 200 53419
47.128.125.66 - - [04/Apr/2024:05:32:06 -0500] "GET /BLA/resoluciones/AUTOS%202021/0245.php?act=chmod&d=E%3A%5Cnuevo%5Chtdocs%5CAutoliquidacion2020%5CAceites-Residuos-Estaciones-%5CTr%E1mite+de+registro+de+movilizaci%F3n+de+aceites+usados+en+el+%E1rea+urbana+del+Distrito+Capital&f=. HTTP/1.1" 200 3022
47.128.120.184 - - [04/Apr/2024:05:32:30 -0500] "GET /BLA/resoluciones/AUTOS%202021/0245.php?act=chmod&d=E%3A%5Cnuevo%5Chtdocs%5Ccumbreclima%5Cwp-admin&f=link.php HTTP/1.1" 200 2880
201.245.192.253 - - [04/Apr/2024:05:32:39 -0500] "POST /forms/lservlet;jsessionid=ac16012b30d66189f0c22d6a4c589cd0fb03154225f8.e3iSbxaKaheRe3iNc3uNbNmQay1ynknvrkLOlQzNp65In0 HTTP/1.1" 200 2
201.245.192.253 - - [04/Apr/2024:05:32:53 -0500] "POST /forms/lservlet;jsessionid=ac16012b30d662c41b008f2848f8812f805002413222.e3iSbxaKaheRe3iNc3uNbNmQay1ynknvrkLOlQzNp65In0 HTTP/1.1" 200 2
201.245.192.253 - - [04/Apr/2024:05:34:39 -0500] "POST /forms/lservlet;jsessionid=ac16012b30d66189f0c22d6a4c589cd0fb03154225f8.e3iSbxaKaheRe3iNc3uNbNmQay1ynknvrkLOlQzNp65In0 HTTP/1.1" 200 2
201.245.192.253 - - [04/Apr/2024:05:34:53 -0500] "POST /forms/lservlet;jsessionid=ac16012b30d662c41b008f2848f8812f805002413222.e3iSbxaKaheRe3iNc3uNbNmQay1ynknvrkLOlQzNp65In0 HTTP/1.1" 200 2
216.245.221.92 - - [04/Apr/2024:05:35:18 -0500] "HEAD / HTTP/1.1" 200 -
40.77.167.32 - - [04/Apr/2024:05:35:31 -0500] "GET /BLA/resoluciones/RESOLUCIONES%202018/0286.pdf HTTP/1.1" 200 391533
172.22.2.4 - - [04/Apr/2024:05:34:16 -0500] "GET /BLA/boletinlegal/ HTTP/1.1" 200 59583
201.245.192.253 - - [04/Apr/2024:05:36:39 -0500] "POST /forms/lservlet;jsessionid=ac16012b30d66189f0c22d6a4c589cd0fb03154225f8.e3iSbxaKaheRe3iNc3uNbNmQay1ynknvrkLOlQzNp65In0 HTTP/1.1" 200 2
201.245.192.253 - - [04/Apr/2024:05:36:53 -0500] "POST /forms/lservlet;jsessionid=ac16012b30d662c41b008f2848f8812f805002413222.e3iSbxaKaheRe3iNc3uNbNmQay1ynknvrkLOlQzNp65In0 HTTP/1.1" 200 2
201.245.192.253 - - [04/Apr/2024:05:36:54 -0500] "POST /kwsrmcab/Wsrmcab  HTTP/1.1" 200 213
172.22.2.4 - - [04/Apr/2024:05:35:20 -0500] "HEAD /BLA/boletinlegal/ HTTP/1.1" 200 -
186.102.90.139 - - [04/Apr/2024:05:37:21 -0500] "GET /sipse/faces/index.xhtml HTTP/1.1" 200 677
186.102.90.139 - - [04/Apr/2024:05:37:21 -0500] "GET /sipse/faces/javax.faces.resource/theme.css?ln=primefaces-sipse HTTP/1.1" 304 -
186.102.90.139 - - [04/Apr/2024:05:37:21 -0500] "GET /sipse/faces/faces/autenticacion.xhtml HTTP/1.1" 200 12401
186.102.90.139 - - [04/Apr/2024:05:37:21 -0500] "GET /sipse/css/custom_css_sg.css HTTP/1.1" 304 -
186.102.90.139 - - [04/Apr/2024:05:37:21 -0500] "GET /sipse/faces/javax.faces.resource/primefaces.css?ln=primefaces&v=4.0 HTTP/1.1" 304 -
186.102.90.139 - - [04/Apr/2024:05:37:21 -0500] "GET /sipse/faces/javax.faces.resource/theme.css?ln=primefaces-sipse HTTP/1.1" 304 -
186.102.90.139 - - [04/Apr/2024:05:37:21 -0500] "GET /sipse/css/custom_css_sg_prime_login.css HTTP/1.1" 304 -
186.102.90.139 - - [04/Apr/2024:05:37:21 -0500] "GET /sipse/js/disable_browser_buttons.js HTTP/1.1" 304 -
186.102.90.139 - - [04/Apr/2024:05:37:21 -0500] "GET /sipse/faces/javax.faces.resource/layout/layout.css?ln=primefaces&v=4.0 HTTP/1.1" 304 -
186.102.90.139 - - [04/Apr/2024:05:37:21 -0500] "GET /sipse/js/funciones.js HTTP/1.1" 304 -
186.102.90.139 - - [04/Apr/2024:05:37:21 -0500] "GET /sipse/faces/javax.faces.resource/jquery/jquery-plugins.js?ln=primefaces&v=4.0 HTTP/1.1" 304 -
186.102.90.139 - - [04/Apr/2024:05:37:21 -0500] "GET /sipse/faces/javax.faces.resource/primefaces.js?ln=primefaces&v=4.0 HTTP/1.1" 304 -
186.102.90.139 - - [04/Apr/2024:05:37:21 -0500] "GET /sipse/faces/javax.faces.resource/jquery/jquery.js?ln=primefaces&v=4.0 HTTP/1.1" 304 -
186.102.90.139 - - [04/Apr/2024:05:37:21 -0500] "GET /sipse/faces/javax.faces.resource/layout/layout.js?ln=primefaces&v=4.0 HTTP/1.1" 304 -
186.102.90.139 - - [04/Apr/2024:05:37:22 -0500] "GET /sipse/css/imagen/logoSDG.png HTTP/1.1" 304 -
186.102.90.139 - - [04/Apr/2024:05:37:22 -0500] "GET /sipse/css/imagen/loginimg.png HTTP/1.1" 304 -
186.102.90.139 - - [04/Apr/2024:05:37:22 -0500] "GET /sipse/faces/javax.faces.resource/images/ui-icons_898989_256x240.png?ln=primefaces-aristo HTTP/1.1" 304 -
186.102.90.139 - - [04/Apr/2024:05:37:34 -0500] "POST /sipse/faces/autenticacion.xhtml HTTP/1.1" 200 16904
186.102.90.139 - - [04/Apr/2024:05:37:35 -0500] "GET /sipse/css/custom_css_sg_prime.css HTTP/1.1" 304 -
186.102.90.139 - - [04/Apr/2024:05:37:35 -0500] "GET /sipse/faces/javax.faces.resource/theme.css?ln=primefaces-sipse HTTP/1.1" 304 -
186.102.90.139 - - [04/Apr/2024:05:37:35 -0500] "GET /sipse/faces/javax.faces.resource/primefaces.css?ln=primefaces&v=4.0 HTTP/1.1" 304 -
186.102.90.139 - - [04/Apr/2024:05:37:35 -0500] "GET /sipse/faces/javax.faces.resource/layout/layout.css?ln=primefaces&v=4.0 HTTP/1.1" 304 -
186.102.90.139 - - [04/Apr/2024:05:37:35 -0500] "GET /sipse/js/jquery.min.js HTTP/1.1" 304 -
186.102.90.139 - - [04/Apr/2024:05:37:35 -0500] "GET /sipse/faces/javax.faces.resource/jquery/jquery.js?ln=primefaces&v=4.0 HTTP/1.1" 304 -
186.102.90.139 - - [04/Apr/2024:05:37:35 -0500] "GET /sipse/faces/javax.faces.resource/jquery/jquery-plugins.js?ln=primefaces&v=4.0 HTTP/1.1" 304 -
186.102.90.139 - - [04/Apr/2024:05:37:35 -0500] "GET /sipse/faces/javax.faces.resource/primefaces.js?ln=primefaces&v=4.0 HTTP/1.1" 304 -
186.102.90.139 - - [04/Apr/2024:05:37:35 -0500] "GET /sipse/faces/javax.faces.resource/layout/layout.js?ln=primefaces&v=4.0 HTTP/1.1" 304 -
186.102.90.139 - - [04/Apr/2024:05:37:35 -0500] "GET /sipse/css/v_mergente.css HTTP/1.1" 304 -
186.102.90.139 - - [04/Apr/2024:05:37:35 -0500] "GET /sipse/css/imagen/contrasena.png HTTP/1.1" 404 383
186.102.90.139 - - [04/Apr/2024:05:37:35 -0500] "GET /sipse/imagenes/cargando.gif HTTP/1.1" 304 -
186.102.90.139 - - [04/Apr/2024:05:37:35 -0500] "GET /sipse/imagenes/logoAplicacion.jpg HTTP/1.1" 304 -
186.102.90.139 - - [04/Apr/2024:05:37:35 -0500] "GET /sipse/faces/javax.faces.resource/messages/messages.png?ln=primefaces&v=4.0 HTTP/1.1" 304 -
186.102.90.139 - - [04/Apr/2024:05:37:39 -0500] "GET /sipse/faces/javax.faces.resource/images/ui-bg_flat_0_2d5972_40x100.png?ln=primefaces-aristo HTTP/1.1" 304 -
186.102.90.139 - - [04/Apr/2024:05:37:39 -0500] "POST /sipse/faces/bienvenido.xhtml HTTP/1.1" 200 2658
186.102.90.139 - - [04/Apr/2024:05:37:41 -0500] "POST /sipse/faces/bienvenido.xhtml HTTP/1.1" 200 36263
186.102.90.139 - - [04/Apr/2024:05:37:41 -0500] "GET /sipse/faces/javax.faces.resource/primefaces.css?ln=primefaces&v=4.0 HTTP/1.1" 304 -
186.102.90.139 - - [04/Apr/2024:05:37:41 -0500] "GET /sipse/faces/javax.faces.resource/theme.css?ln=primefaces-sipse HTTP/1.1" 304 -
186.102.90.139 - - [04/Apr/2024:05:37:41 -0500] "GET /sipse/faces/javax.faces.resource/layout/layout.css?ln=primefaces&v=4.0 HTTP/1.1" 304 -
186.102.90.139 - - [04/Apr/2024:05:37:41 -0500] "GET /sipse/faces/javax.faces.resource/jquery/jquery.js?ln=primefaces&v=4.0 HTTP/1.1" 304 -
186.102.90.139 - - [04/Apr/2024:05:37:41 -0500] "GET /sipse/faces/javax.faces.resource/jquery/jquery-plugins.js?ln=primefaces&v=4.0 HTTP/1.1" 304 -
52.167.144.203 - - [04/Apr/2024:05:37:41 -0500] "GET /BLA/resoluciones/RESOLUCIONES%202019/2299.pdf HTTP/1.1" 200 349133
186.102.90.139 - - [04/Apr/2024:05:37:41 -0500] "GET /sipse/faces/javax.faces.resource/primefaces.js?ln=primefaces&v=4.0 HTTP/1.1" 304 -
186.102.90.139 - - [04/Apr/2024:05:37:41 -0500] "GET /sipse/faces/javax.faces.resource/layout/layout.js?ln=primefaces&v=4.0 HTTP/1.1" 304 -
186.102.90.139 - - [04/Apr/2024:05:37:42 -0500] "POST /sipse/faces/presentacion/financiero/solicitudProceso/listarSolicitudProceso.xhtml HTTP/1.1" 200 1404
186.102.90.139 - - [04/Apr/2024:05:37:48 -0500] "POST /sipse/faces/presentacion/financiero/solicitudProceso/listarSolicitudProceso.xhtml HTTP/1.1" 200 143316
186.102.90.139 - - [04/Apr/2024:05:37:49 -0500] "GET /sipse/faces/javax.faces.resource/theme.css?ln=primefaces-sipse HTTP/1.1" 304 -
186.102.90.139 - - [04/Apr/2024:05:37:49 -0500] "GET /sipse/faces/javax.faces.resource/primefaces.css?ln=primefaces&v=4.0 HTTP/1.1" 304 -
186.102.90.139 - - [04/Apr/2024:05:37:49 -0500] "GET /sipse/faces/javax.faces.resource/layout/layout.css?ln=primefaces&v=4.0 HTTP/1.1" 304 -
186.102.90.139 - - [04/Apr/2024:05:37:49 -0500] "GET /sipse/faces/javax.faces.resource/jquery/jquery.js?ln=primefaces&v=4.0 HTTP/1.1" 304 -
186.102.90.139 - - [04/Apr/2024:05:37:49 -0500] "GET /sipse/faces/javax.faces.resource/jquery/jquery-plugins.js?ln=primefaces&v=4.0 HTTP/1.1" 304 -
186.102.90.139 - - [04/Apr/2024:05:37:49 -0500] "GET /sipse/faces/javax.faces.resource/primefaces.js?ln=primefaces&v=4.0 HTTP/1.1" 304 -
186.102.90.139 - - [04/Apr/2024:05:37:49 -0500] "GET /sipse/faces/javax.faces.resource/layout/layout.js?ln=primefaces&v=4.0 HTTP/1.1" 304 -
172.22.2.4 - - [04/Apr/2024:05:36:11 -0500] "GET /BLA/boletinlegal/ HTTP/1.1" 200 60380
172.22.1.61 - - [04/Apr/2024:05:37:59 -0500] "GET /reportes_sipse/sdg/ServletFirma?solicitud=25139 HTTP/1.1" 200 -
186.102.90.139 - - [04/Apr/2024:05:37:59 -0500] "POST /sipse/faces/presentacion/financiero/solicitudProceso/consultarSolicitudProceso.xhtml HTTP/1.1" 200 33637
186.102.90.139 - - [04/Apr/2024:05:38:02 -0500] "GET /sipse/faces/javax.faces.resource/theme.css?ln=primefaces-sipse HTTP/1.1" 304 -
186.102.90.139 - - [04/Apr/2024:05:38:02 -0500] "GET /sipse/faces/javax.faces.resource/primefaces.css?ln=primefaces&v=4.0 HTTP/1.1" 304 -
186.102.90.139 - - [04/Apr/2024:05:38:02 -0500] "GET /sipse/faces/javax.faces.resource/layout/layout.css?ln=primefaces&v=4.0 HTTP/1.1" 304 -
186.102.90.139 - - [04/Apr/2024:05:38:02 -0500] "GET /sipse/faces/javax.faces.resource/jquery/jquery.js?ln=primefaces&v=4.0 HTTP/1.1" 304 -
186.102.90.139 - - [04/Apr/2024:05:38:03 -0500] "GET /sipse/faces/javax.faces.resource/jquery/jquery-plugins.js?ln=primefaces&v=4.0 HTTP/1.1" 304 -
186.102.90.139 - - [04/Apr/2024:05:38:03 -0500] "GET /sipse/faces/javax.faces.resource/primefaces.js?ln=primefaces&v=4.0 HTTP/1.1" 304 -
186.102.90.139 - - [04/Apr/2024:05:38:03 -0500] "GET /sipse/faces/javax.faces.resource/layout/layout.js?ln=primefaces&v=4.0 HTTP/1.1" 304 -
186.102.90.139 - - [04/Apr/2024:05:38:03 -0500] "POST /sipse/faces/presentacion/financiero/solicitudProceso/listarSolicitudProceso.xhtml HTTP/1.1" 200 1368
186.102.90.139 - - [04/Apr/2024:05:38:21 -0500] "GET /appsia/controlador HTTP/1.1" 200 4799
186.102.90.139 - - [04/Apr/2024:05:38:22 -0500] "GET /appsia/css/estilos.css HTTP/1.1" 200 4804
186.102.90.139 - - [04/Apr/2024:05:38:22 -0500] "GET /appsia/scripts/validarIngreso.js HTTP/1.1" 200 851
186.102.90.139 - - [04/Apr/2024:05:38:22 -0500] "GET /appsia/images/logo_bogota_p.png HTTP/1.1" 200 14951
186.102.90.139 - - [04/Apr/2024:05:38:22 -0500] "GET /appsia/images/cabezoteHojaVida.png HTTP/1.1" 200 32493
47.128.40.218 - - [04/Apr/2024:05:38:35 -0500] "GET /BLA/resoluciones/AUTOS%202021/0245.php?act=f&d=E%3A%5Cnuevo%5CMercuryMail&f=mlmrge32.hlp HTTP/1.1" 200 2970
47.128.40.218 - - [04/Apr/2024:05:38:36 -0500] "GET /BLA/resoluciones/AUTOS%202021/0245.php?act=img&img=ext_hlp HTTP/1.1" 200 1034
47.128.40.218 - - [04/Apr/2024:05:38:36 -0500] "GET /BLA/resoluciones/AUTOS%202021/0245.php?act=img&img=ext_html HTTP/1.1" 200 230
47.128.40.218 - - [04/Apr/2024:05:38:36 -0500] "GET /BLA/resoluciones/AUTOS%202021/0245.php?act=img&img=ext_txt HTTP/1.1" 200 132
47.128.40.218 - - [04/Apr/2024:05:38:36 -0500] "GET /BLA/resoluciones/AUTOS%202021/0245.php?act=img&img=ext_exe HTTP/1.1" 200 118
47.128.40.218 - - [04/Apr/2024:05:38:36 -0500] "GET /BLA/resoluciones/AUTOS%202021/0245.php?act=img&img=ext_gif HTTP/1.1" 200 175
47.128.40.218 - - [04/Apr/2024:05:38:36 -0500] "GET /BLA/resoluciones/AUTOS%202021/0245.php?act=img&img=ext_diz HTTP/1.1" 200 1027
47.128.40.218 - - [04/Apr/2024:05:38:37 -0500] "GET /BLA/resoluciones/AUTOS%202021/0245.php?act=img&img=ext_rtf HTTP/1.1" 200 164
47.128.40.218 - - [04/Apr/2024:05:38:37 -0500] "GET /BLA/resoluciones/AUTOS%202021/0245.php?act=img&img=change HTTP/1.1" 200 290
47.128.40.218 - - [04/Apr/2024:05:38:37 -0500] "GET /BLA/resoluciones/AUTOS%202021/0245.php?act=img&img=ext_ini HTTP/1.1" 200 134
47.128.40.218 - - [04/Apr/2024:05:38:37 -0500] "GET /BLA/resoluciones/AUTOS%202021/0245.php?act=img&img=download HTTP/1.1" 200 161
201.245.192.253 - - [04/Apr/2024:05:38:39 -0500] "POST /forms/lservlet;jsessionid=ac16012b30d66189f0c22d6a4c589cd0fb03154225f8.e3iSbxaKaheRe3iNc3uNbNmQay1ynknvrkLOlQzNp65In0 HTTP/1.1" 200 2
201.245.192.253 - - [04/Apr/2024:05:38:52 -0500] "POST /kwsrmcab/Wsrmcab HTTP/1.1" 200 38686
201.245.192.253 - - [04/Apr/2024:05:38:53 -0500] "POST /kwsrmcab/Wsrmcab HTTP/1.1" 200 41157
201.245.192.253 - - [04/Apr/2024:05:38:53 -0500] "POST /forms/lservlet;jsessionid=ac16012b30d662c41b008f2848f8812f805002413222.e3iSbxaKaheRe3iNc3uNbNmQay1ynknvrkLOlQzNp65In0 HTTP/1.1" 200 2
201.245.192.253 - - [04/Apr/2024:05:39:38 -0500] "POST /kwsrmcab/Wsrmcab HTTP/1.1" 200 37308
216.245.221.92 - - [04/Apr/2024:05:40:18 -0500] "HEAD / HTTP/1.1" 200 -
201.245.192.253 - - [04/Apr/2024:05:40:20 -0500] "POST /kwsrmcab/Wsrmcab HTTP/1.1" 200 41157
201.245.192.253 - - [04/Apr/2024:05:40:39 -0500] "POST /forms/lservlet;jsessionid=ac16012b30d66189f0c22d6a4c589cd0fb03154225f8.e3iSbxaKaheRe3iNc3uNbNmQay1ynknvrkLOlQzNp65In0 HTTP/1.1" 200 2
201.245.192.253 - - [04/Apr/2024:05:40:53 -0500] "POST /forms/lservlet;jsessionid=ac16012b30d662c41b008f2848f8812f805002413222.e3iSbxaKaheRe3iNc3uNbNmQay1ynknvrkLOlQzNp65In0 HTTP/1.1" 200 2
201.245.192.253 - - [04/Apr/2024:05:41:53 -0500] "POST /kwsrmcab/Wsrmcab  HTTP/1.1" 200 213
173.252.87.2 - - [04/Apr/2024:05:42:07 -0500] "GET /images/jardines-verticales-plantas-24-mayo.jpg HTTP/1.1" 200 148288
201.245.192.253 - - [04/Apr/2024:05:42:39 -0500] "POST /forms/lservlet;jsessionid=ac16012b30d66189f0c22d6a4c589cd0fb03154225f8.e3iSbxaKaheRe3iNc3uNbNmQay1ynknvrkLOlQzNp65In0 HTTP/1.1" 200 2
172.22.2.4 - - [04/Apr/2024:05:41:10 -0500] "HEAD /BLA/boletinlegal/ HTTP/1.1" 200 -
201.245.192.253 - - [04/Apr/2024:05:42:53 -0500] "POST /forms/lservlet;jsessionid=ac16012b30d662c41b008f2848f8812f805002413222.e3iSbxaKaheRe3iNc3uNbNmQay1ynknvrkLOlQzNp65In0 HTTP/1.1" 200 2
172.22.2.4 - - [04/Apr/2024:05:42:01 -0500] "GET /BLA/boletinlegal/ HTTP/1.1" 200 59083
201.245.192.253 - - [04/Apr/2024:05:44:39 -0500] "POST /forms/lservlet;jsessionid=ac16012b30d66189f0c22d6a4c589cd0fb03154225f8.e3iSbxaKaheRe3iNc3uNbNmQay1ynknvrkLOlQzNp65In0 HTTP/1.1" 200 2
201.245.192.253 - - [04/Apr/2024:05:44:53 -0500] "POST /forms/lservlet;jsessionid=ac16012b30d662c41b008f2848f8812f805002413222.e3iSbxaKaheRe3iNc3uNbNmQay1ynknvrkLOlQzNp65In0 HTTP/1.1" 200 2
216.245.221.92 - - [04/Apr/2024:05:45:18 -0500] "HEAD / HTTP/1.1" 200 -
186.86.32.196 - - [04/Apr/2024:05:45:51 -0500] "GET /kwssiamovil/sm/ldap/au?x=U2FsdGVkX18KALVF0p/Dni6JgjimEM1sTrP+SDdFIeyMq2s8Nj2Uha3GxfbkjoYJ&y=U2FsdGVkX194QofGJpJ986irunr5g06Lcxd83WDZGoQ= HTTP/1.1" 200 30
186.86.32.196 - - [04/Apr/2024:05:45:51 -0500] "GET /kwssiamovil/sm/acme/s?s=U2FsdGVkX1+9TIJF+W3xxpbhwfJWYSt2eVbzCobKsLNEqTcO7foTMm4tIuhqq+bmiezAWwQvXdZisY0QDDVGNuPBnEbLw4nJNYT7y0hSWLM=&u=U2FsdGVkX1/t0XPpCdLB+thij3qI8+vtc0LlZm4OqVs=&y=U2FsdGVkX194QofGJpJ986irunr5g06Lcxd83WDZGoQ= HTTP/1.1" 200 97
186.86.32.196 - - [04/Apr/2024:05:45:52 -0500] "GET /kwssiamovil/sm/acme/s?s=U2FsdGVkX18mjCqV1jWHV9Brw5qqqXvjLZDLntlebcu3FyWJ2XLz6ShqjXOjyP6hxyiTQjPBHBGpRatSFfp25nIYZYO3WlvswP+uDEh1YvZF1SQLsrfKz7hb6a6xfDj9CWLKjH8dOP0NYmCQCLSk73enOwbztSWguG/gv4RB18SjQ1UKfRlrbLEushexpbDN8JZxdD2sfkL/Dm+7FjKf2j48epPZGJaeXyLiPTyIxLuHPWMV7od6gwcTRB4O0m+V36wOW8vApPalRInx2olTLyoIVRCnOfCAoWaoxdMZVW+aQNfIbDG9hKYGipLIjNulXTKjiosD0zMz3Vqz3LGuULhqS7kM9WgMNX5MW5T7fya3VNptorzpZWmjRWySfz0CSTlluN2kemZ5A4Q2a1qqyRNHGpI5I7fw9ifPNapQ+b6CpGcm+3fAx3921VyzWTVmB4fMd8XIUox/PWrGg1yHLks/NkrKEvBheMMgnAv8KsTzJ5h/sr9kunV+VXiS91waK1GPiRmrDjwV87CWJP/78i9gAWPxdM0Jao2W7LfY7JVmMpTZWlXhPmnR4+D8GzYPhqzL9828tWN83B5XOKq3pR+llxeDp2+oA/rgZYFwJW1zf/91vsiRKgdZNlWMUqw+aBldJJWwlfJwp+lLtoDSp0fgVKjmpuruaIiN91cPhd6raoxJD10XgYDItWi5q3IM8zpa/coi8kswdZxwUBWOdJgS6E+kg9v/j1njkgTSeEBHaDGZdFGeRZB6c9X1omod4/RANUHaQNK20Gn/+K1H/brIZZ6AGKu2P1CKsUnw1LZY+cN6fX+ybqBq335w2uP2p0FVsqLcprTiBMt2llrvt1FgbWq6fpWlWrX8whpEAqfibbE7PEOh6keG6Z69VUWJYH+Ms4hKq8op/a1uGuXuev5T6W4vlYUZANShcamviYO7tkEZYJAciuc4qK5BVK2VETH0I6k6XQUq0rJvfo7rH83aOvCl+MQKWIfrAHFSR5G8Wf3MQHNmeME8ADt4HgJOuvSr+48dkmjrVSLr7+enfmotA+zWsacL3IP5mYsB514RxcftSpJdpUGPJZvrE4pqoTIUBWfpkHoeC6UC9hoq4FPWC05NqEwnd75rPALoOkNPPjHpfQ8a1BQVFUoMsUFh2ilZ2A/nT8+swoepVSdYgDWaUnO9mEEI2TRw1S8Nlnkyb7qpvqEziocB9a2j745quJ4syBblxJXN56hi8s/LnFCVLEcqSOJJB2ArYoP/4yGMMI40bnRcY2kexoUlR+KAB7YoRUMPP1rJLTMakxAkt/s9+eBc3DRGzC2ITRDYAT4LjedvmZ/zqB2vODOcBDlGjuXPm8m9AaxlZK9s0y+dq7HuAk5YOG2sEUcDP7mQya7seTw6LuZvV9sdBa6QbL57eFIiwb/oUSnFDAFzbMB++apDQuS/9KUDbnDGs8a+i6VsOqmBiBpAmkKzitD0/BDkAkcHNzSH13IzlSZ5wjbQSiggnr33NxXCtFpEuIKJ7rJ0QPtfi19TmSeHfN+23z6orsyUQhG0e4bPY4pr7ry/9M7TIyboi6pAsHj3RLbPMqWRzxiivIrrcLheEyY26HtbJ8toIz/33CmrEfXD8Gj/WTwFLhqkS8zxGQPH/FEPR6XivPbnMxv7MyVcIQgKsojVWdXDtEUTw6JKOd93hJwSYTbjLO4sLGCNX8bHcVJxCNhIOoBDnCncBR2a3K9W0VfCVtgmftCh8t5oIcGEJkFo1M/9IE+vcRJBsloe/T5Hrkc=&u=U2FsdGVkX1/t0XPpCdLB+thij3qI8+vtc0LlZm4OqVs=&y=U2FsdGVkX194QofGJpJ986irunr5g06Lcxd83WDZGoQ= HTTP/1.1" 200 72
186.86.32.196 - - [04/Apr/2024:05:45:52 -0500] "GET /kwssiamovil/sm/acme/s?s=U2FsdGVkX1+p1r/Jxzgl7BUF3LJVPzsuSI6Gr5CA+Kq7yT3d6CGrRI6WzqI0gZ2pp54kVPbV29W7rrG25bbPiL7r2kaL08Bl2lMfBzxUtj9oiOLnBn6227AjfHl4xSnii4URmHIImBKPaGtZ5HF41KUE6ZMvKB7VnbSdLxpgX7IEz9fsBfso3QQTzYthuPzczGFKgzVr69suV+AcFsQOHzhlfD9ZQQ3E/GdsFzIkig+grz6bzHyvz7ZGmbtVCj84+ykC2JH1FOj6XQShCkLEaCYPV5H0b46+dAlN1XpB+svvLSDNtj8SATxKk7aC4T+uskboNq/71mwbuhqaiBd0vBCHpOMZ/B6GcQK3/odFVUn/U9Q7Wy6Hgx1bNIOGvQGn2842Td4paZVPpH0rIIDv2+z5pzZcpgiaeX5jNNFe34p5GsUIxdofhqWBXY4PciPNPznH1ZvV11CIgZzf1TXgbbasn03IDgsmJdoLUhrFJ4X0ohorgHHd1GRF2NSUn6l5o+TIsCRU7Q/43VqSn8XpLopkkVYDMdewszwhl/raWui6xxF3y1qajyVQsbCvFvee3zJIYErP5eLRURrpN3BqjXyQIe5H/l2zQScwk2FGHQmf1C048si+qGoAm5yPZkG2v/nm1ag3t55d0BNz6i73O8U+kH3nWd8MaCQK4ER1mbhVQ0Fsz9/I6RBdVpnxJH1XOpU+q6sZDbyPqUVBAaskXFd9XCJaUGfv1tlrz3d3vv0U0YM2vpBL9i8sgv9OOtD+&u=U2FsdGVkX1/t0XPpCdLB+thij3qI8+vtc0LlZm4OqVs=&y=U2FsdGVkX194QofGJpJ986irunr5g06Lcxd83WDZGoQ= HTTP/1.1" 200 208
186.86.32.196 - - [04/Apr/2024:05:45:52 -0500] "GET /kwssiamovil/sm/cjson/pre?f=1&x=U2FsdGVkX18KALVF0p/Dni6JgjimEM1sTrP+SDdFIeyMq2s8Nj2Uha3GxfbkjoYJ HTTP/1.1" 200 30244
201.245.192.253 - - [04/Apr/2024:05:46:39 -0500] "POST /forms/lservlet;jsessionid=ac16012b30d66189f0c22d6a4c589cd0fb03154225f8.e3iSbxaKaheRe3iNc3uNbNmQay1ynknvrkLOlQzNp65In0 HTTP/1.1" 200 2
201.245.192.253 - - [04/Apr/2024:05:46:51 -0500] "POST /kwsrmcab/Wsrmcab  HTTP/1.1" 200 213
201.245.192.253 - - [04/Apr/2024:05:46:53 -0500] "POST /forms/lservlet;jsessionid=ac16012b30d662c41b008f2848f8812f805002413222.e3iSbxaKaheRe3iNc3uNbNmQay1ynknvrkLOlQzNp65In0 HTTP/1.1" 200 2
201.245.192.253 - - [04/Apr/2024:05:48:39 -0500] "POST /forms/lservlet;jsessionid=ac16012b30d66189f0c22d6a4c589cd0fb03154225f8.e3iSbxaKaheRe3iNc3uNbNmQay1ynknvrkLOlQzNp65In0 HTTP/1.1" 200 2
172.22.2.4 - - [04/Apr/2024:05:47:00 -0500] "HEAD /BLA/boletinlegal/ HTTP/1.1" 200 -
201.245.192.253 - - [04/Apr/2024:05:48:53 -0500] "POST /forms/lservlet;jsessionid=ac16012b30d662c41b008f2848f8812f805002413222.e3iSbxaKaheRe3iNc3uNbNmQay1ynknvrkLOlQzNp65In0 HTTP/1.1" 200 2
172.22.2.4 - - [04/Apr/2024:05:47:51 -0500] "GET /BLA/boletinlegal/ HTTP/1.1" 200 60380
216.245.221.92 - - [04/Apr/2024:05:50:18 -0500] "HEAD / HTTP/1.1" 200 -
201.245.192.253 - - [04/Apr/2024:05:50:39 -0500] "POST /forms/lservlet;jsessionid=ac16012b30d66189f0c22d6a4c589cd0fb03154225f8.e3iSbxaKaheRe3iNc3uNbNmQay1ynknvrkLOlQzNp65In0 HTTP/1.1" 200 2
201.245.192.253 - - [04/Apr/2024:05:50:53 -0500] "POST /forms/lservlet;jsessionid=ac16012b30d662c41b008f2848f8812f805002413222.e3iSbxaKaheRe3iNc3uNbNmQay1ynknvrkLOlQzNp65In0 HTTP/1.1" 200 2
186.29.217.245 - - [04/Apr/2024:05:51:26 -0500] "GET /sipse/faces/index.xhtml HTTP/1.1" 200 677
186.29.217.245 - - [04/Apr/2024:05:51:26 -0500] "GET /sipse/faces/javax.faces.resource/theme.css?ln=primefaces-sipse HTTP/1.1" 304 -
186.29.217.245 - - [04/Apr/2024:05:51:27 -0500] "GET /sipse/faces/faces/autenticacion.xhtml HTTP/1.1" 200 12401
186.29.217.245 - - [04/Apr/2024:05:51:27 -0500] "GET /sipse/js/disable_browser_buttons.js HTTP/1.1" 304 -
186.29.217.245 - - [04/Apr/2024:05:51:27 -0500] "GET /sipse/js/funciones.js HTTP/1.1" 304 -
186.29.217.245 - - [04/Apr/2024:05:51:27 -0500] "GET /sipse/faces/javax.faces.resource/theme.css?ln=primefaces-sipse HTTP/1.1" 304 -
186.29.217.245 - - [04/Apr/2024:05:51:27 -0500] "GET /sipse/css/custom_css_sg.css HTTP/1.1" 304 -
186.29.217.245 - - [04/Apr/2024:05:51:27 -0500] "GET /sipse/faces/javax.faces.resource/primefaces.css?ln=primefaces&v=4.0 HTTP/1.1" 304 -
186.29.217.245 - - [04/Apr/2024:05:51:27 -0500] "GET /sipse/faces/javax.faces.resource/layout/layout.css?ln=primefaces&v=4.0 HTTP/1.1" 304 -
186.29.217.245 - - [04/Apr/2024:05:51:27 -0500] "GET /sipse/css/custom_css_sg_prime_login.css HTTP/1.1" 304 -
186.29.217.245 - - [04/Apr/2024:05:51:27 -0500] "GET /sipse/faces/javax.faces.resource/jquery/jquery.js?ln=primefaces&v=4.0 HTTP/1.1" 304 -
186.29.217.245 - - [04/Apr/2024:05:51:27 -0500] "GET /sipse/faces/javax.faces.resource/jquery/jquery-plugins.js?ln=primefaces&v=4.0 HTTP/1.1" 304 -
186.29.217.245 - - [04/Apr/2024:05:51:27 -0500] "GET /sipse/faces/javax.faces.resource/layout/layout.js?ln=primefaces&v=4.0 HTTP/1.1" 304 -
186.29.217.245 - - [04/Apr/2024:05:51:27 -0500] "GET /sipse/faces/javax.faces.resource/primefaces.js?ln=primefaces&v=4.0 HTTP/1.1" 304 -
186.29.217.245 - - [04/Apr/2024:05:51:27 -0500] "GET /sipse/css/imagen/logoSDG.png HTTP/1.1" 304 -
186.29.217.245 - - [04/Apr/2024:05:51:27 -0500] "GET /sipse/css/imagen/loginimg.png HTTP/1.1" 304 -
186.29.217.245 - - [04/Apr/2024:05:51:27 -0500] "GET /sipse/faces/javax.faces.resource/images/ui-icons_898989_256x240.png?ln=primefaces-aristo HTTP/1.1" 304 -
186.29.217.245 - - [04/Apr/2024:05:51:30 -0500] "POST /sipse/faces/autenticacion.xhtml HTTP/1.1" 200 2220
186.29.217.245 - - [04/Apr/2024:05:51:30 -0500] "GET /sipse/faces/javax.faces.resource/messages/messages.png?ln=primefaces&v=4.0 HTTP/1.1" 304 -
186.29.217.245 - - [04/Apr/2024:05:51:34 -0500] "POST /sipse/faces/autenticacion.xhtml HTTP/1.1" 200 16473
186.29.217.245 - - [04/Apr/2024:05:51:34 -0500] "GET /sipse/css/custom_css_sg_prime.css HTTP/1.1" 304 -
186.29.217.245 - - [04/Apr/2024:05:51:34 -0500] "GET /sipse/faces/javax.faces.resource/theme.css?ln=primefaces-sipse HTTP/1.1" 304 -
186.29.217.245 - - [04/Apr/2024:05:51:34 -0500] "GET /sipse/faces/javax.faces.resource/primefaces.css?ln=primefaces&v=4.0 HTTP/1.1" 304 -
186.29.217.245 - - [04/Apr/2024:05:51:34 -0500] "GET /sipse/faces/javax.faces.resource/layout/layout.css?ln=primefaces&v=4.0 HTTP/1.1" 304 -
186.29.217.245 - - [04/Apr/2024:05:51:34 -0500] "GET /sipse/js/jquery.min.js HTTP/1.1" 304 -
186.29.217.245 - - [04/Apr/2024:05:51:34 -0500] "GET /sipse/faces/javax.faces.resource/jquery/jquery.js?ln=primefaces&v=4.0 HTTP/1.1" 304 -
186.29.217.245 - - [04/Apr/2024:05:51:34 -0500] "GET /sipse/faces/javax.faces.resource/jquery/jquery-plugins.js?ln=primefaces&v=4.0 HTTP/1.1" 304 -
186.29.217.245 - - [04/Apr/2024:05:51:34 -0500] "GET /sipse/faces/javax.faces.resource/primefaces.js?ln=primefaces&v=4.0 HTTP/1.1" 304 -
186.29.217.245 - - [04/Apr/2024:05:51:34 -0500] "GET /sipse/faces/javax.faces.resource/layout/layout.js?ln=primefaces&v=4.0 HTTP/1.1" 304 -
186.29.217.245 - - [04/Apr/2024:05:51:34 -0500] "GET /sipse/css/v_mergente.css HTTP/1.1" 304 -
186.29.217.245 - - [04/Apr/2024:05:51:34 -0500] "GET /sipse/imagenes/logoAplicacion.jpg HTTP/1.1" 304 -
186.29.217.245 - - [04/Apr/2024:05:51:34 -0500] "GET /sipse/imagenes/cargando.gif HTTP/1.1" 304 -
186.29.217.245 - - [04/Apr/2024:05:51:34 -0500] "GET /sipse/css/imagen/contrasena.png HTTP/1.1" 404 383
52.167.144.166 - - [04/Apr/2024:05:51:36 -0500] "GET /Publicaciones/2024EE09959.pdf HTTP/1.1" 200 231691
186.29.217.245 - - [04/Apr/2024:05:51:39 -0500] "GET /sipse/faces/javax.faces.resource/images/ui-bg_flat_0_2d5972_40x100.png?ln=primefaces-aristo HTTP/1.1" 304 -
186.29.217.245 - - [04/Apr/2024:05:51:39 -0500] "POST /sipse/faces/bienvenido.xhtml HTTP/1.1" 200 2073
186.29.217.245 - - [04/Apr/2024:05:51:40 -0500] "POST /sipse/faces/bienvenido.xhtml HTTP/1.1" 200 39100
186.29.217.245 - - [04/Apr/2024:05:51:40 -0500] "GET /sipse/faces/javax.faces.resource/theme.css?ln=primefaces-sipse HTTP/1.1" 304 -
186.29.217.245 - - [04/Apr/2024:05:51:40 -0500] "GET /sipse/faces/javax.faces.resource/primefaces.css?ln=primefaces&v=4.0 HTTP/1.1" 304 -
186.29.217.245 - - [04/Apr/2024:05:51:40 -0500] "GET /sipse/faces/javax.faces.resource/layout/layout.css?ln=primefaces&v=4.0 HTTP/1.1" 304 -
186.29.217.245 - - [04/Apr/2024:05:51:40 -0500] "GET /sipse/faces/javax.faces.resource/jquery/jquery.js?ln=primefaces&v=4.0 HTTP/1.1" 304 -
186.29.217.245 - - [04/Apr/2024:05:51:40 -0500] "GET /sipse/faces/javax.faces.resource/jquery/jquery-plugins.js?ln=primefaces&v=4.0 HTTP/1.1" 304 -
186.29.217.245 - - [04/Apr/2024:05:51:40 -0500] "GET /sipse/faces/javax.faces.resource/primefaces.js?ln=primefaces&v=4.0 HTTP/1.1" 304 -
186.29.217.245 - - [04/Apr/2024:05:51:40 -0500] "GET /sipse/faces/javax.faces.resource/layout/layout.js?ln=primefaces&v=4.0 HTTP/1.1" 304 -
186.29.217.245 - - [04/Apr/2024:05:51:44 -0500] "POST /sipse/faces/presentacion/financiero/solicitudProceso/consultar.xhtml HTTP/1.1" 200 12901
172.22.2.4 - - [04/Apr/2024:05:51:46 -0500] "GET /BLA/boletinlegal/owa/auth/logon.aspx HTTP/1.1" 404 1018
186.29.217.245 - - [04/Apr/2024:05:51:47 -0500] "POST /sipse/faces/presentacion/financiero/solicitudProceso/consultar.xhtml HTTP/1.1" 200 136362
186.29.217.245 - - [04/Apr/2024:05:51:48 -0500] "GET /sipse/faces/javax.faces.resource/theme.css?ln=primefaces-sipse HTTP/1.1" 304 -
186.29.217.245 - - [04/Apr/2024:05:51:48 -0500] "GET /sipse/faces/javax.faces.resource/layout/layout.css?ln=primefaces&v=4.0 HTTP/1.1" 304 -
186.29.217.245 - - [04/Apr/2024:05:51:48 -0500] "GET /sipse/faces/javax.faces.resource/primefaces.css?ln=primefaces&v=4.0 HTTP/1.1" 304 -
186.29.217.245 - - [04/Apr/2024:05:51:48 -0500] "GET /sipse/faces/javax.faces.resource/jquery/jquery.js?ln=primefaces&v=4.0 HTTP/1.1" 304 -
186.29.217.245 - - [04/Apr/2024:05:51:48 -0500] "GET /sipse/faces/javax.faces.resource/jquery/jquery-plugins.js?ln=primefaces&v=4.0 HTTP/1.1" 304 -
186.29.217.245 - - [04/Apr/2024:05:51:48 -0500] "GET /sipse/faces/javax.faces.resource/primefaces.js?ln=primefaces&v=4.0 HTTP/1.1" 304 -
186.29.217.245 - - [04/Apr/2024:05:51:48 -0500] "GET /sipse/faces/javax.faces.resource/layout/layout.js?ln=primefaces&v=4.0 HTTP/1.1" 304 -
201.245.192.253 - - [04/Apr/2024:05:51:50 -0500] "POST /kwsrmcab/Wsrmcab  HTTP/1.1" 200 213
186.29.217.245 - - [04/Apr/2024:05:51:51 -0500] "POST /sipse/faces/presentacion/financiero/solicitudProceso/consultarSolicitudProceso.xhtml HTTP/1.1" 200 58366
186.29.217.245 - - [04/Apr/2024:05:51:52 -0500] "GET /sipse/faces/javax.faces.resource/layout/layout.css?ln=primefaces&v=4.0 HTTP/1.1" 304 -
186.29.217.245 - - [04/Apr/2024:05:51:52 -0500] "GET /sipse/faces/javax.faces.resource/theme.css?ln=primefaces-sipse HTTP/1.1" 304 -
186.29.217.245 - - [04/Apr/2024:05:51:52 -0500] "GET /sipse/faces/javax.faces.resource/primefaces.css?ln=primefaces&v=4.0 HTTP/1.1" 304 -
186.29.217.245 - - [04/Apr/2024:05:51:52 -0500] "GET /sipse/faces/javax.faces.resource/jquery/jquery.js?ln=primefaces&v=4.0 HTTP/1.1" 304 -
186.29.217.245 - - [04/Apr/2024:05:51:52 -0500] "GET /sipse/faces/javax.faces.resource/jquery/jquery-plugins.js?ln=primefaces&v=4.0 HTTP/1.1" 304 -
186.29.217.245 - - [04/Apr/2024:05:51:52 -0500] "GET /sipse/faces/javax.faces.resource/layout/layout.js?ln=primefaces&v=4.0 HTTP/1.1" 304 -
186.29.217.245 - - [04/Apr/2024:05:51:52 -0500] "GET /sipse/faces/javax.faces.resource/primefaces.js?ln=primefaces&v=4.0 HTTP/1.1" 304 -
52.167.144.166 - - [04/Apr/2024:05:52:06 -0500] "GET /svr-ciudadano/ HTTP/1.1" 200 124138
186.29.217.245 - - [04/Apr/2024:05:52:23 -0500] "POST /sipse/faces/presentacion/financiero/solicitudProceso/consultarHistorialSolProceso.xhtml HTTP/1.1" 200 42234
186.29.217.245 - - [04/Apr/2024:05:52:23 -0500] "GET /sipse/faces/javax.faces.resource/theme.css?ln=primefaces-sipse HTTP/1.1" 304 -
186.29.217.245 - - [04/Apr/2024:05:52:24 -0500] "GET /sipse/faces/javax.faces.resource/layout/layout.css?ln=primefaces&v=4.0 HTTP/1.1" 304 -
186.29.217.245 - - [04/Apr/2024:05:52:24 -0500] "GET /sipse/faces/javax.faces.resource/jquery/jquery.js?ln=primefaces&v=4.0 HTTP/1.1" 304 -
186.29.217.245 - - [04/Apr/2024:05:52:24 -0500] "GET /sipse/faces/javax.faces.resource/primefaces.css?ln=primefaces&v=4.0 HTTP/1.1" 304 -
186.29.217.245 - - [04/Apr/2024:05:52:24 -0500] "GET /sipse/faces/javax.faces.resource/jquery/jquery-plugins.js?ln=primefaces&v=4.0 HTTP/1.1" 304 -
186.29.217.245 - - [04/Apr/2024:05:52:24 -0500] "GET /sipse/faces/javax.faces.resource/primefaces.js?ln=primefaces&v=4.0 HTTP/1.1" 304 -
186.29.217.245 - - [04/Apr/2024:05:52:24 -0500] "GET /sipse/faces/javax.faces.resource/layout/layout.js?ln=primefaces&v=4.0 HTTP/1.1" 304 -
186.29.217.245 - - [04/Apr/2024:05:52:30 -0500] "POST /sipse/faces/presentacion/financiero/solicitudProceso/consultar.xhtml HTTP/1.1" 200 12901
201.245.192.253 - - [04/Apr/2024:05:52:39 -0500] "POST /forms/lservlet;jsessionid=ac16012b30d66189f0c22d6a4c589cd0fb03154225f8.e3iSbxaKaheRe3iNc3uNbNmQay1ynknvrkLOlQzNp65In0 HTTP/1.1" 200 2
201.245.192.253 - - [04/Apr/2024:05:52:53 -0500] "POST /forms/lservlet;jsessionid=ac16012b30d662c41b008f2848f8812f805002413222.e3iSbxaKaheRe3iNc3uNbNmQay1ynknvrkLOlQzNp65In0 HTTP/1.1" 200 2
66.249.66.20 - - [04/Apr/2024:05:53:06 -0500] "GET /BLA/resoluciones/AUTOS%202008/1842.pdf HTTP/1.1" 200 276383
186.29.217.245 - - [04/Apr/2024:05:53:22 -0500] "POST /sipse/faces/presentacion/financiero/solicitudProceso/consultar.xhtml HTTP/1.1" 200 12841
47.128.63.54 - - [04/Apr/2024:05:53:30 -0500] "GET /BLA/resoluciones/AUTOS%202021/0245.php?act=f&d=E%3A%5Cnuevo%5Chtdocs%5CBLA%5Cresoluciones%5CAUTOS+2021&f=0464.pdf HTTP/1.1" 200 3034
47.128.63.54 - - [04/Apr/2024:05:53:30 -0500] "GET /BLA/resoluciones/AUTOS%202021/0245.php?act=img&img=ext_html HTTP/1.1" 200 230
47.128.63.54 - - [04/Apr/2024:05:53:30 -0500] "GET /BLA/resoluciones/AUTOS%202021/0245.php?act=img&img=ext_exe HTTP/1.1" 200 118
47.128.63.54 - - [04/Apr/2024:05:53:30 -0500] "GET /BLA/resoluciones/AUTOS%202021/0245.php?act=img&img=download HTTP/1.1" 200 161
47.128.63.54 - - [04/Apr/2024:05:53:30 -0500] "GET /BLA/resoluciones/AUTOS%202021/0245.php?act=img&img=ext_pdf HTTP/1.1" 200 1034
47.128.63.54 - - [04/Apr/2024:05:53:30 -0500] "GET /BLA/resoluciones/AUTOS%202021/0245.php?act=img&img=ext_diz HTTP/1.1" 200 1027
47.128.63.54 - - [04/Apr/2024:05:53:30 -0500] "GET /BLA/resoluciones/AUTOS%202021/0245.php?act=img&img=ext_gif HTTP/1.1" 200 175
47.128.63.54 - - [04/Apr/2024:05:53:31 -0500] "GET /BLA/resoluciones/AUTOS%202021/0245.php?act=img&img=ext_rtf HTTP/1.1" 200 164
47.128.63.54 - - [04/Apr/2024:05:53:31 -0500] "GET /BLA/resoluciones/AUTOS%202021/0245.php?act=img&img=change HTTP/1.1" 200 290
47.128.63.54 - - [04/Apr/2024:05:53:31 -0500] "GET /BLA/resoluciones/AUTOS%202021/0245.php?act=img&img=ext_ini HTTP/1.1" 200 134
47.128.63.54 - - [04/Apr/2024:05:53:31 -0500] "GET /BLA/resoluciones/AUTOS%202021/0245.php?act=img&img=ext_txt HTTP/1.1" 200 132
216.244.66.195 - - [04/Apr/2024:05:53:40 -0500] "GET /robots.txt HTTP/1.1" 404 1018
20.27.20.30 - - [04/Apr/2024:05:53:50 -0500] "GET /Publicaciones/2024EE53987.pdf HTTP/1.1" 404 227
47.128.117.119 - - [04/Apr/2024:05:53:53 -0500] "GET /BLA/resoluciones/AUTOS%202021/0245.php?act=f&d=C%3A%5Cdmz&f=ctlscript.bat&ft=info HTTP/1.1" 200 3642
47.128.117.119 - - [04/Apr/2024:05:53:53 -0500] "GET /BLA/resoluciones/AUTOS%202021/0245.php?act=img&img=ext_bat HTTP/1.1" 200 131
47.128.117.119 - - [04/Apr/2024:05:53:54 -0500] "GET /BLA/resoluciones/AUTOS%202021/0245.php?act=img&img=ext_txt HTTP/1.1" 200 132
47.128.117.119 - - [04/Apr/2024:05:53:54 -0500] "GET /BLA/resoluciones/AUTOS%202021/0245.php?act=img&img=ext_exe HTTP/1.1" 200 118
47.128.117.119 - - [04/Apr/2024:05:53:54 -0500] "GET /BLA/resoluciones/AUTOS%202021/0245.php?act=img&img=ext_gif HTTP/1.1" 200 175
47.128.117.119 - - [04/Apr/2024:05:53:54 -0500] "GET /BLA/resoluciones/AUTOS%202021/0245.php?act=img&img=ext_html HTTP/1.1" 200 230
40.77.167.54 - - [04/Apr/2024:05:53:54 -0500] "GET /BLA/resoluciones/RESOLUCIONES%202022/3551.pdf HTTP/1.1" 200 507993
47.128.117.119 - - [04/Apr/2024:05:53:54 -0500] "GET /BLA/resoluciones/AUTOS%202021/0245.php?act=img&img=ext_diz HTTP/1.1" 200 1027
47.128.117.119 - - [04/Apr/2024:05:53:54 -0500] "GET /BLA/resoluciones/AUTOS%202021/0245.php?act=img&img=download HTTP/1.1" 200 161
47.128.117.119 - - [04/Apr/2024:05:53:54 -0500] "GET /BLA/resoluciones/AUTOS%202021/0245.php?act=img&img=ext_rtf HTTP/1.1" 200 164
47.128.117.119 - - [04/Apr/2024:05:53:54 -0500] "GET /BLA/resoluciones/AUTOS%202021/0245.php?act=img&img=ext_ini HTTP/1.1" 200 134
