186.102.0.62 - - [04/Apr/2024:00:41:35 -0500] "GET /kwssiamovil/sm/acme/a?s=U2FsdGVkX18kgsIpbxFhXvi1ik2igK0GOqjilT3hctTD9Gy5xY1g9Hne5WHpa6rkpY4zOHGePvg+5ugXLHle69nuZWnodyYE3WaoEEShdgWDxLhXCBfjZDN3veTjL7O7n6g0SEqHcQbxvWsn6N2pcOtg4r/RephYTxnl7ZX3tTbOIixBFXE7hRFshQerXjbICL0PaalXGSodmdqryxCaK1/AZLC0KRRqDPTc4HmLdIQS3u18pWVddgAq7L3iaFEpW2vwlnBQJo7DAbRmF83kGV5Tz2KZ38VX5q+Joj3UjFe401fRR5nDx38+5I9dCHorW/5meB9SZW0V51WqtuZIYYP8KhnE4FyvOTrzkZ3GXpZt511A1K8XLOgscqyeSBbnRYvgZ+IPsh9mKXqoP2xFiFMDKve6ZHQL2YoGlZCfy2f706pSXHqBi1VREx832l43rH9M/DJR+XWW7McXBaWOxdmtEOKe9iLeGoGEe3a98yNl3sJI4qRT2iW7hw98k1ZDc12fRRQD7FzAcnDdoBgN7HS2BnImwyxfC6/30tK7L9EQy4wpjY87Pm71ogzxaEWlsdeuOk2e47dmiCC/bVMV475rmls+6thLvO2/DRiKzZ+Vz51vQHMgT8GZ5CXaLbTBNugcWzvH9P46PbS3AfmjDsLNBYHwVFMzLda7sIab1t48XvfCN66AES8wh7BmtrXDR2N4IXgPVaDmLpcLl0hY8xrZFiy1/sPz6UGkK2U6NxCBOP8t0ZvB8aR5JS+pAAa1SOg0Ijf21JBLGf9FWW63i2Tyha9hDm+AgalsIcB2aGyWh+XmE4Bm7RuOi/Iywt7gRfYoNPS9lpzMEAyQHhGXrUX8OOg4GDLG4C7bQNVOmLgk+5bHIc4g+Fpf3YVFHCsl6L2EhT5ab76W7Ixqc5uefw16gIkBOiot3qWhSs1Jwke0sdaGh/JzPUSmQVEgLcmD/WKCK5tg1pCO5liFuRD0Z6NpPuPl23Ux1dOdg/LClPb2tJxNWgw/mYj86tGYHY2Zg9SMtaZjyzeGVnIoH7r+H1w9ViG8NGhdjfqfBOxntbQkqf8ApzDZsmgoQuOS3MJVDz6kzQ8hdX5EsXGb+/3HeKLBls5A9z6G4EWwkY1POGKabyGYrK32B0UJthv4dV5+Sg7YBQijYp5jVcmTYeDxxMgPAzCpEpDpv+XAqxLJ/x8SMWzFr6D8yLG+j8iCN19sLaA4ChJ2cwmVmNJqCO7SCYQWkMgEAW0v4b6EevCBGMo1rktg7f9MFYUXw4MebNyTKfXenUV5aU9V5ZlEzvGKjrxrPLrpOSbD65aAW3S75g9c06g8xlDH2X7W7xKgVxYMxvFJ5ioy33tRXnUz8n5QlGCb9GJG3G1Mj9gO7cOiavhRWXultOHUxbv0h+amwpGnjjENcO208ksOnQORqMK4zXNQuBfdube1PSEw5st+wR+r+cKQJiWjP2BOllexNmb6FJzBU0dbMd2GtGNknJjF6POl0dcHDOxOsA/5jXAaqDO+3LNAQcceUuAWzNQwu/b57t0wAR+VXZZFygxXw7XemhaF5gUiSg9iYwrqW9Ua2i2Svlg7FfQixSBOjWOU8n6VtL800SbZhMTiLS9/rjjlhgpSQF7RsShg0mqLzhbyvrffivEGncxHmo79n5iypA5Q8dXwXCe+Avj4NlYjep/oodFuI4X06pvTvG5KUxfOpkkT50zbFp+D2lE7mZBHQfcRwntKWc6qxXvew/eadKNevGTkhh1yr6BYpVWZzYicyjDcWoyUarU6aomEh1K0ITafzTIiqFi3zZUlFN+oP+yM9AAK2YkOYqzzGB6rE93jhoyr2XLMFDvrU/p2lyifYMHl77DtskDvlhcgi66gErp9c/GmA5CFVUclNBuAWvHyIBKZ77gaZlSXrUaVr17dn2eWgfZgLoOHQu+Hu3ZIceS9YSmSu8242GK1VP8nzA/YBH7Sznx7zGp39q9TExUl+o4jNktU5sSQkRXgYMz16nybVXw843/ym0CoDgwZwp4ntyXPGmofSiqfKR6zVK8P1L4WYMApQ9Wd+6OwZLOcp4MGR8C6HyEsE/Qm58aKJYKnD47ehRsKrul/n7DNPoO3cNJI7AigI+ddrdT6D4cNobbaIh+tpRXpar7sSAIBCEzzVK63wjfx5Rqve4OJMgNZMueK&u=U2FsdGVkX18Y6524nAhOE2LFU7pxEaKl4xALLTku+lA=&y=U2FsdGVkX195KrhQM0+2P2zR4KQUzFfp4qKMLx09hRU= HTTP/1.1" 200 26
186.102.0.62 - - [04/Apr/2024:00:41:35 -0500] "GET /kwssiamovil/sm/acme/a?s=U2FsdGVkX18FrC/YWxzbytUKGAKqj89OWf8o1hrRITNcKkMCInHbuba1x17cbRdGBefxptskM6orWvQhUCT0O9QhmzREWTG2mZ7cpssm01hhVj56LOcaccbKTGC4QzEqY0aBch3MgrtzUhmgRHVOvo2pBTCH5PblDYLYIWs9mEU=&u=U2FsdGVkX18Y6524nAhOE2LFU7pxEaKl4xALLTku+lA=&y=U2FsdGVkX195KrhQM0+2P2zR4KQUzFfp4qKMLx09hRU= HTTP/1.1" 200 26
186.102.0.62 - - [04/Apr/2024:00:41:36 -0500] "GET /kwssiamovil/sm/acme/a?s=U2FsdGVkX18DpoUAHFK+R2ugh9xVN0XME/ilEK1edKuYzIo8OdBhrM7SvMyEOgFdwu3fmOijoR94Lc0b7FIEnuXFD2GhRSgBdxklyl3TIr7lpeQhrqrxamZWaowf6NHievIS8i4xHl0OvwcmnzhYf2v9oaSxhTu1dyk8ug6kWh4=&u=U2FsdGVkX18Y6524nAhOE2LFU7pxEaKl4xALLTku+lA=&y=U2FsdGVkX195KrhQM0+2P2zR4KQUzFfp4qKMLx09hRU= HTTP/1.1" 200 26
186.102.0.62 - - [04/Apr/2024:00:41:36 -0500] "GET /kwssiamovil/sm/acme/a?s=U2FsdGVkX18A3ll033rIaPPMCaN7+SCeyEzYs9rnFycInwORX/GcAc8yJZjQfzjYa37hMo7+QkvobjwIyd82vZMZ0gUx9zReiOnT8eSRNJEWb7iPKcOS3/nIOK8S4RWvSeNIAZS9/8WZGn6MzJqWd9FiVf58SlIRBbnyKC/N470=&u=U2FsdGVkX18Y6524nAhOE2LFU7pxEaKl4xALLTku+lA=&y=U2FsdGVkX195KrhQM0+2P2zR4KQUzFfp4qKMLx09hRU= HTTP/1.1" 200 26
186.102.0.62 - - [04/Apr/2024:00:41:36 -0500] "GET /kwssiamovil/sm/acme/a?s=U2FsdGVkX1/yn3isJUBRf2BjAZXBKFNv3MZob0t+jPFRzfug3pITsVLeRzgEE7CgNn6LdGm+cRm8BdKCLriwKuY+SixG72ApwSR3Wi6xlZ9HKIAcfg/9FFZLrX8ryxcaM+eFa/rfmS7ir9NPePAZc4txZm8KelE4wgDvZsWJYsz41yN/F6Rcdq+ZWEFYNOJl&u=U2FsdGVkX18Y6524nAhOE2LFU7pxEaKl4xALLTku+lA=&y=U2FsdGVkX195KrhQM0+2P2zR4KQUzFfp4qKMLx09hRU= HTTP/1.1" 200 26
134.122.12.46 - - [04/Apr/2024:00:42:10 -0500] "GET / HTTP/1.0" 200 319
66.249.66.11 - - [04/Apr/2024:00:42:29 -0500] "GET /BLA/resoluciones/RESOLUCIONES%202010/1535.pdf HTTP/1.1" 200 502943
201.245.192.253 - - [04/Apr/2024:00:42:37 -0500] "POST /forms/lservlet;jsessionid=ac16012b30d66189f0c22d6a4c589cd0fb03154225f8.e3iSbxaKaheRe3iNc3uNbNmQay1ynknvrkLOlQzNp65In0 HTTP/1.1" 200 2
162.55.175.144 - - [04/Apr/2024:00:42:43 -0500] "GET / HTTP/1.1" 200 4720
201.245.192.253 - - [04/Apr/2024:00:42:52 -0500] "POST /forms/lservlet;jsessionid=ac16012b30d662c41b008f2848f8812f805002413222.e3iSbxaKaheRe3iNc3uNbNmQay1ynknvrkLOlQzNp65In0 HTTP/1.1" 200 2
201.245.192.253 - - [04/Apr/2024:00:43:20 -0500] "POST /kwsrmcab/Wsrmcab  HTTP/1.1" 200 213
201.245.192.253 - - [04/Apr/2024:00:44:37 -0500] "POST /forms/lservlet;jsessionid=ac16012b30d66189f0c22d6a4c589cd0fb03154225f8.e3iSbxaKaheRe3iNc3uNbNmQay1ynknvrkLOlQzNp65In0 HTTP/1.1" 200 2
66.249.66.21 - - [04/Apr/2024:00:44:48 -0500] "GET /BLA/resoluciones/AUTOS%202013/1163.pdf HTTP/1.1" 200 758428
201.245.192.253 - - [04/Apr/2024:00:44:52 -0500] "POST /forms/lservlet;jsessionid=ac16012b30d662c41b008f2848f8812f805002413222.e3iSbxaKaheRe3iNc3uNbNmQay1ynknvrkLOlQzNp65In0 HTTP/1.1" 200 2
216.245.221.92 - - [04/Apr/2024:00:45:20 -0500] "HEAD / HTTP/1.1" 200 -
172.22.2.4 - - [04/Apr/2024:00:43:41 -0500] "HEAD /BLA/boletinlegal/ HTTP/1.1" 200 -
66.249.66.21 - - [04/Apr/2024:00:45:48 -0500] "GET /BLA/resoluciones/RESOLUCIONES%202012/0537.pdf HTTP/1.1" 200 399476
87.121.69.52 - - [04/Apr/2024:00:45:52 -0500] "CONNECT google.com:443 HTTP/1.1" 405 938
172.22.2.4 - - [04/Apr/2024:00:44:32 -0500] "GET /BLA/boletinlegal/ HTTP/1.1" 200 58273
201.245.192.253 - - [04/Apr/2024:00:46:37 -0500] "POST /forms/lservlet;jsessionid=ac16012b30d66189f0c22d6a4c589cd0fb03154225f8.e3iSbxaKaheRe3iNc3uNbNmQay1ynknvrkLOlQzNp65In0 HTTP/1.1" 200 2
201.245.192.253 - - [04/Apr/2024:00:46:52 -0500] "POST /forms/lservlet;jsessionid=ac16012b30d662c41b008f2848f8812f805002413222.e3iSbxaKaheRe3iNc3uNbNmQay1ynknvrkLOlQzNp65In0 HTTP/1.1" 200 2
151.106.160.165 - - [04/Apr/2024:00:47:58 -0500] "GET /robots.txt HTTP/1.1" 404 1034
151.106.160.165 - - [04/Apr/2024:00:47:58 -0500] "GET / HTTP/1.1" 200 4720
17.241.219.42 - - [04/Apr/2024:00:48:06 -0500] "GET /regresa-la-exposicion-nacional-de-orquideas-en-su-vigesima-edicion-y-primera-version-internacional.html HTTP/1.1" 200 848
201.245.192.253 - - [04/Apr/2024:00:48:18 -0500] "POST /kwsrmcab/Wsrmcab  HTTP/1.1" 200 213
201.245.192.253 - - [04/Apr/2024:00:48:38 -0500] "POST /forms/lservlet;jsessionid=ac16012b30d66189f0c22d6a4c589cd0fb03154225f8.e3iSbxaKaheRe3iNc3uNbNmQay1ynknvrkLOlQzNp65In0 HTTP/1.1" 200 2
201.245.192.253 - - [04/Apr/2024:00:48:52 -0500] "POST /forms/lservlet;jsessionid=ac16012b30d662c41b008f2848f8812f805002413222.e3iSbxaKaheRe3iNc3uNbNmQay1ynknvrkLOlQzNp65In0 HTTP/1.1" 200 2
66.249.66.20 - - [04/Apr/2024:00:49:19 -0500] "GET /BLA/resoluciones/RESOLUCIONES%202011/2003.pdf HTTP/1.1" 200 442985
216.245.221.92 - - [04/Apr/2024:00:50:20 -0500] "HEAD / HTTP/1.1" 200 -
201.245.192.253 - - [04/Apr/2024:00:50:37 -0500] "POST /forms/lservlet;jsessionid=ac16012b30d66189f0c22d6a4c589cd0fb03154225f8.e3iSbxaKaheRe3iNc3uNbNmQay1ynknvrkLOlQzNp65In0 HTTP/1.1" 200 2
201.245.192.253 - - [04/Apr/2024:00:50:52 -0500] "POST /forms/lservlet;jsessionid=ac16012b30d662c41b008f2848f8812f805002413222.e3iSbxaKaheRe3iNc3uNbNmQay1ynknvrkLOlQzNp65In0 HTTP/1.1" 200 2
172.22.2.4 - - [04/Apr/2024:00:49:31 -0500] "HEAD /BLA/boletinlegal/ HTTP/1.1" 200 -
61.178.32.114 - - [04/Apr/2024:00:51:48 -0500] "GET / HTTP/1.1" 200 319
172.22.2.4 - - [04/Apr/2024:00:50:22 -0500] "GET /BLA/boletinlegal/ HTTP/1.1" 200 55823
172.22.2.4 - - [04/Apr/2024:00:51:06 -0500] "GET /BLA/boletinlegal/ HTTP/1.1" 200 40907
191.156.253.46 - - [04/Apr/2024:00:52:26 -0500] "GET /sipse/css/custom_css_sg_prime_login.css HTTP/1.1" 200 443
191.156.253.36 - - [04/Apr/2024:00:52:26 -0500] "GET /sipse/css/custom_css_sg.css HTTP/1.1" 200 9694
191.156.253.36 - - [04/Apr/2024:00:52:26 -0500] "GET /sipse/faces/javax.faces.resource/layout/layout.css?ln=primefaces&v=4.0 HTTP/1.1" 304 -
191.156.253.46 - - [04/Apr/2024:00:52:26 -0500] "GET /sipse/faces/javax.faces.resource/primefaces.css?ln=primefaces&v=4.0 HTTP/1.1" 200 53295
191.156.253.46 - - [04/Apr/2024:00:52:26 -0500] "GET /sipse/faces/javax.faces.resource/theme.css?ln=primefaces-sipse HTTP/1.1" 200 50058
191.156.253.46 - - [04/Apr/2024:00:52:26 -0500] "GET /sipse/faces/javax.faces.resource/jquery/jquery.js?ln=primefaces&v=4.0 HTTP/1.1" 200 105384
191.156.253.46 - - [04/Apr/2024:00:52:27 -0500] "GET /sipse/js/disable_browser_buttons.js HTTP/1.1" 200 3230
191.156.253.46 - - [04/Apr/2024:00:52:27 -0500] "GET /sipse/js/funciones.js HTTP/1.1" 200 12592
191.156.253.36 - - [04/Apr/2024:00:52:26 -0500] "GET /sipse/faces/javax.faces.resource/layout/layout.js?ln=primefaces&v=4.0 HTTP/1.1" 200 87560
191.156.253.36 - - [04/Apr/2024:00:52:26 -0500] "GET /sipse/faces/javax.faces.resource/primefaces.js?ln=primefaces&v=4.0 HTTP/1.1" 200 276924
191.156.253.46 - - [04/Apr/2024:00:52:26 -0500] "GET /sipse/faces/javax.faces.resource/jquery/jquery-plugins.js?ln=primefaces&v=4.0 HTTP/1.1" 200 220526
191.156.253.36 - - [04/Apr/2024:00:52:27 -0500] "GET /sipse/faces/javax.faces.resource/images/ui-icons_898989_256x240.png?ln=primefaces-aristo HTTP/1.1" 304 -
191.156.253.46 - - [04/Apr/2024:00:52:27 -0500] "GET /sipse/css/imagen/logoSDG.png HTTP/1.1" 200 53064
191.156.253.36 - - [04/Apr/2024:00:52:27 -0500] "GET /sipse/css/imagen/loginimg.png HTTP/1.1" 200 71635
191.156.253.36 - - [04/Apr/2024:00:52:27 -0500] "GET /sipse/faces/javax.faces.resource/theme.css?ln=primefaces-sipse HTTP/1.1" 304 -
191.156.253.36 - - [04/Apr/2024:00:52:27 -0500] "GET /sipse/faces/faces/faces/index.xhtml HTTP/1.1" 200 677
191.156.253.36 - - [04/Apr/2024:00:52:27 -0500] "GET /sipse/faces/faces/faces/autenticacion.xhtml HTTP/1.1" 200 12401
191.156.253.46 - - [04/Apr/2024:00:52:28 -0500] "GET /sipse/faces/javax.faces.resource/layout/layout.css?ln=primefaces&v=4.0 HTTP/1.1" 304 -
191.156.253.46 - - [04/Apr/2024:00:52:28 -0500] "GET /sipse/faces/javax.faces.resource/jquery/jquery.js?ln=primefaces&v=4.0 HTTP/1.1" 304 -
191.156.253.46 - - [04/Apr/2024:00:52:28 -0500] "GET /sipse/faces/javax.faces.resource/primefaces.css?ln=primefaces&v=4.0 HTTP/1.1" 304 -
191.156.253.36 - - [04/Apr/2024:00:52:28 -0500] "GET /sipse/faces/javax.faces.resource/theme.css?ln=primefaces-sipse HTTP/1.1" 304 -
191.156.253.46 - - [04/Apr/2024:00:52:28 -0500] "GET /sipse/faces/javax.faces.resource/jquery/jquery-plugins.js?ln=primefaces&v=4.0 HTTP/1.1" 304 -
191.156.253.36 - - [04/Apr/2024:00:52:28 -0500] "GET /sipse/faces/javax.faces.resource/primefaces.js?ln=primefaces&v=4.0 HTTP/1.1" 304 -
191.156.253.46 - - [04/Apr/2024:00:52:28 -0500] "GET /sipse/faces/javax.faces.resource/layout/layout.js?ln=primefaces&v=4.0 HTTP/1.1" 304 -
191.156.253.46 - - [04/Apr/2024:00:52:28 -0500] "GET /sipse/faces/javax.faces.resource/images/ui-icons_898989_256x240.png?ln=primefaces-aristo HTTP/1.1" 304 -
191.156.253.46 - - [04/Apr/2024:00:52:37 -0500] "GET /sipse/faces/javax.faces.resource/theme.css?ln=primefaces-sipse HTTP/1.1" 304 -
201.245.192.253 - - [04/Apr/2024:00:52:38 -0500] "POST /forms/lservlet;jsessionid=ac16012b30d66189f0c22d6a4c589cd0fb03154225f8.e3iSbxaKaheRe3iNc3uNbNmQay1ynknvrkLOlQzNp65In0 HTTP/1.1" 200 2
191.156.253.46 - - [04/Apr/2024:00:52:38 -0500] "GET /sipse/faces/faces/autenticacion.xhtml HTTP/1.1" 200 12401
191.156.253.36 - - [04/Apr/2024:00:52:38 -0500] "GET /sipse/faces/javax.faces.resource/primefaces.css?ln=primefaces&v=4.0 HTTP/1.1" 304 -
191.156.253.46 - - [04/Apr/2024:00:52:38 -0500] "GET /sipse/faces/javax.faces.resource/layout/layout.css?ln=primefaces&v=4.0 HTTP/1.1" 304 -
191.156.253.46 - - [04/Apr/2024:00:52:38 -0500] "GET /sipse/faces/javax.faces.resource/primefaces.js?ln=primefaces&v=4.0 HTTP/1.1" 304 -
191.156.253.46 - - [04/Apr/2024:00:52:38 -0500] "GET /sipse/faces/javax.faces.resource/theme.css?ln=primefaces-sipse HTTP/1.1" 304 -
191.156.253.46 - - [04/Apr/2024:00:52:38 -0500] "GET /sipse/faces/javax.faces.resource/jquery/jquery.js?ln=primefaces&v=4.0 HTTP/1.1" 304 -
191.156.253.36 - - [04/Apr/2024:00:52:38 -0500] "GET /sipse/faces/javax.faces.resource/jquery/jquery-plugins.js?ln=primefaces&v=4.0 HTTP/1.1" 304 -
191.156.253.36 - - [04/Apr/2024:00:52:38 -0500] "GET /sipse/faces/javax.faces.resource/layout/layout.js?ln=primefaces&v=4.0 HTTP/1.1" 304 -
191.156.253.36 - - [04/Apr/2024:00:52:38 -0500] "GET /sipse/faces/javax.faces.resource/images/ui-icons_898989_256x240.png?ln=primefaces-aristo HTTP/1.1" 304 -
201.245.192.253 - - [04/Apr/2024:00:52:52 -0500] "POST /forms/lservlet;jsessionid=ac16012b30d662c41b008f2848f8812f805002413222.e3iSbxaKaheRe3iNc3uNbNmQay1ynknvrkLOlQzNp65In0 HTTP/1.1" 200 2
191.156.253.46 - - [04/Apr/2024:00:53:03 -0500] "GET /sipse/faces/javax.faces.resource/theme.css?ln=primefaces-sipse HTTP/1.1" 304 -
191.156.253.46 - - [04/Apr/2024:00:53:03 -0500] "GET /sipse/faces/faces/faces/faces/autenticacion.xhtml HTTP/1.1" 200 12401
191.156.253.46 - - [04/Apr/2024:00:53:03 -0500] "GET /sipse/faces/javax.faces.resource/theme.css?ln=primefaces-sipse HTTP/1.1" 304 -
191.156.253.36 - - [04/Apr/2024:00:53:03 -0500] "GET /sipse/faces/javax.faces.resource/primefaces.css?ln=primefaces&v=4.0 HTTP/1.1" 304 -
191.156.253.46 - - [04/Apr/2024:00:53:03 -0500] "GET /sipse/faces/javax.faces.resource/layout/layout.css?ln=primefaces&v=4.0 HTTP/1.1" 304 -
191.156.253.46 - - [04/Apr/2024:00:53:03 -0500] "GET /sipse/faces/javax.faces.resource/primefaces.js?ln=primefaces&v=4.0 HTTP/1.1" 304 -
191.156.253.46 - - [04/Apr/2024:00:53:03 -0500] "GET /sipse/faces/javax.faces.resource/jquery/jquery-plugins.js?ln=primefaces&v=4.0 HTTP/1.1" 304 -
191.156.253.46 - - [04/Apr/2024:00:53:03 -0500] "GET /sipse/faces/javax.faces.resource/jquery/jquery.js?ln=primefaces&v=4.0 HTTP/1.1" 304 -
191.156.253.46 - - [04/Apr/2024:00:53:03 -0500] "GET /sipse/faces/javax.faces.resource/layout/layout.js?ln=primefaces&v=4.0 HTTP/1.1" 304 -
191.156.253.46 - - [04/Apr/2024:00:53:03 -0500] "GET /sipse/faces/javax.faces.resource/images/ui-icons_898989_256x240.png?ln=primefaces-aristo HTTP/1.1" 304 -
201.245.192.253 - - [04/Apr/2024:00:53:17 -0500] "POST /kwsrmcab/Wsrmcab  HTTP/1.1" 200 213
152.61.192.232 - - [04/Apr/2024:00:54:06 -0500] "GET /arcgis/services/Calidad_del_Agua_WQI/MapServer/WMSServer?request=GetCapabilities&service=WMS HTTP/1.1" 503 1020
152.61.192.232 - - [04/Apr/2024:00:54:08 -0500] "GET /arcgis/services/Calidad_del_Agua_WQI/MapServer/WMSServer?SERVICE=WMS&REQUEST=GetCapabilities HTTP/1.1" 503 1020
152.61.192.232 - - [04/Apr/2024:00:54:08 -0500] "GET /arcgis/services/Calidad_del_Agua_WQI/MapServer/WMSServer?WMTVER=1.0.0&REQUEST=capabilities HTTP/1.1" 503 1020
203.86.239.24 - - [04/Apr/2024:00:54:26 -0500] "GET / HTTP/1.1" 200 319
201.245.192.253 - - [04/Apr/2024:00:54:38 -0500] "POST /forms/lservlet;jsessionid=ac16012b30d66189f0c22d6a4c589cd0fb03154225f8.e3iSbxaKaheRe3iNc3uNbNmQay1ynknvrkLOlQzNp65In0 HTTP/1.1" 200 2
201.245.192.253 - - [04/Apr/2024:00:54:52 -0500] "POST /forms/lservlet;jsessionid=ac16012b30d662c41b008f2848f8812f805002413222.e3iSbxaKaheRe3iNc3uNbNmQay1ynknvrkLOlQzNp65In0 HTTP/1.1" 200 2
216.245.221.92 - - [04/Apr/2024:00:55:20 -0500] "HEAD / HTTP/1.1" 200 -
66.249.66.21 - - [04/Apr/2024:00:56:13 -0500] "GET /BLA/resoluciones/AUTOS%202014/5571.pdf HTTP/1.1" 200 537408
201.245.192.253 - - [04/Apr/2024:00:56:38 -0500] "POST /forms/lservlet;jsessionid=ac16012b30d66189f0c22d6a4c589cd0fb03154225f8.e3iSbxaKaheRe3iNc3uNbNmQay1ynknvrkLOlQzNp65In0 HTTP/1.1" 200 2
201.245.192.253 - - [04/Apr/2024:00:56:52 -0500] "POST /forms/lservlet;jsessionid=ac16012b30d662c41b008f2848f8812f805002413222.e3iSbxaKaheRe3iNc3uNbNmQay1ynknvrkLOlQzNp65In0 HTTP/1.1" 200 2
172.22.2.4 - - [04/Apr/2024:00:55:21 -0500] "HEAD /BLA/boletinlegal/ HTTP/1.1" 200 -
134.122.12.46 - - [04/Apr/2024:00:57:16 -0500] "GET / HTTP/1.1" 200 319
134.122.12.46 - - [04/Apr/2024:00:57:16 -0500] "GET /favicon.ico HTTP/1.1" 200 7782
172.22.2.4 - - [04/Apr/2024:00:56:12 -0500] "GET /BLA/boletinlegal/ HTTP/1.1" 200 55442
201.245.192.253 - - [04/Apr/2024:00:58:15 -0500] "POST /kwsrmcab/Wsrmcab  HTTP/1.1" 200 213
201.245.192.253 - - [04/Apr/2024:00:58:38 -0500] "POST /forms/lservlet;jsessionid=ac16012b30d66189f0c22d6a4c589cd0fb03154225f8.e3iSbxaKaheRe3iNc3uNbNmQay1ynknvrkLOlQzNp65In0 HTTP/1.1" 200 2
40.77.167.143 - - [04/Apr/2024:00:58:38 -0500] "GET /forest/index.php HTTP/1.1" 200 12041
201.245.192.253 - - [04/Apr/2024:00:58:52 -0500] "POST /forms/lservlet;jsessionid=ac16012b30d662c41b008f2848f8812f805002413222.e3iSbxaKaheRe3iNc3uNbNmQay1ynknvrkLOlQzNp65In0 HTTP/1.1" 200 2
66.249.66.20 - - [04/Apr/2024:00:59:05 -0500] "GET /BLA/resoluciones/RESOLUCIONES%202010/7753.pdf HTTP/1.1" 200 543457
216.245.221.92 - - [04/Apr/2024:01:00:20 -0500] "HEAD / HTTP/1.1" 200 -
201.245.192.253 - - [04/Apr/2024:01:00:38 -0500] "POST /forms/lservlet;jsessionid=ac16012b30d66189f0c22d6a4c589cd0fb03154225f8.e3iSbxaKaheRe3iNc3uNbNmQay1ynknvrkLOlQzNp65In0 HTTP/1.1" 200 2
201.245.192.253 - - [04/Apr/2024:01:00:52 -0500] "POST /forms/lservlet;jsessionid=ac16012b30d662c41b008f2848f8812f805002413222.e3iSbxaKaheRe3iNc3uNbNmQay1ynknvrkLOlQzNp65In0 HTTP/1.1" 200 2
172.22.2.4 - - [04/Apr/2024:01:00:25 -0500] "HEAD /BLA/boletinlegal/ HTTP/1.1" 200 -
201.245.192.253 - - [04/Apr/2024:01:02:38 -0500] "POST /forms/lservlet;jsessionid=ac16012b30d66189f0c22d6a4c589cd0fb03154225f8.e3iSbxaKaheRe3iNc3uNbNmQay1ynknvrkLOlQzNp65In0 HTTP/1.1" 200 2
172.22.2.4 - - [04/Apr/2024:01:01:11 -0500] "HEAD /BLA/boletinlegal/ HTTP/1.1" 200 -
201.245.192.253 - - [04/Apr/2024:01:02:52 -0500] "POST /forms/lservlet;jsessionid=ac16012b30d662c41b008f2848f8812f805002413222.e3iSbxaKaheRe3iNc3uNbNmQay1ynknvrkLOlQzNp65In0 HTTP/1.1" 200 2
201.245.192.253 - - [04/Apr/2024:01:03:14 -0500] "POST /kwsrmcab/Wsrmcab  HTTP/1.1" 200 213
172.22.2.4 - - [04/Apr/2024:01:02:02 -0500] "GET /BLA/boletinlegal/ HTTP/1.1" 200 59967
172.22.2.4 - - [04/Apr/2024:01:04:06 -0500] "GET /BLA/boletinlegal/jurisprudencia/analisis/CUADRO%20SENTENCIA%20T-299%20DE%202008.doc HTTP/1.1" 200 40960
52.167.144.216 - - [04/Apr/2024:01:04:25 -0500] "GET /BLA/resoluciones/RESOLUCIONES%202019/1572.pdf HTTP/1.1" 404 1018
201.245.192.253 - - [04/Apr/2024:01:04:38 -0500] "POST /forms/lservlet;jsessionid=ac16012b30d66189f0c22d6a4c589cd0fb03154225f8.e3iSbxaKaheRe3iNc3uNbNmQay1ynknvrkLOlQzNp65In0 HTTP/1.1" 200 2
52.167.144.216 - - [04/Apr/2024:01:04:44 -0500] "GET /BLA/resoluciones/RESOLUCIONES%202019/1572.pdf HTTP/1.1" 404 1018
201.245.192.253 - - [04/Apr/2024:01:04:52 -0500] "POST /forms/lservlet;jsessionid=ac16012b30d662c41b008f2848f8812f805002413222.e3iSbxaKaheRe3iNc3uNbNmQay1ynknvrkLOlQzNp65In0 HTTP/1.1" 200 2
216.245.221.92 - - [04/Apr/2024:01:05:20 -0500] "HEAD / HTTP/1.1" 200 -
128.14.188.106 - - [04/Apr/2024:01:06:29 -0500] "GET / HTTP/1.1" 200 4720
201.245.192.253 - - [04/Apr/2024:01:06:38 -0500] "POST /forms/lservlet;jsessionid=ac16012b30d66189f0c22d6a4c589cd0fb03154225f8.e3iSbxaKaheRe3iNc3uNbNmQay1ynknvrkLOlQzNp65In0 HTTP/1.1" 200 2
201.245.192.253 - - [04/Apr/2024:01:06:52 -0500] "POST /forms/lservlet;jsessionid=ac16012b30d662c41b008f2848f8812f805002413222.e3iSbxaKaheRe3iNc3uNbNmQay1ynknvrkLOlQzNp65In0 HTTP/1.1" 200 2
69.63.184.19 - - [04/Apr/2024:01:07:14 -0500] "GET /images/mujeres-reverdecen-humedales-2-febrero.jpg HTTP/1.1" 200 47327
69.171.249.5 - - [04/Apr/2024:01:07:14 -0500] "GET /images/mujeres-reverdecen-humedales-2-febrero.jpg HTTP/1.1" 200 47327
20.120.134.34 - - [04/Apr/2024:01:07:28 -0500] "GET /BLA/resoluciones/RESOLUCIONES%202019/1572.pdf HTTP/1.1" 404 1018
66.249.66.20 - - [04/Apr/2024:01:08:00 -0500] "GET /Publicaciones/2024EE61125.pdf HTTP/1.1" 404 227
181.237.166.58 - - [04/Apr/2024:01:08:12 -0500] "GET /kwssiamovil/sm/ldap/au?x=U2FsdGVkX18NwrWVPhFxZHzAmxUDgbKOWDLTxQFsUI5xXpqF20fKUL5zDneA7WP7&y=U2FsdGVkX1/ifAMdgMdQ1NBGwb4HO3nk15r7BcTsmAggs/NwyJuqG/BO4cyhkZ9P HTTP/1.1" 200 31
201.245.192.253 - - [04/Apr/2024:01:08:12 -0500] "POST /kwsrmcab/Wsrmcab  HTTP/1.1" 200 213
181.237.166.58 - - [04/Apr/2024:01:08:19 -0500] "GET /kwssiamovil/sm/ldap/au?x=U2FsdGVkX1+7Gv/5Gs8fM88nnjBi7xf3yKqNHSZa9ETRojYtsnMwnpZe1cfDQfvA&y=U2FsdGVkX1+00QKWOLR6mGaPj504np+Z6rcJc8BIGY36ufnZUVnKxkjTBicOpoj8 HTTP/1.1" 200 30
181.237.166.58 - - [04/Apr/2024:01:08:19 -0500] "GET /kwssiamovil/sm/acme/s?s=U2FsdGVkX18u6bE+h+4oaADDnFrKJfxxMO/a5e5QAqWuR36zNaqbo/u0W7nZCo5R+aORWVtHEXrimtf/f7PWb2PIqyANqrqY9S2UHoWqVJ0=&u=U2FsdGVkX1/5knnKtWi8pw4GVzZ7AF8wfU2mGFdEqF14U+O6lldMsbFDXVwARftV&y=U2FsdGVkX1+00QKWOLR6mGaPj504np+Z6rcJc8BIGY36ufnZUVnKxkjTBicOpoj8 HTTP/1.1" 200 97
181.237.166.58 - - [04/Apr/2024:01:08:19 -0500] "GET /kwssiamovil/sm/acme/s?s=U2FsdGVkX1+UkB210s+09l5uzlX3DRnsSS+aJMp8tTwVxGbKezfbU+emg0JnN0PKGrp73tVxzY5EdeUHQYZGNpVYEKhublI/xwaBn0m8L33sEg5PPTCyWQSe+xgQ98QUf7jZyKsp8jQAy2it022a2IIu1C46BUdaou7x0LhwysiOx0hCfqOA9dekgFHcuIlyaK2V+IG8JCNoXGwA0LlDx6HrkHw+UoNJfxI43RRKrZXe4D1ykQIxlt6GocWcZkLofrFZcuPmw61QIMl7BbdwzbqV6Lqe6Qx/rWUskSQDoaTIlXXX1I/mKbjcRWe728p933BjcsbmOfx+apAs6Ru2XDEwJyb4ZXL5+s0VsBtpMMJjeow87pqRTv+3p7jZ7IiMvCuYTWsP8MzsQoBOjBo0bQsdndGWA+QqhOMTD3ufcbewoYVHYznqzwVaQm88APrI9vfTuS31De1F6fI78gFboVdxOtW3xapZSadS8edblHOAJqvSpI31lbI2jexjXLVGwKZx1ny8xZTipybod+4f6HYTvDAlR/OBQsqq3EAKGtsnDugTZUa33Y+1npNY8aqYD1Ngc6SQuZl5tLTvCd1JxxpvnBu9L+lPhH6DyakkcbWBnyFMNODiGieIPFcUVBLh4cV2b7YoFLSCFxbJysVMtjhZAaVGjooALIEZmUF0m9pBSFx9h/78Jerftt0+p04Ox2Yg9/6gTvio5DrfmztNcxRAtCrrbZcnJZcJEjMm6BQapSbSDXHHNwyAk7RVz0ojaO3iD6BmWWU/KKmgBVE0trNvx0kDUPhEZxhY1Dj/S9up1AvvjAfg2hAJf1t05Fgw+4ymtFyckXW8kDb6OH3Fn+gEC91iZpAl47Uvf2pnwW46tL7gywbYnMulOcXqjZ9wLo3n2TI5sLnOqn+sZV0vObtEXJNkruVmo76S0aRFrJaIDw672GbliAxsP6ESepOFMWTt1SVMYnNRMvUZT09ulZdNzjG/KwcFFASylyR1aDPAsx30sq7h+tEYRS/0uRo5yGcB54ktrniAS+pnl4I5k1F+yui/qGAuP4iiRUTHEcJl6qiymyIyCQYPnIBAhQ5Szd2sa7npOa1tHo2DX0zS++OGITipxqPyuFFeB8YnDRSMlQ0KzqkOmAeWJVd6owqOCIlbTzpK5iIPnFwSrJ6V5nnLkhY9ZVTEdX0dRtH4/GzTdCfA86sqlr+k2SJOLIdKTaUWrgubb2DksMgo1wiOU/ga+V//w7S/TwuVGKliwF+94qqnxyifsahimzMF4tsh9MiZb7bRaH5o/MyvQnV/fonMBR2fuB/bDBTw4W0fOMScQhA5njFf2kLnfUhcgNN/EdS5etDTDbhpRYRU6mcZu/lcmZu0vmgY9WBNhSZXyGI81Qvpezhm5XA9ylMHM8ewKHbFIfhGjcYEe0LtgpPM8zr94YRVTyMpo5MBcrpsmOtMHSAISgUmZoBYiqSw7xI53R0PNbjV45Z+Zu1ZRQlcGldQFZLaNLwo+omujaQ3Cvm9oVySeAIl8Smhto3lmYePXEhDTwjI9J2n/W40gfStIkXM5clQoWbxgMZW5udysgd9yIt7r2nlGhBRT36INK9c/0H7CxSWjjHwDs2cahh9zkolBPt/iw1fKLw+JeKt79/DRC7ZJxMHilIOoxyF/SN3hF3ibQWMbypFOJPpwpKoY772VEn+8ZrYugiInW2y6V4D7ch0ZrbBRlNhACAPCoKESLkEjL4SIVXLbAuC1F3Z2gmfYFqBiRY5mmXbWbNo9IwyYPoJqEIVN1F9i+rC7zQZ&u=U2FsdGVkX1/5knnKtWi8pw4GVzZ7AF8wfU2mGFdEqF14U+O6lldMsbFDXVwARftV&y=U2FsdGVkX1+00QKWOLR6mGaPj504np+Z6rcJc8BIGY36ufnZUVnKxkjTBicOpoj8 HTTP/1.1" 200 335
181.237.166.58 - - [04/Apr/2024:01:08:19 -0500] "GET /kwssiamovil/sm/acme/s?s=U2FsdGVkX19Jtnt8dWCLSJe6vomkHwI+vGK8acyLYZ78/ZCGRu4YWer6nMj8xqxhVxXABPjkPc8QaUONvsv49VU5SMmCBSQwuyvLPneuUDc7J5yWOiEmJlsHgM8YInmqHNj20xlcANtTJ/7KwxdTyryrMo4eD7bGE7JsBdCi0e3T7q2rZ5mwhAYqjKi7O/MEqN/a7R/E9iuV9JPJPxa+b05L7Iei5p9r+4jGp9I/VF4N6m9Y3xF7ObyZaQ9dwslK8qQXjcyKw+1ZJEL1sDr2y/HRF75QAFzB+bL/EtdikgFMAQ+RaU686Z5/B0HsG+VjdijWC5RZdUOcxx8lWjOYSH3Zo3+SvhuAjuxydAwEjpHmLB9raPp3E83MufApNnQxGxSRd1S2DFxK64NoswBh88J1og7pWu+UPYwRgRd/WzF6pGfP9LOO7n9x0S3V0DEkW2nSVMtsdgavWK+naAWuHx/tbpxG/hG5jXM60NCK2u7eA66KgsuyRTz6kwV5/cl7y0Pq3jXRsM+eTNH5q4Ua1QvhZgYnT1As+tX9yiotSuLgYD1s2ERYhxXPdRjogpR9hbtMvyuPuxBiuwisEUqvI7bb+1Raql9T1+A3yStfTJVeQQ5wJ/DGpW6nyFZT0u2K/lcrtP1upLUBdOwxQIsr8pp+8yTJD+an1frFZj3A/PhV/wsB/Q/tIiq24N8T2HbeSuK49I1vZtKVlVb58OKCQQ6728+2UVyCLjw2E6mqj+a55D2zzQ4Gre9LR3+N2qNr&u=U2FsdGVkX1/5knnKtWi8pw4GVzZ7AF8wfU2mGFdEqF14U+O6lldMsbFDXVwARftV&y=U2FsdGVkX1+00QKWOLR6mGaPj504np+Z6rcJc8BIGY36ufnZUVnKxkjTBicOpoj8 HTTP/1.1" 200 208
185.180.140.5 - - [04/Apr/2024:01:08:19 -0500] "GET / HTTP/1.1" 200 319
181.237.166.58 - - [04/Apr/2024:01:08:20 -0500] "GET /kwssiamovil/sm/cjson/pre?f=1&x=U2FsdGVkX1+7Gv/5Gs8fM88nnjBi7xf3yKqNHSZa9ETRojYtsnMwnpZe1cfDQfvA HTTP/1.1" 200 30244
201.245.192.253 - - [04/Apr/2024:01:08:38 -0500] "POST /forms/lservlet;jsessionid=ac16012b30d66189f0c22d6a4c589cd0fb03154225f8.e3iSbxaKaheRe3iNc3uNbNmQay1ynknvrkLOlQzNp65In0 HTTP/1.1" 200 2
172.22.2.4 - - [04/Apr/2024:01:07:01 -0500] "HEAD /BLA/boletinlegal/ HTTP/1.1" 200 -
201.245.192.253 - - [04/Apr/2024:01:08:52 -0500] "POST /forms/lservlet;jsessionid=ac16012b30d662c41b008f2848f8812f805002413222.e3iSbxaKaheRe3iNc3uNbNmQay1ynknvrkLOlQzNp65In0 HTTP/1.1" 200 2
172.22.2.4 - - [04/Apr/2024:01:07:53 -0500] "GET /BLA/boletinlegal/ HTTP/1.1" 200 58720
66.249.66.21 - - [04/Apr/2024:01:09:59 -0500] "GET /Publicaciones/2024EE64665.pdf HTTP/1.1" 200 223419
216.245.221.92 - - [04/Apr/2024:01:10:20 -0500] "HEAD / HTTP/1.1" 200 -
201.245.192.253 - - [04/Apr/2024:01:10:38 -0500] "POST /forms/lservlet;jsessionid=ac16012b30d66189f0c22d6a4c589cd0fb03154225f8.e3iSbxaKaheRe3iNc3uNbNmQay1ynknvrkLOlQzNp65In0 HTTP/1.1" 200 2
201.245.192.253 - - [04/Apr/2024:01:10:52 -0500] "POST /forms/lservlet;jsessionid=ac16012b30d662c41b008f2848f8812f805002413222.e3iSbxaKaheRe3iNc3uNbNmQay1ynknvrkLOlQzNp65In0 HTTP/1.1" 200 2
216.244.66.195 - - [04/Apr/2024:01:11:30 -0500] "GET /robots.txt HTTP/1.1" 404 1018
201.245.192.253 - - [04/Apr/2024:01:12:38 -0500] "POST /forms/lservlet;jsessionid=ac16012b30d66189f0c22d6a4c589cd0fb03154225f8.e3iSbxaKaheRe3iNc3uNbNmQay1ynknvrkLOlQzNp65In0 HTTP/1.1" 200 2
201.245.192.253 - - [04/Apr/2024:01:12:52 -0500] "POST /forms/lservlet;jsessionid=ac16012b30d662c41b008f2848f8812f805002413222.e3iSbxaKaheRe3iNc3uNbNmQay1ynknvrkLOlQzNp65In0 HTTP/1.1" 200 2
162.55.175.143 - - [04/Apr/2024:01:12:58 -0500] "GET / HTTP/1.1" 200 4720
201.245.192.253 - - [04/Apr/2024:01:13:11 -0500] "POST /kwsrmcab/Wsrmcab  HTTP/1.1" 200 213
172.22.2.4 - - [04/Apr/2024:01:13:19 -0500] "GET /BLA/boletinlegal/ecp/Current/exporttool/microsoft.exchange.ediscovery.exporttool.application HTTP/1.1" 404 1018
181.237.166.58 - - [04/Apr/2024:01:13:49 -0500] "GET /kwssiamovil/sm/acme/a?s=U2FsdGVkX18Qna+uH/T1zEV4VD5AGW4pWYeVLG43kjizSS9/S5bOurLVDPKYnoDPXYWL50Xay1zRoXZyPGXekkv4b2jdklBBGxxlA6BR1v8oofYNvIUq1japmKFTqrW0b2B+30rhbLW8MH/uXqM3wtMpvd63Uwc0iSma20eiELMOiewM7DzChQmw98a5kjvAvcndE7MNqji1f6wfpQ2QinGIqBbuY9l+OMm7Ub0s79n7jdw0Lg8CG1qj+OLNizkX8QKBzJQaShOOI6VoOUnzeg==&u=U2FsdGVkX1/5knnKtWi8pw4GVzZ7AF8wfU2mGFdEqF14U+O6lldMsbFDXVwARftV&y=U2FsdGVkX1+00QKWOLR6mGaPj504np+Z6rcJc8BIGY36ufnZUVnKxkjTBicOpoj8 HTTP/1.1" 200 26
181.237.166.58 - - [04/Apr/2024:01:13:50 -0500] "GET /kwssiamovil/sm/acme/a?s=U2FsdGVkX18c0y1sCoG78gQMkxANyjcCrFtKE9uc7TfzqwjiBRGTNaNorn244oZYJcNtiW/C6/B+o2jkITtauKfZ+Z2GJEDCNu8TXUW/U/Pm1o96meiSgK8zvOHiANByu0P0Gi/LC4POW5cFUYTUwrSH1c1b4TJBgfEb6scic03d9VNd1MCjy1byekNIq9wPGKrxwI6lVPddQI/+2fXxWqAnA1E/4OIFtFwZneNtYOv6Ww9fLIPvoJq14S+KK4TwL88QolmViXcE0hxbtSCRrh5K9T4bNgfnRuMkhAG2C2oQmrmjIDUFRNhXgX4lGebem6HubtRL39BuzhgVz/VjCXojofmairNJdm4JZH/E+dm910YaKWsEEAwhNhY7ypQTM4/w7pyJvfIq8yrZZAryshNDntX7qXYTMNZb6ypYLLOb8h5a7n8SaZJ4AgGWjFA8A+aNkIJhf7j2SZFwa799o5nvSUbMBPETGbfbj+kr/nwclZmdKd3Z9XfE2jzMs5038lI7gHATwUROKboYKn049dMHSKp+oerrDFFMmpL3ZOieAZ3WtuU3FSDf8z81mgAjlHCWjYziZW33fJ9ISZvjaaA9AdD7dkbbFMpjz/5W5fd7/M1W3rQu48Lf9bEXsJe9UNnW05TnG2hZt6KvnohNVn5XxBz1M1sMWPqWjQPLBHdeVyJFYssbJyPMJayRIgsrHMDyvg/9uJ39K0aqw10ZTbD7rIfBZ40O9xl1qDgGHVofkCMn2e+10cGy6vDz+oUzQ2/zK6HnaZ09TjFq715mosgveIkfVLLs6WenGlaj1qgYMtsBXZQGq/gG0x0vuNQ0tkGGz0pVLhw4SBt0LSnxiM6NsfwrR0hvUTjU3K9vjr5EnO/mtM2uzuT7qzbLZhLuPi/njqPd/HHS7fW/nnyMjApYD+Lgvs4TxofJa/iMlB54CSNNnYt6GQizAiKjNagyoXDMItiQ9d3JVpG3GhTJu962941ju4eEbY0XbJYsqWFbDKlmEXqJ8IwpstdbKXrIwW9EmVx5LwdZDRBdPMYB4kkG4MNlWcGTdrZJ637jN7QZ/23aQw2K9n/4GOyh1Ky9ZPHbalBO76i4M2a1+AF8xVUi5crOL4wBRyf21UnQFgV4VbA0r3HzJmYWOVQ6kCyTyJohKBI3qG0DwoYNxiKyRcWDDH1mpoMFl1mcOe/oxssels6jKBWiIr8vzQ9Me4vZtCpS059h6hVaBYm5AsK10TZWSHHWty3TA8Lz3vDsmiNG2h6zVj9GRtzWWMK69kgEuBV7lYR/dWJ6YXY3H8qE+WSfI4t6WBpBh2qNaZ2VY0qeh6FimJSdv294SAJalM/DWoum3ckL9Tj+p3fU5CrqDRsKiIdK/2bgFhWdVdPe67geUdYP1gMOGPTQuPO6lugQWp6ecSBweByp7t7k3ffFwqDzI/78nXpzGDmwVvkYRIBFQvqK8Dh8/duwVbt8+8k9bZZmm+UGuFcqJGrYbTch05lN7LBOUsipM16uzIv6r0XB74xzf+Tan0YsAkPTdrMIeC55Np+ad9q0KnKWzlPeGMGk55whrK83ICsscZAB2A5w8jZ+UldnJwSnXoxKN5JGMN/uMbWsaapARiX46Lo0htk+VDruhmlHR6VFGVEqLTpOsvu+ueBp2OTSsT8+/2n37/Vh7GrxZ0Ti6GzGaZNaKCbMrnasyk/y6KMFeWFvccsbYlIr4XlSeHOKtyasrj8Jk3Pp76P9IeH0eNVe7WPWVhaSBM4uzuMv9v7AWGPmm7qxetf8cLBcm9fmi2sAypRpWLVljiTdrLbmgQ5VXwgZT04CsTzPpwqptGgAAE2uSbCb57LysHZjeT102Peq61/uetQ9Ljjs0ayMyhhTzbbgtH2xWTLnp4OaPoXrro+xXB3oz1JmpQm0J0ZrBuqrdCVR1a0RoQZBZadSKwxyjG2UGcOo60yfzf3p6Y+fcYEhuibO2nUrm8JVq3Anqo4Wag/fOet6dOMJmFVNi+Y9AuaKic52YJ46DmiBZ8Vm/vri2dTeuPpkNh2AAaggCDLZkn6fL6lpPJ/my0cJVio3Gb9PIEM1kT+fAr9CZJqmOG8TC54Xs17fKcACdV0mhVHEB6G1rhWjn29qIdJbalBWCI8EehNDYJUSFsVNWzkLKKhVRzbvNylW9gS5tWHv7N4ARtEtLUXJJQ/hTsDbl7qKDwvtl5m6ww1rjl2GVr6w6qpXRNR7kmaKrRx4DnFHYbiGFoa6&u=U2FsdGVkX1/5knnKtWi8pw4GVzZ7AF8wfU2mGFdEqF14U+O6lldMsbFDXVwARftV&y=U2FsdGVkX1+00QKWOLR6mGaPj504np+Z6rcJc8BIGY36ufnZUVnKxkjTBicOpoj8 HTTP/1.1" 200 26
181.237.166.58 - - [04/Apr/2024:01:13:50 -0500] "GET /kwssiamovil/sm/acme/a?s=U2FsdGVkX1+L19e+WxGeBWGAgVT+/17vk2Y+5FTmk7cBC8CxD5PwBkYT7UkIFa6c1zkTVW1fiyiybMqf8/560o3I4EYqt2cHoMrhj7BeliYQXOu4mp/halxJAY9UcMk6Yi2suSTuqjYdMroR5w+EvnSwfs9NNqfc3tztCxhSJBM=&u=U2FsdGVkX1/5knnKtWi8pw4GVzZ7AF8wfU2mGFdEqF14U+O6lldMsbFDXVwARftV&y=U2FsdGVkX1+00QKWOLR6mGaPj504np+Z6rcJc8BIGY36ufnZUVnKxkjTBicOpoj8 HTTP/1.1" 200 26
181.237.166.58 - - [04/Apr/2024:01:13:50 -0500] "GET /kwssiamovil/sm/acme/a?s=U2FsdGVkX18oD4HwCkrgrV6rimfuBrVJUOehFLwOoWacEvAPxI5tgpMTvgpHM83VLhZhFoFQlLTOvbdGcn2Tz4pK6TNszAApwNLKNyywNeK4yfEE4kdpc8/owHKwg0zH4eBj+gdX+TxGGabp+uP1pZBdDvXI3KWqL8bp/v2W7ns=&u=U2FsdGVkX1/5knnKtWi8pw4GVzZ7AF8wfU2mGFdEqF14U+O6lldMsbFDXVwARftV&y=U2FsdGVkX1+00QKWOLR6mGaPj504np+Z6rcJc8BIGY36ufnZUVnKxkjTBicOpoj8 HTTP/1.1" 200 26
181.237.166.58 - - [04/Apr/2024:01:13:50 -0500] "GET /kwssiamovil/sm/acme/a?s=U2FsdGVkX18HbBaDSuq5kNUQueAotYKtgxYB5o034oOw/Vn21zU4QCxvDUVID8SZQWKvYYzNHOt4k/aE2NpJdPNhoukJNWrBZ/nvnO1aW3qMghDup2KhxYVPev5S16UFYM0a9GO5pTJfoM3TwRG5oyRN9NQLBxr8BxyDoPr0V50=&u=U2FsdGVkX1/5knnKtWi8pw4GVzZ7AF8wfU2mGFdEqF14U+O6lldMsbFDXVwARftV&y=U2FsdGVkX1+00QKWOLR6mGaPj504np+Z6rcJc8BIGY36ufnZUVnKxkjTBicOpoj8 HTTP/1.1" 200 26
181.237.166.58 - - [04/Apr/2024:01:13:50 -0500] "GET /kwssiamovil/sm/acme/a?s=U2FsdGVkX19ZuhHdLH19dlXKxkK32b6SM/wozzU4/RlWvhPY8qn3KmdY4ez3r/Ayw4D8indXJZ8SdmXpDPyBjauZvLoXeMWtGuwztbSeEul6QsQkN6XA9w5umY8X0tHD51hUv5f+b/3hgf4Yf23iiqvxJ2Z8GEWMXXpRV5chY0QtCdS6CMFzlbZqII8apDfbK6nHLgXCNQOPZci5inJT4w==&u=U2FsdGVkX1/5knnKtWi8pw4GVzZ7AF8wfU2mGFdEqF14U+O6lldMsbFDXVwARftV&y=U2FsdGVkX1+00QKWOLR6mGaPj504np+Z6rcJc8BIGY36ufnZUVnKxkjTBicOpoj8 HTTP/1.1" 200 26
172.22.2.4 - - [04/Apr/2024:01:12:51 -0500] "HEAD /BLA/boletinlegal/ HTTP/1.1" 200 -
201.245.192.253 - - [04/Apr/2024:01:14:38 -0500] "POST /forms/lservlet;jsessionid=ac16012b30d66189f0c22d6a4c589cd0fb03154225f8.e3iSbxaKaheRe3iNc3uNbNmQay1ynknvrkLOlQzNp65In0 HTTP/1.1" 200 2
201.245.192.253 - - [04/Apr/2024:01:14:52 -0500] "POST /forms/lservlet;jsessionid=ac16012b30d662c41b008f2848f8812f805002413222.e3iSbxaKaheRe3iNc3uNbNmQay1ynknvrkLOlQzNp65In0 HTTP/1.1" 200 2
216.245.221.92 - - [04/Apr/2024:01:15:20 -0500] "HEAD / HTTP/1.1" 200 -
172.22.2.4 - - [04/Apr/2024:01:15:21 -0500] "GET /BLA/boletinlegal/Circulares/2023/CIRCULAR%20No.%2000012%20DEL%2030%20DE%20OCTUBRE%20DEL%202023.pdf HTTP/1.1" 200 402860
172.22.2.4 - - [04/Apr/2024:01:13:42 -0500] "GET /BLA/boletinlegal/ HTTP/1.1" 200 58720
47.128.29.109 - - [04/Apr/2024:01:15:22 -0500] "GET /BLA/resoluciones/AUTOS%202021/0245.php?act=d&d=E%3A%5Cnuevo%5Chtdocs%5Csig%5CGestion+Documental%5C. HTTP/1.1" 200 2785
47.128.116.234 - - [04/Apr/2024:01:15:46 -0500] "GET /BLA/resoluciones/AUTOS%202021/0245.php?act=chmod&d=E%3A%5Cnuevo%5Csendmail&f=libeay32.dll HTTP/1.1" 200 2849
47.128.122.90 - - [04/Apr/2024:01:16:10 -0500] "GET /BLA/resoluciones/AUTOS%202021/0245.php?act=d&d=E%3A%5Cnuevo%5Chtdocs%5Ccumbredelclima%5Cwp-content%5C. HTTP/1.1" 200 2786
47.128.112.236 - - [04/Apr/2024:01:16:35 -0500] "GET /BLA/resoluciones/AUTOS%202021/0245.php?act=chmod&d=E%3A%5Cnuevo%5Chtdocs%5Ccumbreclima%5Cwp-includes&f=default-widgets.php HTTP/1.1" 200 2890
201.245.192.253 - - [04/Apr/2024:01:16:38 -0500] "POST /forms/lservlet;jsessionid=ac16012b30d66189f0c22d6a4c589cd0fb03154225f8.e3iSbxaKaheRe3iNc3uNbNmQay1ynknvrkLOlQzNp65In0 HTTP/1.1" 200 2
201.245.192.253 - - [04/Apr/2024:01:16:52 -0500] "POST /forms/lservlet;jsessionid=ac16012b30d662c41b008f2848f8812f805002413222.e3iSbxaKaheRe3iNc3uNbNmQay1ynknvrkLOlQzNp65In0 HTTP/1.1" 200 2
47.128.111.75 - - [04/Apr/2024:01:16:59 -0500] "GET /BLA/resoluciones/AUTOS%202021/0245.php?act=img&img=ext_exe HTTP/1.1" 200 118
47.128.111.75 - - [04/Apr/2024:01:16:59 -0500] "GET /BLA/resoluciones/AUTOS%202021/0245.php?act=img&img=ext_gif HTTP/1.1" 200 175
47.128.111.75 - - [04/Apr/2024:01:16:59 -0500] "GET /BLA/resoluciones/AUTOS%202021/0245.php?act=img&img=ext_txt HTTP/1.1" 200 132
47.128.111.75 - - [04/Apr/2024:01:16:59 -0500] "GET /BLA/resoluciones/AUTOS%202021/0245.php?act=img&img=ext_diz HTTP/1.1" 200 1027
47.128.111.75 - - [04/Apr/2024:01:16:59 -0500] "GET /BLA/resoluciones/AUTOS%202021/0245.php?act=img&img=ext_html HTTP/1.1" 200 230
47.128.111.75 - - [04/Apr/2024:01:16:59 -0500] "GET /BLA/resoluciones/AUTOS%202021/0245.php?act=img&img=download HTTP/1.1" 200 161
47.128.111.75 - - [04/Apr/2024:01:16:59 -0500] "GET /BLA/resoluciones/AUTOS%202021/0245.php?act=img&img=change HTTP/1.1" 200 290
47.128.111.75 - - [04/Apr/2024:01:16:59 -0500] "GET /BLA/resoluciones/AUTOS%202021/0245.php?act=img&img=ext_ini HTTP/1.1" 200 134
47.128.111.75 - - [04/Apr/2024:01:16:59 -0500] "GET /BLA/resoluciones/AUTOS%202021/0245.php?act=img&img=ext_rtf HTTP/1.1" 200 164
47.128.111.75 - - [04/Apr/2024:01:16:59 -0500] "GET /BLA/resoluciones/AUTOS%202021/0245.php?act=img&img=ext_php HTTP/1.1" 200 79
47.128.111.75 - - [04/Apr/2024:01:16:58 -0500] "GET /BLA/resoluciones/AUTOS%202021/0245.php?act=f&d=E%3A%5Cnuevo%5Chtdocs%5Ccumbreclima%5Cwp-includes&f=query.php HTTP/1.1" 200 45280
47.128.96.46 - - [04/Apr/2024:01:17:23 -0500] "GET /BLA/resoluciones/AUTOS%202021/0245.php?act=processes&d=E%3A%5Cnuevo%5Chtdocs%5C&processes_sort=2a HTTP/1.1" 200 3567
47.128.17.202 - - [04/Apr/2024:01:17:46 -0500] "GET /BLA/resoluciones/AUTOS%202021/0245.php?act=upload&d=E%3A%5Cnuevo%5Clocale HTTP/1.1" 200 2807
201.245.192.253 - - [04/Apr/2024:01:18:10 -0500] "POST /kwsrmcab/Wsrmcab  HTTP/1.1" 200 213
201.245.192.253 - - [04/Apr/2024:01:18:38 -0500] "POST /forms/lservlet;jsessionid=ac16012b30d66189f0c22d6a4c589cd0fb03154225f8.e3iSbxaKaheRe3iNc3uNbNmQay1ynknvrkLOlQzNp65In0 HTTP/1.1" 200 2
201.245.192.253 - - [04/Apr/2024:01:18:52 -0500] "POST /forms/lservlet;jsessionid=ac16012b30d662c41b008f2848f8812f805002413222.e3iSbxaKaheRe3iNc3uNbNmQay1ynknvrkLOlQzNp65In0 HTTP/1.1" 200 2
201.245.192.253 - - [04/Apr/2024:01:18:53 -0500] "POST /kwsrmcab/Wsrmcab HTTP/1.1" 200 38691
201.245.192.253 - - [04/Apr/2024:01:18:55 -0500] "POST /kwsrmcab/Wsrmcab HTTP/1.1" 200 41160
66.249.66.21 - - [04/Apr/2024:01:19:21 -0500] "GET /isolucionsda/bancoconocimiento/R/Resolucion2919del17deoctubrede2017/Resolucion2919del17deoctubrede2017.asp HTTP/1.1" 404 5024
201.245.192.253 - - [04/Apr/2024:01:19:38 -0500] "POST /kwsrmcab/Wsrmcab HTTP/1.1" 200 37135
216.245.221.92 - - [04/Apr/2024:01:20:20 -0500] "HEAD / HTTP/1.1" 200 -
172.22.2.4 - - [04/Apr/2024:01:18:41 -0500] "HEAD /BLA/boletinlegal/ HTTP/1.1" 200 -
201.245.192.253 - - [04/Apr/2024:01:20:25 -0500] "POST /kwsrmcab/Wsrmcab HTTP/1.1" 200 41160
201.245.192.253 - - [04/Apr/2024:01:20:38 -0500] "POST /forms/lservlet;jsessionid=ac16012b30d66189f0c22d6a4c589cd0fb03154225f8.e3iSbxaKaheRe3iNc3uNbNmQay1ynknvrkLOlQzNp65In0 HTTP/1.1" 200 2
201.245.192.253 - - [04/Apr/2024:01:20:52 -0500] "POST /forms/lservlet;jsessionid=ac16012b30d662c41b008f2848f8812f805002413222.e3iSbxaKaheRe3iNc3uNbNmQay1ynknvrkLOlQzNp65In0 HTTP/1.1" 200 2
3.224.220.101 - - [04/Apr/2024:01:21:09 -0500] "GET /galeria/galeria/fotos/Soratama1G.jpg HTTP/1.1" 200 127762
172.22.2.4 - - [04/Apr/2024:01:19:32 -0500] "GET /BLA/boletinlegal/ HTTP/1.1" 200 59967
23.22.35.162 - - [04/Apr/2024:01:21:16 -0500] "GET /galeria/galeria/fotos/Soratama3G.jpg HTTP/1.1" 200 159434
52.70.240.171 - - [04/Apr/2024:01:21:18 -0500] "GET /galeria/galeria/fotos/Soratama4G.jpg HTTP/1.1" 200 167128
201.245.192.253 - - [04/Apr/2024:01:22:38 -0500] "POST /forms/lservlet;jsessionid=ac16012b30d66189f0c22d6a4c589cd0fb03154225f8.e3iSbxaKaheRe3iNc3uNbNmQay1ynknvrkLOlQzNp65In0 HTTP/1.1" 200 2
152.61.128.50 - - [04/Apr/2024:01:22:47 -0500] "GET /arcgis/services/Calidad_del_Agua_WQI/MapServer/WMSServer?request=GetCapabilities&service=WMS HTTP/1.1" 503 1020
152.61.128.50 - - [04/Apr/2024:01:22:49 -0500] "GET /arcgis/services/Calidad_del_Agua_WQI/MapServer/WMSServer?SERVICE=WMS&REQUEST=GetCapabilities HTTP/1.1" 503 1020
152.61.128.50 - - [04/Apr/2024:01:22:49 -0500] "GET /arcgis/services/Calidad_del_Agua_WQI/MapServer/WMSServer?WMTVER=1.0.0&REQUEST=capabilities HTTP/1.1" 503 1020
201.245.192.253 - - [04/Apr/2024:01:22:52 -0500] "POST /forms/lservlet;jsessionid=ac16012b30d662c41b008f2848f8812f805002413222.e3iSbxaKaheRe3iNc3uNbNmQay1ynknvrkLOlQzNp65In0 HTTP/1.1" 200 2
201.245.192.253 - - [04/Apr/2024:01:23:08 -0500] "POST /kwsrmcab/Wsrmcab  HTTP/1.1" 200 213
201.245.192.253 - - [04/Apr/2024:01:24:38 -0500] "POST /forms/lservlet;jsessionid=ac16012b30d66189f0c22d6a4c589cd0fb03154225f8.e3iSbxaKaheRe3iNc3uNbNmQay1ynknvrkLOlQzNp65In0 HTTP/1.1" 200 2
52.167.144.181 - - [04/Apr/2024:01:24:51 -0500] "GET /BLA/resoluciones/RESOLUCIONES%202019/2196.pdf HTTP/1.1" 200 443122
201.245.192.253 - - [04/Apr/2024:01:24:52 -0500] "POST /forms/lservlet;jsessionid=ac16012b30d662c41b008f2848f8812f805002413222.e3iSbxaKaheRe3iNc3uNbNmQay1ynknvrkLOlQzNp65In0 HTTP/1.1" 200 2
40.77.167.132 - - [04/Apr/2024:01:25:16 -0500] "GET /BLA/resoluciones/AUTOS%202021/1644.pdf HTTP/1.1" 304 -
216.245.221.92 - - [04/Apr/2024:01:25:20 -0500] "HEAD / HTTP/1.1" 200 -
172.22.2.4 - - [04/Apr/2024:01:24:31 -0500] "HEAD /BLA/boletinlegal/ HTTP/1.1" 200 -
201.245.192.253 - - [04/Apr/2024:01:26:38 -0500] "POST /forms/lservlet;jsessionid=ac16012b30d66189f0c22d6a4c589cd0fb03154225f8.e3iSbxaKaheRe3iNc3uNbNmQay1ynknvrkLOlQzNp65In0 HTTP/1.1" 200 2
114.119.138.107 - - [04/Apr/2024:01:26:45 -0500] "GET /BLA/resoluciones/index.php?dir=AUTOS%2B2011/&sort=size&order=desc HTTP/1.1" 200 14290
201.245.192.253 - - [04/Apr/2024:01:26:52 -0500] "POST /forms/lservlet;jsessionid=ac16012b30d662c41b008f2848f8812f805002413222.e3iSbxaKaheRe3iNc3uNbNmQay1ynknvrkLOlQzNp65In0 HTTP/1.1" 200 2
172.22.2.4 - - [04/Apr/2024:01:25:22 -0500] "GET /BLA/boletinlegal/ HTTP/1.1" 200 59083
201.245.192.253 - - [04/Apr/2024:01:28:07 -0500] "POST /kwsrmcab/Wsrmcab  HTTP/1.1" 200 213
201.245.192.253 - - [04/Apr/2024:01:28:38 -0500] "POST /forms/lservlet;jsessionid=ac16012b30d66189f0c22d6a4c589cd0fb03154225f8.e3iSbxaKaheRe3iNc3uNbNmQay1ynknvrkLOlQzNp65In0 HTTP/1.1" 200 2
201.245.192.253 - - [04/Apr/2024:01:28:52 -0500] "POST /forms/lservlet;jsessionid=ac16012b30d662c41b008f2848f8812f805002413222.e3iSbxaKaheRe3iNc3uNbNmQay1ynknvrkLOlQzNp65In0 HTTP/1.1" 200 2
201.245.192.253 - - [04/Apr/2024:01:28:53 -0500] "POST /kwsrmcab/Wsrmcab HTTP/1.1" 200 38691
201.245.192.253 - - [04/Apr/2024:01:28:53 -0500] "POST /kwsrmcab/Wsrmcab HTTP/1.1" 200 41160
201.245.192.253 - - [04/Apr/2024:01:29:38 -0500] "POST /kwsrmcab/Wsrmcab HTTP/1.1" 200 37135
216.245.221.92 - - [04/Apr/2024:01:30:20 -0500] "HEAD / HTTP/1.1" 200 -
201.245.192.253 - - [04/Apr/2024:01:30:26 -0500] "POST /kwsrmcab/Wsrmcab HTTP/1.1" 200 41160
201.245.192.253 - - [04/Apr/2024:01:30:38 -0500] "POST /forms/lservlet;jsessionid=ac16012b30d66189f0c22d6a4c589cd0fb03154225f8.e3iSbxaKaheRe3iNc3uNbNmQay1ynknvrkLOlQzNp65In0 HTTP/1.1" 200 2
174.138.94.226 - - [04/Apr/2024:01:30:47 -0500] "GET /.env HTTP/1.1" 404 1018
201.245.192.253 - - [04/Apr/2024:01:30:52 -0500] "POST /forms/lservlet;jsessionid=ac16012b30d662c41b008f2848f8812f805002413222.e3iSbxaKaheRe3iNc3uNbNmQay1ynknvrkLOlQzNp65In0 HTTP/1.1" 200 2
174.138.94.226 - - [04/Apr/2024:01:31:04 -0500] "POST / HTTP/1.1" 200 319
52.70.240.171 - - [04/Apr/2024:01:31:29 -0500] "GET /BLA/resoluciones/A... HTTP/1.1" 404 1018
3.224.220.101 - - [04/Apr/2024:01:31:34 -0500] "GET /BLA/resoluciones/AUTOS%202015/1052.pdf&gt HTTP/1.1" 404 1018
23.22.35.162 - - [04/Apr/2024:01:31:38 -0500] "GET /BLA/resoluciones/AUTOS%202015/1052.pdf HTTP/1.1" 200 2210866
172.22.2.4 - - [04/Apr/2024:01:30:21 -0500] "HEAD /BLA/boletinlegal/ HTTP/1.1" 200 -
40.77.167.132 - - [04/Apr/2024:01:32:19 -0500] "GET /BLA/resoluciones/RESOLUCIONES%202019/2073.pdf HTTP/1.1" 200 458898
201.245.192.253 - - [04/Apr/2024:01:32:38 -0500] "POST /forms/lservlet;jsessionid=ac16012b30d66189f0c22d6a4c589cd0fb03154225f8.e3iSbxaKaheRe3iNc3uNbNmQay1ynknvrkLOlQzNp65In0 HTTP/1.1" 200 2
172.22.2.4 - - [04/Apr/2024:01:31:12 -0500] "GET /BLA/boletinlegal/ HTTP/1.1" 200 58273
201.245.192.253 - - [04/Apr/2024:01:32:52 -0500] "POST /forms/lservlet;jsessionid=ac16012b30d662c41b008f2848f8812f805002413222.e3iSbxaKaheRe3iNc3uNbNmQay1ynknvrkLOlQzNp65In0 HTTP/1.1" 200 2
201.245.192.253 - - [04/Apr/2024:01:33:05 -0500] "POST /kwsrmcab/Wsrmcab  HTTP/1.1" 200 213
186.102.0.62 - - [04/Apr/2024:01:33:39 -0500] "GET /kwssiamovil/sm/acme/u?s=U2FsdGVkX1+DqCrPQy4PiTl0dYKIu3cWiyvKeyB/p632Bqr3zDpT1OwEikO/XrWOen/QGUEyv+uFdINB9y3AYCxISS8fNsojMuyE1RKKWs46awzjEEnz4aKDVJqsGxwohYH68ndwSxQu3Tc6+V8R0Vmgr0ir37HHGDW+yA4j+nY=&u=U2FsdGVkX18Y6524nAhOE2LFU7pxEaKl4xALLTku+lA=&y=U2FsdGVkX195KrhQM0+2P2zR4KQUzFfp4qKMLx09hRU= HTTP/1.1" 200 60
146.19.24.28 - - [04/Apr/2024:01:33:49 -0500] "GET / HTTP/1.1" 200 319
201.245.192.253 - - [04/Apr/2024:01:34:38 -0500] "POST /forms/lservlet;jsessionid=ac16012b30d66189f0c22d6a4c589cd0fb03154225f8.e3iSbxaKaheRe3iNc3uNbNmQay1ynknvrkLOlQzNp65In0 HTTP/1.1" 200 2
201.245.192.253 - - [04/Apr/2024:01:34:52 -0500] "POST /forms/lservlet;jsessionid=ac16012b30d662c41b008f2848f8812f805002413222.e3iSbxaKaheRe3iNc3uNbNmQay1ynknvrkLOlQzNp65In0 HTTP/1.1" 200 2
216.245.221.92 - - [04/Apr/2024:01:35:20 -0500] "HEAD / HTTP/1.1" 200 -
69.63.189.119 - - [04/Apr/2024:01:36:08 -0500] "GET /images/31%20de%20enero%20humedal%20La%20Conejera.jpg HTTP/1.1" 200 33808
69.63.189.6 - - [04/Apr/2024:01:36:11 -0500] "GET /images/camara-trampa.jpeg HTTP/1.1" 200 77809
69.63.189.2 - - [04/Apr/2024:01:36:11 -0500] "GET /images/serpiente-sabanera.jpeg HTTP/1.1" 200 167272
69.63.189.118 - - [04/Apr/2024:01:36:12 -0500] "GET /images/semana-bosques-1_optimized.1.jpg HTTP/1.1" 200 102892
201.245.192.253 - - [04/Apr/2024:01:36:38 -0500] "POST /forms/lservlet;jsessionid=ac16012b30d66189f0c22d6a4c589cd0fb03154225f8.e3iSbxaKaheRe3iNc3uNbNmQay1ynknvrkLOlQzNp65In0 HTTP/1.1" 200 2
201.245.192.253 - - [04/Apr/2024:01:36:52 -0500] "POST /forms/lservlet;jsessionid=ac16012b30d662c41b008f2848f8812f805002413222.e3iSbxaKaheRe3iNc3uNbNmQay1ynknvrkLOlQzNp65In0 HTTP/1.1" 200 2
172.22.2.4 - - [04/Apr/2024:01:36:11 -0500] "HEAD /BLA/boletinlegal/ HTTP/1.1" 200 -
201.245.192.253 - - [04/Apr/2024:01:38:04 -0500] "POST /kwsrmcab/Wsrmcab  HTTP/1.1" 200 213
40.77.167.7 - - [04/Apr/2024:01:38:25 -0500] "GET /BLA/resoluciones/RESOLUCIONES%202021/2620.pdf HTTP/1.1" 200 435687
201.245.192.253 - - [04/Apr/2024:01:38:38 -0500] "POST /forms/lservlet;jsessionid=ac16012b30d66189f0c22d6a4c589cd0fb03154225f8.e3iSbxaKaheRe3iNc3uNbNmQay1ynknvrkLOlQzNp65In0 HTTP/1.1" 200 2
172.22.2.4 - - [04/Apr/2024:01:37:02 -0500] "GET /BLA/boletinlegal/ HTTP/1.1" 200 52783
201.245.192.253 - - [04/Apr/2024:01:38:52 -0500] "POST /kwsrmcab/Wsrmcab HTTP/1.1" 200 38691
201.245.192.253 - - [04/Apr/2024:01:38:52 -0500] "POST /forms/lservlet;jsessionid=ac16012b30d662c41b008f2848f8812f805002413222.e3iSbxaKaheRe3iNc3uNbNmQay1ynknvrkLOlQzNp65In0 HTTP/1.1" 200 2
201.245.192.253 - - [04/Apr/2024:01:38:53 -0500] "POST /kwsrmcab/Wsrmcab HTTP/1.1" 200 41160
172.22.2.4 - - [04/Apr/2024:01:38:29 -0500] "GET /BLA/boletinlegal/ HTTP/1.1" 200 24523
40.77.167.7 - - [04/Apr/2024:01:39:31 -0500] "GET /images/INTERNET.jpg HTTP/1.1" 200 34880
201.245.192.253 - - [04/Apr/2024:01:39:38 -0500] "POST /kwsrmcab/Wsrmcab HTTP/1.1" 200 37135
216.245.221.92 - - [04/Apr/2024:01:40:20 -0500] "HEAD / HTTP/1.1" 200 -
201.245.192.253 - - [04/Apr/2024:01:40:25 -0500] "POST /kwsrmcab/Wsrmcab HTTP/1.1" 200 41160
201.245.192.253 - - [04/Apr/2024:01:40:38 -0500] "POST /forms/lservlet;jsessionid=ac16012b30d66189f0c22d6a4c589cd0fb03154225f8.e3iSbxaKaheRe3iNc3uNbNmQay1ynknvrkLOlQzNp65In0 HTTP/1.1" 200 2
201.245.192.253 - - [04/Apr/2024:01:40:52 -0500] "POST /forms/lservlet;jsessionid=ac16012b30d662c41b008f2848f8812f805002413222.e3iSbxaKaheRe3iNc3uNbNmQay1ynknvrkLOlQzNp65In0 HTTP/1.1" 200 2
66.249.66.14 - - [04/Apr/2024:01:42:01 -0500] "GET /IsolucionSDA/Encabezado.asp HTTP/1.1" 200 11400
201.245.192.253 - - [04/Apr/2024:01:42:38 -0500] "POST /forms/lservlet;jsessionid=ac16012b30d66189f0c22d6a4c589cd0fb03154225f8.e3iSbxaKaheRe3iNc3uNbNmQay1ynknvrkLOlQzNp65In0 HTTP/1.1" 200 2
201.245.192.253 - - [04/Apr/2024:01:42:52 -0500] "POST /forms/lservlet;jsessionid=ac16012b30d662c41b008f2848f8812f805002413222.e3iSbxaKaheRe3iNc3uNbNmQay1ynknvrkLOlQzNp65In0 HTTP/1.1" 200 2
47.128.39.113 - - [04/Apr/2024:01:43:08 -0500] "GET /BLA/resoluciones/AUTOS%202021/0245.php?act=f&d=E%3A%5Cnuevo%5Chtdocs%5CBLA%5Cresoluciones%5CAUTOS+2021&f=3483.pdf HTTP/1.1" 200 3036
47.128.39.113 - - [04/Apr/2024:01:43:09 -0500] "GET /BLA/resoluciones/AUTOS%202021/0245.php?act=img&img=download HTTP/1.1" 200 161
47.128.39.113 - - [04/Apr/2024:01:43:09 -0500] "GET /BLA/resoluciones/AUTOS%202021/0245.php?act=img&img=ext_exe HTTP/1.1" 200 118
47.128.39.113 - - [04/Apr/2024:01:43:09 -0500] "GET /BLA/resoluciones/AUTOS%202021/0245.php?act=img&img=ext_gif HTTP/1.1" 200 175
47.128.39.113 - - [04/Apr/2024:01:43:09 -0500] "GET /BLA/resoluciones/AUTOS%202021/0245.php?act=img&img=ext_pdf HTTP/1.1" 200 1034
47.128.39.113 - - [04/Apr/2024:01:43:09 -0500] "GET /BLA/resoluciones/AUTOS%202021/0245.php?act=img&img=ext_txt HTTP/1.1" 200 132
47.128.39.113 - - [04/Apr/2024:01:43:09 -0500] "GET /BLA/resoluciones/AUTOS%202021/0245.php?act=img&img=ext_diz HTTP/1.1" 200 1027
47.128.39.113 - - [04/Apr/2024:01:43:09 -0500] "GET /BLA/resoluciones/AUTOS%202021/0245.php?act=img&img=change HTTP/1.1" 200 290
47.128.39.113 - - [04/Apr/2024:01:43:09 -0500] "GET /BLA/resoluciones/AUTOS%202021/0245.php?act=img&img=ext_ini HTTP/1.1" 200 134
47.128.39.113 - - [04/Apr/2024:01:43:09 -0500] "GET /BLA/resoluciones/AUTOS%202021/0245.php?act=img&img=ext_rtf HTTP/1.1" 200 164
47.128.39.113 - - [04/Apr/2024:01:43:09 -0500] "GET /BLA/resoluciones/AUTOS%202021/0245.php?act=img&img=ext_html HTTP/1.1" 200 230
201.245.192.253 - - [04/Apr/2024:01:43:02 -0500] "POST /kwsrmcab/Wsrmcab  HTTP/1.1" 200 213
47.128.113.65 - - [04/Apr/2024:01:43:32 -0500] "GET /BLA/resoluciones/AUTOS%202021/0245.php?act=chmod&d=E%3A%5Cnuevo%5Chtdocs%5Cautodeclaracion22%5C HTTP/1.1" 200 2854
172.22.2.4 - - [04/Apr/2024:01:42:01 -0500] "HEAD /BLA/boletinlegal/ HTTP/1.1" 200 -
172.22.2.4 - - [04/Apr/2024:01:43:52 -0500] "GET /BLA/boletinlegal/Circulares/2023/CIRCULAR%20No.%2000002%20DEL%2020%20DE%20FEBRERO%20DEL%202023.pdf HTTP/1.1" 304 -
47.128.27.83 - - [04/Apr/2024:01:43:56 -0500] "GET /BLA/resoluciones/AUTOS%202021/0245.php?act=f&d=E%3A%5Cnuevo%5Chtdocs%5CBLA%5Cresoluciones%5CAUTOS+2021%5C&f=6402.pdf&ft=txt HTTP/1.1" 200 3008
47.128.27.83 - - [04/Apr/2024:01:43:57 -0500] "GET /BLA/resoluciones/AUTOS%202021/0245.php?act=img&img=ext_diz HTTP/1.1" 200 1027
47.128.27.83 - - [04/Apr/2024:01:43:57 -0500] "GET /BLA/resoluciones/AUTOS%202021/0245.php?act=img&img=ext_txt HTTP/1.1" 200 132
47.128.27.83 - - [04/Apr/2024:01:43:57 -0500] "GET /BLA/resoluciones/AUTOS%202021/0245.php?act=img&img=ext_html HTTP/1.1" 200 230
47.128.27.83 - - [04/Apr/2024:01:43:57 -0500] "GET /BLA/resoluciones/AUTOS%202021/0245.php?act=img&img=ext_exe HTTP/1.1" 200 118
47.128.27.83 - - [04/Apr/2024:01:43:57 -0500] "GET /BLA/resoluciones/AUTOS%202021/0245.php?act=img&img=ext_gif HTTP/1.1" 200 175
47.128.27.83 - - [04/Apr/2024:01:43:57 -0500] "GET /BLA/resoluciones/AUTOS%202021/0245.php?act=img&img=ext_pdf HTTP/1.1" 200 1034
47.128.27.83 - - [04/Apr/2024:01:43:57 -0500] "GET /BLA/resoluciones/AUTOS%202021/0245.php?act=img&img=ext_rtf HTTP/1.1" 200 164
216.244.66.195 - - [04/Apr/2024:01:43:57 -0500] "GET /BLA/resoluciones/RESOLUCIONES%202019/0356.pdf HTTP/1.1" 200 253523
47.128.27.83 - - [04/Apr/2024:01:43:57 -0500] "GET /BLA/resoluciones/AUTOS%202021/0245.php?act=img&img=ext_ini HTTP/1.1" 200 134
47.128.27.83 - - [04/Apr/2024:01:43:57 -0500] "GET /BLA/resoluciones/AUTOS%202021/0245.php?act=img&img=download HTTP/1.1" 200 161
47.128.27.83 - - [04/Apr/2024:01:43:57 -0500] "GET /BLA/resoluciones/AUTOS%202021/0245.php?act=img&img=change HTTP/1.1" 200 290
40.77.167.45 - - [04/Apr/2024:01:44:01 -0500] "GET /BLA/resoluciones/AUTOS%202021/0261.pdf HTTP/1.1" 304 -
216.244.66.195 - - [04/Apr/2024:01:44:03 -0500] "GET /BLA/resoluciones/RESOLUCIONES%202019/0641.pdf HTTP/1.1" 200 353018
47.128.28.100 - - [04/Apr/2024:01:44:21 -0500] "GET /BLA/resoluciones/AUTOS%202021/0245.php?act=f&d=E%3A%5Cnuevo%5Chtdocs%5Cboletinlegal%5C&f=boletin.php&ft=html&white=1 HTTP/1.1" 200 1654
47.128.28.100 - - [04/Apr/2024:01:44:21 -0500] "GET /BLA/resoluciones/AUTOS%202021/style.css HTTP/1.1" 404 1410
172.22.2.4 - - [04/Apr/2024:01:42:52 -0500] "GET /BLA/boletinlegal/ HTTP/1.1" 200 58720
89.108.109.107 - - [04/Apr/2024:01:44:34 -0500] "GET /wp-content/plugins/gotmls/readme.txt HTTP/1.1" 404 1049
201.245.192.253 - - [04/Apr/2024:01:44:38 -0500] "POST /forms/lservlet;jsessionid=ac16012b30d66189f0c22d6a4c589cd0fb03154225f8.e3iSbxaKaheRe3iNc3uNbNmQay1ynknvrkLOlQzNp65In0 HTTP/1.1" 200 2
201.245.192.253 - - [04/Apr/2024:01:44:52 -0500] "POST /forms/lservlet;jsessionid=ac16012b30d662c41b008f2848f8812f805002413222.e3iSbxaKaheRe3iNc3uNbNmQay1ynknvrkLOlQzNp65In0 HTTP/1.1" 200 2
20.99.210.66 - - [04/Apr/2024:01:45:05 -0500] "GET /Publicaciones/2024EE58647.pdf HTTP/1.1" 404 227
216.245.221.92 - - [04/Apr/2024:01:45:19 -0500] "HEAD / HTTP/1.1" 200 -
201.245.192.253 - - [04/Apr/2024:01:46:38 -0500] "POST /forms/lservlet;jsessionid=ac16012b30d66189f0c22d6a4c589cd0fb03154225f8.e3iSbxaKaheRe3iNc3uNbNmQay1ynknvrkLOlQzNp65In0 HTTP/1.1" 200 2
