18.119.14.68 - - [29/Apr/2024:00:09:58 -0500] "GET /BLA/resoluciones/RESOLUCIONES%202009/9470.pdf HTTP/1.1" 200 380629
18.117.103.28 - - [29/Apr/2024:00:10:03 -0500] "GET /BLA/resoluciones/AUTOS%202023/3180.pdf HTTP/1.1" 200 2371056
3.224.220.101 - - [29/Apr/2024:00:10:03 -0500] "GET /BLA/resoluciones/index.php?dir=RESOLUCIONES%202024/&order=desc&sort=name HTTP/1.1" 200 16938
13.59.136.217 - - [29/Apr/2024:00:10:04 -0500] "GET /BLA/resoluciones/AUTOS%202020/2346.pdf HTTP/1.1" 200 328416
18.117.103.28 - - [29/Apr/2024:00:10:05 -0500] "GET /BLA/resoluciones/RESOLUCIONES%202011/3791.pdf HTTP/1.1" 200 547189
18.117.103.28 - - [29/Apr/2024:00:10:05 -0500] "GET /BLA/resoluciones/AUTOS%202020/3869.pdf HTTP/1.1" 200 365909
18.117.97.238 - - [29/Apr/2024:00:10:06 -0500] "GET /BLA/resoluciones/RESOLUCIONES%202009/4126.pdf HTTP/1.1" 200 791847
13.59.136.217 - - [29/Apr/2024:00:10:06 -0500] "GET /BLA/resoluciones/AUTOS%202020/1018.pdf HTTP/1.1" 200 346161
18.117.97.238 - - [29/Apr/2024:00:10:07 -0500] "GET /BLA/resoluciones/RESOLUCIONES%202009/7878.pdf HTTP/1.1" 200 391888
18.117.97.238 - - [29/Apr/2024:00:10:07 -0500] "GET /BLA/resoluciones/RESOLUCIONES%202009/0072.pdf HTTP/1.1" 200 543763
3.134.98.15 - - [29/Apr/2024:00:10:08 -0500] "GET /BLA/resoluciones/RESOLUCIONES%202021/1196.pdf HTTP/1.1" 200 450290
3.134.98.15 - - [29/Apr/2024:00:10:09 -0500] "GET /BLA/resoluciones/RESOLUCIONES%202009/4520.pdf HTTP/1.1" 200 443728
3.134.98.15 - - [29/Apr/2024:00:10:10 -0500] "GET /BLA/resoluciones/RESOLUCIONES%202019/2527.pdf HTTP/1.1" 200 291469
3.224.220.101 - - [29/Apr/2024:00:10:10 -0500] "GET /BLA/resoluciones/index.php?dir=Notificaciones/RESOLUCIONES%202024/ HTTP/1.1" 200 2080
3.144.1.58 - - [29/Apr/2024:00:10:12 -0500] "GET /BLA/resoluciones/AUTOS%202020/3704.pdf HTTP/1.1" 200 425781
52.70.240.171 - - [29/Apr/2024:00:10:12 -0500] "GET /BLA/resoluciones/index.php?dir=Notificaciones/RESOLUCIONES%202023/ HTTP/1.1" 200 50161
3.144.1.58 - - [29/Apr/2024:00:10:13 -0500] "GET /BLA/resoluciones/RESOLUCIONES%202011/3488.pdf HTTP/1.1" 200 426316
3.144.1.58 - - [29/Apr/2024:00:10:13 -0500] "GET /BLA/resoluciones/RESOLUCIONES%202011/2013.pdf HTTP/1.1" 200 510227
3.144.1.58 - - [29/Apr/2024:00:10:14 -0500] "GET /BLA/resoluciones/AUTOS%202023/3326.pdf HTTP/1.1" 200 1105375
47.128.51.9 - - [29/Apr/2024:00:10:14 -0500] "GET /BLA/resoluciones/AUTOS%202021/0245.php?act=f&base64=3&f=style.css HTTP/1.1" 200 2737
3.144.1.58 - - [29/Apr/2024:00:10:14 -0500] "GET /BLA/resoluciones/AUTOS%202023/1788.pdf HTTP/1.1" 200 399582
3.224.220.101 - - [29/Apr/2024:00:10:14 -0500] "GET /BLA/resoluciones/index.php?dir=Notificaciones/RESOLUCIONES%202022/ HTTP/1.1" 200 111205
201.245.192.253 - - [29/Apr/2024:00:10:16 -0500] "POST /kwsrmcab/Wsrmcab  HTTP/1.1" 200 41015
3.146.34.55 - - [29/Apr/2024:00:10:17 -0500] "GET /BLA/resoluciones/RESOLUCIONES%202011/1043.pdf HTTP/1.1" 200 69437
3.146.34.55 - - [29/Apr/2024:00:10:17 -0500] "GET /BLA/resoluciones/RESOLUCIONES%202021/2960.pdf HTTP/1.1" 200 488735
3.146.34.55 - - [29/Apr/2024:00:10:18 -0500] "GET /BLA/resoluciones/RESOLUCIONES%202011/5719.pdf HTTP/1.1" 200 1300292
3.224.220.101 - - [29/Apr/2024:00:10:19 -0500] "GET /BLA/resoluciones/Notificaciones/RESOLUCIONES%202023/92.pdf HTTP/1.1" 200 485061
3.133.139.169 - - [29/Apr/2024:00:10:19 -0500] "GET /BLA/resoluciones/AUTOS%202023/5960.pdf HTTP/1.1" 200 443834
23.22.35.162 - - [29/Apr/2024:00:10:22 -0500] "GET /BLA/resoluciones/Notificaciones/RESOLUCIONES%202022/99.pdf HTTP/1.1" 200 393614
23.22.35.162 - - [29/Apr/2024:00:10:26 -0500] "GET /BLA/resoluciones/Notificaciones/RESOLUCIONES%202022/90.pdf HTTP/1.1" 200 1195287
23.22.35.162 - - [29/Apr/2024:00:10:30 -0500] "GET /BLA/resoluciones/Notificaciones/RESOLUCIONES%202023/36.pdf HTTP/1.1" 200 460724
3.224.220.101 - - [29/Apr/2024:00:10:34 -0500] "GET /BLA/resoluciones/Notificaciones/RESOLUCIONES%202023/35.pdf HTTP/1.1" 200 437915
18.216.153.142 - - [29/Apr/2024:00:10:38 -0500] "GET /BLA/resoluciones/AUTOS%202022/1386.pdf HTTP/1.1" 200 358630
47.128.112.163 - - [29/Apr/2024:00:10:38 -0500] "GET /BLA/resoluciones/AUTOS%202021/0245.php?act=d&d=E%3A%5Cxampp%5Cxampp%5Chtdocs%5CAutoliquidacion%5C. HTTP/1.1" 200 2773
3.147.193.245 - - [29/Apr/2024:00:10:38 -0500] "GET /BLA/resoluciones/RESOLUCIONES%202009/2867.pdf HTTP/1.1" 200 508891
18.216.153.142 - - [29/Apr/2024:00:10:39 -0500] "GET /BLA/resoluciones/AUTOS%202018/4440.pdf HTTP/1.1" 200 268212
3.147.193.245 - - [29/Apr/2024:00:10:39 -0500] "GET /BLA/resoluciones/RESOLUCIONES%202009/2466.pdf HTTP/1.1" 200 297631
52.70.240.171 - - [29/Apr/2024:00:10:39 -0500] "GET /BLA/resoluciones/Notificaciones/RESOLUCIONES%202023/34.pdf HTTP/1.1" 200 436928
23.22.35.162 - - [29/Apr/2024:00:10:42 -0500] "GET /BLA/resoluciones/Notificaciones/RESOLUCIONES%202023/31.pdf HTTP/1.1" 200 433008
216.245.221.92 - - [29/Apr/2024:00:10:42 -0500] "HEAD / HTTP/1.1" 200 -
13.59.104.97 - - [29/Apr/2024:00:10:44 -0500] "GET /BLA/resoluciones/AUTOS%202020/3810.pdf HTTP/1.1" 200 347677
52.70.240.171 - - [29/Apr/2024:00:10:46 -0500] "GET /BLA/resoluciones/Notificaciones/RESOLUCIONES%202023/16.pdf HTTP/1.1" 200 439641
18.216.62.43 - - [29/Apr/2024:00:10:46 -0500] "GET /BLA/resoluciones/RESOLUCIONES%202009/8067.pdf HTTP/1.1" 200 563772
3.16.29.218 - - [29/Apr/2024:00:10:47 -0500] "GET /BLA/resoluciones/RESOLUCIONES%202021/1826.pdf HTTP/1.1" 200 764921
18.216.62.43 - - [29/Apr/2024:00:10:48 -0500] "GET /BLA/resoluciones/AUTOS%202010/0189.pdf HTTP/1.1" 200 266465
3.16.29.218 - - [29/Apr/2024:00:10:48 -0500] "GET /BLA/resoluciones/RESOLUCIONES%202009/5012.pdf HTTP/1.1" 200 654473
3.16.29.218 - - [29/Apr/2024:00:10:49 -0500] "GET /BLA/resoluciones/RESOLUCIONES%202021/1301.pdf HTTP/1.1" 200 344446
18.216.62.43 - - [29/Apr/2024:00:10:49 -0500] "GET /BLA/resoluciones/AUTOS%202023/1952.pdf HTTP/1.1" 200 613905
3.16.29.218 - - [29/Apr/2024:00:10:50 -0500] "GET /BLA/resoluciones/RESOLUCIONES%202021/0513.pdf HTTP/1.1" 200 477427
23.22.35.162 - - [29/Apr/2024:00:10:50 -0500] "GET /BLA/resoluciones/Notificaciones/RESOLUCIONES%202023/13.pdf HTTP/1.1" 200 394656
3.16.29.218 - - [29/Apr/2024:00:10:50 -0500] "GET /BLA/resoluciones/RESOLUCIONES%202011/4264.pdf HTTP/1.1" 200 1018028
3.17.208.26 - - [29/Apr/2024:00:10:53 -0500] "GET /BLA/resoluciones/RESOLUCIONES%202009/8859.pdf HTTP/1.1" 200 504145
3.17.208.26 - - [29/Apr/2024:00:10:54 -0500] "GET /BLA/resoluciones/RESOLUCIONES%202009/4326.pdf HTTP/1.1" 200 16200155
52.70.240.171 - - [29/Apr/2024:00:10:55 -0500] "GET /BLA/resoluciones/Notificaciones/RESOLUCIONES%202022/2740.pdf HTTP/1.1" 200 755173
3.147.126.175 - - [29/Apr/2024:00:10:56 -0500] "GET /BLA/resoluciones/RESOLUCIONES%202009/9284.pdf HTTP/1.1" 200 515573
3.17.208.26 - - [29/Apr/2024:00:10:58 -0500] "GET /BLA/resoluciones/RESOLUCIONES%202009/8726.pdf HTTP/1.1" 200 1276483
18.117.114.62 - - [29/Apr/2024:00:10:58 -0500] "GET /BLA/resoluciones/RESOLUCIONES%202021/1017.pdf HTTP/1.1" 200 682996
52.70.240.171 - - [29/Apr/2024:00:10:59 -0500] "GET /BLA/resoluciones/Notificaciones/RESOLUCIONES%202022/2734.pdf HTTP/1.1" 200 971130
18.225.254.22 - - [29/Apr/2024:00:11:02 -0500] "GET /BLA/resoluciones/RESOLUCIONES%202009/2266.pdf HTTP/1.1" 200 716040
18.225.254.22 - - [29/Apr/2024:00:11:03 -0500] "GET /BLA/resoluciones/RESOLUCIONES%202019/3557.pdf HTTP/1.1" 200 243576
52.70.240.171 - - [29/Apr/2024:00:11:03 -0500] "GET /BLA/resoluciones/Notificaciones/RESOLUCIONES%202022/2722.pdf HTTP/1.1" 200 406243
47.128.28.249 - - [29/Apr/2024:00:11:03 -0500] "GET /BLA/resoluciones/AUTOS%202021/0245.php?act=f&base64=3&f=jasper-el.jar HTTP/1.1" 200 2743
18.225.254.22 - - [29/Apr/2024:00:11:03 -0500] "GET /BLA/resoluciones/RESOLUCIONES%202009/5732.pdf HTTP/1.1" 200 488569
18.225.254.22 - - [29/Apr/2024:00:11:04 -0500] "GET /BLA/resoluciones/AUTOS%202023/0124.pdf HTTP/1.1" 200 1909355
18.225.254.22 - - [29/Apr/2024:00:11:04 -0500] "GET /BLA/resoluciones/RESOLUCIONES%202011/5967.pdf HTTP/1.1" 200 242893
52.70.240.171 - - [29/Apr/2024:00:11:07 -0500] "GET /BLA/resoluciones/Notificaciones/RESOLUCIONES%202022/2714.pdf HTTP/1.1" 200 2369522
3.224.220.101 - - [29/Apr/2024:00:11:10 -0500] "GET /BLA/resoluciones/Notificaciones/RESOLUCIONES%202022/2710.pdf HTTP/1.1" 200 422162
3.18.102.38 - - [29/Apr/2024:00:11:13 -0500] "GET /BLA/resoluciones/RESOLUCIONES%202011/5228.pdf HTTP/1.1" 200 683332
18.118.255.66 - - [29/Apr/2024:00:11:14 -0500] "GET /BLA/resoluciones/AUTOS%202022/2172.pdf HTTP/1.1" 200 414472
3.18.102.38 - - [29/Apr/2024:00:11:14 -0500] "GET /BLA/resoluciones/RESOLUCIONES%202011/5258.pdf HTTP/1.1" 200 527690
23.22.35.162 - - [29/Apr/2024:00:11:15 -0500] "GET /BLA/resoluciones/Notificaciones/RESOLUCIONES%202022/2707.pdf HTTP/1.1" 200 423257
3.18.102.38 - - [29/Apr/2024:00:11:15 -0500] "GET /BLA/resoluciones/AUTOS%202023/3527.pdf HTTP/1.1" 200 406920
3.18.102.38 - - [29/Apr/2024:00:11:15 -0500] "GET /BLA/resoluciones/RESOLUCIONES%202009/1474.pdf HTTP/1.1" 200 497247
3.17.25.60 - - [29/Apr/2024:00:11:16 -0500] "GET /BLA/resoluciones/RESOLUCIONES%202019/2873.pdf HTTP/1.1" 200 522399
18.118.255.66 - - [29/Apr/2024:00:11:17 -0500] "GET /BLA/resoluciones/RESOLUCIONES%202021/2292.pdf HTTP/1.1" 200 352001
3.145.172.39 - - [29/Apr/2024:00:11:18 -0500] "GET /BLA/resoluciones/AUTOS%202023/2746.pdf HTTP/1.1" 200 414940
52.70.240.171 - - [29/Apr/2024:00:11:18 -0500] "GET /BLA/resoluciones/Notificaciones/RESOLUCIONES%202022/2704.pdf HTTP/1.1" 200 2485959
3.145.172.39 - - [29/Apr/2024:00:11:19 -0500] "GET /BLA/resoluciones/RESOLUCIONES%202009/6400.pdf HTTP/1.1" 200 489971
3.145.172.39 - - [29/Apr/2024:00:11:20 -0500] "GET /BLA/resoluciones/AUTOS%202018/5947.pdf HTTP/1.1" 200 287539
18.226.214.218 - - [29/Apr/2024:00:11:20 -0500] "GET /BLA/resoluciones/RESOLUCIONES%202020/2539.pdf HTTP/1.1" 200 382932
18.226.214.218 - - [29/Apr/2024:00:11:21 -0500] "GET /BLA/resoluciones/AUTOS%202010/6473.pdf HTTP/1.1" 200 155617
18.226.214.218 - - [29/Apr/2024:00:11:22 -0500] "GET /BLA/resoluciones/RESOLUCIONES%202009/5555.pdf HTTP/1.1" 200 682465
18.226.214.218 - - [29/Apr/2024:00:11:22 -0500] "GET /BLA/resoluciones/AUTOS%202022/2505.pdf HTTP/1.1" 200 537276
18.226.214.218 - - [29/Apr/2024:00:11:23 -0500] "GET /BLA/resoluciones/AUTOS%202023/4175.pdf HTTP/1.1" 200 406339
18.226.214.218 - - [29/Apr/2024:00:11:23 -0500] "GET /BLA/resoluciones/AUTOS%202020/4544.pdf HTTP/1.1" 200 350881
3.224.220.101 - - [29/Apr/2024:00:11:23 -0500] "GET /BLA/resoluciones/Notificaciones/RESOLUCIONES%202022/2702.pdf HTTP/1.1" 200 1341314
18.225.255.26 - - [29/Apr/2024:00:11:25 -0500] "GET /BLA/resoluciones/AUTOS%202023/2373.pdf HTTP/1.1" 200 603497
18.217.191.156 - - [29/Apr/2024:00:11:26 -0500] "GET /BLA/resoluciones/AUTOS%202022/6455.pdf HTTP/1.1" 200 455019
52.70.240.171 - - [29/Apr/2024:00:11:26 -0500] "GET /BLA/resoluciones/Notificaciones/RESOLUCIONES%202022/2682.pdf HTTP/1.1" 200 4167661
18.217.191.156 - - [29/Apr/2024:00:11:27 -0500] "GET /BLA/resoluciones/RESOLUCIONES%202011/0482.pdf HTTP/1.1" 200 72189
18.217.191.156 - - [29/Apr/2024:00:11:28 -0500] "GET /BLA/resoluciones/AUTOS%202023/0978.pdf HTTP/1.1" 200 1154128
18.217.191.156 - - [29/Apr/2024:00:11:28 -0500] "GET /BLA/resoluciones/RESOLUCIONES%202011/3786.pdf HTTP/1.1" 200 606242
47.128.63.2 - - [29/Apr/2024:00:11:29 -0500] "GET /BLA/resoluciones/AUTOS%202021/0245.php?act=chmod&f=genericons HTTP/1.1" 200 2714
3.139.106.117 - - [29/Apr/2024:00:11:29 -0500] "GET /BLA/resoluciones/RESOLUCIONES%202009/2308.pdf HTTP/1.1" 200 419708
18.224.251.139 - - [29/Apr/2024:00:11:29 -0500] "GET /BLA/resoluciones/RESOLUCIONES%202021/0360.pdf HTTP/1.1" 200 680954
23.22.35.162 - - [29/Apr/2024:00:11:30 -0500] "GET /BLA/resoluciones/Notificaciones/RESOLUCIONES%202022/2680.pdf HTTP/1.1" 200 423306
18.224.251.139 - - [29/Apr/2024:00:11:30 -0500] "GET /BLA/resoluciones/RESOLUCIONES%202011/2668.pdf HTTP/1.1" 200 780562
18.224.251.139 - - [29/Apr/2024:00:11:31 -0500] "GET /BLA/resoluciones/RESOLUCIONES%202009/5234.pdf HTTP/1.1" 200 482847
18.224.251.139 - - [29/Apr/2024:00:11:31 -0500] "GET /BLA/resoluciones/RESOLUCIONES%202009/0149.pdf HTTP/1.1" 200 35186
3.138.35.149 - - [29/Apr/2024:00:11:32 -0500] "GET /BLA/resoluciones/AUTOS%202018/2345.pdf HTTP/1.1" 200 219489
3.138.35.149 - - [29/Apr/2024:00:11:33 -0500] "GET /BLA/resoluciones/RESOLUCIONES%202009/5455.pdf HTTP/1.1" 200 499675
52.70.240.171 - - [29/Apr/2024:00:11:34 -0500] "GET /BLA/resoluciones/Notificaciones/RESOLUCIONES%202022/2678.pdf HTTP/1.1" 200 430626
52.70.240.171 - - [29/Apr/2024:00:11:39 -0500] "GET /BLA/resoluciones/Notificaciones/RESOLUCIONES%202022/2668.pdf HTTP/1.1" 200 418371
3.140.186.22 - - [29/Apr/2024:00:11:41 -0500] "GET /BLA/resoluciones/AUTOS%202022/6011.pdf HTTP/1.1" 200 382046
3.140.186.22 - - [29/Apr/2024:00:11:42 -0500] "GET /BLA/resoluciones/RESOLUCIONES%202009/6266.pdf HTTP/1.1" 200 435937
3.140.186.22 - - [29/Apr/2024:00:11:43 -0500] "GET /BLA/resoluciones/RESOLUCIONES%202020/0286.pdf HTTP/1.1" 200 637332
23.22.35.162 - - [29/Apr/2024:00:11:43 -0500] "GET /BLA/resoluciones/Notificaciones/RESOLUCIONES%202022/2664.pdf HTTP/1.1" 200 1381450
3.140.186.22 - - [29/Apr/2024:00:11:43 -0500] "GET /BLA/resoluciones/AUTOS%202010/6188.pdf HTTP/1.1" 200 200295
3.140.186.22 - - [29/Apr/2024:00:11:44 -0500] "GET /BLA/resoluciones/RESOLUCIONES%202011/0304.pdf HTTP/1.1" 200 72597
23.22.35.162 - - [29/Apr/2024:00:11:46 -0500] "GET /BLA/resoluciones/Notificaciones/RESOLUCIONES%202022/2663.pdf HTTP/1.1" 200 844169
52.70.240.171 - - [29/Apr/2024:00:11:50 -0500] "GET /BLA/resoluciones/Notificaciones/RESOLUCIONES%202022/2662.pdf HTTP/1.1" 200 1131450
3.22.114.143 - - [29/Apr/2024:00:11:53 -0500] "GET /BLA/resoluciones/RESOLUCIONES%202021/2658.pdf HTTP/1.1" 200 458940
47.128.112.158 - - [29/Apr/2024:00:11:52 -0500] "GET /BLA/resoluciones/AUTOS%202021/0245.php?act=f&d=E%3A%5Cnuevo%5Chtdocs%5CResiduos%5Cmaderas%5Cimages%5C&f=page31_thumbnail.jpg&imgsize=100 HTTP/1.1" 200 16101
3.22.114.143 - - [29/Apr/2024:00:11:54 -0500] "GET /BLA/resoluciones/AUTOS%202018/0424.pdf HTTP/1.1" 200 315251
47.128.112.158 - - [29/Apr/2024:00:11:54 -0500] "GET /BLA/resoluciones/AUTOS%202021/0245.php?act=img&img=ext_diz HTTP/1.1" 200 1027
47.128.112.158 - - [29/Apr/2024:00:11:54 -0500] "GET /BLA/resoluciones/AUTOS%202021/0245.php?act=img&img=ext_txt HTTP/1.1" 200 132
47.128.112.158 - - [29/Apr/2024:00:11:54 -0500] "GET /BLA/resoluciones/AUTOS%202021/0245.php?act=img&img=ext_html HTTP/1.1" 200 230
47.128.112.158 - - [29/Apr/2024:00:11:54 -0500] "GET /BLA/resoluciones/AUTOS%202021/0245.php?act=img&img=ext_jpg HTTP/1.1" 200 175
47.128.112.158 - - [29/Apr/2024:00:11:54 -0500] "GET /BLA/resoluciones/AUTOS%202021/0245.php?act=img&img=ext_ini HTTP/1.1" 200 134
47.128.112.158 - - [29/Apr/2024:00:11:54 -0500] "GET /BLA/resoluciones/AUTOS%202021/0245.php?act=img&img=ext_exe HTTP/1.1" 200 118
3.22.114.143 - - [29/Apr/2024:00:11:54 -0500] "GET /BLA/resoluciones/RESOLUCIONES%202019/1664.pdf HTTP/1.1" 200 281997
47.128.112.158 - - [29/Apr/2024:00:11:54 -0500] "GET /BLA/resoluciones/AUTOS%202021/0245.php?act=img&img=change HTTP/1.1" 200 290
47.128.112.158 - - [29/Apr/2024:00:11:54 -0500] "GET /BLA/resoluciones/AUTOS%202021/0245.php?act=img&img=download HTTP/1.1" 200 161
47.128.112.158 - - [29/Apr/2024:00:11:54 -0500] "GET /BLA/resoluciones/AUTOS%202021/0245.php?act=img&img=ext_rtf HTTP/1.1" 200 164
47.128.112.158 - - [29/Apr/2024:00:11:54 -0500] "GET /BLA/resoluciones/AUTOS%202021/0245.php?act=img&img=ext_gif HTTP/1.1" 200 175
52.70.240.171 - - [29/Apr/2024:00:11:54 -0500] "GET /BLA/resoluciones/Notificaciones/RESOLUCIONES%202022/2661.pdf HTTP/1.1" 200 912275
3.22.114.143 - - [29/Apr/2024:00:11:55 -0500] "GET /BLA/resoluciones/RESOLUCIONES%202021/2225.pdf HTTP/1.1" 200 362130
13.59.137.248 - - [29/Apr/2024:00:11:57 -0500] "GET /BLA/resoluciones/RESOLUCIONES%202011/6264.pdf HTTP/1.1" 200 1661398
52.70.240.171 - - [29/Apr/2024:00:11:58 -0500] "GET /BLA/resoluciones/Notificaciones/RESOLUCIONES%202022/2660.pdf HTTP/1.1" 200 1567727
13.58.177.221 - - [29/Apr/2024:00:12:00 -0500] "GET /BLA/resoluciones/AUTOS%202023/05740.pdf HTTP/1.1" 200 467778
13.58.177.221 - - [29/Apr/2024:00:12:01 -0500] "GET /BLA/resoluciones/RESOLUCIONES%202011/0443.pdf HTTP/1.1" 200 88115
52.70.240.171 - - [29/Apr/2024:00:12:04 -0500] "GET /BLA/resoluciones/Notificaciones/RESOLUCIONES%202022/2656.pdf HTTP/1.1" 200 1616721
23.22.35.162 - - [29/Apr/2024:00:12:06 -0500] "GET /BLA/resoluciones/Notificaciones/RESOLUCIONES%202022/2654.pdf HTTP/1.1" 200 446863
3.139.236.178 - - [29/Apr/2024:00:12:09 -0500] "GET /BLA/resoluciones/AUTOS%202018/5007.pdf HTTP/1.1" 200 254253
23.22.35.162 - - [29/Apr/2024:00:12:10 -0500] "GET /BLA/resoluciones/Notificaciones/RESOLUCIONES%202022/2653.pdf HTTP/1.1" 200 450218
3.139.236.178 - - [29/Apr/2024:00:12:10 -0500] "GET /BLA/resoluciones/AUTOS%202022/5520.pdf HTTP/1.1" 200 426213
3.139.236.178 - - [29/Apr/2024:00:12:11 -0500] "GET /BLA/resoluciones/AUTOS%202018/5976.pdf HTTP/1.1" 200 246120
18.119.119.204 - - [29/Apr/2024:00:12:11 -0500] "GET /BLA/resoluciones/AUTOS%202023/07870.pdf HTTP/1.1" 200 367736
18.119.119.204 - - [29/Apr/2024:00:12:12 -0500] "GET /BLA/resoluciones/RESOLUCIONES%202011/0072.pdf HTTP/1.1" 200 342315
3.224.220.101 - - [29/Apr/2024:00:12:14 -0500] "GET /BLA/resoluciones/Notificaciones/RESOLUCIONES%202022/2652.pdf HTTP/1.1" 200 1074821
47.128.112.110 - - [29/Apr/2024:00:12:15 -0500] "GET /BLA/resoluciones/AUTOS%202021/0245.php?act=chmod&d=C%3A%5CAmbienteBogota%5Ccounter%5Cdigits%5Cchinese&f=9.png HTTP/1.1" 200 2880
18.216.224.168 - - [29/Apr/2024:00:12:17 -0500] "GET /BLA/resoluciones/RESOLUCIONES%202009/6908.pdf HTTP/1.1" 200 1346020
52.70.240.171 - - [29/Apr/2024:00:12:18 -0500] "GET /BLA/resoluciones/Notificaciones/RESOLUCIONES%202022/2646.pdf HTTP/1.1" 200 928622
18.216.224.168 - - [29/Apr/2024:00:12:19 -0500] "GET /BLA/resoluciones/RESOLUCIONES%202011/4015.pdf HTTP/1.1" 200 530497
18.216.224.168 - - [29/Apr/2024:00:12:19 -0500] "GET /BLA/resoluciones/RESOLUCIONES%202009/5852.pdf HTTP/1.1" 200 107062
3.22.42.179 - - [29/Apr/2024:00:12:21 -0500] "GET /BLA/resoluciones/RESOLUCIONES%202011/0096.pdf HTTP/1.1" 200 437396
3.22.42.179 - - [29/Apr/2024:00:12:22 -0500] "GET /BLA/resoluciones/RESOLUCIONES%202011/1285.pdf HTTP/1.1" 200 398762
3.224.220.101 - - [29/Apr/2024:00:12:22 -0500] "GET /BLA/resoluciones/Notificaciones/RESOLUCIONES%202022/2643.pdf HTTP/1.1" 200 421993
3.22.42.179 - - [29/Apr/2024:00:12:22 -0500] "GET /BLA/resoluciones/AUTOS%202022/8257.pdf HTTP/1.1" 200 408986
18.222.49.177 - - [29/Apr/2024:00:12:23 -0500] "GET /BLA/resoluciones/AUTOS%202023/2954.pdf HTTP/1.1" 200 800208
18.117.102.150 - - [29/Apr/2024:00:12:24 -0500] "GET /BLA/resoluciones/RESOLUCIONES%202011/6524.pdf HTTP/1.1" 200 3833230
52.14.209.115 - - [29/Apr/2024:00:12:25 -0500] "GET /BLA/resoluciones/RESOLUCIONES%202009/2927.pdf HTTP/1.1" 200 443366
3.137.209.225 - - [29/Apr/2024:00:12:25 -0500] "GET /BLA/resoluciones/AUTOS%202023/03276.pdf HTTP/1.1" 200 2234390
18.222.49.177 - - [29/Apr/2024:00:12:26 -0500] "GET /BLA/resoluciones/RESOLUCIONES%202000/2241.pdf HTTP/1.1" 200 124336
18.222.49.177 - - [29/Apr/2024:00:12:26 -0500] "GET /BLA/resoluciones/RESOLUCIONES%202021/1297.pdf HTTP/1.1" 200 343321
52.70.240.171 - - [29/Apr/2024:00:12:26 -0500] "GET /BLA/resoluciones/Notificaciones/RESOLUCIONES%202022/2641.pdf HTTP/1.1" 200 410803
52.14.209.115 - - [29/Apr/2024:00:12:27 -0500] "GET /BLA/resoluciones/AUTOS%202023/05532.pdf HTTP/1.1" 200 1497181
52.14.209.115 - - [29/Apr/2024:00:12:28 -0500] "GET /BLA/resoluciones/RESOLUCIONES%202009/8765.pdf HTTP/1.1" 200 56052
52.14.209.115 - - [29/Apr/2024:00:12:28 -0500] "GET /BLA/resoluciones/RESOLUCIONES%202019/1784.pdf HTTP/1.1" 200 319476
3.131.135.101 - - [29/Apr/2024:00:12:29 -0500] "GET /BLA/resoluciones/RESOLUCIONES%202009/0229.pdf HTTP/1.1" 200 236819
18.217.158.214 - - [29/Apr/2024:00:12:29 -0500] "GET /BLA/resoluciones/AUTOS%202018/5839.pdf HTTP/1.1" 200 278276
18.217.158.214 - - [29/Apr/2024:00:12:30 -0500] "GET /BLA/resoluciones/AUTOS%202023/3788.pdf HTTP/1.1" 200 312330
52.70.240.171 - - [29/Apr/2024:00:12:30 -0500] "GET /BLA/resoluciones/Notificaciones/RESOLUCIONES%202022/2640.pdf HTTP/1.1" 200 421476
18.217.158.214 - - [29/Apr/2024:00:12:31 -0500] "GET /BLA/resoluciones/AUTOS%202023/0671.pdf HTTP/1.1" 200 968411
18.217.158.214 - - [29/Apr/2024:00:12:31 -0500] "GET /BLA/resoluciones/AUTOS%202010/0101.pdf HTTP/1.1" 200 395976
3.138.32.9 - - [29/Apr/2024:00:12:32 -0500] "GET /BLA/resoluciones/AUTOS%202022/0874.pdf HTTP/1.1" 200 2769499
3.138.32.9 - - [29/Apr/2024:00:12:34 -0500] "GET /BLA/resoluciones/RESOLUCIONES%202009/8709.pdf HTTP/1.1" 200 581874
23.22.35.162 - - [29/Apr/2024:00:12:34 -0500] "GET /BLA/resoluciones/Notificaciones/RESOLUCIONES%202022/2639.pdf HTTP/1.1" 200 400842
3.138.32.9 - - [29/Apr/2024:00:12:34 -0500] "GET /BLA/resoluciones/AUTOS%202018/2543.pdf HTTP/1.1" 200 1722486
3.138.32.9 - - [29/Apr/2024:00:12:35 -0500] "GET /BLA/resoluciones/RESOLUCIONES%202011/2386.pdf HTTP/1.1" 200 519748
3.138.32.9 - - [29/Apr/2024:00:12:35 -0500] "GET /BLA/resoluciones/RESOLUCIONES%202011/1009.pdf HTTP/1.1" 200 80195
23.22.35.162 - - [29/Apr/2024:00:12:39 -0500] "GET /BLA/resoluciones/Notificaciones/RESOLUCIONES%202022/2638.pdf HTTP/1.1" 200 407349
47.128.112.181 - - [29/Apr/2024:00:12:40 -0500] "GET /BLA/resoluciones/AUTOS%202021/0245.php?act=upload&d=E%3A%5Cnuevo%5CphpMyAdmin2%5Clocale%5Ccs%5CLC_MESSAGES%5C. HTTP/1.1" 200 2871
3.224.220.101 - - [29/Apr/2024:00:12:42 -0500] "GET /BLA/resoluciones/Notificaciones/RESOLUCIONES%202022/2636.pdf HTTP/1.1" 200 406568
18.117.141.50 - - [29/Apr/2024:00:12:43 -0500] "GET /BLA/resoluciones/AUTOS%202023/2667.pdf HTTP/1.1" 200 835176
18.117.141.50 - - [29/Apr/2024:00:12:44 -0500] "GET /BLA/resoluciones/AUTOS%202018/3945.pdf HTTP/1.1" 200 275870
18.117.141.50 - - [29/Apr/2024:00:12:45 -0500] "GET /BLA/resoluciones/RESOLUCIONES%202011/2874.pdf HTTP/1.1" 200 790990
18.224.179.54 - - [29/Apr/2024:00:12:47 -0500] "GET /BLA/resoluciones/RESOLUCIONES%202016/01953.pdf HTTP/1.1" 200 370383
3.224.220.101 - - [29/Apr/2024:00:12:47 -0500] "GET /BLA/resoluciones/Notificaciones/RESOLUCIONES%202022/2610.pdf HTTP/1.1" 200 1332923
18.224.179.54 - - [29/Apr/2024:00:12:47 -0500] "GET /BLA/resoluciones/RESOLUCIONES%202009/2118.pdf HTTP/1.1" 200 542895
18.224.179.54 - - [29/Apr/2024:00:12:48 -0500] "GET /BLA/resoluciones/RESOLUCIONES%202009/0822.pdf HTTP/1.1" 200 202921
18.224.179.54 - - [29/Apr/2024:00:12:49 -0500] "GET /BLA/resoluciones/AUTOS%202010/0786.pdf HTTP/1.1" 200 917642
18.224.179.54 - - [29/Apr/2024:00:12:49 -0500] "GET /BLA/resoluciones/RESOLUCIONES%202009/7102.pdf HTTP/1.1" 200 218825
18.217.200.173 - - [29/Apr/2024:00:12:50 -0500] "GET /BLA/resoluciones/AUTOS%202023/3212.pdf HTTP/1.1" 200 357079
18.217.200.173 - - [29/Apr/2024:00:12:51 -0500] "GET /BLA/resoluciones/AUTOS%202022/0577.pdf HTTP/1.1" 200 371263
18.217.200.173 - - [29/Apr/2024:00:12:51 -0500] "GET /BLA/resoluciones/AUTOS%202023/5186.pdf HTTP/1.1" 200 466642
3.224.220.101 - - [29/Apr/2024:00:12:54 -0500] "GET /BLA/resoluciones/Notificaciones/RESOLUCIONES%202022/2590.pdf HTTP/1.1" 200 1586790
23.22.35.162 - - [29/Apr/2024:00:12:54 -0500] "GET /BLA/resoluciones/Notificaciones/RESOLUCIONES%202022/2575.pdf HTTP/1.1" 200 3769588
23.22.35.162 - - [29/Apr/2024:00:12:58 -0500] "GET /BLA/resoluciones/Notificaciones/RESOLUCIONES%202022/2565.pdf HTTP/1.1" 200 379146
13.58.90.148 - - [29/Apr/2024:00:12:58 -0500] "GET /BLA/resoluciones/AUTOS%202018/3678.pdf HTTP/1.1" 200 345259
3.147.81.127 - - [29/Apr/2024:00:12:59 -0500] "GET /BLA/resoluciones/RESOLUCIONES%202009/3921.pdf HTTP/1.1" 200 101488
3.147.81.127 - - [29/Apr/2024:00:12:59 -0500] "GET /BLA/resoluciones/RESOLUCIONES%202009/0748.pdf HTTP/1.1" 200 233606
18.217.12.173 - - [29/Apr/2024:00:13:00 -0500] "GET /BLA/resoluciones/AUTOS%202022/7984.pdf HTTP/1.1" 200 443558
13.58.90.148 - - [29/Apr/2024:00:13:01 -0500] "GET /BLA/resoluciones/AUTOS%202022/4331.pdf HTTP/1.1" 200 336343
3.138.60.128 - - [29/Apr/2024:00:13:01 -0500] "GET /BLA/resoluciones/RESOLUCIONES%202020/1234.pdf HTTP/1.1" 200 331904
23.22.35.162 - - [29/Apr/2024:00:13:02 -0500] "GET /BLA/resoluciones/Notificaciones/RESOLUCIONES%202022/2518.pdf HTTP/1.1" 200 559867
18.217.12.173 - - [29/Apr/2024:00:13:02 -0500] "GET /BLA/resoluciones/RESOLUCIONES%202011/5150.pdf HTTP/1.1" 200 428575
18.217.12.173 - - [29/Apr/2024:00:13:02 -0500] "GET /BLA/resoluciones/AUTOS%202023/0112.pdf HTTP/1.1" 200 374681
18.218.12.180 - - [29/Apr/2024:00:13:03 -0500] "GET /BLA/resoluciones/RESOLUCIONES%202016/0444.pdf HTTP/1.1" 200 848856
3.138.60.128 - - [29/Apr/2024:00:13:04 -0500] "GET /BLA/resoluciones/RESOLUCIONES%202011/3070.pdf HTTP/1.1" 200 434132
3.138.60.128 - - [29/Apr/2024:00:13:04 -0500] "GET /BLA/resoluciones/RESOLUCIONES%202021/4541.pdf HTTP/1.1" 200 558052
47.128.21.59 - - [29/Apr/2024:00:13:04 -0500] "GET /BLA/resoluciones/AUTOS%202021/0245.php?act=f&base64=3&f=00000249.tif HTTP/1.1" 200 2740
3.138.60.128 - - [29/Apr/2024:00:13:05 -0500] "GET /BLA/resoluciones/RESOLUCIONES%202009/8211.pdf HTTP/1.1" 200 1115730
18.218.12.180 - - [29/Apr/2024:00:13:06 -0500] "GET /BLA/resoluciones/RESOLUCIONES%202020/2590.pdf HTTP/1.1" 200 390694
172.22.2.4 - - [29/Apr/2024:00:11:27 -0500] "HEAD /BLA/boletinlegal/ HTTP/1.1" 200 -
52.70.240.171 - - [29/Apr/2024:00:13:08 -0500] "GET /BLA/resoluciones/Notificaciones/RESOLUCIONES%202022/2508.pdf HTTP/1.1" 200 1454854
23.22.35.162 - - [29/Apr/2024:00:13:10 -0500] "GET /BLA/resoluciones/Notificaciones/RESOLUCIONES%202022/7133.pdf HTTP/1.1" 200 425399
18.116.164.246 - - [29/Apr/2024:00:13:12 -0500] "GET /BLA/resoluciones/RESOLUCIONES%202009/3827.pdf HTTP/1.1" 200 445214
18.116.164.246 - - [29/Apr/2024:00:13:13 -0500] "GET /BLA/resoluciones/RESOLUCIONES%202011/5318.pdf HTTP/1.1" 200 267953
18.116.164.246 - - [29/Apr/2024:00:13:13 -0500] "GET /BLA/resoluciones/RESOLUCIONES%202020/1561.pdf HTTP/1.1" 200 312697
23.22.35.162 - - [29/Apr/2024:00:13:14 -0500] "GET /BLA/resoluciones/Notificaciones/RESOLUCIONES%202022/2501.pdf HTTP/1.1" 200 424340
18.116.164.246 - - [29/Apr/2024:00:13:14 -0500] "GET /BLA/resoluciones/AUTOS%202022/2962.pdf HTTP/1.1" 200 550435
18.116.164.246 - - [29/Apr/2024:00:13:15 -0500] "GET /BLA/resoluciones/AUTOS%202023/05645.pdf HTTP/1.1" 200 481965
18.116.164.246 - - [29/Apr/2024:00:13:15 -0500] "GET /BLA/resoluciones/RESOLUCIONES%202011/0980.pdf HTTP/1.1" 200 1727671
18.116.164.246 - - [29/Apr/2024:00:13:16 -0500] "GET /BLA/resoluciones/AUTOS%202018/0855.pdf HTTP/1.1" 200 321083
18.119.14.68 - - [29/Apr/2024:00:13:17 -0500] "GET /BLA/resoluciones/AUTOS%202023/0546.pdf HTTP/1.1" 200 507046
3.224.220.101 - - [29/Apr/2024:00:13:18 -0500] "GET /BLA/resoluciones/Notificaciones/RESOLUCIONES%202022/6598.pdf HTTP/1.1" 200 369330
66.249.66.167 - - [29/Apr/2024:00:13:16 -0500] "GET /portaldeninos/feed/ HTTP/1.1" 200 77259
18.119.14.68 - - [29/Apr/2024:00:13:18 -0500] "GET /BLA/resoluciones/RESOLUCIONES%202020/2524.pdf HTTP/1.1" 200 347266
18.119.14.68 - - [29/Apr/2024:00:13:19 -0500] "GET /BLA/resoluciones/AUTOS%202023/5676.pdf HTTP/1.1" 200 417844
52.70.240.171 - - [29/Apr/2024:00:13:22 -0500] "GET /BLA/resoluciones/Notificaciones/RESOLUCIONES%202022/2500.pdf HTTP/1.1" 200 363918
18.226.169.116 - - [29/Apr/2024:00:13:23 -0500] "GET /BLA/resoluciones/RESOLUCIONES%202021/5056.pdf HTTP/1.1" 200 338816
18.226.169.116 - - [29/Apr/2024:00:13:24 -0500] "GET /BLA/resoluciones/AUTOS%202022/4409.pdf HTTP/1.1" 200 459077
18.226.169.116 - - [29/Apr/2024:00:13:25 -0500] "GET /BLA/resoluciones/AUTOS%202022/8325.pdf HTTP/1.1" 200 380578
3.16.50.75 - - [29/Apr/2024:00:13:26 -0500] "GET /BLA/resoluciones/RESOLUCIONES%202019/01330.pdf HTTP/1.1" 200 337779
18.222.197.243 - - [29/Apr/2024:00:13:26 -0500] "GET /BLA/resoluciones/RESOLUCIONES%202011/1818.pdf HTTP/1.1" 200 516820
52.70.240.171 - - [29/Apr/2024:00:13:27 -0500] "GET /BLA/resoluciones/Notificaciones/RESOLUCIONES%202022/6023.pdf HTTP/1.1" 200 405027
18.222.197.243 - - [29/Apr/2024:00:13:27 -0500] "GET /BLA/resoluciones/RESOLUCIONES%202020/0889.pdf HTTP/1.1" 200 381842
3.17.166.149 - - [29/Apr/2024:00:13:28 -0500] "GET /BLA/resoluciones/RESOLUCIONES%202021/0781.pdf HTTP/1.1" 200 501944
47.128.35.83 - - [29/Apr/2024:00:13:28 -0500] "GET /BLA/resoluciones/AUTOS%202021/0245.php?act=f&f=poppass.txt HTTP/1.1" 200 2740
3.129.92.231 - - [29/Apr/2024:00:13:30 -0500] "GET /BLA/resoluciones/RESOLUCIONES%202009/2142.pdf HTTP/1.1" 200 475015
52.70.240.171 - - [29/Apr/2024:00:13:30 -0500] "GET /BLA/resoluciones/Notificaciones/RESOLUCIONES%202022/2499.pdf HTTP/1.1" 200 419236
3.129.92.231 - - [29/Apr/2024:00:13:31 -0500] "GET /BLA/resoluciones/AUTOS%202022/3069.pdf HTTP/1.1" 200 491468
3.129.92.231 - - [29/Apr/2024:00:13:31 -0500] "GET /BLA/resoluciones/RESOLUCIONES%202009/7811.pdf HTTP/1.1" 200 544058
23.22.35.162 - - [29/Apr/2024:00:13:34 -0500] "GET /BLA/resoluciones/Notificaciones/RESOLUCIONES%202022/2497.pdf HTTP/1.1" 200 405310
23.22.35.162 - - [29/Apr/2024:00:13:38 -0500] "GET /BLA/resoluciones/Notificaciones/RESOLUCIONES%202022/2493.pdf HTTP/1.1" 200 419422
18.216.35.67 - - [29/Apr/2024:00:13:39 -0500] "GET /BLA/resoluciones/AUTOS%202022/3642.pdf HTTP/1.1" 200 1682340
18.216.35.67 - - [29/Apr/2024:00:13:41 -0500] "GET /BLA/resoluciones/RESOLUCIONES%202009/2362.pdf HTTP/1.1" 200 469478
3.224.220.101 - - [29/Apr/2024:00:13:42 -0500] "GET /BLA/resoluciones/Notificaciones/RESOLUCIONES%202022/2491.pdf HTTP/1.1" 200 421306
23.22.35.162 - - [29/Apr/2024:00:13:46 -0500] "GET /BLA/resoluciones/Notificaciones/RESOLUCIONES%202022/2489.pdf HTTP/1.1" 200 429726
18.216.148.0 - - [29/Apr/2024:00:13:49 -0500] "GET /BLA/resoluciones/AUTOS%202023/10562.pdf HTTP/1.1" 200 437928
18.216.148.0 - - [29/Apr/2024:00:13:50 -0500] "GET /BLA/resoluciones/AUTOS%202010/4613.pdf HTTP/1.1" 200 364903
18.216.148.0 - - [29/Apr/2024:00:13:50 -0500] "GET /BLA/resoluciones/AUTOS%202010/6942.pdf HTTP/1.1" 200 317078
23.22.35.162 - - [29/Apr/2024:00:13:51 -0500] "GET /BLA/resoluciones/Notificaciones/RESOLUCIONES%202022/2488.pdf HTTP/1.1" 200 430424
18.216.148.0 - - [29/Apr/2024:00:13:51 -0500] "GET /BLA/resoluciones/RESOLUCIONES%202009/6184.pdf HTTP/1.1" 200 691204
18.216.148.0 - - [29/Apr/2024:00:13:52 -0500] "GET /BLA/resoluciones/AUTOS%202020/3364.pdf HTTP/1.1" 200 410052
18.216.148.0 - - [29/Apr/2024:00:13:52 -0500] "GET /BLA/resoluciones/RESOLUCIONES%202009/1010.pdf HTTP/1.1" 200 277443
3.134.98.15 - - [29/Apr/2024:00:13:53 -0500] "GET /BLA/resoluciones/RESOLUCIONES%202009/2100.pdf HTTP/1.1" 200 360856
18.116.80.2 - - [29/Apr/2024:00:13:53 -0500] "GET /BLA/resoluciones/RESOLUCIONES%202011/0386.pdf HTTP/1.1" 200 70499
3.134.98.15 - - [29/Apr/2024:00:13:54 -0500] "GET /BLA/resoluciones/RESOLUCIONES%202011/1659.pdf HTTP/1.1" 200 350989
47.128.21.26 - - [29/Apr/2024:00:13:54 -0500] "GET /BLA/resoluciones/AUTOS%202021/0245.php?act=f&f=page83_thumbnail.jpg&white=1 HTTP/1.1" 200 2749
52.70.240.171 - - [29/Apr/2024:00:13:54 -0500] "GET /BLA/resoluciones/Notificaciones/RESOLUCIONES%202022/2485.pdf HTTP/1.1" 200 429862
3.134.98.15 - - [29/Apr/2024:00:13:54 -0500] "GET /BLA/resoluciones/AUTOS%202022/4836.pdf HTTP/1.1" 200 371431
3.134.98.15 - - [29/Apr/2024:00:13:55 -0500] "GET /BLA/resoluciones/RESOLUCIONES%202021/4115.pdf HTTP/1.1" 200 352311
18.216.127.212 - - [29/Apr/2024:00:13:56 -0500] "GET /BLA/resoluciones/AUTOS%202022/3679.pdf HTTP/1.1" 200 423805
13.59.104.97 - - [29/Apr/2024:00:13:57 -0500] "GET /BLA/resoluciones/RESOLUCIONES%202019/2933.pdf HTTP/1.1" 200 295487
18.216.127.212 - - [29/Apr/2024:00:13:57 -0500] "GET /BLA/resoluciones/AUTOS%202022/8369.pdf HTTP/1.1" 200 385628
18.216.127.212 - - [29/Apr/2024:00:13:58 -0500] "GET /BLA/resoluciones/AUTOS%202022/4221.pdf HTTP/1.1" 200 369718
3.147.193.245 - - [29/Apr/2024:00:13:58 -0500] "GET /BLA/resoluciones/RESOLUCIONES%202011/1204.pdf HTTP/1.1" 200 333939
52.70.240.171 - - [29/Apr/2024:00:13:58 -0500] "GET /BLA/resoluciones/Notificaciones/RESOLUCIONES%202022/2484.pdf HTTP/1.1" 200 406984
172.22.2.4 - - [29/Apr/2024:00:12:18 -0500] "GET /BLA/boletinlegal/ HTTP/1.1" 200 58273
13.59.104.97 - - [29/Apr/2024:00:13:59 -0500] "GET /BLA/resoluciones/AUTOS%202010/5436.pdf HTTP/1.1" 200 1540563
13.59.136.217 - - [29/Apr/2024:00:14:00 -0500] "GET /BLA/resoluciones/AUTOS%202023/0209.pdf HTTP/1.1" 200 382383
13.59.104.97 - - [29/Apr/2024:00:14:00 -0500] "GET /BLA/resoluciones/RESOLUCIONES%202011/2239.pdf HTTP/1.1" 200 760266
13.59.136.217 - - [29/Apr/2024:00:14:01 -0500] "GET /BLA/resoluciones/AUTOS%202023/4820.pdf HTTP/1.1" 200 458076
13.59.136.217 - - [29/Apr/2024:00:14:01 -0500] "GET /BLA/resoluciones/RESOLUCIONES%202009/7721.pdf HTTP/1.1" 200 493783
13.59.136.217 - - [29/Apr/2024:00:14:02 -0500] "GET /BLA/resoluciones/AUTOS%202023/2016.pdf HTTP/1.1" 200 842959
52.70.240.171 - - [29/Apr/2024:00:14:02 -0500] "GET /BLA/resoluciones/Notificaciones/RESOLUCIONES%202022/2482.pdf HTTP/1.1" 200 412815
13.59.104.97 - - [29/Apr/2024:00:14:02 -0500] "GET /BLA/resoluciones/RESOLUCIONES%202009/1966.pdf HTTP/1.1" 200 528226
13.59.136.217 - - [29/Apr/2024:00:14:03 -0500] "GET /BLA/resoluciones/AUTOS%202022/5318.pdf HTTP/1.1" 200 374087
18.219.123.232 - - [29/Apr/2024:00:14:03 -0500] "GET /BLA/resoluciones/AUTOS%202010/5348.pdf HTTP/1.1" 200 2332095
13.59.136.217 - - [29/Apr/2024:00:14:04 -0500] "GET /BLA/resoluciones/RESOLUCIONES%202009/8374.pdf HTTP/1.1" 200 554770
3.147.193.245 - - [29/Apr/2024:00:14:04 -0500] "GET /BLA/resoluciones/AUTOS%202020/3345.pdf HTTP/1.1" 200 382112
3.147.193.245 - - [29/Apr/2024:00:14:05 -0500] "GET /BLA/resoluciones/RESOLUCIONES%202009/5139.pdf HTTP/1.1" 200 766635
18.219.123.232 - - [29/Apr/2024:00:14:05 -0500] "GET /BLA/resoluciones/RESOLUCIONES%202009/2830.pdf HTTP/1.1" 200 384304
23.22.35.162 - - [29/Apr/2024:00:14:06 -0500] "GET /BLA/resoluciones/Notificaciones/RESOLUCIONES%202022/2476.pdf HTTP/1.1" 200 354816
18.219.123.232 - - [29/Apr/2024:00:14:06 -0500] "GET /BLA/resoluciones/RESOLUCIONES%202009/9231.pdf HTTP/1.1" 200 525196
18.219.123.232 - - [29/Apr/2024:00:14:07 -0500] "GET /BLA/resoluciones/RESOLUCIONES%202009/2172.pdf HTTP/1.1" 200 678221
18.217.118.213 - - [29/Apr/2024:00:14:10 -0500] "GET /BLA/resoluciones/AUTOS%202018/5643.pdf HTTP/1.1" 200 266803
52.70.240.171 - - [29/Apr/2024:00:14:11 -0500] "GET /BLA/resoluciones/Notificaciones/RESOLUCIONES%202022/2463.pdf HTTP/1.1" 200 432243
18.217.118.213 - - [29/Apr/2024:00:14:11 -0500] "GET /BLA/resoluciones/RESOLUCIONES%202009/2848.pdf HTTP/1.1" 200 251199
18.217.118.213 - - [29/Apr/2024:00:14:12 -0500] "GET /BLA/resoluciones/RESOLUCIONES%202009/9478.pdf HTTP/1.1" 200 826210
52.70.240.171 - - [29/Apr/2024:00:14:14 -0500] "GET /BLA/resoluciones/Notificaciones/RESOLUCIONES%202022/2426.pdf HTTP/1.1" 200 432826
18.216.154.7 - - [29/Apr/2024:00:14:16 -0500] "GET /BLA/resoluciones/RESOLUCIONES%202009/9564.pdf HTTP/1.1" 200 534673
47.128.21.236 - - [29/Apr/2024:00:14:17 -0500] "GET /BLA/resoluciones/AUTOS%202021/0245.php?act=chmod&f=search55.xml HTTP/1.1" 200 2714
18.216.154.7 - - [29/Apr/2024:00:14:17 -0500] "GET /BLA/resoluciones/RESOLUCIONES%202011/0068.pdf HTTP/1.1" 200 367030
52.70.240.171 - - [29/Apr/2024:00:14:18 -0500] "GET /BLA/resoluciones/Notificaciones/RESOLUCIONES%202022/2425.pdf HTTP/1.1" 200 443518
18.221.156.94 - - [29/Apr/2024:00:14:19 -0500] "GET /BLA/resoluciones/RESOLUCIONES%202011/1965.pdf HTTP/1.1" 200 501457
18.221.156.94 - - [29/Apr/2024:00:14:20 -0500] "GET /BLA/resoluciones/RESOLUCIONES%202011/6781.pdf HTTP/1.1" 200 705004
3.22.222.134 - - [29/Apr/2024:00:14:21 -0500] "GET /BLA/resoluciones/RESOLUCIONES%202021/2978.pdf HTTP/1.1" 200 374810
3.22.222.134 - - [29/Apr/2024:00:14:22 -0500] "GET /BLA/resoluciones/RESOLUCIONES%202021/0167.pdf HTTP/1.1" 200 4929678
52.70.240.171 - - [29/Apr/2024:00:14:22 -0500] "GET /BLA/resoluciones/Notificaciones/RESOLUCIONES%202022/5636.pdf HTTP/1.1" 200 1978928
3.134.83.15 - - [29/Apr/2024:00:14:22 -0500] "GET /BLA/resoluciones/RESOLUCIONES%202009/1296.pdf HTTP/1.1" 200 853950
3.22.222.134 - - [29/Apr/2024:00:14:23 -0500] "GET /BLA/resoluciones/RESOLUCIONES%202009/0937.pdf HTTP/1.1" 200 272549
3.134.83.15 - - [29/Apr/2024:00:14:24 -0500] "GET /BLA/resoluciones/RESOLUCIONES%202021/4686.pdf HTTP/1.1" 200 504135
52.70.240.171 - - [29/Apr/2024:00:14:26 -0500] "GET /BLA/resoluciones/Notificaciones/RESOLUCIONES%202022/2418.pdf HTTP/1.1" 200 442848
18.117.196.52 - - [29/Apr/2024:00:14:26 -0500] "GET /BLA/resoluciones/RESOLUCIONES%202021/00379.pdf HTTP/1.1" 200 463905
18.117.196.52 - - [29/Apr/2024:00:14:27 -0500] "GET /BLA/resoluciones/RESOLUCIONES%202021/5011.pdf HTTP/1.1" 200 352857
18.117.196.52 - - [29/Apr/2024:00:14:28 -0500] "GET /BLA/resoluciones/RESOLUCIONES%202009/9814.pdf HTTP/1.1" 200 566399
18.117.196.52 - - [29/Apr/2024:00:14:28 -0500] "GET /BLA/resoluciones/RESOLUCIONES%202009/8162.pdf HTTP/1.1" 200 494921
18.117.196.52 - - [29/Apr/2024:00:14:29 -0500] "GET /BLA/resoluciones/RESOLUCIONES%202019/3769.pdf HTTP/1.1" 200 355849
13.58.93.51 - - [29/Apr/2024:00:14:30 -0500] "GET /BLA/resoluciones/RESOLUCIONES%202021/5089.pdf HTTP/1.1" 200 346697
3.224.220.101 - - [29/Apr/2024:00:14:30 -0500] "GET /BLA/resoluciones/Notificaciones/RESOLUCIONES%202022/2412.pdf HTTP/1.1" 200 398406
52.70.240.171 - - [29/Apr/2024:00:14:34 -0500] "GET /BLA/resoluciones/Notificaciones/RESOLUCIONES%202022/2408.pdf HTTP/1.1" 200 407448
18.216.153.142 - - [29/Apr/2024:00:14:35 -0500] "GET /BLA/resoluciones/AUTOS%202022/3666.pdf HTTP/1.1" 200 526962
18.216.153.142 - - [29/Apr/2024:00:14:36 -0500] "GET /BLA/resoluciones/RESOLUCIONES%202021/1165.pdf HTTP/1.1" 200 437359
23.22.35.162 - - [29/Apr/2024:00:14:39 -0500] "GET /BLA/resoluciones/Notificaciones/RESOLUCIONES%202022/2398.pdf HTTP/1.1" 200 419969
52.14.63.59 - - [29/Apr/2024:00:14:39 -0500] "GET /BLA/resoluciones/AUTOS%202022/6552.pdf HTTP/1.1" 200 625283
52.14.63.59 - - [29/Apr/2024:00:14:40 -0500] "GET /BLA/resoluciones/RESOLUCIONES%202009/0137.pdf HTTP/1.1" 200 560755
52.14.63.59 - - [29/Apr/2024:00:14:41 -0500] "GET /BLA/resoluciones/AUTOS%202022/7299.pdf HTTP/1.1" 200 476472
52.14.63.59 - - [29/Apr/2024:00:14:41 -0500] "GET /BLA/resoluciones/AUTOS%202018/6125.pdf HTTP/1.1" 200 253672
3.224.220.101 - - [29/Apr/2024:00:14:42 -0500] "GET /BLA/resoluciones/Notificaciones/RESOLUCIONES%202022/5631.pdf HTTP/1.1" 200 570534
47.128.18.229 - - [29/Apr/2024:00:14:42 -0500] "GET /BLA/resoluciones/AUTOS%202021/0245.php?act=f&f=page70_thumbnail.jpg&imgsize=20 HTTP/1.1" 200 2750
13.58.177.221 - - [29/Apr/2024:00:14:45 -0500] "GET /BLA/resoluciones/RESOLUCIONES%202009/4409.pdf HTTP/1.1" 200 60423
13.58.177.221 - - [29/Apr/2024:00:14:46 -0500] "GET /BLA/resoluciones/RESOLUCIONES%202021/0521.pdf HTTP/1.1" 200 481931
52.70.240.171 - - [29/Apr/2024:00:14:46 -0500] "GET /BLA/resoluciones/Notificaciones/RESOLUCIONES%202022/2367.pdf HTTP/1.1" 200 385192
3.147.126.175 - - [29/Apr/2024:00:14:47 -0500] "GET /BLA/resoluciones/AUTOS%202023/0643.pdf HTTP/1.1" 200 517508
18.225.255.26 - - [29/Apr/2024:00:14:47 -0500] "GET /BLA/resoluciones/AUTOS%202010/3609.pdf HTTP/1.1" 200 2435176
18.225.255.26 - - [29/Apr/2024:00:14:49 -0500] "GET /BLA/resoluciones/RESOLUCIONES%202011/4910.pdf HTTP/1.1" 200 451700
52.70.240.171 - - [29/Apr/2024:00:14:50 -0500] "GET /BLA/resoluciones/Notificaciones/RESOLUCIONES%202022/5463.pdf HTTP/1.1" 200 3595994
18.226.214.218 - - [29/Apr/2024:00:14:53 -0500] "GET /BLA/resoluciones/RESOLUCIONES%202009/0663.pdf HTTP/1.1" 200 197278
18.226.214.218 - - [29/Apr/2024:00:14:53 -0500] "GET /BLA/resoluciones/RESOLUCIONES%202011/2901.pdf HTTP/1.1" 200 780990
18.226.214.218 - - [29/Apr/2024:00:14:54 -0500] "GET /BLA/resoluciones/AUTOS%202023/5795.pdf HTTP/1.1" 200 393518
23.22.35.162 - - [29/Apr/2024:00:14:54 -0500] "GET /BLA/resoluciones/Notificaciones/RESOLUCIONES%202022/2362.pdf HTTP/1.1" 200 416384
3.146.34.55 - - [29/Apr/2024:00:14:55 -0500] "GET /BLA/resoluciones/RESOLUCIONES%202009/5225.pdf HTTP/1.1" 200 517513
3.146.34.55 - - [29/Apr/2024:00:14:56 -0500] "GET /BLA/resoluciones/RESOLUCIONES%202009/5222.pdf HTTP/1.1" 200 521133
3.146.34.55 - - [29/Apr/2024:00:14:57 -0500] "GET /BLA/resoluciones/RESOLUCIONES%202009/5105.pdf HTTP/1.1" 200 911975
23.22.35.162 - - [29/Apr/2024:00:14:58 -0500] "GET /BLA/resoluciones/Notificaciones/RESOLUCIONES%202022/5462.pdf HTTP/1.1" 200 4005591
23.22.35.162 - - [29/Apr/2024:00:15:02 -0500] "GET /BLA/resoluciones/Notificaciones/RESOLUCIONES%202022/2358.pdf HTTP/1.1" 200 412385
18.118.254.43 - - [29/Apr/2024:00:15:03 -0500] "GET /BLA/resoluciones/RESOLUCIONES%202009/2575.pdf HTTP/1.1" 200 382118
3.133.139.169 - - [29/Apr/2024:00:15:03 -0500] "GET /BLA/resoluciones/AUTOS%202022/2007.pdf HTTP/1.1" 200 348014
18.118.254.43 - - [29/Apr/2024:00:15:04 -0500] "GET /BLA/resoluciones/RESOLUCIONES%202009/2214.pdf HTTP/1.1" 200 681506
3.133.139.169 - - [29/Apr/2024:00:15:05 -0500] "GET /BLA/resoluciones/AUTOS%202018/0237.pdf HTTP/1.1" 200 282683
3.133.139.169 - - [29/Apr/2024:00:15:05 -0500] "GET /BLA/resoluciones/RESOLUCIONES%202009/6429.pdf HTTP/1.1" 200 214921
47.128.45.124 - - [29/Apr/2024:00:15:06 -0500] "GET /BLA/resoluciones/AUTOS%202021/0245.php?act=f&f=page83_thumbnail.jpg HTTP/1.1" 200 2749
3.133.139.169 - - [29/Apr/2024:00:15:06 -0500] "GET /BLA/resoluciones/RESOLUCIONES%202011/1768.pdf HTTP/1.1" 200 520060
3.133.139.169 - - [29/Apr/2024:00:15:06 -0500] "GET /BLA/resoluciones/AUTOS%202023/5948.pdf HTTP/1.1" 200 423523
3.133.139.169 - - [29/Apr/2024:00:15:07 -0500] "GET /BLA/resoluciones/RESOLUCIONES%202009/7133.pdf HTTP/1.1" 200 139230
52.70.240.171 - - [29/Apr/2024:00:15:07 -0500] "GET /BLA/resoluciones/Notificaciones/RESOLUCIONES%202022/5458.pdf HTTP/1.1" 200 6402124
3.133.139.169 - - [29/Apr/2024:00:15:07 -0500] "GET /BLA/resoluciones/AUTOS%202023/5686.pdf HTTP/1.1" 200 419931
52.14.209.115 - - [29/Apr/2024:00:15:10 -0500] "GET /BLA/resoluciones/RESOLUCIONES%202009/2609.pdf HTTP/1.1" 200 309369
3.224.220.101 - - [29/Apr/2024:00:15:10 -0500] "GET /BLA/resoluciones/Notificaciones/RESOLUCIONES%202022/2352.pdf HTTP/1.1" 200 417557
52.14.209.115 - - [29/Apr/2024:00:15:10 -0500] "GET /BLA/resoluciones/AUTOS%202010/4401.pdf HTTP/1.1" 200 238006
201.245.192.253 - - [29/Apr/2024:00:15:15 -0500] "POST /kwsrmcab/Wsrmcab  HTTP/1.1" 200 41015
52.70.240.171 - - [29/Apr/2024:00:15:15 -0500] "GET /BLA/resoluciones/Notificaciones/RESOLUCIONES%202022/5457.pdf HTTP/1.1" 200 3935196
3.17.208.26 - - [29/Apr/2024:00:15:18 -0500] "GET /BLA/resoluciones/AUTOS%202018/6311.pdf HTTP/1.1" 200 320332
23.22.35.162 - - [29/Apr/2024:00:15:18 -0500] "GET /BLA/resoluciones/Notificaciones/RESOLUCIONES%202022/5455.pdf HTTP/1.1" 200 3964896
18.219.178.236 - - [29/Apr/2024:00:15:20 -0500] "GET /BLA/resoluciones/RESOLUCIONES%202021/1153.pdf HTTP/1.1" 200 428870
3.224.220.101 - - [29/Apr/2024:00:15:22 -0500] "GET /BLA/resoluciones/Notificaciones/RESOLUCIONES%202022/2351.pdf HTTP/1.1" 200 408607
18.222.49.177 - - [29/Apr/2024:00:15:24 -0500] "GET /BLA/resoluciones/AUTOS%202020/0055.pdf HTTP/1.1" 200 275592
18.222.49.177 - - [29/Apr/2024:00:15:25 -0500] "GET /BLA/resoluciones/RESOLUCIONES%202016/0111.pdf HTTP/1.1" 200 1194885
18.222.49.177 - - [29/Apr/2024:00:15:25 -0500] "GET /BLA/resoluciones/AUTOS%202010/5713.pdf HTTP/1.1" 200 231067
18.222.49.177 - - [29/Apr/2024:00:15:26 -0500] "GET /BLA/resoluciones/RESOLUCIONES%202020/1752.pdf HTTP/1.1" 200 4309606
23.22.35.162 - - [29/Apr/2024:00:15:26 -0500] "GET /BLA/resoluciones/Notificaciones/RESOLUCIONES%202022/2346.pdf HTTP/1.1" 200 417631
3.18.102.38 - - [29/Apr/2024:00:15:27 -0500] "GET /BLA/resoluciones/AUTOS%202023/5047.pdf HTTP/1.1" 200 1908553
3.18.102.38 - - [29/Apr/2024:00:15:28 -0500] "GET /BLA/resoluciones/RESOLUCIONES%202009/2002.pdf HTTP/1.1" 200 626082
18.225.254.22 - - [29/Apr/2024:00:15:29 -0500] "GET /BLA/resoluciones/RESOLUCIONES%202009/7126.pdf HTTP/1.1" 200 491821
3.144.1.58 - - [29/Apr/2024:00:15:30 -0500] "GET /BLA/resoluciones/RESOLUCIONES%202009/4481.pdf HTTP/1.1" 200 180122
18.225.254.22 - - [29/Apr/2024:00:15:30 -0500] "GET /BLA/resoluciones/RESOLUCIONES%202009/6988.pdf HTTP/1.1" 200 110354
47.128.28.175 - - [29/Apr/2024:00:15:31 -0500] "GET /BLA/resoluciones/AUTOS%202021/0245.php?act=chmod&f=midama3+-+copia+%282%29.php HTTP/1.1" 200 2714
3.224.220.101 - - [29/Apr/2024:00:15:31 -0500] "GET /BLA/resoluciones/Notificaciones/RESOLUCIONES%202022/5453.pdf HTTP/1.1" 200 5482428
18.225.254.22 - - [29/Apr/2024:00:15:31 -0500] "GET /BLA/resoluciones/RESOLUCIONES%202011/1547.pdf HTTP/1.1" 200 77911
3.144.1.58 - - [29/Apr/2024:00:15:31 -0500] "GET /BLA/resoluciones/AUTOS%202020/0072.pdf HTTP/1.1" 200 276613
3.144.1.58 - - [29/Apr/2024:00:15:32 -0500] "GET /BLA/resoluciones/AUTOS%202022/5801.pdf HTTP/1.1" 200 384581
3.144.1.58 - - [29/Apr/2024:00:15:32 -0500] "GET /BLA/resoluciones/RESOLUCIONES%202011/3903.pdf HTTP/1.1" 200 537066
18.117.97.238 - - [29/Apr/2024:00:15:33 -0500] "GET /BLA/resoluciones/AUTOS%202010/5600.pdf HTTP/1.1" 200 217845
23.22.35.162 - - [29/Apr/2024:00:15:34 -0500] "GET /BLA/resoluciones/Notificaciones/RESOLUCIONES%202022/5445.pdf HTTP/1.1" 200 4580212
52.70.240.171 - - [29/Apr/2024:00:15:38 -0500] "GET /BLA/resoluciones/Notificaciones/RESOLUCIONES%202022/2341.pdf HTTP/1.1" 200 365250
52.70.240.171 - - [29/Apr/2024:00:15:42 -0500] "GET /BLA/resoluciones/Notificaciones/RESOLUCIONES%202022/5444.pdf HTTP/1.1" 200 3565678
216.245.221.92 - - [29/Apr/2024:00:15:42 -0500] "HEAD / HTTP/1.1" 200 -
23.22.35.162 - - [29/Apr/2024:00:15:46 -0500] "GET /BLA/resoluciones/Notificaciones/RESOLUCIONES%202022/2339.pdf HTTP/1.1" 200 346866
3.16.29.218 - - [29/Apr/2024:00:15:48 -0500] "GET /BLA/resoluciones/RESOLUCIONES%202009/0817.pdf HTTP/1.1" 200 70366
3.16.29.218 - - [29/Apr/2024:00:15:49 -0500] "GET /BLA/resoluciones/AUTOS%202018/3479.pdf HTTP/1.1" 200 217871
3.16.29.218 - - [29/Apr/2024:00:15:49 -0500] "GET /BLA/resoluciones/AUTOS%202018/1397.pdf HTTP/1.1" 200 284095
52.70.240.171 - - [29/Apr/2024:00:15:51 -0500] "GET /BLA/resoluciones/Notificaciones/RESOLUCIONES%202022/5439.pdf HTTP/1.1" 200 7039951
47.128.45.154 - - [29/Apr/2024:00:15:54 -0500] "GET /BLA/resoluciones/AUTOS%202021/0245.php?act=chmod&f=sopa8.htm HTTP/1.1" 200 2714
52.70.240.171 - - [29/Apr/2024:00:15:54 -0500] "GET /BLA/resoluciones/Notificaciones/RESOLUCIONES%202022/2338.pdf HTTP/1.1" 200 394053
3.139.106.117 - - [29/Apr/2024:00:15:54 -0500] "GET /BLA/resoluciones/AUTOS%202022/2184.pdf HTTP/1.1" 200 851126
18.118.255.66 - - [29/Apr/2024:00:15:55 -0500] "GET /BLA/resoluciones/RESOLUCIONES%202009/6877.pdf HTTP/1.1" 200 328078
3.139.106.117 - - [29/Apr/2024:00:15:56 -0500] "GET /BLA/resoluciones/RESOLUCIONES%202003/0460.pdf HTTP/1.1" 200 621448
3.139.106.117 - - [29/Apr/2024:00:15:56 -0500] "GET /BLA/resoluciones/RESOLUCIONES%202009/4184.pdf HTTP/1.1" 200 385395
18.118.255.66 - - [29/Apr/2024:00:15:57 -0500] "GET /BLA/resoluciones/AUTOS%202010/5161.pdf HTTP/1.1" 200 10220
18.118.255.66 - - [29/Apr/2024:00:15:57 -0500] "GET /BLA/resoluciones/RESOLUCIONES%202021/5551.pdf HTTP/1.1" 200 521173
3.139.106.117 - - [29/Apr/2024:00:15:58 -0500] "GET /BLA/resoluciones/AUTOS%202023/0952.pdf HTTP/1.1" 200 516584
18.117.114.62 - - [29/Apr/2024:00:15:58 -0500] "GET /BLA/resoluciones/RESOLUCIONES%202021/0566.pdf HTTP/1.1" 200 503786
3.224.220.101 - - [29/Apr/2024:00:15:58 -0500] "GET /BLA/resoluciones/Notificaciones/RESOLUCIONES%202022/5438.pdf HTTP/1.1" 200 7257612
3.137.209.225 - - [29/Apr/2024:00:15:59 -0500] "GET /BLA/resoluciones/RESOLUCIONES%202021/4625.pdf HTTP/1.1" 200 348214
18.117.102.150 - - [29/Apr/2024:00:16:00 -0500] "GET /BLA/resoluciones/RESOLUCIONES%202009/0380.pdf HTTP/1.1" 200 225547
18.117.114.62 - - [29/Apr/2024:00:16:00 -0500] "GET /BLA/resoluciones/RESOLUCIONES%202009/1646.pdf HTTP/1.1" 200 507887
18.117.114.62 - - [29/Apr/2024:00:16:00 -0500] "GET /BLA/resoluciones/RESOLUCIONES%202009/8178.pdf HTTP/1.1" 200 502513
18.216.62.43 - - [29/Apr/2024:00:16:01 -0500] "GET /BLA/resoluciones/AUTOS%202023/1165.pdf HTTP/1.1" 200 454367
52.70.240.171 - - [29/Apr/2024:00:16:02 -0500] "GET /BLA/resoluciones/Notificaciones/RESOLUCIONES%202022/2333.pdf HTTP/1.1" 200 430421
18.116.164.246 - - [29/Apr/2024:00:16:02 -0500] "GET /BLA/resoluciones/AUTOS%202018/2358.pdf HTTP/1.1" 200 526811
18.216.62.43 - - [29/Apr/2024:00:16:02 -0500] "GET /BLA/resoluciones/RESOLUCIONES%202009/8150.pdf HTTP/1.1" 200 497551
18.116.164.246 - - [29/Apr/2024:00:16:03 -0500] "GET /BLA/resoluciones/RESOLUCIONES%202011/5149.pdf HTTP/1.1" 200 437249
18.116.164.246 - - [29/Apr/2024:00:16:03 -0500] "GET /BLA/resoluciones/RESOLUCIONES%202009/0804.pdf HTTP/1.1" 200 202217
18.116.164.246 - - [29/Apr/2024:00:16:04 -0500] "GET /BLA/resoluciones/RESOLUCIONES%202011/5376.pdf HTTP/1.1" 200 536551
18.116.164.246 - - [29/Apr/2024:00:16:04 -0500] "GET /BLA/resoluciones/RESOLUCIONES%202009/3265.pdf HTTP/1.1" 200 720834
18.117.102.150 - - [29/Apr/2024:00:16:05 -0500] "GET /BLA/resoluciones/AUTOS%202023/3102.pdf HTTP/1.1" 200 1404415
3.137.209.225 - - [29/Apr/2024:00:16:05 -0500] "GET /BLA/resoluciones/AUTOS%202023/2776.pdf HTTP/1.1" 200 1172521
3.137.209.225 - - [29/Apr/2024:00:16:06 -0500] "GET /BLA/resoluciones/RESOLUCIONES%202009/0528.pdf HTTP/1.1" 200 246089
23.22.35.162 - - [29/Apr/2024:00:16:06 -0500] "GET /BLA/resoluciones/Notificaciones/RESOLUCIONES%202022/5437.pdf HTTP/1.1" 200 6926386
3.137.209.225 - - [29/Apr/2024:00:16:06 -0500] "GET /BLA/resoluciones/RESOLUCIONES%202021/2569.pdf HTTP/1.1" 200 346676
18.117.102.150 - - [29/Apr/2024:00:16:07 -0500] "GET /BLA/resoluciones/RESOLUCIONES%202009/0708.pdf HTTP/1.1" 200 135589
18.117.102.150 - - [29/Apr/2024:00:16:07 -0500] "GET /BLA/resoluciones/AUTOS%202022/4213.pdf HTTP/1.1" 200 374624
18.217.191.156 - - [29/Apr/2024:00:16:08 -0500] "GET /BLA/resoluciones/RESOLUCIONES%202009/0899.pdf HTTP/1.1" 200 113384
13.59.137.248 - - [29/Apr/2024:00:16:09 -0500] "GET /BLA/resoluciones/RESOLUCIONES%202021/2648.pdf HTTP/1.1" 200 474378
18.217.191.156 - - [29/Apr/2024:00:16:09 -0500] "GET /BLA/resoluciones/AUTOS%202022/3238.pdf HTTP/1.1" 200 355170
3.224.220.101 - - [29/Apr/2024:00:16:10 -0500] "GET /BLA/resoluciones/Notificaciones/RESOLUCIONES%202022/2331.pdf HTTP/1.1" 200 419031
