18.226.214.218 - - [29/Apr/2024:01:03:38 -0500] "GET /BLA/resoluciones/AUTOS%202023/1789.pdf HTTP/1.1" 200 394652
66.249.66.166 - - [29/Apr/2024:01:03:38 -0500] "GET /portaldeninos/wp-content/themes/betheme/css/responsive.css?ver=20.9.6 HTTP/1.1" 200 55740
18.226.214.218 - - [29/Apr/2024:01:03:39 -0500] "GET /BLA/resoluciones/AUTOS%202022/6812.pdf HTTP/1.1" 200 445294
18.226.214.218 - - [29/Apr/2024:01:03:39 -0500] "GET /BLA/resoluciones/RESOLUCIONES%202020/1542.pdf HTTP/1.1" 200 395900
66.249.66.166 - - [29/Apr/2024:01:03:39 -0500] "GET /portaldeninos/wp-includes/js/jquery/ui/accordion.min.js?ver=1.11.4 HTTP/1.1" 200 8584
13.59.104.97 - - [29/Apr/2024:01:03:40 -0500] "GET /BLA/resoluciones/RESOLUCIONES%202011/3922.pdf HTTP/1.1" 200 595570
66.249.66.166 - - [29/Apr/2024:01:03:41 -0500] "GET /portaldeninos/wp-includes/js/jquery/ui/position.min.js?ver=1.11.4 HTTP/1.1" 200 6527
18.117.103.28 - - [29/Apr/2024:01:03:41 -0500] "GET /BLA/resoluciones/AUTOS%202022/3018.pdf HTTP/1.1" 200 654509
18.117.102.150 - - [29/Apr/2024:01:03:42 -0500] "GET /BLA/resoluciones/RESOLUCIONES%202021/2814.pdf HTTP/1.1" 200 350909
66.249.66.165 - - [29/Apr/2024:01:03:42 -0500] "GET /portaldeninos/wp-content/plugins/popup-maker/assets/js/site.min.js?defer&ver=1.8.14 HTTP/1.1" 200 48457
18.117.103.28 - - [29/Apr/2024:01:03:42 -0500] "GET /BLA/resoluciones/AUTOS%202020/4385.pdf HTTP/1.1" 200 383113
52.70.240.171 - - [29/Apr/2024:01:03:43 -0500] "GET /BLA/resoluciones/Notificaciones/RESOLUCIONES%202023/00339.pdf HTTP/1.1" 200 471784
18.117.103.28 - - [29/Apr/2024:01:03:43 -0500] "GET /BLA/resoluciones/RESOLUCIONES%202021/2580.pdf HTTP/1.1" 200 484196
18.117.102.150 - - [29/Apr/2024:01:03:43 -0500] "GET /BLA/resoluciones/RESOLUCIONES%202011/6453.pdf HTTP/1.1" 200 242272
47.128.60.85 - - [29/Apr/2024:01:03:43 -0500] "GET /BLA/resoluciones/AUTOS%202021/0245.php?act=f&f=index.htm HTTP/1.1" 200 2738
18.117.103.28 - - [29/Apr/2024:01:03:44 -0500] "GET /BLA/resoluciones/RESOLUCIONES%202009/5954.pdf HTTP/1.1" 200 530417
18.117.103.28 - - [29/Apr/2024:01:03:44 -0500] "GET /BLA/resoluciones/RESOLUCIONES%202019/0562.pdf HTTP/1.1" 200 233024
18.117.103.28 - - [29/Apr/2024:01:03:45 -0500] "GET /BLA/resoluciones/AUTOS%202018/1023.pdf HTTP/1.1" 200 270883
13.59.104.97 - - [29/Apr/2024:01:03:45 -0500] "GET /BLA/resoluciones/RESOLUCIONES%202011/1093.pdf HTTP/1.1" 200 332467
13.59.104.97 - - [29/Apr/2024:01:03:46 -0500] "GET /BLA/resoluciones/AUTOS%202022/4482.pdf HTTP/1.1" 200 404179
18.223.172.78 - - [29/Apr/2024:01:03:47 -0500] "GET /BLA/resoluciones/AUTOS%202010/4737.pdf HTTP/1.1" 200 151657
52.70.240.171 - - [29/Apr/2024:01:03:47 -0500] "GET /BLA/resoluciones/Notificaciones/RESOLUCIONES%202023/00329.pdf HTTP/1.1" 200 501301
18.116.80.2 - - [29/Apr/2024:01:03:47 -0500] "GET /BLA/resoluciones/RESOLUCIONES%202009/3111.pdf HTTP/1.1" 200 480717
18.223.172.78 - - [29/Apr/2024:01:03:48 -0500] "GET /BLA/resoluciones/AUTOS%202022/3741.pdf HTTP/1.1" 200 352793
18.116.80.2 - - [29/Apr/2024:01:03:49 -0500] "GET /BLA/resoluciones/RESOLUCIONES%202011/1000.pdf HTTP/1.1" 200 69459
18.116.80.2 - - [29/Apr/2024:01:03:49 -0500] "GET /BLA/resoluciones/RESOLUCIONES%202009/9361.pdf HTTP/1.1" 200 539251
52.70.240.171 - - [29/Apr/2024:01:03:50 -0500] "GET /BLA/resoluciones/Notificaciones/RESOLUCIONES%202023/00328.pdf HTTP/1.1" 200 824842
3.17.166.149 - - [29/Apr/2024:01:03:51 -0500] "GET /BLA/resoluciones/RESOLUCIONES%202009/6340.pdf HTTP/1.1" 200 528365
3.17.166.149 - - [29/Apr/2024:01:03:52 -0500] "GET /BLA/resoluciones/RESOLUCIONES%202011/4785.pdf HTTP/1.1" 200 517823
40.77.167.14 - - [29/Apr/2024:01:03:52 -0500] "GET /BLA/resoluciones/RESOLUCIONES%202021/0449.pdf HTTP/1.1" 200 6520640
3.17.166.149 - - [29/Apr/2024:01:03:52 -0500] "GET /BLA/resoluciones/AUTOS%202022/7770.pdf HTTP/1.1" 200 505055
3.17.166.149 - - [29/Apr/2024:01:03:53 -0500] "GET /BLA/resoluciones/RESOLUCIONES%202009/4485.pdf HTTP/1.1" 200 497265
3.17.166.149 - - [29/Apr/2024:01:03:53 -0500] "GET /BLA/resoluciones/AUTOS%202022/7272.pdf HTTP/1.1" 200 531405
3.17.166.149 - - [29/Apr/2024:01:03:54 -0500] "GET /BLA/resoluciones/AUTOS%202010/5531.pdf HTTP/1.1" 200 225124
52.70.240.171 - - [29/Apr/2024:01:03:54 -0500] "GET /BLA/resoluciones/Notificaciones/RESOLUCIONES%202023/00327.pdf HTTP/1.1" 200 504328
18.219.123.232 - - [29/Apr/2024:01:03:54 -0500] "GET /BLA/resoluciones/AUTOS%202010/5202.pdf HTTP/1.1" 200 488694
52.14.63.59 - - [29/Apr/2024:01:03:55 -0500] "GET /BLA/resoluciones/RESOLUCIONES%202021/1464.pdf HTTP/1.1" 200 422988
18.219.123.232 - - [29/Apr/2024:01:03:56 -0500] "GET /BLA/resoluciones/RESOLUCIONES%202009/9245.pdf HTTP/1.1" 200 500385
18.219.123.232 - - [29/Apr/2024:01:03:56 -0500] "GET /BLA/resoluciones/AUTOS%202022/8078.pdf HTTP/1.1" 200 392675
18.222.49.177 - - [29/Apr/2024:01:03:57 -0500] "GET /BLA/resoluciones/RESOLUCIONES%202009/1196.pdf HTTP/1.1" 200 668994
52.14.63.59 - - [29/Apr/2024:01:03:57 -0500] "GET /BLA/resoluciones/RESOLUCIONES%202021/0973.pdf HTTP/1.1" 200 461092
18.222.49.177 - - [29/Apr/2024:01:03:58 -0500] "GET /BLA/resoluciones/RESOLUCIONES%202019/2355.pdf HTTP/1.1" 200 291399
3.224.220.101 - - [29/Apr/2024:01:03:59 -0500] "GET /BLA/resoluciones/Notificaciones/RESOLUCIONES%202023/00326.pdf HTTP/1.1" 200 900853
23.22.35.162 - - [29/Apr/2024:01:04:02 -0500] "GET /BLA/resoluciones/Notificaciones/RESOLUCIONES%202023/00324.pdf HTTP/1.1" 200 816341
52.70.240.171 - - [29/Apr/2024:01:04:06 -0500] "GET /BLA/resoluciones/Notificaciones/RESOLUCIONES%202023/00323.pdf HTTP/1.1" 200 500108
18.118.132.146 - - [29/Apr/2024:01:04:08 -0500] "GET /BLA/resoluciones/RESOLUCIONES%202011/2037.pdf HTTP/1.1" 200 414843
18.118.132.146 - - [29/Apr/2024:01:04:09 -0500] "GET /BLA/resoluciones/RESOLUCIONES%202020/0285.pdf HTTP/1.1" 200 397813
47.128.111.107 - - [29/Apr/2024:01:04:09 -0500] "GET /BLA/resoluciones/AUTOS%202021/0245.php?act=f&f=mercury.ini HTTP/1.1" 200 2740
18.118.132.146 - - [29/Apr/2024:01:04:10 -0500] "GET /BLA/resoluciones/RESOLUCIONES%202011/2445.pdf HTTP/1.1" 200 595472
18.118.132.146 - - [29/Apr/2024:01:04:10 -0500] "GET /BLA/resoluciones/AUTOS%202022/1658.pdf HTTP/1.1" 200 370012
18.118.132.146 - - [29/Apr/2024:01:04:11 -0500] "GET /BLA/resoluciones/AUTOS%202018/5907.pdf HTTP/1.1" 200 267228
52.70.240.171 - - [29/Apr/2024:01:04:11 -0500] "GET /BLA/resoluciones/Notificaciones/RESOLUCIONES%202023/00322.pdf HTTP/1.1" 200 499406
18.216.224.168 - - [29/Apr/2024:01:04:13 -0500] "GET /BLA/resoluciones/AUTOS%202023/5088.pdf HTTP/1.1" 200 400793
18.216.224.168 - - [29/Apr/2024:01:04:14 -0500] "GET /BLA/resoluciones/RESOLUCIONES%202011/5411.pdf HTTP/1.1" 200 624297
20.106.251.222 - - [29/Apr/2024:01:04:14 -0500] "GET /BLA/resoluciones/AUTOS%202023/1374.pdf HTTP/1.1" 200 437856
18.216.224.168 - - [29/Apr/2024:01:04:14 -0500] "GET /BLA/resoluciones/AUTOS%202022/8551.pdf HTTP/1.1" 200 422050
23.22.35.162 - - [29/Apr/2024:01:04:15 -0500] "GET /BLA/resoluciones/Notificaciones/RESOLUCIONES%202023/00319.pdf HTTP/1.1" 200 502062
18.216.62.43 - - [29/Apr/2024:01:04:15 -0500] "GET /BLA/resoluciones/AUTOS%202023/0232.pdf HTTP/1.1" 200 2410124
18.226.169.116 - - [29/Apr/2024:01:04:16 -0500] "GET /BLA/resoluciones/RESOLUCIONES%202009/6026.pdf HTTP/1.1" 200 496533
18.216.62.43 - - [29/Apr/2024:01:04:17 -0500] "GET /BLA/resoluciones/RESOLUCIONES%202011/6696.pdf HTTP/1.1" 200 740988
18.216.62.43 - - [29/Apr/2024:01:04:17 -0500] "GET /BLA/resoluciones/RESOLUCIONES%202009/6023.pdf HTTP/1.1" 200 488933
52.70.240.171 - - [29/Apr/2024:01:04:18 -0500] "GET /BLA/resoluciones/Notificaciones/RESOLUCIONES%202023/00300.pdf HTTP/1.1" 200 476168
18.226.169.116 - - [29/Apr/2024:01:04:18 -0500] "GET /BLA/resoluciones/RESOLUCIONES%202009/0345.pdf HTTP/1.1" 200 221526
18.226.169.116 - - [29/Apr/2024:01:04:18 -0500] "GET /BLA/resoluciones/AUTOS%202020/4853.pdf HTTP/1.1" 200 404554
23.22.35.162 - - [29/Apr/2024:01:04:22 -0500] "GET /BLA/resoluciones/Notificaciones/RESOLUCIONES%202023/00299.pdf HTTP/1.1" 200 612276
3.16.50.75 - - [29/Apr/2024:01:04:24 -0500] "GET /BLA/resoluciones/RESOLUCIONES%202020/0530.pdf HTTP/1.1" 200 430067
3.16.50.75 - - [29/Apr/2024:01:04:25 -0500] "GET /BLA/resoluciones/AUTOS%202023/03037.pdf HTTP/1.1" 200 354154
3.224.220.101 - - [29/Apr/2024:01:04:27 -0500] "GET /BLA/resoluciones/Notificaciones/RESOLUCIONES%202023/00296.pdf HTTP/1.1" 200 444341
52.70.240.171 - - [29/Apr/2024:01:04:30 -0500] "GET /BLA/resoluciones/Notificaciones/RESOLUCIONES%202023/00258.pdf HTTP/1.1" 200 650994
47.128.20.222 - - [29/Apr/2024:01:04:32 -0500] "GET /BLA/resoluciones/AUTOS%202021/0245.php?act=f&f=page40.swf&white=1 HTTP/1.1" 200 2741
3.224.220.101 - - [29/Apr/2024:01:04:35 -0500] "GET /BLA/resoluciones/Notificaciones/RESOLUCIONES%202023/00251.pdf HTTP/1.1" 200 897197
52.70.240.171 - - [29/Apr/2024:01:04:39 -0500] "GET /BLA/resoluciones/Notificaciones/RESOLUCIONES%202023/00170.pdf HTTP/1.1" 200 398361
3.22.114.143 - - [29/Apr/2024:01:04:40 -0500] "GET /BLA/resoluciones/RESOLUCIONES%202009/0497.pdf HTTP/1.1" 200 204256
3.134.98.15 - - [29/Apr/2024:01:04:41 -0500] "GET /BLA/resoluciones/AUTOS%202010/2713.pdf HTTP/1.1" 200 143461
3.134.98.15 - - [29/Apr/2024:01:04:41 -0500] "GET /BLA/resoluciones/AUTOS%202020/2299.pdf HTTP/1.1" 200 334555
3.134.98.15 - - [29/Apr/2024:01:04:42 -0500] "GET /BLA/resoluciones/RESOLUCIONES%202009/9351.pdf HTTP/1.1" 200 500493
23.22.35.162 - - [29/Apr/2024:01:04:42 -0500] "GET /BLA/resoluciones/Notificaciones/RESOLUCIONES%202023/00153.pdf HTTP/1.1" 200 514220
3.134.98.15 - - [29/Apr/2024:01:04:42 -0500] "GET /BLA/resoluciones/RESOLUCIONES%202021/0286.pdf HTTP/1.1" 200 775422
3.134.98.15 - - [29/Apr/2024:01:04:43 -0500] "GET /BLA/resoluciones/RESOLUCIONES%202009/1957.pdf HTTP/1.1" 200 515973
3.22.114.143 - - [29/Apr/2024:01:04:43 -0500] "GET /BLA/resoluciones/RESOLUCIONES%202011/2096.pdf HTTP/1.1" 200 374505
18.119.14.68 - - [29/Apr/2024:01:04:46 -0500] "GET /BLA/resoluciones/RESOLUCIONES%202016/1801.pdf HTTP/1.1" 200 289792
52.70.240.171 - - [29/Apr/2024:01:04:46 -0500] "GET /BLA/resoluciones/Notificaciones/RESOLUCIONES%202023/00151.pdf HTTP/1.1" 200 400266
18.119.14.68 - - [29/Apr/2024:01:04:46 -0500] "GET /BLA/resoluciones/RESOLUCIONES%202009/7645.pdf HTTP/1.1" 200 491173
18.119.14.68 - - [29/Apr/2024:01:04:47 -0500] "GET /BLA/resoluciones/AUTOS%202020/2754.pdf HTTP/1.1" 200 355180
13.58.90.148 - - [29/Apr/2024:01:04:48 -0500] "GET /BLA/resoluciones/RESOLUCIONES%202009/5007.pdf HTTP/1.1" 200 705201
13.58.90.148 - - [29/Apr/2024:01:04:49 -0500] "GET /BLA/resoluciones/RESOLUCIONES%202020/0472.pdf HTTP/1.1" 200 570290
13.58.90.148 - - [29/Apr/2024:01:04:50 -0500] "GET /BLA/resoluciones/RESOLUCIONES%202019/3155.pdf HTTP/1.1" 200 329167
13.58.90.148 - - [29/Apr/2024:01:04:50 -0500] "GET /BLA/resoluciones/RESOLUCIONES%202009/5498.pdf HTTP/1.1" 200 495353
13.58.90.148 - - [29/Apr/2024:01:04:51 -0500] "GET /BLA/resoluciones/RESOLUCIONES%202009/2952.pdf HTTP/1.1" 200 539347
52.70.240.171 - - [29/Apr/2024:01:04:51 -0500] "GET /BLA/resoluciones/Notificaciones/RESOLUCIONES%202023/00149.pdf HTTP/1.1" 200 399505
13.58.90.148 - - [29/Apr/2024:01:04:51 -0500] "GET /BLA/resoluciones/AUTOS%202023/3300.pdf HTTP/1.1" 200 563123
52.70.240.171 - - [29/Apr/2024:01:04:54 -0500] "GET /BLA/resoluciones/Notificaciones/RESOLUCIONES%202023/00148.pdf HTTP/1.1" 200 404599
3.133.83.109 - - [29/Apr/2024:01:04:55 -0500] "GET /BLA/resoluciones/AUTOS%202022/4882.pdf HTTP/1.1" 200 383984
13.59.136.217 - - [29/Apr/2024:01:04:55 -0500] "GET /BLA/resoluciones/RESOLUCIONES%202021/4558.pdf HTTP/1.1" 200 353206
3.133.83.109 - - [29/Apr/2024:01:04:56 -0500] "GET /BLA/resoluciones/AUTOS%202022/6477.pdf HTTP/1.1" 200 489144
3.133.83.109 - - [29/Apr/2024:01:04:56 -0500] "GET /BLA/resoluciones/AUTOS%202018/5450.pdf HTTP/1.1" 200 260267
3.133.83.109 - - [29/Apr/2024:01:04:57 -0500] "GET /BLA/resoluciones/RESOLUCIONES%202011/5749.pdf HTTP/1.1" 200 745194
47.128.20.234 - - [29/Apr/2024:01:04:57 -0500] "GET /BLA/resoluciones/AUTOS%202021/0245.php?act=sql&d=E%3A%5Cnuevo%5Chtdocs%5Ccumbreclima%5Cwp-includes%5Cjs%5Cplupload%5C HTTP/1.1" 200 3092
3.129.92.231 - - [29/Apr/2024:01:04:58 -0500] "GET /BLA/resoluciones/RESOLUCIONES%202019/2008.pdf HTTP/1.1" 200 412445
52.70.240.171 - - [29/Apr/2024:01:04:58 -0500] "GET /BLA/resoluciones/Notificaciones/RESOLUCIONES%202023/00147.pdf HTTP/1.1" 200 413187
13.59.136.217 - - [29/Apr/2024:01:04:58 -0500] "GET /BLA/resoluciones/RESOLUCIONES%202011/6898.pdf HTTP/1.1" 200 263222
13.59.136.217 - - [29/Apr/2024:01:04:59 -0500] "GET /BLA/resoluciones/RESOLUCIONES%202009/7748.pdf HTTP/1.1" 200 304388
13.59.136.217 - - [29/Apr/2024:01:04:59 -0500] "GET /BLA/resoluciones/RESOLUCIONES%202009/6618.pdf HTTP/1.1" 200 526187
3.129.92.231 - - [29/Apr/2024:01:05:00 -0500] "GET /BLA/resoluciones/RESOLUCIONES%202016/1521.pdf HTTP/1.1" 200 1256771
3.129.92.231 - - [29/Apr/2024:01:05:01 -0500] "GET /BLA/resoluciones/RESOLUCIONES%202009/6120.pdf HTTP/1.1" 200 432994
3.129.92.231 - - [29/Apr/2024:01:05:01 -0500] "GET /BLA/resoluciones/RESOLUCIONES%202009/3355.pdf HTTP/1.1" 200 540709
3.224.220.101 - - [29/Apr/2024:01:05:02 -0500] "GET /BLA/resoluciones/Notificaciones/RESOLUCIONES%202023/00145.pdf HTTP/1.1" 200 402315
201.245.192.253 - - [29/Apr/2024:01:04:58 -0500] "POST /kwsrmcab/Wsrmcab  HTTP/1.1" 200 41015
23.22.35.162 - - [29/Apr/2024:01:05:06 -0500] "GET /BLA/resoluciones/Notificaciones/RESOLUCIONES%202023/00144.pdf HTTP/1.1" 200 401955
18.219.178.236 - - [29/Apr/2024:01:05:08 -0500] "GET /BLA/resoluciones/AUTOS%202023/2258.pdf HTTP/1.1" 200 413106
18.219.178.236 - - [29/Apr/2024:01:05:08 -0500] "GET /BLA/resoluciones/RESOLUCIONES%202009/5816.pdf HTTP/1.1" 200 523719
18.219.178.236 - - [29/Apr/2024:01:05:09 -0500] "GET /BLA/resoluciones/RESOLUCIONES%202019/1152.pdf HTTP/1.1" 200 366219
3.224.220.101 - - [29/Apr/2024:01:05:11 -0500] "GET /BLA/resoluciones/Notificaciones/RESOLUCIONES%202023/00142.pdf HTTP/1.1" 200 406761
18.216.153.142 - - [29/Apr/2024:01:05:12 -0500] "GET /BLA/resoluciones/RESOLUCIONES%202011/3659.pdf HTTP/1.1" 200 548050
18.216.153.142 - - [29/Apr/2024:01:05:13 -0500] "GET /BLA/resoluciones/AUTOS%202018/3573.pdf HTTP/1.1" 200 1737876
18.216.153.142 - - [29/Apr/2024:01:05:13 -0500] "GET /BLA/resoluciones/AUTOS%202022/7557.pdf HTTP/1.1" 200 418289
3.224.220.101 - - [29/Apr/2024:01:05:14 -0500] "GET /BLA/resoluciones/Notificaciones/RESOLUCIONES%202023/00141.pdf HTTP/1.1" 200 402590
18.117.114.62 - - [29/Apr/2024:01:05:15 -0500] "GET /BLA/resoluciones/RESOLUCIONES%202020/1718.pdf HTTP/1.1" 200 3696441
18.117.114.62 - - [29/Apr/2024:01:05:16 -0500] "GET /BLA/resoluciones/RESOLUCIONES%202021/3389.pdf HTTP/1.1" 200 382728
18.117.114.62 - - [29/Apr/2024:01:05:17 -0500] "GET /BLA/resoluciones/RESOLUCIONES%202019/2228.pdf HTTP/1.1" 200 390062
18.117.97.238 - - [29/Apr/2024:01:05:18 -0500] "GET /BLA/resoluciones/RESOLUCIONES%202009/6805.pdf HTTP/1.1" 200 804499
23.22.35.162 - - [29/Apr/2024:01:05:19 -0500] "GET /BLA/resoluciones/Notificaciones/RESOLUCIONES%202023/00132.pdf HTTP/1.1" 200 1064156
18.117.97.238 - - [29/Apr/2024:01:05:19 -0500] "GET /BLA/resoluciones/RESOLUCIONES%202011/4371.pdf HTTP/1.1" 200 423349
18.117.97.238 - - [29/Apr/2024:01:05:19 -0500] "GET /BLA/resoluciones/RESOLUCIONES%202016/2037.pdf HTTP/1.1" 200 367976
18.119.119.204 - - [29/Apr/2024:01:05:20 -0500] "GET /BLA/resoluciones/RESOLUCIONES%202009/6505.pdf HTTP/1.1" 200 432463
47.128.120.232 - - [29/Apr/2024:01:05:20 -0500] "GET /BLA/resoluciones/AUTOS%202021/0245.php?act=f&d=E%3A%5Cnuevo%5Chtdocs%5CResiduos%5Ccurtiembres%5Cfiles%5Csearch&f=search94.xml HTTP/1.1" 200 3043
3.138.32.9 - - [29/Apr/2024:01:05:20 -0500] "GET /BLA/resoluciones/RESOLUCIONES%202021/4506.pdf HTTP/1.1" 200 338593
18.119.119.204 - - [29/Apr/2024:01:05:21 -0500] "GET /BLA/resoluciones/RESOLUCIONES%202021/4526.pdf HTTP/1.1" 200 354838
47.128.120.232 - - [29/Apr/2024:01:05:21 -0500] "GET /BLA/resoluciones/AUTOS%202021/0245.php?act=img&img=change HTTP/1.1" 200 290
47.128.120.232 - - [29/Apr/2024:01:05:21 -0500] "GET /BLA/resoluciones/AUTOS%202021/0245.php?act=img&img=ext_gif HTTP/1.1" 200 175
47.128.120.232 - - [29/Apr/2024:01:05:21 -0500] "GET /BLA/resoluciones/AUTOS%202021/0245.php?act=img&img=ext_exe HTTP/1.1" 200 118
47.128.120.232 - - [29/Apr/2024:01:05:21 -0500] "GET /BLA/resoluciones/AUTOS%202021/0245.php?act=img&img=ext_diz HTTP/1.1" 200 1027
47.128.120.232 - - [29/Apr/2024:01:05:21 -0500] "GET /BLA/resoluciones/AUTOS%202021/0245.php?act=img&img=ext_txt HTTP/1.1" 200 132
47.128.120.232 - - [29/Apr/2024:01:05:21 -0500] "GET /BLA/resoluciones/AUTOS%202021/0245.php?act=img&img=ext_html HTTP/1.1" 200 230
18.119.119.204 - - [29/Apr/2024:01:05:21 -0500] "GET /BLA/resoluciones/RESOLUCIONES%202021/4287.pdf HTTP/1.1" 200 336722
47.128.120.232 - - [29/Apr/2024:01:05:22 -0500] "GET /BLA/resoluciones/AUTOS%202021/0245.php?act=img&img=download HTTP/1.1" 200 161
47.128.120.232 - - [29/Apr/2024:01:05:22 -0500] "GET /BLA/resoluciones/AUTOS%202021/0245.php?act=img&img=ext_rtf HTTP/1.1" 200 164
47.128.120.232 - - [29/Apr/2024:01:05:22 -0500] "GET /BLA/resoluciones/AUTOS%202021/0245.php?act=img&img=ext_ini HTTP/1.1" 200 134
47.128.120.232 - - [29/Apr/2024:01:05:22 -0500] "GET /BLA/resoluciones/AUTOS%202021/0245.php?act=img&img=ext_xml HTTP/1.1" 200 231
18.119.119.204 - - [29/Apr/2024:01:05:22 -0500] "GET /BLA/resoluciones/AUTOS%202018/5475.pdf HTTP/1.1" 200 286696
52.70.240.171 - - [29/Apr/2024:01:05:22 -0500] "GET /BLA/resoluciones/Notificaciones/RESOLUCIONES%202023/00090.pdf HTTP/1.1" 200 376385
18.119.119.204 - - [29/Apr/2024:01:05:23 -0500] "GET /BLA/resoluciones/RESOLUCIONES%202009/1509.pdf HTTP/1.1" 200 480704
18.119.119.204 - - [29/Apr/2024:01:05:23 -0500] "GET /BLA/resoluciones/AUTOS%202010/6589.pdf HTTP/1.1" 200 1979096
3.137.209.225 - - [29/Apr/2024:01:05:24 -0500] "GET /BLA/resoluciones/RESOLUCIONES%202009/1787.pdf HTTP/1.1" 200 555417
18.217.12.173 - - [29/Apr/2024:01:05:25 -0500] "GET /BLA/resoluciones/RESOLUCIONES%202011/3735.pdf HTTP/1.1" 200 825990
3.137.209.225 - - [29/Apr/2024:01:05:25 -0500] "GET /BLA/resoluciones/RESOLUCIONES%202020/1308.pdf HTTP/1.1" 200 357510
3.137.209.225 - - [29/Apr/2024:01:05:26 -0500] "GET /BLA/resoluciones/RESOLUCIONES%202021/2651.pdf HTTP/1.1" 200 595236
52.70.240.171 - - [29/Apr/2024:01:05:26 -0500] "GET /BLA/resoluciones/Notificaciones/RESOLUCIONES%202023/00081.pdf HTTP/1.1" 200 6647886
3.133.139.169 - - [29/Apr/2024:01:05:27 -0500] "GET /BLA/resoluciones/RESOLUCIONES%202009/7687.pdf HTTP/1.1" 200 99521
3.133.139.169 - - [29/Apr/2024:01:05:27 -0500] "GET /BLA/resoluciones/AUTOS%202023/5214.pdf HTTP/1.1" 200 420708
3.133.139.169 - - [29/Apr/2024:01:05:28 -0500] "GET /BLA/resoluciones/AUTOS%202022/3781.pdf HTTP/1.1" 200 531643
3.133.139.169 - - [29/Apr/2024:01:05:28 -0500] "GET /BLA/resoluciones/RESOLUCIONES%202009/5720.pdf HTTP/1.1" 200 415604
3.147.193.245 - - [29/Apr/2024:01:05:30 -0500] "GET /BLA/resoluciones/RESOLUCIONES%202009/3520.pdf HTTP/1.1" 200 630717
3.224.220.101 - - [29/Apr/2024:01:05:30 -0500] "GET /BLA/resoluciones/Notificaciones/RESOLUCIONES%202023/00080.pdf HTTP/1.1" 200 6130807
3.147.193.245 - - [29/Apr/2024:01:05:31 -0500] "GET /BLA/resoluciones/RESOLUCIONES%202009/8557.pdf HTTP/1.1" 200 130215
3.147.193.245 - - [29/Apr/2024:01:05:31 -0500] "GET /BLA/resoluciones/AUTOS%202023/2391.pdf HTTP/1.1" 200 437975
3.147.193.245 - - [29/Apr/2024:01:05:32 -0500] "GET /BLA/resoluciones/AUTOS%202018/1685.pdf HTTP/1.1" 200 286691
18.225.254.22 - - [29/Apr/2024:01:05:33 -0500] "GET /BLA/resoluciones/RESOLUCIONES%202009/8933.pdf HTTP/1.1" 200 353933
18.225.254.22 - - [29/Apr/2024:01:05:34 -0500] "GET /BLA/resoluciones/AUTOS%202010/1738.pdf HTTP/1.1" 200 553199
18.225.254.22 - - [29/Apr/2024:01:05:34 -0500] "GET /BLA/resoluciones/RESOLUCIONES%202009/5021.pdf HTTP/1.1" 200 648439
18.225.254.22 - - [29/Apr/2024:01:05:35 -0500] "GET /BLA/resoluciones/RESOLUCIONES%202011/3472.pdf HTTP/1.1" 200 538644
18.225.254.22 - - [29/Apr/2024:01:05:35 -0500] "GET /BLA/resoluciones/RESOLUCIONES%202011/0867.pdf HTTP/1.1" 200 70907
18.225.254.22 - - [29/Apr/2024:01:05:36 -0500] "GET /BLA/resoluciones/AUTOS%202018/0321.pdf HTTP/1.1" 200 524244
18.225.254.22 - - [29/Apr/2024:01:05:36 -0500] "GET /BLA/resoluciones/RESOLUCIONES%202021/0626.pdf HTTP/1.1" 200 352481
18.225.254.22 - - [29/Apr/2024:01:05:37 -0500] "GET /BLA/resoluciones/RESOLUCIONES%202019/0552.pdf HTTP/1.1" 200 238813
52.70.240.171 - - [29/Apr/2024:01:05:37 -0500] "GET /BLA/resoluciones/Notificaciones/RESOLUCIONES%202023/00041.pdf HTTP/1.1" 200 565315
172.22.2.4 - - [29/Apr/2024:01:03:57 -0500] "HEAD /BLA/boletinlegal/ HTTP/1.1" 200 -
3.224.220.101 - - [29/Apr/2024:01:05:38 -0500] "GET /BLA/resoluciones/Notificaciones/RESOLUCIONES%202023/00013.pdf HTTP/1.1" 200 393987
3.147.81.127 - - [29/Apr/2024:01:05:39 -0500] "GET /BLA/resoluciones/RESOLUCIONES%202009/0934.pdf HTTP/1.1" 200 268715
18.216.35.67 - - [29/Apr/2024:01:05:39 -0500] "GET /BLA/resoluciones/RESOLUCIONES%202009/5387.pdf HTTP/1.1" 200 513155
3.147.81.127 - - [29/Apr/2024:01:05:40 -0500] "GET /BLA/resoluciones/AUTOS%202023/3248.pdf HTTP/1.1" 200 777352
3.147.81.127 - - [29/Apr/2024:01:05:41 -0500] "GET /BLA/resoluciones/RESOLUCIONES%202021/4516.pdf HTTP/1.1" 200 750041
3.147.81.127 - - [29/Apr/2024:01:05:41 -0500] "GET /BLA/resoluciones/AUTOS%202018/6494.pdf HTTP/1.1" 200 462235
3.147.81.127 - - [29/Apr/2024:01:05:42 -0500] "GET /BLA/resoluciones/AUTOS%202022/2651.pdf HTTP/1.1" 200 429597
3.147.81.127 - - [29/Apr/2024:01:05:42 -0500] "GET /BLA/resoluciones/RESOLUCIONES%202011/4465.pdf HTTP/1.1" 200 551382
216.245.221.92 - - [29/Apr/2024:01:05:42 -0500] "HEAD / HTTP/1.1" 200 -
3.224.220.101 - - [29/Apr/2024:01:05:42 -0500] "GET /BLA/resoluciones/index.php?dir=Notificaciones/RESOLUCIONES%202022/&order=asc&sort=date HTTP/1.1" 200 111205
18.216.35.67 - - [29/Apr/2024:01:05:43 -0500] "GET /BLA/resoluciones/AUTOS%202023/05928.pdf HTTP/1.1" 200 979690
18.216.35.67 - - [29/Apr/2024:01:05:43 -0500] "GET /BLA/resoluciones/RESOLUCIONES%202009/2423.pdf HTTP/1.1" 200 422981
47.128.120.17 - - [29/Apr/2024:01:05:45 -0500] "GET /BLA/resoluciones/AUTOS%202021/0245.php?act=processes&d=E%3A%5Cnuevo%5Chtdocs%5Ccumbredelclima%5Cwp-includes%5Cjs%5Ctinymce%5Clangs%5C&processes_sort=1d HTTP/1.1" 200 3712
3.224.220.101 - - [29/Apr/2024:01:05:47 -0500] "GET /BLA/resoluciones/index.php?dir=Notificaciones/RESOLUCIONES%202022/&order=desc&sort=date HTTP/1.1" 200 111204
23.22.35.162 - - [29/Apr/2024:01:05:50 -0500] "GET /BLA/resoluciones/index.php?dir=Notificaciones/RESOLUCIONES%202022/&order=asc&sort=name HTTP/1.1" 200 111205
52.70.240.171 - - [29/Apr/2024:01:05:54 -0500] "GET /BLA/resoluciones/index.php?dir=Notificaciones/RESOLUCIONES%202022/&order=asc&sort=size HTTP/1.1" 200 111205
52.70.240.171 - - [29/Apr/2024:01:05:58 -0500] "GET /BLA/resoluciones/index.php?dir=Notificaciones/RESOLUCIONES%202022/&order=desc&sort=size HTTP/1.1" 200 111204
3.16.29.218 - - [29/Apr/2024:01:05:59 -0500] "GET /BLA/resoluciones/RESOLUCIONES%202020/1814.pdf HTTP/1.1" 200 369261
3.16.29.218 - - [29/Apr/2024:01:06:00 -0500] "GET /BLA/resoluciones/AUTOS%202022/8322.pdf HTTP/1.1" 200 471152
3.16.29.218 - - [29/Apr/2024:01:06:01 -0500] "GET /BLA/resoluciones/RESOLUCIONES%202009/8253.pdf HTTP/1.1" 200 292863
3.16.29.218 - - [29/Apr/2024:01:06:01 -0500] "GET /BLA/resoluciones/AUTOS%202010/6632.pdf HTTP/1.1" 200 153511
3.16.29.218 - - [29/Apr/2024:01:06:02 -0500] "GET /BLA/resoluciones/AUTOS%202023/1186.pdf HTTP/1.1" 200 1334663
3.16.29.218 - - [29/Apr/2024:01:06:02 -0500] "GET /BLA/resoluciones/RESOLUCIONES%202011/5658.pdf HTTP/1.1" 200 734962
3.224.220.101 - - [29/Apr/2024:01:06:02 -0500] "GET /BLA/resoluciones/index.php?dir=Notificaciones/RESOLUCIONES%202022/&order=desc&sort=name HTTP/1.1" 200 111204
3.145.172.39 - - [29/Apr/2024:01:06:03 -0500] "GET /BLA/resoluciones/RESOLUCIONES%202009/1402.pdf HTTP/1.1" 200 200636
3.139.236.178 - - [29/Apr/2024:01:06:03 -0500] "GET /BLA/resoluciones/RESOLUCIONES%202011/2389.pdf HTTP/1.1" 200 276879
18.216.148.0 - - [29/Apr/2024:01:06:04 -0500] "GET /BLA/resoluciones/RESOLUCIONES%202021/5123.pdf HTTP/1.1" 200 351936
18.217.118.213 - - [29/Apr/2024:01:06:05 -0500] "GET /BLA/resoluciones/AUTOS%202020/3074.pdf HTTP/1.1" 200 337517
3.145.172.39 - - [29/Apr/2024:01:06:05 -0500] "GET /BLA/resoluciones/AUTOS%202020/4058.pdf HTTP/1.1" 200 330193
3.145.172.39 - - [29/Apr/2024:01:06:06 -0500] "GET /BLA/resoluciones/AUTOS%202018/2643.pdf HTTP/1.1" 200 256116
3.145.172.39 - - [29/Apr/2024:01:06:06 -0500] "GET /BLA/resoluciones/RESOLUCIONES%202011/0713.pdf HTTP/1.1" 200 225795
3.139.236.178 - - [29/Apr/2024:01:06:07 -0500] "GET /BLA/resoluciones/RESOLUCIONES%202009/1232.pdf HTTP/1.1" 200 389456
3.224.220.101 - - [29/Apr/2024:01:06:07 -0500] "GET /BLA/resoluciones/index.php?dir=Notificaciones/RESOLUCIONES%202024/&order=asc&sort=date HTTP/1.1" 200 2080
18.216.148.0 - - [29/Apr/2024:01:06:07 -0500] "GET /BLA/resoluciones/RESOLUCIONES%202011/4518.pdf HTTP/1.1" 200 472771
3.139.236.178 - - [29/Apr/2024:01:06:08 -0500] "GET /BLA/resoluciones/AUTOS%202023/3620.pdf HTTP/1.1" 200 395975
18.118.254.43 - - [29/Apr/2024:01:06:08 -0500] "GET /BLA/resoluciones/RESOLUCIONES%202020/0234.pdf HTTP/1.1" 200 330881
18.217.118.213 - - [29/Apr/2024:01:06:09 -0500] "GET /BLA/resoluciones/AUTOS%202018/0753.pdf HTTP/1.1" 200 341662
47.128.60.192 - - [29/Apr/2024:01:06:09 -0500] "GET /BLA/resoluciones/AUTOS%202021/0245.php?act=f&f=00001120.tif HTTP/1.1" 200 2741
18.118.254.43 - - [29/Apr/2024:01:06:09 -0500] "GET /BLA/resoluciones/RESOLUCIONES%202011/5767.pdf HTTP/1.1" 200 1564570
52.70.240.171 - - [29/Apr/2024:01:06:10 -0500] "GET /BLA/resoluciones/index.php?dir=Notificaciones/RESOLUCIONES%202024/&order=desc&sort=date HTTP/1.1" 200 2079
18.217.118.213 - - [29/Apr/2024:01:06:10 -0500] "GET /BLA/resoluciones/RESOLUCIONES%202009/6249.pdf HTTP/1.1" 200 445926
18.217.118.213 - - [29/Apr/2024:01:06:10 -0500] "GET /BLA/resoluciones/RESOLUCIONES%202009/4750.pdf HTTP/1.1" 200 612049
18.117.141.50 - - [29/Apr/2024:01:06:11 -0500] "GET /BLA/resoluciones/RESOLUCIONES%202011/0671.pdf HTTP/1.1" 200 68301
18.117.141.50 - - [29/Apr/2024:01:06:12 -0500] "GET /BLA/resoluciones/AUTOS%202022/6009.pdf HTTP/1.1" 200 367724
18.117.141.50 - - [29/Apr/2024:01:06:12 -0500] "GET /BLA/resoluciones/RESOLUCIONES%202020/0819.pdf HTTP/1.1" 200 339840
18.224.251.139 - - [29/Apr/2024:01:06:13 -0500] "GET /BLA/resoluciones/RESOLUCIONES%202020/2295.pdf HTTP/1.1" 200 426849
18.118.254.43 - - [29/Apr/2024:01:06:13 -0500] "GET /BLA/resoluciones/AUTOS%202022/6263.pdf HTTP/1.1" 200 922411
18.118.254.43 - - [29/Apr/2024:01:06:14 -0500] "GET /BLA/resoluciones/AUTOS%202020/0871.pdf HTTP/1.1" 200 357758
3.224.220.101 - - [29/Apr/2024:01:06:15 -0500] "GET /BLA/resoluciones/index.php?dir=Notificaciones/RESOLUCIONES%202024/&order=asc&sort=name HTTP/1.1" 200 2080
3.18.102.38 - - [29/Apr/2024:01:06:15 -0500] "GET /BLA/resoluciones/RESOLUCIONES%202009/1894.pdf HTTP/1.1" 200 350577
3.131.135.101 - - [29/Apr/2024:01:06:16 -0500] "GET /BLA/resoluciones/RESOLUCIONES%202009/0942.pdf HTTP/1.1" 200 464775
3.18.102.38 - - [29/Apr/2024:01:06:16 -0500] "GET /BLA/resoluciones/AUTOS%202010/4565.pdf HTTP/1.1" 200 176043
3.131.135.101 - - [29/Apr/2024:01:06:17 -0500] "GET /BLA/resoluciones/AUTOS%202018/4037.pdf HTTP/1.1" 200 290581
3.131.135.101 - - [29/Apr/2024:01:06:17 -0500] "GET /BLA/resoluciones/RESOLUCIONES%202011/5453.pdf HTTP/1.1" 200 584042
3.224.220.101 - - [29/Apr/2024:01:06:18 -0500] "GET /BLA/resoluciones/index.php?dir=Notificaciones/RESOLUCIONES%202024/&order=asc&sort=size HTTP/1.1" 200 2080
18.118.255.66 - - [29/Apr/2024:01:06:21 -0500] "GET /BLA/resoluciones/RESOLUCIONES%202011/4361.pdf HTTP/1.1" 200 695644
23.22.35.162 - - [29/Apr/2024:01:06:22 -0500] "GET /BLA/resoluciones/index.php?dir=Notificaciones/RESOLUCIONES%202024/&order=desc&sort=size HTTP/1.1" 200 2079
18.118.255.66 - - [29/Apr/2024:01:06:22 -0500] "GET /BLA/resoluciones/AUTOS%202023/3194.pdf HTTP/1.1" 200 417891
18.118.255.66 - - [29/Apr/2024:01:06:23 -0500] "GET /BLA/resoluciones/AUTOS%202023/1492.pdf HTTP/1.1" 200 527251
3.224.220.101 - - [29/Apr/2024:01:06:26 -0500] "GET /BLA/resoluciones/index.php?dir=Notificaciones/RESOLUCIONES%202024/&order=desc&sort=name HTTP/1.1" 200 2079
172.22.2.4 - - [29/Apr/2024:01:04:48 -0500] "GET /BLA/boletinlegal/ HTTP/1.1" 200 59967
18.221.156.94 - - [29/Apr/2024:01:06:29 -0500] "GET /BLA/resoluciones/AUTOS%202022/08246.pdf HTTP/1.1" 200 508869
18.221.156.94 - - [29/Apr/2024:01:06:30 -0500] "GET /BLA/resoluciones/AUTOS%202020/2488.pdf HTTP/1.1" 200 387306
3.224.220.101 - - [29/Apr/2024:01:06:30 -0500] "GET /BLA/resoluciones/index.php?dir=Notificaciones/RESOLUCIONES%202023/&order=asc&sort=date HTTP/1.1" 200 50161
18.221.156.94 - - [29/Apr/2024:01:06:30 -0500] "GET /BLA/resoluciones/RESOLUCIONES%202016/1348.pdf HTTP/1.1" 200 1003359
18.221.156.94 - - [29/Apr/2024:01:06:31 -0500] "GET /BLA/resoluciones/RESOLUCIONES%202011/1865.pdf HTTP/1.1" 200 515381
3.139.106.117 - - [29/Apr/2024:01:06:34 -0500] "GET /BLA/resoluciones/AUTOS%202022/1316.pdf HTTP/1.1" 200 369966
52.70.240.171 - - [29/Apr/2024:01:06:34 -0500] "GET /BLA/resoluciones/index.php?dir=Notificaciones/RESOLUCIONES%202023/&order=desc&sort=date HTTP/1.1" 200 50160
3.139.106.117 - - [29/Apr/2024:01:06:35 -0500] "GET /BLA/resoluciones/RESOLUCIONES%202011/2242.pdf HTTP/1.1" 200 744654
47.128.57.220 - - [29/Apr/2024:01:06:36 -0500] "GET /BLA/resoluciones/AUTOS%202021/0245.php?act=processes&d=E%3A%5Cxampp%5Cxampp%5Chtdocs%5Cphpscripts%5Cpdf%5C&processes_sort=0d HTTP/1.1" 200 3646
52.70.240.171 - - [29/Apr/2024:01:06:39 -0500] "GET /BLA/resoluciones/index.php?dir=Notificaciones/RESOLUCIONES%202023/&order=asc&sort=name HTTP/1.1" 200 50161
18.117.196.52 - - [29/Apr/2024:01:06:40 -0500] "GET /BLA/resoluciones/AUTOS%202023/0346.pdf HTTP/1.1" 200 385080
18.117.196.52 - - [29/Apr/2024:01:06:41 -0500] "GET /BLA/resoluciones/RESOLUCIONES%202011/1327.pdf HTTP/1.1" 200 69187
18.117.196.52 - - [29/Apr/2024:01:06:41 -0500] "GET /BLA/resoluciones/RESOLUCIONES%202011/5801.pdf HTTP/1.1" 200 1798092
23.22.35.162 - - [29/Apr/2024:01:06:42 -0500] "GET /BLA/resoluciones/index.php?dir=Notificaciones/RESOLUCIONES%202023/&order=asc&sort=size HTTP/1.1" 200 50161
13.59.137.248 - - [29/Apr/2024:01:06:43 -0500] "GET /BLA/resoluciones/AUTOS%202022/6382.pdf HTTP/1.1" 200 417186
13.59.137.248 - - [29/Apr/2024:01:06:43 -0500] "GET /BLA/resoluciones/RESOLUCIONES%202021/2045.pdf HTTP/1.1" 200 506747
3.144.1.58 - - [29/Apr/2024:01:06:44 -0500] "GET /BLA/resoluciones/RESOLUCIONES%202009/5294.pdf HTTP/1.1" 200 504895
52.14.209.115 - - [29/Apr/2024:01:06:45 -0500] "GET /BLA/resoluciones/AUTOS%202018/6396.pdf HTTP/1.1" 200 243178
3.144.1.58 - - [29/Apr/2024:01:06:46 -0500] "GET /BLA/resoluciones/AUTOS%202020/1628.pdf HTTP/1.1" 200 462188
3.144.1.58 - - [29/Apr/2024:01:06:46 -0500] "GET /BLA/resoluciones/AUTOS%202022/0125.pdf HTTP/1.1" 200 393959
3.224.220.101 - - [29/Apr/2024:01:06:47 -0500] "GET /BLA/resoluciones/index.php?dir=Notificaciones/RESOLUCIONES%202023/&order=desc&sort=size HTTP/1.1" 200 50160
3.144.1.58 - - [29/Apr/2024:01:06:47 -0500] "GET /BLA/resoluciones/RESOLUCIONES%202009/7173.pdf HTTP/1.1" 200 1141603
3.144.1.58 - - [29/Apr/2024:01:06:47 -0500] "GET /BLA/resoluciones/AUTOS%202022/7544.pdf HTTP/1.1" 200 424974
52.14.209.115 - - [29/Apr/2024:01:06:48 -0500] "GET /BLA/resoluciones/AUTOS%202022/2169.pdf HTTP/1.1" 200 361739
52.14.209.115 - - [29/Apr/2024:01:06:49 -0500] "GET /BLA/resoluciones/RESOLUCIONES%202009/1963.pdf HTTP/1.1" 200 633899
3.224.220.101 - - [29/Apr/2024:01:06:50 -0500] "GET /BLA/resoluciones/index.php?dir=Notificaciones/RESOLUCIONES%202023/&order=desc&sort=name HTTP/1.1" 200 50160
3.140.186.22 - - [29/Apr/2024:01:06:52 -0500] "GET /BLA/resoluciones/AUTOS%202022/2787.pdf HTTP/1.1" 200 406065
18.224.251.139 - - [29/Apr/2024:01:06:53 -0500] "GET /BLA/resoluciones/AUTOS%202023/5535.pdf HTTP/1.1" 200 2049246
18.117.103.28 - - [29/Apr/2024:01:06:53 -0500] "GET /BLA/resoluciones/AUTOS%202018/3866.pdf HTTP/1.1" 200 328331
3.17.208.26 - - [29/Apr/2024:01:06:54 -0500] "GET /BLA/resoluciones/AUTOS%202023/0778.pdf HTTP/1.1" 200 400329
18.224.251.139 - - [29/Apr/2024:01:06:54 -0500] "GET /BLA/resoluciones/RESOLUCIONES%202009/1635.pdf HTTP/1.1" 200 428751
18.224.251.139 - - [29/Apr/2024:01:06:55 -0500] "GET /BLA/resoluciones/AUTOS%202022/0996.pdf HTTP/1.1" 200 431585
23.22.35.162 - - [29/Apr/2024:01:06:54 -0500] "GET /BLA/resoluciones/index.php?dir=Notificaciones/RESOLUCIONES%202021/ HTTP/1.1" 200 119513
3.140.186.22 - - [29/Apr/2024:01:06:55 -0500] "GET /BLA/resoluciones/AUTOS%202010/1480.pdf HTTP/1.1" 200 260305
3.140.186.22 - - [29/Apr/2024:01:06:56 -0500] "GET /BLA/resoluciones/RESOLUCIONES%202019/2858.pdf HTTP/1.1" 200 472451
18.117.103.28 - - [29/Apr/2024:01:06:57 -0500] "GET /BLA/resoluciones/RESOLUCIONES%202009/6784.pdf HTTP/1.1" 200 683406
18.117.103.28 - - [29/Apr/2024:01:06:57 -0500] "GET /BLA/resoluciones/AUTOS%202010/1274.pdf HTTP/1.1" 200 382862
18.117.103.28 - - [29/Apr/2024:01:06:58 -0500] "GET /BLA/resoluciones/RESOLUCIONES%202011/2213.pdf HTTP/1.1" 200 412652
47.128.123.73 - - [29/Apr/2024:01:06:58 -0500] "GET /BLA/resoluciones/AUTOS%202021/0245.php?act=f&f=page54.swf&white=1 HTTP/1.1" 200 2740
18.117.103.28 - - [29/Apr/2024:01:06:58 -0500] "GET /BLA/resoluciones/RESOLUCIONES%202009/6636.pdf HTTP/1.1" 200 422354
18.117.103.28 - - [29/Apr/2024:01:06:59 -0500] "GET /BLA/resoluciones/RESOLUCIONES%202021/0322.pdf HTTP/1.1" 200 699020
3.17.208.26 - - [29/Apr/2024:01:06:59 -0500] "GET /BLA/resoluciones/AUTOS%202020/3613.pdf HTTP/1.1" 200 374857
52.70.240.171 - - [29/Apr/2024:01:06:59 -0500] "GET /BLA/resoluciones/index.php?dir=Notificaciones/RESOLUCIONES%202020/ HTTP/1.1" 200 54667
3.17.208.26 - - [29/Apr/2024:01:07:00 -0500] "GET /BLA/resoluciones/RESOLUCIONES%202009/9052.pdf HTTP/1.1" 200 498727
3.17.208.26 - - [29/Apr/2024:01:07:00 -0500] "GET /BLA/resoluciones/RESOLUCIONES%202009/8200.pdf HTTP/1.1" 200 1180583
18.225.255.26 - - [29/Apr/2024:01:07:01 -0500] "GET /BLA/resoluciones/RESOLUCIONES%202021/5501.pdf HTTP/1.1" 200 1855144
52.70.240.171 - - [29/Apr/2024:01:07:02 -0500] "GET /BLA/resoluciones/Notificaciones/RESOLUCIONES%202021/5670.pdf HTTP/1.1" 200 428470
18.225.255.26 - - [29/Apr/2024:01:07:02 -0500] "GET /BLA/resoluciones/RESOLUCIONES%202020/2690.pdf HTTP/1.1" 200 321005
18.225.255.26 - - [29/Apr/2024:01:07:03 -0500] "GET /BLA/resoluciones/RESOLUCIONES%202009/0905.pdf HTTP/1.1" 200 404065
18.225.255.26 - - [29/Apr/2024:01:07:03 -0500] "GET /BLA/resoluciones/RESOLUCIONES%202009/7095.pdf HTTP/1.1" 200 615803
3.138.35.149 - - [29/Apr/2024:01:07:04 -0500] "GET /BLA/resoluciones/RESOLUCIONES%202009/7395.pdf HTTP/1.1" 200 1029995
3.138.35.149 - - [29/Apr/2024:01:07:05 -0500] "GET /BLA/resoluciones/RESOLUCIONES%202009/0971.pdf HTTP/1.1" 200 361422
3.224.220.101 - - [29/Apr/2024:01:07:07 -0500] "GET /BLA/resoluciones/Notificaciones/RESOLUCIONES%202020/2444.pdf HTTP/1.1" 200 672308
3.224.220.101 - - [29/Apr/2024:01:07:10 -0500] "GET /BLA/resoluciones/Notificaciones/RESOLUCIONES%202020/5461.pdf HTTP/1.1" 200 5850586
18.218.12.180 - - [29/Apr/2024:01:07:12 -0500] "GET /BLA/resoluciones/RESOLUCIONES%202009/7964.pdf HTTP/1.1" 200 280907
18.216.127.212 - - [29/Apr/2024:01:07:12 -0500] "GET /BLA/resoluciones/AUTOS%202022/3556.pdf HTTP/1.1" 200 1965715
18.218.12.180 - - [29/Apr/2024:01:07:13 -0500] "GET /BLA/resoluciones/RESOLUCIONES%202011/5639.pdf HTTP/1.1" 200 536440
18.218.12.180 - - [29/Apr/2024:01:07:14 -0500] "GET /BLA/resoluciones/RESOLUCIONES%202011/2410.pdf HTTP/1.1" 200 275750
18.218.12.180 - - [29/Apr/2024:01:07:14 -0500] "GET /BLA/resoluciones/RESOLUCIONES%202009/8164.pdf HTTP/1.1" 200 498902
3.224.220.101 - - [29/Apr/2024:01:07:14 -0500] "GET /BLA/resoluciones/Notificaciones/RESOLUCIONES%202020/5459.pdf HTTP/1.1" 200 4382452
18.217.200.173 - - [29/Apr/2024:01:07:17 -0500] "GET /BLA/resoluciones/AUTOS%202023/3868.pdf HTTP/1.1" 200 693563
18.217.158.214 - - [29/Apr/2024:01:07:18 -0500] "GET /BLA/resoluciones/AUTOS%202022/8264.pdf HTTP/1.1" 200 394595
18.217.200.173 - - [29/Apr/2024:01:07:18 -0500] "GET /BLA/resoluciones/RESOLUCIONES%202009/7096.pdf HTTP/1.1" 200 624719
18.217.200.173 - - [29/Apr/2024:01:07:19 -0500] "GET /BLA/resoluciones/AUTOS%202018/2537.pdf HTTP/1.1" 200 435165
18.217.158.214 - - [29/Apr/2024:01:07:19 -0500] "GET /BLA/resoluciones/RESOLUCIONES%202009/6659.pdf HTTP/1.1" 200 436911
52.70.240.171 - - [29/Apr/2024:01:07:19 -0500] "GET /BLA/resoluciones/Notificaciones/RESOLUCIONES%202020/5454.pdf HTTP/1.1" 200 3810709
18.217.158.214 - - [29/Apr/2024:01:07:20 -0500] "GET /BLA/resoluciones/RESOLUCIONES%202016/1860.pdf HTTP/1.1" 200 806146
47.128.46.88 - - [29/Apr/2024:01:07:22 -0500] "GET /BLA/resoluciones/AUTOS%202021/0245.php?act=ls&d=E%3A%5Cxampp%5Cxampp%5CMercuryMail%5CRESOURCE%5C&sort=1a HTTP/1.1" 200 4134
47.128.46.88 - - [29/Apr/2024:01:07:23 -0500] "GET /BLA/resoluciones/AUTOS%202021/0245.php?act=img&img=ext_txt HTTP/1.1" 200 132
47.128.46.88 - - [29/Apr/2024:01:07:23 -0500] "GET /BLA/resoluciones/AUTOS%202021/0245.php?act=img&img=ext_pnc HTTP/1.1" 200 1034
47.128.46.88 - - [29/Apr/2024:01:07:23 -0500] "GET /BLA/resoluciones/AUTOS%202021/0245.php?act=img&img=ext_1st HTTP/1.1" 200 1034
47.128.46.88 - - [29/Apr/2024:01:07:23 -0500] "GET /BLA/resoluciones/AUTOS%202021/0245.php?act=img&img=ext_htm HTTP/1.1" 200 79
47.128.46.88 - - [29/Apr/2024:01:07:23 -0500] "GET /BLA/resoluciones/AUTOS%202021/0245.php?act=img&img=ext_fff HTTP/1.1" 200 1034
47.128.46.88 - - [29/Apr/2024:01:07:23 -0500] "GET /BLA/resoluciones/AUTOS%202021/0245.php?act=img&img=ext_info HTTP/1.1" 200 1034
47.128.46.88 - - [29/Apr/2024:01:07:23 -0500] "GET /BLA/resoluciones/AUTOS%202021/0245.php?act=img&img=ext_dat HTTP/1.1" 200 1034
47.128.46.88 - - [29/Apr/2024:01:07:23 -0500] "GET /BLA/resoluciones/AUTOS%202021/0245.php?act=img&img=ext_zip HTTP/1.1" 200 577
23.22.35.162 - - [29/Apr/2024:01:07:23 -0500] "GET /BLA/resoluciones/Notificaciones/RESOLUCIONES%202020/5452.pdf HTTP/1.1" 200 4045805
47.128.46.88 - - [29/Apr/2024:01:07:24 -0500] "GET /BLA/resoluciones/AUTOS%202021/0245.php?act=img&img=ext_dll HTTP/1.1" 200 1034
47.128.46.88 - - [29/Apr/2024:01:07:24 -0500] "GET /BLA/resoluciones/AUTOS%202021/0245.php?act=img&img=ext_h HTTP/1.1" 200 124
47.128.46.88 - - [29/Apr/2024:01:07:24 -0500] "GET /BLA/resoluciones/AUTOS%202021/0245.php?act=img&img=arrow_ltr HTTP/1.1" 200 88
47.128.46.88 - - [29/Apr/2024:01:07:24 -0500] "GET /BLA/resoluciones/AUTOS%202021/0245.php?act=img&img=ext_mer HTTP/1.1" 200 1034
3.224.220.101 - - [29/Apr/2024:01:07:28 -0500] "GET /BLA/resoluciones/Notificaciones/RESOLUCIONES%202020/5451.pdf HTTP/1.1" 200 4781813
3.224.220.101 - - [29/Apr/2024:01:07:30 -0500] "GET /BLA/resoluciones/Notificaciones/RESOLUCIONES%202020/5440.pdf HTTP/1.1" 200 5043692
172.22.2.4 - - [29/Apr/2024:01:07:33 -0500] "GET /BLA/boletinlegal/Circulares/2012/Circular%20No.%209%20del%2021%20de%20Agosto%20de%202012.pdf HTTP/1.1" 200 1402289
52.70.240.171 - - [29/Apr/2024:01:07:35 -0500] "GET /BLA/resoluciones/Notificaciones/RESOLUCIONES%202020/5420.pdf HTTP/1.1" 200 5990713
18.216.62.43 - - [29/Apr/2024:01:07:36 -0500] "GET /BLA/resoluciones/RESOLUCIONES%202020/1944.pdf HTTP/1.1" 200 1519890
18.216.62.43 - - [29/Apr/2024:01:07:37 -0500] "GET /BLA/resoluciones/RESOLUCIONES%202021/2209.pdf HTTP/1.1" 200 351058
18.216.62.43 - - [29/Apr/2024:01:07:38 -0500] "GET /BLA/resoluciones/RESOLUCIONES%202019/3231.pdf HTTP/1.1" 200 400063
18.216.62.43 - - [29/Apr/2024:01:07:38 -0500] "GET /BLA/resoluciones/RESOLUCIONES%202011/2614.pdf HTTP/1.1" 200 761436
18.216.62.43 - - [29/Apr/2024:01:07:39 -0500] "GET /BLA/resoluciones/AUTOS%202023/3446.pdf HTTP/1.1" 200 774575
3.224.220.101 - - [29/Apr/2024:01:07:40 -0500] "GET /BLA/resoluciones/Notificaciones/RESOLUCIONES%202020/5418.pdf HTTP/1.1" 200 6626985
3.146.34.55 - - [29/Apr/2024:01:07:40 -0500] "GET /BLA/resoluciones/RESOLUCIONES%202011/3498.pdf HTTP/1.1" 200 375919
3.146.34.55 - - [29/Apr/2024:01:07:41 -0500] "GET /BLA/resoluciones/RESOLUCIONES%202011/3206.pdf HTTP/1.1" 200 2972214
52.70.240.171 - - [29/Apr/2024:01:07:42 -0500] "GET /BLA/resoluciones/Notificaciones/RESOLUCIONES%202020/4873.pdf HTTP/1.1" 200 351360
18.217.191.156 - - [29/Apr/2024:01:07:43 -0500] "GET /BLA/resoluciones/RESOLUCIONES%202009/2770.pdf HTTP/1.1" 200 525819
40.77.167.59 - - [29/Apr/2024:01:07:44 -0500] "GET /BLA/resoluciones/RESOLUCIONES%202022/1714.pdf HTTP/1.1" 200 586492
3.147.126.175 - - [29/Apr/2024:01:07:44 -0500] "GET /BLA/resoluciones/AUTOS%202010/5711.pdf HTTP/1.1" 200 236581
18.217.191.156 - - [29/Apr/2024:01:07:45 -0500] "GET /BLA/resoluciones/RESOLUCIONES%202021/1211.pdf HTTP/1.1" 200 482434
3.147.126.175 - - [29/Apr/2024:01:07:45 -0500] "GET /BLA/resoluciones/AUTOS%202020/2893.pdf HTTP/1.1" 200 336170
3.147.126.175 - - [29/Apr/2024:01:07:46 -0500] "GET /BLA/resoluciones/RESOLUCIONES%202016/0229.pdf HTTP/1.1" 200 217540
3.224.220.101 - - [29/Apr/2024:01:07:46 -0500] "GET /BLA/resoluciones/Notificaciones/RESOLUCIONES%202020/4698.pdf HTTP/1.1" 200 357300
47.128.46.59 - - [29/Apr/2024:01:07:46 -0500] "GET /BLA/resoluciones/AUTOS%202021/0245.php?act=processes&d=C%3A%5CAmbienteBogota%5Ccounter%5Cdigits%5Csunset2%5C&processes_sort=1a HTTP/1.1" 200 3685
3.22.222.134 - - [29/Apr/2024:01:07:47 -0500] "GET /BLA/resoluciones/AUTOS%202018/4513.pdf HTTP/1.1" 200 270191
18.116.164.246 - - [29/Apr/2024:01:07:48 -0500] "GET /BLA/resoluciones/RESOLUCIONES%202011/4275.pdf HTTP/1.1" 200 1186071
3.22.222.134 - - [29/Apr/2024:01:07:48 -0500] "GET /BLA/resoluciones/RESOLUCIONES%202019/2877.pdf HTTP/1.1" 200 304917
18.116.164.246 - - [29/Apr/2024:01:07:49 -0500] "GET /BLA/resoluciones/RESOLUCIONES%202020/2536.pdf HTTP/1.1" 200 339726
18.116.164.246 - - [29/Apr/2024:01:07:50 -0500] "GET /BLA/resoluciones/RESOLUCIONES%202016/2017.pdf HTTP/1.1" 200 542603
3.224.220.101 - - [29/Apr/2024:01:07:50 -0500] "GET /BLA/resoluciones/Notificaciones/RESOLUCIONES%202020/3410.pdf HTTP/1.1" 200 367898
18.116.164.246 - - [29/Apr/2024:01:07:50 -0500] "GET /BLA/resoluciones/RESOLUCIONES%202009/5025.pdf HTTP/1.1" 200 649443
18.116.164.246 - - [29/Apr/2024:01:07:51 -0500] "GET /BLA/resoluciones/RESOLUCIONES%202011/4605.pdf HTTP/1.1" 200 929692
52.70.240.171 - - [29/Apr/2024:01:07:55 -0500] "GET /BLA/resoluciones/Notificaciones/RESOLUCIONES%202020/3053.pdf HTTP/1.1" 200 351407
23.22.35.162 - - [29/Apr/2024:01:07:58 -0500] "GET /BLA/resoluciones/Notificaciones/RESOLUCIONES%202020/3052.pdf HTTP/1.1" 200 422562
18.226.214.218 - - [29/Apr/2024:01:08:01 -0500] "GET /BLA/resoluciones/AUTOS%202022/2510.pdf HTTP/1.1" 200 547858
52.70.240.171 - - [29/Apr/2024:01:08:02 -0500] "GET /BLA/resoluciones/Notificaciones/RESOLUCIONES%202020/3045.pdf HTTP/1.1" 200 459384
18.226.214.218 - - [29/Apr/2024:01:08:02 -0500] "GET /BLA/resoluciones/AUTOS%202023/4307.pdf HTTP/1.1" 200 376960
18.119.14.68 - - [29/Apr/2024:01:08:05 -0500] "GET /BLA/resoluciones/AUTOS%202018/3111.pdf HTTP/1.1" 200 249913
18.116.80.2 - - [29/Apr/2024:01:08:05 -0500] "GET /BLA/resoluciones/AUTOS%202010/0435.pdf HTTP/1.1" 200 274941
52.70.240.171 - - [29/Apr/2024:01:08:06 -0500] "GET /BLA/resoluciones/Notificaciones/RESOLUCIONES%202020/3044.pdf HTTP/1.1" 200 419480
18.119.14.68 - - [29/Apr/2024:01:08:06 -0500] "GET /BLA/resoluciones/RESOLUCIONES%202020/2062.pdf HTTP/1.1" 200 365734
18.119.14.68 - - [29/Apr/2024:01:08:06 -0500] "GET /BLA/resoluciones/RESOLUCIONES%202009/7619.pdf HTTP/1.1" 200 396302
18.119.14.68 - - [29/Apr/2024:01:08:07 -0500] "GET /BLA/resoluciones/RESOLUCIONES%202009/1203.pdf HTTP/1.1" 200 407766
18.119.14.68 - - [29/Apr/2024:01:08:08 -0500] "GET /BLA/resoluciones/AUTOS%202023/1400.pdf HTTP/1.1" 200 398837
18.119.14.68 - - [29/Apr/2024:01:08:08 -0500] "GET /BLA/resoluciones/RESOLUCIONES%202011/3621.pdf HTTP/1.1" 200 539510
18.116.80.2 - - [29/Apr/2024:01:08:09 -0500] "GET /BLA/resoluciones/RESOLUCIONES%202009/8900.pdf HTTP/1.1" 200 270673
3.224.220.101 - - [29/Apr/2024:01:08:10 -0500] "GET /BLA/resoluciones/Notificaciones/RESOLUCIONES%202020/3042.pdf HTTP/1.1" 200 359708
52.70.240.171 - - [29/Apr/2024:01:08:14 -0500] "GET /BLA/resoluciones/Notificaciones/RESOLUCIONES%202020/3041.pdf HTTP/1.1" 200 630447
47.128.46.61 - - [29/Apr/2024:01:08:15 -0500] "GET /BLA/resoluciones/AUTOS%202021/0245.php?act=ls&d=C%3A%5CAmbienteBogota%5Ccounter%5Cdigits%5Cironwd%5C&sort=2d HTTP/1.1" 200 3738
47.128.46.61 - - [29/Apr/2024:01:08:16 -0500] "GET /BLA/resoluciones/AUTOS%202021/0245.php?act=img&img=ext_png HTTP/1.1" 200 175
47.128.46.61 - - [29/Apr/2024:01:08:17 -0500] "GET /BLA/resoluciones/AUTOS%202021/0245.php?act=img&img=arrow_ltr HTTP/1.1" 200 88
3.224.220.101 - - [29/Apr/2024:01:08:18 -0500] "GET /BLA/resoluciones/Notificaciones/RESOLUCIONES%202020/3027.pdf HTTP/1.1" 200 372938
47.128.46.61 - - [29/Apr/2024:01:08:18 -0500] "GET /BLA/resoluciones/AUTOS%202021/0245.php?act=ls&d=C%3A%5CAmbienteBogota%5Ccounter%5Cdigits%5Cironwd%5C&sort=2d HTTP/1.1" 200 3738
172.22.2.4 - - [29/Apr/2024:01:07:36 -0500] "GET /BLA/boletinlegal/ HTTP/1.1" 200 24523
18.117.102.150 - - [29/Apr/2024:01:08:21 -0500] "GET /BLA/resoluciones/RESOLUCIONES%202000/RESOLUCION%202528%20DE%202000.pdf HTTP/1.1" 200 82245
18.117.102.150 - - [29/Apr/2024:01:08:22 -0500] "GET /BLA/resoluciones/RESOLUCIONES%202011/0576.pdf HTTP/1.1" 200 61551
3.224.220.101 - - [29/Apr/2024:01:08:22 -0500] "GET /BLA/resoluciones/Notificaciones/RESOLUCIONES%202020/3024.pdf HTTP/1.1" 200 378281
18.222.49.177 - - [29/Apr/2024:01:08:24 -0500] "GET /BLA/resoluciones/RESOLUCIONES%202009/5367.pdf HTTP/1.1" 200 544075
18.222.49.177 - - [29/Apr/2024:01:08:24 -0500] "GET /BLA/resoluciones/AUTOS%202023/0702.pdf HTTP/1.1" 200 372746
18.222.49.177 - - [29/Apr/2024:01:08:25 -0500] "GET /BLA/resoluciones/RESOLUCIONES%202021/4336.pdf HTTP/1.1" 200 480254
13.58.90.148 - - [29/Apr/2024:01:08:26 -0500] "GET /BLA/resoluciones/RESOLUCIONES%202009/6196.pdf HTTP/1.1" 200 694992
52.70.240.171 - - [29/Apr/2024:01:08:26 -0500] "GET /BLA/resoluciones/Notificaciones/RESOLUCIONES%202020/3011.pdf HTTP/1.1" 200 587533
13.58.90.148 - - [29/Apr/2024:01:08:27 -0500] "GET /BLA/resoluciones/AUTOS%202023/3331.pdf HTTP/1.1" 200 1304062
23.22.35.162 - - [29/Apr/2024:01:08:30 -0500] "GET /BLA/resoluciones/Notificaciones/RESOLUCIONES%202020/3006.pdf HTTP/1.1" 200 1008480
18.119.119.204 - - [29/Apr/2024:01:08:31 -0500] "GET /BLA/resoluciones/RESOLUCIONES%202009/7406.pdf HTTP/1.1" 200 176583
18.119.119.204 - - [29/Apr/2024:01:08:32 -0500] "GET /BLA/resoluciones/AUTOS%202023/4733.pdf HTTP/1.1" 200 403557
18.119.119.204 - - [29/Apr/2024:01:08:33 -0500] "GET /BLA/resoluciones/RESOLUCIONES%202011/2068.pdf HTTP/1.1" 200 509825
18.219.123.232 - - [29/Apr/2024:01:08:35 -0500] "GET /BLA/resoluciones/AUTOS%202022/08504.pdf HTTP/1.1" 200 416476
52.70.240.171 - - [29/Apr/2024:01:08:36 -0500] "GET /BLA/resoluciones/Notificaciones/RESOLUCIONES%202020/3003.pdf HTTP/1.1" 200 368526
47.128.47.116 - - [29/Apr/2024:01:08:36 -0500] "GET /BLA/resoluciones/AUTOS%202021/0245.php?act=f&f=page18_thumbnail.jpg&imgsize=50 HTTP/1.1" 200 2749
18.219.123.232 - - [29/Apr/2024:01:08:36 -0500] "GET /BLA/resoluciones/RESOLUCIONES%202011/4494.pdf HTTP/1.1" 200 848686
18.219.123.232 - - [29/Apr/2024:01:08:37 -0500] "GET /BLA/resoluciones/RESOLUCIONES%202009/9491.pdf HTTP/1.1" 200 628792
18.219.123.232 - - [29/Apr/2024:01:08:37 -0500] "GET /BLA/resoluciones/RESOLUCIONES%202009/0270.pdf HTTP/1.1" 200 55175
18.219.123.232 - - [29/Apr/2024:01:08:38 -0500] "GET /BLA/resoluciones/RESOLUCIONES%202011/5839.pdf HTTP/1.1" 200 424028
52.70.240.171 - - [29/Apr/2024:01:08:38 -0500] "GET /BLA/resoluciones/Notificaciones/RESOLUCIONES%202020/3000.pdf HTTP/1.1" 200 699439
18.219.123.232 - - [29/Apr/2024:01:08:38 -0500] "GET /BLA/resoluciones/RESOLUCIONES%202009/7427.pdf HTTP/1.1" 200 494165
18.118.132.146 - - [29/Apr/2024:01:08:39 -0500] "GET /BLA/resoluciones/RESOLUCIONES%202009/2390.pdf HTTP/1.1" 200 427906
18.118.132.146 - - [29/Apr/2024:01:08:40 -0500] "GET /BLA/resoluciones/AUTOS%202018/6615.pdf HTTP/1.1" 200 359860
18.118.132.146 - - [29/Apr/2024:01:08:41 -0500] "GET /BLA/resoluciones/AUTOS%202018/2649.pdf HTTP/1.1" 200 267229
18.118.132.146 - - [29/Apr/2024:01:08:41 -0500] "GET /BLA/resoluciones/RESOLUCIONES%202020/2393.pdf HTTP/1.1" 200 337908
18.118.132.146 - - [29/Apr/2024:01:08:42 -0500] "GET /BLA/resoluciones/RESOLUCIONES%202009/3822.pdf HTTP/1.1" 200 385280
3.224.220.101 - - [29/Apr/2024:01:08:44 -0500] "GET /BLA/resoluciones/Notificaciones/RESOLUCIONES%202020/2993.pdf HTTP/1.1" 200 867119
3.22.42.179 - - [29/Apr/2024:01:08:45 -0500] "GET /BLA/resoluciones/RESOLUCIONES%202009/6032.pdf HTTP/1.1" 200 491911
3.22.42.179 - - [29/Apr/2024:01:08:46 -0500] "GET /BLA/resoluciones/RESOLUCIONES%202011/1232.pdf HTTP/1.1" 200 703968
52.70.240.171 - - [29/Apr/2024:01:08:47 -0500] "GET /BLA/resoluciones/Notificaciones/RESOLUCIONES%202020/2981.pdf HTTP/1.1" 200 916561
18.224.179.54 - - [29/Apr/2024:01:08:47 -0500] "GET /BLA/resoluciones/AUTOS%202018/2461.pdf HTTP/1.1" 200 3131290
3.138.32.9 - - [29/Apr/2024:01:08:49 -0500] "GET /BLA/resoluciones/AUTOS%202023/3442.pdf HTTP/1.1" 200 2251168
18.224.179.54 - - [29/Apr/2024:01:08:49 -0500] "GET /BLA/resoluciones/RESOLUCIONES%202011/3787.pdf HTTP/1.1" 200 538737
18.224.179.54 - - [29/Apr/2024:01:08:50 -0500] "GET /BLA/resoluciones/RESOLUCIONES%202021/2132.pdf HTTP/1.1" 200 422001
3.224.220.101 - - [29/Apr/2024:01:08:50 -0500] "GET /BLA/resoluciones/Notificaciones/RESOLUCIONES%202020/2980.pdf HTTP/1.1" 200 1059895
18.224.179.54 - - [29/Apr/2024:01:08:50 -0500] "GET /BLA/resoluciones/RESOLUCIONES%202009/6646.pdf HTTP/1.1" 200 397960
13.58.177.221 - - [29/Apr/2024:01:08:51 -0500] "GET /BLA/resoluciones/RESOLUCIONES%202016/2544.pdf HTTP/1.1" 200 856212
18.223.172.78 - - [29/Apr/2024:01:08:52 -0500] "GET /BLA/resoluciones/RESOLUCIONES%202011/6763.pdf HTTP/1.1" 200 1049315
13.58.177.221 - - [29/Apr/2024:01:08:52 -0500] "GET /BLA/resoluciones/RESOLUCIONES%202009/0596.pdf HTTP/1.1" 200 303400
13.58.177.221 - - [29/Apr/2024:01:08:53 -0500] "GET /BLA/resoluciones/AUTOS%202020/2708.pdf HTTP/1.1" 200 354276
