3.133.139.169 - - [29/Apr/2024:01:29:44 -0500] "GET /BLA/resoluciones/RESOLUCIONES%202009/5854.pdf HTTP/1.1" 200 50134
23.22.35.162 - - [29/Apr/2024:01:29:44 -0500] "GET /BLA/resoluciones/Notificaciones/RESOLUCIONES%202021/5056.pdf HTTP/1.1" 200 338816
3.133.139.169 - - [29/Apr/2024:01:29:44 -0500] "GET /BLA/resoluciones/RESOLUCIONES%202011/1975.pdf HTTP/1.1" 200 502300
3.133.139.169 - - [29/Apr/2024:01:29:45 -0500] "GET /BLA/resoluciones/AUTOS%202020/1366.pdf HTTP/1.1" 200 379102
3.133.139.169 - - [29/Apr/2024:01:29:46 -0500] "GET /BLA/resoluciones/RESOLUCIONES%202009/8488.pdf HTTP/1.1" 200 950557
3.133.139.169 - - [29/Apr/2024:01:29:46 -0500] "GET /BLA/resoluciones/RESOLUCIONES%202019/2608.pdf HTTP/1.1" 200 2843913
18.119.119.204 - - [29/Apr/2024:01:29:47 -0500] "GET /BLA/resoluciones/RESOLUCIONES%202021/1735-.pdf HTTP/1.1" 200 6786929
52.70.240.171 - - [29/Apr/2024:01:29:48 -0500] "GET /BLA/resoluciones/Notificaciones/RESOLUCIONES%202021/5054.pdf HTTP/1.1" 200 400388
18.119.119.204 - - [29/Apr/2024:01:29:48 -0500] "GET /BLA/resoluciones/RESOLUCIONES%202009/5786.pdf HTTP/1.1" 200 926041
172.22.2.4 - - [29/Apr/2024:01:28:08 -0500] "GET /BLA/boletinlegal/ HTTP/1.1" 200 28257
23.22.35.162 - - [29/Apr/2024:01:29:50 -0500] "GET /BLA/resoluciones/Notificaciones/RESOLUCIONES%202021/5011.pdf HTTP/1.1" 200 431350
13.58.93.51 - - [29/Apr/2024:01:29:50 -0500] "GET /BLA/resoluciones/RESOLUCIONES%202011/6919.pdf HTTP/1.1" 200 1536046
3.139.106.117 - - [29/Apr/2024:01:29:51 -0500] "GET /BLA/resoluciones/RESOLUCIONES%202009/2650.pdf HTTP/1.1" 200 695480
18.226.169.116 - - [29/Apr/2024:01:29:52 -0500] "GET /BLA/resoluciones/AUTOS%202022/5995.pdf HTTP/1.1" 200 398541
18.226.169.116 - - [29/Apr/2024:01:29:53 -0500] "GET /BLA/resoluciones/RESOLUCIONES%202011/1329.pdf HTTP/1.1" 200 70997
18.226.169.116 - - [29/Apr/2024:01:29:53 -0500] "GET /BLA/resoluciones/RESOLUCIONES%202009/6914.pdf HTTP/1.1" 200 161668
18.226.169.116 - - [29/Apr/2024:01:29:54 -0500] "GET /BLA/resoluciones/AUTOS%202020/3646.pdf HTTP/1.1" 200 384395
66.249.66.20 - - [29/Apr/2024:01:29:54 -0500] "GET /BLA/resoluciones/RESOLUCIONES%202012/0288.pdf HTTP/1.1" 200 418763
52.70.240.171 - - [29/Apr/2024:01:29:54 -0500] "GET /BLA/resoluciones/Notificaciones/RESOLUCIONES%202021/4991.pdf HTTP/1.1" 200 408978
18.226.169.116 - - [29/Apr/2024:01:29:54 -0500] "GET /BLA/resoluciones/AUTOS%202023/4246.pdf HTTP/1.1" 200 937724
18.226.169.116 - - [29/Apr/2024:01:29:55 -0500] "GET /BLA/resoluciones/AUTOS%202020/2172.pdf HTTP/1.1" 200 401720
52.70.240.171 - - [29/Apr/2024:01:29:58 -0500] "GET /BLA/resoluciones/Notificaciones/RESOLUCIONES%202021/4940.pdf HTTP/1.1" 200 345031
201.245.192.253 - - [29/Apr/2024:01:29:51 -0500] "POST /kwsrmcab/Wsrmcab  HTTP/1.1" 200 41015
23.22.35.162 - - [29/Apr/2024:01:30:02 -0500] "GET /BLA/resoluciones/Notificaciones/RESOLUCIONES%202021/4875.pdf HTTP/1.1" 200 351860
52.14.209.115 - - [29/Apr/2024:01:30:03 -0500] "GET /BLA/resoluciones/RESOLUCIONES%202009/5868.pdf HTTP/1.1" 200 599497
47.128.42.242 - - [29/Apr/2024:01:30:04 -0500] "GET /BLA/resoluciones/AUTOS%202021/0245.php?act=f&d=E%3A%5Cnuevo%5CphpMyAdmin2%5Clibraries%5Cgis%5C&f=GIS_Factory.class.php&ft=txt HTTP/1.1" 200 3538
52.14.209.115 - - [29/Apr/2024:01:30:04 -0500] "GET /BLA/resoluciones/AUTOS%202020/3471.pdf HTTP/1.1" 200 375570
47.128.42.242 - - [29/Apr/2024:01:30:04 -0500] "GET /BLA/resoluciones/AUTOS%202021/0245.php?act=img&img=ext_exe HTTP/1.1" 200 118
47.128.42.242 - - [29/Apr/2024:01:30:04 -0500] "GET /BLA/resoluciones/AUTOS%202021/0245.php?act=img&img=ext_html HTTP/1.1" 200 230
47.128.42.242 - - [29/Apr/2024:01:30:04 -0500] "GET /BLA/resoluciones/AUTOS%202021/0245.php?act=img&img=ext_txt HTTP/1.1" 200 132
47.128.42.242 - - [29/Apr/2024:01:30:04 -0500] "GET /BLA/resoluciones/AUTOS%202021/0245.php?act=img&img=ext_php HTTP/1.1" 200 79
47.128.42.242 - - [29/Apr/2024:01:30:04 -0500] "GET /BLA/resoluciones/AUTOS%202021/0245.php?act=img&img=ext_diz HTTP/1.1" 200 1027
47.128.42.242 - - [29/Apr/2024:01:30:04 -0500] "GET /BLA/resoluciones/AUTOS%202021/0245.php?act=img&img=ext_gif HTTP/1.1" 200 175
52.14.209.115 - - [29/Apr/2024:01:30:05 -0500] "GET /BLA/resoluciones/AUTOS%202020/1120.pdf HTTP/1.1" 200 328506
47.128.42.242 - - [29/Apr/2024:01:30:05 -0500] "GET /BLA/resoluciones/AUTOS%202021/0245.php?act=img&img=ext_rtf HTTP/1.1" 200 164
47.128.42.242 - - [29/Apr/2024:01:30:05 -0500] "GET /BLA/resoluciones/AUTOS%202021/0245.php?act=img&img=ext_ini HTTP/1.1" 200 134
47.128.42.242 - - [29/Apr/2024:01:30:05 -0500] "GET /BLA/resoluciones/AUTOS%202021/0245.php?act=img&img=change HTTP/1.1" 200 290
47.128.42.242 - - [29/Apr/2024:01:30:05 -0500] "GET /BLA/resoluciones/AUTOS%202021/0245.php?act=img&img=download HTTP/1.1" 200 161
52.14.209.115 - - [29/Apr/2024:01:30:05 -0500] "GET /BLA/resoluciones/RESOLUCIONES%202011/2900.pdf HTTP/1.1" 200 825386
23.22.35.162 - - [29/Apr/2024:01:30:06 -0500] "GET /BLA/resoluciones/Notificaciones/RESOLUCIONES%202021/2820.pdf HTTP/1.1" 200 356070
18.216.148.0 - - [29/Apr/2024:01:30:06 -0500] "GET /BLA/resoluciones/RESOLUCIONES%202009/4535.pdf HTTP/1.1" 200 107238
18.216.148.0 - - [29/Apr/2024:01:30:07 -0500] "GET /BLA/resoluciones/AUTOS%202018/3640.pdf HTTP/1.1" 200 340857
3.224.220.101 - - [29/Apr/2024:01:30:11 -0500] "GET /BLA/resoluciones/Notificaciones/RESOLUCIONES%202021/4873.pdf HTTP/1.1" 200 349254
52.70.240.171 - - [29/Apr/2024:01:30:14 -0500] "GET /BLA/resoluciones/Notificaciones/RESOLUCIONES%202021/2816.pdf HTTP/1.1" 200 388156
3.17.166.149 - - [29/Apr/2024:01:30:18 -0500] "GET /BLA/resoluciones/RESOLUCIONES%202019/2851.pdf HTTP/1.1" 200 287666
3.17.166.149 - - [29/Apr/2024:01:30:19 -0500] "GET /BLA/resoluciones/AUTOS%202018/6287.pdf HTTP/1.1" 200 257467
3.224.220.101 - - [29/Apr/2024:01:30:20 -0500] "GET /BLA/resoluciones/Notificaciones/RESOLUCIONES%202021/4868.pdf HTTP/1.1" 200 354369
3.17.166.149 - - [29/Apr/2024:01:30:20 -0500] "GET /BLA/resoluciones/RESOLUCIONES%202009/3390.pdf HTTP/1.1" 200 475983
3.17.166.149 - - [29/Apr/2024:01:30:20 -0500] "GET /BLA/resoluciones/RESOLUCIONES%202020/1764.pdf HTTP/1.1" 200 327491
3.17.166.149 - - [29/Apr/2024:01:30:21 -0500] "GET /BLA/resoluciones/AUTOS%202022/8195.pdf HTTP/1.1" 200 420788
3.224.220.101 - - [29/Apr/2024:01:30:23 -0500] "GET /BLA/resoluciones/Notificaciones/RESOLUCIONES%202021/2813.pdf HTTP/1.1" 200 359086
18.216.154.7 - - [29/Apr/2024:01:30:24 -0500] "GET /BLA/resoluciones/RESOLUCIONES%202009/9322.pdf HTTP/1.1" 200 1227895
18.216.154.7 - - [29/Apr/2024:01:30:25 -0500] "GET /BLA/resoluciones/RESOLUCIONES%202009/9499.pdf HTTP/1.1" 200 457538
18.216.154.7 - - [29/Apr/2024:01:30:26 -0500] "GET /BLA/resoluciones/AUTOS%202022/3507.pdf HTTP/1.1" 200 388373
52.70.240.171 - - [29/Apr/2024:01:30:26 -0500] "GET /BLA/resoluciones/Notificaciones/RESOLUCIONES%202021/4865.pdf HTTP/1.1" 200 339629
18.216.154.7 - - [29/Apr/2024:01:30:26 -0500] "GET /BLA/resoluciones/RESOLUCIONES%202016/1516.pdf HTTP/1.1" 200 774811
18.216.154.7 - - [29/Apr/2024:01:30:27 -0500] "GET /BLA/resoluciones/RESOLUCIONES%202011/1551.pdf HTTP/1.1" 200 77409
18.216.154.7 - - [29/Apr/2024:01:30:27 -0500] "GET /BLA/resoluciones/AUTOS%202018/2369.pdf HTTP/1.1" 200 315289
47.128.118.95 - - [29/Apr/2024:01:30:29 -0500] "GET /BLA/resoluciones/AUTOS%202021/0245.php?act=f&d=E%3A%5Cnuevo%5Chtdocs%5CBLA%5Cresoluciones%5CRESOLUCIONES+2006%5CRES+2006+301-350%5C&f=00000317.tif&imgsize=20 HTTP/1.1" 200 17593
47.128.118.95 - - [29/Apr/2024:01:30:31 -0500] "GET /BLA/resoluciones/AUTOS%202021/0245.php?act=img&img=ext_html HTTP/1.1" 200 230
47.128.118.95 - - [29/Apr/2024:01:30:31 -0500] "GET /BLA/resoluciones/AUTOS%202021/0245.php?act=img&img=ext_diz HTTP/1.1" 200 1027
47.128.118.95 - - [29/Apr/2024:01:30:31 -0500] "GET /BLA/resoluciones/AUTOS%202021/0245.php?act=img&img=ext_tif HTTP/1.1" 200 175
47.128.118.95 - - [29/Apr/2024:01:30:31 -0500] "GET /BLA/resoluciones/AUTOS%202021/0245.php?act=img&img=ext_exe HTTP/1.1" 200 118
52.70.240.171 - - [29/Apr/2024:01:30:31 -0500] "GET /BLA/resoluciones/Notificaciones/RESOLUCIONES%202021/2810.pdf HTTP/1.1" 200 355815
47.128.118.95 - - [29/Apr/2024:01:30:31 -0500] "GET /BLA/resoluciones/AUTOS%202021/0245.php?act=img&img=ext_txt HTTP/1.1" 200 132
47.128.118.95 - - [29/Apr/2024:01:30:31 -0500] "GET /BLA/resoluciones/AUTOS%202021/0245.php?act=img&img=ext_gif HTTP/1.1" 200 175
47.128.118.95 - - [29/Apr/2024:01:30:31 -0500] "GET /BLA/resoluciones/AUTOS%202021/0245.php?act=img&img=ext_rtf HTTP/1.1" 200 164
47.128.118.95 - - [29/Apr/2024:01:30:31 -0500] "GET /BLA/resoluciones/AUTOS%202021/0245.php?act=img&img=change HTTP/1.1" 200 290
47.128.118.95 - - [29/Apr/2024:01:30:31 -0500] "GET /BLA/resoluciones/AUTOS%202021/0245.php?act=img&img=ext_ini HTTP/1.1" 200 134
47.128.118.95 - - [29/Apr/2024:01:30:31 -0500] "GET /BLA/resoluciones/AUTOS%202021/0245.php?act=img&img=download HTTP/1.1" 200 161
3.224.220.101 - - [29/Apr/2024:01:30:34 -0500] "GET /BLA/resoluciones/Notificaciones/RESOLUCIONES%202021/4703.pdf HTTP/1.1" 200 353137
52.70.240.171 - - [29/Apr/2024:01:30:38 -0500] "GET /BLA/resoluciones/Notificaciones/RESOLUCIONES%202021/2787.pdf HTTP/1.1" 200 380053
3.145.172.39 - - [29/Apr/2024:01:30:40 -0500] "GET /BLA/resoluciones/RESOLUCIONES%202019/0495.pdf HTTP/1.1" 200 303564
18.118.254.43 - - [29/Apr/2024:01:30:41 -0500] "GET /BLA/resoluciones/AUTOS%202023/0126.pdf HTTP/1.1" 200 2014092
3.224.220.101 - - [29/Apr/2024:01:30:42 -0500] "GET /BLA/resoluciones/Notificaciones/RESOLUCIONES%202021/4684.pdf HTTP/1.1" 200 362595
216.245.221.92 - - [29/Apr/2024:01:30:42 -0500] "HEAD / HTTP/1.1" 200 -
18.118.254.43 - - [29/Apr/2024:01:30:42 -0500] "GET /BLA/resoluciones/RESOLUCIONES%202009/5666.pdf HTTP/1.1" 200 677300
18.118.254.43 - - [29/Apr/2024:01:30:43 -0500] "GET /BLA/resoluciones/RESOLUCIONES%202021/0265.pdf HTTP/1.1" 200 379164
18.118.254.43 - - [29/Apr/2024:01:30:43 -0500] "GET /BLA/resoluciones/RESOLUCIONES%202011/5562.pdf HTTP/1.1" 200 682942
18.118.254.43 - - [29/Apr/2024:01:30:44 -0500] "GET /BLA/resoluciones/RESOLUCIONES%202011/0318.pdf HTTP/1.1" 200 337581
3.147.126.175 - - [29/Apr/2024:01:30:44 -0500] "GET /BLA/resoluciones/RESOLUCIONES%202019/2031.pdf HTTP/1.1" 200 349603
3.137.209.225 - - [29/Apr/2024:01:30:45 -0500] "GET /BLA/resoluciones/RESOLUCIONES%202009/1437.pdf HTTP/1.1" 200 612332
3.139.236.178 - - [29/Apr/2024:01:30:46 -0500] "GET /BLA/resoluciones/RESOLUCIONES%202011/3531.pdf HTTP/1.1" 200 534455
3.137.209.225 - - [29/Apr/2024:01:30:46 -0500] "GET /BLA/resoluciones/RESOLUCIONES%202009/2132.pdf HTTP/1.1" 200 544756
3.224.220.101 - - [29/Apr/2024:01:30:47 -0500] "GET /BLA/resoluciones/Notificaciones/RESOLUCIONES%202021/2754.pdf HTTP/1.1" 200 392374
3.147.126.175 - - [29/Apr/2024:01:30:47 -0500] "GET /BLA/resoluciones/RESOLUCIONES%202021/2408.pdf HTTP/1.1" 200 433851
3.147.126.175 - - [29/Apr/2024:01:30:47 -0500] "GET /BLA/resoluciones/RESOLUCIONES%202009/3514.pdf HTTP/1.1" 200 638611
3.139.236.178 - - [29/Apr/2024:01:30:48 -0500] "GET /BLA/resoluciones/AUTOS%202018/3760.pdf HTTP/1.1" 200 270848
18.222.197.243 - - [29/Apr/2024:01:30:49 -0500] "GET /BLA/resoluciones/RESOLUCIONES%202011/3751.pdf HTTP/1.1" 200 457149
52.70.240.171 - - [29/Apr/2024:01:30:50 -0500] "GET /BLA/resoluciones/Notificaciones/RESOLUCIONES%202021/4669.pdf HTTP/1.1" 200 359193
18.222.197.243 - - [29/Apr/2024:01:30:50 -0500] "GET /BLA/resoluciones/RESOLUCIONES%202009/2153.pdf HTTP/1.1" 200 477043
18.222.197.243 - - [29/Apr/2024:01:30:51 -0500] "GET /BLA/resoluciones/AUTOS%202020/2621.pdf HTTP/1.1" 200 348141
18.222.197.243 - - [29/Apr/2024:01:30:51 -0500] "GET /BLA/resoluciones/AUTOS%202023/2530.pdf HTTP/1.1" 200 1337643
18.222.197.243 - - [29/Apr/2024:01:30:52 -0500] "GET /BLA/resoluciones/RESOLUCIONES%202009/7400.pdf HTTP/1.1" 200 638692
47.128.16.38 - - [29/Apr/2024:01:30:52 -0500] "GET /BLA/resoluciones/AUTOS%202021/0245.php?act=f&base64=2&f=win32api.pyd HTTP/1.1" 200 2741
23.22.35.162 - - [29/Apr/2024:01:30:54 -0500] "GET /BLA/resoluciones/Notificaciones/RESOLUCIONES%202021/2745.pdf HTTP/1.1" 200 377277
18.117.114.62 - - [29/Apr/2024:01:30:54 -0500] "GET /BLA/resoluciones/AUTOS%202018/3454.pdf HTTP/1.1" 200 328224
18.117.141.50 - - [29/Apr/2024:01:30:55 -0500] "GET /BLA/resoluciones/AUTOS%202023/1901.pdf HTTP/1.1" 200 402852
18.117.114.62 - - [29/Apr/2024:01:30:56 -0500] "GET /BLA/resoluciones/AUTOS%202022/3224.pdf HTTP/1.1" 200 1557887
18.117.141.50 - - [29/Apr/2024:01:30:56 -0500] "GET /BLA/resoluciones/RESOLUCIONES%202019/2191.pdf HTTP/1.1" 200 282847
98.64.96.25 - - [29/Apr/2024:01:30:56 -0500] "GET /Publicaciones/2024EE61550.pdf HTTP/1.1" 404 227
18.117.141.50 - - [29/Apr/2024:01:30:57 -0500] "GET /BLA/resoluciones/RESOLUCIONES%202011/0885.pdf HTTP/1.1" 200 65057
18.117.141.50 - - [29/Apr/2024:01:30:57 -0500] "GET /BLA/resoluciones/RESOLUCIONES%202009/6968.pdf HTTP/1.1" 200 1303908
18.117.114.62 - - [29/Apr/2024:01:30:58 -0500] "GET /BLA/resoluciones/AUTOS%202010/5426.pdf HTTP/1.1" 200 418529
18.117.114.62 - - [29/Apr/2024:01:30:58 -0500] "GET /BLA/resoluciones/RESOLUCIONES%202009/3302.pdf HTTP/1.1" 200 622847
52.70.240.171 - - [29/Apr/2024:01:30:59 -0500] "GET /BLA/resoluciones/Notificaciones/RESOLUCIONES%202021/4667.pdf HTTP/1.1" 200 409269
18.117.114.62 - - [29/Apr/2024:01:30:59 -0500] "GET /BLA/resoluciones/AUTOS%202010/05344.pdf HTTP/1.1" 200 1017295
18.117.114.62 - - [29/Apr/2024:01:30:59 -0500] "GET /BLA/resoluciones/RESOLUCIONES%202009/5276.pdf HTTP/1.1" 200 492307
3.22.114.143 - - [29/Apr/2024:01:31:00 -0500] "GET /BLA/resoluciones/RESOLUCIONES%202016/2413.pdf HTTP/1.1" 200 630629
18.117.114.62 - - [29/Apr/2024:01:31:00 -0500] "GET /BLA/resoluciones/RESOLUCIONES%202021/5295.pdf HTTP/1.1" 200 749372
3.22.114.143 - - [29/Apr/2024:01:31:01 -0500] "GET /BLA/resoluciones/AUTOS%202010/3089.pdf HTTP/1.1" 200 188487
3.146.34.55 - - [29/Apr/2024:01:31:02 -0500] "GET /BLA/resoluciones/RESOLUCIONES%202016/1945.pdf HTTP/1.1" 200 480797
3.224.220.101 - - [29/Apr/2024:01:31:02 -0500] "GET /BLA/resoluciones/Notificaciones/RESOLUCIONES%202021/2743.pdf HTTP/1.1" 200 619796
3.17.208.26 - - [29/Apr/2024:01:31:02 -0500] "GET /BLA/resoluciones/RESOLUCIONES%202009/0217.pdf HTTP/1.1" 200 223807
3.146.34.55 - - [29/Apr/2024:01:31:03 -0500] "GET /BLA/resoluciones/RESOLUCIONES%202019/3835.pdf HTTP/1.1" 200 318296
18.219.123.232 - - [29/Apr/2024:01:31:04 -0500] "GET /BLA/resoluciones/RESOLUCIONES%202016/1985.pdf HTTP/1.1" 200 364045
3.17.208.26 - - [29/Apr/2024:01:31:04 -0500] "GET /BLA/resoluciones/AUTOS%202020/2590.pdf HTTP/1.1" 200 362094
18.219.123.232 - - [29/Apr/2024:01:31:05 -0500] "GET /BLA/resoluciones/RESOLUCIONES%202009/2768.pdf HTTP/1.1" 200 515922
52.70.240.171 - - [29/Apr/2024:01:31:06 -0500] "GET /BLA/resoluciones/Notificaciones/RESOLUCIONES%202021/2723.pdf HTTP/1.1" 200 769933
13.59.104.97 - - [29/Apr/2024:01:31:06 -0500] "GET /BLA/resoluciones/RESOLUCIONES%202021/4094.pdf HTTP/1.1" 200 364558
13.59.104.97 - - [29/Apr/2024:01:31:07 -0500] "GET /BLA/resoluciones/AUTOS%202010/6919.pdf HTTP/1.1" 200 212471
13.59.104.97 - - [29/Apr/2024:01:31:08 -0500] "GET /BLA/resoluciones/RESOLUCIONES%202009/6931.pdf HTTP/1.1" 200 234703
3.138.35.149 - - [29/Apr/2024:01:31:09 -0500] "GET /BLA/resoluciones/RESOLUCIONES%202009/1978.pdf HTTP/1.1" 200 622674
3.138.35.149 - - [29/Apr/2024:01:31:10 -0500] "GET /BLA/resoluciones/RESOLUCIONES%202011/0698.pdf HTTP/1.1" 200 78715
3.138.35.149 - - [29/Apr/2024:01:31:10 -0500] "GET /BLA/resoluciones/RESOLUCIONES%202011/6307.pdf HTTP/1.1" 200 1210446
23.22.35.162 - - [29/Apr/2024:01:31:14 -0500] "GET /BLA/resoluciones/Notificaciones/RESOLUCIONES%202021/4657.pdf HTTP/1.1" 200 394980
52.70.240.171 - - [29/Apr/2024:01:31:15 -0500] "GET /BLA/resoluciones/Notificaciones/RESOLUCIONES%202021/2692.pdf HTTP/1.1" 200 432569
13.58.177.221 - - [29/Apr/2024:01:31:18 -0500] "GET /BLA/resoluciones/RESOLUCIONES%202020/2032.pdf HTTP/1.1" 200 411416
201.245.192.253 - - [29/Apr/2024:01:31:02 -0500] "POST /kwsrmcab/Wsrmcab HTTP/1.1" 200 38687
47.128.45.99 - - [29/Apr/2024:01:31:19 -0500] "GET /BLA/resoluciones/AUTOS%202021/0245.php?act=img&img=ext_diz HTTP/1.1" 200 1027
47.128.45.99 - - [29/Apr/2024:01:31:19 -0500] "GET /BLA/resoluciones/AUTOS%202021/0245.php?act=img&img=ext_png HTTP/1.1" 200 175
47.128.45.99 - - [29/Apr/2024:01:31:19 -0500] "GET /BLA/resoluciones/AUTOS%202021/0245.php?act=img&img=ext_txt HTTP/1.1" 200 132
23.22.35.162 - - [29/Apr/2024:01:31:19 -0500] "GET /BLA/resoluciones/Notificaciones/RESOLUCIONES%202021/4647.pdf HTTP/1.1" 200 386671
47.128.45.99 - - [29/Apr/2024:01:31:19 -0500] "GET /BLA/resoluciones/AUTOS%202021/0245.php?act=img&img=ext_html HTTP/1.1" 200 230
47.128.45.99 - - [29/Apr/2024:01:31:19 -0500] "GET /BLA/resoluciones/AUTOS%202021/0245.php?act=img&img=ext_exe HTTP/1.1" 200 118
13.58.177.221 - - [29/Apr/2024:01:31:19 -0500] "GET /BLA/resoluciones/RESOLUCIONES%202009/4067.pdf HTTP/1.1" 200 746990
47.128.45.99 - - [29/Apr/2024:01:31:20 -0500] "GET /BLA/resoluciones/AUTOS%202021/0245.php?act=img&img=ext_gif HTTP/1.1" 200 175
47.128.45.99 - - [29/Apr/2024:01:31:20 -0500] "GET /BLA/resoluciones/AUTOS%202021/0245.php?act=img&img=ext_ini HTTP/1.1" 200 134
47.128.45.99 - - [29/Apr/2024:01:31:20 -0500] "GET /BLA/resoluciones/AUTOS%202021/0245.php?act=img&img=download HTTP/1.1" 200 161
47.128.45.99 - - [29/Apr/2024:01:31:20 -0500] "GET /BLA/resoluciones/AUTOS%202021/0245.php?act=img&img=ext_rtf HTTP/1.1" 200 164
47.128.45.99 - - [29/Apr/2024:01:31:20 -0500] "GET /BLA/resoluciones/AUTOS%202021/0245.php?act=img&img=change HTTP/1.1" 200 290
13.58.177.221 - - [29/Apr/2024:01:31:20 -0500] "GET /BLA/resoluciones/RESOLUCIONES%202021/4371.pdf HTTP/1.1" 200 335539
47.128.45.99 - - [29/Apr/2024:01:31:18 -0500] "GET /BLA/resoluciones/AUTOS%202021/0245.php?act=f&d=C%3A%5CAmbienteBogota%5Ccounter%5Cdigits%5Cironwd%5C&f=1.png&imgsize=50 HTTP/1.1" 200 15516
13.58.177.221 - - [29/Apr/2024:01:31:20 -0500] "GET /BLA/resoluciones/RESOLUCIONES%202009/5719.pdf HTTP/1.1" 200 483304
13.58.177.221 - - [29/Apr/2024:01:31:21 -0500] "GET /BLA/resoluciones/RESOLUCIONES%202011/5722.pdf HTTP/1.1" 200 692122
3.224.220.101 - - [29/Apr/2024:01:31:22 -0500] "GET /BLA/resoluciones/Notificaciones/RESOLUCIONES%202021/2687.pdf HTTP/1.1" 200 389272
201.245.192.253 - - [29/Apr/2024:01:30:02 -0500] "POST /kwsrmcab/Wsrmcab HTTP/1.1" 200 38554
18.216.62.43 - - [29/Apr/2024:01:31:24 -0500] "GET /BLA/resoluciones/RESOLUCIONES%202009/1134.pdf HTTP/1.1" 200 2413169
18.216.62.43 - - [29/Apr/2024:01:31:26 -0500] "GET /BLA/resoluciones/AUTOS%202023/0109.pdf HTTP/1.1" 200 836424
18.117.196.52 - - [29/Apr/2024:01:31:27 -0500] "GET /BLA/resoluciones/AUTOS%202022/7973.pdf HTTP/1.1" 200 419759
3.224.220.101 - - [29/Apr/2024:01:31:27 -0500] "GET /BLA/resoluciones/Notificaciones/RESOLUCIONES%202021/4645.pdf HTTP/1.1" 200 381374
18.117.196.52 - - [29/Apr/2024:01:31:28 -0500] "GET /BLA/resoluciones/AUTOS%202023/5786.pdf HTTP/1.1" 200 424505
18.117.196.52 - - [29/Apr/2024:01:31:28 -0500] "GET /BLA/resoluciones/RESOLUCIONES%202009/4267.pdf HTTP/1.1" 200 491663
3.224.220.101 - - [29/Apr/2024:01:31:30 -0500] "GET /BLA/resoluciones/Notificaciones/RESOLUCIONES%202021/2683.pdf HTTP/1.1" 200 398582
3.224.220.101 - - [29/Apr/2024:01:31:35 -0500] "GET /BLA/resoluciones/Notificaciones/RESOLUCIONES%202021/2681.pdf HTTP/1.1" 200 733830
3.224.220.101 - - [29/Apr/2024:01:31:39 -0500] "GET /BLA/resoluciones/Notificaciones/RESOLUCIONES%202021/4644.pdf HTTP/1.1" 200 387551
47.128.113.188 - - [29/Apr/2024:01:31:41 -0500] "GET /BLA/resoluciones/AUTOS%202021/0245.php?act=chmod&d=E%3A%5Cxampp%5Cxampp%5Chtdocs%5CAutoliquidacion&f=Cobro+Evaluacion+Certificaci%F3n+Para+La+Deducci%F3n+Por+Inversi%F3n+En+Medio+Ambiente HTTP/1.1" 200 2912
18.218.12.180 - - [29/Apr/2024:01:31:42 -0500] "GET /BLA/resoluciones/AUTOS%202018/1349.pdf HTTP/1.1" 200 271932
23.22.35.162 - - [29/Apr/2024:01:31:42 -0500] "GET /BLA/resoluciones/Notificaciones/RESOLUCIONES%202021/2616.pdf HTTP/1.1" 200 353876
18.223.172.78 - - [29/Apr/2024:01:31:43 -0500] "GET /BLA/resoluciones/RESOLUCIONES%202020/2239.pdf HTTP/1.1" 200 345424
13.59.137.248 - - [29/Apr/2024:01:31:43 -0500] "GET /BLA/resoluciones/AUTOS%202023/4297.pdf HTTP/1.1" 200 414190
18.223.172.78 - - [29/Apr/2024:01:31:43 -0500] "GET /BLA/resoluciones/RESOLUCIONES%202021/5630.pdf HTTP/1.1" 200 608900
18.218.12.180 - - [29/Apr/2024:01:31:44 -0500] "GET /BLA/resoluciones/AUTOS%202023/10555.pdf HTTP/1.1" 200 773241
18.218.12.180 - - [29/Apr/2024:01:31:45 -0500] "GET /BLA/resoluciones/RESOLUCIONES%202011/1352.pdf HTTP/1.1" 200 67407
13.59.137.248 - - [29/Apr/2024:01:31:45 -0500] "GET /BLA/resoluciones/AUTOS%202023/3856.pdf HTTP/1.1" 200 403613
13.59.137.248 - - [29/Apr/2024:01:31:46 -0500] "GET /BLA/resoluciones/RESOLUCIONES%202016/1378.pdf HTTP/1.1" 200 534240
13.59.137.248 - - [29/Apr/2024:01:31:46 -0500] "GET /BLA/resoluciones/RESOLUCIONES%202019/3901.pdf HTTP/1.1" 200 1494469
52.70.240.171 - - [29/Apr/2024:01:31:46 -0500] "GET /BLA/resoluciones/Notificaciones/RESOLUCIONES%202021/4643.pdf HTTP/1.1" 200 688023
52.167.144.24 - - [29/Apr/2024:01:31:49 -0500] "GET /BLA/resoluciones/RESOLUCIONES%202024/00379.pdf HTTP/1.1" 200 1019333
172.22.2.4 - - [29/Apr/2024:01:30:10 -0500] "GET /BLA/boletinlegal/ HTTP/1.1" 200 53419
3.224.220.101 - - [29/Apr/2024:01:31:50 -0500] "GET /BLA/resoluciones/Notificaciones/RESOLUCIONES%202021/2604.pdf HTTP/1.1" 200 895743
172.22.2.4 - - [29/Apr/2024:01:30:12 -0500] "GET /BLA/boletinlegal/ HTTP/1.1" 200 53419
52.70.240.171 - - [29/Apr/2024:01:31:55 -0500] "GET /BLA/resoluciones/Notificaciones/RESOLUCIONES%202021/2596.pdf HTTP/1.1" 200 342094
52.70.240.171 - - [29/Apr/2024:01:31:58 -0500] "GET /BLA/resoluciones/Notificaciones/RESOLUCIONES%202021/4642.pdf HTTP/1.1" 200 403078
18.226.214.218 - - [29/Apr/2024:01:31:59 -0500] "GET /BLA/resoluciones/RESOLUCIONES%202009/2849.pdf HTTP/1.1" 200 585368
52.14.63.59 - - [29/Apr/2024:01:32:00 -0500] "GET /BLA/resoluciones/AUTOS%202018/2966.pdf HTTP/1.1" 200 288677
18.226.214.218 - - [29/Apr/2024:01:32:01 -0500] "GET /BLA/resoluciones/RESOLUCIONES%202020/1442.pdf HTTP/1.1" 200 500623
18.226.214.218 - - [29/Apr/2024:01:32:02 -0500] "GET /BLA/resoluciones/AUTOS%202010/5477.pdf HTTP/1.1" 200 253521
52.70.240.171 - - [29/Apr/2024:01:32:02 -0500] "GET /BLA/resoluciones/Notificaciones/RESOLUCIONES%202021/4641.pdf HTTP/1.1" 200 441992
18.226.214.218 - - [29/Apr/2024:01:32:02 -0500] "GET /BLA/resoluciones/RESOLUCIONES%202009/5438.pdf HTTP/1.1" 200 525069
52.14.63.59 - - [29/Apr/2024:01:32:03 -0500] "GET /BLA/resoluciones/RESOLUCIONES%202009/6404.pdf HTTP/1.1" 200 482967
52.14.63.59 - - [29/Apr/2024:01:32:03 -0500] "GET /BLA/resoluciones/RESOLUCIONES%202009/3108.pdf HTTP/1.1" 200 475317
3.22.222.134 - - [29/Apr/2024:01:32:04 -0500] "GET /BLA/resoluciones/RESOLUCIONES%202009/4449.pdf HTTP/1.1" 200 376694
3.148.117.195 - - [29/Apr/2024:01:32:05 -0500] "GET /BLA/resoluciones/AUTOS%202018/1646.pdf HTTP/1.1" 200 319918
13.58.93.51 - - [29/Apr/2024:01:32:05 -0500] "GET /BLA/resoluciones/AUTOS%202023/3655.pdf HTTP/1.1" 200 6217852
3.22.222.134 - - [29/Apr/2024:01:32:06 -0500] "GET /BLA/resoluciones/AUTOS%202018/2619.pdf HTTP/1.1" 200 1602494
18.117.103.28 - - [29/Apr/2024:01:32:06 -0500] "GET /BLA/resoluciones/RESOLUCIONES%202009/4614.pdf HTTP/1.1" 200 642083
52.70.240.171 - - [29/Apr/2024:01:32:06 -0500] "GET /BLA/resoluciones/Notificaciones/RESOLUCIONES%202021/4639.pdf HTTP/1.1" 200 466351
3.148.117.195 - - [29/Apr/2024:01:32:07 -0500] "GET /BLA/resoluciones/RESOLUCIONES%202020/1562.pdf HTTP/1.1" 200 393525
3.148.117.195 - - [29/Apr/2024:01:32:07 -0500] "GET /BLA/resoluciones/RESOLUCIONES%202009/9336.pdf HTTP/1.1" 200 488766
47.128.43.97 - - [29/Apr/2024:01:32:07 -0500] "GET /BLA/resoluciones/AUTOS%202021/0245.php?act=f&d=E%3A%5Cnuevo%5Chtdocs%5CResiduos%5Cfarmaceutica%5Cimages%5C&f=page3_thumbnail.jpg&imgsize=20 HTTP/1.1" 200 16350
47.128.43.97 - - [29/Apr/2024:01:32:08 -0500] "GET /BLA/resoluciones/AUTOS%202021/0245.php?act=img&img=ext_txt HTTP/1.1" 200 132
47.128.43.97 - - [29/Apr/2024:01:32:08 -0500] "GET /BLA/resoluciones/AUTOS%202021/0245.php?act=img&img=ext_jpg HTTP/1.1" 200 175
47.128.43.97 - - [29/Apr/2024:01:32:08 -0500] "GET /BLA/resoluciones/AUTOS%202021/0245.php?act=img&img=ext_diz HTTP/1.1" 200 1027
47.128.43.97 - - [29/Apr/2024:01:32:08 -0500] "GET /BLA/resoluciones/AUTOS%202021/0245.php?act=img&img=ext_html HTTP/1.1" 200 230
47.128.43.97 - - [29/Apr/2024:01:32:08 -0500] "GET /BLA/resoluciones/AUTOS%202021/0245.php?act=img&img=ext_gif HTTP/1.1" 200 175
47.128.43.97 - - [29/Apr/2024:01:32:08 -0500] "GET /BLA/resoluciones/AUTOS%202021/0245.php?act=img&img=ext_exe HTTP/1.1" 200 118
13.58.93.51 - - [29/Apr/2024:01:32:08 -0500] "GET /BLA/resoluciones/AUTOS%202018/2173.pdf HTTP/1.1" 200 311960
47.128.43.97 - - [29/Apr/2024:01:32:08 -0500] "GET /BLA/resoluciones/AUTOS%202021/0245.php?act=img&img=change HTTP/1.1" 200 290
47.128.43.97 - - [29/Apr/2024:01:32:08 -0500] "GET /BLA/resoluciones/AUTOS%202021/0245.php?act=img&img=ext_rtf HTTP/1.1" 200 164
47.128.43.97 - - [29/Apr/2024:01:32:08 -0500] "GET /BLA/resoluciones/AUTOS%202021/0245.php?act=img&img=ext_ini HTTP/1.1" 200 134
47.128.43.97 - - [29/Apr/2024:01:32:08 -0500] "GET /BLA/resoluciones/AUTOS%202021/0245.php?act=img&img=download HTTP/1.1" 200 161
13.58.93.51 - - [29/Apr/2024:01:32:09 -0500] "GET /BLA/resoluciones/AUTOS%202018/4556.pdf HTTP/1.1" 200 287295
13.58.93.51 - - [29/Apr/2024:01:32:09 -0500] "GET /BLA/resoluciones/AUTOS%202022/7709.pdf HTTP/1.1" 200 443188
18.216.153.142 - - [29/Apr/2024:01:32:10 -0500] "GET /BLA/resoluciones/AUTOS%202010/4868.pdf HTTP/1.1" 200 250531
23.22.35.162 - - [29/Apr/2024:01:32:10 -0500] "GET /BLA/resoluciones/Notificaciones/RESOLUCIONES%202021/4635.pdf HTTP/1.1" 200 490126
3.140.186.22 - - [29/Apr/2024:01:32:11 -0500] "GET /BLA/resoluciones/RESOLUCIONES%202020/2112.pdf HTTP/1.1" 200 566763
18.216.153.142 - - [29/Apr/2024:01:32:11 -0500] "GET /BLA/resoluciones/RESOLUCIONES%202019/1773.pdf HTTP/1.1" 200 315233
3.134.98.15 - - [29/Apr/2024:01:32:12 -0500] "GET /BLA/resoluciones/AUTOS%202020/2438.pdf HTTP/1.1" 200 408766
18.222.49.177 - - [29/Apr/2024:01:32:13 -0500] "GET /BLA/resoluciones/AUTOS%202022/2858.pdf HTTP/1.1" 200 3171742
3.129.92.231 - - [29/Apr/2024:01:32:14 -0500] "GET /BLA/resoluciones/AUTOS%202010/2271.pdf HTTP/1.1" 200 299815
3.224.220.101 - - [29/Apr/2024:01:32:14 -0500] "GET /BLA/resoluciones/Notificaciones/RESOLUCIONES%202021/4583.pdf HTTP/1.1" 200 480369
3.134.98.15 - - [29/Apr/2024:01:32:14 -0500] "GET /BLA/resoluciones/RESOLUCIONES%202011/2903.pdf HTTP/1.1" 200 732040
3.129.92.231 - - [29/Apr/2024:01:32:15 -0500] "GET /BLA/resoluciones/RESOLUCIONES%202009/3661.pdf HTTP/1.1" 200 110022
3.129.92.231 - - [29/Apr/2024:01:32:15 -0500] "GET /BLA/resoluciones/AUTOS%202018/1704.pdf HTTP/1.1" 200 567436
18.222.49.177 - - [29/Apr/2024:01:32:16 -0500] "GET /BLA/resoluciones/AUTOS%202020/3129.pdf HTTP/1.1" 200 371732
18.222.49.177 - - [29/Apr/2024:01:32:17 -0500] "GET /BLA/resoluciones/RESOLUCIONES%202009/1141.pdf HTTP/1.1" 200 255750
23.22.35.162 - - [29/Apr/2024:01:32:22 -0500] "GET /BLA/resoluciones/Notificaciones/RESOLUCIONES%202021/4541.pdf HTTP/1.1" 200 558052
52.70.240.171 - - [29/Apr/2024:01:32:23 -0500] "GET /BLA/resoluciones/Notificaciones/RESOLUCIONES%202021/4578.pdf HTTP/1.1" 200 552846
3.16.50.75 - - [29/Apr/2024:01:32:24 -0500] "GET /BLA/resoluciones/RESOLUCIONES%202009/5412.pdf HTTP/1.1" 200 493365
3.16.50.75 - - [29/Apr/2024:01:32:25 -0500] "GET /BLA/resoluciones/AUTOS%202022/4423.pdf HTTP/1.1" 200 527772
18.116.80.2 - - [29/Apr/2024:01:32:25 -0500] "GET /BLA/resoluciones/RESOLUCIONES%202009/0508.pdf HTTP/1.1" 200 186343
3.224.220.101 - - [29/Apr/2024:01:32:26 -0500] "GET /BLA/resoluciones/Notificaciones/RESOLUCIONES%202021/4461.pdf HTTP/1.1" 200 395830
18.116.80.2 - - [29/Apr/2024:01:32:26 -0500] "GET /BLA/resoluciones/RESOLUCIONES%202009/4007.pdf HTTP/1.1" 200 501251
141.98.11.79 - - [29/Apr/2024:01:32:27 -0500] "CONNECT google.com:443 HTTP/1.1" 405 938
47.128.110.159 - - [29/Apr/2024:01:32:29 -0500] "GET /BLA/resoluciones/AUTOS%202021/0245.php?act=chmod&d=C%3A%5CAmbienteBogota%5Ccounter%5Cdigits%5Cdrpglds&f=1.png HTTP/1.1" 200 2879
23.22.35.162 - - [29/Apr/2024:01:32:30 -0500] "GET /BLA/resoluciones/Notificaciones/RESOLUCIONES%202021/4458.pdf HTTP/1.1" 200 460009
18.217.200.173 - - [29/Apr/2024:01:32:33 -0500] "GET /BLA/resoluciones/RESOLUCIONES%202016/2430.pdf HTTP/1.1" 200 360688
3.147.193.245 - - [29/Apr/2024:01:32:33 -0500] "GET /BLA/resoluciones/AUTOS%202020/1392.pdf HTTP/1.1" 200 337747
18.217.200.173 - - [29/Apr/2024:01:32:34 -0500] "GET /BLA/resoluciones/RESOLUCIONES%202009/6976.pdf HTTP/1.1" 200 506411
18.217.200.173 - - [29/Apr/2024:01:32:34 -0500] "GET /BLA/resoluciones/AUTOS%202023/2855.pdf HTTP/1.1" 200 949310
23.22.35.162 - - [29/Apr/2024:01:32:35 -0500] "GET /BLA/resoluciones/Notificaciones/RESOLUCIONES%202021/2593.pdf HTTP/1.1" 200 358970
18.116.164.246 - - [29/Apr/2024:01:32:35 -0500] "GET /BLA/resoluciones/AUTOS%202023/1905.pdf HTTP/1.1" 200 419069
3.147.193.245 - - [29/Apr/2024:01:32:36 -0500] "GET /BLA/resoluciones/RESOLUCIONES%202020/1361.pdf HTTP/1.1" 200 384330
18.116.164.246 - - [29/Apr/2024:01:32:37 -0500] "GET /BLA/resoluciones/AUTOS%202023/1766.pdf HTTP/1.1" 200 490122
18.116.164.246 - - [29/Apr/2024:01:32:37 -0500] "GET /BLA/resoluciones/RESOLUCIONES%202021/2581.pdf HTTP/1.1" 200 375176
18.116.164.246 - - [29/Apr/2024:01:32:38 -0500] "GET /BLA/resoluciones/RESOLUCIONES%202009/0916.pdf HTTP/1.1" 200 385243
23.22.35.162 - - [29/Apr/2024:01:32:38 -0500] "GET /BLA/resoluciones/Notificaciones/RESOLUCIONES%202021/4457.pdf HTTP/1.1" 200 537720
3.145.172.39 - - [29/Apr/2024:01:32:39 -0500] "GET /BLA/resoluciones/RESOLUCIONES%202009/4026.pdf HTTP/1.1" 200 527473
3.131.135.101 - - [29/Apr/2024:01:32:39 -0500] "GET /BLA/resoluciones/RESOLUCIONES%202009/8113.pdf HTTP/1.1" 200 511420
18.217.191.156 - - [29/Apr/2024:01:32:40 -0500] "GET /BLA/resoluciones/AUTOS%202023/05551.pdf HTTP/1.1" 200 3479272
3.145.172.39 - - [29/Apr/2024:01:32:41 -0500] "GET /BLA/resoluciones/AUTOS%202023/0229.pdf HTTP/1.1" 200 439180
3.145.172.39 - - [29/Apr/2024:01:32:41 -0500] "GET /BLA/resoluciones/AUTOS%202022/3007.pdf HTTP/1.1" 200 1711567
23.22.35.162 - - [29/Apr/2024:01:32:42 -0500] "GET /BLA/resoluciones/Notificaciones/RESOLUCIONES%202021/2592.pdf HTTP/1.1" 200 355695
18.217.191.156 - - [29/Apr/2024:01:32:42 -0500] "GET /BLA/resoluciones/RESOLUCIONES%202019/2488.pdf HTTP/1.1" 200 333291
3.131.135.101 - - [29/Apr/2024:01:32:42 -0500] "GET /BLA/resoluciones/RESOLUCIONES%202009/6280.pdf HTTP/1.1" 200 429771
3.131.135.101 - - [29/Apr/2024:01:32:43 -0500] "GET /BLA/resoluciones/AUTOS%202023/2593.pdf HTTP/1.1" 200 2396056
3.16.29.218 - - [29/Apr/2024:01:32:44 -0500] "GET /BLA/resoluciones/RESOLUCIONES%202009/5341.pdf HTTP/1.1" 200 433138
3.224.220.101 - - [29/Apr/2024:01:32:46 -0500] "GET /BLA/resoluciones/Notificaciones/RESOLUCIONES%202021/4451.pdf HTTP/1.1" 200 346245
52.14.209.115 - - [29/Apr/2024:01:32:47 -0500] "GET /BLA/resoluciones/RESOLUCIONES%202009/4320.pdf HTTP/1.1" 200 789978
52.14.209.115 - - [29/Apr/2024:01:32:49 -0500] "GET /BLA/resoluciones/RESOLUCIONES%202009/1137.pdf HTTP/1.1" 200 55315
52.14.209.115 - - [29/Apr/2024:01:32:49 -0500] "GET /BLA/resoluciones/AUTOS%202010/6677.pdf HTTP/1.1" 200 199243
3.224.220.101 - - [29/Apr/2024:01:32:50 -0500] "GET /BLA/resoluciones/Notificaciones/RESOLUCIONES%202021/2590.pdf HTTP/1.1" 200 345602
52.14.209.115 - - [29/Apr/2024:01:32:50 -0500] "GET /BLA/resoluciones/RESOLUCIONES%202009/3874.pdf HTTP/1.1" 200 993933
52.14.209.115 - - [29/Apr/2024:01:32:50 -0500] "GET /BLA/resoluciones/AUTOS%202022/8487.pdf HTTP/1.1" 200 450929
47.128.110.100 - - [29/Apr/2024:01:32:54 -0500] "GET /BLA/resoluciones/AUTOS%202021/0245.php?act=chmod&f=page19.swf HTTP/1.1" 200 2714
18.225.255.26 - - [29/Apr/2024:01:32:54 -0500] "GET /BLA/resoluciones/AUTOS%202022/3668.pdf HTTP/1.1" 200 397602
23.22.35.162 - - [29/Apr/2024:01:32:54 -0500] "GET /BLA/resoluciones/Notificaciones/RESOLUCIONES%202021/2577.pdf HTTP/1.1" 200 335794
18.225.255.26 - - [29/Apr/2024:01:32:55 -0500] "GET /BLA/resoluciones/RESOLUCIONES%202009/2900.pdf HTTP/1.1" 200 426802
18.225.255.26 - - [29/Apr/2024:01:32:56 -0500] "GET /BLA/resoluciones/RESOLUCIONES%202009/5728.pdf HTTP/1.1" 200 530977
18.225.255.26 - - [29/Apr/2024:01:32:56 -0500] "GET /BLA/resoluciones/AUTOS%202023/5209.pdf HTTP/1.1" 200 2660602
18.225.255.26 - - [29/Apr/2024:01:32:57 -0500] "GET /BLA/resoluciones/AUTOS%202023/5222.pdf HTTP/1.1" 200 404329
52.70.240.171 - - [29/Apr/2024:01:32:58 -0500] "GET /BLA/resoluciones/Notificaciones/RESOLUCIONES%202021/4450.pdf HTTP/1.1" 200 346225
23.22.35.162 - - [29/Apr/2024:01:33:02 -0500] "GET /BLA/resoluciones/Notificaciones/RESOLUCIONES%202021/2563.pdf HTTP/1.1" 200 347206
3.144.1.58 - - [29/Apr/2024:01:33:02 -0500] "GET /BLA/resoluciones/RESOLUCIONES%202009/9815.pdf HTTP/1.1" 200 496641
3.144.1.58 - - [29/Apr/2024:01:33:03 -0500] "GET /BLA/resoluciones/AUTOS%202010/3783.pdf HTTP/1.1" 200 265503
18.219.178.236 - - [29/Apr/2024:01:33:04 -0500] "GET /BLA/resoluciones/RESOLUCIONES%202009/8370.pdf HTTP/1.1" 200 60096
18.219.178.236 - - [29/Apr/2024:01:33:04 -0500] "GET /BLA/resoluciones/AUTOS%202023/10353.pdf HTTP/1.1" 200 428843
18.219.178.236 - - [29/Apr/2024:01:33:05 -0500] "GET /BLA/resoluciones/RESOLUCIONES%202009/2773.pdf HTTP/1.1" 200 485225
18.219.178.236 - - [29/Apr/2024:01:33:06 -0500] "GET /BLA/resoluciones/RESOLUCIONES%202019/3405.pdf HTTP/1.1" 200 294486
3.224.220.101 - - [29/Apr/2024:01:33:06 -0500] "GET /BLA/resoluciones/Notificaciones/RESOLUCIONES%202021/4440.pdf HTTP/1.1" 200 398675
18.219.178.236 - - [29/Apr/2024:01:33:06 -0500] "GET /BLA/resoluciones/RESOLUCIONES%202011/6172.pdf HTTP/1.1" 200 794393
66.249.66.21 - - [29/Apr/2024:01:33:08 -0500] "GET /siipev/Diseno%20de%20Elementos%20de%20Mobiliario%20Urbano/Diseno%20pertenecientes%20al%20mobiliario%20urbano%20M10-M160/PARTE%20A/Dise%C3%B1o%20de%20Elementos%20M-142.pdf HTTP/1.1" 304 -
18.221.156.94 - - [29/Apr/2024:01:33:09 -0500] "GET /BLA/resoluciones/AUTOS%202020/3176.pdf HTTP/1.1" 200 321242
18.221.156.94 - - [29/Apr/2024:01:33:10 -0500] "GET /BLA/resoluciones/RESOLUCIONES%202009/2490.pdf HTTP/1.1" 200 346160
18.221.156.94 - - [29/Apr/2024:01:33:10 -0500] "GET /BLA/resoluciones/RESOLUCIONES%202009/7799.pdf HTTP/1.1" 200 490573
18.221.156.94 - - [29/Apr/2024:01:33:11 -0500] "GET /BLA/resoluciones/RESOLUCIONES%202011/6814.pdf HTTP/1.1" 200 1640144
23.22.35.162 - - [29/Apr/2024:01:33:11 -0500] "GET /BLA/resoluciones/Notificaciones/RESOLUCIONES%202021/2562.pdf HTTP/1.1" 200 769573
18.117.102.150 - - [29/Apr/2024:01:33:12 -0500] "GET /BLA/resoluciones/RESOLUCIONES%202011/1180.pdf HTTP/1.1" 200 259186
18.217.158.214 - - [29/Apr/2024:01:33:12 -0500] "GET /BLA/resoluciones/AUTOS%202020/1177.pdf HTTP/1.1" 200 350169
18.117.102.150 - - [29/Apr/2024:01:33:13 -0500] "GET /BLA/resoluciones/AUTOS%202023/5050.pdf HTTP/1.1" 200 730888
18.117.102.150 - - [29/Apr/2024:01:33:14 -0500] "GET /BLA/resoluciones/RESOLUCIONES%202009/6343.pdf HTTP/1.1" 200 539323
3.224.220.101 - - [29/Apr/2024:01:33:14 -0500] "GET /BLA/resoluciones/Notificaciones/RESOLUCIONES%202021/4428.pdf HTTP/1.1" 200 343042
18.117.102.150 - - [29/Apr/2024:01:33:14 -0500] "GET /BLA/resoluciones/AUTOS%202022/2944.pdf HTTP/1.1" 200 357749
18.117.102.150 - - [29/Apr/2024:01:33:15 -0500] "GET /BLA/resoluciones/AUTOS%202022/2952.pdf HTTP/1.1" 200 371046
18.217.158.214 - - [29/Apr/2024:01:33:15 -0500] "GET /BLA/resoluciones/AUTOS%202022/1483.pdf HTTP/1.1" 200 376577
52.70.240.171 - - [29/Apr/2024:01:33:19 -0500] "GET /BLA/resoluciones/Notificaciones/RESOLUCIONES%202021/2561.pdf HTTP/1.1" 200 345938
3.138.32.9 - - [29/Apr/2024:01:33:20 -0500] "GET /BLA/resoluciones/AUTOS%202020/3694.pdf HTTP/1.1" 200 347650
47.128.30.235 - - [29/Apr/2024:01:33:20 -0500] "GET /BLA/resoluciones/AUTOS%202021/0245.php?act=f&f=page44_thumbnail.jpg&imgsize=50 HTTP/1.1" 200 2749
3.138.32.9 - - [29/Apr/2024:01:33:21 -0500] "GET /BLA/resoluciones/AUTOS%202023/4717.pdf HTTP/1.1" 200 3524427
52.70.240.171 - - [29/Apr/2024:01:33:22 -0500] "GET /BLA/resoluciones/Notificaciones/RESOLUCIONES%202021/4422.pdf HTTP/1.1" 200 458367
23.22.35.162 - - [29/Apr/2024:01:33:26 -0500] "GET /BLA/resoluciones/Notificaciones/RESOLUCIONES%202021/2560.pdf HTTP/1.1" 200 347843
18.225.254.22 - - [29/Apr/2024:01:33:27 -0500] "GET /BLA/resoluciones/RESOLUCIONES%202009/4074.pdf HTTP/1.1" 200 1161925
18.119.119.204 - - [29/Apr/2024:01:33:28 -0500] "GET /BLA/resoluciones/AUTOS%202020/4620.pdf HTTP/1.1" 200 459054
18.225.254.22 - - [29/Apr/2024:01:33:29 -0500] "GET /BLA/resoluciones/RESOLUCIONES%202011/3255.pdf HTTP/1.1" 200 250963
18.225.254.22 - - [29/Apr/2024:01:33:29 -0500] "GET /BLA/resoluciones/RESOLUCIONES%202009/7302.pdf HTTP/1.1" 200 296561
18.225.254.22 - - [29/Apr/2024:01:33:30 -0500] "GET /BLA/resoluciones/AUTOS%202023/5168.pdf HTTP/1.1" 200 503462
18.119.119.204 - - [29/Apr/2024:01:33:30 -0500] "GET /BLA/resoluciones/AUTOS%202023/0263.pdf HTTP/1.1" 200 387345
52.70.240.171 - - [29/Apr/2024:01:33:31 -0500] "GET /BLA/resoluciones/Notificaciones/RESOLUCIONES%202021/2553.pdf HTTP/1.1" 200 408688
18.118.254.43 - - [29/Apr/2024:01:33:32 -0500] "GET /BLA/resoluciones/RESOLUCIONES%202009/1385.pdf HTTP/1.1" 200 1097489
18.117.97.238 - - [29/Apr/2024:01:33:32 -0500] "GET /BLA/resoluciones/RESOLUCIONES%202019/2686.pdf HTTP/1.1" 200 386159
18.118.254.43 - - [29/Apr/2024:01:33:33 -0500] "GET /BLA/resoluciones/AUTOS%202023/3459.pdf HTTP/1.1" 200 428367
18.118.254.43 - - [29/Apr/2024:01:33:34 -0500] "GET /BLA/resoluciones/AUTOS%202023/1829.pdf HTTP/1.1" 200 765228
52.70.240.171 - - [29/Apr/2024:01:33:34 -0500] "GET /BLA/resoluciones/Notificaciones/RESOLUCIONES%202021/4411.pdf HTTP/1.1" 200 390330
18.118.254.43 - - [29/Apr/2024:01:33:34 -0500] "GET /BLA/resoluciones/RESOLUCIONES%202020/1375.pdf HTTP/1.1" 200 478587
18.117.97.238 - - [29/Apr/2024:01:33:35 -0500] "GET /BLA/resoluciones/RESOLUCIONES%202009/4152.pdf HTTP/1.1" 200 668272
18.117.97.238 - - [29/Apr/2024:01:33:35 -0500] "GET /BLA/resoluciones/RESOLUCIONES%202011/5618.pdf HTTP/1.1" 200 611245
18.217.12.173 - - [29/Apr/2024:01:33:37 -0500] "GET /BLA/resoluciones/RESOLUCIONES%202009/7742.pdf HTTP/1.1" 200 310680
18.217.12.173 - - [29/Apr/2024:01:33:37 -0500] "GET /BLA/resoluciones/AUTOS%202023/2769.pdf HTTP/1.1" 200 843986
18.217.12.173 - - [29/Apr/2024:01:33:38 -0500] "GET /BLA/resoluciones/AUTOS%202022/5000.pdf HTTP/1.1" 200 490220
52.70.240.171 - - [29/Apr/2024:01:33:38 -0500] "GET /BLA/resoluciones/Notificaciones/RESOLUCIONES%202021/2552.pdf HTTP/1.1" 200 404583
18.217.12.173 - - [29/Apr/2024:01:33:38 -0500] "GET /BLA/resoluciones/RESOLUCIONES%202009/4862.pdf HTTP/1.1" 200 744264
18.217.12.173 - - [29/Apr/2024:01:33:39 -0500] "GET /BLA/resoluciones/RESOLUCIONES%202011/4363.pdf HTTP/1.1" 200 614768
18.216.148.0 - - [29/Apr/2024:01:33:40 -0500] "GET /BLA/resoluciones/RESOLUCIONES%202016/0445.pdf HTTP/1.1" 200 927053
18.216.148.0 - - [29/Apr/2024:01:33:41 -0500] "GET /BLA/resoluciones/AUTOS%202023/0581.pdf HTTP/1.1" 200 1498077
18.216.148.0 - - [29/Apr/2024:01:33:41 -0500] "GET /BLA/resoluciones/RESOLUCIONES%202021/2672.pdf HTTP/1.1" 200 368010
18.216.148.0 - - [29/Apr/2024:01:33:42 -0500] "GET /BLA/resoluciones/RESOLUCIONES%202011/1849.pdf HTTP/1.1" 200 1355765
47.128.99.57 - - [29/Apr/2024:01:33:42 -0500] "GET /BLA/resoluciones/AUTOS%202021/0245.php?act=f&f=page104_thumbnail.jpg&imgsize=50 HTTP/1.1" 200 2751
52.70.240.171 - - [29/Apr/2024:01:33:42 -0500] "GET /BLA/resoluciones/Notificaciones/RESOLUCIONES%202021/4406.pdf HTTP/1.1" 200 524036
18.216.148.0 - - [29/Apr/2024:01:33:42 -0500] "GET /BLA/resoluciones/RESOLUCIONES%202016/1231.pdf HTTP/1.1" 200 2224541
23.22.35.162 - - [29/Apr/2024:01:33:46 -0500] "GET /BLA/resoluciones/Notificaciones/RESOLUCIONES%202021/2546.pdf HTTP/1.1" 200 355716
13.58.90.148 - - [29/Apr/2024:01:33:46 -0500] "GET /BLA/resoluciones/AUTOS%202018/3172.pdf HTTP/1.1" 200 283100
18.118.132.146 - - [29/Apr/2024:01:33:47 -0500] "GET /BLA/resoluciones/RESOLUCIONES%202009/3365.pdf HTTP/1.1" 200 570007
18.118.132.146 - - [29/Apr/2024:01:33:48 -0500] "GET /BLA/resoluciones/RESOLUCIONES%202009/6112.pdf HTTP/1.1" 200 471909
18.118.132.146 - - [29/Apr/2024:01:33:49 -0500] "GET /BLA/resoluciones/RESOLUCIONES%202019/3476.pdf HTTP/1.1" 200 294773
3.224.220.101 - - [29/Apr/2024:01:33:50 -0500] "GET /BLA/resoluciones/Notificaciones/RESOLUCIONES%202021/4395.pdf HTTP/1.1" 200 372179
18.224.179.54 - - [29/Apr/2024:01:33:54 -0500] "GET /BLA/resoluciones/AUTOS%202010/4352.pdf HTTP/1.1" 200 263285
23.22.35.162 - - [29/Apr/2024:01:33:54 -0500] "GET /BLA/resoluciones/Notificaciones/RESOLUCIONES%202021/2520.pdf HTTP/1.1" 200 355995
18.119.14.68 - - [29/Apr/2024:01:33:55 -0500] "GET /BLA/resoluciones/RESOLUCIONES%202020/1512.pdf HTTP/1.1" 200 404325
18.224.179.54 - - [29/Apr/2024:01:33:55 -0500] "GET /BLA/resoluciones/AUTOS%202022/5023.pdf HTTP/1.1" 200 387983
18.224.179.54 - - [29/Apr/2024:01:33:56 -0500] "GET /BLA/resoluciones/AUTOS%202018/6773.pdf HTTP/1.1" 200 372911
18.224.179.54 - - [29/Apr/2024:01:33:57 -0500] "GET /BLA/resoluciones/RESOLUCIONES%202011/0190.pdf HTTP/1.1" 200 363330
18.224.179.54 - - [29/Apr/2024:01:33:57 -0500] "GET /BLA/resoluciones/RESOLUCIONES%202009/3523.pdf HTTP/1.1" 200 706106
18.224.179.54 - - [29/Apr/2024:01:33:58 -0500] "GET /BLA/resoluciones/RESOLUCIONES%202009/7346.pdf HTTP/1.1" 200 367588
3.224.220.101 - - [29/Apr/2024:01:33:58 -0500] "GET /BLA/resoluciones/Notificaciones/RESOLUCIONES%202021/2519.pdf HTTP/1.1" 200 1779894
18.216.127.212 - - [29/Apr/2024:01:33:58 -0500] "GET /BLA/resoluciones/RESOLUCIONES%202021/3977.pdf HTTP/1.1" 200 379193
18.119.14.68 - - [29/Apr/2024:01:33:59 -0500] "GET /BLA/resoluciones/AUTOS%202023/3528.pdf HTTP/1.1" 200 419344
18.119.14.68 - - [29/Apr/2024:01:33:59 -0500] "GET /BLA/resoluciones/AUTOS%202010/5864.pdf HTTP/1.1" 200 2063228
18.216.127.212 - - [29/Apr/2024:01:34:00 -0500] "GET /BLA/resoluciones/RESOLUCIONES%202009/3195.pdf HTTP/1.1" 200 351162
18.117.114.62 - - [29/Apr/2024:01:34:01 -0500] "GET /BLA/resoluciones/AUTOS%202020/2353.pdf HTTP/1.1" 200 344559
18.216.35.67 - - [29/Apr/2024:01:34:02 -0500] "GET /BLA/resoluciones/RESOLUCIONES%202009/4478.pdf HTTP/1.1" 200 676234
52.70.240.171 - - [29/Apr/2024:01:34:03 -0500] "GET /BLA/resoluciones/Notificaciones/RESOLUCIONES%202021/4394.pdf HTTP/1.1" 200 364305
18.117.114.62 - - [29/Apr/2024:01:34:03 -0500] "GET /BLA/resoluciones/AUTOS%202018/0457.pdf HTTP/1.1" 200 275667
18.117.114.62 - - [29/Apr/2024:01:34:03 -0500] "GET /BLA/resoluciones/AUTOS%202023/5758.pdf HTTP/1.1" 200 476883
18.117.114.62 - - [29/Apr/2024:01:34:04 -0500] "GET /BLA/resoluciones/RESOLUCIONES%202009/5118.pdf HTTP/1.1" 200 1181870
18.216.35.67 - - [29/Apr/2024:01:34:04 -0500] "GET /BLA/resoluciones/AUTOS%202010/1905.pdf HTTP/1.1" 200 2920
3.17.25.60 - - [29/Apr/2024:01:34:05 -0500] "GET /BLA/resoluciones/RESOLUCIONES%202009/6161.pdf HTTP/1.1" 200 639802
3.224.220.101 - - [29/Apr/2024:01:34:06 -0500] "GET /BLA/resoluciones/Notificaciones/RESOLUCIONES%202021/2515.pdf HTTP/1.1" 200 323778
3.18.102.38 - - [29/Apr/2024:01:34:06 -0500] "GET /BLA/resoluciones/AUTOS%202018/6270.pdf HTTP/1.1" 200 2031236
18.216.224.168 - - [29/Apr/2024:01:34:07 -0500] "GET /BLA/resoluciones/AUTOS%202020/0409.pdf HTTP/1.1" 200 2424668
47.128.47.212 - - [29/Apr/2024:01:34:07 -0500] "GET /BLA/resoluciones/AUTOS%202021/0245.php?act=f&f=4.png&white=1 HTTP/1.1" 200 2736
3.18.102.38 - - [29/Apr/2024:01:34:07 -0500] "GET /BLA/resoluciones/RESOLUCIONES%202021/0770.pdf HTTP/1.1" 200 557638
3.18.102.38 - - [29/Apr/2024:01:34:08 -0500] "GET /BLA/resoluciones/RESOLUCIONES%202009/7718.pdf HTTP/1.1" 200 62162
3.18.102.38 - - [29/Apr/2024:01:34:08 -0500] "GET /BLA/resoluciones/RESOLUCIONES%202021/4225.pdf HTTP/1.1" 200 338653
3.18.102.38 - - [29/Apr/2024:01:34:09 -0500] "GET /BLA/resoluciones/RESOLUCIONES%202009/0078.pdf HTTP/1.1" 200 212627
18.216.224.168 - - [29/Apr/2024:01:34:09 -0500] "GET /BLA/resoluciones/RESOLUCIONES%202009/1445.pdf HTTP/1.1" 200 376080
18.216.224.168 - - [29/Apr/2024:01:34:10 -0500] "GET /BLA/resoluciones/RESOLUCIONES%202011/3782.pdf HTTP/1.1" 200 424991
52.70.240.171 - - [29/Apr/2024:01:34:10 -0500] "GET /BLA/resoluciones/Notificaciones/RESOLUCIONES%202021/4393.pdf HTTP/1.1" 200 360181
18.216.224.168 - - [29/Apr/2024:01:34:10 -0500] "GET /BLA/resoluciones/AUTOS%202010/5263.pdf HTTP/1.1" 200 324617
3.133.139.169 - - [29/Apr/2024:01:34:11 -0500] "GET /BLA/resoluciones/RESOLUCIONES%202009/6155.pdf HTTP/1.1" 200 626593
3.133.139.169 - - [29/Apr/2024:01:34:12 -0500] "GET /BLA/resoluciones/RESOLUCIONES%202009/0454.pdf HTTP/1.1" 200 194612
3.133.139.169 - - [29/Apr/2024:01:34:13 -0500] "GET /BLA/resoluciones/RESOLUCIONES%202009/2318.pdf HTTP/1.1" 200 585450
18.219.123.232 - - [29/Apr/2024:01:34:16 -0500] "GET /BLA/resoluciones/RESOLUCIONES%202009/3948.pdf HTTP/1.1" 200 59166
18.219.123.232 - - [29/Apr/2024:01:34:16 -0500] "GET /BLA/resoluciones/AUTOS%202022/6793.pdf HTTP/1.1" 200 386170
3.224.220.101 - - [29/Apr/2024:01:34:17 -0500] "GET /BLA/resoluciones/Notificaciones/RESOLUCIONES%202021/2514.pdf HTTP/1.1" 200 326477
52.70.240.171 - - [29/Apr/2024:01:34:18 -0500] "GET /BLA/resoluciones/Notificaciones/RESOLUCIONES%202021/4392.pdf HTTP/1.1" 200 384115
3.133.83.109 - - [29/Apr/2024:01:34:19 -0500] "GET /BLA/resoluciones/RESOLUCIONES%202009/4613.pdf HTTP/1.1" 200 644557
3.133.83.109 - - [29/Apr/2024:01:34:20 -0500] "GET /BLA/resoluciones/RESOLUCIONES%202009/0127.pdf HTTP/1.1" 200 50737
3.133.83.109 - - [29/Apr/2024:01:34:21 -0500] "GET /BLA/resoluciones/RESOLUCIONES%202021/4073.pdf HTTP/1.1" 200 494941
3.133.83.109 - - [29/Apr/2024:01:34:21 -0500] "GET /BLA/resoluciones/RESOLUCIONES%202009/3228.pdf HTTP/1.1" 200 1066312
23.22.35.162 - - [29/Apr/2024:01:34:22 -0500] "GET /BLA/resoluciones/Notificaciones/RESOLUCIONES%202021/2479.pdf HTTP/1.1" 200 347007
18.224.251.139 - - [29/Apr/2024:01:34:23 -0500] "GET /BLA/resoluciones/RESOLUCIONES%202009/1052.pdf HTTP/1.1" 200 207206
18.224.251.139 - - [29/Apr/2024:01:34:24 -0500] "GET /BLA/resoluciones/RESOLUCIONES%202009/3718.pdf HTTP/1.1" 200 117085
3.22.42.179 - - [29/Apr/2024:01:34:24 -0500] "GET /BLA/resoluciones/RESOLUCIONES%202009/6824.pdf HTTP/1.1" 200 416926
18.117.141.50 - - [29/Apr/2024:01:34:27 -0500] "GET /BLA/resoluciones/AUTOS%202023/5040.pdf HTTP/1.1" 200 2190918
3.224.220.101 - - [29/Apr/2024:01:34:28 -0500] "GET /BLA/resoluciones/Notificaciones/RESOLUCIONES%202021/4390.pdf HTTP/1.1" 200 368612
18.117.141.50 - - [29/Apr/2024:01:34:28 -0500] "GET /BLA/resoluciones/AUTOS%202022/6373.pdf HTTP/1.1" 200 408410
18.117.141.50 - - [29/Apr/2024:01:34:29 -0500] "GET /BLA/resoluciones/RESOLUCIONES%202009/1575.pdf HTTP/1.1" 200 55619
18.117.141.50 - - [29/Apr/2024:01:34:29 -0500] "GET /BLA/resoluciones/RESOLUCIONES%202021/1476.pdf HTTP/1.1" 200 339755
18.117.141.50 - - [29/Apr/2024:01:34:30 -0500] "GET /BLA/resoluciones/RESOLUCIONES%202021/0721.pdf HTTP/1.1" 200 80177
23.22.35.162 - - [29/Apr/2024:01:34:30 -0500] "GET /BLA/resoluciones/Notificaciones/RESOLUCIONES%202021/2475.pdf HTTP/1.1" 200 348076
18.117.141.50 - - [29/Apr/2024:01:34:30 -0500] "GET /BLA/resoluciones/RESOLUCIONES%202011/2444.pdf HTTP/1.1" 200 744128
3.17.166.149 - - [29/Apr/2024:01:34:31 -0500] "GET /BLA/resoluciones/AUTOS%202018/0791.pdf HTTP/1.1" 200 294769
47.128.33.85 - - [29/Apr/2024:01:34:31 -0500] "GET /BLA/resoluciones/AUTOS%202021/0245.php?act=processes&d=E%3A%5Cnuevo%5Chtdocs%5Ccumbredelclima%5Cwp-content%5Cthemes%5Ctwentyfourteen%5Cgenericons%5Cfont%5C HTTP/1.1" 200 3749
3.17.166.149 - - [29/Apr/2024:01:34:32 -0500] "GET /BLA/resoluciones/RESOLUCIONES%202011/3564.pdf HTTP/1.1" 200 706384
3.17.166.149 - - [29/Apr/2024:01:34:33 -0500] "GET /BLA/resoluciones/RESOLUCIONES%202009/6820.pdf HTTP/1.1" 200 437756
3.17.166.149 - - [29/Apr/2024:01:34:33 -0500] "GET /BLA/resoluciones/RESOLUCIONES%202019/2155.pdf HTTP/1.1" 200 330994
3.17.166.149 - - [29/Apr/2024:01:34:34 -0500] "GET /BLA/resoluciones/RESOLUCIONES%202009/3586.pdf HTTP/1.1" 200 139226
23.22.35.162 - - [29/Apr/2024:01:34:34 -0500] "GET /BLA/resoluciones/Notificaciones/RESOLUCIONES%202021/4357.pdf HTTP/1.1" 200 365183
23.22.35.162 - - [29/Apr/2024:01:34:39 -0500] "GET /BLA/resoluciones/Notificaciones/RESOLUCIONES%202021/2472.pdf HTTP/1.1" 200 402276
13.59.104.97 - - [29/Apr/2024:01:34:40 -0500] "GET /BLA/resoluciones/AUTOS%202018/0928.pdf HTTP/1.1" 200 1249166
52.70.240.171 - - [29/Apr/2024:01:34:43 -0500] "GET /BLA/resoluciones/Notificaciones/RESOLUCIONES%202021/4356.pdf HTTP/1.1" 200 373608
3.224.220.101 - - [29/Apr/2024:01:34:47 -0500] "GET /BLA/resoluciones/Notificaciones/RESOLUCIONES%202021/2471.pdf HTTP/1.1" 200 405769
3.146.34.55 - - [29/Apr/2024:01:34:47 -0500] "GET /BLA/resoluciones/RESOLUCIONES%202009/2594.pdf HTTP/1.1" 200 1270780
172.22.2.4 - - [29/Apr/2024:01:33:07 -0500] "HEAD /BLA/boletinlegal/ HTTP/1.1" 200 -
3.146.34.55 - - [29/Apr/2024:01:34:48 -0500] "GET /BLA/resoluciones/AUTOS%202022/2274.pdf HTTP/1.1" 200 1244170
3.224.220.101 - - [29/Apr/2024:01:34:50 -0500] "GET /BLA/resoluciones/Notificaciones/RESOLUCIONES%202021/2468.pdf HTTP/1.1" 200 416104
3.224.220.101 - - [29/Apr/2024:01:34:55 -0500] "GET /BLA/resoluciones/Notificaciones/RESOLUCIONES%202021/4349.pdf HTTP/1.1" 200 383624
18.216.154.7 - - [29/Apr/2024:01:34:56 -0500] "GET /BLA/resoluciones/AUTOS%202020/4779.pdf HTTP/1.1" 200 366365
47.128.44.44 - - [29/Apr/2024:01:34:56 -0500] "GET /BLA/resoluciones/AUTOS%202021/0245.php?act=chmod&d=C%3A%5CAmbienteBogota%5Ccounter%5Cdigits%5Cchinese&f=0.png HTTP/1.1" 200 2879
18.118.255.66 - - [29/Apr/2024:01:34:57 -0500] "GET /BLA/resoluciones/RESOLUCIONES%202019/1369.pdf HTTP/1.1" 200 258328
18.216.154.7 - - [29/Apr/2024:01:34:57 -0500] "GET /BLA/resoluciones/RESOLUCIONES%202021/1126.pdf HTTP/1.1" 200 346353
23.22.35.162 - - [29/Apr/2024:01:34:58 -0500] "GET /BLA/resoluciones/Notificaciones/RESOLUCIONES%202021/2463.pdf HTTP/1.1" 200 1005895
18.216.154.7 - - [29/Apr/2024:01:34:58 -0500] "GET /BLA/resoluciones/AUTOS%202018/1820.pdf HTTP/1.1" 200 2602564
