52.14.63.59 - - [29/Apr/2024:00:27:19 -0500] "GET /BLA/resoluciones/RESOLUCIONES%202009/6766.pdf HTTP/1.1" 200 679284
172.22.2.4 - - [29/Apr/2024:00:27:21 -0500] "GET /BLA/boletinlegal/js/jquery.scrollShow.js HTTP/1.1" 200 4586
23.22.35.162 - - [29/Apr/2024:00:27:23 -0500] "GET /BLA/resoluciones/Notificaciones/RESOLUCIONES%202022/2058.pdf HTTP/1.1" 200 432126
172.22.2.4 - - [29/Apr/2024:00:27:23 -0500] "GET /BLA/boletinlegal/js/jquery.js HTTP/1.1" 200 57254
3.147.126.175 - - [29/Apr/2024:00:27:25 -0500] "GET /BLA/resoluciones/RESOLUCIONES%202009/5922.pdf HTTP/1.1" 200 705666
3.147.126.175 - - [29/Apr/2024:00:27:26 -0500] "GET /BLA/resoluciones/RESOLUCIONES%202009/6577.pdf HTTP/1.1" 200 487209
3.147.126.175 - - [29/Apr/2024:00:27:27 -0500] "GET /BLA/resoluciones/AUTOS%202018/5516.pdf HTTP/1.1" 200 523860
3.224.220.101 - - [29/Apr/2024:00:27:28 -0500] "GET /BLA/resoluciones/Notificaciones/RESOLUCIONES%202022/4393.pdf HTTP/1.1" 200 383059
23.22.35.162 - - [29/Apr/2024:00:27:30 -0500] "GET /BLA/resoluciones/Notificaciones/RESOLUCIONES%202022/2053.pdf HTTP/1.1" 200 424394
172.22.2.4 - - [29/Apr/2024:00:27:33 -0500] "GET /BLA/boletinlegal/style.css HTTP/1.1" 200 9406
3.224.220.101 - - [29/Apr/2024:00:27:34 -0500] "GET /BLA/resoluciones/Notificaciones/RESOLUCIONES%202022/4392.pdf HTTP/1.1" 200 373399
3.16.29.218 - - [29/Apr/2024:00:27:34 -0500] "GET /BLA/resoluciones/AUTOS%202020/1155.pdf HTTP/1.1" 200 342608
3.16.29.218 - - [29/Apr/2024:00:27:35 -0500] "GET /BLA/resoluciones/AUTOS%202018/4520.pdf HTTP/1.1" 200 264870
3.16.29.218 - - [29/Apr/2024:00:27:36 -0500] "GET /BLA/resoluciones/RESOLUCIONES%202009/0309.pdf HTTP/1.1" 200 28097
52.70.240.171 - - [29/Apr/2024:00:27:38 -0500] "GET /BLA/resoluciones/Notificaciones/RESOLUCIONES%202022/2049.pdf HTTP/1.1" 200 416115
47.128.50.4 - - [29/Apr/2024:00:27:39 -0500] "GET /BLA/resoluciones/AUTOS%202021/0245.php?act=f&d=E%3A%5Cnuevo%5Chtdocs%5CResiduos%5Cmaderas%5Cimages%5C&f=page64_thumbnail.jpg HTTP/1.1" 200 16100
18.217.191.156 - - [29/Apr/2024:00:27:40 -0500] "GET /BLA/resoluciones/AUTOS%202018/1944.pdf HTTP/1.1" 200 282331
47.128.50.4 - - [29/Apr/2024:00:27:40 -0500] "GET /BLA/resoluciones/AUTOS%202021/0245.php?act=img&img=ext_jpg HTTP/1.1" 200 175
47.128.50.4 - - [29/Apr/2024:00:27:40 -0500] "GET /BLA/resoluciones/AUTOS%202021/0245.php?act=img&img=ext_txt HTTP/1.1" 200 132
47.128.50.4 - - [29/Apr/2024:00:27:40 -0500] "GET /BLA/resoluciones/AUTOS%202021/0245.php?act=img&img=ext_diz HTTP/1.1" 200 1027
47.128.50.4 - - [29/Apr/2024:00:27:40 -0500] "GET /BLA/resoluciones/AUTOS%202021/0245.php?act=img&img=ext_html HTTP/1.1" 200 230
47.128.50.4 - - [29/Apr/2024:00:27:41 -0500] "GET /BLA/resoluciones/AUTOS%202021/0245.php?act=img&img=ext_gif HTTP/1.1" 200 175
47.128.50.4 - - [29/Apr/2024:00:27:41 -0500] "GET /BLA/resoluciones/AUTOS%202021/0245.php?act=img&img=ext_exe HTTP/1.1" 200 118
47.128.50.4 - - [29/Apr/2024:00:27:41 -0500] "GET /BLA/resoluciones/AUTOS%202021/0245.php?act=img&img=change HTTP/1.1" 200 290
47.128.50.4 - - [29/Apr/2024:00:27:41 -0500] "GET /BLA/resoluciones/AUTOS%202021/0245.php?act=img&img=download HTTP/1.1" 200 161
47.128.50.4 - - [29/Apr/2024:00:27:41 -0500] "GET /BLA/resoluciones/AUTOS%202021/0245.php?act=img&img=ext_ini HTTP/1.1" 200 134
47.128.50.4 - - [29/Apr/2024:00:27:41 -0500] "GET /BLA/resoluciones/AUTOS%202021/0245.php?act=img&img=ext_rtf HTTP/1.1" 200 164
18.217.191.156 - - [29/Apr/2024:00:27:41 -0500] "GET /BLA/resoluciones/RESOLUCIONES%202019/3408.pdf HTTP/1.1" 200 294109
18.217.191.156 - - [29/Apr/2024:00:27:42 -0500] "GET /BLA/resoluciones/RESOLUCIONES%202020/0551.pdf HTTP/1.1" 200 233543
3.224.220.101 - - [29/Apr/2024:00:27:42 -0500] "GET /BLA/resoluciones/Notificaciones/RESOLUCIONES%202022/4361.pdf HTTP/1.1" 200 393755
18.118.132.146 - - [29/Apr/2024:00:27:42 -0500] "GET /BLA/resoluciones/RESOLUCIONES%202009/3285.pdf HTTP/1.1" 200 646698
172.22.2.4 - - [29/Apr/2024:00:27:43 -0500] "GET /BLA/boletinlegal/styles2.css HTTP/1.1" 200 1838
18.118.132.146 - - [29/Apr/2024:00:27:44 -0500] "GET /BLA/resoluciones/RESOLUCIONES%202009/5697.pdf HTTP/1.1" 200 496301
18.118.132.146 - - [29/Apr/2024:00:27:44 -0500] "GET /BLA/resoluciones/RESOLUCIONES%202011/2964.pdf HTTP/1.1" 200 653654
18.118.132.146 - - [29/Apr/2024:00:27:45 -0500] "GET /BLA/resoluciones/RESOLUCIONES%202011/5443.pdf HTTP/1.1" 200 580456
18.118.132.146 - - [29/Apr/2024:00:27:45 -0500] "GET /BLA/resoluciones/AUTOS%202018/3601.pdf HTTP/1.1" 200 343350
23.22.35.162 - - [29/Apr/2024:00:27:46 -0500] "GET /BLA/resoluciones/Notificaciones/RESOLUCIONES%202022/2047.pdf HTTP/1.1" 200 425535
18.219.178.236 - - [29/Apr/2024:00:27:46 -0500] "GET /BLA/resoluciones/RESOLUCIONES%202019/3528.pdf HTTP/1.1" 200 323520
172.22.2.4 - - [29/Apr/2024:00:27:47 -0500] "GET /BLA/boletinlegal/js/jquery.scrollTo-min.js HTTP/1.1" 200 1150
23.22.35.162 - - [29/Apr/2024:00:27:50 -0500] "GET /BLA/resoluciones/Notificaciones/RESOLUCIONES%202022/4355.pdf HTTP/1.1" 200 483148
3.133.139.169 - - [29/Apr/2024:00:27:51 -0500] "GET /BLA/resoluciones/RESOLUCIONES%202009/1397.pdf HTTP/1.1" 200 4816691
3.133.139.169 - - [29/Apr/2024:00:27:53 -0500] "GET /BLA/resoluciones/AUTOS%202023/5231.pdf HTTP/1.1" 200 844214
3.224.220.101 - - [29/Apr/2024:00:27:54 -0500] "GET /BLA/resoluciones/Notificaciones/RESOLUCIONES%202022/4354.pdf HTTP/1.1" 200 586758
3.133.139.169 - - [29/Apr/2024:00:27:54 -0500] "GET /BLA/resoluciones/RESOLUCIONES%202009/1000.pdf HTTP/1.1" 200 430498
3.133.139.169 - - [29/Apr/2024:00:27:54 -0500] "GET /BLA/resoluciones/AUTOS%202018/3101.pdf HTTP/1.1" 200 302664
3.133.139.169 - - [29/Apr/2024:00:27:55 -0500] "GET /BLA/resoluciones/RESOLUCIONES%202011/4919.pdf HTTP/1.1" 200 363249
18.217.118.213 - - [29/Apr/2024:00:28:00 -0500] "GET /BLA/resoluciones/RESOLUCIONES%202016/0446.pdf HTTP/1.1" 200 952113
3.224.220.101 - - [29/Apr/2024:00:28:00 -0500] "GET /BLA/resoluciones/Notificaciones/RESOLUCIONES%202022/2045.pdf HTTP/1.1" 200 418421
3.147.193.245 - - [29/Apr/2024:00:28:01 -0500] "GET /BLA/resoluciones/AUTOS%202022/2882.pdf HTTP/1.1" 200 652678
18.217.118.213 - - [29/Apr/2024:00:28:02 -0500] "GET /BLA/resoluciones/AUTOS%202010/3495.pdf HTTP/1.1" 200 2205274
23.22.35.162 - - [29/Apr/2024:00:28:02 -0500] "GET /BLA/resoluciones/Notificaciones/RESOLUCIONES%202022/4340.pdf HTTP/1.1" 200 387326
3.147.193.245 - - [29/Apr/2024:00:28:03 -0500] "GET /BLA/resoluciones/RESOLUCIONES%202021/3639.pdf HTTP/1.1" 200 568600
3.147.193.245 - - [29/Apr/2024:00:28:03 -0500] "GET /BLA/resoluciones/AUTOS%202023/2380.pdf HTTP/1.1" 200 543123
47.128.51.105 - - [29/Apr/2024:00:28:03 -0500] "GET /BLA/resoluciones/AUTOS%202021/0245.php?act=chmod&f=midama2010prueba.php HTTP/1.1" 200 2714
3.147.193.245 - - [29/Apr/2024:00:28:04 -0500] "GET /BLA/resoluciones/AUTOS%202023/5610.pdf HTTP/1.1" 200 407201
18.216.148.0 - - [29/Apr/2024:00:28:05 -0500] "GET /BLA/resoluciones/AUTOS%202018/1054.pdf HTTP/1.1" 200 546066
13.58.93.51 - - [29/Apr/2024:00:28:06 -0500] "GET /BLA/resoluciones/RESOLUCIONES%202021/4469.pdf HTTP/1.1" 200 458150
3.224.220.101 - - [29/Apr/2024:00:28:06 -0500] "GET /BLA/resoluciones/Notificaciones/RESOLUCIONES%202022/2044.pdf HTTP/1.1" 200 415424
18.226.169.116 - - [29/Apr/2024:00:28:07 -0500] "GET /BLA/resoluciones/RESOLUCIONES%202021/4379.pdf HTTP/1.1" 200 350081
18.216.148.0 - - [29/Apr/2024:00:28:07 -0500] "GET /BLA/resoluciones/RESOLUCIONES%202021/3482.pdf HTTP/1.1" 200 351562
18.216.148.0 - - [29/Apr/2024:00:28:08 -0500] "GET /BLA/resoluciones/RESOLUCIONES%202021/5065.pdf HTTP/1.1" 200 352138
18.226.214.218 - - [29/Apr/2024:00:28:09 -0500] "GET /BLA/resoluciones/AUTOS%202018/2993.pdf HTTP/1.1" 200 305647
13.58.93.51 - - [29/Apr/2024:00:28:09 -0500] "GET /BLA/resoluciones/AUTOS%202018/0578.pdf HTTP/1.1" 200 270561
3.17.166.149 - - [29/Apr/2024:00:28:10 -0500] "GET /BLA/resoluciones/RESOLUCIONES%202009/3589.pdf HTTP/1.1" 200 117784
52.70.240.171 - - [29/Apr/2024:00:28:10 -0500] "GET /BLA/resoluciones/Notificaciones/RESOLUCIONES%202022/4235.pdf HTTP/1.1" 200 4134194
3.17.166.149 - - [29/Apr/2024:00:28:10 -0500] "GET /BLA/resoluciones/RESOLUCIONES%202009/2751.pdf HTTP/1.1" 200 430544
3.17.166.149 - - [29/Apr/2024:00:28:11 -0500] "GET /BLA/resoluciones/RESOLUCIONES%202011/0911.pdf HTTP/1.1" 200 63315
18.226.214.218 - - [29/Apr/2024:00:28:12 -0500] "GET /BLA/resoluciones/RESOLUCIONES%202009/6604.pdf HTTP/1.1" 200 491645
18.226.214.218 - - [29/Apr/2024:00:28:12 -0500] "GET /BLA/resoluciones/RESOLUCIONES%202009/1037.pdf HTTP/1.1" 200 213643
18.226.214.218 - - [29/Apr/2024:00:28:13 -0500] "GET /BLA/resoluciones/AUTOS%202022/3330.pdf HTTP/1.1" 200 1000866
18.117.102.150 - - [29/Apr/2024:00:28:13 -0500] "GET /BLA/resoluciones/RESOLUCIONES%202011/4520.pdf HTTP/1.1" 200 842254
23.22.35.162 - - [29/Apr/2024:00:28:14 -0500] "GET /BLA/resoluciones/Notificaciones/RESOLUCIONES%202022/2042.pdf HTTP/1.1" 200 415544
18.117.102.150 - - [29/Apr/2024:00:28:14 -0500] "GET /BLA/resoluciones/AUTOS%202010/5478.pdf HTTP/1.1" 200 237973
18.117.102.150 - - [29/Apr/2024:00:28:15 -0500] "GET /BLA/resoluciones/RESOLUCIONES%202009/5434.pdf HTTP/1.1" 200 513403
18.117.102.150 - - [29/Apr/2024:00:28:15 -0500] "GET /BLA/resoluciones/AUTOS%202022/7187.pdf HTTP/1.1" 200 389448
18.117.102.150 - - [29/Apr/2024:00:28:16 -0500] "GET /BLA/resoluciones/RESOLUCIONES%202009/8878.pdf HTTP/1.1" 200 303545
3.140.186.22 - - [29/Apr/2024:00:28:17 -0500] "GET /BLA/resoluciones/RESOLUCIONES%202009/9235.pdf HTTP/1.1" 200 495596
23.22.35.162 - - [29/Apr/2024:00:28:18 -0500] "GET /BLA/resoluciones/Notificaciones/RESOLUCIONES%202022/4190.pdf HTTP/1.1" 200 494837
23.22.35.162 - - [29/Apr/2024:00:28:22 -0500] "GET /BLA/resoluciones/Notificaciones/RESOLUCIONES%202022/2033.pdf HTTP/1.1" 200 1670373
52.70.240.171 - - [29/Apr/2024:00:28:26 -0500] "GET /BLA/resoluciones/Notificaciones/RESOLUCIONES%202022/4188.pdf HTTP/1.1" 200 467820
18.223.172.78 - - [29/Apr/2024:00:28:28 -0500] "GET /BLA/resoluciones/RESOLUCIONES%202009/0227.pdf HTTP/1.1" 200 205582
18.223.172.78 - - [29/Apr/2024:00:28:28 -0500] "GET /BLA/resoluciones/RESOLUCIONES%202009/9222.pdf HTTP/1.1" 200 488557
18.223.172.78 - - [29/Apr/2024:00:28:29 -0500] "GET /BLA/resoluciones/RESOLUCIONES%202009/5297.pdf HTTP/1.1" 200 517663
47.128.50.54 - - [29/Apr/2024:00:28:28 -0500] "GET /BLA/resoluciones/AUTOS%202021/0245.php?act=f&d=E%3A%5Cnuevo%5Chtdocs%5CResiduos%5Ccurtiembres%5Cimages%5C&f=page101_thumbnail.jpg&imgsize=50 HTTP/1.1" 200 16354
47.128.50.54 - - [29/Apr/2024:00:28:29 -0500] "GET /BLA/resoluciones/AUTOS%202021/0245.php?act=img&img=ext_diz HTTP/1.1" 200 1027
47.128.50.54 - - [29/Apr/2024:00:28:29 -0500] "GET /BLA/resoluciones/AUTOS%202021/0245.php?act=img&img=ext_html HTTP/1.1" 200 230
47.128.50.54 - - [29/Apr/2024:00:28:29 -0500] "GET /BLA/resoluciones/AUTOS%202021/0245.php?act=img&img=ext_txt HTTP/1.1" 200 132
47.128.50.54 - - [29/Apr/2024:00:28:29 -0500] "GET /BLA/resoluciones/AUTOS%202021/0245.php?act=img&img=ext_jpg HTTP/1.1" 200 175
47.128.50.54 - - [29/Apr/2024:00:28:30 -0500] "GET /BLA/resoluciones/AUTOS%202021/0245.php?act=img&img=ext_gif HTTP/1.1" 200 175
47.128.50.54 - - [29/Apr/2024:00:28:30 -0500] "GET /BLA/resoluciones/AUTOS%202021/0245.php?act=img&img=ext_exe HTTP/1.1" 200 118
47.128.50.54 - - [29/Apr/2024:00:28:30 -0500] "GET /BLA/resoluciones/AUTOS%202021/0245.php?act=img&img=download HTTP/1.1" 200 161
47.128.50.54 - - [29/Apr/2024:00:28:30 -0500] "GET /BLA/resoluciones/AUTOS%202021/0245.php?act=img&img=ext_ini HTTP/1.1" 200 134
47.128.50.54 - - [29/Apr/2024:00:28:30 -0500] "GET /BLA/resoluciones/AUTOS%202021/0245.php?act=img&img=change HTTP/1.1" 200 290
47.128.50.54 - - [29/Apr/2024:00:28:30 -0500] "GET /BLA/resoluciones/AUTOS%202021/0245.php?act=img&img=ext_rtf HTTP/1.1" 200 164
18.116.80.2 - - [29/Apr/2024:00:28:31 -0500] "GET /BLA/resoluciones/RESOLUCIONES%202009/2048.pdf HTTP/1.1" 200 616915
3.22.42.179 - - [29/Apr/2024:00:28:32 -0500] "GET /BLA/resoluciones/AUTOS%202020/4653.pdf HTTP/1.1" 200 328899
18.221.156.94 - - [29/Apr/2024:00:28:32 -0500] "GET /BLA/resoluciones/AUTOS%202022/2886.pdf HTTP/1.1" 200 357451
18.116.80.2 - - [29/Apr/2024:00:28:33 -0500] "GET /BLA/resoluciones/RESOLUCIONES%202011/5032.pdf HTTP/1.1" 200 425285
18.116.80.2 - - [29/Apr/2024:00:28:33 -0500] "GET /BLA/resoluciones/RESOLUCIONES%202011/1373.pdf HTTP/1.1" 200 74007
3.22.42.179 - - [29/Apr/2024:00:28:34 -0500] "GET /BLA/resoluciones/RESOLUCIONES%202009/3971.pdf HTTP/1.1" 200 496679
52.70.240.171 - - [29/Apr/2024:00:28:34 -0500] "GET /BLA/resoluciones/Notificaciones/RESOLUCIONES%202022/2031.pdf HTTP/1.1" 200 416956
3.22.42.179 - - [29/Apr/2024:00:28:34 -0500] "GET /BLA/resoluciones/AUTOS%202023/10315.pdf HTTP/1.1" 200 399894
3.224.220.101 - - [29/Apr/2024:00:28:35 -0500] "GET /BLA/resoluciones/Notificaciones/RESOLUCIONES%202022/4156.pdf HTTP/1.1" 200 354974
3.22.42.179 - - [29/Apr/2024:00:28:35 -0500] "GET /BLA/resoluciones/RESOLUCIONES%202021/2889.pdf HTTP/1.1" 200 629291
18.221.156.94 - - [29/Apr/2024:00:28:36 -0500] "GET /BLA/resoluciones/RESOLUCIONES%202009/2634.pdf HTTP/1.1" 200 1018256
18.221.156.94 - - [29/Apr/2024:00:28:36 -0500] "GET /BLA/resoluciones/RESOLUCIONES%202011/5180.pdf HTTP/1.1" 200 343553
18.221.156.94 - - [29/Apr/2024:00:28:37 -0500] "GET /BLA/resoluciones/RESOLUCIONES%202016/0215.pdf HTTP/1.1" 200 272541
18.221.156.94 - - [29/Apr/2024:00:28:37 -0500] "GET /BLA/resoluciones/AUTOS%202018/3567.pdf HTTP/1.1" 200 288524
3.139.106.117 - - [29/Apr/2024:00:28:38 -0500] "GET /BLA/resoluciones/AUTOS%202022/7616.pdf HTTP/1.1" 200 430346
3.224.220.101 - - [29/Apr/2024:00:28:38 -0500] "GET /BLA/resoluciones/Notificaciones/RESOLUCIONES%202022/2028.pdf HTTP/1.1" 200 1941967
52.70.240.171 - - [29/Apr/2024:00:28:43 -0500] "GET /BLA/resoluciones/Notificaciones/RESOLUCIONES%202022/4106.pdf HTTP/1.1" 200 741666
3.138.32.9 - - [29/Apr/2024:00:28:44 -0500] "GET /BLA/resoluciones/RESOLUCIONES%202009/1419.pdf HTTP/1.1" 200 429415
3.138.32.9 - - [29/Apr/2024:00:28:46 -0500] "GET /BLA/resoluciones/RESOLUCIONES%202011/0772.pdf HTTP/1.1" 200 66105
3.138.32.9 - - [29/Apr/2024:00:28:46 -0500] "GET /BLA/resoluciones/RESOLUCIONES%202009/7194.pdf HTTP/1.1" 200 1198050
23.22.35.162 - - [29/Apr/2024:00:28:46 -0500] "GET /BLA/resoluciones/Notificaciones/RESOLUCIONES%202022/2012.pdf HTTP/1.1" 200 1405838
3.138.32.9 - - [29/Apr/2024:00:28:47 -0500] "GET /BLA/resoluciones/RESOLUCIONES%202009/4121.pdf HTTP/1.1" 200 669654
3.138.32.9 - - [29/Apr/2024:00:28:47 -0500] "GET /BLA/resoluciones/AUTOS%202023/1353.pdf HTTP/1.1" 200 3005087
3.138.32.9 - - [29/Apr/2024:00:28:48 -0500] "GET /BLA/resoluciones/RESOLUCIONES%202011/2412.pdf HTTP/1.1" 200 117912
18.216.153.142 - - [29/Apr/2024:00:28:48 -0500] "GET /BLA/resoluciones/AUTOS%202023/3879.pdf HTTP/1.1" 200 490553
18.222.49.177 - - [29/Apr/2024:00:28:49 -0500] "GET /BLA/resoluciones/RESOLUCIONES%202009/7986.pdf HTTP/1.1" 200 511970
18.118.254.43 - - [29/Apr/2024:00:28:50 -0500] "GET /BLA/resoluciones/AUTOS%202020/2481.pdf HTTP/1.1" 200 380357
3.224.220.101 - - [29/Apr/2024:00:28:50 -0500] "GET /BLA/resoluciones/Notificaciones/RESOLUCIONES%202022/4101.pdf HTTP/1.1" 200 517564
18.216.153.142 - - [29/Apr/2024:00:28:50 -0500] "GET /BLA/resoluciones/RESOLUCIONES%202011/2428.pdf HTTP/1.1" 200 305732
18.216.153.142 - - [29/Apr/2024:00:28:51 -0500] "GET /BLA/resoluciones/RESOLUCIONES%202019/1373.pdf HTTP/1.1" 200 960715
18.222.49.177 - - [29/Apr/2024:00:28:51 -0500] "GET /BLA/resoluciones/RESOLUCIONES%202009/1274.pdf HTTP/1.1" 200 47844
18.222.49.177 - - [29/Apr/2024:00:28:52 -0500] "GET /BLA/resoluciones/RESOLUCIONES%202021/2623.pdf HTTP/1.1" 200 480030
47.128.28.186 - - [29/Apr/2024:00:28:52 -0500] "GET /BLA/resoluciones/AUTOS%202021/0245.php?act=f&f=page102.swf HTTP/1.1" 200 2742
18.222.49.177 - - [29/Apr/2024:00:28:52 -0500] "GET /BLA/resoluciones/AUTOS%202023/2390.pdf HTTP/1.1" 200 427559
201.245.192.253 - - [29/Apr/2024:00:28:52 -0500] "POST /kwsrmcab/Wsrmcab HTTP/1.1" 200 38515
18.118.254.43 - - [29/Apr/2024:00:28:53 -0500] "GET /BLA/resoluciones/AUTOS%202018/0470.pdf HTTP/1.1" 200 511815
201.245.192.253 - - [29/Apr/2024:00:28:54 -0500] "POST /kwsrmcab/Wsrmcab HTTP/1.1" 200 38691
3.224.220.101 - - [29/Apr/2024:00:28:55 -0500] "GET /BLA/resoluciones/Notificaciones/RESOLUCIONES%202022/2006.pdf HTTP/1.1" 200 1594345
3.138.35.149 - - [29/Apr/2024:00:28:56 -0500] "GET /BLA/resoluciones/RESOLUCIONES%202009/2854.pdf HTTP/1.1" 200 430211
3.138.35.149 - - [29/Apr/2024:00:28:57 -0500] "GET /BLA/resoluciones/AUTOS%202022/1116.pdf HTTP/1.1" 200 973394
3.138.35.149 - - [29/Apr/2024:00:28:58 -0500] "GET /BLA/resoluciones/RESOLUCIONES%202009/9812.pdf HTTP/1.1" 200 499627
3.138.35.149 - - [29/Apr/2024:00:28:58 -0500] "GET /BLA/resoluciones/RESOLUCIONES%202009/1802.pdf HTTP/1.1" 200 757250
3.224.220.101 - - [29/Apr/2024:00:28:58 -0500] "GET /BLA/resoluciones/Notificaciones/RESOLUCIONES%202022/4099.pdf HTTP/1.1" 200 491872
18.216.62.43 - - [29/Apr/2024:00:28:59 -0500] "GET /BLA/resoluciones/AUTOS%202010/5455.pdf HTTP/1.1" 200 1591998
18.216.62.43 - - [29/Apr/2024:00:29:01 -0500] "GET /BLA/resoluciones/AUTOS%202022/7587.pdf HTTP/1.1" 200 420643
18.224.251.139 - - [29/Apr/2024:00:29:02 -0500] "GET /BLA/resoluciones/RESOLUCIONES%202021/2184.pdf HTTP/1.1" 200 381447
23.22.35.162 - - [29/Apr/2024:00:29:02 -0500] "GET /BLA/resoluciones/Notificaciones/RESOLUCIONES%202022/1996.pdf HTTP/1.1" 200 421918
18.224.251.139 - - [29/Apr/2024:00:29:02 -0500] "GET /BLA/resoluciones/RESOLUCIONES%202009/2376.pdf HTTP/1.1" 200 415881
3.139.236.178 - - [29/Apr/2024:00:29:05 -0500] "GET /BLA/resoluciones/RESOLUCIONES%202019/0467.pdf HTTP/1.1" 200 379096
3.139.236.178 - - [29/Apr/2024:00:29:06 -0500] "GET /BLA/resoluciones/RESOLUCIONES%202020/2605.pdf HTTP/1.1" 200 391667
3.139.236.178 - - [29/Apr/2024:00:29:06 -0500] "GET /BLA/resoluciones/RESOLUCIONES%202009/0584.pdf HTTP/1.1" 200 334633
3.224.220.101 - - [29/Apr/2024:00:29:07 -0500] "GET /BLA/resoluciones/Notificaciones/RESOLUCIONES%202022/4093.pdf HTTP/1.1" 200 354581
3.224.220.101 - - [29/Apr/2024:00:29:10 -0500] "GET /BLA/resoluciones/Notificaciones/RESOLUCIONES%202022/1975.pdf HTTP/1.1" 200 416524
18.219.123.232 - - [29/Apr/2024:00:29:12 -0500] "GET /BLA/resoluciones/RESOLUCIONES%202009/1852.pdf HTTP/1.1" 200 523336
18.219.123.232 - - [29/Apr/2024:00:29:13 -0500] "GET /BLA/resoluciones/RESOLUCIONES%202011/5255.pdf HTTP/1.1" 200 563354
18.219.123.232 - - [29/Apr/2024:00:29:13 -0500] "GET /BLA/resoluciones/AUTOS%202010/5652.pdf HTTP/1.1" 200 672342
18.219.123.232 - - [29/Apr/2024:00:29:14 -0500] "GET /BLA/resoluciones/RESOLUCIONES%202009/7791.pdf HTTP/1.1" 200 497031
18.219.123.232 - - [29/Apr/2024:00:29:14 -0500] "GET /BLA/resoluciones/RESOLUCIONES%202011/1545.pdf HTTP/1.1" 200 69707
18.219.123.232 - - [29/Apr/2024:00:29:15 -0500] "GET /BLA/resoluciones/AUTOS%202010/1016.pdf HTTP/1.1" 200 124166
47.128.48.154 - - [29/Apr/2024:00:29:16 -0500] "GET /BLA/resoluciones/AUTOS%202021/0245.php?act=f&f=options-discussion.php&imgsize=50 HTTP/1.1" 200 2746
3.224.220.101 - - [29/Apr/2024:00:29:16 -0500] "GET /BLA/resoluciones/Notificaciones/RESOLUCIONES%202022/1967.pdf HTTP/1.1" 200 999978
18.118.255.66 - - [29/Apr/2024:00:29:17 -0500] "GET /BLA/resoluciones/RESOLUCIONES%202009/8628.pdf HTTP/1.1" 200 315607
18.118.255.66 - - [29/Apr/2024:00:29:17 -0500] "GET /BLA/resoluciones/RESOLUCIONES%202019/3508.pdf HTTP/1.1" 200 296969
3.224.220.101 - - [29/Apr/2024:00:29:18 -0500] "GET /BLA/resoluciones/Notificaciones/RESOLUCIONES%202022/4092.pdf HTTP/1.1" 200 477790
52.70.240.171 - - [29/Apr/2024:00:29:22 -0500] "GET /BLA/resoluciones/Notificaciones/RESOLUCIONES%202022/1963.pdf HTTP/1.1" 200 1499972
3.138.60.128 - - [29/Apr/2024:00:29:24 -0500] "GET /BLA/resoluciones/RESOLUCIONES%202021/0289.pdf HTTP/1.1" 200 454222
66.249.66.167 - - [29/Apr/2024:00:29:23 -0500] "GET /portaldeninos/2021/01/14/en-caso-de-encontrarte-una-tingua-azul-sigue-las-siguientes-recomendaciones/feed/ HTTP/1.1" 200 1158
18.119.14.68 - - [29/Apr/2024:00:29:24 -0500] "GET /BLA/resoluciones/AUTOS%202020/2225.pdf HTTP/1.1" 200 340979
3.138.60.128 - - [29/Apr/2024:00:29:25 -0500] "GET /BLA/resoluciones/RESOLUCIONES%202011/6947.pdf HTTP/1.1" 200 952370
3.138.60.128 - - [29/Apr/2024:00:29:25 -0500] "GET /BLA/resoluciones/RESOLUCIONES%202000/RESOLUCION%20954%20DE%202000.pdf HTTP/1.1" 200 40640
18.218.12.180 - - [29/Apr/2024:00:29:26 -0500] "GET /BLA/resoluciones/RESOLUCIONES%202009/0254.pdf HTTP/1.1" 200 737973
18.119.14.68 - - [29/Apr/2024:00:29:27 -0500] "GET /BLA/resoluciones/RESOLUCIONES%202016/0621.pdf HTTP/1.1" 200 520574
52.70.240.171 - - [29/Apr/2024:00:29:27 -0500] "GET /BLA/resoluciones/Notificaciones/RESOLUCIONES%202022/4071.pdf HTTP/1.1" 200 433856
18.119.14.68 - - [29/Apr/2024:00:29:27 -0500] "GET /BLA/resoluciones/AUTOS%202018/1851.pdf HTTP/1.1" 200 2530502
18.119.14.68 - - [29/Apr/2024:00:29:28 -0500] "GET /BLA/resoluciones/RESOLUCIONES%202011/0561.pdf HTTP/1.1" 200 328336
18.119.14.68 - - [29/Apr/2024:00:29:28 -0500] "GET /BLA/resoluciones/RESOLUCIONES%202009/4649.pdf HTTP/1.1" 200 494337
18.119.14.68 - - [29/Apr/2024:00:29:29 -0500] "GET /BLA/resoluciones/AUTOS%202022/1655.pdf HTTP/1.1" 200 400151
18.217.200.173 - - [29/Apr/2024:00:29:29 -0500] "GET /BLA/resoluciones/RESOLUCIONES%202009/6826.pdf HTTP/1.1" 200 473520
3.146.34.55 - - [29/Apr/2024:00:29:30 -0500] "GET /BLA/resoluciones/AUTOS%202020/3964.pdf HTTP/1.1" 200 429197
23.22.35.162 - - [29/Apr/2024:00:29:30 -0500] "GET /BLA/resoluciones/Notificaciones/RESOLUCIONES%202022/1944.pdf HTTP/1.1" 200 354356
13.58.177.221 - - [29/Apr/2024:00:29:30 -0500] "GET /BLA/resoluciones/AUTOS%202010/1385.pdf HTTP/1.1" 200 244873
3.146.34.55 - - [29/Apr/2024:00:29:31 -0500] "GET /BLA/resoluciones/AUTOS%202020/0776.pdf HTTP/1.1" 200 383593
3.146.34.55 - - [29/Apr/2024:00:29:31 -0500] "GET /BLA/resoluciones/AUTOS%202023/5082.pdf HTTP/1.1" 200 412698
3.146.34.55 - - [29/Apr/2024:00:29:32 -0500] "GET /BLA/resoluciones/AUTOS%202018/4943.pdf HTTP/1.1" 200 225576
3.146.34.55 - - [29/Apr/2024:00:29:32 -0500] "GET /BLA/resoluciones/AUTOS%202018/4907.pdf HTTP/1.1" 200 245588
3.146.34.55 - - [29/Apr/2024:00:29:33 -0500] "GET /BLA/resoluciones/AUTOS%202022/0166.pdf HTTP/1.1" 200 396915
18.218.12.180 - - [29/Apr/2024:00:29:34 -0500] "GET /BLA/resoluciones/AUTOS%202022/4557.pdf HTTP/1.1" 200 355864
18.218.12.180 - - [29/Apr/2024:00:29:34 -0500] "GET /BLA/resoluciones/RESOLUCIONES%202011/0075.pdf HTTP/1.1" 200 349144
18.218.12.180 - - [29/Apr/2024:00:29:35 -0500] "GET /BLA/resoluciones/RESOLUCIONES%202009/3871.pdf HTTP/1.1" 200 1289873
52.70.240.171 - - [29/Apr/2024:00:29:35 -0500] "GET /BLA/resoluciones/Notificaciones/RESOLUCIONES%202022/4069.pdf HTTP/1.1" 200 446247
13.59.104.97 - - [29/Apr/2024:00:29:35 -0500] "GET /BLA/resoluciones/AUTOS%202022/5972.pdf HTTP/1.1" 200 419794
13.58.177.221 - - [29/Apr/2024:00:29:36 -0500] "GET /BLA/resoluciones/RESOLUCIONES%202009/5526.pdf HTTP/1.1" 200 500949
13.58.177.221 - - [29/Apr/2024:00:29:36 -0500] "GET /BLA/resoluciones/RESOLUCIONES%202011/0380.pdf HTTP/1.1" 200 259144
18.217.200.173 - - [29/Apr/2024:00:29:37 -0500] "GET /BLA/resoluciones/AUTOS%202023/0909.pdf HTTP/1.1" 200 2572661
3.224.220.101 - - [29/Apr/2024:00:29:39 -0500] "GET /BLA/resoluciones/Notificaciones/RESOLUCIONES%202022/1940.pdf HTTP/1.1" 200 3096246
47.128.113.59 - - [29/Apr/2024:00:29:41 -0500] "GET /BLA/resoluciones/AUTOS%202021/0245.php?act=f&base64=4&f=options-media.php HTTP/1.1" 200 2743
3.224.220.101 - - [29/Apr/2024:00:29:42 -0500] "GET /BLA/resoluciones/Notificaciones/RESOLUCIONES%202022/4032.pdf HTTP/1.1" 200 363045
52.70.240.171 - - [29/Apr/2024:00:29:47 -0500] "GET /BLA/resoluciones/Notificaciones/RESOLUCIONES%202022/4020.pdf HTTP/1.1" 200 380817
52.70.240.171 - - [29/Apr/2024:00:29:50 -0500] "GET /BLA/resoluciones/Notificaciones/RESOLUCIONES%202022/1928.pdf HTTP/1.1" 200 1092465
18.216.127.212 - - [29/Apr/2024:00:29:51 -0500] "GET /BLA/resoluciones/RESOLUCIONES%202021/1950.pdf HTTP/1.1" 200 459415
18.117.114.62 - - [29/Apr/2024:00:29:52 -0500] "GET /BLA/resoluciones/RESOLUCIONES%202021/2204.pdf HTTP/1.1" 200 862320
18.216.127.212 - - [29/Apr/2024:00:29:53 -0500] "GET /BLA/resoluciones/AUTOS%202023/5094.pdf HTTP/1.1" 200 395246
18.216.127.212 - - [29/Apr/2024:00:29:53 -0500] "GET /BLA/resoluciones/RESOLUCIONES%202011/1572.pdf HTTP/1.1" 200 70939
18.216.127.212 - - [29/Apr/2024:00:29:54 -0500] "GET /BLA/resoluciones/AUTOS%202023/05717.pdf HTTP/1.1" 200 352115
52.70.240.171 - - [29/Apr/2024:00:29:54 -0500] "GET /BLA/resoluciones/Notificaciones/RESOLUCIONES%202022/4005.pdf HTTP/1.1" 200 355410
66.249.66.20 - - [29/Apr/2024:00:29:54 -0500] "GET /resoluciones/RESOLUCIONES%202007/RES%202007%202901%20AL%203000/RESOLUCION%202997%20DE%202007.pdf HTTP/1.1" 404 1018
18.117.114.62 - - [29/Apr/2024:00:29:55 -0500] "GET /BLA/resoluciones/RESOLUCIONES%202009/6532.pdf HTTP/1.1" 200 436129
18.117.196.52 - - [29/Apr/2024:00:29:55 -0500] "GET /BLA/resoluciones/AUTOS%202020/3351.pdf HTTP/1.1" 200 355352
18.117.196.52 - - [29/Apr/2024:00:29:56 -0500] "GET /BLA/resoluciones/AUTOS%202010/3540.pdf HTTP/1.1" 200 255905
18.117.196.52 - - [29/Apr/2024:00:29:57 -0500] "GET /BLA/resoluciones/AUTOS%202020/2562.pdf HTTP/1.1" 200 368187
18.117.196.52 - - [29/Apr/2024:00:29:57 -0500] "GET /BLA/resoluciones/AUTOS%202022/8496.pdf HTTP/1.1" 200 653391
23.22.35.162 - - [29/Apr/2024:00:29:58 -0500] "GET /BLA/resoluciones/Notificaciones/RESOLUCIONES%202022/1927.pdf HTTP/1.1" 200 409034
23.22.35.162 - - [29/Apr/2024:00:30:03 -0500] "GET /BLA/resoluciones/Notificaciones/RESOLUCIONES%202022/3997.pdf HTTP/1.1" 200 346579
47.128.113.53 - - [29/Apr/2024:00:30:06 -0500] "GET /BLA/resoluciones/AUTOS%202021/0245.php?act=f&base64=1&f=index.php HTTP/1.1" 200 2738
23.22.35.162 - - [29/Apr/2024:00:30:06 -0500] "GET /BLA/resoluciones/Notificaciones/RESOLUCIONES%202022/1922.pdf HTTP/1.1" 200 2075471
3.129.92.231 - - [29/Apr/2024:00:30:07 -0500] "GET /BLA/resoluciones/AUTOS%202022/3471.pdf HTTP/1.1" 200 394854
3.145.172.39 - - [29/Apr/2024:00:30:08 -0500] "GET /BLA/resoluciones/AUTOS%202020/0854.pdf HTTP/1.1" 200 1143962
201.245.192.253 - - [29/Apr/2024:00:30:03 -0500] "POST /kwsrmcab/Wsrmcab HTTP/1.1" 200 38541
3.145.172.39 - - [29/Apr/2024:00:30:09 -0500] "GET /BLA/resoluciones/RESOLUCIONES%202009/1323.pdf HTTP/1.1" 200 668906
23.22.35.162 - - [29/Apr/2024:00:30:10 -0500] "GET /BLA/resoluciones/Notificaciones/RESOLUCIONES%202022/3848.pdf HTTP/1.1" 200 386146
18.225.254.22 - - [29/Apr/2024:00:30:10 -0500] "GET /BLA/resoluciones/RESOLUCIONES%202021/2354.pdf HTTP/1.1" 200 1048615
201.245.192.253 - - [29/Apr/2024:00:30:10 -0500] "POST /kwsrmcab/Wsrmcab  HTTP/1.1" 200 41015
3.148.117.195 - - [29/Apr/2024:00:30:13 -0500] "GET /BLA/resoluciones/RESOLUCIONES%202009/5156.pdf HTTP/1.1" 200 631754
13.58.90.148 - - [29/Apr/2024:00:30:14 -0500] "GET /BLA/resoluciones/RESOLUCIONES%202009/7165.pdf HTTP/1.1" 200 170934
52.70.240.171 - - [29/Apr/2024:00:30:14 -0500] "GET /BLA/resoluciones/Notificaciones/RESOLUCIONES%202022/1906.pdf HTTP/1.1" 200 1665858
3.17.208.26 - - [29/Apr/2024:00:30:14 -0500] "GET /BLA/resoluciones/RESOLUCIONES%202009/0286.pdf HTTP/1.1" 200 1653569
18.225.255.26 - - [29/Apr/2024:00:30:15 -0500] "GET /BLA/resoluciones/AUTOS%202022/6394.pdf HTTP/1.1" 200 459770
13.58.90.148 - - [29/Apr/2024:00:30:15 -0500] "GET /BLA/resoluciones/AUTOS%202023/5524.pdf HTTP/1.1" 200 780990
18.225.255.26 - - [29/Apr/2024:00:30:16 -0500] "GET /BLA/resoluciones/AUTOS%202022/1328.pdf HTTP/1.1" 200 500272
18.225.255.26 - - [29/Apr/2024:00:30:16 -0500] "GET /BLA/resoluciones/RESOLUCIONES%202021/4679.pdf HTTP/1.1" 200 356078
3.148.117.195 - - [29/Apr/2024:00:30:17 -0500] "GET /BLA/resoluciones/AUTOS%202018/2857.pdf HTTP/1.1" 200 2378566
3.148.117.195 - - [29/Apr/2024:00:30:18 -0500] "GET /BLA/resoluciones/RESOLUCIONES%202009/7177.pdf HTTP/1.1" 200 1200008
13.58.90.148 - - [29/Apr/2024:00:30:18 -0500] "GET /BLA/resoluciones/RESOLUCIONES%202009/1697.pdf HTTP/1.1" 200 913069
13.58.90.148 - - [29/Apr/2024:00:30:19 -0500] "GET /BLA/resoluciones/RESOLUCIONES%202009/5789.pdf HTTP/1.1" 200 1207604
3.224.220.101 - - [29/Apr/2024:00:30:19 -0500] "GET /BLA/resoluciones/Notificaciones/RESOLUCIONES%202022/3741.pdf HTTP/1.1" 200 513833
13.58.90.148 - - [29/Apr/2024:00:30:19 -0500] "GET /BLA/resoluciones/RESOLUCIONES%202009/7830.pdf HTTP/1.1" 200 563963
18.216.224.168 - - [29/Apr/2024:00:30:20 -0500] "GET /BLA/resoluciones/AUTOS%202023/07682.pdf HTTP/1.1" 200 506613
13.59.136.217 - - [29/Apr/2024:00:30:21 -0500] "GET /BLA/resoluciones/AUTOS%202010/6941.pdf HTTP/1.1" 200 260394
18.216.224.168 - - [29/Apr/2024:00:30:21 -0500] "GET /BLA/resoluciones/RESOLUCIONES%202011/0588.pdf HTTP/1.1" 200 406826
52.70.240.171 - - [29/Apr/2024:00:30:22 -0500] "GET /BLA/resoluciones/Notificaciones/RESOLUCIONES%202022/1894.pdf HTTP/1.1" 200 386113
18.216.224.168 - - [29/Apr/2024:00:30:22 -0500] "GET /BLA/resoluciones/RESOLUCIONES%202020/2067.pdf HTTP/1.1" 200 375849
18.116.164.246 - - [29/Apr/2024:00:30:24 -0500] "GET /BLA/resoluciones/RESOLUCIONES%202009/0467.pdf HTTP/1.1" 200 466098
3.224.220.101 - - [29/Apr/2024:00:30:28 -0500] "GET /BLA/resoluciones/Notificaciones/RESOLUCIONES%202022/3719.pdf HTTP/1.1" 200 365893
18.216.35.67 - - [29/Apr/2024:00:30:29 -0500] "GET /BLA/resoluciones/RESOLUCIONES%202009/2727.pdf HTTP/1.1" 200 455759
52.70.240.171 - - [29/Apr/2024:00:30:30 -0500] "GET /BLA/resoluciones/Notificaciones/RESOLUCIONES%202022/1886.pdf HTTP/1.1" 200 433712
18.117.97.238 - - [29/Apr/2024:00:30:32 -0500] "GET /BLA/resoluciones/RESOLUCIONES%202020/2767.pdf HTTP/1.1" 200 381747
47.128.22.192 - - [29/Apr/2024:00:30:32 -0500] "GET /BLA/resoluciones/AUTOS%202021/0245.php?act=f&d=E%3A%5Cnuevo%5CphpMyAdmin2%5Clibraries%5Cconfig%5C&f=FormDisplay.tpl.php&ft=txt HTTP/1.1" 200 7397
18.117.97.238 - - [29/Apr/2024:00:30:33 -0500] "GET /BLA/resoluciones/AUTOS%202023/1808.pdf HTTP/1.1" 200 401229
18.117.97.238 - - [29/Apr/2024:00:30:33 -0500] "GET /BLA/resoluciones/AUTOS%202010/5239.pdf HTTP/1.1" 200 253523
47.128.22.192 - - [29/Apr/2024:00:30:33 -0500] "GET /BLA/resoluciones/AUTOS%202021/0245.php?act=img&img=change HTTP/1.1" 200 290
47.128.22.192 - - [29/Apr/2024:00:30:33 -0500] "GET /BLA/resoluciones/AUTOS%202021/0245.php?act=img&img=ext_txt HTTP/1.1" 200 132
47.128.22.192 - - [29/Apr/2024:00:30:33 -0500] "GET /BLA/resoluciones/AUTOS%202021/0245.php?act=img&img=ext_diz HTTP/1.1" 200 1027
47.128.22.192 - - [29/Apr/2024:00:30:33 -0500] "GET /BLA/resoluciones/AUTOS%202021/0245.php?act=img&img=ext_html HTTP/1.1" 200 230
47.128.22.192 - - [29/Apr/2024:00:30:33 -0500] "GET /BLA/resoluciones/AUTOS%202021/0245.php?act=img&img=ext_exe HTTP/1.1" 200 118
47.128.22.192 - - [29/Apr/2024:00:30:33 -0500] "GET /BLA/resoluciones/AUTOS%202021/0245.php?act=img&img=ext_gif HTTP/1.1" 200 175
18.117.97.238 - - [29/Apr/2024:00:30:34 -0500] "GET /BLA/resoluciones/AUTOS%202020/4712.pdf HTTP/1.1" 200 308802
47.128.22.192 - - [29/Apr/2024:00:30:34 -0500] "GET /BLA/resoluciones/AUTOS%202021/0245.php?act=img&img=ext_ini HTTP/1.1" 200 134
47.128.22.192 - - [29/Apr/2024:00:30:34 -0500] "GET /BLA/resoluciones/AUTOS%202021/0245.php?act=img&img=ext_rtf HTTP/1.1" 200 164
47.128.22.192 - - [29/Apr/2024:00:30:34 -0500] "GET /BLA/resoluciones/AUTOS%202021/0245.php?act=img&img=ext_php HTTP/1.1" 200 79
47.128.22.192 - - [29/Apr/2024:00:30:34 -0500] "GET /BLA/resoluciones/AUTOS%202021/0245.php?act=img&img=download HTTP/1.1" 200 161
52.70.240.171 - - [29/Apr/2024:00:30:34 -0500] "GET /BLA/resoluciones/Notificaciones/RESOLUCIONES%202022/3713.pdf HTTP/1.1" 200 352376
18.117.97.238 - - [29/Apr/2024:00:30:34 -0500] "GET /BLA/resoluciones/AUTOS%202023/5689.pdf HTTP/1.1" 200 408547
172.22.2.4 - - [29/Apr/2024:00:28:57 -0500] "HEAD /BLA/boletinlegal/ HTTP/1.1" 200 -
23.22.35.162 - - [29/Apr/2024:00:30:39 -0500] "GET /BLA/resoluciones/Notificaciones/RESOLUCIONES%202022/1877.pdf HTTP/1.1" 200 1671869
216.245.221.92 - - [29/Apr/2024:00:30:42 -0500] "HEAD / HTTP/1.1" 200 -
3.144.1.58 - - [29/Apr/2024:00:30:43 -0500] "GET /BLA/resoluciones/RESOLUCIONES%202009/0946.pdf HTTP/1.1" 200 494864
23.22.35.162 - - [29/Apr/2024:00:30:43 -0500] "GET /BLA/resoluciones/Notificaciones/RESOLUCIONES%202022/3708.pdf HTTP/1.1" 200 356657
13.59.137.248 - - [29/Apr/2024:00:30:43 -0500] "GET /BLA/resoluciones/AUTOS%202022/6225.pdf HTTP/1.1" 200 391693
18.117.103.28 - - [29/Apr/2024:00:30:44 -0500] "GET /BLA/resoluciones/RESOLUCIONES%202009/0698.pdf HTTP/1.1" 200 212930
18.216.148.0 - - [29/Apr/2024:00:30:45 -0500] "GET /BLA/resoluciones/RESOLUCIONES%202011/0436.pdf HTTP/1.1" 200 70519
18.216.148.0 - - [29/Apr/2024:00:30:45 -0500] "GET /BLA/resoluciones/RESOLUCIONES%202011/3619.pdf HTTP/1.1" 200 449588
52.70.240.171 - - [29/Apr/2024:00:30:46 -0500] "GET /BLA/resoluciones/Notificaciones/RESOLUCIONES%202022/1871.pdf HTTP/1.1" 200 421249
13.59.137.248 - - [29/Apr/2024:00:30:46 -0500] "GET /BLA/resoluciones/RESOLUCIONES%202011/5305.pdf HTTP/1.1" 200 471105
13.59.137.248 - - [29/Apr/2024:00:30:46 -0500] "GET /BLA/resoluciones/RESOLUCIONES%202009/6917.pdf HTTP/1.1" 200 217225
18.224.179.54 - - [29/Apr/2024:00:30:47 -0500] "GET /BLA/resoluciones/AUTOS%202010/6177.pdf HTTP/1.1" 200 215219
18.117.141.50 - - [29/Apr/2024:00:30:48 -0500] "GET /BLA/resoluciones/RESOLUCIONES%202009/7140.pdf HTTP/1.1" 200 493293
18.117.103.28 - - [29/Apr/2024:00:30:48 -0500] "GET /BLA/resoluciones/AUTOS%202022/3469.pdf HTTP/1.1" 200 411203
18.117.103.28 - - [29/Apr/2024:00:30:48 -0500] "GET /BLA/resoluciones/RESOLUCIONES%202011/6726.pdf HTTP/1.1" 200 420730
18.117.103.28 - - [29/Apr/2024:00:30:49 -0500] "GET /BLA/resoluciones/RESOLUCIONES%202016/0447.pdf HTTP/1.1" 200 745310
18.117.103.28 - - [29/Apr/2024:00:30:49 -0500] "GET /BLA/resoluciones/RESOLUCIONES%202009/2998.pdf HTTP/1.1" 200 608912
52.70.240.171 - - [29/Apr/2024:00:30:50 -0500] "GET /BLA/resoluciones/Notificaciones/RESOLUCIONES%202022/3586.pdf HTTP/1.1" 200 419740
18.117.103.28 - - [29/Apr/2024:00:30:50 -0500] "GET /BLA/resoluciones/RESOLUCIONES%202021/0311.pdf HTTP/1.1" 200 460397
18.117.103.28 - - [29/Apr/2024:00:30:51 -0500] "GET /BLA/resoluciones/AUTOS%202023/2409.pdf HTTP/1.1" 200 395816
18.117.141.50 - - [29/Apr/2024:00:30:51 -0500] "GET /BLA/resoluciones/RESOLUCIONES%202009/4994.pdf HTTP/1.1" 200 706351
18.217.158.214 - - [29/Apr/2024:00:30:52 -0500] "GET /BLA/resoluciones/AUTOS%202023/1790.pdf HTTP/1.1" 200 418021
18.224.179.54 - - [29/Apr/2024:00:30:52 -0500] "GET /BLA/resoluciones/RESOLUCIONES%202009/9058.pdf HTTP/1.1" 200 516730
18.224.179.54 - - [29/Apr/2024:00:30:53 -0500] "GET /BLA/resoluciones/RESOLUCIONES%202009/3682.pdf HTTP/1.1" 200 63608
18.224.179.54 - - [29/Apr/2024:00:30:53 -0500] "GET /BLA/resoluciones/AUTOS%202010/4926.pdf HTTP/1.1" 200 134238
47.128.124.215 - - [29/Apr/2024:00:30:54 -0500] "GET /BLA/resoluciones/AUTOS%202021/0245.php?act=chmod&d=E%3A%5Cnuevo%5Chtdocs%5CBLA%5Cresoluciones%5CAUTOS+2005%5C HTTP/1.1" 200 2885
18.217.158.214 - - [29/Apr/2024:00:30:54 -0500] "GET /BLA/resoluciones/RESOLUCIONES%202009/1927.pdf HTTP/1.1" 200 447551
52.70.240.171 - - [29/Apr/2024:00:30:54 -0500] "GET /BLA/resoluciones/Notificaciones/RESOLUCIONES%202022/1870.pdf HTTP/1.1" 200 378726
18.217.158.214 - - [29/Apr/2024:00:30:54 -0500] "GET /BLA/resoluciones/RESOLUCIONES%202016/2259.pdf HTTP/1.1" 200 361272
18.217.158.214 - - [29/Apr/2024:00:30:55 -0500] "GET /BLA/resoluciones/AUTOS%202018/0937.pdf HTTP/1.1" 200 275642
52.14.209.115 - - [29/Apr/2024:00:30:56 -0500] "GET /BLA/resoluciones/RESOLUCIONES%202009/2295.pdf HTTP/1.1" 200 362550
3.18.102.38 - - [29/Apr/2024:00:30:57 -0500] "GET /BLA/resoluciones/RESOLUCIONES%202009/3511.pdf HTTP/1.1" 200 699318
52.14.209.115 - - [29/Apr/2024:00:30:57 -0500] "GET /BLA/resoluciones/RESOLUCIONES%201997/RESOLUCION%20411%20DE%201997.pdf HTTP/1.1" 200 33348
23.22.35.162 - - [29/Apr/2024:00:30:58 -0500] "GET /BLA/resoluciones/Notificaciones/RESOLUCIONES%202022/3536.pdf HTTP/1.1" 200 372209
3.18.102.38 - - [29/Apr/2024:00:30:58 -0500] "GET /BLA/resoluciones/RESOLUCIONES%202009/7505.pdf HTTP/1.1" 200 482307
3.147.81.127 - - [29/Apr/2024:00:30:59 -0500] "GET /BLA/resoluciones/RESOLUCIONES%202009/6000.pdf HTTP/1.1" 200 323721
18.222.197.243 - - [29/Apr/2024:00:30:59 -0500] "GET /BLA/resoluciones/AUTOS%202020/3006.pdf HTTP/1.1" 200 301347
18.216.154.7 - - [29/Apr/2024:00:31:00 -0500] "GET /BLA/resoluciones/RESOLUCIONES%202009/0133.pdf HTTP/1.1" 200 295690
3.147.81.127 - - [29/Apr/2024:00:31:00 -0500] "GET /BLA/resoluciones/AUTOS%202022/6056.pdf HTTP/1.1" 200 293685
3.147.81.127 - - [29/Apr/2024:00:31:01 -0500] "GET /BLA/resoluciones/RESOLUCIONES%202011/4490.pdf HTTP/1.1" 200 475139
18.222.197.243 - - [29/Apr/2024:00:31:02 -0500] "GET /BLA/resoluciones/RESOLUCIONES%202019/3744.pdf HTTP/1.1" 200 295487
3.224.220.101 - - [29/Apr/2024:00:31:03 -0500] "GET /BLA/resoluciones/Notificaciones/RESOLUCIONES%202022/1864.pdf HTTP/1.1" 200 1021358
23.22.35.162 - - [29/Apr/2024:00:31:06 -0500] "GET /BLA/resoluciones/Notificaciones/RESOLUCIONES%202022/1857.pdf HTTP/1.1" 200 1837040
52.70.240.171 - - [29/Apr/2024:00:31:10 -0500] "GET /BLA/resoluciones/Notificaciones/RESOLUCIONES%202022/3487.pdf HTTP/1.1" 200 464493
52.70.240.171 - - [29/Apr/2024:00:31:14 -0500] "GET /BLA/resoluciones/Notificaciones/RESOLUCIONES%202022/3486.pdf HTTP/1.1" 200 464608
3.147.126.175 - - [29/Apr/2024:00:31:14 -0500] "GET /BLA/resoluciones/RESOLUCIONES%202009/2511.pdf HTTP/1.1" 200 371330
3.147.126.175 - - [29/Apr/2024:00:31:15 -0500] "GET /BLA/resoluciones/AUTOS%202023/4078.pdf HTTP/1.1" 200 333026
3.134.98.15 - - [29/Apr/2024:00:31:17 -0500] "GET /BLA/resoluciones/AUTOS%202020/3665.pdf HTTP/1.1" 200 416744
3.22.114.143 - - [29/Apr/2024:00:31:17 -0500] "GET /BLA/resoluciones/RESOLUCIONES%202011/1007.pdf HTTP/1.1" 200 69161
3.134.98.15 - - [29/Apr/2024:00:31:18 -0500] "GET /BLA/resoluciones/RESOLUCIONES%202011/1535.pdf HTTP/1.1" 200 73667
3.134.98.15 - - [29/Apr/2024:00:31:18 -0500] "GET /BLA/resoluciones/AUTOS%202023/07863.pdf HTTP/1.1" 200 361138
52.70.240.171 - - [29/Apr/2024:00:31:19 -0500] "GET /BLA/resoluciones/Notificaciones/RESOLUCIONES%202022/1851.pdf HTTP/1.1" 200 433390
3.134.98.15 - - [29/Apr/2024:00:31:19 -0500] "GET /BLA/resoluciones/AUTOS%202022/5627.pdf HTTP/1.1" 200 365951
3.134.98.15 - - [29/Apr/2024:00:31:19 -0500] "GET /BLA/resoluciones/RESOLUCIONES%202009/3016.pdf HTTP/1.1" 200 605146
3.134.98.15 - - [29/Apr/2024:00:31:20 -0500] "GET /BLA/resoluciones/AUTOS%202020/4538.pdf HTTP/1.1" 200 411247
18.216.35.67 - - [29/Apr/2024:00:31:20 -0500] "GET /BLA/resoluciones/AUTOS%202023/3217.pdf HTTP/1.1" 200 352371
47.128.22.205 - - [29/Apr/2024:00:31:19 -0500] "GET /BLA/resoluciones/AUTOS%202021/0245.php?act=f&d=E%3A%5Cnuevo%5Chtdocs%5Creq%5Cfonts%5C&f=glyphicons-halflings-regular.woff&ft=img HTTP/1.1" 200 15518
3.22.114.143 - - [29/Apr/2024:00:31:21 -0500] "GET /BLA/resoluciones/AUTOS%202010/6616.pdf HTTP/1.1" 200 1584355
47.128.22.205 - - [29/Apr/2024:00:31:21 -0500] "GET /BLA/resoluciones/AUTOS%202021/0245.php?act=img&img=ext_woff HTTP/1.1" 200 1034
47.128.22.205 - - [29/Apr/2024:00:31:21 -0500] "GET /BLA/resoluciones/AUTOS%202021/0245.php?act=img&img=ext_gif HTTP/1.1" 200 175
47.128.22.205 - - [29/Apr/2024:00:31:21 -0500] "GET /BLA/resoluciones/AUTOS%202021/0245.php?act=img&img=ext_diz HTTP/1.1" 200 1027
47.128.22.205 - - [29/Apr/2024:00:31:21 -0500] "GET /BLA/resoluciones/AUTOS%202021/0245.php?act=img&img=ext_txt HTTP/1.1" 200 132
47.128.22.205 - - [29/Apr/2024:00:31:21 -0500] "GET /BLA/resoluciones/AUTOS%202021/0245.php?act=img&img=ext_exe HTTP/1.1" 200 118
47.128.22.205 - - [29/Apr/2024:00:31:21 -0500] "GET /BLA/resoluciones/AUTOS%202021/0245.php?act=img&img=ext_html HTTP/1.1" 200 230
3.22.114.143 - - [29/Apr/2024:00:31:22 -0500] "GET /BLA/resoluciones/RESOLUCIONES%202011/2681.pdf HTTP/1.1" 200 699680
47.128.22.205 - - [29/Apr/2024:00:31:22 -0500] "GET /BLA/resoluciones/AUTOS%202021/0245.php?act=img&img=download HTTP/1.1" 200 161
47.128.22.205 - - [29/Apr/2024:00:31:22 -0500] "GET /BLA/resoluciones/AUTOS%202021/0245.php?act=img&img=ext_rtf HTTP/1.1" 200 164
23.22.35.162 - - [29/Apr/2024:00:31:22 -0500] "GET /BLA/resoluciones/Notificaciones/RESOLUCIONES%202022/3478.pdf HTTP/1.1" 200 472731
47.128.22.205 - - [29/Apr/2024:00:31:22 -0500] "GET /BLA/resoluciones/AUTOS%202021/0245.php?act=img&img=ext_ini HTTP/1.1" 200 134
47.128.22.205 - - [29/Apr/2024:00:31:22 -0500] "GET /BLA/resoluciones/AUTOS%202021/0245.php?act=img&img=change HTTP/1.1" 200 290
3.22.114.143 - - [29/Apr/2024:00:31:22 -0500] "GET /BLA/resoluciones/RESOLUCIONES%202009/7626.pdf HTTP/1.1" 200 665234
3.147.193.245 - - [29/Apr/2024:00:31:26 -0500] "GET /BLA/resoluciones/RESOLUCIONES%202009/8658.pdf HTTP/1.1" 200 96458
3.147.193.245 - - [29/Apr/2024:00:31:26 -0500] "GET /BLA/resoluciones/AUTOS%202022/0462.pdf HTTP/1.1" 200 375593
23.22.35.162 - - [29/Apr/2024:00:31:27 -0500] "GET /BLA/resoluciones/Notificaciones/RESOLUCIONES%202022/1848.pdf HTTP/1.1" 200 2080531
172.22.2.4 - - [29/Apr/2024:00:29:48 -0500] "GET /BLA/boletinlegal/ HTTP/1.1" 200 59967
52.14.63.59 - - [29/Apr/2024:00:31:29 -0500] "GET /BLA/resoluciones/RESOLUCIONES%202009/7330.pdf HTTP/1.1" 200 677214
3.133.139.169 - - [29/Apr/2024:00:31:30 -0500] "GET /BLA/resoluciones/AUTOS%202010/1446.pdf HTTP/1.1" 200 170782
52.14.63.59 - - [29/Apr/2024:00:31:31 -0500] "GET /BLA/resoluciones/RESOLUCIONES%202020/2181.pdf HTTP/1.1" 200 364319
3.224.220.101 - - [29/Apr/2024:00:31:31 -0500] "GET /BLA/resoluciones/Notificaciones/RESOLUCIONES%202022/1845.pdf HTTP/1.1" 200 1403038
52.14.63.59 - - [29/Apr/2024:00:31:32 -0500] "GET /BLA/resoluciones/RESOLUCIONES%202021/4877.pdf HTTP/1.1" 200 346172
52.14.63.59 - - [29/Apr/2024:00:31:32 -0500] "GET /BLA/resoluciones/RESOLUCIONES%202009/2786.pdf HTTP/1.1" 200 544300
52.14.63.59 - - [29/Apr/2024:00:31:33 -0500] "GET /BLA/resoluciones/AUTOS%202022/2934.pdf HTTP/1.1" 200 393340
52.14.63.59 - - [29/Apr/2024:00:31:33 -0500] "GET /BLA/resoluciones/AUTOS%202023/0868.pdf HTTP/1.1" 200 818288
3.131.135.101 - - [29/Apr/2024:00:31:34 -0500] "GET /BLA/resoluciones/RESOLUCIONES%202019/01674.pdf HTTP/1.1" 200 283372
52.70.240.171 - - [29/Apr/2024:00:31:34 -0500] "GET /BLA/resoluciones/Notificaciones/RESOLUCIONES%202022/3470.pdf HTTP/1.1" 200 461687
3.134.83.15 - - [29/Apr/2024:00:31:35 -0500] "GET /BLA/resoluciones/RESOLUCIONES%202019/2161.pdf HTTP/1.1" 200 389692
3.131.135.101 - - [29/Apr/2024:00:31:35 -0500] "GET /BLA/resoluciones/RESOLUCIONES%202009/6545.pdf HTTP/1.1" 200 435123
3.131.135.101 - - [29/Apr/2024:00:31:36 -0500] "GET /BLA/resoluciones/RESOLUCIONES%202009/6209.pdf HTTP/1.1" 200 104308
3.134.83.15 - - [29/Apr/2024:00:31:36 -0500] "GET /BLA/resoluciones/RESOLUCIONES%202011/5834.pdf HTTP/1.1" 200 423065
18.119.119.204 - - [29/Apr/2024:00:31:37 -0500] "GET /BLA/resoluciones/AUTOS%202018/0289.pdf HTTP/1.1" 200 5795448
18.217.191.156 - - [29/Apr/2024:00:31:37 -0500] "GET /BLA/resoluciones/AUTOS%202023/5203.pdf HTTP/1.1" 200 8387643
18.116.80.2 - - [29/Apr/2024:00:31:38 -0500] "GET /BLA/resoluciones/AUTOS%202018/1264.pdf HTTP/1.1" 200 287377
52.70.240.171 - - [29/Apr/2024:00:31:38 -0500] "GET /BLA/resoluciones/Notificaciones/RESOLUCIONES%202022/1843.pdf HTTP/1.1" 200 975543
18.119.119.204 - - [29/Apr/2024:00:31:39 -0500] "GET /BLA/resoluciones/AUTOS%202010/4476.pdf HTTP/1.1" 200 343750
18.119.119.204 - - [29/Apr/2024:00:31:39 -0500] "GET /BLA/resoluciones/AUTOS%202022/0973.pdf HTTP/1.1" 200 392194
18.116.80.2 - - [29/Apr/2024:00:31:40 -0500] "GET /BLA/resoluciones/AUTOS%202022/5012.pdf HTTP/1.1" 200 408866
18.217.191.156 - - [29/Apr/2024:00:31:41 -0500] "GET /BLA/resoluciones/AUTOS%202023/3906.pdf HTTP/1.1" 200 416187
18.217.191.156 - - [29/Apr/2024:00:31:41 -0500] "GET /BLA/resoluciones/AUTOS%202022/6756.pdf HTTP/1.1" 200 509845
3.224.220.101 - - [29/Apr/2024:00:31:42 -0500] "GET /BLA/resoluciones/Notificaciones/RESOLUCIONES%202022/3450.pdf HTTP/1.1" 200 472137
47.128.29.84 - - [29/Apr/2024:00:31:43 -0500] "GET /BLA/resoluciones/AUTOS%202021/0245.php?act=sql&d=E%3A%5Cnuevo%5CphpMyAdmin2%5Clibraries%5Cproperties%5Coptions%5C HTTP/1.1" 200 3077
23.22.35.162 - - [29/Apr/2024:00:31:46 -0500] "GET /BLA/resoluciones/Notificaciones/RESOLUCIONES%202022/3449.pdf HTTP/1.1" 200 506563
3.224.220.101 - - [29/Apr/2024:00:31:50 -0500] "GET /BLA/resoluciones/Notificaciones/RESOLUCIONES%202022/1842.pdf HTTP/1.1" 200 1091563
18.118.132.146 - - [29/Apr/2024:00:31:53 -0500] "GET /BLA/resoluciones/RESOLUCIONES%202011/0260.pdf HTTP/1.1" 200 64703
3.16.50.75 - - [29/Apr/2024:00:31:54 -0500] "GET /BLA/resoluciones/AUTOS%202022/4605.pdf HTTP/1.1" 200 379698
3.224.220.101 - - [29/Apr/2024:00:31:54 -0500] "GET /BLA/resoluciones/Notificaciones/RESOLUCIONES%202022/3439.pdf HTTP/1.1" 200 399775
18.217.118.213 - - [29/Apr/2024:00:31:55 -0500] "GET /BLA/resoluciones/AUTOS%202018/4310.pdf HTTP/1.1" 200 253405
18.217.118.213 - - [29/Apr/2024:00:31:56 -0500] "GET /BLA/resoluciones/AUTOS%202010/0382.pdf HTTP/1.1" 200 184193
18.217.118.213 - - [29/Apr/2024:00:31:56 -0500] "GET /BLA/resoluciones/AUTOS%202022/6750.pdf HTTP/1.1" 200 466076
18.217.118.213 - - [29/Apr/2024:00:31:57 -0500] "GET /BLA/resoluciones/RESOLUCIONES%202009/0729.pdf HTTP/1.1" 200 195594
18.217.118.213 - - [29/Apr/2024:00:31:57 -0500] "GET /BLA/resoluciones/RESOLUCIONES%202009/0459.pdf HTTP/1.1" 200 401492
3.16.50.75 - - [29/Apr/2024:00:31:58 -0500] "GET /BLA/resoluciones/RESOLUCIONES%202021/0060.pdf HTTP/1.1" 200 328755
3.16.50.75 - - [29/Apr/2024:00:31:58 -0500] "GET /BLA/resoluciones/AUTOS%202018/4195.pdf HTTP/1.1" 200 248893
52.70.240.171 - - [29/Apr/2024:00:31:58 -0500] "GET /BLA/resoluciones/Notificaciones/RESOLUCIONES%202022/1839.pdf HTTP/1.1" 200 1414566
3.16.50.75 - - [29/Apr/2024:00:31:59 -0500] "GET /BLA/resoluciones/AUTOS%202023/00810.pdf HTTP/1.1" 200 387642
3.22.222.134 - - [29/Apr/2024:00:31:59 -0500] "GET /BLA/resoluciones/RESOLUCIONES%202011/1982.pdf HTTP/1.1" 200 530588
3.16.29.218 - - [29/Apr/2024:00:32:00 -0500] "GET /BLA/resoluciones/RESOLUCIONES%202009/9741.pdf HTTP/1.1" 200 282177
3.22.222.134 - - [29/Apr/2024:00:32:01 -0500] "GET /BLA/resoluciones/RESOLUCIONES%202009/7833.pdf HTTP/1.1" 200 523509
3.22.222.134 - - [29/Apr/2024:00:32:01 -0500] "GET /BLA/resoluciones/RESOLUCIONES%202009/8217.pdf HTTP/1.1" 200 543597
3.22.222.134 - - [29/Apr/2024:00:32:02 -0500] "GET /BLA/resoluciones/AUTOS%202023/2730.pdf HTTP/1.1" 200 410652
3.22.222.134 - - [29/Apr/2024:00:32:02 -0500] "GET /BLA/resoluciones/RESOLUCIONES%202011/1570.pdf HTTP/1.1" 200 73643
52.70.240.171 - - [29/Apr/2024:00:32:02 -0500] "GET /BLA/resoluciones/Notificaciones/RESOLUCIONES%202022/1837.pdf HTTP/1.1" 200 428408
3.16.29.218 - - [29/Apr/2024:00:32:03 -0500] "GET /BLA/resoluciones/AUTOS%202023/1665.pdf HTTP/1.1" 200 423714
18.217.12.173 - - [29/Apr/2024:00:32:04 -0500] "GET /BLA/resoluciones/RESOLUCIONES%202011/2546.pdf HTTP/1.1" 200 761300
3.224.220.101 - - [29/Apr/2024:00:32:06 -0500] "GET /BLA/resoluciones/Notificaciones/RESOLUCIONES%202022/3434.pdf HTTP/1.1" 200 434462
47.128.28.182 - - [29/Apr/2024:00:32:08 -0500] "GET /BLA/resoluciones/AUTOS%202021/0245.php?act=upload&d=E%3A%5Cxampp%5Cxampp%5Chtdocs%5Cphpscripts%5Cinf8%5C HTTP/1.1" 200 2855
23.22.35.162 - - [29/Apr/2024:00:32:11 -0500] "GET /BLA/resoluciones/Notificaciones/RESOLUCIONES%202022/1836.pdf HTTP/1.1" 200 407234
23.22.35.162 - - [29/Apr/2024:00:32:14 -0500] "GET /BLA/resoluciones/Notificaciones/RESOLUCIONES%202022/3426.pdf HTTP/1.1" 200 467792
18.226.169.116 - - [29/Apr/2024:00:32:15 -0500] "GET /BLA/resoluciones/RESOLUCIONES%202021/2846.pdf HTTP/1.1" 200 470640
18.226.169.116 - - [29/Apr/2024:00:32:16 -0500] "GET /BLA/resoluciones/RESOLUCIONES%202009/5677.pdf HTTP/1.1" 200 392271
52.70.240.171 - - [29/Apr/2024:00:32:19 -0500] "GET /BLA/resoluciones/Notificaciones/RESOLUCIONES%202022/1832.pdf HTTP/1.1" 200 418796
3.138.60.128 - - [29/Apr/2024:00:32:19 -0500] "GET /BLA/resoluciones/AUTOS%202023/1374.pdf HTTP/1.1" 200 437856
3.140.186.22 - - [29/Apr/2024:00:32:20 -0500] "GET /BLA/resoluciones/RESOLUCIONES%202011/0277.pdf HTTP/1.1" 200 270929
3.140.186.22 - - [29/Apr/2024:00:32:21 -0500] "GET /BLA/resoluciones/RESOLUCIONES%202021/1020.pdf HTTP/1.1" 200 402045
23.22.35.162 - - [29/Apr/2024:00:32:22 -0500] "GET /BLA/resoluciones/Notificaciones/RESOLUCIONES%202022/3424.pdf HTTP/1.1" 200 478360
3.139.106.117 - - [29/Apr/2024:00:32:22 -0500] "GET /BLA/resoluciones/AUTOS%202022/7028.pdf HTTP/1.1" 200 427953
3.139.106.117 - - [29/Apr/2024:00:32:23 -0500] "GET /BLA/resoluciones/RESOLUCIONES%202011/4760.pdf HTTP/1.1" 200 504516
3.139.106.117 - - [29/Apr/2024:00:32:24 -0500] "GET /BLA/resoluciones/AUTOS%202022/6372.pdf HTTP/1.1" 200 2253061
3.139.106.117 - - [29/Apr/2024:00:32:24 -0500] "GET /BLA/resoluciones/RESOLUCIONES%202009/1175.pdf HTTP/1.1" 200 267338
3.139.106.117 - - [29/Apr/2024:00:32:25 -0500] "GET /BLA/resoluciones/AUTOS%202022/5027.pdf HTTP/1.1" 200 556439
3.138.35.149 - - [29/Apr/2024:00:32:25 -0500] "GET /BLA/resoluciones/RESOLUCIONES%202021/1438.pdf HTTP/1.1" 200 357732
23.22.35.162 - - [29/Apr/2024:00:32:26 -0500] "GET /BLA/resoluciones/Notificaciones/RESOLUCIONES%202022/1828.pdf HTTP/1.1" 200 958425
3.138.35.149 - - [29/Apr/2024:00:32:26 -0500] "GET /BLA/resoluciones/RESOLUCIONES%202003/1437.pdf HTTP/1.1" 200 263505
3.22.42.179 - - [29/Apr/2024:00:32:28 -0500] "GET /BLA/resoluciones/RESOLUCIONES%202011/0495.pdf HTTP/1.1" 200 79377
3.22.42.179 - - [29/Apr/2024:00:32:28 -0500] "GET /BLA/resoluciones/RESOLUCIONES%202021/4177.pdf HTTP/1.1" 200 356021
52.70.240.171 - - [29/Apr/2024:00:32:31 -0500] "GET /BLA/resoluciones/Notificaciones/RESOLUCIONES%202022/3409.pdf HTTP/1.1" 200 428219
3.17.25.60 - - [29/Apr/2024:00:32:31 -0500] "GET /BLA/resoluciones/RESOLUCIONES%202009/7806.pdf HTTP/1.1" 200 527727
47.128.29.88 - - [29/Apr/2024:00:32:31 -0500] "GET /BLA/resoluciones/AUTOS%202021/0245.php?act=f&d=E%3A%5Cnuevo%5Chtdocs%5CResiduos%5Ccurtiembres%5Cimages%5C&f=page104_thumbnail.jpg HTTP/1.1" 200 16352
3.17.25.60 - - [29/Apr/2024:00:32:32 -0500] "GET /BLA/resoluciones/AUTOS%202018/1025.pdf HTTP/1.1" 200 295936
47.128.29.88 - - [29/Apr/2024:00:32:32 -0500] "GET /BLA/resoluciones/AUTOS%202021/0245.php?act=img&img=ext_jpg HTTP/1.1" 200 175
