181.52.212.6 - - [29/Apr/2024:02:53:19 -0500] "GET /appsia/scripts/validarIngreso.js HTTP/1.1" 200 851
181.52.212.6 - - [29/Apr/2024:02:53:19 -0500] "GET /appsia/css/estilos.css HTTP/1.1" 200 4804
181.52.212.6 - - [29/Apr/2024:02:53:19 -0500] "GET /appsia/images/logo_bogota_p.png HTTP/1.1" 200 14951
181.52.212.6 - - [29/Apr/2024:02:53:19 -0500] "GET /appsia/images/cabezoteHojaVida.png HTTP/1.1" 200 32493
181.52.212.6 - - [29/Apr/2024:02:53:20 -0500] "GET /favicon.ico HTTP/1.1" 200 7782
23.22.35.162 - - [29/Apr/2024:02:53:22 -0500] "GET /BLA/resoluciones/index.php?dir=AUTOS%202006/AUTOS%202006%201401%20-%201500/&order=asc&sort=name HTTP/1.1" 200 13545
18.117.196.52 - - [29/Apr/2024:02:53:23 -0500] "GET /BLA/resoluciones/RESOLUCIONES%202009/4210.pdf HTTP/1.1" 200 1068599
18.117.196.52 - - [29/Apr/2024:02:53:25 -0500] "GET /BLA/resoluciones/RESOLUCIONES%202009/7724.pdf HTTP/1.1" 200 55710
18.117.196.52 - - [29/Apr/2024:02:53:25 -0500] "GET /BLA/resoluciones/RESOLUCIONES%202009/8242.pdf HTTP/1.1" 200 362042
18.117.196.52 - - [29/Apr/2024:02:53:26 -0500] "GET /BLA/resoluciones/RESOLUCIONES%202021/3171.pdf HTTP/1.1" 200 520098
52.70.240.171 - - [29/Apr/2024:02:53:26 -0500] "GET /BLA/resoluciones/index.php?dir=AUTOS%202006/AUTOS%202006%201401%20-%201500/&order=asc&sort=size HTTP/1.1" 200 13545
13.58.177.221 - - [29/Apr/2024:02:53:27 -0500] "GET /BLA/resoluciones/RESOLUCIONES%202021/0528.pdf HTTP/1.1" 200 506251
13.58.177.221 - - [29/Apr/2024:02:53:28 -0500] "GET /BLA/resoluciones/RESOLUCIONES%202011/4171.pdf HTTP/1.1" 200 633630
13.58.177.221 - - [29/Apr/2024:02:53:29 -0500] "GET /BLA/resoluciones/RESOLUCIONES%202011/2522.pdf HTTP/1.1" 200 721817
23.22.35.162 - - [29/Apr/2024:02:53:30 -0500] "GET /BLA/resoluciones/index.php?dir=AUTOS%202006/AUTOS%202006%201401%20-%201500/&order=desc&sort=size HTTP/1.1" 200 13544
47.128.18.138 - - [29/Apr/2024:02:53:32 -0500] "GET /BLA/resoluciones/AUTOS%202021/0245.php?act=f&d=C%3A%5CAmbienteBogota%5Ccounter%5Cdigits%5Cfiery%5C&f=9.png HTTP/1.1" 200 15462
47.128.18.138 - - [29/Apr/2024:02:53:33 -0500] "GET /BLA/resoluciones/AUTOS%202021/0245.php?act=img&img=ext_html HTTP/1.1" 200 230
47.128.18.138 - - [29/Apr/2024:02:53:33 -0500] "GET /BLA/resoluciones/AUTOS%202021/0245.php?act=img&img=ext_txt HTTP/1.1" 200 132
47.128.18.138 - - [29/Apr/2024:02:53:33 -0500] "GET /BLA/resoluciones/AUTOS%202021/0245.php?act=img&img=ext_diz HTTP/1.1" 200 1027
47.128.18.138 - - [29/Apr/2024:02:53:33 -0500] "GET /BLA/resoluciones/AUTOS%202021/0245.php?act=img&img=ext_png HTTP/1.1" 200 175
47.128.18.138 - - [29/Apr/2024:02:53:34 -0500] "GET /BLA/resoluciones/AUTOS%202021/0245.php?act=img&img=ext_gif HTTP/1.1" 200 175
23.22.35.162 - - [29/Apr/2024:02:53:34 -0500] "GET /BLA/resoluciones/index.php?dir=AUTOS%202006/AUTOS%202006%201401%20-%201500/&order=desc&sort=name HTTP/1.1" 200 13544
47.128.18.138 - - [29/Apr/2024:02:53:34 -0500] "GET /BLA/resoluciones/AUTOS%202021/0245.php?act=img&img=ext_exe HTTP/1.1" 200 118
47.128.18.138 - - [29/Apr/2024:02:53:34 -0500] "GET /BLA/resoluciones/AUTOS%202021/0245.php?act=img&img=ext_rtf HTTP/1.1" 200 164
47.128.18.138 - - [29/Apr/2024:02:53:34 -0500] "GET /BLA/resoluciones/AUTOS%202021/0245.php?act=img&img=download HTTP/1.1" 200 161
47.128.18.138 - - [29/Apr/2024:02:53:34 -0500] "GET /BLA/resoluciones/AUTOS%202021/0245.php?act=img&img=ext_ini HTTP/1.1" 200 134
47.128.18.138 - - [29/Apr/2024:02:53:34 -0500] "GET /BLA/resoluciones/AUTOS%202021/0245.php?act=img&img=change HTTP/1.1" 200 290
3.224.220.101 - - [29/Apr/2024:02:53:37 -0500] "GET /BLA/resoluciones/index.php?dir=AUTOS%202006/AUTOS%202006%201301-1400/ HTTP/1.1" 200 22002
23.22.35.162 - - [29/Apr/2024:02:53:42 -0500] "GET /BLA/resoluciones/AUTOS%202006/AUTOS%202006%201301-1400/INDEX.DAT HTTP/1.1" 200 4000
18.225.254.22 - - [29/Apr/2024:02:53:45 -0500] "GET /BLA/resoluciones/AUTOS%202020/2199.pdf HTTP/1.1" 200 389716
3.224.220.101 - - [29/Apr/2024:02:53:46 -0500] "GET /BLA/resoluciones/index.php?dir=AUTOS%202006/AUTOS%202006%201301-1400/&order=asc&sort=date HTTP/1.1" 200 22002
18.219.178.236 - - [29/Apr/2024:02:53:46 -0500] "GET /BLA/resoluciones/RESOLUCIONES%202009/9573.pdf HTTP/1.1" 200 310562
18.225.254.22 - - [29/Apr/2024:02:53:47 -0500] "GET /BLA/resoluciones/RESOLUCIONES%202021/4368.pdf HTTP/1.1" 200 352128
18.225.254.22 - - [29/Apr/2024:02:53:47 -0500] "GET /BLA/resoluciones/RESOLUCIONES%202000/RESOLUCION%20775%20DE%202000.pdf HTTP/1.1" 200 177273
3.144.1.58 - - [29/Apr/2024:02:53:48 -0500] "GET /BLA/resoluciones/RESOLUCIONES%202021/5117.pdf HTTP/1.1" 200 344552
18.219.178.236 - - [29/Apr/2024:02:53:49 -0500] "GET /BLA/resoluciones/RESOLUCIONES%201995/0108.pdf HTTP/1.1" 200 128692
3.144.1.58 - - [29/Apr/2024:02:53:49 -0500] "GET /BLA/resoluciones/RESOLUCIONES%201997/1135.pdf HTTP/1.1" 200 123390
3.144.1.58 - - [29/Apr/2024:02:53:50 -0500] "GET /BLA/resoluciones/RESOLUCIONES%202019/2049.pdf HTTP/1.1" 200 314388
18.219.178.236 - - [29/Apr/2024:02:53:50 -0500] "GET /BLA/resoluciones/RESOLUCIONES%202009/0308.pdf HTTP/1.1" 200 439710
52.70.240.171 - - [29/Apr/2024:02:53:50 -0500] "GET /BLA/resoluciones/index.php?dir=AUTOS%202006/AUTOS%202006%201301-1400/&order=desc&sort=date HTTP/1.1" 200 22001
18.219.178.236 - - [29/Apr/2024:02:53:51 -0500] "GET /BLA/resoluciones/RESOLUCIONES%202009/2151.pdf HTTP/1.1" 200 482003
18.219.178.236 - - [29/Apr/2024:02:53:51 -0500] "GET /BLA/resoluciones/AUTOS%202020/2576.pdf HTTP/1.1" 200 381520
3.133.139.169 - - [29/Apr/2024:02:53:53 -0500] "GET /BLA/resoluciones/AUTOS%202010/0180.pdf HTTP/1.1" 200 352266
3.224.220.101 - - [29/Apr/2024:02:53:54 -0500] "GET /BLA/resoluciones/index.php?dir=AUTOS%202006/AUTOS%202006%201301-1400/&order=asc&sort=name HTTP/1.1" 200 22002
3.133.139.169 - - [29/Apr/2024:02:53:54 -0500] "GET /BLA/resoluciones/RESOLUCIONES%202011/2613.pdf HTTP/1.1" 200 757453
3.133.139.169 - - [29/Apr/2024:02:53:55 -0500] "GET /BLA/resoluciones/AUTOS%202023/0661.pdf HTTP/1.1" 200 1423683
18.226.169.116 - - [29/Apr/2024:02:53:55 -0500] "GET /BLA/resoluciones/AUTOS%202018/0567.pdf HTTP/1.1" 200 302342
18.226.169.116 - - [29/Apr/2024:02:53:56 -0500] "GET /BLA/resoluciones/AUTOS%202018/5983.pdf HTTP/1.1" 200 245520
47.128.44.162 - - [29/Apr/2024:02:53:57 -0500] "GET /BLA/resoluciones/AUTOS%202021/0245.php?act=f&f=autoexp.mer&white=1 HTTP/1.1" 200 2740
18.216.35.67 - - [29/Apr/2024:02:53:58 -0500] "GET /BLA/resoluciones/AUTOS%202023/0932.pdf HTTP/1.1" 200 740893
3.224.220.101 - - [29/Apr/2024:02:53:58 -0500] "GET /BLA/resoluciones/index.php?dir=AUTOS%202006/AUTOS%202006%201301-1400/&order=asc&sort=size HTTP/1.1" 200 22002
18.216.35.67 - - [29/Apr/2024:02:53:59 -0500] "GET /BLA/resoluciones/RESOLUCIONES%202021/2827.pdf HTTP/1.1" 200 423968
18.216.35.67 - - [29/Apr/2024:02:53:59 -0500] "GET /BLA/resoluciones/RESOLUCIONES%202011/2720.pdf HTTP/1.1" 200 766289
18.216.35.67 - - [29/Apr/2024:02:54:00 -0500] "GET /BLA/resoluciones/AUTOS%202010/0701.pdf HTTP/1.1" 200 184527
18.216.35.67 - - [29/Apr/2024:02:54:00 -0500] "GET /BLA/resoluciones/RESOLUCIONES%202021/3116.pdf HTTP/1.1" 200 348397
18.216.35.67 - - [29/Apr/2024:02:54:01 -0500] "GET /BLA/resoluciones/RESOLUCIONES%202011/4299.pdf HTTP/1.1" 200 415991
3.22.42.179 - - [29/Apr/2024:02:54:01 -0500] "GET /BLA/resoluciones/AUTOS%202020/1746.pdf HTTP/1.1" 200 962966
18.223.172.78 - - [29/Apr/2024:02:54:02 -0500] "GET /BLA/resoluciones/AUTOS%202020/3008.pdf HTTP/1.1" 200 329407
3.148.117.195 - - [29/Apr/2024:02:54:03 -0500] "GET /BLA/resoluciones/RESOLUCIONES%202009/7728.pdf HTTP/1.1" 200 89199
3.224.220.101 - - [29/Apr/2024:02:54:03 -0500] "GET /BLA/resoluciones/index.php?dir=AUTOS%202006/AUTOS%202006%201301-1400/&order=desc&sort=size HTTP/1.1" 200 22001
3.138.32.9 - - [29/Apr/2024:02:54:03 -0500] "GET /BLA/resoluciones/AUTOS%202020/3354.pdf HTTP/1.1" 200 335162
3.22.42.179 - - [29/Apr/2024:02:54:04 -0500] "GET /BLA/resoluciones/AUTOS%202020/0785.pdf HTTP/1.1" 200 409808
3.22.42.179 - - [29/Apr/2024:02:54:04 -0500] "GET /BLA/resoluciones/RESOLUCIONES%202011/2100.pdf HTTP/1.1" 200 576716
3.22.42.179 - - [29/Apr/2024:02:54:05 -0500] "GET /BLA/resoluciones/RESOLUCIONES%202011/2404.pdf HTTP/1.1" 200 616444
181.52.212.6 - - [29/Apr/2024:02:54:05 -0500] "POST /appsia/controlador HTTP/1.1" 200 3604
181.52.212.6 - - [29/Apr/2024:02:54:05 -0500] "GET /appsia/jscripts/validarSolicitud.js HTTP/1.1" 404 68
3.22.42.179 - - [29/Apr/2024:02:54:05 -0500] "GET /BLA/resoluciones/RESOLUCIONES%202009/9576.pdf HTTP/1.1" 200 282367
23.22.35.162 - - [29/Apr/2024:02:54:05 -0500] "GET /BLA/resoluciones/index.php?dir=AUTOS%202006/AUTOS%202006%201301-1400/&order=desc&sort=name HTTP/1.1" 200 22001
3.22.42.179 - - [29/Apr/2024:02:54:06 -0500] "GET /BLA/resoluciones/RESOLUCIONES%202021/4410.pdf HTTP/1.1" 200 766017
3.148.117.195 - - [29/Apr/2024:02:54:06 -0500] "GET /BLA/resoluciones/AUTOS%202022/2151.pdf HTTP/1.1" 200 456552
3.148.117.195 - - [29/Apr/2024:02:54:07 -0500] "GET /BLA/resoluciones/AUTOS%202023/1482.pdf HTTP/1.1" 200 6961761
3.137.209.225 - - [29/Apr/2024:02:54:08 -0500] "GET /BLA/resoluciones/RESOLUCIONES%202009/3566.pdf HTTP/1.1" 200 326549
3.147.81.127 - - [29/Apr/2024:02:54:08 -0500] "GET /BLA/resoluciones/RESOLUCIONES%202009/0892.pdf HTTP/1.1" 200 435976
18.223.172.78 - - [29/Apr/2024:02:54:09 -0500] "GET /BLA/resoluciones/AUTOS%202018/6637.pdf HTTP/1.1" 200 247589
18.223.172.78 - - [29/Apr/2024:02:54:09 -0500] "GET /BLA/resoluciones/RESOLUCIONES%202009/3251.pdf HTTP/1.1" 200 874710
18.223.172.78 - - [29/Apr/2024:02:54:10 -0500] "GET /BLA/resoluciones/AUTOS%202023/4400.pdf HTTP/1.1" 200 481337
23.22.35.162 - - [29/Apr/2024:02:54:09 -0500] "GET /BLA/resoluciones/index.php?dir=AUTOS%202006/AUTOS%202006%201201-1300/ HTTP/1.1" 200 22013
18.223.172.78 - - [29/Apr/2024:02:54:10 -0500] "GET /BLA/resoluciones/RESOLUCIONES%202009/0205.pdf HTTP/1.1" 200 246652
3.138.32.9 - - [29/Apr/2024:02:54:11 -0500] "GET /BLA/resoluciones/RESOLUCIONES%201997/0329.pdf HTTP/1.1" 200 532098
3.138.32.9 - - [29/Apr/2024:02:54:11 -0500] "GET /BLA/resoluciones/RESOLUCIONES%202021/0180.pdf HTTP/1.1" 200 476352
3.148.117.195 - - [29/Apr/2024:02:54:12 -0500] "GET /BLA/resoluciones/RESOLUCIONES%202009/2235.pdf HTTP/1.1" 200 499639
3.147.81.127 - - [29/Apr/2024:02:54:13 -0500] "GET /BLA/resoluciones/RESOLUCIONES%202021/5639.pdf HTTP/1.1" 200 417559
3.224.220.101 - - [29/Apr/2024:02:54:14 -0500] "GET /BLA/resoluciones/AUTOS%202006/AUTOS%202006%201201-1300/INDEX.DAT HTTP/1.1" 200 4000
181.52.212.6 - - [29/Apr/2024:02:54:16 -0500] "POST /appsia/controlador HTTP/1.1" 200 4799
23.22.35.162 - - [29/Apr/2024:02:54:18 -0500] "GET /BLA/resoluciones/index.php?dir=AUTOS%202006/AUTOS%202006%201201-1300/&order=asc&sort=date HTTP/1.1" 200 22013
47.128.49.43 - - [29/Apr/2024:02:54:22 -0500] "GET /BLA/resoluciones/AUTOS%202021/0245.php?act=chmod&f=neuland HTTP/1.1" 200 2714
18.216.154.7 - - [29/Apr/2024:02:54:23 -0500] "GET /BLA/resoluciones/AUTOS%202023/4859.pdf HTTP/1.1" 200 622085
3.224.220.101 - - [29/Apr/2024:02:54:23 -0500] "GET /BLA/resoluciones/index.php?dir=AUTOS%202006/AUTOS%202006%201201-1300/&order=desc&sort=date HTTP/1.1" 200 22012
3.139.106.117 - - [29/Apr/2024:02:54:23 -0500] "GET /BLA/resoluciones/RESOLUCIONES%202011/1875.pdf HTTP/1.1" 200 468780
18.216.154.7 - - [29/Apr/2024:02:54:24 -0500] "GET /BLA/resoluciones/RESOLUCIONES%202019/1989.pdf HTTP/1.1" 200 310168
18.216.154.7 - - [29/Apr/2024:02:54:24 -0500] "GET /BLA/resoluciones/RESOLUCIONES%202009/2722.pdf HTTP/1.1" 200 600508
18.216.154.7 - - [29/Apr/2024:02:54:25 -0500] "GET /BLA/resoluciones/RESOLUCIONES%202021/0817.pdf HTTP/1.1" 200 523333
18.216.154.7 - - [29/Apr/2024:02:54:25 -0500] "GET /BLA/resoluciones/RESOLUCIONES%202009/8222.pdf HTTP/1.1" 200 993670
3.224.220.101 - - [29/Apr/2024:02:54:26 -0500] "GET /BLA/resoluciones/index.php?dir=AUTOS%202006/AUTOS%202006%201201-1300/&order=asc&sort=name HTTP/1.1" 200 22013
18.216.154.7 - - [29/Apr/2024:02:54:26 -0500] "GET /BLA/resoluciones/RESOLUCIONES%202019/3283.pdf HTTP/1.1" 200 692540
18.216.154.7 - - [29/Apr/2024:02:54:26 -0500] "GET /BLA/resoluciones/AUTOS%202018/2308.pdf HTTP/1.1" 200 1413853
13.58.90.148 - - [29/Apr/2024:02:54:27 -0500] "GET /BLA/resoluciones/RESOLUCIONES%202020/0031.pdf HTTP/1.1" 200 366755
3.139.106.117 - - [29/Apr/2024:02:54:28 -0500] "GET /BLA/resoluciones/AUTOS%202022/2961.pdf HTTP/1.1" 200 382981
181.52.212.6 - - [29/Apr/2024:02:54:28 -0500] "POST /appsia/controlador HTTP/1.1" 200 4621
13.58.90.148 - - [29/Apr/2024:02:54:29 -0500] "GET /BLA/resoluciones/RESOLUCIONES%202009/0575.pdf HTTP/1.1" 200 348407
52.70.240.171 - - [29/Apr/2024:02:54:30 -0500] "GET /BLA/resoluciones/index.php?dir=AUTOS%202006/AUTOS%202006%201201-1300/&order=asc&sort=size HTTP/1.1" 200 22013
181.52.212.6 - - [29/Apr/2024:02:54:30 -0500] "POST /appsia/controlador HTTP/1.1" 200 7732
18.117.103.28 - - [29/Apr/2024:02:54:31 -0500] "GET /BLA/resoluciones/RESOLUCIONES%202009/5417.pdf HTTP/1.1" 200 518809
181.52.212.6 - - [29/Apr/2024:02:54:31 -0500] "GET /appsia/images/logo_escudo.png HTTP/1.1" 200 36965
18.117.103.28 - - [29/Apr/2024:02:54:32 -0500] "GET /BLA/resoluciones/AUTOS%202022/7715.pdf HTTP/1.1" 200 533198
18.117.103.28 - - [29/Apr/2024:02:54:32 -0500] "GET /BLA/resoluciones/RESOLUCIONES%202019/1375.pdf HTTP/1.1" 200 1184109
18.117.103.28 - - [29/Apr/2024:02:54:33 -0500] "GET /BLA/resoluciones/AUTOS%202010/6553.pdf HTTP/1.1" 200 134261
52.14.63.59 - - [29/Apr/2024:02:54:33 -0500] "GET /BLA/resoluciones/RESOLUCIONES%202009/0929.pdf HTTP/1.1" 200 219075
18.117.97.238 - - [29/Apr/2024:02:54:34 -0500] "GET /BLA/resoluciones/AUTOS%202020/4595.pdf HTTP/1.1" 200 354858
18.119.14.68 - - [29/Apr/2024:02:54:35 -0500] "GET /BLA/resoluciones/RESOLUCIONES%202021/1588.pdf HTTP/1.1" 200 442125
23.22.35.162 - - [29/Apr/2024:02:54:35 -0500] "GET /BLA/resoluciones/index.php?dir=AUTOS%202006/AUTOS%202006%201201-1300/&order=desc&sort=size HTTP/1.1" 200 22012
52.14.209.115 - - [29/Apr/2024:02:54:35 -0500] "GET /BLA/resoluciones/RESOLUCIONES%202011/4360.pdf HTTP/1.1" 200 630564
52.14.63.59 - - [29/Apr/2024:02:54:36 -0500] "GET /BLA/resoluciones/RESOLUCIONES%202011/1260.pdf HTTP/1.1" 200 351553
52.14.63.59 - - [29/Apr/2024:02:54:36 -0500] "GET /BLA/resoluciones/RESOLUCIONES%202016/1924.pdf HTTP/1.1" 200 360551
52.14.63.59 - - [29/Apr/2024:02:54:37 -0500] "GET /BLA/resoluciones/AUTOS%202010/6937.pdf HTTP/1.1" 200 307551
52.14.63.59 - - [29/Apr/2024:02:54:37 -0500] "GET /BLA/resoluciones/AUTOS%202023/2295.pdf HTTP/1.1" 200 584985
52.14.209.115 - - [29/Apr/2024:02:54:38 -0500] "GET /BLA/resoluciones/AUTOS%202018/6786.pdf HTTP/1.1" 200 296030
52.14.209.115 - - [29/Apr/2024:02:54:38 -0500] "GET /BLA/resoluciones/AUTOS%202018/5063.pdf HTTP/1.1" 200 243601
52.14.209.115 - - [29/Apr/2024:02:54:39 -0500] "GET /BLA/resoluciones/AUTOS%202023/0942.pdf HTTP/1.1" 200 1209561
52.14.209.115 - - [29/Apr/2024:02:54:39 -0500] "GET /BLA/resoluciones/AUTOS%202018/5048.pdf HTTP/1.1" 200 252473
52.70.240.171 - - [29/Apr/2024:02:54:40 -0500] "GET /BLA/resoluciones/index.php?dir=AUTOS%202006/AUTOS%202006%201201-1300/&order=desc&sort=name HTTP/1.1" 200 22012
52.14.209.115 - - [29/Apr/2024:02:54:40 -0500] "GET /BLA/resoluciones/AUTOS%202022/2451.pdf HTTP/1.1" 200 486081
18.117.97.238 - - [29/Apr/2024:02:54:40 -0500] "GET /BLA/resoluciones/RESOLUCIONES%202011/5355.pdf HTTP/1.1" 200 1593064
18.117.97.238 - - [29/Apr/2024:02:54:41 -0500] "GET /BLA/resoluciones/RESOLUCIONES%202021/3170.pdf HTTP/1.1" 200 361115
18.117.97.238 - - [29/Apr/2024:02:54:41 -0500] "GET /BLA/resoluciones/AUTOS%202023/1071.pdf HTTP/1.1" 200 405624
23.22.35.162 - - [29/Apr/2024:02:54:42 -0500] "GET /BLA/resoluciones/index.php?dir=AUTOS%202006/AUTOS%202006%201101-1200/ HTTP/1.1" 200 21976
18.219.123.232 - - [29/Apr/2024:02:54:42 -0500] "GET /BLA/resoluciones/RESOLUCIONES%202019/0990.pdf HTTP/1.1" 200 382580
18.119.14.68 - - [29/Apr/2024:02:54:43 -0500] "GET /BLA/resoluciones/AUTOS%202023/05530.pdf HTTP/1.1" 200 596017
18.119.14.68 - - [29/Apr/2024:02:54:43 -0500] "GET /BLA/resoluciones/RESOLUCIONES%202019/0567.pdf HTTP/1.1" 200 321283
18.119.14.68 - - [29/Apr/2024:02:54:44 -0500] "GET /BLA/resoluciones/RESOLUCIONES%202016/1667.pdf HTTP/1.1" 200 471356
18.119.14.68 - - [29/Apr/2024:02:54:44 -0500] "GET /BLA/resoluciones/AUTOS%202022/1656.pdf HTTP/1.1" 200 383234
18.119.14.68 - - [29/Apr/2024:02:54:45 -0500] "GET /BLA/resoluciones/RESOLUCIONES%202009/6857.pdf HTTP/1.1" 200 408366
23.22.35.162 - - [29/Apr/2024:02:54:45 -0500] "GET /BLA/resoluciones/AUTOS%202006/AUTOS%202006%201101-1200/INDEX.DAT HTTP/1.1" 200 4000
18.222.49.177 - - [29/Apr/2024:02:54:45 -0500] "GET /BLA/resoluciones/RESOLUCIONES%202009/5957.pdf HTTP/1.1" 200 529953
18.118.132.146 - - [29/Apr/2024:02:54:46 -0500] "GET /BLA/resoluciones/RESOLUCIONES%202019/3266.pdf HTTP/1.1" 200 646629
47.128.119.220 - - [29/Apr/2024:02:54:45 -0500] "GET /BLA/resoluciones/AUTOS%202021/0245.php?act=f&d=E%3A%5Cnuevo%5Chtdocs%5CResiduos%5Cmaderas%5Cimages%5C&f=page50_thumbnail.jpg HTTP/1.1" 200 16099
47.128.119.220 - - [29/Apr/2024:02:54:46 -0500] "GET /BLA/resoluciones/AUTOS%202021/0245.php?act=img&img=ext_html HTTP/1.1" 200 230
47.128.119.220 - - [29/Apr/2024:02:54:46 -0500] "GET /BLA/resoluciones/AUTOS%202021/0245.php?act=img&img=ext_txt HTTP/1.1" 200 132
47.128.119.220 - - [29/Apr/2024:02:54:46 -0500] "GET /BLA/resoluciones/AUTOS%202021/0245.php?act=img&img=ext_jpg HTTP/1.1" 200 175
47.128.119.220 - - [29/Apr/2024:02:54:46 -0500] "GET /BLA/resoluciones/AUTOS%202021/0245.php?act=img&img=ext_diz HTTP/1.1" 200 1027
18.222.49.177 - - [29/Apr/2024:02:54:47 -0500] "GET /BLA/resoluciones/RESOLUCIONES%202009/5912.pdf HTTP/1.1" 200 463563
47.128.119.220 - - [29/Apr/2024:02:54:47 -0500] "GET /BLA/resoluciones/AUTOS%202021/0245.php?act=img&img=ext_exe HTTP/1.1" 200 118
47.128.119.220 - - [29/Apr/2024:02:54:47 -0500] "GET /BLA/resoluciones/AUTOS%202021/0245.php?act=img&img=ext_rtf HTTP/1.1" 200 164
47.128.119.220 - - [29/Apr/2024:02:54:47 -0500] "GET /BLA/resoluciones/AUTOS%202021/0245.php?act=img&img=ext_gif HTTP/1.1" 200 175
47.128.119.220 - - [29/Apr/2024:02:54:47 -0500] "GET /BLA/resoluciones/AUTOS%202021/0245.php?act=img&img=change HTTP/1.1" 200 290
47.128.119.220 - - [29/Apr/2024:02:54:47 -0500] "GET /BLA/resoluciones/AUTOS%202021/0245.php?act=img&img=download HTTP/1.1" 200 161
18.222.49.177 - - [29/Apr/2024:02:54:47 -0500] "GET /BLA/resoluciones/AUTOS%202023/2856.pdf HTTP/1.1" 200 807237
47.128.119.220 - - [29/Apr/2024:02:54:47 -0500] "GET /BLA/resoluciones/AUTOS%202021/0245.php?act=img&img=ext_ini HTTP/1.1" 200 134
18.222.49.177 - - [29/Apr/2024:02:54:48 -0500] "GET /BLA/resoluciones/RESOLUCIONES%202011/1129.pdf HTTP/1.1" 200 295274
18.118.132.146 - - [29/Apr/2024:02:54:48 -0500] "GET /BLA/resoluciones/RESOLUCIONES%202011/3337.pdf HTTP/1.1" 200 717352
18.118.132.146 - - [29/Apr/2024:02:54:49 -0500] "GET /BLA/resoluciones/AUTOS%202022/3449.pdf HTTP/1.1" 200 398661
18.118.132.146 - - [29/Apr/2024:02:54:49 -0500] "GET /BLA/resoluciones/RESOLUCIONES%202009/1281.pdf HTTP/1.1" 200 115808
18.219.123.232 - - [29/Apr/2024:02:54:50 -0500] "GET /BLA/resoluciones/RESOLUCIONES%202009/6751.pdf HTTP/1.1" 200 512464
52.70.240.171 - - [29/Apr/2024:02:54:49 -0500] "GET /BLA/resoluciones/index.php?dir=AUTOS%202006/AUTOS%202006%201101-1200/&order=asc&sort=date HTTP/1.1" 200 21976
3.146.34.55 - - [29/Apr/2024:02:54:51 -0500] "GET /BLA/resoluciones/AUTOS%202020/1495.pdf HTTP/1.1" 200 759302
3.146.34.55 - - [29/Apr/2024:02:54:52 -0500] "GET /BLA/resoluciones/RESOLUCIONES%202009/1944.pdf HTTP/1.1" 200 414515
3.146.34.55 - - [29/Apr/2024:02:54:52 -0500] "GET /BLA/resoluciones/AUTOS%202020/4000.pdf HTTP/1.1" 200 474917
3.146.34.55 - - [29/Apr/2024:02:54:53 -0500] "GET /BLA/resoluciones/RESOLUCIONES%202011/4252.pdf HTTP/1.1" 200 426176
3.146.34.55 - - [29/Apr/2024:02:54:53 -0500] "GET /BLA/resoluciones/AUTOS%202010/5203.pdf HTTP/1.1" 200 327879
3.146.34.55 - - [29/Apr/2024:02:54:54 -0500] "GET /BLA/resoluciones/RESOLUCIONES%202009/1750.pdf HTTP/1.1" 200 573424
18.119.119.204 - - [29/Apr/2024:02:54:54 -0500] "GET /BLA/resoluciones/RESOLUCIONES%202009/0720.pdf HTTP/1.1" 200 278212
13.59.136.217 - - [29/Apr/2024:02:54:55 -0500] "GET /BLA/resoluciones/AUTOS%202018/0041.pdf HTTP/1.1" 200 266798
23.22.35.162 - - [29/Apr/2024:02:54:55 -0500] "GET /BLA/resoluciones/index.php?dir=AUTOS%202006/AUTOS%202006%201101-1200/&order=desc&sort=date HTTP/1.1" 200 21975
18.119.119.204 - - [29/Apr/2024:02:54:56 -0500] "GET /BLA/resoluciones/AUTOS%202018/4094.pdf HTTP/1.1" 200 267773
13.59.136.217 - - [29/Apr/2024:02:54:56 -0500] "GET /BLA/resoluciones/RESOLUCIONES%202009/6556.pdf HTTP/1.1" 200 85805
13.59.136.217 - - [29/Apr/2024:02:54:57 -0500] "GET /BLA/resoluciones/AUTOS%202022/5101.pdf HTTP/1.1" 200 399439
13.59.136.217 - - [29/Apr/2024:02:54:57 -0500] "GET /BLA/resoluciones/AUTOS%202018/1857.pdf HTTP/1.1" 200 2699061
3.224.220.101 - - [29/Apr/2024:02:54:59 -0500] "GET /BLA/resoluciones/index.php?dir=AUTOS%202006/AUTOS%202006%201101-1200/&order=asc&sort=name HTTP/1.1" 200 21976
3.22.222.134 - - [29/Apr/2024:02:55:00 -0500] "GET /BLA/resoluciones/RESOLUCIONES%202011/5229.pdf HTTP/1.1" 200 399791
3.22.222.134 - - [29/Apr/2024:02:55:01 -0500] "GET /BLA/resoluciones/AUTOS%202022/0779.pdf HTTP/1.1" 200 365755
3.22.222.134 - - [29/Apr/2024:02:55:02 -0500] "GET /BLA/resoluciones/RESOLUCIONES%202020/0005.pdf HTTP/1.1" 200 374921
3.22.222.134 - - [29/Apr/2024:02:55:02 -0500] "GET /BLA/resoluciones/RESOLUCIONES%202011/0233.pdf HTTP/1.1" 200 833506
52.70.240.171 - - [29/Apr/2024:02:55:02 -0500] "GET /BLA/resoluciones/index.php?dir=AUTOS%202006/AUTOS%202006%201101-1200/&order=asc&sort=size HTTP/1.1" 200 21976
3.22.222.134 - - [29/Apr/2024:02:55:03 -0500] "GET /BLA/resoluciones/RESOLUCIONES%202009/6020.pdf HTTP/1.1" 200 486945
3.22.222.134 - - [29/Apr/2024:02:55:03 -0500] "GET /BLA/resoluciones/AUTOS%202023/0234.pdf HTTP/1.1" 200 1894294
3.22.222.134 - - [29/Apr/2024:02:55:04 -0500] "GET /BLA/resoluciones/AUTOS%202023/4145.pdf HTTP/1.1" 200 420059
3.22.222.134 - - [29/Apr/2024:02:55:04 -0500] "GET /BLA/resoluciones/RESOLUCIONES%202009/2655.pdf HTTP/1.1" 200 485294
3.18.102.38 - - [29/Apr/2024:02:55:05 -0500] "GET /BLA/resoluciones/AUTOS%202022/3697.pdf HTTP/1.1" 200 626888
18.226.214.218 - - [29/Apr/2024:02:55:05 -0500] "GET /BLA/resoluciones/RESOLUCIONES%202009/3094.pdf HTTP/1.1" 200 478757
3.18.102.38 - - [29/Apr/2024:02:55:06 -0500] "GET /BLA/resoluciones/AUTOS%202023/0895.pdf HTTP/1.1" 200 894565
23.22.35.162 - - [29/Apr/2024:02:55:06 -0500] "GET /BLA/resoluciones/index.php?dir=AUTOS%202006/AUTOS%202006%201101-1200/&order=desc&sort=size HTTP/1.1" 200 21975
3.18.102.38 - - [29/Apr/2024:02:55:06 -0500] "GET /BLA/resoluciones/AUTOS%202022/0990.pdf HTTP/1.1" 200 375226
3.18.102.38 - - [29/Apr/2024:02:55:07 -0500] "GET /BLA/resoluciones/AUTOS%202022/6415.pdf HTTP/1.1" 200 418368
3.18.102.38 - - [29/Apr/2024:02:55:07 -0500] "GET /BLA/resoluciones/AUTOS%202020/3225.pdf HTTP/1.1" 200 641153
18.216.127.212 - - [29/Apr/2024:02:55:08 -0500] "GET /BLA/resoluciones/RESOLUCIONES%202009/3375.pdf HTTP/1.1" 200 474593
18.216.127.212 - - [29/Apr/2024:02:55:09 -0500] "GET /BLA/resoluciones/RESOLUCIONES%202021/0582.pdf HTTP/1.1" 200 377616
47.128.28.215 - - [29/Apr/2024:02:55:09 -0500] "GET /BLA/resoluciones/AUTOS%202021/0245.php?act=f&d=C%3A%5CAmbienteBogota%5Ccounter%5Cdigits%5Cvert%5C&f=4.png&white=1 HTTP/1.1" 200 779
18.216.127.212 - - [29/Apr/2024:02:55:10 -0500] "GET /BLA/resoluciones/RESOLUCIONES%201995/0090.pdf HTTP/1.1" 200 75817
52.70.240.171 - - [29/Apr/2024:02:55:10 -0500] "GET /BLA/resoluciones/index.php?dir=AUTOS%202006/AUTOS%202006%201101-1200/&order=desc&sort=name HTTP/1.1" 200 21975
3.224.220.101 - - [29/Apr/2024:02:55:14 -0500] "GET /BLA/resoluciones/index.php?dir=AUTOS%202006/AUTOS%202006%201001-1100/ HTTP/1.1" 200 21966
18.225.255.26 - - [29/Apr/2024:02:55:17 -0500] "GET /BLA/resoluciones/RESOLUCIONES%202019/1786.pdf HTTP/1.1" 200 587886
23.22.35.162 - - [29/Apr/2024:02:55:18 -0500] "GET /BLA/resoluciones/AUTOS%202006/AUTOS%202006%201001-1100/INDEX.DAT HTTP/1.1" 200 4000
3.22.114.143 - - [29/Apr/2024:02:55:18 -0500] "GET /BLA/resoluciones/RESOLUCIONES%202009/6696.pdf HTTP/1.1" 200 463854
18.221.156.94 - - [29/Apr/2024:02:55:19 -0500] "GET /BLA/resoluciones/RESOLUCIONES%202009/8854.pdf HTTP/1.1" 200 83363
18.221.156.94 - - [29/Apr/2024:02:55:19 -0500] "GET /BLA/resoluciones/AUTOS%202023/4816.pdf HTTP/1.1" 200 317317
18.221.156.94 - - [29/Apr/2024:02:55:20 -0500] "GET /BLA/resoluciones/RESOLUCIONES%202019/3208.pdf HTTP/1.1" 200 267344
3.22.114.143 - - [29/Apr/2024:02:55:21 -0500] "GET /BLA/resoluciones/AUTOS%202023/1417.pdf HTTP/1.1" 200 432321
3.22.114.143 - - [29/Apr/2024:02:55:21 -0500] "GET /BLA/resoluciones/RESOLUCIONES%202011/0694.pdf HTTP/1.1" 200 282879
3.22.114.143 - - [29/Apr/2024:02:55:22 -0500] "GET /BLA/resoluciones/RESOLUCIONES%202009/4116.pdf HTTP/1.1" 200 673048
3.134.83.15 - - [29/Apr/2024:02:55:22 -0500] "GET /BLA/resoluciones/AUTOS%202022/4563.pdf HTTP/1.1" 200 433074
52.70.240.171 - - [29/Apr/2024:02:55:22 -0500] "GET /BLA/resoluciones/index.php?dir=AUTOS%202006/AUTOS%202006%201001-1100/&order=asc&sort=date HTTP/1.1" 200 21966
3.134.83.15 - - [29/Apr/2024:02:55:23 -0500] "GET /BLA/resoluciones/RESOLUCIONES%202020/2639.pdf HTTP/1.1" 200 531174
3.134.83.15 - - [29/Apr/2024:02:55:24 -0500] "GET /BLA/resoluciones/RESOLUCIONES%202019/3785.pdf HTTP/1.1" 200 606959
3.134.83.15 - - [29/Apr/2024:02:55:24 -0500] "GET /BLA/resoluciones/AUTOS%202018/4101.pdf HTTP/1.1" 200 266878
52.167.144.222 - - [29/Apr/2024:02:55:27 -0500] "GET /sia/ HTTP/1.1" 200 2661
3.224.220.101 - - [29/Apr/2024:02:55:27 -0500] "GET /BLA/resoluciones/index.php?dir=AUTOS%202006/AUTOS%202006%201001-1100/&order=desc&sort=date HTTP/1.1" 200 21965
23.22.35.162 - - [29/Apr/2024:02:55:30 -0500] "GET /BLA/resoluciones/index.php?dir=AUTOS%202006/AUTOS%202006%201001-1100/&order=asc&sort=name HTTP/1.1" 200 21966
3.17.166.149 - - [29/Apr/2024:02:55:30 -0500] "GET /BLA/resoluciones/RESOLUCIONES%202020/2653.pdf HTTP/1.1" 200 323456
3.17.166.149 - - [29/Apr/2024:02:55:31 -0500] "GET /BLA/resoluciones/RESOLUCIONES%202009/4079.pdf HTTP/1.1" 200 734094
3.224.220.101 - - [29/Apr/2024:02:55:34 -0500] "GET /BLA/resoluciones/index.php?dir=AUTOS%202006/AUTOS%202006%201001-1100/&order=asc&sort=size HTTP/1.1" 200 21966
47.128.39.95 - - [29/Apr/2024:02:55:34 -0500] "GET /BLA/resoluciones/AUTOS%202021/0245.php?act=f&d=E%3A%5Cnuevo%5Chtdocs%5CResiduos%5Cfarmaceutica%5Cimages%5C&f=page106_thumbnail.jpg HTTP/1.1" 200 16408
47.128.39.95 - - [29/Apr/2024:02:55:35 -0500] "GET /BLA/resoluciones/AUTOS%202021/0245.php?act=img&img=ext_txt HTTP/1.1" 200 132
47.128.39.95 - - [29/Apr/2024:02:55:35 -0500] "GET /BLA/resoluciones/AUTOS%202021/0245.php?act=img&img=ext_jpg HTTP/1.1" 200 175
47.128.39.95 - - [29/Apr/2024:02:55:35 -0500] "GET /BLA/resoluciones/AUTOS%202021/0245.php?act=img&img=ext_html HTTP/1.1" 200 230
47.128.39.95 - - [29/Apr/2024:02:55:35 -0500] "GET /BLA/resoluciones/AUTOS%202021/0245.php?act=img&img=ext_diz HTTP/1.1" 200 1027
47.128.39.95 - - [29/Apr/2024:02:55:35 -0500] "GET /BLA/resoluciones/AUTOS%202021/0245.php?act=img&img=download HTTP/1.1" 200 161
47.128.39.95 - - [29/Apr/2024:02:55:35 -0500] "GET /BLA/resoluciones/AUTOS%202021/0245.php?act=img&img=ext_exe HTTP/1.1" 200 118
3.134.98.15 - - [29/Apr/2024:02:55:36 -0500] "GET /BLA/resoluciones/RESOLUCIONES%202021/1927.pdf HTTP/1.1" 200 317458
47.128.39.95 - - [29/Apr/2024:02:55:36 -0500] "GET /BLA/resoluciones/AUTOS%202021/0245.php?act=img&img=ext_ini HTTP/1.1" 200 134
47.128.39.95 - - [29/Apr/2024:02:55:36 -0500] "GET /BLA/resoluciones/AUTOS%202021/0245.php?act=img&img=ext_gif HTTP/1.1" 200 175
47.128.39.95 - - [29/Apr/2024:02:55:36 -0500] "GET /BLA/resoluciones/AUTOS%202021/0245.php?act=img&img=change HTTP/1.1" 200 290
47.128.39.95 - - [29/Apr/2024:02:55:36 -0500] "GET /BLA/resoluciones/AUTOS%202021/0245.php?act=img&img=ext_rtf HTTP/1.1" 200 164
18.224.179.54 - - [29/Apr/2024:02:55:36 -0500] "GET /BLA/resoluciones/RESOLUCIONES%202009/3119.pdf HTTP/1.1" 200 478773
3.134.98.15 - - [29/Apr/2024:02:55:37 -0500] "GET /BLA/resoluciones/RESOLUCIONES%202011/2201.pdf HTTP/1.1" 200 512465
3.134.98.15 - - [29/Apr/2024:02:55:37 -0500] "GET /BLA/resoluciones/RESOLUCIONES%202009/7438.pdf HTTP/1.1" 200 237139
3.224.220.101 - - [29/Apr/2024:02:55:37 -0500] "GET /BLA/resoluciones/index.php?dir=AUTOS%202006/AUTOS%202006%201001-1100/&order=desc&sort=size HTTP/1.1" 200 21965
3.134.98.15 - - [29/Apr/2024:02:55:38 -0500] "GET /BLA/resoluciones/RESOLUCIONES%202009/6657.pdf HTTP/1.1" 200 495125
3.134.98.15 - - [29/Apr/2024:02:55:39 -0500] "GET /BLA/resoluciones/RESOLUCIONES%202016/1644.pdf HTTP/1.1" 200 893205
3.134.98.15 - - [29/Apr/2024:02:55:39 -0500] "GET /BLA/resoluciones/AUTOS%202010/5474.pdf HTTP/1.1" 200 374130
18.224.179.54 - - [29/Apr/2024:02:55:40 -0500] "GET /BLA/resoluciones/AUTOS%202020/4260.pdf HTTP/1.1" 200 345280
18.224.179.54 - - [29/Apr/2024:02:55:40 -0500] "GET /BLA/resoluciones/RESOLUCIONES%202011/0872.pdf HTTP/1.1" 200 256913
18.224.179.54 - - [29/Apr/2024:02:55:41 -0500] "GET /BLA/resoluciones/AUTOS%202018/1006.pdf HTTP/1.1" 200 230757
18.224.179.54 - - [29/Apr/2024:02:55:41 -0500] "GET /BLA/resoluciones/RESOLUCIONES%202020/0475.pdf HTTP/1.1" 200 313052
23.22.35.162 - - [29/Apr/2024:02:55:41 -0500] "GET /BLA/resoluciones/index.php?dir=AUTOS%202006/AUTOS%202006%201001-1100/&order=desc&sort=name HTTP/1.1" 200 21965
18.224.179.54 - - [29/Apr/2024:02:55:42 -0500] "GET /BLA/resoluciones/RESOLUCIONES%202021/4554.pdf HTTP/1.1" 200 359318
216.245.221.92 - - [29/Apr/2024:02:55:42 -0500] "HEAD / HTTP/1.1" 200 -
3.224.220.101 - - [29/Apr/2024:02:55:46 -0500] "GET /BLA/resoluciones/index.php?dir=AUTOS%202006/AUTOS%202006%20901-1000/ HTTP/1.1" 200 21877
3.17.25.60 - - [29/Apr/2024:02:55:48 -0500] "GET /BLA/resoluciones/RESOLUCIONES%202009/2012.pdf HTTP/1.1" 200 425632
3.17.25.60 - - [29/Apr/2024:02:55:49 -0500] "GET /BLA/resoluciones/AUTOS%202023/02512.pdf HTTP/1.1" 200 600874
3.17.25.60 - - [29/Apr/2024:02:55:49 -0500] "GET /BLA/resoluciones/RESOLUCIONES%202021/2053.pdf HTTP/1.1" 200 371521
3.17.25.60 - - [29/Apr/2024:02:55:50 -0500] "GET /BLA/resoluciones/RESOLUCIONES%202016/0311.pdf HTTP/1.1" 200 917715
52.70.240.171 - - [29/Apr/2024:02:55:50 -0500] "GET /BLA/resoluciones/AUTOS%202006/AUTOS%202006%20901-1000/INDEX.DAT HTTP/1.1" 200 4000
3.17.25.60 - - [29/Apr/2024:02:55:50 -0500] "GET /BLA/resoluciones/RESOLUCIONES%202011/0957.pdf HTTP/1.1" 200 70507
3.17.25.60 - - [29/Apr/2024:02:55:51 -0500] "GET /BLA/resoluciones/AUTOS%202023/1616.pdf HTTP/1.1" 200 403945
18.116.164.246 - - [29/Apr/2024:02:55:51 -0500] "GET /BLA/resoluciones/RESOLUCIONES%202009/6176.pdf HTTP/1.1" 200 656194
3.16.50.75 - - [29/Apr/2024:02:55:52 -0500] "GET /BLA/resoluciones/RESOLUCIONES%202009/0114.pdf HTTP/1.1" 200 188468
18.224.251.139 - - [29/Apr/2024:02:55:53 -0500] "GET /BLA/resoluciones/RESOLUCIONES%202011/2710.pdf HTTP/1.1" 200 767308
18.216.224.168 - - [29/Apr/2024:02:55:53 -0500] "GET /BLA/resoluciones/RESOLUCIONES%202009/8703.pdf HTTP/1.1" 200 417181
3.138.35.149 - - [29/Apr/2024:02:55:54 -0500] "GET /BLA/resoluciones/AUTOS%202023/4973.pdf HTTP/1.1" 200 331478
23.22.35.162 - - [29/Apr/2024:02:55:54 -0500] "GET /BLA/resoluciones/index.php?dir=AUTOS%202006/AUTOS%202006%20901-1000/&order=asc&sort=date HTTP/1.1" 200 21877
18.116.164.246 - - [29/Apr/2024:02:55:54 -0500] "GET /BLA/resoluciones/RESOLUCIONES%202009/3783.pdf HTTP/1.1" 200 408848
18.116.164.246 - - [29/Apr/2024:02:55:55 -0500] "GET /BLA/resoluciones/RESOLUCIONES%202009/2724.pdf HTTP/1.1" 200 409265
18.116.164.246 - - [29/Apr/2024:02:55:55 -0500] "GET /BLA/resoluciones/RESOLUCIONES%202003/2173.pdf HTTP/1.1" 200 215955
18.116.164.246 - - [29/Apr/2024:02:55:56 -0500] "GET /BLA/resoluciones/AUTOS%202023/5190.pdf HTTP/1.1" 200 876260
18.224.251.139 - - [29/Apr/2024:02:55:56 -0500] "GET /BLA/resoluciones/AUTOS%202010/3258.pdf HTTP/1.1" 200 734668
18.224.251.139 - - [29/Apr/2024:02:55:57 -0500] "GET /BLA/resoluciones/RESOLUCIONES%202009/9606.pdf HTTP/1.1" 200 393535
18.224.251.139 - - [29/Apr/2024:02:55:57 -0500] "GET /BLA/resoluciones/RESOLUCIONES%202021/4138.pdf HTTP/1.1" 200 338189
18.224.251.139 - - [29/Apr/2024:02:55:58 -0500] "GET /BLA/resoluciones/RESOLUCIONES%202020/2490.pdf HTTP/1.1" 200 391247
3.16.50.75 - - [29/Apr/2024:02:55:58 -0500] "GET /BLA/resoluciones/AUTOS%202010/6700.pdf HTTP/1.1" 200 189976
47.128.62.70 - - [29/Apr/2024:02:55:58 -0500] "GET /BLA/resoluciones/AUTOS%202021/0245.php?act=processes&d=E%3A%5Cnuevo%5Chtdocs%5Ccumbredelclima%5Cwp-includes%5Cjs%5Ctinymce%5Cplugins%5Ccolorpicker%5C&processes_sort=2a HTTP/1.1" 200 3726
3.16.50.75 - - [29/Apr/2024:02:55:59 -0500] "GET /BLA/resoluciones/AUTOS%202023/1828.pdf HTTP/1.1" 200 480208
3.224.220.101 - - [29/Apr/2024:02:55:59 -0500] "GET /BLA/resoluciones/index.php?dir=AUTOS%202006/AUTOS%202006%20901-1000/&order=desc&sort=date HTTP/1.1" 200 21876
3.16.50.75 - - [29/Apr/2024:02:55:59 -0500] "GET /BLA/resoluciones/RESOLUCIONES%202019/0980.pdf HTTP/1.1" 200 388741
3.16.50.75 - - [29/Apr/2024:02:56:00 -0500] "GET /BLA/resoluciones/RESOLUCIONES%202021/1144.pdf HTTP/1.1" 200 323876
18.217.118.213 - - [29/Apr/2024:02:56:00 -0500] "GET /BLA/resoluciones/RESOLUCIONES%202009/2200.pdf HTTP/1.1" 200 637288
18.217.12.173 - - [29/Apr/2024:02:56:01 -0500] "GET /BLA/resoluciones/AUTOS%202023/0751.pdf HTTP/1.1" 200 2245645
18.217.118.213 - - [29/Apr/2024:02:56:02 -0500] "GET /BLA/resoluciones/AUTOS%202023/4344.pdf HTTP/1.1" 200 413797
23.22.35.162 - - [29/Apr/2024:02:56:02 -0500] "GET /BLA/resoluciones/index.php?dir=AUTOS%202006/AUTOS%202006%20901-1000/&order=asc&sort=name HTTP/1.1" 200 21877
18.217.118.213 - - [29/Apr/2024:02:56:02 -0500] "GET /BLA/resoluciones/RESOLUCIONES%202009/1045.pdf HTTP/1.1" 200 202973
18.217.118.213 - - [29/Apr/2024:02:56:03 -0500] "GET /BLA/resoluciones/RESOLUCIONES%202011/0812.pdf HTTP/1.1" 200 602362
66.249.66.38 - - [29/Apr/2024:02:56:03 -0500] "GET /como-obtener-el-certificado-de-estado-de-conservacion-ambiental-ceca.html HTTP/1.1" 200 873
18.217.12.173 - - [29/Apr/2024:02:56:04 -0500] "GET /BLA/resoluciones/AUTOS%202020/1481.pdf HTTP/1.1" 200 609016
18.116.80.2 - - [29/Apr/2024:02:56:05 -0500] "GET /BLA/resoluciones/AUTOS%202022/1261.pdf HTTP/1.1" 200 413976
23.22.35.162 - - [29/Apr/2024:02:56:06 -0500] "GET /BLA/resoluciones/index.php?dir=AUTOS%202006/AUTOS%202006%20901-1000/&order=asc&sort=size HTTP/1.1" 200 21877
18.116.80.2 - - [29/Apr/2024:02:56:06 -0500] "GET /BLA/resoluciones/AUTOS%202018/0603.pdf HTTP/1.1" 200 291100
23.22.35.162 - - [29/Apr/2024:02:56:09 -0500] "GET /BLA/resoluciones/index.php?dir=AUTOS%202006/AUTOS%202006%20901-1000/&order=desc&sort=size HTTP/1.1" 200 21876
52.70.240.171 - - [29/Apr/2024:02:56:14 -0500] "GET /BLA/resoluciones/index.php?dir=AUTOS%202006/AUTOS%202006%20901-1000/&order=desc&sort=name HTTP/1.1" 200 21876
18.216.62.43 - - [29/Apr/2024:02:56:14 -0500] "GET /BLA/resoluciones/RESOLUCIONES%202011/1798.pdf HTTP/1.1" 200 517494
3.133.83.109 - - [29/Apr/2024:02:56:15 -0500] "GET /BLA/resoluciones/RESOLUCIONES%202011/3341.pdf HTTP/1.1" 200 707796
18.216.62.43 - - [29/Apr/2024:02:56:16 -0500] "GET /BLA/resoluciones/AUTOS%202010/1478.pdf HTTP/1.1" 200 279727
18.216.62.43 - - [29/Apr/2024:02:56:16 -0500] "GET /BLA/resoluciones/AUTOS%202018/2661.pdf HTTP/1.1" 200 305389
18.216.62.43 - - [29/Apr/2024:02:56:17 -0500] "GET /BLA/resoluciones/AUTOS%202010/4856.pdf HTTP/1.1" 200 249835
3.224.220.101 - - [29/Apr/2024:02:56:17 -0500] "GET /BLA/resoluciones/index.php?dir=AUTOS%202006/&order=asc&sort=date HTTP/1.1" 200 9681
3.139.236.178 - - [29/Apr/2024:02:56:21 -0500] "GET /BLA/resoluciones/RESOLUCIONES%202019/2738.pdf HTTP/1.1" 200 442292
18.218.12.180 - - [29/Apr/2024:02:56:22 -0500] "GET /BLA/resoluciones/RESOLUCIONES%202009/4250.pdf HTTP/1.1" 200 524383
23.22.35.162 - - [29/Apr/2024:02:56:22 -0500] "GET /BLA/resoluciones/index.php?dir=AUTOS%202006/&order=desc&sort=date HTTP/1.1" 200 9680
3.139.236.178 - - [29/Apr/2024:02:56:22 -0500] "GET /BLA/resoluciones/AUTOS%202010/3882.pdf HTTP/1.1" 200 32120
47.128.111.252 - - [29/Apr/2024:02:56:22 -0500] "GET /BLA/resoluciones/AUTOS%202021/0245.php?act=f&d=C%3A%5CAmbienteBogota%5Ccounter%5Cdigits%5Ckatt165%5C&f=9.png&white=1 HTTP/1.1" 200 1033
3.139.236.178 - - [29/Apr/2024:02:56:23 -0500] "GET /BLA/resoluciones/RESOLUCIONES%202011/2855.pdf HTTP/1.1" 200 761394
18.117.102.150 - - [29/Apr/2024:02:56:24 -0500] "GET /BLA/resoluciones/RESOLUCIONES%202009/0959.pdf HTTP/1.1" 200 542684
18.218.12.180 - - [29/Apr/2024:02:56:24 -0500] "GET /BLA/resoluciones/RESOLUCIONES%202011/2164.pdf HTTP/1.1" 200 515595
18.218.12.180 - - [29/Apr/2024:02:56:25 -0500] "GET /BLA/resoluciones/AUTOS%202023/3382.pdf HTTP/1.1" 200 1157461
40.77.167.19 - - [29/Apr/2024:02:56:25 -0500] "GET /css/date_blue.css HTTP/1.1" 404 1018
18.218.12.180 - - [29/Apr/2024:02:56:25 -0500] "GET /BLA/resoluciones/RESOLUCIONES%202009/4462.pdf HTTP/1.1" 200 508007
40.77.167.19 - - [29/Apr/2024:02:56:25 -0500] "GET /css/textos.css HTTP/1.1" 404 1018
18.117.102.150 - - [29/Apr/2024:02:56:26 -0500] "GET /BLA/resoluciones/RESOLUCIONES%202020/0504.pdf HTTP/1.1" 200 389661
18.217.158.214 - - [29/Apr/2024:02:56:27 -0500] "GET /BLA/resoluciones/RESOLUCIONES%202009/4755.pdf HTTP/1.1" 200 592803
172.22.2.4 - - [29/Apr/2024:02:54:47 -0500] "HEAD /BLA/boletinlegal/ HTTP/1.1" 200 -
18.117.102.150 - - [29/Apr/2024:02:56:27 -0500] "GET /BLA/resoluciones/RESOLUCIONES%202009/5802.pdf HTTP/1.1" 200 534683
18.217.158.214 - - [29/Apr/2024:02:56:28 -0500] "GET /BLA/resoluciones/AUTOS%202018/5025.pdf HTTP/1.1" 200 258381
18.217.158.214 - - [29/Apr/2024:02:56:28 -0500] "GET /BLA/resoluciones/AUTOS%202023/1874.pdf HTTP/1.1" 200 611211
40.77.167.54 - - [29/Apr/2024:02:56:28 -0500] "GET /css/bordes.css HTTP/1.1" 404 1018
18.217.158.214 - - [29/Apr/2024:02:56:29 -0500] "GET /BLA/resoluciones/AUTOS%202018/1437.pdf HTTP/1.1" 200 237840
23.22.35.162 - - [29/Apr/2024:02:56:29 -0500] "GET /BLA/resoluciones/index.php?dir=AUTOS%202006/&order=asc&sort=name HTTP/1.1" 200 9681
18.217.158.214 - - [29/Apr/2024:02:56:29 -0500] "GET /BLA/resoluciones/AUTOS%202022/1703.pdf HTTP/1.1" 200 642599
18.217.158.214 - - [29/Apr/2024:02:56:30 -0500] "GET /BLA/resoluciones/AUTOS%202020/1678.pdf HTTP/1.1" 200 1234139
23.22.35.162 - - [29/Apr/2024:02:56:30 -0500] "GET /BLA/resoluciones/index.php?dir=AUTOS%202006/&order=asc&sort=size HTTP/1.1" 200 9681
52.167.144.222 - - [29/Apr/2024:02:56:30 -0500] "GET /css/fondos.css HTTP/1.1" 404 1018
18.117.102.150 - - [29/Apr/2024:02:56:30 -0500] "GET /BLA/resoluciones/AUTOS%202022/4189.pdf HTTP/1.1" 200 464178
18.117.102.150 - - [29/Apr/2024:02:56:31 -0500] "GET /BLA/resoluciones/RESOLUCIONES%202021/0890.pdf HTTP/1.1" 200 498349
18.117.102.150 - - [29/Apr/2024:02:56:31 -0500] "GET /BLA/resoluciones/AUTOS%202020/0402.pdf HTTP/1.1" 200 373082
18.117.141.50 - - [29/Apr/2024:02:56:32 -0500] "GET /BLA/resoluciones/RESOLUCIONES%202011/0895.pdf HTTP/1.1" 200 342815
18.216.148.0 - - [29/Apr/2024:02:56:33 -0500] "GET /BLA/resoluciones/RESOLUCIONES%202009/5955.pdf HTTP/1.1" 200 527721
18.117.141.50 - - [29/Apr/2024:02:56:33 -0500] "GET /BLA/resoluciones/RESOLUCIONES%202009/9150.pdf HTTP/1.1" 200 439103
18.117.141.50 - - [29/Apr/2024:02:56:34 -0500] "GET /BLA/resoluciones/AUTOS%202020/4536.pdf HTTP/1.1" 200 367867
18.117.141.50 - - [29/Apr/2024:02:56:34 -0500] "GET /BLA/resoluciones/RESOLUCIONES%202011/2341.pdf HTTP/1.1" 200 289640
52.70.240.171 - - [29/Apr/2024:02:56:34 -0500] "GET /BLA/resoluciones/index.php?dir=AUTOS%202006/&order=desc&sort=size HTTP/1.1" 200 9680
18.216.148.0 - - [29/Apr/2024:02:56:35 -0500] "GET /BLA/resoluciones/RESOLUCIONES%202020/1224.pdf HTTP/1.1" 200 349837
3.131.135.101 - - [29/Apr/2024:02:56:37 -0500] "GET /BLA/resoluciones/RESOLUCIONES%202011/0269.pdf HTTP/1.1" 200 61330
23.22.35.162 - - [29/Apr/2024:02:56:37 -0500] "GET /BLA/resoluciones/index.php?dir=AUTOS%202006/&order=desc&sort=name HTTP/1.1" 200 9680
3.131.135.101 - - [29/Apr/2024:02:56:38 -0500] "GET /BLA/resoluciones/AUTOS%202023/3318.pdf HTTP/1.1" 200 584094
3.131.135.101 - - [29/Apr/2024:02:56:39 -0500] "GET /BLA/resoluciones/AUTOS%202023/1844.pdf HTTP/1.1" 200 329894
3.131.135.101 - - [29/Apr/2024:02:56:39 -0500] "GET /BLA/resoluciones/AUTOS%202018/4442.pdf HTTP/1.1" 200 287361
3.131.135.101 - - [29/Apr/2024:02:56:40 -0500] "GET /BLA/resoluciones/AUTOS%202018/0428.pdf HTTP/1.1" 200 321611
3.131.135.101 - - [29/Apr/2024:02:56:40 -0500] "GET /BLA/resoluciones/RESOLUCIONES%202021/1605.pdf HTTP/1.1" 200 361482
18.217.191.156 - - [29/Apr/2024:02:56:41 -0500] "GET /BLA/resoluciones/AUTOS%202020/5002.pdf HTTP/1.1" 200 399311
18.217.191.156 - - [29/Apr/2024:02:56:42 -0500] "GET /BLA/resoluciones/RESOLUCIONES%202009/7895.pdf HTTP/1.1" 200 686068
18.217.191.156 - - [29/Apr/2024:02:56:43 -0500] "GET /BLA/resoluciones/RESOLUCIONES%202021/1378.pdf HTTP/1.1" 200 373796
18.217.191.156 - - [29/Apr/2024:02:56:43 -0500] "GET /BLA/resoluciones/AUTOS%202022/7591.pdf HTTP/1.1" 200 325279
18.217.191.156 - - [29/Apr/2024:02:56:44 -0500] "GET /BLA/resoluciones/AUTOS%202020/4862.pdf HTTP/1.1" 200 417061
52.70.240.171 - - [29/Apr/2024:02:56:42 -0500] "GET /BLA/resoluciones/index.php?dir=AUTOS%202008/&order=desc&sort=size HTTP/1.1" 200 569643
3.140.186.22 - - [29/Apr/2024:02:56:44 -0500] "GET /BLA/resoluciones/RESOLUCIONES%202009/9486.pdf HTTP/1.1" 200 831296
3.140.186.22 - - [29/Apr/2024:02:56:45 -0500] "GET /BLA/resoluciones/RESOLUCIONES%202011/5687.pdf HTTP/1.1" 200 576622
3.140.186.22 - - [29/Apr/2024:02:56:46 -0500] "GET /BLA/resoluciones/AUTOS%202020/4367.pdf HTTP/1.1" 200 388869
3.140.186.22 - - [29/Apr/2024:02:56:46 -0500] "GET /BLA/resoluciones/RESOLUCIONES%202009/1409.pdf HTTP/1.1" 200 345322
47.128.122.157 - - [29/Apr/2024:02:56:47 -0500] "GET /BLA/resoluciones/AUTOS%202021/0245.php?act=f&f=page60_thumbnail.jpg&imgsize=50 HTTP/1.1" 200 2750
3.224.220.101 - - [29/Apr/2024:02:56:46 -0500] "GET /BLA/resoluciones/index.php?dir=AUTOS%202008/&order=desc&sort=date HTTP/1.1" 200 569643
13.59.137.248 - - [29/Apr/2024:02:56:48 -0500] "GET /BLA/resoluciones/AUTOS%202010/6607.pdf HTTP/1.1" 200 148421
13.59.137.248 - - [29/Apr/2024:02:56:49 -0500] "GET /BLA/resoluciones/AUTOS%202010/5988.pdf HTTP/1.1" 200 225566
13.59.137.248 - - [29/Apr/2024:02:56:50 -0500] "GET /BLA/resoluciones/AUTOS%202022/2561.pdf HTTP/1.1" 200 594209
3.224.220.101 - - [29/Apr/2024:02:56:49 -0500] "GET /BLA/resoluciones/index.php?dir=AUTOS%202008/&order=asc&sort=name HTTP/1.1" 200 569644
201.245.192.253 - - [29/Apr/2024:02:56:54 -0500] "POST /kwsrmcab/Wsrmcab  HTTP/1.1" 200 41015
3.224.220.101 - - [29/Apr/2024:02:56:56 -0500] "GET /BLA/resoluciones/index.php?dir=AUTOS%202008/&order=desc&sort=name HTTP/1.1" 200 569643
52.70.240.171 - - [29/Apr/2024:02:56:58 -0500] "GET /BLA/resoluciones/index.php?dir=AUTOS%202011/&order=asc&sort=date HTTP/1.1" 200 638566
3.129.92.231 - - [29/Apr/2024:02:57:03 -0500] "GET /BLA/resoluciones/AUTOS%202010/1413.pdf HTTP/1.1" 200 237473
23.22.35.162 - - [29/Apr/2024:02:57:03 -0500] "GET /BLA/resoluciones/index.php?dir=AUTOS%202011/&order=asc&sort=size HTTP/1.1" 200 638566
13.58.93.51 - - [29/Apr/2024:02:57:05 -0500] "GET /BLA/resoluciones/AUTOS%202023/1205.pdf HTTP/1.1" 200 400426
13.58.93.51 - - [29/Apr/2024:02:57:06 -0500] "GET /BLA/resoluciones/RESOLUCIONES%202019/3037.pdf HTTP/1.1" 200 5412932
23.22.35.162 - - [29/Apr/2024:02:57:05 -0500] "GET /BLA/resoluciones/index.php?dir=AUTOS%202011/&order=desc&sort=name HTTP/1.1" 200 638565
13.58.93.51 - - [29/Apr/2024:02:57:07 -0500] "GET /BLA/resoluciones/RESOLUCIONES%202019/1512.pdf HTTP/1.1" 200 252378
13.58.93.51 - - [29/Apr/2024:02:57:08 -0500] "GET /BLA/resoluciones/AUTOS%202018/0399.pdf HTTP/1.1" 200 341134
18.222.197.243 - - [29/Apr/2024:02:57:11 -0500] "GET /BLA/resoluciones/AUTOS%202023/5791.pdf HTTP/1.1" 200 440714
23.22.35.162 - - [29/Apr/2024:02:57:10 -0500] "GET /BLA/resoluciones/index.php?dir=AUTOS%202010/&order=asc&sort=date HTTP/1.1" 200 282346
18.222.197.243 - - [29/Apr/2024:02:57:12 -0500] "GET /BLA/resoluciones/AUTOS%202010/5274.pdf HTTP/1.1" 200 252089
18.222.197.243 - - [29/Apr/2024:02:57:12 -0500] "GET /BLA/resoluciones/RESOLUCIONES%202009/8454.pdf HTTP/1.1" 200 134266
47.128.98.230 - - [29/Apr/2024:02:57:12 -0500] "GET /BLA/resoluciones/AUTOS%202021/0245.php?act=f&d=E%3A%5Cnuevo%5Chtdocs%5Ccumbreclima%5Cwp-includes%5Cjs%5C&f=utils.js HTTP/1.1" 200 4606
18.222.197.243 - - [29/Apr/2024:02:57:13 -0500] "GET /BLA/resoluciones/RESOLUCIONES%202011/3616.pdf HTTP/1.1" 200 511510
47.128.98.230 - - [29/Apr/2024:02:57:13 -0500] "GET /BLA/resoluciones/AUTOS%202021/0245.php?act=img&img=ext_js HTTP/1.1" 200 131
47.128.98.230 - - [29/Apr/2024:02:57:13 -0500] "GET /BLA/resoluciones/AUTOS%202021/0245.php?act=img&img=ext_gif HTTP/1.1" 200 175
47.128.98.230 - - [29/Apr/2024:02:57:13 -0500] "GET /BLA/resoluciones/AUTOS%202021/0245.php?act=img&img=ext_html HTTP/1.1" 200 230
47.128.98.230 - - [29/Apr/2024:02:57:13 -0500] "GET /BLA/resoluciones/AUTOS%202021/0245.php?act=img&img=ext_diz HTTP/1.1" 200 1027
47.128.98.230 - - [29/Apr/2024:02:57:13 -0500] "GET /BLA/resoluciones/AUTOS%202021/0245.php?act=img&img=ext_txt HTTP/1.1" 200 132
47.128.98.230 - - [29/Apr/2024:02:57:13 -0500] "GET /BLA/resoluciones/AUTOS%202021/0245.php?act=img&img=ext_exe HTTP/1.1" 200 118
47.128.98.230 - - [29/Apr/2024:02:57:14 -0500] "GET /BLA/resoluciones/AUTOS%202021/0245.php?act=img&img=ext_rtf HTTP/1.1" 200 164
3.147.193.245 - - [29/Apr/2024:02:57:14 -0500] "GET /BLA/resoluciones/RESOLUCIONES%202009/1636.pdf HTTP/1.1" 200 379115
47.128.98.230 - - [29/Apr/2024:02:57:14 -0500] "GET /BLA/resoluciones/AUTOS%202021/0245.php?act=img&img=ext_ini HTTP/1.1" 200 134
47.128.98.230 - - [29/Apr/2024:02:57:14 -0500] "GET /BLA/resoluciones/AUTOS%202021/0245.php?act=img&img=change HTTP/1.1" 200 290
47.128.98.230 - - [29/Apr/2024:02:57:14 -0500] "GET /BLA/resoluciones/AUTOS%202021/0245.php?act=img&img=download HTTP/1.1" 200 161
3.147.193.245 - - [29/Apr/2024:02:57:15 -0500] "GET /BLA/resoluciones/AUTOS%202020/4745.pdf HTTP/1.1" 200 440929
3.147.193.245 - - [29/Apr/2024:02:57:15 -0500] "GET /BLA/resoluciones/RESOLUCIONES%202021/5109.pdf HTTP/1.1" 200 350922
3.147.193.245 - - [29/Apr/2024:02:57:16 -0500] "GET /BLA/resoluciones/AUTOS%202018/6813.pdf HTTP/1.1" 200 246643
52.70.240.171 - - [29/Apr/2024:02:57:14 -0500] "GET /BLA/resoluciones/index.php?dir=AUTOS%202011/&order=desc&sort=size HTTP/1.1" 200 638565
172.22.2.4 - - [29/Apr/2024:02:55:38 -0500] "GET /BLA/boletinlegal/ HTTP/1.1" 200 57889
13.58.177.221 - - [29/Apr/2024:02:57:19 -0500] "GET /BLA/resoluciones/RESOLUCIONES%202021/1671.pdf HTTP/1.1" 200 373126
52.70.240.171 - - [29/Apr/2024:02:57:18 -0500] "GET /BLA/resoluciones/index.php?dir=AUTOS%202011/&order=desc&sort=date HTTP/1.1" 200 638565
13.58.177.221 - - [29/Apr/2024:02:57:20 -0500] "GET /BLA/resoluciones/AUTOS%202022/2150.pdf HTTP/1.1" 200 405047
13.58.177.221 - - [29/Apr/2024:02:57:20 -0500] "GET /BLA/resoluciones/RESOLUCIONES%202009/4127.pdf HTTP/1.1" 200 655670
13.58.177.221 - - [29/Apr/2024:02:57:21 -0500] "GET /BLA/resoluciones/RESOLUCIONES%202011/5139.pdf HTTP/1.1" 200 507556
23.22.35.162 - - [29/Apr/2024:02:57:23 -0500] "GET /BLA/resoluciones/index.php?dir=AUTOS%202010/&order=desc&sort=date HTTP/1.1" 200 282345
52.70.240.171 - - [29/Apr/2024:02:57:26 -0500] "GET /BLA/resoluciones/index.php?dir=AUTOS%202010/&order=asc&sort=name HTTP/1.1" 200 282346
3.138.32.9 - - [29/Apr/2024:02:57:28 -0500] "GET /BLA/resoluciones/AUTOS%202022/8498.pdf HTTP/1.1" 200 490658
3.138.32.9 - - [29/Apr/2024:02:57:29 -0500] "GET /BLA/resoluciones/AUTOS%202022/2945.pdf HTTP/1.1" 200 369432
3.139.106.117 - - [29/Apr/2024:02:57:30 -0500] "GET /BLA/resoluciones/RESOLUCIONES%202021/3118.pdf HTTP/1.1" 200 346833
18.216.154.7 - - [29/Apr/2024:02:57:31 -0500] "GET /BLA/resoluciones/AUTOS%202023/3479.pdf HTTP/1.1" 200 419310
3.137.209.225 - - [29/Apr/2024:02:57:32 -0500] "GET /BLA/resoluciones/AUTOS%202022/4799.pdf HTTP/1.1" 200 2838794
18.216.154.7 - - [29/Apr/2024:02:57:32 -0500] "GET /BLA/resoluciones/RESOLUCIONES%202016/0330.pdf HTTP/1.1" 200 710687
3.137.209.225 - - [29/Apr/2024:02:57:33 -0500] "GET /BLA/resoluciones/RESOLUCIONES%202019/3597.pdf HTTP/1.1" 200 295388
3.224.220.101 - - [29/Apr/2024:02:57:32 -0500] "GET /BLA/resoluciones/index.php?dir=AUTOS%202011/&order=asc&sort=name HTTP/1.1" 200 638566
3.137.209.225 - - [29/Apr/2024:02:57:34 -0500] "GET /BLA/resoluciones/AUTOS%202023/5941.pdf HTTP/1.1" 200 492168
18.226.169.116 - - [29/Apr/2024:02:57:34 -0500] "GET /BLA/resoluciones/RESOLUCIONES%202021/01466.pdf HTTP/1.1" 200 341117
3.224.220.101 - - [29/Apr/2024:02:57:34 -0500] "GET /BLA/resoluciones/index.php?dir=AUTOS%202010/&order=asc&sort=size HTTP/1.1" 200 282346
18.226.169.116 - - [29/Apr/2024:02:57:35 -0500] "GET /BLA/resoluciones/RESOLUCIONES%202019/2328.pdf HTTP/1.1" 200 279050
18.226.169.116 - - [29/Apr/2024:02:57:36 -0500] "GET /BLA/resoluciones/AUTOS%202010/4393.pdf HTTP/1.1" 200 142279
18.219.178.236 - - [29/Apr/2024:02:57:36 -0500] "GET /BLA/resoluciones/AUTOS%202018/3686.pdf HTTP/1.1" 200 670180
47.128.99.208 - - [29/Apr/2024:02:57:35 -0500] "GET /BLA/resoluciones/AUTOS%202021/0245.php?act=f&d=E%3A%5Cnuevo%5Chtdocs%5CResiduos%5Cmaderas%5Cimages%5C&f=page78_thumbnail.jpg&imgsize=50 HTTP/1.1" 200 16101
18.219.178.236 - - [29/Apr/2024:02:57:37 -0500] "GET /BLA/resoluciones/RESOLUCIONES%202009/3785.pdf HTTP/1.1" 200 411237
47.128.99.208 - - [29/Apr/2024:02:57:38 -0500] "GET /BLA/resoluciones/AUTOS%202021/0245.php?act=img&img=ext_txt HTTP/1.1" 200 132
47.128.99.208 - - [29/Apr/2024:02:57:38 -0500] "GET /BLA/resoluciones/AUTOS%202021/0245.php?act=img&img=ext_exe HTTP/1.1" 200 118
47.128.99.208 - - [29/Apr/2024:02:57:38 -0500] "GET /BLA/resoluciones/AUTOS%202021/0245.php?act=img&img=ext_diz HTTP/1.1" 200 1027
47.128.99.208 - - [29/Apr/2024:02:57:38 -0500] "GET /BLA/resoluciones/AUTOS%202021/0245.php?act=img&img=ext_ini HTTP/1.1" 200 134
47.128.99.208 - - [29/Apr/2024:02:57:38 -0500] "GET /BLA/resoluciones/AUTOS%202021/0245.php?act=img&img=ext_html HTTP/1.1" 200 230
