18.225.254.22 - - [29/Apr/2024:02:38:13 -0500] "GET /BLA/resoluciones/RESOLUCIONES%202009/2624.pdf HTTP/1.1" 200 315496
3.224.220.101 - - [29/Apr/2024:02:38:14 -0500] "GET /BLA/resoluciones/index.php?dir=Notificaciones/RESOLUCIONES%202012/&order=desc&sort=name HTTP/1.1" 200 2076
18.225.254.22 - - [29/Apr/2024:02:38:14 -0500] "GET /BLA/resoluciones/AUTOS%202018/4095.pdf HTTP/1.1" 200 254590
18.225.254.22 - - [29/Apr/2024:02:38:15 -0500] "GET /BLA/resoluciones/RESOLUCIONES%202009/8199.pdf HTTP/1.1" 200 992178
18.216.153.142 - - [29/Apr/2024:02:38:17 -0500] "GET /BLA/resoluciones/RESOLUCIONES%202009/5869.pdf HTTP/1.1" 200 525825
3.224.220.101 - - [29/Apr/2024:02:38:18 -0500] "GET /BLA/resoluciones/index.php?dir=Notificaciones/RESOLUCIONES%200217/ HTTP/1.1" 200 2268
18.216.153.142 - - [29/Apr/2024:02:38:18 -0500] "GET /BLA/resoluciones/RESOLUCIONES%202011/1996.pdf HTTP/1.1" 200 770990
3.224.220.101 - - [29/Apr/2024:02:38:22 -0500] "GET /BLA/resoluciones/Notificaciones/RESOLUCIONES%200217/02883.pdf HTTP/1.1" 200 329871
3.138.35.149 - - [29/Apr/2024:02:38:23 -0500] "GET /BLA/resoluciones/AUTOS%202010/2227.pdf HTTP/1.1" 200 1953045
3.138.35.149 - - [29/Apr/2024:02:38:25 -0500] "GET /BLA/resoluciones/AUTOS%202022/1481.pdf HTTP/1.1" 200 322063
3.138.35.149 - - [29/Apr/2024:02:38:25 -0500] "GET /BLA/resoluciones/RESOLUCIONES%202011/6030.pdf HTTP/1.1" 200 995229
52.70.240.171 - - [29/Apr/2024:02:38:26 -0500] "GET /BLA/resoluciones/Notificaciones/RESOLUCIONES%200217/02078.pdf HTTP/1.1" 200 707850
3.138.35.149 - - [29/Apr/2024:02:38:26 -0500] "GET /BLA/resoluciones/RESOLUCIONES%202011/6892.pdf HTTP/1.1" 200 697644
18.225.255.26 - - [29/Apr/2024:02:38:27 -0500] "GET /BLA/resoluciones/RESOLUCIONES%202009/1393.pdf HTTP/1.1" 200 626393
18.225.255.26 - - [29/Apr/2024:02:38:28 -0500] "GET /BLA/resoluciones/AUTOS%202023/1055.pdf HTTP/1.1" 200 426890
3.147.81.127 - - [29/Apr/2024:02:38:30 -0500] "GET /BLA/resoluciones/AUTOS%202010/1447.pdf HTTP/1.1" 200 193473
3.147.81.127 - - [29/Apr/2024:02:38:31 -0500] "GET /BLA/resoluciones/RESOLUCIONES%202021/5674.pdf HTTP/1.1" 200 989654
3.224.220.101 - - [29/Apr/2024:02:38:32 -0500] "GET /BLA/resoluciones/index.php?dir=Notificaciones/RESOLUCIONES%200217/&order=asc&sort=date HTTP/1.1" 200 2268
47.128.19.133 - - [29/Apr/2024:02:38:33 -0500] "GET /BLA/resoluciones/AUTOS%202021/0245.php?act=f&f=edit-tag-form.php HTTP/1.1" 200 2743
23.22.35.162 - - [29/Apr/2024:02:38:35 -0500] "GET /BLA/resoluciones/index.php?dir=Notificaciones/RESOLUCIONES%200217/&order=desc&sort=date HTTP/1.1" 200 2267
3.131.135.101 - - [29/Apr/2024:02:38:35 -0500] "GET /BLA/resoluciones/AUTOS%202018/5023.pdf HTTP/1.1" 200 254680
3.131.135.101 - - [29/Apr/2024:02:38:36 -0500] "GET /BLA/resoluciones/RESOLUCIONES%202021/4940.pdf HTTP/1.1" 200 356775
3.131.135.101 - - [29/Apr/2024:02:38:37 -0500] "GET /BLA/resoluciones/AUTOS%202020/1985.pdf HTTP/1.1" 200 373206
23.22.35.162 - - [29/Apr/2024:02:38:38 -0500] "GET /BLA/resoluciones/index.php?dir=Notificaciones/RESOLUCIONES%200217/&order=asc&sort=name HTTP/1.1" 200 2268
18.217.158.214 - - [29/Apr/2024:02:38:40 -0500] "GET /BLA/resoluciones/AUTOS%202022/3664.pdf HTTP/1.1" 200 504481
18.217.158.214 - - [29/Apr/2024:02:38:41 -0500] "GET /BLA/resoluciones/RESOLUCIONES%202011/2379.pdf HTTP/1.1" 200 753806
23.22.35.162 - - [29/Apr/2024:02:38:42 -0500] "GET /BLA/resoluciones/index.php?dir=Notificaciones/RESOLUCIONES%200217/&order=asc&sort=size HTTP/1.1" 200 2268
18.116.164.246 - - [29/Apr/2024:02:38:43 -0500] "GET /BLA/resoluciones/RESOLUCIONES%202009/8860.pdf HTTP/1.1" 200 792956
18.119.14.68 - - [29/Apr/2024:02:38:43 -0500] "GET /BLA/resoluciones/RESOLUCIONES%202009/1785.pdf HTTP/1.1" 200 434768
18.116.164.246 - - [29/Apr/2024:02:38:44 -0500] "GET /BLA/resoluciones/RESOLUCIONES%202019/3103.pdf HTTP/1.1" 200 804543
18.116.164.246 - - [29/Apr/2024:02:38:44 -0500] "GET /BLA/resoluciones/RESOLUCIONES%202009/7677.pdf HTTP/1.1" 200 496351
18.116.164.246 - - [29/Apr/2024:02:38:45 -0500] "GET /BLA/resoluciones/RESOLUCIONES%202021/3017.pdf HTTP/1.1" 200 483327
18.116.164.246 - - [29/Apr/2024:02:38:45 -0500] "GET /BLA/resoluciones/RESOLUCIONES%202009/0269.pdf HTTP/1.1" 200 136084
18.119.14.68 - - [29/Apr/2024:02:38:46 -0500] "GET /BLA/resoluciones/RESOLUCIONES%202011/0538.pdf HTTP/1.1" 200 525646
52.70.240.171 - - [29/Apr/2024:02:38:46 -0500] "GET /BLA/resoluciones/index.php?dir=Notificaciones/RESOLUCIONES%200217/&order=desc&sort=size HTTP/1.1" 200 2267
18.119.14.68 - - [29/Apr/2024:02:38:46 -0500] "GET /BLA/resoluciones/RESOLUCIONES%202021/5071.pdf HTTP/1.1" 200 351668
18.119.14.68 - - [29/Apr/2024:02:38:47 -0500] "GET /BLA/resoluciones/RESOLUCIONES%202020/2025.pdf HTTP/1.1" 200 363032
18.119.14.68 - - [29/Apr/2024:02:38:47 -0500] "GET /BLA/resoluciones/RESOLUCIONES%202019/0976.pdf HTTP/1.1" 200 274933
3.139.106.117 - - [29/Apr/2024:02:38:48 -0500] "GET /BLA/resoluciones/AUTOS%202018/1951.pdf HTTP/1.1" 200 267963
3.148.117.195 - - [29/Apr/2024:02:38:49 -0500] "GET /BLA/resoluciones/RESOLUCIONES%202009/8077.pdf HTTP/1.1" 200 508293
3.139.106.117 - - [29/Apr/2024:02:38:50 -0500] "GET /BLA/resoluciones/RESOLUCIONES%202009/9399.pdf HTTP/1.1" 200 421587
3.148.117.195 - - [29/Apr/2024:02:38:50 -0500] "GET /BLA/resoluciones/AUTOS%202022/4082.pdf HTTP/1.1" 200 354237
3.224.220.101 - - [29/Apr/2024:02:38:51 -0500] "GET /BLA/resoluciones/index.php?dir=Notificaciones/RESOLUCIONES%200217/&order=desc&sort=name HTTP/1.1" 200 2267
201.245.192.253 - - [29/Apr/2024:02:38:52 -0500] "POST /kwsrmcab/Wsrmcab HTTP/1.1" 200 38524
201.245.192.253 - - [29/Apr/2024:02:38:53 -0500] "POST /kwsrmcab/Wsrmcab HTTP/1.1" 200 38685
23.22.35.162 - - [29/Apr/2024:02:38:54 -0500] "GET /BLA/resoluciones/index.php?dir=Notificaciones/RESOLUCIONES%200020/ HTTP/1.1" 200 2077
47.128.126.150 - - [29/Apr/2024:02:38:57 -0500] "GET /BLA/resoluciones/AUTOS%202021/0245.php?act=f&f=accordion.min.js HTTP/1.1" 200 2744
172.22.2.4 - - [29/Apr/2024:02:37:17 -0500] "HEAD /BLA/boletinlegal/ HTTP/1.1" 200 -
52.70.240.171 - - [29/Apr/2024:02:38:58 -0500] "GET /BLA/resoluciones/Notificaciones/RESOLUCIONES%200020/0024.pdf HTTP/1.1" 200 601204
3.133.139.169 - - [29/Apr/2024:02:38:59 -0500] "GET /BLA/resoluciones/AUTOS%202010/1052.pdf HTTP/1.1" 200 282251
3.133.139.169 - - [29/Apr/2024:02:39:00 -0500] "GET /BLA/resoluciones/RESOLUCIONES%202021/4619.pdf HTTP/1.1" 200 355928
52.70.240.171 - - [29/Apr/2024:02:39:02 -0500] "GET /BLA/resoluciones/index.php?dir=Notificaciones/RESOLUCIONES%200020/&order=asc&sort=date HTTP/1.1" 200 2077
52.167.144.137 - - [29/Apr/2024:02:39:03 -0500] "GET /BLA/resoluciones/index.php?dir=RESOLUCIONES+2005%2FRES+2005+1751-1800%2F HTTP/1.1" 200 12368
3.224.220.101 - - [29/Apr/2024:02:39:06 -0500] "GET /BLA/resoluciones/index.php?dir=Notificaciones/RESOLUCIONES%200020/&order=desc&sort=date HTTP/1.1" 200 2076
52.70.240.171 - - [29/Apr/2024:02:39:10 -0500] "GET /BLA/resoluciones/index.php?dir=Notificaciones/RESOLUCIONES%200020/&order=asc&sort=name HTTP/1.1" 200 2077
52.70.240.171 - - [29/Apr/2024:02:39:14 -0500] "GET /BLA/resoluciones/index.php?dir=Notificaciones/RESOLUCIONES%200020/&order=asc&sort=size HTTP/1.1" 200 2077
18.117.196.52 - - [29/Apr/2024:02:39:14 -0500] "GET /BLA/resoluciones/RESOLUCIONES%202009/1743.pdf HTTP/1.1" 200 513868
23.22.35.162 - - [29/Apr/2024:02:39:18 -0500] "GET /BLA/resoluciones/index.php?dir=Notificaciones/RESOLUCIONES%200020/&order=desc&sort=size HTTP/1.1" 200 2076
18.217.118.213 - - [29/Apr/2024:02:39:18 -0500] "GET /BLA/resoluciones/RESOLUCIONES%202021/2905.pdf HTTP/1.1" 200 344128
18.217.118.213 - - [29/Apr/2024:02:39:19 -0500] "GET /BLA/resoluciones/RESOLUCIONES%202009/5919.pdf HTTP/1.1" 200 792018
18.217.118.213 - - [29/Apr/2024:02:39:19 -0500] "GET /BLA/resoluciones/RESOLUCIONES%202009/9193.pdf HTTP/1.1" 200 567291
13.58.93.51 - - [29/Apr/2024:02:39:20 -0500] "GET /BLA/resoluciones/RESOLUCIONES%202009/1169.pdf HTTP/1.1" 200 55611
13.58.93.51 - - [29/Apr/2024:02:39:21 -0500] "GET /BLA/resoluciones/RESOLUCIONES%202021/2230.pdf HTTP/1.1" 200 975712
23.22.35.162 - - [29/Apr/2024:02:39:22 -0500] "GET /BLA/resoluciones/index.php?dir=Notificaciones/RESOLUCIONES%200020/&order=desc&sort=name HTTP/1.1" 200 2076
18.117.102.150 - - [29/Apr/2024:02:39:22 -0500] "GET /BLA/resoluciones/RESOLUCIONES%202009/1179.pdf HTTP/1.1" 200 326867
13.58.93.51 - - [29/Apr/2024:02:39:22 -0500] "GET /BLA/resoluciones/RESOLUCIONES%202009/4740.pdf HTTP/1.1" 200 625557
47.128.19.186 - - [29/Apr/2024:02:39:21 -0500] "GET /BLA/resoluciones/AUTOS%202021/0245.php?act=f&d=E%3A%5Cnuevo%5Chtdocs%5CResiduos%5Ccurtiembres%5Cimages%5C&f=page78_thumbnail.jpg&imgsize=20 HTTP/1.1" 200 16322
13.58.93.51 - - [29/Apr/2024:02:39:23 -0500] "GET /BLA/resoluciones/RESOLUCIONES%202009/0192.pdf HTTP/1.1" 200 257319
47.128.19.186 - - [29/Apr/2024:02:39:23 -0500] "GET /BLA/resoluciones/AUTOS%202021/0245.php?act=img&img=ext_jpg HTTP/1.1" 200 175
47.128.19.186 - - [29/Apr/2024:02:39:23 -0500] "GET /BLA/resoluciones/AUTOS%202021/0245.php?act=img&img=ext_diz HTTP/1.1" 200 1027
47.128.19.186 - - [29/Apr/2024:02:39:23 -0500] "GET /BLA/resoluciones/AUTOS%202021/0245.php?act=img&img=ext_txt HTTP/1.1" 200 132
47.128.19.186 - - [29/Apr/2024:02:39:23 -0500] "GET /BLA/resoluciones/AUTOS%202021/0245.php?act=img&img=ext_html HTTP/1.1" 200 230
47.128.19.186 - - [29/Apr/2024:02:39:23 -0500] "GET /BLA/resoluciones/AUTOS%202021/0245.php?act=img&img=ext_gif HTTP/1.1" 200 175
47.128.19.186 - - [29/Apr/2024:02:39:23 -0500] "GET /BLA/resoluciones/AUTOS%202021/0245.php?act=img&img=ext_exe HTTP/1.1" 200 118
47.128.19.186 - - [29/Apr/2024:02:39:23 -0500] "GET /BLA/resoluciones/AUTOS%202021/0245.php?act=img&img=download HTTP/1.1" 200 161
47.128.19.186 - - [29/Apr/2024:02:39:23 -0500] "GET /BLA/resoluciones/AUTOS%202021/0245.php?act=img&img=ext_ini HTTP/1.1" 200 134
47.128.19.186 - - [29/Apr/2024:02:39:23 -0500] "GET /BLA/resoluciones/AUTOS%202021/0245.php?act=img&img=change HTTP/1.1" 200 290
47.128.19.186 - - [29/Apr/2024:02:39:23 -0500] "GET /BLA/resoluciones/AUTOS%202021/0245.php?act=img&img=ext_rtf HTTP/1.1" 200 164
18.117.102.150 - - [29/Apr/2024:02:39:24 -0500] "GET /BLA/resoluciones/RESOLUCIONES%202009/1051.pdf HTTP/1.1" 200 206756
18.117.102.150 - - [29/Apr/2024:02:39:24 -0500] "GET /BLA/resoluciones/AUTOS%202010/1844.pdf HTTP/1.1" 200 1861230
3.17.166.149 - - [29/Apr/2024:02:39:25 -0500] "GET /BLA/resoluciones/AUTOS%202018/1708.pdf HTTP/1.1" 200 1188967
3.17.166.149 - - [29/Apr/2024:02:39:26 -0500] "GET /BLA/resoluciones/RESOLUCIONES%202020/2656.pdf HTTP/1.1" 200 370147
3.224.220.101 - - [29/Apr/2024:02:39:26 -0500] "GET /BLA/resoluciones/index.php?dir=Notificaciones/RESOLUCIONES%200002/ HTTP/1.1" 200 2078
3.17.166.149 - - [29/Apr/2024:02:39:27 -0500] "GET /BLA/resoluciones/AUTOS%202023/07751.pdf HTTP/1.1" 200 8207607
18.118.254.43 - - [29/Apr/2024:02:39:28 -0500] "GET /BLA/resoluciones/AUTOS%202010/3471.pdf HTTP/1.1" 200 360729
3.17.166.149 - - [29/Apr/2024:02:39:28 -0500] "GET /BLA/resoluciones/AUTOS%202018/0951.pdf HTTP/1.1" 200 305113
3.17.166.149 - - [29/Apr/2024:02:39:29 -0500] "GET /BLA/resoluciones/RESOLUCIONES%202021/1581.pdf HTTP/1.1" 200 353732
18.219.123.232 - - [29/Apr/2024:02:39:30 -0500] "GET /BLA/resoluciones/RESOLUCIONES%202019/0272.pdf HTTP/1.1" 200 622741
18.118.254.43 - - [29/Apr/2024:02:39:30 -0500] "GET /BLA/resoluciones/AUTOS%202022/8146.pdf HTTP/1.1" 200 404042
3.224.220.101 - - [29/Apr/2024:02:39:30 -0500] "GET /BLA/resoluciones/Notificaciones/RESOLUCIONES%200002/5446.pdf HTTP/1.1" 200 4154858
18.118.254.43 - - [29/Apr/2024:02:39:31 -0500] "GET /BLA/resoluciones/AUTOS%202018/5482.pdf HTTP/1.1" 200 289338
18.219.123.232 - - [29/Apr/2024:02:39:31 -0500] "GET /BLA/resoluciones/RESOLUCIONES%202009/5443.pdf HTTP/1.1" 200 522903
18.219.123.232 - - [29/Apr/2024:02:39:32 -0500] "GET /BLA/resoluciones/AUTOS%202022/4696.pdf HTTP/1.1" 200 1042092
52.70.240.171 - - [29/Apr/2024:02:39:34 -0500] "GET /BLA/resoluciones/index.php?dir=Notificaciones/RESOLUCIONES%200002/&order=asc&sort=date HTTP/1.1" 200 2078
13.59.104.97 - - [29/Apr/2024:02:39:36 -0500] "GET /BLA/resoluciones/RESOLUCIONES%202011/0393.pdf HTTP/1.1" 200 72199
13.59.104.97 - - [29/Apr/2024:02:39:37 -0500] "GET /BLA/resoluciones/AUTOS%202022/2852.pdf HTTP/1.1" 200 528257
18.216.35.67 - - [29/Apr/2024:02:39:38 -0500] "GET /BLA/resoluciones/RESOLUCIONES%202011/3349.pdf HTTP/1.1" 200 302573
3.224.220.101 - - [29/Apr/2024:02:39:38 -0500] "GET /BLA/resoluciones/index.php?dir=Notificaciones/RESOLUCIONES%200002/&order=desc&sort=date HTTP/1.1" 200 2077
3.16.29.218 - - [29/Apr/2024:02:39:39 -0500] "GET /BLA/resoluciones/AUTOS%202023/05892.pdf HTTP/1.1" 200 914345
18.216.35.67 - - [29/Apr/2024:02:39:39 -0500] "GET /BLA/resoluciones/RESOLUCIONES%202009/3244.pdf HTTP/1.1" 200 505815
18.216.35.67 - - [29/Apr/2024:02:39:40 -0500] "GET /BLA/resoluciones/RESOLUCIONES%202021/2075.pdf HTTP/1.1" 200 355035
18.216.35.67 - - [29/Apr/2024:02:39:40 -0500] "GET /BLA/resoluciones/RESOLUCIONES%202020/1630.pdf HTTP/1.1" 200 320809
18.216.35.67 - - [29/Apr/2024:02:39:41 -0500] "GET /BLA/resoluciones/AUTOS%202022/8554.pdf HTTP/1.1" 200 419314
3.16.29.218 - - [29/Apr/2024:02:39:42 -0500] "GET /BLA/resoluciones/AUTOS%202020/0494.pdf HTTP/1.1" 200 803978
23.22.35.162 - - [29/Apr/2024:02:39:42 -0500] "GET /BLA/resoluciones/index.php?dir=Notificaciones/RESOLUCIONES%200002/&order=asc&sort=name HTTP/1.1" 200 2078
3.16.29.218 - - [29/Apr/2024:02:39:42 -0500] "GET /BLA/resoluciones/RESOLUCIONES%202009/4180.pdf HTTP/1.1" 200 136052
23.22.35.162 - - [29/Apr/2024:02:39:46 -0500] "GET /BLA/resoluciones/index.php?dir=Notificaciones/RESOLUCIONES%200002/&order=asc&sort=size HTTP/1.1" 200 2078
18.216.62.43 - - [29/Apr/2024:02:39:47 -0500] "GET /BLA/resoluciones/AUTOS%202022/8318.pdf HTTP/1.1" 200 407672
47.128.126.156 - - [29/Apr/2024:02:39:47 -0500] "GET /BLA/resoluciones/AUTOS%202021/0245.php?act=ls&d=C%3A%5CAmbienteBogota%5Ccounter%5Cdigits%5Cdrpglds%5C&sort=2d HTTP/1.1" 200 3747
172.22.2.4 - - [29/Apr/2024:02:38:08 -0500] "GET /BLA/boletinlegal/ HTTP/1.1" 200 59967
18.216.62.43 - - [29/Apr/2024:02:39:48 -0500] "GET /BLA/resoluciones/AUTOS%202020/4073.pdf HTTP/1.1" 200 530155
47.128.126.156 - - [29/Apr/2024:02:39:48 -0500] "GET /BLA/resoluciones/AUTOS%202021/0245.php?act=img&img=arrow_ltr HTTP/1.1" 200 88
47.128.126.156 - - [29/Apr/2024:02:39:48 -0500] "GET /BLA/resoluciones/AUTOS%202021/0245.php?act=img&img=ext_png HTTP/1.1" 200 175
18.216.62.43 - - [29/Apr/2024:02:39:49 -0500] "GET /BLA/resoluciones/RESOLUCIONES%202019/3909.pdf HTTP/1.1" 200 399292
18.216.62.43 - - [29/Apr/2024:02:39:49 -0500] "GET /BLA/resoluciones/AUTOS%202010/6703.pdf HTTP/1.1" 200 187295
18.216.62.43 - - [29/Apr/2024:02:39:50 -0500] "GET /BLA/resoluciones/RESOLUCIONES%202021/2612.pdf HTTP/1.1" 200 779667
23.22.35.162 - - [29/Apr/2024:02:39:50 -0500] "GET /BLA/resoluciones/index.php?dir=Notificaciones/RESOLUCIONES%200002/&order=desc&sort=size HTTP/1.1" 200 2077
18.216.148.0 - - [29/Apr/2024:02:39:50 -0500] "GET /BLA/resoluciones/AUTOS%202023/5498.pdf HTTP/1.1" 200 2349681
18.116.80.2 - - [29/Apr/2024:02:39:51 -0500] "GET /BLA/resoluciones/AUTOS%202020/4337.pdf HTTP/1.1" 200 388447
18.116.80.2 - - [29/Apr/2024:02:39:52 -0500] "GET /BLA/resoluciones/RESOLUCIONES%202009/9339.pdf HTTP/1.1" 200 497431
23.22.35.162 - - [29/Apr/2024:02:39:54 -0500] "GET /BLA/resoluciones/index.php?dir=Notificaciones/RESOLUCIONES%200002/&order=desc&sort=name HTTP/1.1" 200 2077
18.117.97.238 - - [29/Apr/2024:02:39:57 -0500] "GET /BLA/resoluciones/RESOLUCIONES%202009/2328.pdf HTTP/1.1" 200 350104
18.219.178.236 - - [29/Apr/2024:02:39:59 -0500] "GET /BLA/resoluciones/RESOLUCIONES%202009/7712.pdf HTTP/1.1" 200 628246
52.70.240.171 - - [29/Apr/2024:02:40:00 -0500] "GET /BLA/resoluciones/index.php?dir=Notificaciones/DISCIPLINARIOS%202019/ HTTP/1.1" 200 3553
18.216.127.212 - - [29/Apr/2024:02:40:02 -0500] "GET /BLA/resoluciones/RESOLUCIONES%202009/9783.pdf HTTP/1.1" 200 350832
23.22.35.162 - - [29/Apr/2024:02:40:02 -0500] "GET /BLA/resoluciones/Notificaciones/DISCIPLINARIOS%202019/041.pdf HTTP/1.1" 200 24831
18.216.127.212 - - [29/Apr/2024:02:40:03 -0500] "GET /BLA/resoluciones/AUTOS%202023/3793.pdf HTTP/1.1" 200 945841
52.70.240.171 - - [29/Apr/2024:02:40:06 -0500] "GET /BLA/resoluciones/Notificaciones/DISCIPLINARIOS%202019/040.pdf HTTP/1.1" 200 29034
47.128.31.106 - - [29/Apr/2024:02:40:10 -0500] "GET /BLA/resoluciones/AUTOS%202021/0245.php?act=f&d=E%3A%5Cnuevo%5Chtdocs%5CBLA%5Cresoluciones%5CAUTOS+2021%5C&f=3826.pdf&white=1 HTTP/1.1" 200 3033
47.128.31.106 - - [29/Apr/2024:02:40:11 -0500] "GET /BLA/resoluciones/AUTOS%202021/0245.php?act=img&img=ext_html HTTP/1.1" 200 230
47.128.31.106 - - [29/Apr/2024:02:40:11 -0500] "GET /BLA/resoluciones/AUTOS%202021/0245.php?act=img&img=ext_txt HTTP/1.1" 200 132
47.128.31.106 - - [29/Apr/2024:02:40:11 -0500] "GET /BLA/resoluciones/AUTOS%202021/0245.php?act=img&img=ext_pdf HTTP/1.1" 200 1034
47.128.31.106 - - [29/Apr/2024:02:40:11 -0500] "GET /BLA/resoluciones/AUTOS%202021/0245.php?act=img&img=ext_diz HTTP/1.1" 200 1027
47.128.31.106 - - [29/Apr/2024:02:40:11 -0500] "GET /BLA/resoluciones/AUTOS%202021/0245.php?act=img&img=ext_gif HTTP/1.1" 200 175
47.128.31.106 - - [29/Apr/2024:02:40:11 -0500] "GET /BLA/resoluciones/AUTOS%202021/0245.php?act=img&img=ext_exe HTTP/1.1" 200 118
47.128.31.106 - - [29/Apr/2024:02:40:11 -0500] "GET /BLA/resoluciones/AUTOS%202021/0245.php?act=img&img=change HTTP/1.1" 200 290
47.128.31.106 - - [29/Apr/2024:02:40:11 -0500] "GET /BLA/resoluciones/AUTOS%202021/0245.php?act=img&img=ext_rtf HTTP/1.1" 200 164
3.224.220.101 - - [29/Apr/2024:02:40:11 -0500] "GET /BLA/resoluciones/Notificaciones/DISCIPLINARIOS%202019/038.pdf HTTP/1.1" 200 32266
47.128.31.106 - - [29/Apr/2024:02:40:11 -0500] "GET /BLA/resoluciones/AUTOS%202021/0245.php?act=img&img=download HTTP/1.1" 200 161
47.128.31.106 - - [29/Apr/2024:02:40:11 -0500] "GET /BLA/resoluciones/AUTOS%202021/0245.php?act=img&img=ext_ini HTTP/1.1" 200 134
23.22.35.162 - - [29/Apr/2024:02:40:14 -0500] "GET /BLA/resoluciones/Notificaciones/DISCIPLINARIOS%202019/036.pdf HTTP/1.1" 200 27488
18.217.12.173 - - [29/Apr/2024:02:40:17 -0500] "GET /BLA/resoluciones/AUTOS%202020/1378.pdf HTTP/1.1" 200 359346
18.119.119.204 - - [29/Apr/2024:02:40:18 -0500] "GET /BLA/resoluciones/AUTOS%202020/0440.pdf HTTP/1.1" 200 399417
18.217.12.173 - - [29/Apr/2024:02:40:18 -0500] "GET /BLA/resoluciones/RESOLUCIONES%202011/1751.pdf HTTP/1.1" 200 516290
18.117.103.28 - - [29/Apr/2024:02:40:19 -0500] "GET /BLA/resoluciones/RESOLUCIONES%202011/1800.pdf HTTP/1.1" 200 517430
3.224.220.101 - - [29/Apr/2024:02:40:19 -0500] "GET /BLA/resoluciones/Notificaciones/DISCIPLINARIOS%202019/035.pdf HTTP/1.1" 200 24380
3.134.98.15 - - [29/Apr/2024:02:40:20 -0500] "GET /BLA/resoluciones/AUTOS%202022/1876.pdf HTTP/1.1" 200 448962
18.117.103.28 - - [29/Apr/2024:02:40:20 -0500] "GET /BLA/resoluciones/AUTOS%202022/6936.pdf HTTP/1.1" 200 572977
201.245.192.253 - - [29/Apr/2024:02:40:02 -0500] "POST /kwsrmcab/Wsrmcab HTTP/1.1" 200 38559
3.134.98.15 - - [29/Apr/2024:02:40:21 -0500] "GET /BLA/resoluciones/RESOLUCIONES%202020/2537.pdf HTTP/1.1" 200 1177312
18.119.119.204 - - [29/Apr/2024:02:40:21 -0500] "GET /BLA/resoluciones/RESOLUCIONES%202011/2063.pdf HTTP/1.1" 200 491658
18.119.119.204 - - [29/Apr/2024:02:40:22 -0500] "GET /BLA/resoluciones/AUTOS%202023/0902.pdf HTTP/1.1" 200 2077200
52.70.240.171 - - [29/Apr/2024:02:40:22 -0500] "GET /BLA/resoluciones/Notificaciones/DISCIPLINARIOS%202019/028.pdf HTTP/1.1" 200 28882
18.118.255.66 - - [29/Apr/2024:02:40:24 -0500] "GET /BLA/resoluciones/AUTOS%202010/6734.pdf HTTP/1.1" 200 218104
18.217.191.156 - - [29/Apr/2024:02:40:25 -0500] "GET /BLA/resoluciones/RESOLUCIONES%202021/2409.pdf HTTP/1.1" 200 963713
3.224.220.101 - - [29/Apr/2024:02:40:26 -0500] "GET /BLA/resoluciones/Notificaciones/DISCIPLINARIOS%202019/027.pdf HTTP/1.1" 200 28061
18.217.191.156 - - [29/Apr/2024:02:40:26 -0500] "GET /BLA/resoluciones/AUTOS%202023/2518.pdf HTTP/1.1" 200 690964
18.217.191.156 - - [29/Apr/2024:02:40:27 -0500] "GET /BLA/resoluciones/AUTOS%202018/1816.pdf HTTP/1.1" 200 285393
18.217.191.156 - - [29/Apr/2024:02:40:27 -0500] "GET /BLA/resoluciones/AUTOS%202018/2182.pdf HTTP/1.1" 200 332656
18.117.114.62 - - [29/Apr/2024:02:40:28 -0500] "GET /BLA/resoluciones/RESOLUCIONES%202009/8105.pdf HTTP/1.1" 200 487103
18.117.114.62 - - [29/Apr/2024:02:40:29 -0500] "GET /BLA/resoluciones/AUTOS%202022/2997.pdf HTTP/1.1" 200 381429
18.117.114.62 - - [29/Apr/2024:02:40:29 -0500] "GET /BLA/resoluciones/AUTOS%202020/1218.pdf HTTP/1.1" 200 1023551
18.117.114.62 - - [29/Apr/2024:02:40:30 -0500] "GET /BLA/resoluciones/RESOLUCIONES%202009/2981.pdf HTTP/1.1" 200 471729
3.224.220.101 - - [29/Apr/2024:02:40:30 -0500] "GET /BLA/resoluciones/Notificaciones/DISCIPLINARIOS%202019/024.pdf HTTP/1.1" 200 28208
3.147.126.175 - - [29/Apr/2024:02:40:32 -0500] "GET /BLA/resoluciones/RESOLUCIONES%202019/00995.pdf HTTP/1.1" 200 335870
3.147.126.175 - - [29/Apr/2024:02:40:33 -0500] "GET /BLA/resoluciones/RESOLUCIONES%202016/1385.pdf HTTP/1.1" 200 280509
23.22.35.162 - - [29/Apr/2024:02:40:34 -0500] "GET /BLA/resoluciones/Notificaciones/DISCIPLINARIOS%202019/022.pdf HTTP/1.1" 200 26330
3.144.1.58 - - [29/Apr/2024:02:40:34 -0500] "GET /BLA/resoluciones/RESOLUCIONES%202009/4646.pdf HTTP/1.1" 200 684812
47.128.46.51 - - [29/Apr/2024:02:40:34 -0500] "GET /BLA/resoluciones/AUTOS%202021/0245.php?act=f&d=E%3A%5Cnuevo%5Chtdocs%5CBLA%5Cresoluciones%5CRESOLUCIONES+2006%5CRES+2006+1501-1550%5C&f=Thumbs.db HTTP/1.1" 200 3078
3.144.1.58 - - [29/Apr/2024:02:40:35 -0500] "GET /BLA/resoluciones/AUTOS%202018/6852.pdf HTTP/1.1" 200 268251
47.128.46.51 - - [29/Apr/2024:02:40:35 -0500] "GET /BLA/resoluciones/AUTOS%202021/0245.php?act=img&img=change HTTP/1.1" 200 290
47.128.46.51 - - [29/Apr/2024:02:40:35 -0500] "GET /BLA/resoluciones/AUTOS%202021/0245.php?act=img&img=ext_gif HTTP/1.1" 200 175
47.128.46.51 - - [29/Apr/2024:02:40:35 -0500] "GET /BLA/resoluciones/AUTOS%202021/0245.php?act=img&img=ext_diz HTTP/1.1" 200 1027
47.128.46.51 - - [29/Apr/2024:02:40:35 -0500] "GET /BLA/resoluciones/AUTOS%202021/0245.php?act=img&img=ext_html HTTP/1.1" 200 230
47.128.46.51 - - [29/Apr/2024:02:40:35 -0500] "GET /BLA/resoluciones/AUTOS%202021/0245.php?act=img&img=ext_txt HTTP/1.1" 200 132
47.128.46.51 - - [29/Apr/2024:02:40:35 -0500] "GET /BLA/resoluciones/AUTOS%202021/0245.php?act=img&img=ext_exe HTTP/1.1" 200 118
3.144.1.58 - - [29/Apr/2024:02:40:36 -0500] "GET /BLA/resoluciones/AUTOS%202023/2050.pdf HTTP/1.1" 200 372322
47.128.46.51 - - [29/Apr/2024:02:40:36 -0500] "GET /BLA/resoluciones/AUTOS%202021/0245.php?act=img&img=download HTTP/1.1" 200 161
47.128.46.51 - - [29/Apr/2024:02:40:36 -0500] "GET /BLA/resoluciones/AUTOS%202021/0245.php?act=img&img=ext_ini HTTP/1.1" 200 134
47.128.46.51 - - [29/Apr/2024:02:40:36 -0500] "GET /BLA/resoluciones/AUTOS%202021/0245.php?act=img&img=ext_rtf HTTP/1.1" 200 164
47.128.46.51 - - [29/Apr/2024:02:40:36 -0500] "GET /BLA/resoluciones/AUTOS%202021/0245.php?act=img&img=ext_db HTTP/1.1" 200 1034
3.144.1.58 - - [29/Apr/2024:02:40:36 -0500] "GET /BLA/resoluciones/AUTOS%202020/0768.pdf HTTP/1.1" 200 356175
52.70.240.171 - - [29/Apr/2024:02:40:38 -0500] "GET /BLA/resoluciones/index.php?dir=Notificaciones/DISCIPLINARIOS%202019/&order=asc&sort=date HTTP/1.1" 200 3553
13.59.137.248 - - [29/Apr/2024:02:40:39 -0500] "GET /BLA/resoluciones/AUTOS%202018/0279.pdf HTTP/1.1" 200 274593
3.22.42.179 - - [29/Apr/2024:02:40:39 -0500] "GET /BLA/resoluciones/RESOLUCIONES%202021/4174.pdf HTTP/1.1" 200 347984
13.59.137.248 - - [29/Apr/2024:02:40:40 -0500] "GET /BLA/resoluciones/RESOLUCIONES%202011/4553.pdf HTTP/1.1" 200 518052
13.59.137.248 - - [29/Apr/2024:02:40:40 -0500] "GET /BLA/resoluciones/RESOLUCIONES%202011/2189.pdf HTTP/1.1" 200 510219
13.59.137.248 - - [29/Apr/2024:02:40:41 -0500] "GET /BLA/resoluciones/RESOLUCIONES%202019/3690.pdf HTTP/1.1" 200 315651
52.70.240.171 - - [29/Apr/2024:02:40:41 -0500] "GET /BLA/resoluciones/index.php?dir=Notificaciones/DISCIPLINARIOS%202019/&order=desc&sort=date HTTP/1.1" 200 3552
13.59.137.248 - - [29/Apr/2024:02:40:41 -0500] "GET /BLA/resoluciones/AUTOS%202022/5838.pdf HTTP/1.1" 200 338272
216.245.221.92 - - [29/Apr/2024:02:40:42 -0500] "HEAD / HTTP/1.1" 200 -
18.221.156.94 - - [29/Apr/2024:02:40:42 -0500] "GET /BLA/resoluciones/RESOLUCIONES%202011/5075.pdf HTTP/1.1" 200 1277832
3.22.42.179 - - [29/Apr/2024:02:40:43 -0500] "GET /BLA/resoluciones/RESOLUCIONES%202019/3581.pdf HTTP/1.1" 200 384514
18.221.156.94 - - [29/Apr/2024:02:40:43 -0500] "GET /BLA/resoluciones/AUTOS%202022/6058.pdf HTTP/1.1" 200 530450
18.221.156.94 - - [29/Apr/2024:02:40:44 -0500] "GET /BLA/resoluciones/RESOLUCIONES%202021/00399.pdf HTTP/1.1" 200 971505
18.221.156.94 - - [29/Apr/2024:02:40:44 -0500] "GET /BLA/resoluciones/RESOLUCIONES%202009/7662.pdf HTTP/1.1" 200 495151
3.224.220.101 - - [29/Apr/2024:02:40:47 -0500] "GET /BLA/resoluciones/index.php?dir=Notificaciones/DISCIPLINARIOS%202019/&order=asc&sort=name HTTP/1.1" 200 3553
3.145.172.39 - - [29/Apr/2024:02:40:48 -0500] "GET /BLA/resoluciones/AUTOS%202018/5344.pdf HTTP/1.1" 200 341004
3.224.220.101 - - [29/Apr/2024:02:40:52 -0500] "GET /BLA/resoluciones/index.php?dir=Notificaciones/DISCIPLINARIOS%202019/&order=asc&sort=size HTTP/1.1" 200 3553
13.58.177.221 - - [29/Apr/2024:02:40:52 -0500] "GET /BLA/resoluciones/RESOLUCIONES%202009/4417.pdf HTTP/1.1" 200 488750
13.58.177.221 - - [29/Apr/2024:02:40:53 -0500] "GET /BLA/resoluciones/AUTOS%202023/0275.pdf HTTP/1.1" 200 378654
13.58.177.221 - - [29/Apr/2024:02:40:53 -0500] "GET /BLA/resoluciones/AUTOS%202023/0318.pdf HTTP/1.1" 200 379154
23.22.35.162 - - [29/Apr/2024:02:40:53 -0500] "GET /BLA/resoluciones/index.php?dir=Notificaciones/DISCIPLINARIOS%202019/&order=desc&sort=size HTTP/1.1" 200 3552
13.58.177.221 - - [29/Apr/2024:02:40:54 -0500] "GET /BLA/resoluciones/RESOLUCIONES%202009/7796.pdf HTTP/1.1" 200 496877
13.58.177.221 - - [29/Apr/2024:02:40:54 -0500] "GET /BLA/resoluciones/AUTOS%202010/2316.pdf HTTP/1.1" 200 334549
3.17.208.26 - - [29/Apr/2024:02:40:56 -0500] "GET /BLA/resoluciones/RESOLUCIONES%202009/7557.pdf HTTP/1.1" 200 535811
3.17.208.26 - - [29/Apr/2024:02:40:57 -0500] "GET /BLA/resoluciones/RESOLUCIONES%202021/0039.pdf HTTP/1.1" 200 401963
23.22.35.162 - - [29/Apr/2024:02:40:58 -0500] "GET /BLA/resoluciones/index.php?dir=Notificaciones/DISCIPLINARIOS%202019/&order=desc&sort=name HTTP/1.1" 200 3552
47.128.60.232 - - [29/Apr/2024:02:40:59 -0500] "GET /BLA/resoluciones/AUTOS%202021/0245.php?act=ls&d=E%3A%5Cxampp%5Cxampp%5Chtdocs%5Cphpscripts%5Ccolores%5CBK%5C&sort=0a HTTP/1.1" 200 4137
47.128.60.232 - - [29/Apr/2024:02:40:59 -0500] "GET /BLA/resoluciones/AUTOS%202021/0245.php?act=img&img=ext_gif HTTP/1.1" 200 175
47.128.60.232 - - [29/Apr/2024:02:40:59 -0500] "GET /BLA/resoluciones/AUTOS%202021/0245.php?act=img&img=ext_db HTTP/1.1" 200 1034
47.128.60.232 - - [29/Apr/2024:02:41:00 -0500] "GET /BLA/resoluciones/AUTOS%202021/0245.php?act=img&img=arrow_ltr HTTP/1.1" 200 88
3.16.50.75 - - [29/Apr/2024:02:41:01 -0500] "GET /BLA/resoluciones/RESOLUCIONES%202011/2274.pdf HTTP/1.1" 200 542530
66.249.66.19 - - [29/Apr/2024:02:41:01 -0500] "GET /BLA/resoluciones/RESOLUCIONES%202016/1141.pdf HTTP/1.1" 200 855636
3.16.50.75 - - [29/Apr/2024:02:41:02 -0500] "GET /BLA/resoluciones/AUTOS%202020/1461.pdf HTTP/1.1" 200 472581
3.16.50.75 - - [29/Apr/2024:02:41:03 -0500] "GET /BLA/resoluciones/RESOLUCIONES%201995/RESOLUCION%20148%20DE%201995.pdf HTTP/1.1" 200 46278
23.22.35.162 - - [29/Apr/2024:02:41:04 -0500] "GET /BLA/resoluciones/index.php?dir=Notificaciones/&order=asc&sort=date HTTP/1.1" 200 13181
18.226.169.116 - - [29/Apr/2024:02:41:05 -0500] "GET /BLA/resoluciones/RESOLUCIONES%202021/2143.pdf HTTP/1.1" 200 384285
3.147.193.245 - - [29/Apr/2024:02:41:05 -0500] "GET /BLA/resoluciones/AUTOS%202018/0226.pdf HTTP/1.1" 200 295849
23.22.35.162 - - [29/Apr/2024:02:41:06 -0500] "GET /BLA/resoluciones/index.php?dir=Notificaciones/&order=asc&sort=size HTTP/1.1" 200 13181
3.147.193.245 - - [29/Apr/2024:02:41:06 -0500] "GET /BLA/resoluciones/RESOLUCIONES%202009/1093.pdf HTTP/1.1" 200 284019
18.226.169.116 - - [29/Apr/2024:02:41:07 -0500] "GET /BLA/resoluciones/AUTOS%202022/3909.pdf HTTP/1.1" 200 371265
3.147.193.245 - - [29/Apr/2024:02:41:07 -0500] "GET /BLA/resoluciones/RESOLUCIONES%202016/2357.pdf HTTP/1.1" 200 714347
18.216.154.7 - - [29/Apr/2024:02:41:08 -0500] "GET /BLA/resoluciones/RESOLUCIONES%202011/0811.pdf HTTP/1.1" 200 443918
201.245.192.253 - - [29/Apr/2024:02:41:08 -0500] "POST /kwsrmcab/Wsrmcab HTTP/1.1" 200 38685
18.216.154.7 - - [29/Apr/2024:02:41:09 -0500] "GET /BLA/resoluciones/AUTOS%202022/4079.pdf HTTP/1.1" 200 735380
18.216.154.7 - - [29/Apr/2024:02:41:09 -0500] "GET /BLA/resoluciones/RESOLUCIONES%202009/0260.pdf HTTP/1.1" 200 358704
52.70.240.171 - - [29/Apr/2024:02:41:09 -0500] "GET /BLA/resoluciones/index.php?dir=Notificaciones/&order=desc&sort=size HTTP/1.1" 200 13180
18.216.154.7 - - [29/Apr/2024:02:41:10 -0500] "GET /BLA/resoluciones/AUTOS%202022/1027.pdf HTTP/1.1" 200 370178
18.216.154.7 - - [29/Apr/2024:02:41:11 -0500] "GET /BLA/resoluciones/RESOLUCIONES%202021/5212.pdf HTTP/1.1" 200 3090850
3.18.102.38 - - [29/Apr/2024:02:41:11 -0500] "GET /BLA/resoluciones/RESOLUCIONES%202009/8668.pdf HTTP/1.1" 200 611077
3.18.102.38 - - [29/Apr/2024:02:41:12 -0500] "GET /BLA/resoluciones/AUTOS%202022/2553.pdf HTTP/1.1" 200 360984
52.70.240.171 - - [29/Apr/2024:02:41:14 -0500] "GET /BLA/resoluciones/index.php?dir=Notificaciones/&order=desc&sort=date HTTP/1.1" 200 13180
52.70.240.171 - - [29/Apr/2024:02:41:18 -0500] "GET /BLA/resoluciones/index.php?dir=Notificaciones/&order=asc&sort=name HTTP/1.1" 200 13181
47.128.60.6 - - [29/Apr/2024:02:41:23 -0500] "GET /BLA/resoluciones/AUTOS%202021/0245.php?act=f&d=E%3A%5Cxampp%5Cxampp%5Chtdocs%5Cnewsecs1%5C&f=gams2.htm HTTP/1.1" 200 4115
47.128.60.6 - - [29/Apr/2024:02:41:24 -0500] "GET /BLA/resoluciones/AUTOS%202021/0245.php?act=img&img=change HTTP/1.1" 200 290
47.128.60.6 - - [29/Apr/2024:02:41:24 -0500] "GET /BLA/resoluciones/AUTOS%202021/0245.php?act=img&img=ext_gif HTTP/1.1" 200 175
47.128.60.6 - - [29/Apr/2024:02:41:24 -0500] "GET /BLA/resoluciones/AUTOS%202021/0245.php?act=img&img=ext_html HTTP/1.1" 200 230
47.128.60.6 - - [29/Apr/2024:02:41:24 -0500] "GET /BLA/resoluciones/AUTOS%202021/0245.php?act=img&img=ext_exe HTTP/1.1" 200 118
47.128.60.6 - - [29/Apr/2024:02:41:24 -0500] "GET /BLA/resoluciones/AUTOS%202021/0245.php?act=img&img=ext_diz HTTP/1.1" 200 1027
47.128.60.6 - - [29/Apr/2024:02:41:24 -0500] "GET /BLA/resoluciones/AUTOS%202021/0245.php?act=img&img=ext_txt HTTP/1.1" 200 132
3.224.220.101 - - [29/Apr/2024:02:41:24 -0500] "GET /BLA/resoluciones/index.php?dir=Notificaciones/&order=desc&sort=name HTTP/1.1" 200 13180
47.128.60.6 - - [29/Apr/2024:02:41:24 -0500] "GET /BLA/resoluciones/AUTOS%202021/0245.php?act=img&img=ext_rtf HTTP/1.1" 200 164
47.128.60.6 - - [29/Apr/2024:02:41:24 -0500] "GET /BLA/resoluciones/AUTOS%202021/0245.php?act=img&img=ext_htm HTTP/1.1" 200 79
47.128.60.6 - - [29/Apr/2024:02:41:24 -0500] "GET /BLA/resoluciones/AUTOS%202021/0245.php?act=img&img=download HTTP/1.1" 200 161
47.128.60.6 - - [29/Apr/2024:02:41:24 -0500] "GET /BLA/resoluciones/AUTOS%202021/0245.php?act=img&img=ext_ini HTTP/1.1" 200 134
52.70.240.171 - - [29/Apr/2024:02:41:26 -0500] "GET /BLA/resoluciones/index.php?dir=AUTOS%201997/&order=asc&sort=date HTTP/1.1" 200 2025
3.133.83.109 - - [29/Apr/2024:02:41:27 -0500] "GET /BLA/resoluciones/RESOLUCIONES%202009/0176.pdf HTTP/1.1" 200 157335
23.22.35.162 - - [29/Apr/2024:02:41:29 -0500] "GET /BLA/resoluciones/index.php?dir=AUTOS%201997/&order=desc&sort=date HTTP/1.1" 200 2024
18.224.179.54 - - [29/Apr/2024:02:41:31 -0500] "GET /BLA/resoluciones/RESOLUCIONES%202009/8630.pdf HTTP/1.1" 200 317309
23.22.35.162 - - [29/Apr/2024:02:41:34 -0500] "GET /BLA/resoluciones/index.php?dir=AUTOS%201997/&order=asc&sort=name HTTP/1.1" 200 2025
3.224.220.101 - - [29/Apr/2024:02:41:39 -0500] "GET /BLA/resoluciones/index.php?dir=AUTOS%201997/&order=asc&sort=size HTTP/1.1" 200 2025
52.14.63.59 - - [29/Apr/2024:02:41:39 -0500] "GET /BLA/resoluciones/AUTOS%202010/5884.pdf HTTP/1.1" 200 281591
18.217.200.173 - - [29/Apr/2024:02:41:40 -0500] "GET /BLA/resoluciones/AUTOS%202022/1624.pdf HTTP/1.1" 200 577529
52.14.63.59 - - [29/Apr/2024:02:41:40 -0500] "GET /BLA/resoluciones/AUTOS%202022/3152.pdf HTTP/1.1" 200 763105
18.217.200.173 - - [29/Apr/2024:02:41:41 -0500] "GET /BLA/resoluciones/AUTOS%202018/3248.pdf HTTP/1.1" 200 236675
18.217.200.173 - - [29/Apr/2024:02:41:41 -0500] "GET /BLA/resoluciones/RESOLUCIONES%202021/1865.pdf HTTP/1.1" 200 466582
18.217.200.173 - - [29/Apr/2024:02:41:42 -0500] "GET /BLA/resoluciones/AUTOS%202020/1413.pdf HTTP/1.1" 200 377345
3.224.220.101 - - [29/Apr/2024:02:41:42 -0500] "GET /BLA/resoluciones/index.php?dir=AUTOS%201997/&order=desc&sort=size HTTP/1.1" 200 2024
52.14.63.59 - - [29/Apr/2024:02:41:42 -0500] "GET /BLA/resoluciones/RESOLUCIONES%202021/5523.pdf HTTP/1.1" 200 444030
3.22.114.143 - - [29/Apr/2024:02:41:43 -0500] "GET /BLA/resoluciones/AUTOS%202022/3710.pdf HTTP/1.1" 200 823351
18.222.49.177 - - [29/Apr/2024:02:41:44 -0500] "GET /BLA/resoluciones/AUTOS%202020/4577.pdf HTTP/1.1" 200 358630
3.22.114.143 - - [29/Apr/2024:02:41:45 -0500] "GET /BLA/resoluciones/RESOLUCIONES%202009/2134.pdf HTTP/1.1" 200 541306
3.22.114.143 - - [29/Apr/2024:02:41:45 -0500] "GET /BLA/resoluciones/AUTOS%202020/2324.pdf HTTP/1.1" 200 327822
23.22.35.162 - - [29/Apr/2024:02:41:45 -0500] "GET /BLA/resoluciones/index.php?dir=AUTOS%201997/&order=desc&sort=name HTTP/1.1" 200 2024
18.222.49.177 - - [29/Apr/2024:02:41:46 -0500] "GET /BLA/resoluciones/RESOLUCIONES%202009/4368.pdf HTTP/1.1" 200 1096427
18.222.49.177 - - [29/Apr/2024:02:41:47 -0500] "GET /BLA/resoluciones/AUTOS%202020/4339.pdf HTTP/1.1" 200 441809
18.222.49.177 - - [29/Apr/2024:02:41:47 -0500] "GET /BLA/resoluciones/AUTOS%202023/0462.pdf HTTP/1.1" 200 482208
18.222.49.177 - - [29/Apr/2024:02:41:48 -0500] "GET /BLA/resoluciones/RESOLUCIONES%202009/4577.pdf HTTP/1.1" 200 640203
18.222.49.177 - - [29/Apr/2024:02:41:48 -0500] "GET /BLA/resoluciones/AUTOS%202023/2325.pdf HTTP/1.1" 200 877064
18.222.49.177 - - [29/Apr/2024:02:41:49 -0500] "GET /BLA/resoluciones/RESOLUCIONES%202011/5480.pdf HTTP/1.1" 200 575020
47.128.60.64 - - [29/Apr/2024:02:41:47 -0500] "GET /BLA/resoluciones/AUTOS%202021/0245.php?act=f&d=E%3A%5Cnuevo%5Chtdocs%5CResiduos%5Cmaderas%5Cimages%5C&f=page37_thumbnail.jpg&imgsize=100 HTTP/1.1" 200 16100
47.128.60.64 - - [29/Apr/2024:02:41:49 -0500] "GET /BLA/resoluciones/AUTOS%202021/0245.php?act=img&img=ext_jpg HTTP/1.1" 200 175
47.128.60.64 - - [29/Apr/2024:02:41:49 -0500] "GET /BLA/resoluciones/AUTOS%202021/0245.php?act=img&img=ext_diz HTTP/1.1" 200 1027
47.128.60.64 - - [29/Apr/2024:02:41:49 -0500] "GET /BLA/resoluciones/AUTOS%202021/0245.php?act=img&img=ext_txt HTTP/1.1" 200 132
47.128.60.64 - - [29/Apr/2024:02:41:49 -0500] "GET /BLA/resoluciones/AUTOS%202021/0245.php?act=img&img=ext_html HTTP/1.1" 200 230
47.128.60.64 - - [29/Apr/2024:02:41:49 -0500] "GET /BLA/resoluciones/AUTOS%202021/0245.php?act=img&img=ext_gif HTTP/1.1" 200 175
47.128.60.64 - - [29/Apr/2024:02:41:49 -0500] "GET /BLA/resoluciones/AUTOS%202021/0245.php?act=img&img=ext_exe HTTP/1.1" 200 118
18.222.197.243 - - [29/Apr/2024:02:41:49 -0500] "GET /BLA/resoluciones/AUTOS%202020/0823.pdf HTTP/1.1" 200 278100
47.128.60.64 - - [29/Apr/2024:02:41:49 -0500] "GET /BLA/resoluciones/AUTOS%202021/0245.php?act=img&img=ext_ini HTTP/1.1" 200 134
47.128.60.64 - - [29/Apr/2024:02:41:49 -0500] "GET /BLA/resoluciones/AUTOS%202021/0245.php?act=img&img=ext_rtf HTTP/1.1" 200 164
47.128.60.64 - - [29/Apr/2024:02:41:49 -0500] "GET /BLA/resoluciones/AUTOS%202021/0245.php?act=img&img=change HTTP/1.1" 200 290
47.128.60.64 - - [29/Apr/2024:02:41:49 -0500] "GET /BLA/resoluciones/AUTOS%202021/0245.php?act=img&img=download HTTP/1.1" 200 161
18.226.214.218 - - [29/Apr/2024:02:41:50 -0500] "GET /BLA/resoluciones/AUTOS%202018/2868.pdf HTTP/1.1" 200 2405930
18.222.197.243 - - [29/Apr/2024:02:41:51 -0500] "GET /BLA/resoluciones/AUTOS%202022/2358.pdf HTTP/1.1" 200 398090
3.224.220.101 - - [29/Apr/2024:02:41:51 -0500] "GET /BLA/resoluciones/index.php?dir=AUTOS%202002/&order=asc&sort=date HTTP/1.1" 200 1813
18.222.197.243 - - [29/Apr/2024:02:41:51 -0500] "GET /BLA/resoluciones/RESOLUCIONES%202009/3687.pdf HTTP/1.1" 200 146588
18.222.197.243 - - [29/Apr/2024:02:41:52 -0500] "GET /BLA/resoluciones/RESOLUCIONES%202021/0302.pdf HTTP/1.1" 200 732833
18.222.197.243 - - [29/Apr/2024:02:41:52 -0500] "GET /BLA/resoluciones/RESOLUCIONES%202011/6312.pdf HTTP/1.1" 200 493553
3.138.32.9 - - [29/Apr/2024:02:41:53 -0500] "GET /BLA/resoluciones/RESOLUCIONES%202003/1944.pdf HTTP/1.1" 200 862499
18.226.214.218 - - [29/Apr/2024:02:41:53 -0500] "GET /BLA/resoluciones/RESOLUCIONES%202009/3917.pdf HTTP/1.1" 200 739260
23.22.35.162 - - [29/Apr/2024:02:41:54 -0500] "GET /BLA/resoluciones/index.php?dir=AUTOS%202002/&order=desc&sort=date HTTP/1.1" 200 1812
18.226.214.218 - - [29/Apr/2024:02:41:54 -0500] "GET /BLA/resoluciones/RESOLUCIONES%202021/5145.pdf HTTP/1.1" 200 343078
3.140.186.22 - - [29/Apr/2024:02:41:55 -0500] "GET /BLA/resoluciones/AUTOS%202018/4733.pdf HTTP/1.1" 200 267739
3.138.32.9 - - [29/Apr/2024:02:41:55 -0500] "GET /BLA/resoluciones/RESOLUCIONES%202019/0023.pdf HTTP/1.1" 200 367124
52.14.209.115 - - [29/Apr/2024:02:41:56 -0500] "GET /BLA/resoluciones/RESOLUCIONES%202009/3212.pdf HTTP/1.1" 200 502236
3.140.186.22 - - [29/Apr/2024:02:41:57 -0500] "GET /BLA/resoluciones/AUTOS%202022/2024.pdf HTTP/1.1" 200 409104
3.140.186.22 - - [29/Apr/2024:02:41:57 -0500] "GET /BLA/resoluciones/AUTOS%202023/2859.pdf HTTP/1.1" 200 1340936
3.140.186.22 - - [29/Apr/2024:02:41:58 -0500] "GET /BLA/resoluciones/RESOLUCIONES%202009/6708.pdf HTTP/1.1" 200 363984
23.22.35.162 - - [29/Apr/2024:02:41:58 -0500] "GET /BLA/resoluciones/index.php?dir=AUTOS%202002/&order=asc&sort=name HTTP/1.1" 200 1813
3.140.186.22 - - [29/Apr/2024:02:41:58 -0500] "GET /BLA/resoluciones/AUTOS%202018/3039.pdf HTTP/1.1" 200 1990670
52.14.209.115 - - [29/Apr/2024:02:41:59 -0500] "GET /BLA/resoluciones/AUTOS%202020/2751.pdf HTTP/1.1" 200 378291
52.14.209.115 - - [29/Apr/2024:02:41:59 -0500] "GET /BLA/resoluciones/RESOLUCIONES%202019/1981.pdf HTTP/1.1" 200 420966
201.245.192.253 - - [29/Apr/2024:02:41:59 -0500] "POST /kwsrmcab/Wsrmcab  HTTP/1.1" 200 41015
52.14.209.115 - - [29/Apr/2024:02:42:00 -0500] "GET /BLA/resoluciones/RESOLUCIONES%202011/5406.pdf HTTP/1.1" 200 460135
3.138.35.149 - - [29/Apr/2024:02:42:01 -0500] "GET /BLA/resoluciones/AUTOS%202010/1871.pdf HTTP/1.1" 200 237449
3.138.35.149 - - [29/Apr/2024:02:42:01 -0500] "GET /BLA/resoluciones/RESOLUCIONES%202009/1039.pdf HTTP/1.1" 200 204825
52.70.240.171 - - [29/Apr/2024:02:42:01 -0500] "GET /BLA/resoluciones/index.php?dir=AUTOS%202002/&order=asc&sort=size HTTP/1.1" 200 1813
3.138.35.149 - - [29/Apr/2024:02:42:02 -0500] "GET /BLA/resoluciones/AUTOS%202022/7687.pdf HTTP/1.1" 200 447253
13.58.90.148 - - [29/Apr/2024:02:42:06 -0500] "GET /BLA/resoluciones/AUTOS%202022/4242.pdf HTTP/1.1" 200 2080827
3.224.220.101 - - [29/Apr/2024:02:42:07 -0500] "GET /BLA/resoluciones/index.php?dir=AUTOS%202002/&order=desc&sort=size HTTP/1.1" 200 1812
3.22.222.134 - - [29/Apr/2024:02:42:08 -0500] "GET /BLA/resoluciones/RESOLUCIONES%202021/0711.pdf HTTP/1.1" 200 403917
13.58.90.148 - - [29/Apr/2024:02:42:08 -0500] "GET /BLA/resoluciones/AUTOS%202020/2585.pdf HTTP/1.1" 200 363362
3.22.222.134 - - [29/Apr/2024:02:42:09 -0500] "GET /BLA/resoluciones/RESOLUCIONES%202021/1824.pdf HTTP/1.1" 200 472506
13.58.90.148 - - [29/Apr/2024:02:42:09 -0500] "GET /BLA/resoluciones/RESOLUCIONES%202009/3050.pdf HTTP/1.1" 200 496411
3.224.220.101 - - [29/Apr/2024:02:42:09 -0500] "GET /BLA/resoluciones/index.php?dir=AUTOS%202002/&order=desc&sort=name HTTP/1.1" 200 1812
18.218.12.180 - - [29/Apr/2024:02:42:11 -0500] "GET /BLA/resoluciones/RESOLUCIONES%202011/6183.pdf HTTP/1.1" 200 557145
47.128.60.61 - - [29/Apr/2024:02:42:12 -0500] "GET /BLA/resoluciones/AUTOS%202021/0245.php?act=ls&d=E%3A%5Cxampp%5Cxampp%5CMercuryMail%5CMAIL%5C&sort=2a HTTP/1.1" 200 3539
18.218.12.180 - - [29/Apr/2024:02:42:12 -0500] "GET /BLA/resoluciones/RESOLUCIONES%202011/2624.pdf HTTP/1.1" 200 510931
47.128.60.61 - - [29/Apr/2024:02:42:12 -0500] "GET /BLA/resoluciones/AUTOS%202021/0245.php?act=img&img=arrow_ltr HTTP/1.1" 200 88
18.218.12.180 - - [29/Apr/2024:02:42:12 -0500] "GET /BLA/resoluciones/AUTOS%202018/5262.pdf HTTP/1.1" 200 285808
47.128.60.61 - - [29/Apr/2024:02:42:13 -0500] "GET /BLA/resoluciones/AUTOS%202021/0245.php?act=img&img=ext_usr HTTP/1.1" 200 1034
3.146.34.55 - - [29/Apr/2024:02:42:14 -0500] "GET /BLA/resoluciones/RESOLUCIONES%202019/3830.pdf HTTP/1.1" 200 363870
23.22.35.162 - - [29/Apr/2024:02:42:14 -0500] "GET /BLA/resoluciones/index.php?dir=AUTOS%202003/&order=asc&sort=date HTTP/1.1" 200 1813
3.146.34.55 - - [29/Apr/2024:02:42:15 -0500] "GET /BLA/resoluciones/RESOLUCIONES%202009/8551.pdf HTTP/1.1" 200 513474
3.146.34.55 - - [29/Apr/2024:02:42:15 -0500] "GET /BLA/resoluciones/RESOLUCIONES%202011/2029.pdf HTTP/1.1" 200 512703
3.146.34.55 - - [29/Apr/2024:02:42:16 -0500] "GET /BLA/resoluciones/RESOLUCIONES%202009/6807.pdf HTTP/1.1" 200 740181
3.224.220.101 - - [29/Apr/2024:02:42:19 -0500] "GET /BLA/resoluciones/index.php?dir=AUTOS%202003/&order=desc&sort=date HTTP/1.1" 200 1812
23.22.35.162 - - [29/Apr/2024:02:42:21 -0500] "GET /BLA/resoluciones/index.php?dir=AUTOS%202003/&order=asc&sort=name HTTP/1.1" 200 1813
3.137.209.225 - - [29/Apr/2024:02:42:26 -0500] "GET /BLA/resoluciones/RESOLUCIONES%202011/0717.pdf HTTP/1.1" 200 247184
52.70.240.171 - - [29/Apr/2024:02:42:26 -0500] "GET /BLA/resoluciones/index.php?dir=AUTOS%202003/&order=asc&sort=size HTTP/1.1" 200 1813
18.216.224.168 - - [29/Apr/2024:02:42:26 -0500] "GET /BLA/resoluciones/RESOLUCIONES%202009/6043.pdf HTTP/1.1" 200 486241
3.137.209.225 - - [29/Apr/2024:02:42:27 -0500] "GET /BLA/resoluciones/RESOLUCIONES%202009/6794.pdf HTTP/1.1" 200 654902
3.224.220.101 - - [29/Apr/2024:02:42:31 -0500] "GET /BLA/resoluciones/index.php?dir=AUTOS%202003/&order=desc&sort=size HTTP/1.1" 200 1812
52.70.240.171 - - [29/Apr/2024:02:42:34 -0500] "GET /BLA/resoluciones/index.php?dir=AUTOS%202003/&order=desc&sort=name HTTP/1.1" 200 1812
47.128.38.52 - - [29/Apr/2024:02:42:37 -0500] "GET /BLA/resoluciones/AUTOS%202021/0245.php?act=img&img=ext_txt HTTP/1.1" 200 132
47.128.38.52 - - [29/Apr/2024:02:42:37 -0500] "GET /BLA/resoluciones/AUTOS%202021/0245.php?act=img&img=ext_diz HTTP/1.1" 200 1027
47.128.38.52 - - [29/Apr/2024:02:42:37 -0500] "GET /BLA/resoluciones/AUTOS%202021/0245.php?act=img&img=ext_jpg HTTP/1.1" 200 175
47.128.38.52 - - [29/Apr/2024:02:42:37 -0500] "GET /BLA/resoluciones/AUTOS%202021/0245.php?act=img&img=ext_html HTTP/1.1" 200 230
47.128.38.52 - - [29/Apr/2024:02:42:38 -0500] "GET /BLA/resoluciones/AUTOS%202021/0245.php?act=img&img=ext_exe HTTP/1.1" 200 118
23.22.35.162 - - [29/Apr/2024:02:42:38 -0500] "GET /BLA/resoluciones/index.php?dir=AUTOS%202004/&order=asc&sort=date HTTP/1.1" 200 2786
47.128.38.52 - - [29/Apr/2024:02:42:38 -0500] "GET /BLA/resoluciones/AUTOS%202021/0245.php?act=img&img=ext_gif HTTP/1.1" 200 175
47.128.38.52 - - [29/Apr/2024:02:42:38 -0500] "GET /BLA/resoluciones/AUTOS%202021/0245.php?act=img&img=download HTTP/1.1" 200 161
47.128.38.52 - - [29/Apr/2024:02:42:38 -0500] "GET /BLA/resoluciones/AUTOS%202021/0245.php?act=img&img=change HTTP/1.1" 200 290
47.128.38.52 - - [29/Apr/2024:02:42:38 -0500] "GET /BLA/resoluciones/AUTOS%202021/0245.php?act=img&img=ext_rtf HTTP/1.1" 200 164
47.128.38.52 - - [29/Apr/2024:02:42:36 -0500] "GET /BLA/resoluciones/AUTOS%202021/0245.php?act=f&d=E%3A%5Cnuevo%5Chtdocs%5CResiduos%5Ccurtiembres%5Cimages%5C&f=page76_thumbnail.jpg&imgsize=100 HTTP/1.1" 200 16324
47.128.38.52 - - [29/Apr/2024:02:42:38 -0500] "GET /BLA/resoluciones/AUTOS%202021/0245.php?act=img&img=ext_ini HTTP/1.1" 200 134
18.117.141.50 - - [29/Apr/2024:02:42:42 -0500] "GET /BLA/resoluciones/RESOLUCIONES%202021/0144.pdf HTTP/1.1" 200 469632
18.117.141.50 - - [29/Apr/2024:02:42:43 -0500] "GET /BLA/resoluciones/AUTOS%202023/5890.pdf HTTP/1.1" 200 1016154
52.70.240.171 - - [29/Apr/2024:02:42:43 -0500] "GET /BLA/resoluciones/index.php?dir=AUTOS%202004/&order=desc&sort=date HTTP/1.1" 200 2785
18.117.141.50 - - [29/Apr/2024:02:42:44 -0500] "GET /BLA/resoluciones/RESOLUCIONES%202009/2732.pdf HTTP/1.1" 200 1124156
18.117.141.50 - - [29/Apr/2024:02:42:44 -0500] "GET /BLA/resoluciones/AUTOS%202010/1278.pdf HTTP/1.1" 200 406174
52.70.240.171 - - [29/Apr/2024:02:42:47 -0500] "GET /BLA/resoluciones/index.php?dir=AUTOS%202004/&order=asc&sort=name HTTP/1.1" 200 2786
13.59.136.217 - - [29/Apr/2024:02:42:47 -0500] "GET /BLA/resoluciones/RESOLUCIONES%202011/3836.pdf HTTP/1.1" 200 880518
52.70.240.171 - - [29/Apr/2024:02:42:50 -0500] "GET /BLA/resoluciones/index.php?dir=AUTOS%202004/&order=asc&sort=size HTTP/1.1" 200 2786
3.224.220.101 - - [29/Apr/2024:02:42:55 -0500] "GET /BLA/resoluciones/index.php?dir=AUTOS%202004/&order=desc&sort=size HTTP/1.1" 200 2785
18.119.14.68 - - [29/Apr/2024:02:42:56 -0500] "GET /BLA/resoluciones/RESOLUCIONES%202019/0493.pdf HTTP/1.1" 200 379682
18.225.255.26 - - [29/Apr/2024:02:42:57 -0500] "GET /BLA/resoluciones/AUTOS%202022/7574.pdf HTTP/1.1" 200 419109
52.70.240.171 - - [29/Apr/2024:02:42:58 -0500] "GET /BLA/resoluciones/index.php?dir=AUTOS%202004/&order=desc&sort=name HTTP/1.1" 200 2785
18.119.14.68 - - [29/Apr/2024:02:42:58 -0500] "GET /BLA/resoluciones/RESOLUCIONES%202019/2614.pdf HTTP/1.1" 200 337729
18.119.14.68 - - [29/Apr/2024:02:42:58 -0500] "GET /BLA/resoluciones/RESOLUCIONES%202021/4725.pdf HTTP/1.1" 200 348540
3.17.25.60 - - [29/Apr/2024:02:42:59 -0500] "GET /BLA/resoluciones/RESOLUCIONES%202011/1264.pdf HTTP/1.1" 200 366198
18.116.164.246 - - [29/Apr/2024:02:42:59 -0500] "GET /BLA/resoluciones/RESOLUCIONES%202019/3182.pdf HTTP/1.1" 200 309862
18.225.255.26 - - [29/Apr/2024:02:43:00 -0500] "GET /BLA/resoluciones/AUTOS%202022/7703.pdf HTTP/1.1" 200 520275
47.128.28.181 - - [29/Apr/2024:02:43:00 -0500] "GET /BLA/resoluciones/AUTOS%202021/0245.php?act=upload&d=C%3A%5CAmbienteBogota%5Ccounter%5Cdigits%5Cirons%5C.. HTTP/1.1" 200 2841
3.17.25.60 - - [29/Apr/2024:02:43:00 -0500] "GET /BLA/resoluciones/RESOLUCIONES%202011/1552.pdf HTTP/1.1" 200 77991
3.147.81.127 - - [29/Apr/2024:02:43:01 -0500] "GET /BLA/resoluciones/RESOLUCIONES%202019/1995.pdf HTTP/1.1" 200 282714
18.116.164.246 - - [29/Apr/2024:02:43:02 -0500] "GET /BLA/resoluciones/AUTOS%202020/4242.pdf HTTP/1.1" 200 1057780
23.22.35.162 - - [29/Apr/2024:02:43:02 -0500] "GET /BLA/resoluciones/index.php?dir=AUTOS%202005/&order=asc&sort=date HTTP/1.1" 200 2791
18.118.254.43 - - [29/Apr/2024:02:43:02 -0500] "GET /BLA/resoluciones/RESOLUCIONES%202009/5439.pdf HTTP/1.1" 200 527507
3.147.81.127 - - [29/Apr/2024:02:43:03 -0500] "GET /BLA/resoluciones/RESOLUCIONES%202019/0881.pdf HTTP/1.1" 200 327423
3.147.81.127 - - [29/Apr/2024:02:43:04 -0500] "GET /BLA/resoluciones/RESOLUCIONES%202011/6769.pdf HTTP/1.1" 200 264201
18.118.254.43 - - [29/Apr/2024:02:43:04 -0500] "GET /BLA/resoluciones/AUTOS%202023/4837.pdf HTTP/1.1" 200 782737
18.118.254.43 - - [29/Apr/2024:02:43:05 -0500] "GET /BLA/resoluciones/AUTOS%202020/4259.pdf HTTP/1.1" 200 344647
23.22.35.162 - - [29/Apr/2024:02:43:05 -0500] "GET /BLA/resoluciones/index.php?dir=AUTOS%202005/&order=desc&sort=date HTTP/1.1" 200 2790
3.131.135.101 - - [29/Apr/2024:02:43:06 -0500] "GET /BLA/resoluciones/RESOLUCIONES%202021/4508.pdf HTTP/1.1" 200 347884
3.131.135.101 - - [29/Apr/2024:02:43:07 -0500] "GET /BLA/resoluciones/AUTOS%202023/4086.pdf HTTP/1.1" 200 1223945
3.131.135.101 - - [29/Apr/2024:02:43:08 -0500] "GET /BLA/resoluciones/RESOLUCIONES%202020/2026.pdf HTTP/1.1" 200 761343
3.131.135.101 - - [29/Apr/2024:02:43:08 -0500] "GET /BLA/resoluciones/RESOLUCIONES%202009/4683.pdf HTTP/1.1" 200 705930
3.131.135.101 - - [29/Apr/2024:02:43:09 -0500] "GET /BLA/resoluciones/RESOLUCIONES%202020/1850.pdf HTTP/1.1" 200 506473
3.131.135.101 - - [29/Apr/2024:02:43:09 -0500] "GET /BLA/resoluciones/AUTOS%202018/3375.pdf HTTP/1.1" 200 838833
3.131.135.101 - - [29/Apr/2024:02:43:10 -0500] "GET /BLA/resoluciones/AUTOS%202022/7441.pdf HTTP/1.1" 200 1206946
23.22.35.162 - - [29/Apr/2024:02:43:10 -0500] "GET /BLA/resoluciones/index.php?dir=AUTOS%202005/&order=asc&sort=name HTTP/1.1" 200 2791
3.133.139.169 - - [29/Apr/2024:02:43:13 -0500] "GET /BLA/resoluciones/AUTOS%202010/6768.pdf HTTP/1.1" 200 438922
52.70.240.171 - - [29/Apr/2024:02:43:13 -0500] "GET /BLA/resoluciones/index.php?dir=AUTOS%202005/&order=asc&sort=size HTTP/1.1" 200 2791
3.133.139.169 - - [29/Apr/2024:02:43:13 -0500] "GET /BLA/resoluciones/RESOLUCIONES%202011/4298.pdf HTTP/1.1" 200 571652
3.133.139.169 - - [29/Apr/2024:02:43:14 -0500] "GET /BLA/resoluciones/AUTOS%202018/1301.pdf HTTP/1.1" 200 289448
3.133.139.169 - - [29/Apr/2024:02:43:15 -0500] "GET /BLA/resoluciones/RESOLUCIONES%202011/5395.pdf HTTP/1.1" 200 584041
3.133.139.169 - - [29/Apr/2024:02:43:15 -0500] "GET /BLA/resoluciones/RESOLUCIONES%202020/1081.pdf HTTP/1.1" 200 5106623
23.22.35.162 - - [29/Apr/2024:02:43:18 -0500] "GET /BLA/resoluciones/index.php?dir=AUTOS%202005/&order=desc&sort=size HTTP/1.1" 200 2790
18.217.118.213 - - [29/Apr/2024:02:43:18 -0500] "GET /BLA/resoluciones/AUTOS%202022/5432.pdf HTTP/1.1" 200 450594
18.217.118.213 - - [29/Apr/2024:02:43:19 -0500] "GET /BLA/resoluciones/RESOLUCIONES%202020/2251.pdf HTTP/1.1" 200 364946
18.217.118.213 - - [29/Apr/2024:02:43:20 -0500] "GET /BLA/resoluciones/AUTOS%202023/1823.pdf HTTP/1.1" 200 407640
3.129.92.231 - - [29/Apr/2024:02:43:21 -0500] "GET /BLA/resoluciones/RESOLUCIONES%202011/0094.pdf HTTP/1.1" 200 357810
3.129.92.231 - - [29/Apr/2024:02:43:22 -0500] "GET /BLA/resoluciones/RESOLUCIONES%202009/9574.pdf HTTP/1.1" 200 337618
23.22.35.162 - - [29/Apr/2024:02:43:23 -0500] "GET /BLA/resoluciones/index.php?dir=AUTOS%202005/&order=desc&sort=name HTTP/1.1" 200 2790
