3.138.35.149 - - [29/Apr/2024:00:16:10 -0500] "GET /BLA/resoluciones/RESOLUCIONES%202021/1966.pdf HTTP/1.1" 200 343061
18.223.172.78 - - [29/Apr/2024:00:16:11 -0500] "GET /BLA/resoluciones/AUTOS%202022/4077.pdf HTTP/1.1" 200 374503
13.59.137.248 - - [29/Apr/2024:00:16:11 -0500] "GET /BLA/resoluciones/AUTOS%202018/5199.pdf HTTP/1.1" 200 872292
13.59.137.248 - - [29/Apr/2024:00:16:12 -0500] "GET /BLA/resoluciones/RESOLUCIONES%202009/6782.pdf HTTP/1.1" 200 683516
18.119.119.204 - - [29/Apr/2024:00:16:12 -0500] "GET /BLA/resoluciones/AUTOS%202023/0963.pdf HTTP/1.1" 200 408944
3.138.35.149 - - [29/Apr/2024:00:16:13 -0500] "GET /BLA/resoluciones/AUTOS%202010/6435.pdf HTTP/1.1" 200 151701
3.138.35.149 - - [29/Apr/2024:00:16:13 -0500] "GET /BLA/resoluciones/RESOLUCIONES%202011/0601.pdf HTTP/1.1" 200 74671
3.138.35.149 - - [29/Apr/2024:00:16:14 -0500] "GET /BLA/resoluciones/AUTOS%202022/4606.pdf HTTP/1.1" 200 378622
23.22.35.162 - - [29/Apr/2024:00:16:14 -0500] "GET /BLA/resoluciones/Notificaciones/RESOLUCIONES%202022/5436.pdf HTTP/1.1" 200 6772205
18.223.172.78 - - [29/Apr/2024:00:16:15 -0500] "GET /BLA/resoluciones/RESOLUCIONES%202020/1398.pdf HTTP/1.1" 200 512011
3.22.114.143 - - [29/Apr/2024:00:16:15 -0500] "GET /BLA/resoluciones/RESOLUCIONES%202019/0228.pdf HTTP/1.1" 200 285529
18.119.119.204 - - [29/Apr/2024:00:16:16 -0500] "GET /BLA/resoluciones/RESOLUCIONES%202009/6631.pdf HTTP/1.1" 200 400098
18.119.119.204 - - [29/Apr/2024:00:16:16 -0500] "GET /BLA/resoluciones/AUTOS%202018/3593.pdf HTTP/1.1" 200 279595
18.119.119.204 - - [29/Apr/2024:00:16:17 -0500] "GET /BLA/resoluciones/AUTOS%202018/4903.pdf HTTP/1.1" 200 264488
3.22.114.143 - - [29/Apr/2024:00:16:18 -0500] "GET /BLA/resoluciones/AUTOS%202020/0950.pdf HTTP/1.1" 200 1589486
47.128.59.133 - - [29/Apr/2024:00:16:18 -0500] "GET /BLA/resoluciones/AUTOS%202021/0245.php?act=f&f=color1.php HTTP/1.1" 200 2738
3.224.220.101 - - [29/Apr/2024:00:16:19 -0500] "GET /BLA/resoluciones/Notificaciones/RESOLUCIONES%202022/2324.pdf HTTP/1.1" 200 539109
3.224.220.101 - - [29/Apr/2024:00:16:22 -0500] "GET /BLA/resoluciones/Notificaciones/RESOLUCIONES%202022/5434.pdf HTTP/1.1" 200 4438623
13.58.90.148 - - [29/Apr/2024:00:16:25 -0500] "GET /BLA/resoluciones/AUTOS%202023/1327.pdf HTTP/1.1" 200 3309870
3.17.25.60 - - [29/Apr/2024:00:16:26 -0500] "GET /BLA/resoluciones/RESOLUCIONES%202009/3277.pdf HTTP/1.1" 200 674868
23.22.35.162 - - [29/Apr/2024:00:16:26 -0500] "GET /BLA/resoluciones/Notificaciones/RESOLUCIONES%202022/5432.pdf HTTP/1.1" 200 4382927
13.58.90.148 - - [29/Apr/2024:00:16:27 -0500] "GET /BLA/resoluciones/RESOLUCIONES%202021/0217.pdf HTTP/1.1" 200 511200
3.17.25.60 - - [29/Apr/2024:00:16:27 -0500] "GET /BLA/resoluciones/AUTOS%202022/2995.pdf HTTP/1.1" 200 374548
3.17.25.60 - - [29/Apr/2024:00:16:28 -0500] "GET /BLA/resoluciones/AUTOS%202023/4174.pdf HTTP/1.1" 200 418913
3.17.25.60 - - [29/Apr/2024:00:16:28 -0500] "GET /BLA/resoluciones/RESOLUCIONES%202009/7911.pdf HTTP/1.1" 200 524299
66.249.66.165 - - [29/Apr/2024:00:16:29 -0500] "GET /portaldeninos/comments/feed/ HTTP/1.1" 200 1823
23.22.35.162 - - [29/Apr/2024:00:16:30 -0500] "GET /BLA/resoluciones/Notificaciones/RESOLUCIONES%202022/2323.pdf HTTP/1.1" 200 469806
3.140.186.22 - - [29/Apr/2024:00:16:31 -0500] "GET /BLA/resoluciones/AUTOS%202023/5335.pdf HTTP/1.1" 200 413333
52.70.240.171 - - [29/Apr/2024:00:16:36 -0500] "GET /BLA/resoluciones/Notificaciones/RESOLUCIONES%202022/2322.pdf HTTP/1.1" 200 467613
18.217.12.173 - - [29/Apr/2024:00:16:39 -0500] "GET /BLA/resoluciones/AUTOS%202018/1774.pdf HTTP/1.1" 200 335199
3.224.220.101 - - [29/Apr/2024:00:16:39 -0500] "GET /BLA/resoluciones/Notificaciones/RESOLUCIONES%202022/5430.pdf HTTP/1.1" 200 3850224
18.217.12.173 - - [29/Apr/2024:00:16:39 -0500] "GET /BLA/resoluciones/AUTOS%202022/6386.pdf HTTP/1.1" 200 501757
18.217.12.173 - - [29/Apr/2024:00:16:40 -0500] "GET /BLA/resoluciones/RESOLUCIONES%202011/1970.pdf HTTP/1.1" 200 498245
3.145.172.39 - - [29/Apr/2024:00:16:41 -0500] "GET /BLA/resoluciones/RESOLUCIONES%202011/5975.pdf HTTP/1.1" 200 523287
18.217.12.173 - - [29/Apr/2024:00:16:41 -0500] "GET /BLA/resoluciones/RESOLUCIONES%202019/3169.pdf HTTP/1.1" 200 271606
18.217.12.173 - - [29/Apr/2024:00:16:41 -0500] "GET /BLA/resoluciones/RESOLUCIONES%202009/9811.pdf HTTP/1.1" 200 349313
52.70.240.171 - - [29/Apr/2024:00:16:42 -0500] "GET /BLA/resoluciones/Notificaciones/RESOLUCIONES%202022/2320.pdf HTTP/1.1" 200 502035
18.217.12.173 - - [29/Apr/2024:00:16:42 -0500] "GET /BLA/resoluciones/RESOLUCIONES%202011/6519.pdf HTTP/1.1" 200 831269
18.217.12.173 - - [29/Apr/2024:00:16:42 -0500] "GET /BLA/resoluciones/RESOLUCIONES%202009/9824.pdf HTTP/1.1" 200 533787
47.128.114.157 - - [29/Apr/2024:00:16:43 -0500] "GET /BLA/resoluciones/AUTOS%202021/0245.php?act=f&f=9.png HTTP/1.1" 200 2736
3.145.172.39 - - [29/Apr/2024:00:16:43 -0500] "GET /BLA/resoluciones/AUTOS%202023/1361.pdf HTTP/1.1" 200 434016
3.145.172.39 - - [29/Apr/2024:00:16:44 -0500] "GET /BLA/resoluciones/AUTOS%202022/7502.pdf HTTP/1.1" 200 432472
3.139.236.178 - - [29/Apr/2024:00:16:44 -0500] "GET /BLA/resoluciones/RESOLUCIONES%202009/1659.pdf HTTP/1.1" 200 406315
18.224.179.54 - - [29/Apr/2024:00:16:45 -0500] "GET /BLA/resoluciones/RESOLUCIONES%202009/1876.pdf HTTP/1.1" 200 347808
18.119.14.68 - - [29/Apr/2024:00:16:46 -0500] "GET /BLA/resoluciones/RESOLUCIONES%202021/4217.pdf HTTP/1.1" 200 336672
52.70.240.171 - - [29/Apr/2024:00:16:46 -0500] "GET /BLA/resoluciones/Notificaciones/RESOLUCIONES%202022/5429.pdf HTTP/1.1" 200 4021149
3.139.236.178 - - [29/Apr/2024:00:16:46 -0500] "GET /BLA/resoluciones/RESOLUCIONES%202019/2380.pdf HTTP/1.1" 200 356167
3.139.236.178 - - [29/Apr/2024:00:16:47 -0500] "GET /BLA/resoluciones/AUTOS%202023/5750.pdf HTTP/1.1" 200 502438
18.224.179.54 - - [29/Apr/2024:00:16:47 -0500] "GET /BLA/resoluciones/RESOLUCIONES%202009/8407.pdf HTTP/1.1" 200 368106
18.224.179.54 - - [29/Apr/2024:00:16:48 -0500] "GET /BLA/resoluciones/RESOLUCIONES%202009/8570.pdf HTTP/1.1" 200 515736
18.224.179.54 - - [29/Apr/2024:00:16:48 -0500] "GET /BLA/resoluciones/AUTOS%202018/6274.pdf HTTP/1.1" 200 409359
18.119.14.68 - - [29/Apr/2024:00:16:49 -0500] "GET /BLA/resoluciones/RESOLUCIONES%202011/1278.pdf HTTP/1.1" 200 351062
18.119.14.68 - - [29/Apr/2024:00:16:50 -0500] "GET /BLA/resoluciones/AUTOS%202018/0911.pdf HTTP/1.1" 200 317191
18.119.14.68 - - [29/Apr/2024:00:16:50 -0500] "GET /BLA/resoluciones/RESOLUCIONES%202021/1284.pdf HTTP/1.1" 200 540532
23.22.35.162 - - [29/Apr/2024:00:16:50 -0500] "GET /BLA/resoluciones/Notificaciones/RESOLUCIONES%202022/2312.pdf HTTP/1.1" 200 447430
18.119.14.68 - - [29/Apr/2024:00:16:51 -0500] "GET /BLA/resoluciones/RESOLUCIONES%202009/3401.pdf HTTP/1.1" 200 474903
18.216.224.168 - - [29/Apr/2024:00:16:51 -0500] "GET /BLA/resoluciones/AUTOS%202018/6405.pdf HTTP/1.1" 200 371252
23.22.35.162 - - [29/Apr/2024:00:16:54 -0500] "GET /BLA/resoluciones/Notificaciones/RESOLUCIONES%202022/5428.pdf HTTP/1.1" 200 3932308
18.217.158.214 - - [29/Apr/2024:00:16:58 -0500] "GET /BLA/resoluciones/AUTOS%202018/1810.pdf HTTP/1.1" 200 282924
23.22.35.162 - - [29/Apr/2024:00:16:58 -0500] "GET /BLA/resoluciones/Notificaciones/RESOLUCIONES%202022/2311.pdf HTTP/1.1" 200 409900
18.217.158.214 - - [29/Apr/2024:00:16:59 -0500] "GET /BLA/resoluciones/RESOLUCIONES%202009/3143.pdf HTTP/1.1" 200 475173
18.217.158.214 - - [29/Apr/2024:00:16:59 -0500] "GET /BLA/resoluciones/RESOLUCIONES%202009/5036.pdf HTTP/1.1" 200 652865
23.22.35.162 - - [29/Apr/2024:00:17:02 -0500] "GET /BLA/resoluciones/Notificaciones/RESOLUCIONES%202022/5427.pdf HTTP/1.1" 200 3681125
18.116.80.2 - - [29/Apr/2024:00:17:03 -0500] "GET /BLA/resoluciones/AUTOS%202023/4809.pdf HTTP/1.1" 200 1589154
18.216.154.7 - - [29/Apr/2024:00:17:03 -0500] "GET /BLA/resoluciones/RESOLUCIONES%202021/4670.pdf HTTP/1.1" 200 351760
13.59.136.217 - - [29/Apr/2024:00:17:04 -0500] "GET /BLA/resoluciones/RESOLUCIONES%202019/2315.pdf HTTP/1.1" 200 275102
18.216.154.7 - - [29/Apr/2024:00:17:05 -0500] "GET /BLA/resoluciones/RESOLUCIONES%202021/0956.pdf HTTP/1.1" 200 494340
18.216.154.7 - - [29/Apr/2024:00:17:05 -0500] "GET /BLA/resoluciones/RESOLUCIONES%202021/2775.pdf HTTP/1.1" 200 356346
18.116.80.2 - - [29/Apr/2024:00:17:06 -0500] "GET /BLA/resoluciones/AUTOS%202018/4453.pdf HTTP/1.1" 200 324226
3.224.220.101 - - [29/Apr/2024:00:17:06 -0500] "GET /BLA/resoluciones/Notificaciones/RESOLUCIONES%202022/2310.pdf HTTP/1.1" 200 404765
13.59.136.217 - - [29/Apr/2024:00:17:06 -0500] "GET /BLA/resoluciones/RESOLUCIONES%202021/1724.pdf HTTP/1.1" 200 393873
13.59.136.217 - - [29/Apr/2024:00:17:07 -0500] "GET /BLA/resoluciones/AUTOS%202018/5391.pdf HTTP/1.1" 200 289318
3.22.42.179 - - [29/Apr/2024:00:17:08 -0500] "GET /BLA/resoluciones/RESOLUCIONES%202009/4033.pdf HTTP/1.1" 200 233827
47.128.58.211 - - [29/Apr/2024:00:17:08 -0500] "GET /BLA/resoluciones/AUTOS%202021/0245.php?act=f&f=tbl_relation.lib.php&white=1 HTTP/1.1" 200 2747
3.22.42.179 - - [29/Apr/2024:00:17:08 -0500] "GET /BLA/resoluciones/RESOLUCIONES%202009/3018.pdf HTTP/1.1" 200 609264
3.22.42.179 - - [29/Apr/2024:00:17:09 -0500] "GET /BLA/resoluciones/AUTOS%202018/3345.pdf HTTP/1.1" 200 265343
3.22.42.179 - - [29/Apr/2024:00:17:09 -0500] "GET /BLA/resoluciones/RESOLUCIONES%202009/0087.pdf HTTP/1.1" 200 194108
3.22.42.179 - - [29/Apr/2024:00:17:10 -0500] "GET /BLA/resoluciones/RESOLUCIONES%202009/8212.pdf HTTP/1.1" 200 911796
23.22.35.162 - - [29/Apr/2024:00:17:10 -0500] "GET /BLA/resoluciones/Notificaciones/RESOLUCIONES%202022/5425.pdf HTTP/1.1" 200 4542736
23.22.35.162 - - [29/Apr/2024:00:17:14 -0500] "GET /BLA/resoluciones/Notificaciones/RESOLUCIONES%202022/2309.pdf HTTP/1.1" 200 411552
3.224.220.101 - - [29/Apr/2024:00:17:18 -0500] "GET /BLA/resoluciones/Notificaciones/RESOLUCIONES%202022/5423.pdf HTTP/1.1" 200 7104203
3.131.135.101 - - [29/Apr/2024:00:17:19 -0500] "GET /BLA/resoluciones/AUTOS%202023/4774.pdf HTTP/1.1" 200 949755
3.131.135.101 - - [29/Apr/2024:00:17:20 -0500] "GET /BLA/resoluciones/RESOLUCIONES%202000/0509.pdf HTTP/1.1" 200 201498
3.131.135.101 - - [29/Apr/2024:00:17:21 -0500] "GET /BLA/resoluciones/RESOLUCIONES%202009/3923.pdf HTTP/1.1" 200 100910
52.70.240.171 - - [29/Apr/2024:00:17:22 -0500] "GET /BLA/resoluciones/Notificaciones/RESOLUCIONES%202022/2307.pdf HTTP/1.1" 200 408187
3.147.81.127 - - [29/Apr/2024:00:17:23 -0500] "GET /BLA/resoluciones/RESOLUCIONES%202020/1132.pdf HTTP/1.1" 200 397608
3.148.117.195 - - [29/Apr/2024:00:17:23 -0500] "GET /BLA/resoluciones/RESOLUCIONES%202021/1022.pdf HTTP/1.1" 200 401857
3.147.81.127 - - [29/Apr/2024:00:17:24 -0500] "GET /BLA/resoluciones/AUTOS%202020/1681.pdf HTTP/1.1" 200 340260
3.224.220.101 - - [29/Apr/2024:00:17:26 -0500] "GET /BLA/resoluciones/Notificaciones/RESOLUCIONES%202022/5421.pdf HTTP/1.1" 200 6707062
18.217.200.173 - - [29/Apr/2024:00:17:28 -0500] "GET /BLA/resoluciones/RESOLUCIONES%202009/1206.pdf HTTP/1.1" 200 393468
18.217.200.173 - - [29/Apr/2024:00:17:29 -0500] "GET /BLA/resoluciones/RESOLUCIONES%202009/3753.pdf HTTP/1.1" 200 369670
18.217.200.173 - - [29/Apr/2024:00:17:29 -0500] "GET /BLA/resoluciones/RESOLUCIONES%202019/1812.pdf HTTP/1.1" 200 505052
18.217.200.173 - - [29/Apr/2024:00:17:30 -0500] "GET /BLA/resoluciones/RESOLUCIONES%202016/0776.pdf HTTP/1.1" 200 725169
18.217.200.173 - - [29/Apr/2024:00:17:30 -0500] "GET /BLA/resoluciones/AUTOS%202022/2152.pdf HTTP/1.1" 200 487461
3.224.220.101 - - [29/Apr/2024:00:17:30 -0500] "GET /BLA/resoluciones/Notificaciones/RESOLUCIONES%202022/5419.pdf HTTP/1.1" 200 6872172
47.128.59.79 - - [29/Apr/2024:00:17:32 -0500] "GET /BLA/resoluciones/AUTOS%202021/0245.php?act=f&f=page96_thumbnail.jpg&white=1 HTTP/1.1" 200 2749
3.16.50.75 - - [29/Apr/2024:00:17:33 -0500] "GET /BLA/resoluciones/RESOLUCIONES%202011/4434.pdf HTTP/1.1" 200 237399
23.22.35.162 - - [29/Apr/2024:00:17:34 -0500] "GET /BLA/resoluciones/Notificaciones/RESOLUCIONES%202022/2304.pdf HTTP/1.1" 200 404400
3.17.166.149 - - [29/Apr/2024:00:17:34 -0500] "GET /BLA/resoluciones/RESOLUCIONES%202020/2054.pdf HTTP/1.1" 200 398043
3.16.50.75 - - [29/Apr/2024:00:17:35 -0500] "GET /BLA/resoluciones/RESOLUCIONES%202009/5096.pdf HTTP/1.1" 200 503573
3.16.50.75 - - [29/Apr/2024:00:17:35 -0500] "GET /BLA/resoluciones/AUTOS%202023/3453.pdf HTTP/1.1" 200 414625
3.17.166.149 - - [29/Apr/2024:00:17:36 -0500] "GET /BLA/resoluciones/AUTOS%202010/6676.pdf HTTP/1.1" 200 233608
18.216.127.212 - - [29/Apr/2024:00:17:37 -0500] "GET /BLA/resoluciones/RESOLUCIONES%202009/1165.pdf HTTP/1.1" 200 181545
18.216.127.212 - - [29/Apr/2024:00:17:37 -0500] "GET /BLA/resoluciones/RESOLUCIONES%202009/3969.pdf HTTP/1.1" 200 519593
18.216.127.212 - - [29/Apr/2024:00:17:38 -0500] "GET /BLA/resoluciones/AUTOS%202018/1605.pdf HTTP/1.1" 200 774240
3.224.220.101 - - [29/Apr/2024:00:17:38 -0500] "GET /BLA/resoluciones/Notificaciones/RESOLUCIONES%202022/5397.pdf HTTP/1.1" 200 7535264
18.216.127.212 - - [29/Apr/2024:00:17:38 -0500] "GET /BLA/resoluciones/RESOLUCIONES%202009/8554.pdf HTTP/1.1" 200 484543
18.216.127.212 - - [29/Apr/2024:00:17:39 -0500] "GET /BLA/resoluciones/AUTOS%202018/2469.pdf HTTP/1.1" 200 330609
18.216.127.212 - - [29/Apr/2024:00:17:39 -0500] "GET /BLA/resoluciones/RESOLUCIONES%202021/2768.pdf HTTP/1.1" 200 365643
18.224.251.139 - - [29/Apr/2024:00:17:40 -0500] "GET /BLA/resoluciones/RESOLUCIONES%201995/RESOLUCION%20141%20A%20DE%201995.pdf HTTP/1.1" 200 54886
18.224.251.139 - - [29/Apr/2024:00:17:41 -0500] "GET /BLA/resoluciones/AUTOS%202023/2378.pdf HTTP/1.1" 200 693019
52.70.240.171 - - [29/Apr/2024:00:17:43 -0500] "GET /BLA/resoluciones/Notificaciones/RESOLUCIONES%202022/2302.pdf HTTP/1.1" 200 409681
18.222.197.243 - - [29/Apr/2024:00:17:44 -0500] "GET /BLA/resoluciones/RESOLUCIONES%202011/5058.pdf HTTP/1.1" 200 541304
18.222.197.243 - - [29/Apr/2024:00:17:45 -0500] "GET /BLA/resoluciones/RESOLUCIONES%202019/1441.pdf HTTP/1.1" 200 365498
18.222.197.243 - - [29/Apr/2024:00:17:46 -0500] "GET /BLA/resoluciones/RESOLUCIONES%202021/1197.pdf HTTP/1.1" 200 454063
23.22.35.162 - - [29/Apr/2024:00:17:46 -0500] "GET /BLA/resoluciones/Notificaciones/RESOLUCIONES%202022/5396.pdf HTTP/1.1" 200 7144849
18.225.255.26 - - [29/Apr/2024:00:17:48 -0500] "GET /BLA/resoluciones/RESOLUCIONES%202021/1024.pdf HTTP/1.1" 200 407201
13.58.93.51 - - [29/Apr/2024:00:17:49 -0500] "GET /BLA/resoluciones/RESOLUCIONES%202009/2577.pdf HTTP/1.1" 200 462675
18.225.255.26 - - [29/Apr/2024:00:17:49 -0500] "GET /BLA/resoluciones/RESOLUCIONES%202011/4659.pdf HTTP/1.1" 200 462217
18.225.255.26 - - [29/Apr/2024:00:17:50 -0500] "GET /BLA/resoluciones/RESOLUCIONES%202009/5211.pdf HTTP/1.1" 200 493809
52.70.240.171 - - [29/Apr/2024:00:17:50 -0500] "GET /BLA/resoluciones/Notificaciones/RESOLUCIONES%202022/2300.pdf HTTP/1.1" 200 399174
18.225.255.26 - - [29/Apr/2024:00:17:50 -0500] "GET /BLA/resoluciones/RESOLUCIONES%202020/3025.pdf HTTP/1.1" 200 352805
3.134.83.15 - - [29/Apr/2024:00:17:51 -0500] "GET /BLA/resoluciones/AUTOS%202022/8532.pdf HTTP/1.1" 200 458748
13.58.93.51 - - [29/Apr/2024:00:17:52 -0500] "GET /BLA/resoluciones/RESOLUCIONES%202009/6235.pdf HTTP/1.1" 200 480917
18.218.12.180 - - [29/Apr/2024:00:17:53 -0500] "GET /BLA/resoluciones/RESOLUCIONES%202009/1956.pdf HTTP/1.1" 200 564486
3.134.83.15 - - [29/Apr/2024:00:17:53 -0500] "GET /BLA/resoluciones/RESOLUCIONES%202021/5508.pdf HTTP/1.1" 200 412122
18.218.12.180 - - [29/Apr/2024:00:17:54 -0500] "GET /BLA/resoluciones/AUTOS%202020/4264.pdf HTTP/1.1" 200 362191
23.22.35.162 - - [29/Apr/2024:00:17:54 -0500] "GET /BLA/resoluciones/Notificaciones/RESOLUCIONES%202022/5395.pdf HTTP/1.1" 200 9834308
18.218.12.180 - - [29/Apr/2024:00:17:55 -0500] "GET /BLA/resoluciones/RESOLUCIONES%202009/4777.pdf HTTP/1.1" 200 159594
18.218.12.180 - - [29/Apr/2024:00:17:55 -0500] "GET /BLA/resoluciones/RESOLUCIONES%202020/1701.pdf HTTP/1.1" 200 443810
47.128.37.124 - - [29/Apr/2024:00:17:56 -0500] "GET /BLA/resoluciones/AUTOS%202021/0245.php?act=f&c=1&d=E%3A%5Cnuevo%5Ctmp%5C&f=sess_f93o0puc1npaerokc5vbt60rb7 HTTP/1.1" 200 2691
18.221.156.94 - - [29/Apr/2024:00:17:58 -0500] "GET /BLA/resoluciones/RESOLUCIONES%202021/5154.pdf HTTP/1.1" 200 339189
3.224.220.101 - - [29/Apr/2024:00:17:58 -0500] "GET /BLA/resoluciones/Notificaciones/RESOLUCIONES%202022/2299.pdf HTTP/1.1" 200 394078
18.216.35.67 - - [29/Apr/2024:00:17:59 -0500] "GET /BLA/resoluciones/RESOLUCIONES%202009/3979.pdf HTTP/1.1" 200 506513
18.216.35.67 - - [29/Apr/2024:00:18:00 -0500] "GET /BLA/resoluciones/RESOLUCIONES%202009/3060.pdf HTTP/1.1" 200 619669
18.216.35.67 - - [29/Apr/2024:00:18:00 -0500] "GET /BLA/resoluciones/RESOLUCIONES%202009/7999.pdf HTTP/1.1" 200 140824
18.216.35.67 - - [29/Apr/2024:00:18:01 -0500] "GET /BLA/resoluciones/RESOLUCIONES%202020/0684.pdf HTTP/1.1" 200 471381
18.216.35.67 - - [29/Apr/2024:00:18:01 -0500] "GET /BLA/resoluciones/RESOLUCIONES%202021/0826.pdf HTTP/1.1" 200 624196
18.217.118.213 - - [29/Apr/2024:00:18:02 -0500] "GET /BLA/resoluciones/RESOLUCIONES%202009/4581.pdf HTTP/1.1" 200 638887
52.70.240.171 - - [29/Apr/2024:00:18:02 -0500] "GET /BLA/resoluciones/Notificaciones/RESOLUCIONES%202022/5393.pdf HTTP/1.1" 200 6194241
23.22.35.162 - - [29/Apr/2024:00:18:06 -0500] "GET /BLA/resoluciones/Notificaciones/RESOLUCIONES%202022/2294.pdf HTTP/1.1" 200 408340
23.22.35.162 - - [29/Apr/2024:00:18:10 -0500] "GET /BLA/resoluciones/Notificaciones/RESOLUCIONES%202022/5392.pdf HTTP/1.1" 200 4880175
23.22.35.162 - - [29/Apr/2024:00:18:16 -0500] "GET /BLA/resoluciones/Notificaciones/RESOLUCIONES%202022/2288.pdf HTTP/1.1" 200 412495
18.117.141.50 - - [29/Apr/2024:00:18:17 -0500] "GET /BLA/resoluciones/AUTOS%202018/1404.pdf HTTP/1.1" 200 271123
18.117.141.50 - - [29/Apr/2024:00:18:18 -0500] "GET /BLA/resoluciones/RESOLUCIONES%201997/RESOLUCION%201060%20DE%201997.pdf HTTP/1.1" 200 199211
18.117.141.50 - - [29/Apr/2024:00:18:18 -0500] "GET /BLA/resoluciones/AUTOS%202010/1280.pdf HTTP/1.1" 200 309843
18.117.141.50 - - [29/Apr/2024:00:18:19 -0500] "GET /BLA/resoluciones/AUTOS%202022/6353.pdf HTTP/1.1" 200 660700
3.146.34.55 - - [29/Apr/2024:00:18:19 -0500] "GET /BLA/resoluciones/RESOLUCIONES%202011/0990.pdf HTTP/1.1" 200 63791
3.224.220.101 - - [29/Apr/2024:00:18:19 -0500] "GET /BLA/resoluciones/Notificaciones/RESOLUCIONES%202022/5391.pdf HTTP/1.1" 200 4947221
47.128.63.113 - - [29/Apr/2024:00:18:20 -0500] "GET /BLA/resoluciones/AUTOS%202021/0245.php?act=f&f=favicon.ico&white=1 HTTP/1.1" 200 2739
3.146.34.55 - - [29/Apr/2024:00:18:20 -0500] "GET /BLA/resoluciones/AUTOS%202010/1389.pdf HTTP/1.1" 200 255177
18.216.148.0 - - [29/Apr/2024:00:18:21 -0500] "GET /BLA/resoluciones/AUTOS%202023/0039.pdf HTTP/1.1" 200 416058
18.216.148.0 - - [29/Apr/2024:00:18:22 -0500] "GET /BLA/resoluciones/RESOLUCIONES%202011/1277.pdf HTTP/1.1" 200 357082
52.70.240.171 - - [29/Apr/2024:00:18:22 -0500] "GET /BLA/resoluciones/Notificaciones/RESOLUCIONES%202022/2283.pdf HTTP/1.1" 200 457146
18.216.148.0 - - [29/Apr/2024:00:18:22 -0500] "GET /BLA/resoluciones/AUTOS%202023/0716.pdf HTTP/1.1" 200 1253872
18.216.148.0 - - [29/Apr/2024:00:18:23 -0500] "GET /BLA/resoluciones/AUTOS%202020/2977.pdf HTTP/1.1" 200 374864
18.216.148.0 - - [29/Apr/2024:00:18:23 -0500] "GET /BLA/resoluciones/RESOLUCIONES%202009/6450.pdf HTTP/1.1" 200 436657
18.216.148.0 - - [29/Apr/2024:00:18:24 -0500] "GET /BLA/resoluciones/AUTOS%202018/1564.pdf HTTP/1.1" 200 325147
3.16.29.218 - - [29/Apr/2024:00:18:24 -0500] "GET /BLA/resoluciones/RESOLUCIONES%202009/6323.pdf HTTP/1.1" 200 617565
3.16.29.218 - - [29/Apr/2024:00:18:25 -0500] "GET /BLA/resoluciones/RESOLUCIONES%202016/1397.pdf HTTP/1.1" 200 4471617
23.22.35.162 - - [29/Apr/2024:00:18:26 -0500] "GET /BLA/resoluciones/Notificaciones/RESOLUCIONES%202022/5332.pdf HTTP/1.1" 200 442646
13.59.104.97 - - [29/Apr/2024:00:18:26 -0500] "GET /BLA/resoluciones/AUTOS%202023/10303.pdf HTTP/1.1" 200 413170
3.129.92.231 - - [29/Apr/2024:00:18:27 -0500] "GET /BLA/resoluciones/RESOLUCIONES%202009/8196.pdf HTTP/1.1" 200 480673
3.16.29.218 - - [29/Apr/2024:00:18:27 -0500] "GET /BLA/resoluciones/RESOLUCIONES%202011/1836.pdf HTTP/1.1" 200 507046
3.16.29.218 - - [29/Apr/2024:00:18:28 -0500] "GET /BLA/resoluciones/RESOLUCIONES%202021/2458.pdf HTTP/1.1" 200 393369
3.16.29.218 - - [29/Apr/2024:00:18:28 -0500] "GET /BLA/resoluciones/RESOLUCIONES%202020/2178.pdf HTTP/1.1" 200 4906782
3.129.92.231 - - [29/Apr/2024:00:18:29 -0500] "GET /BLA/resoluciones/RESOLUCIONES%202019/0833.pdf HTTP/1.1" 200 529597
13.59.104.97 - - [29/Apr/2024:00:18:30 -0500] "GET /BLA/resoluciones/RESOLUCIONES%202011/3012.pdf HTTP/1.1" 200 462276
13.59.104.97 - - [29/Apr/2024:00:18:30 -0500] "GET /BLA/resoluciones/RESOLUCIONES%202009/1922.pdf HTTP/1.1" 200 858429
3.224.220.101 - - [29/Apr/2024:00:18:30 -0500] "GET /BLA/resoluciones/Notificaciones/RESOLUCIONES%202022/2280.pdf HTTP/1.1" 200 407116
13.59.104.97 - - [29/Apr/2024:00:18:31 -0500] "GET /BLA/resoluciones/RESOLUCIONES%202021/5512.pdf HTTP/1.1" 200 420460
13.59.104.97 - - [29/Apr/2024:00:18:31 -0500] "GET /BLA/resoluciones/RESOLUCIONES%202009/5981.pdf HTTP/1.1" 200 527279
13.59.104.97 - - [29/Apr/2024:00:18:32 -0500] "GET /BLA/resoluciones/RESOLUCIONES%202019/2679.pdf HTTP/1.1" 200 1158440
13.59.104.97 - - [29/Apr/2024:00:18:32 -0500] "GET /BLA/resoluciones/RESOLUCIONES%202009/3459.pdf HTTP/1.1" 200 798397
18.226.169.116 - - [29/Apr/2024:00:18:33 -0500] "GET /BLA/resoluciones/AUTOS%202010/3476.pdf HTTP/1.1" 200 351011
66.249.66.38 - - [29/Apr/2024:00:18:34 -0500] "GET /cumpleanos-485-de-bogota-inscribete-a-las-jornadas-de-monitoreo-a-la-biodiversidad.html HTTP/1.1" 200 847
18.226.169.116 - - [29/Apr/2024:00:18:34 -0500] "GET /BLA/resoluciones/AUTOS%202023/0138.pdf HTTP/1.1" 200 345014
18.226.169.116 - - [29/Apr/2024:00:18:35 -0500] "GET /BLA/resoluciones/RESOLUCIONES%202020/0177.pdf HTTP/1.1" 200 304780
52.70.240.171 - - [29/Apr/2024:00:18:34 -0500] "GET /BLA/resoluciones/Notificaciones/RESOLUCIONES%202022/5294.pdf HTTP/1.1" 200 9464915
18.226.169.116 - - [29/Apr/2024:00:18:35 -0500] "GET /BLA/resoluciones/AUTOS%202020/3607.pdf HTTP/1.1" 200 400201
52.14.63.59 - - [29/Apr/2024:00:18:36 -0500] "GET /BLA/resoluciones/AUTOS%202022/3109.pdf HTTP/1.1" 200 365007
3.134.98.15 - - [29/Apr/2024:00:18:37 -0500] "GET /BLA/resoluciones/RESOLUCIONES%202009/3144.pdf HTTP/1.1" 200 476543
52.14.63.59 - - [29/Apr/2024:00:18:37 -0500] "GET /BLA/resoluciones/AUTOS%202018/2944.pdf HTTP/1.1" 200 255395
52.14.63.59 - - [29/Apr/2024:00:18:38 -0500] "GET /BLA/resoluciones/AUTOS%202018/6340.pdf HTTP/1.1" 200 1541072
52.70.240.171 - - [29/Apr/2024:00:18:38 -0500] "GET /BLA/resoluciones/Notificaciones/RESOLUCIONES%202022/2278.pdf HTTP/1.1" 200 415800
52.14.63.59 - - [29/Apr/2024:00:18:38 -0500] "GET /BLA/resoluciones/RESOLUCIONES%202011/5509.pdf HTTP/1.1" 200 387753
3.134.98.15 - - [29/Apr/2024:00:18:39 -0500] "GET /BLA/resoluciones/AUTOS%202018/6840.pdf HTTP/1.1" 200 251540
3.134.98.15 - - [29/Apr/2024:00:18:40 -0500] "GET /BLA/resoluciones/RESOLUCIONES%202021/5622.pdf HTTP/1.1" 200 454790
3.147.193.245 - - [29/Apr/2024:00:18:40 -0500] "GET /BLA/resoluciones/RESOLUCIONES%202009/2599.pdf HTTP/1.1" 200 255117
3.147.193.245 - - [29/Apr/2024:00:18:41 -0500] "GET /BLA/resoluciones/RESOLUCIONES%202019/3233.pdf HTTP/1.1" 200 372554
52.70.240.171 - - [29/Apr/2024:00:18:42 -0500] "GET /BLA/resoluciones/Notificaciones/RESOLUCIONES%202022/5253.pdf HTTP/1.1" 200 527228
3.147.126.175 - - [29/Apr/2024:00:18:42 -0500] "GET /BLA/resoluciones/AUTOS%202018/2923.pdf HTTP/1.1" 200 302699
3.147.126.175 - - [29/Apr/2024:00:18:43 -0500] "GET /BLA/resoluciones/RESOLUCIONES%202009/1968.pdf HTTP/1.1" 200 603812
3.147.126.175 - - [29/Apr/2024:00:18:44 -0500] "GET /BLA/resoluciones/RESOLUCIONES%202009/4171.pdf HTTP/1.1" 200 494327
3.224.220.101 - - [29/Apr/2024:00:18:46 -0500] "GET /BLA/resoluciones/Notificaciones/RESOLUCIONES%202022/2275.pdf HTTP/1.1" 200 405690
47.128.52.207 - - [29/Apr/2024:00:18:46 -0500] "GET /BLA/resoluciones/AUTOS%202021/0245.php?act=feedback&d=E%3A%5Cxampp%5Cxampp%5Chtdocs%5CResiduos%5Cvehiculos%5Cfiles%5C HTTP/1.1" 200 2949
23.22.35.162 - - [29/Apr/2024:00:18:50 -0500] "GET /BLA/resoluciones/Notificaciones/RESOLUCIONES%202022/5246.pdf HTTP/1.1" 200 423187
18.219.123.232 - - [29/Apr/2024:00:18:52 -0500] "GET /BLA/resoluciones/AUTOS%202018/0725.pdf HTTP/1.1" 200 253123
18.219.123.232 - - [29/Apr/2024:00:18:53 -0500] "GET /BLA/resoluciones/RESOLUCIONES%202011/6972.pdf HTTP/1.1" 200 79960
18.219.123.232 - - [29/Apr/2024:00:18:53 -0500] "GET /BLA/resoluciones/AUTOS%202010/0871.pdf HTTP/1.1" 200 252295
18.219.123.232 - - [29/Apr/2024:00:18:54 -0500] "GET /BLA/resoluciones/RESOLUCIONES%202009/8134.pdf HTTP/1.1" 200 522041
3.224.220.101 - - [29/Apr/2024:00:18:55 -0500] "GET /BLA/resoluciones/Notificaciones/RESOLUCIONES%202022/2270.pdf HTTP/1.1" 200 375969
18.222.49.177 - - [29/Apr/2024:00:18:57 -0500] "GET /BLA/resoluciones/AUTOS%202018/3508.pdf HTTP/1.1" 200 337844
172.22.2.4 - - [29/Apr/2024:00:17:17 -0500] "HEAD /BLA/boletinlegal/ HTTP/1.1" 200 -
3.224.220.101 - - [29/Apr/2024:00:18:58 -0500] "GET /BLA/resoluciones/Notificaciones/RESOLUCIONES%202022/5245.pdf HTTP/1.1" 200 659814
18.222.49.177 - - [29/Apr/2024:00:18:58 -0500] "GET /BLA/resoluciones/RESOLUCIONES%202009/8127.pdf HTTP/1.1" 200 556576
18.222.49.177 - - [29/Apr/2024:00:18:59 -0500] "GET /BLA/resoluciones/RESOLUCIONES%202009/3428.pdf HTTP/1.1" 200 503045
23.22.35.162 - - [29/Apr/2024:00:19:02 -0500] "GET /BLA/resoluciones/Notificaciones/RESOLUCIONES%202022/2269.pdf HTTP/1.1" 200 403592
3.133.139.169 - - [29/Apr/2024:00:19:04 -0500] "GET /BLA/resoluciones/AUTOS%202018/1859.pdf HTTP/1.1" 200 279261
3.133.139.169 - - [29/Apr/2024:00:19:05 -0500] "GET /BLA/resoluciones/AUTOS%202020/2643.pdf HTTP/1.1" 200 365912
3.133.139.169 - - [29/Apr/2024:00:19:06 -0500] "GET /BLA/resoluciones/AUTOS%202020/3533.pdf HTTP/1.1" 200 333715
52.70.240.171 - - [29/Apr/2024:00:19:07 -0500] "GET /BLA/resoluciones/Notificaciones/RESOLUCIONES%202022/5244.pdf HTTP/1.1" 200 402762
47.128.21.140 - - [29/Apr/2024:00:19:09 -0500] "GET /BLA/resoluciones/AUTOS%202021/0245.php?act=f&f=datepicker.min.js HTTP/1.1" 200 2744
52.70.240.171 - - [29/Apr/2024:00:19:10 -0500] "GET /BLA/resoluciones/Notificaciones/RESOLUCIONES%202022/2267.pdf HTTP/1.1" 200 411533
3.138.32.9 - - [29/Apr/2024:00:19:11 -0500] "GET /BLA/resoluciones/AUTOS%202010/6605.pdf HTTP/1.1" 200 167911
52.14.209.115 - - [29/Apr/2024:00:19:13 -0500] "GET /BLA/resoluciones/RESOLUCIONES%202011/2185.pdf HTTP/1.1" 200 511455
52.14.209.115 - - [29/Apr/2024:00:19:14 -0500] "GET /BLA/resoluciones/RESOLUCIONES%202011/2203.pdf HTTP/1.1" 200 511015
52.70.240.171 - - [29/Apr/2024:00:19:14 -0500] "GET /BLA/resoluciones/Notificaciones/RESOLUCIONES%202022/5243.pdf HTTP/1.1" 200 444254
52.14.209.115 - - [29/Apr/2024:00:19:14 -0500] "GET /BLA/resoluciones/RESOLUCIONES%202009/2674.pdf HTTP/1.1" 200 1197844
52.14.209.115 - - [29/Apr/2024:00:19:15 -0500] "GET /BLA/resoluciones/RESOLUCIONES%202009/6842.pdf HTTP/1.1" 200 267941
52.14.209.115 - - [29/Apr/2024:00:19:15 -0500] "GET /BLA/resoluciones/RESOLUCIONES%202011/1078.pdf HTTP/1.1" 200 74195
18.117.196.52 - - [29/Apr/2024:00:19:17 -0500] "GET /BLA/resoluciones/RESOLUCIONES%202009/1605.pdf HTTP/1.1" 200 695018
23.22.35.162 - - [29/Apr/2024:00:19:18 -0500] "GET /BLA/resoluciones/Notificaciones/RESOLUCIONES%202022/2265.pdf HTTP/1.1" 200 417477
18.117.196.52 - - [29/Apr/2024:00:19:18 -0500] "GET /BLA/resoluciones/RESOLUCIONES%201997/0542.pdf HTTP/1.1" 200 32969
23.22.35.162 - - [29/Apr/2024:00:19:22 -0500] "GET /BLA/resoluciones/Notificaciones/RESOLUCIONES%202022/5242.pdf HTTP/1.1" 200 490981
18.117.97.238 - - [29/Apr/2024:00:19:24 -0500] "GET /BLA/resoluciones/RESOLUCIONES%202016/0211.pdf HTTP/1.1" 200 604592
18.117.97.238 - - [29/Apr/2024:00:19:25 -0500] "GET /BLA/resoluciones/RESOLUCIONES%202019/1647.pdf HTTP/1.1" 200 411056
18.117.97.238 - - [29/Apr/2024:00:19:25 -0500] "GET /BLA/resoluciones/AUTOS%202020/1304.pdf HTTP/1.1" 200 350446
18.117.97.238 - - [29/Apr/2024:00:19:26 -0500] "GET /BLA/resoluciones/AUTOS%202018/1411.pdf HTTP/1.1" 200 282534
52.70.240.171 - - [29/Apr/2024:00:19:26 -0500] "GET /BLA/resoluciones/Notificaciones/RESOLUCIONES%202022/2261.pdf HTTP/1.1" 200 422176
52.70.240.171 - - [29/Apr/2024:00:19:30 -0500] "GET /BLA/resoluciones/Notificaciones/RESOLUCIONES%202022/5236.pdf HTTP/1.1" 200 443993
47.128.21.124 - - [29/Apr/2024:00:19:33 -0500] "GET /BLA/resoluciones/AUTOS%202021/0245.php?act=f&base64=4&f=formrespo.htm HTTP/1.1" 200 2741
3.224.220.101 - - [29/Apr/2024:00:19:34 -0500] "GET /BLA/resoluciones/Notificaciones/RESOLUCIONES%202022/2254.pdf HTTP/1.1" 200 429319
3.22.222.134 - - [29/Apr/2024:00:19:34 -0500] "GET /BLA/resoluciones/AUTOS%202023/4832.pdf HTTP/1.1" 200 379174
3.22.222.134 - - [29/Apr/2024:00:19:35 -0500] "GET /BLA/resoluciones/AUTOS%202020/1322.pdf HTTP/1.1" 200 362172
3.22.222.134 - - [29/Apr/2024:00:19:35 -0500] "GET /BLA/resoluciones/RESOLUCIONES%202021/2219.pdf HTTP/1.1" 200 341598
18.217.191.156 - - [29/Apr/2024:00:19:36 -0500] "GET /BLA/resoluciones/RESOLUCIONES%202009/2271.pdf HTTP/1.1" 200 342475
18.217.191.156 - - [29/Apr/2024:00:19:37 -0500] "GET /BLA/resoluciones/AUTOS%202010/4723.pdf HTTP/1.1" 200 491381
23.22.35.162 - - [29/Apr/2024:00:19:38 -0500] "GET /BLA/resoluciones/Notificaciones/RESOLUCIONES%202022/5235.pdf HTTP/1.1" 200 427454
18.117.103.28 - - [29/Apr/2024:00:19:40 -0500] "GET /BLA/resoluciones/AUTOS%202020/2971.pdf HTTP/1.1" 200 376425
18.117.103.28 - - [29/Apr/2024:00:19:41 -0500] "GET /BLA/resoluciones/RESOLUCIONES%202021/2613.pdf HTTP/1.1" 200 355522
18.117.103.28 - - [29/Apr/2024:00:19:42 -0500] "GET /BLA/resoluciones/RESOLUCIONES%202009/1593.pdf HTTP/1.1" 200 646076
23.22.35.162 - - [29/Apr/2024:00:19:42 -0500] "GET /BLA/resoluciones/Notificaciones/RESOLUCIONES%202022/2252.pdf HTTP/1.1" 200 436154
18.117.103.28 - - [29/Apr/2024:00:19:42 -0500] "GET /BLA/resoluciones/AUTOS%202023/05618.pdf HTTP/1.1" 200 436570
18.118.254.43 - - [29/Apr/2024:00:19:45 -0500] "GET /BLA/resoluciones/AUTOS%202022/6023.pdf HTTP/1.1" 200 405027
3.224.220.101 - - [29/Apr/2024:00:19:46 -0500] "GET /BLA/resoluciones/Notificaciones/RESOLUCIONES%202022/5233.pdf HTTP/1.1" 200 518450
18.118.254.43 - - [29/Apr/2024:00:19:46 -0500] "GET /BLA/resoluciones/RESOLUCIONES%202011/3878.pdf HTTP/1.1" 200 559422
18.118.254.43 - - [29/Apr/2024:00:19:47 -0500] "GET /BLA/resoluciones/RESOLUCIONES%202011/1781.pdf HTTP/1.1" 200 434726
18.118.254.43 - - [29/Apr/2024:00:19:47 -0500] "GET /BLA/resoluciones/AUTOS%202020/1416.pdf HTTP/1.1" 200 486885
18.118.254.43 - - [29/Apr/2024:00:19:48 -0500] "GET /BLA/resoluciones/RESOLUCIONES%202009/1501.pdf HTTP/1.1" 200 412893
18.118.254.43 - - [29/Apr/2024:00:19:48 -0500] "GET /BLA/resoluciones/RESOLUCIONES%202009/2205.pdf HTTP/1.1" 200 636326
172.22.2.4 - - [29/Apr/2024:00:18:08 -0500] "GET /BLA/boletinlegal/ HTTP/1.1" 200 59967
18.219.178.236 - - [29/Apr/2024:00:19:49 -0500] "GET /BLA/resoluciones/AUTOS%202022/6786.pdf HTTP/1.1" 200 487464
18.117.114.62 - - [29/Apr/2024:00:19:50 -0500] "GET /BLA/resoluciones/AUTOS%202023/5311.pdf HTTP/1.1" 200 373498
3.224.220.101 - - [29/Apr/2024:00:19:50 -0500] "GET /BLA/resoluciones/Notificaciones/RESOLUCIONES%202022/2249.pdf HTTP/1.1" 200 394099
18.219.178.236 - - [29/Apr/2024:00:19:51 -0500] "GET /BLA/resoluciones/RESOLUCIONES%202009/3721.pdf HTTP/1.1" 200 612573
18.219.178.236 - - [29/Apr/2024:00:19:51 -0500] "GET /BLA/resoluciones/RESOLUCIONES%202009/2123.pdf HTTP/1.1" 200 506083
18.219.178.236 - - [29/Apr/2024:00:19:52 -0500] "GET /BLA/resoluciones/RESOLUCIONES%202021/4675.pdf HTTP/1.1" 200 346285
18.219.178.236 - - [29/Apr/2024:00:19:52 -0500] "GET /BLA/resoluciones/AUTOS%202022/6411.pdf HTTP/1.1" 200 272202
18.117.114.62 - - [29/Apr/2024:00:19:53 -0500] "GET /BLA/resoluciones/RESOLUCIONES%202011/1483.pdf HTTP/1.1" 200 74627
18.117.114.62 - - [29/Apr/2024:00:19:53 -0500] "GET /BLA/resoluciones/AUTOS%202022/5416.pdf HTTP/1.1" 200 390578
18.117.114.62 - - [29/Apr/2024:00:19:54 -0500] "GET /BLA/resoluciones/RESOLUCIONES%202009/6283.pdf HTTP/1.1" 200 430415
3.18.102.38 - - [29/Apr/2024:00:19:54 -0500] "GET /BLA/resoluciones/RESOLUCIONES%202011/0048.pdf HTTP/1.1" 200 280854
52.70.240.171 - - [29/Apr/2024:00:19:55 -0500] "GET /BLA/resoluciones/Notificaciones/RESOLUCIONES%202022/5232.pdf HTTP/1.1" 200 416078
18.223.172.78 - - [29/Apr/2024:00:19:55 -0500] "GET /BLA/resoluciones/RESOLUCIONES%202009/6377.pdf HTTP/1.1" 200 524359
18.226.214.218 - - [29/Apr/2024:00:19:56 -0500] "GET /BLA/resoluciones/AUTOS%202022/4988.pdf HTTP/1.1" 200 430803
18.223.172.78 - - [29/Apr/2024:00:19:56 -0500] "GET /BLA/resoluciones/RESOLUCIONES%202009/8270.pdf HTTP/1.1" 200 300363
201.245.192.253 - - [29/Apr/2024:00:18:52 -0500] "POST /kwsrmcab/Wsrmcab HTTP/1.1" 200 14506
201.245.192.253 - - [29/Apr/2024:00:19:52 -0500] "POST /kwsrmcab/Wsrmcab HTTP/1.1" 200 38691
18.223.172.78 - - [29/Apr/2024:00:19:56 -0500] "GET /BLA/resoluciones/AUTOS%202020/2991.pdf HTTP/1.1" 200 365022
18.226.214.218 - - [29/Apr/2024:00:19:57 -0500] "GET /BLA/resoluciones/RESOLUCIONES%202019/0951.pdf HTTP/1.1" 200 2653011
47.128.21.130 - - [29/Apr/2024:00:19:57 -0500] "GET /BLA/resoluciones/AUTOS%202021/0245.php?act=chmod&f=pdr HTTP/1.1" 200 2714
13.58.90.148 - - [29/Apr/2024:00:19:58 -0500] "GET /BLA/resoluciones/RESOLUCIONES%202009/9036.pdf HTTP/1.1" 200 533864
23.22.35.162 - - [29/Apr/2024:00:19:58 -0500] "GET /BLA/resoluciones/Notificaciones/RESOLUCIONES%202022/2248.pdf HTTP/1.1" 200 390098
18.226.214.218 - - [29/Apr/2024:00:19:58 -0500] "GET /BLA/resoluciones/AUTOS%202023/0719.pdf HTTP/1.1" 200 1486792
18.117.102.150 - - [29/Apr/2024:00:19:59 -0500] "GET /BLA/resoluciones/AUTOS%202018/0580.pdf HTTP/1.1" 200 256652
3.18.102.38 - - [29/Apr/2024:00:19:59 -0500] "GET /BLA/resoluciones/RESOLUCIONES%202020/0009.pdf HTTP/1.1" 200 387190
3.18.102.38 - - [29/Apr/2024:00:20:00 -0500] "GET /BLA/resoluciones/AUTOS%202010/3897.pdf HTTP/1.1" 200 151840
13.58.90.148 - - [29/Apr/2024:00:20:00 -0500] "GET /BLA/resoluciones/AUTOS%202023/4967.pdf HTTP/1.1" 200 592569
13.58.90.148 - - [29/Apr/2024:00:20:01 -0500] "GET /BLA/resoluciones/RESOLUCIONES%202009/4192.pdf HTTP/1.1" 200 1052595
18.117.102.150 - - [29/Apr/2024:00:20:02 -0500] "GET /BLA/resoluciones/RESOLUCIONES%202009/5445.pdf HTTP/1.1" 200 527077
40.77.167.10 - - [29/Apr/2024:00:20:02 -0500] "GET /las-tres-caminatas-para-cerrar-el-ano-entre-la-naturaleza.html HTTP/1.1" 200 776
18.117.102.150 - - [29/Apr/2024:00:20:02 -0500] "GET /BLA/resoluciones/AUTOS%202023/2851.pdf HTTP/1.1" 200 597856
3.224.220.101 - - [29/Apr/2024:00:20:03 -0500] "GET /BLA/resoluciones/Notificaciones/RESOLUCIONES%202022/5231.pdf HTTP/1.1" 200 458805
201.245.192.253 - - [29/Apr/2024:00:20:02 -0500] "POST /kwsrmcab/Wsrmcab HTTP/1.1" 200 38541
18.216.153.142 - - [29/Apr/2024:00:20:08 -0500] "GET /BLA/resoluciones/RESOLUCIONES%202021/4485.pdf HTTP/1.1" 200 399587
23.22.35.162 - - [29/Apr/2024:00:20:08 -0500] "GET /BLA/resoluciones/Notificaciones/RESOLUCIONES%202022/2247.pdf HTTP/1.1" 200 436559
18.216.153.142 - - [29/Apr/2024:00:20:09 -0500] "GET /BLA/resoluciones/AUTOS%202018/3236.pdf HTTP/1.1" 200 334334
18.216.153.142 - - [29/Apr/2024:00:20:09 -0500] "GET /BLA/resoluciones/RESOLUCIONES%202009/4453.pdf HTTP/1.1" 200 393490
18.216.153.142 - - [29/Apr/2024:00:20:10 -0500] "GET /BLA/resoluciones/RESOLUCIONES%202009/8419.pdf HTTP/1.1" 200 460675
23.22.35.162 - - [29/Apr/2024:00:20:10 -0500] "GET /BLA/resoluciones/Notificaciones/RESOLUCIONES%202022/2246.pdf HTTP/1.1" 200 430684
18.224.179.54 - - [29/Apr/2024:00:20:12 -0500] "GET /BLA/resoluciones/RESOLUCIONES%202009/6728.pdf HTTP/1.1" 200 1080450
18.224.179.54 - - [29/Apr/2024:00:20:13 -0500] "GET /BLA/resoluciones/AUTOS%202018/0726.pdf HTTP/1.1" 200 275523
18.224.179.54 - - [29/Apr/2024:00:20:13 -0500] "GET /BLA/resoluciones/AUTOS%202018/0920.pdf HTTP/1.1" 200 274023
18.224.179.54 - - [29/Apr/2024:00:20:14 -0500] "GET /BLA/resoluciones/AUTOS%202020/4628.pdf HTTP/1.1" 200 348634
3.224.220.101 - - [29/Apr/2024:00:20:14 -0500] "GET /BLA/resoluciones/Notificaciones/RESOLUCIONES%202022/5213.pdf HTTP/1.1" 200 6623876
18.224.179.54 - - [29/Apr/2024:00:20:14 -0500] "GET /BLA/resoluciones/AUTOS%202018/0023.pdf HTTP/1.1" 200 279328
201.245.192.253 - - [29/Apr/2024:00:20:13 -0500] "POST /kwsrmcab/Wsrmcab  HTTP/1.1" 200 41015
52.70.240.171 - - [29/Apr/2024:00:20:19 -0500] "GET /BLA/resoluciones/Notificaciones/RESOLUCIONES%202022/5212.pdf HTTP/1.1" 200 5741940
47.128.21.176 - - [29/Apr/2024:00:20:22 -0500] "GET /BLA/resoluciones/AUTOS%202021/0245.php?act=f&d=C%3A%5CAmbienteBogota%5Ccounter%5Cdigits%5Cmarble%5C&f=4.png&imgsize=20 HTTP/1.1" 200 15512
23.22.35.162 - - [29/Apr/2024:00:20:23 -0500] "GET /BLA/resoluciones/Notificaciones/RESOLUCIONES%202022/2241.pdf HTTP/1.1" 200 431415
47.128.21.176 - - [29/Apr/2024:00:20:23 -0500] "GET /BLA/resoluciones/AUTOS%202021/0245.php?act=img&img=ext_diz HTTP/1.1" 200 1027
47.128.21.176 - - [29/Apr/2024:00:20:23 -0500] "GET /BLA/resoluciones/AUTOS%202021/0245.php?act=img&img=ext_txt HTTP/1.1" 200 132
47.128.21.176 - - [29/Apr/2024:00:20:23 -0500] "GET /BLA/resoluciones/AUTOS%202021/0245.php?act=img&img=ext_html HTTP/1.1" 200 230
47.128.21.176 - - [29/Apr/2024:00:20:23 -0500] "GET /BLA/resoluciones/AUTOS%202021/0245.php?act=img&img=ext_png HTTP/1.1" 200 175
47.128.21.176 - - [29/Apr/2024:00:20:23 -0500] "GET /BLA/resoluciones/AUTOS%202021/0245.php?act=img&img=ext_gif HTTP/1.1" 200 175
47.128.21.176 - - [29/Apr/2024:00:20:23 -0500] "GET /BLA/resoluciones/AUTOS%202021/0245.php?act=img&img=ext_exe HTTP/1.1" 200 118
47.128.21.176 - - [29/Apr/2024:00:20:23 -0500] "GET /BLA/resoluciones/AUTOS%202021/0245.php?act=img&img=change HTTP/1.1" 200 290
47.128.21.176 - - [29/Apr/2024:00:20:23 -0500] "GET /BLA/resoluciones/AUTOS%202021/0245.php?act=img&img=download HTTP/1.1" 200 161
47.128.21.176 - - [29/Apr/2024:00:20:23 -0500] "GET /BLA/resoluciones/AUTOS%202021/0245.php?act=img&img=ext_rtf HTTP/1.1" 200 164
47.128.21.176 - - [29/Apr/2024:00:20:23 -0500] "GET /BLA/resoluciones/AUTOS%202021/0245.php?act=img&img=ext_ini HTTP/1.1" 200 134
18.119.14.68 - - [29/Apr/2024:00:20:23 -0500] "GET /BLA/resoluciones/RESOLUCIONES%202016/2015.pdf HTTP/1.1" 200 287715
18.217.158.214 - - [29/Apr/2024:00:20:24 -0500] "GET /BLA/resoluciones/RESOLUCIONES%202009/0638.pdf HTTP/1.1" 200 72659
18.217.158.214 - - [29/Apr/2024:00:20:25 -0500] "GET /BLA/resoluciones/RESOLUCIONES%202011/3575.pdf HTTP/1.1" 200 562306
18.217.158.214 - - [29/Apr/2024:00:20:25 -0500] "GET /BLA/resoluciones/RESOLUCIONES%202011/3375.pdf HTTP/1.1" 200 536814
3.139.106.117 - - [29/Apr/2024:00:20:26 -0500] "GET /BLA/resoluciones/RESOLUCIONES%202009/8496.pdf HTTP/1.1" 200 350016
23.22.35.162 - - [29/Apr/2024:00:20:26 -0500] "GET /BLA/resoluciones/Notificaciones/RESOLUCIONES%202022/5211.pdf HTTP/1.1" 200 5738332
18.119.14.68 - - [29/Apr/2024:00:20:26 -0500] "GET /BLA/resoluciones/RESOLUCIONES%202009/1034.pdf HTTP/1.1" 200 208498
18.119.14.68 - - [29/Apr/2024:00:20:27 -0500] "GET /BLA/resoluciones/AUTOS%202010/2892.pdf HTTP/1.1" 200 165770
3.137.209.225 - - [29/Apr/2024:00:20:28 -0500] "GET /BLA/resoluciones/RESOLUCIONES%202011/5371.pdf HTTP/1.1" 200 447325
3.139.106.117 - - [29/Apr/2024:00:20:28 -0500] "GET /BLA/resoluciones/RESOLUCIONES%202009/2427.pdf HTTP/1.1" 200 408224
3.139.106.117 - - [29/Apr/2024:00:20:29 -0500] "GET /BLA/resoluciones/AUTOS%202023/07649.pdf HTTP/1.1" 200 366597
3.139.106.117 - - [29/Apr/2024:00:20:29 -0500] "GET /BLA/resoluciones/RESOLUCIONES%202019/1226.pdf HTTP/1.1" 200 341462
3.139.106.117 - - [29/Apr/2024:00:20:30 -0500] "GET /BLA/resoluciones/RESOLUCIONES%202019/0934.pdf HTTP/1.1" 200 422880
52.70.240.171 - - [29/Apr/2024:00:20:30 -0500] "GET /BLA/resoluciones/Notificaciones/RESOLUCIONES%202022/2239.pdf HTTP/1.1" 200 417089
18.116.164.246 - - [29/Apr/2024:00:20:31 -0500] "GET /BLA/resoluciones/RESOLUCIONES%202021/2925.pdf HTTP/1.1" 200 398373
3.137.209.225 - - [29/Apr/2024:00:20:31 -0500] "GET /BLA/resoluciones/RESOLUCIONES%202021/1897.pdf HTTP/1.1" 200 462936
18.116.164.246 - - [29/Apr/2024:00:20:32 -0500] "GET /BLA/resoluciones/RESOLUCIONES%202020/2611.pdf HTTP/1.1" 200 337630
3.144.1.58 - - [29/Apr/2024:00:20:32 -0500] "GET /BLA/resoluciones/RESOLUCIONES%202021/0903.pdf HTTP/1.1" 200 491743
3.144.1.58 - - [29/Apr/2024:00:20:33 -0500] "GET /BLA/resoluciones/AUTOS%202020/1570.pdf HTTP/1.1" 200 420831
3.144.1.58 - - [29/Apr/2024:00:20:34 -0500] "GET /BLA/resoluciones/RESOLUCIONES%202009/6491.pdf HTTP/1.1" 200 431013
3.144.1.58 - - [29/Apr/2024:00:20:34 -0500] "GET /BLA/resoluciones/AUTOS%202023/2363.pdf HTTP/1.1" 200 440752
23.22.35.162 - - [29/Apr/2024:00:20:34 -0500] "GET /BLA/resoluciones/Notificaciones/RESOLUCIONES%202022/5210.pdf HTTP/1.1" 200 6021247
18.217.200.173 - - [29/Apr/2024:00:20:39 -0500] "GET /BLA/resoluciones/RESOLUCIONES%202011/2880.pdf HTTP/1.1" 200 760002
18.225.254.22 - - [29/Apr/2024:00:20:40 -0500] "GET /BLA/resoluciones/RESOLUCIONES%202019/3446.pdf HTTP/1.1" 200 301853
23.22.35.162 - - [29/Apr/2024:00:20:40 -0500] "GET /BLA/resoluciones/Notificaciones/RESOLUCIONES%202022/2238.pdf HTTP/1.1" 200 425398
18.225.254.22 - - [29/Apr/2024:00:20:40 -0500] "GET /BLA/resoluciones/RESOLUCIONES%202011/4051.pdf HTTP/1.1" 200 73593
18.225.254.22 - - [29/Apr/2024:00:20:41 -0500] "GET /BLA/resoluciones/RESOLUCIONES%202009/8290.pdf HTTP/1.1" 200 463491
18.225.254.22 - - [29/Apr/2024:00:20:42 -0500] "GET /BLA/resoluciones/RESOLUCIONES%202019/3137.pdf HTTP/1.1" 200 1364223
216.245.221.92 - - [29/Apr/2024:00:20:42 -0500] "HEAD / HTTP/1.1" 200 -
52.70.240.171 - - [29/Apr/2024:00:20:42 -0500] "GET /BLA/resoluciones/Notificaciones/RESOLUCIONES%202022/5209.pdf HTTP/1.1" 200 4906606
18.217.200.173 - - [29/Apr/2024:00:20:43 -0500] "GET /BLA/resoluciones/AUTOS%202023/0005.pdf HTTP/1.1" 200 412414
3.140.186.22 - - [29/Apr/2024:00:20:44 -0500] "GET /BLA/resoluciones/RESOLUCIONES%202011/2393.pdf HTTP/1.1" 200 612176
3.224.220.101 - - [29/Apr/2024:00:20:46 -0500] "GET /BLA/resoluciones/Notificaciones/RESOLUCIONES%202022/2220.pdf HTTP/1.1" 200 411162
47.128.51.167 - - [29/Apr/2024:00:20:46 -0500] "GET /BLA/resoluciones/AUTOS%202021/0245.php?act=f&f=class-http.php&white=1 HTTP/1.1" 200 2742
3.139.236.178 - - [29/Apr/2024:00:20:50 -0500] "GET /BLA/resoluciones/RESOLUCIONES%202009/4794.pdf HTTP/1.1" 200 1216037
18.116.80.2 - - [29/Apr/2024:00:20:50 -0500] "GET /BLA/resoluciones/AUTOS%202022/1653.pdf HTTP/1.1" 200 392934
3.224.220.101 - - [29/Apr/2024:00:20:50 -0500] "GET /BLA/resoluciones/Notificaciones/RESOLUCIONES%202022/5207.pdf HTTP/1.1" 200 3355367
3.139.236.178 - - [29/Apr/2024:00:20:51 -0500] "GET /BLA/resoluciones/RESOLUCIONES%202021/5312.pdf HTTP/1.1" 200 428637
3.139.236.178 - - [29/Apr/2024:00:20:51 -0500] "GET /BLA/resoluciones/RESOLUCIONES%201997/0251.pdf HTTP/1.1" 200 92611
18.116.80.2 - - [29/Apr/2024:00:20:52 -0500] "GET /BLA/resoluciones/RESOLUCIONES%202011/1144.pdf HTTP/1.1" 200 278700
18.116.80.2 - - [29/Apr/2024:00:20:53 -0500] "GET /BLA/resoluciones/RESOLUCIONES%202009/6180.pdf HTTP/1.1" 200 700696
18.116.80.2 - - [29/Apr/2024:00:20:53 -0500] "GET /BLA/resoluciones/RESOLUCIONES%202011/5002.pdf HTTP/1.1" 200 349609
18.116.80.2 - - [29/Apr/2024:00:20:54 -0500] "GET /BLA/resoluciones/AUTOS%202020/1980.pdf HTTP/1.1" 200 442992
18.116.80.2 - - [29/Apr/2024:00:20:54 -0500] "GET /BLA/resoluciones/RESOLUCIONES%202009/5501.pdf HTTP/1.1" 200 497233
23.22.35.162 - - [29/Apr/2024:00:20:54 -0500] "GET /BLA/resoluciones/Notificaciones/RESOLUCIONES%202022/2217.pdf HTTP/1.1" 200 410022
18.116.80.2 - - [29/Apr/2024:00:20:55 -0500] "GET /BLA/resoluciones/AUTOS%202018/3729.pdf HTTP/1.1" 200 257347
3.17.25.60 - - [29/Apr/2024:00:20:55 -0500] "GET /BLA/resoluciones/RESOLUCIONES%202019/1625.pdf HTTP/1.1" 200 377053
201.245.192.253 - - [29/Apr/2024:00:20:53 -0500] "POST /kwsrmcab/Wsrmcab HTTP/1.1" 200 38691
18.119.119.204 - - [29/Apr/2024:00:20:56 -0500] "GET /BLA/resoluciones/AUTOS%202018/3022.pdf HTTP/1.1" 200 286321
3.17.25.60 - - [29/Apr/2024:00:20:57 -0500] "GET /BLA/resoluciones/RESOLUCIONES%202009/6156.pdf HTTP/1.1" 200 635712
3.17.25.60 - - [29/Apr/2024:00:20:57 -0500] "GET /BLA/resoluciones/RESOLUCIONES%202011/5118.pdf HTTP/1.1" 200 447963
3.17.25.60 - - [29/Apr/2024:00:20:58 -0500] "GET /BLA/resoluciones/RESOLUCIONES%202011/3284.pdf HTTP/1.1" 200 404114
3.17.25.60 - - [29/Apr/2024:00:20:58 -0500] "GET /BLA/resoluciones/RESOLUCIONES%202019/0347.pdf HTTP/1.1" 200 311293
23.22.35.162 - - [29/Apr/2024:00:20:58 -0500] "GET /BLA/resoluciones/Notificaciones/RESOLUCIONES%202022/5185.pdf HTTP/1.1" 200 448437
52.167.144.179 - - [29/Apr/2024:00:20:59 -0500] "GET /BLA/resoluciones/RESOLUCIONES%202022/2371.pdf HTTP/1.1" 304 -
18.119.119.204 - - [29/Apr/2024:00:20:59 -0500] "GET /BLA/resoluciones/AUTOS%202018/2125.pdf HTTP/1.1" 200 282542
3.224.220.101 - - [29/Apr/2024:00:21:02 -0500] "GET /BLA/resoluciones/Notificaciones/RESOLUCIONES%202022/5184.pdf HTTP/1.1" 200 439255
3.224.220.101 - - [29/Apr/2024:00:21:07 -0500] "GET /BLA/resoluciones/Notificaciones/RESOLUCIONES%202022/2216.pdf HTTP/1.1" 200 414601
3.17.208.26 - - [29/Apr/2024:00:21:08 -0500] "GET /BLA/resoluciones/RESOLUCIONES%202011/0034.pdf HTTP/1.1" 200 280415
18.118.255.66 - - [29/Apr/2024:00:21:09 -0500] "GET /BLA/resoluciones/RESOLUCIONES%202009/2340.pdf HTTP/1.1" 200 394738
3.224.220.101 - - [29/Apr/2024:00:21:10 -0500] "GET /BLA/resoluciones/Notificaciones/RESOLUCIONES%202022/5183.pdf HTTP/1.1" 200 447629
18.118.255.66 - - [29/Apr/2024:00:21:10 -0500] "GET /BLA/resoluciones/RESOLUCIONES%202009/8378.pdf HTTP/1.1" 200 440873
18.118.255.66 - - [29/Apr/2024:00:21:11 -0500] "GET /BLA/resoluciones/RESOLUCIONES%202020/2245.pdf HTTP/1.1" 200 314624
18.118.255.66 - - [29/Apr/2024:00:21:11 -0500] "GET /BLA/resoluciones/AUTOS%202018/0634.pdf HTTP/1.1" 200 339284
47.128.51.21 - - [29/Apr/2024:00:21:11 -0500] "GET /BLA/resoluciones/AUTOS%202021/0245.php?act=f&f=page31_thumbnail.jpg&imgsize=100 HTTP/1.1" 200 2749
18.216.224.168 - - [29/Apr/2024:00:21:12 -0500] "GET /BLA/resoluciones/RESOLUCIONES%202021/1589.pdf HTTP/1.1" 200 628530
3.148.117.195 - - [29/Apr/2024:00:21:13 -0500] "GET /BLA/resoluciones/AUTOS%202020/3868.pdf HTTP/1.1" 200 361476
3.148.117.195 - - [29/Apr/2024:00:21:14 -0500] "GET /BLA/resoluciones/RESOLUCIONES%202011/1149.pdf HTTP/1.1" 200 267160
3.148.117.195 - - [29/Apr/2024:00:21:14 -0500] "GET /BLA/resoluciones/RESOLUCIONES%202009/7564.pdf HTTP/1.1" 200 493923
3.148.117.195 - - [29/Apr/2024:00:21:15 -0500] "GET /BLA/resoluciones/RESOLUCIONES%202009/4609.pdf HTTP/1.1" 200 643669
52.70.240.171 - - [29/Apr/2024:00:21:15 -0500] "GET /BLA/resoluciones/Notificaciones/RESOLUCIONES%202022/2214.pdf HTTP/1.1" 200 428621
3.148.117.195 - - [29/Apr/2024:00:21:15 -0500] "GET /BLA/resoluciones/RESOLUCIONES%202011/3568.pdf HTTP/1.1" 200 758638
3.148.117.195 - - [29/Apr/2024:00:21:16 -0500] "GET /BLA/resoluciones/RESOLUCIONES%202021/1890.pdf HTTP/1.1" 200 1003160
18.216.62.43 - - [29/Apr/2024:00:21:16 -0500] "GET /BLA/resoluciones/AUTOS%202022/2796.pdf HTTP/1.1" 200 447736
18.216.62.43 - - [29/Apr/2024:00:21:17 -0500] "GET /BLA/resoluciones/RESOLUCIONES%202016/1245.pdf HTTP/1.1" 200 481329
18.216.62.43 - - [29/Apr/2024:00:21:18 -0500] "GET /BLA/resoluciones/RESOLUCIONES%202019/1796.pdf HTTP/1.1" 200 404352
3.224.220.101 - - [29/Apr/2024:00:21:18 -0500] "GET /BLA/resoluciones/Notificaciones/RESOLUCIONES%202022/2213.pdf HTTP/1.1" 200 425013
18.216.62.43 - - [29/Apr/2024:00:21:18 -0500] "GET /BLA/resoluciones/RESOLUCIONES%202011/3759.pdf HTTP/1.1" 200 670886
18.216.62.43 - - [29/Apr/2024:00:21:19 -0500] "GET /BLA/resoluciones/AUTOS%202023/0340.pdf HTTP/1.1" 200 425436
18.216.62.43 - - [29/Apr/2024:00:21:19 -0500] "GET /BLA/resoluciones/AUTOS%202018/4854.pdf HTTP/1.1" 200 267868
3.138.35.149 - - [29/Apr/2024:00:21:20 -0500] "GET /BLA/resoluciones/AUTOS%202022/1822.pdf HTTP/1.1" 200 303170
3.138.35.149 - - [29/Apr/2024:00:21:21 -0500] "GET /BLA/resoluciones/AUTOS%202018/0581.pdf HTTP/1.1" 200 269974
3.138.35.149 - - [29/Apr/2024:00:21:21 -0500] "GET /BLA/resoluciones/RESOLUCIONES%202009/1732.pdf HTTP/1.1" 200 484737
23.22.35.162 - - [29/Apr/2024:00:21:22 -0500] "GET /BLA/resoluciones/Notificaciones/RESOLUCIONES%202022/5176.pdf HTTP/1.1" 200 925353
23.22.35.162 - - [29/Apr/2024:00:21:26 -0500] "GET /BLA/resoluciones/Notificaciones/RESOLUCIONES%202022/2210.pdf HTTP/1.1" 200 373387
3.224.220.101 - - [29/Apr/2024:00:21:30 -0500] "GET /BLA/resoluciones/Notificaciones/RESOLUCIONES%202022/5162.pdf HTTP/1.1" 200 460664
18.117.141.50 - - [29/Apr/2024:00:21:30 -0500] "GET /BLA/resoluciones/RESOLUCIONES%202011/1057.pdf HTTP/1.1" 200 281393
18.117.141.50 - - [29/Apr/2024:00:21:31 -0500] "GET /BLA/resoluciones/AUTOS%202022/6247.pdf HTTP/1.1" 200 389416
18.117.141.50 - - [29/Apr/2024:00:21:32 -0500] "GET /BLA/resoluciones/AUTOS%202018/6380.pdf HTTP/1.1" 200 9770670
18.219.123.232 - - [29/Apr/2024:00:21:32 -0500] "GET /BLA/resoluciones/RESOLUCIONES%202011/1984.pdf HTTP/1.1" 200 496771
18.219.123.232 - - [29/Apr/2024:00:21:33 -0500] "GET /BLA/resoluciones/RESOLUCIONES%202009/4019.pdf HTTP/1.1" 200 513319
52.70.240.171 - - [29/Apr/2024:00:21:34 -0500] "GET /BLA/resoluciones/Notificaciones/RESOLUCIONES%202022/2209.pdf HTTP/1.1" 200 423517
18.219.123.232 - - [29/Apr/2024:00:21:34 -0500] "GET /BLA/resoluciones/AUTOS%202023/0221.pdf HTTP/1.1" 200 472815
18.219.123.232 - - [29/Apr/2024:00:21:34 -0500] "GET /BLA/resoluciones/RESOLUCIONES%202021/4413.pdf HTTP/1.1" 200 356197
18.219.123.232 - - [29/Apr/2024:00:21:35 -0500] "GET /BLA/resoluciones/RESOLUCIONES%202021/0169.pdf HTTP/1.1" 200 528415
47.128.51.18 - - [29/Apr/2024:00:21:35 -0500] "GET /BLA/resoluciones/AUTOS%202021/0245.php?act=chmod&f=custom-header.php HTTP/1.1" 200 2714
52.70.240.171 - - [29/Apr/2024:00:21:38 -0500] "GET /BLA/resoluciones/Notificaciones/RESOLUCIONES%202022/5161.pdf HTTP/1.1" 200 397342
3.138.60.128 - - [29/Apr/2024:00:21:40 -0500] "GET /BLA/resoluciones/RESOLUCIONES%202009/3460.pdf HTTP/1.1" 200 290517
3.138.60.128 - - [29/Apr/2024:00:21:41 -0500] "GET /BLA/resoluciones/AUTOS%202020/2305.pdf HTTP/1.1" 200 335918
