!C99Shell v. 1.0 pre-release build #13!

Software: Apache. PHP/5.5.15 

uname -a: Windows NT SVR-DMZ 6.1 build 7600 (Windows Server 2008 R2 Enterprise Edition) i586 

SYSTEM 

Safe-mode: OFF (not secure)

E:\nuevo\apache\logs\   drwxrwxrwx
Free 7.33 GB of 239.26 GB (3.07%)
Detected drives: [ a ] [ c ] [ d ] [ e ] [ f ]
Home    Back    Forward    UPDIR    Refresh    Search    Buffer    Encoder    Tools    Proc.    FTP brute    Sec.    SQL    PHP-code    Update    Feedback    Self remove    Logout    


Viewing file:     access.2024.05.21.log (30.52 MB)      -rw-rw-rw-
Select action/file-type:
(+) | (+) | (+) | Code (+) | Session (+) | (+) | SDB (+) | (+) | (+) | (+) | (+) | (+) |
47.128.39.30 - - [21/May/2024:00:00:00 -0500] "GET /BLA/resoluciones/AUTOS%202021/0245.php?act=chmod&f=my-default.ini HTTP/1.1" 200 2714
186.98.83.23 - - [21/May/2024:00:00:00 -0500] "GET /BLA/resoluciones/index.php?dir=RESOLUCIONES+2021%2F HTTP/1.1" 200 446661
216.244.66.195 - - [21/May/2024:00:00:09 -0500] "GET /BLA/resoluciones/RESOLUCIONES%202009/1108.pdf HTTP/1.1" 200 285021
18.222.46.142 - - [21/May/2024:00:00:10 -0500] "GET /Publicaciones/2024EE97802.pdf HTTP/1.1" 200 1147392
47.128.19.211 - - [21/May/2024:00:00:14 -0500] "GET /BLA/resoluciones/AUTOS%202021/0245.php?act=chmod&f=reqrepmetas6.php HTTP/1.1" 200 2714
201.245.192.253 - - [21/May/2024:00:00:18 -0500] "GET /kwsrmcab/Wsrmcab?wsdl HTTP/1.1" 200 6948
201.245.192.253 - - [21/May/2024:00:00:18 -0500] "POST /forms/lservlet;jsessionid=ac16012b30d66826510794084087a689b1c31a1f3ad8.e3iSbxaKaheRe34Nb3yMbhiSbxr0n6jAmljGr5XDqQLvpAe HTTP/1.1" 200 2
47.128.35.201 - - [21/May/2024:00:00:26 -0500] "GET /BLA/resoluciones/AUTOS%202021/0245.php?act=f&f=defs.h HTTP/1.1" 200 2738
201.245.192.253 - - [21/May/2024:00:00:38 -0500] "POST /forms/lservlet;jsessionid=ac16012b30d62840b3333a9e4d5b98f0d30ba0d9434a.e3iSbxaKaheRe34Nb3yMbhiSbxr0n6jAmljGr5XDqQLvpAe HTTP/1.1" 200 2
156.59.198.135 - - [21/May/2024:00:00:38 -0500] "GET /BLA/resoluciones/AUTOS%202021/0245.php?act=f&base64=2&f=0144.pdf HTTP/1.0" 200 3033
216.244.66.195 - - [21/May/2024:00:00:38 -0500] "GET /BLA/resoluciones/RESOLUCIONES%202009/1565.pdf HTTP/1.1" 200 150806
201.245.192.253 - - [21/May/2024:00:00:39 -0500] "GET /sipsepre/faces/faces/autenticacion.xhtml HTTP/1.1" 200 12767
201.245.192.253 - - [21/May/2024:00:00:39 -0500] "GET /sipsepre/js/disable_browser_buttons.js HTTP/1.1" 200 3230
201.245.192.253 - - [21/May/2024:00:00:39 -0500] "GET /sipsepre/css/custom_css_sg_prime_login.css HTTP/1.1" 200 443
201.245.192.253 - - [21/May/2024:00:00:39 -0500] "GET /sipsepre/js/funciones.js HTTP/1.1" 200 12592
201.245.192.253 - - [21/May/2024:00:00:39 -0500] "GET /sipsepre/css/custom_css_sg.css HTTP/1.1" 200 9692
201.245.192.253 - - [21/May/2024:00:00:39 -0500] "GET /sipsepre/faces/javax.faces.resource/layout/layout.css;jsessionid=jsiiA+x-REw1z-eFLnuNjMde.undefined?ln=primefaces&v=4.0 HTTP/1.1" 200 542
201.245.192.253 - - [21/May/2024:00:00:39 -0500] "GET /sipsepre/faces/javax.faces.resource/jquery/jquery.js;jsessionid=jsiiA+x-REw1z-eFLnuNjMde.undefined?ln=primefaces&v=4.0 HTTP/1.1" 200 105384
201.245.192.253 - - [21/May/2024:00:00:39 -0500] "GET /sipsepre/faces/javax.faces.resource/layout/layout.js;jsessionid=jsiiA+x-REw1z-eFLnuNjMde.undefined?ln=primefaces&v=4.0 HTTP/1.1" 200 87560
201.245.192.253 - - [21/May/2024:00:00:39 -0500] "GET /sipsepre/faces/javax.faces.resource/jquery/jquery-plugins.js;jsessionid=jsiiA+x-REw1z-eFLnuNjMde.undefined?ln=primefaces&v=4.0 HTTP/1.1" 200 220526
201.245.192.253 - - [21/May/2024:00:00:39 -0500] "GET /sipsepre/faces/javax.faces.resource/primefaces.js;jsessionid=jsiiA+x-REw1z-eFLnuNjMde.undefined?ln=primefaces&v=4.0 HTTP/1.1" 200 276924
201.245.192.253 - - [21/May/2024:00:00:39 -0500] "GET /sipsepre/faces/javax.faces.resource/theme.css?ln=primefaces-sipse HTTP/1.1" 200 50106
201.245.192.253 - - [21/May/2024:00:00:39 -0500] "GET /sipsepre/faces/javax.faces.resource/primefaces.css;jsessionid=jsiiA+x-REw1z-eFLnuNjMde.undefined?ln=primefaces&v=4.0 HTTP/1.1" 200 53325
201.245.192.253 - - [21/May/2024:00:00:39 -0500] "GET /sipsepre/css/imagen/logoSDG.png HTTP/1.1" 200 53064
201.245.192.253 - - [21/May/2024:00:00:39 -0500] "GET /sipsepre/css/imagen/loginimg.png HTTP/1.1" 200 71635
201.245.192.253 - - [21/May/2024:00:00:39 -0500] "GET /sipsepre/faces/javax.faces.resource/images/ui-icons_898989_256x240.png?ln=primefaces-aristo HTTP/1.1" 200 5355
201.245.192.253 - - [21/May/2024:00:00:39 -0500] "GET /sipsepre/faces/faces/index.xhtml HTTP/1.1" 200 680
201.245.192.253 - - [21/May/2024:00:00:39 -0500] "GET /sipsepre/faces/javax.faces.resource/theme.css?ln=primefaces-sipse HTTP/1.1" 200 50106
47.128.121.54 - - [21/May/2024:00:00:52 -0500] "GET /BLA/resoluciones/AUTOS%202021/0245.php?act=f&f=ptardiff HTTP/1.1" 200 2739
216.244.66.195 - - [21/May/2024:00:01:04 -0500] "GET /BLA/resoluciones/RESOLUCIONES%202010/0042.pdf HTTP/1.1" 200 504015
47.128.35.176 - - [21/May/2024:00:01:04 -0500] "GET /BLA/resoluciones/AUTOS%202021/0245.php?act=f&f=sort_both.png&imgsize=20 HTTP/1.1" 200 2743
201.245.192.253 - - [21/May/2024:00:01:18 -0500] "GET /kwsrmcab/Wsrmcab?wsdl HTTP/1.1" 200 6948
47.128.97.158 - - [21/May/2024:00:01:19 -0500] "GET /BLA/resoluciones/AUTOS%202021/0245.php?act=chmod&f=AddIns HTTP/1.1" 200 2714
47.128.112.66 - - [21/May/2024:00:01:29 -0500] "GET /BLA/resoluciones/AUTOS%202021/0245.php?act=f&f=llw32helper.bat HTTP/1.1" 200 2745
216.244.66.195 - - [21/May/2024:00:01:31 -0500] "GET /BLA/resoluciones/RESOLUCIONES%202010/0061.pdf HTTP/1.1" 200 502505
47.128.112.59 - - [21/May/2024:00:01:42 -0500] "GET /BLA/resoluciones/AUTOS%202021/0245.php?act=f&f=json_xs HTTP/1.1" 200 2740
216.245.221.92 - - [21/May/2024:00:01:54 -0500] "HEAD / HTTP/1.1" 200 -
47.128.113.106 - - [21/May/2024:00:01:57 -0500] "GET /BLA/resoluciones/AUTOS%202021/0245.php?act=f&c=1&f=config.awk HTTP/1.1" 200 2740
216.244.66.195 - - [21/May/2024:00:02:09 -0500] "GET /BLA/resoluciones/RESOLUCIONES%202010/0186.pdf HTTP/1.1" 200 536789
47.128.113.14 - - [21/May/2024:00:02:12 -0500] "GET /BLA/resoluciones/AUTOS%202021/0245.php?act=chmod&f=requireradio5.php HTTP/1.1" 200 2714
201.245.192.253 - - [21/May/2024:00:02:18 -0500] "GET /kwsrmcab/Wsrmcab?wsdl HTTP/1.1" 200 6948
201.245.192.253 - - [21/May/2024:00:02:18 -0500] "POST /forms/lservlet;jsessionid=ac16012b30d66826510794084087a689b1c31a1f3ad8.e3iSbxaKaheRe34Nb3yMbhiSbxr0n6jAmljGr5XDqQLvpAe HTTP/1.1" 200 2
47.128.113.143 - - [21/May/2024:00:02:20 -0500] "GET /BLA/resoluciones/AUTOS%202021/0245.php?act=f&f=126PA06-PR02+CONTROL+REGISTROS.pdf&fullhexdump=1 HTTP/1.1" 200 2769
47.128.117.197 - - [21/May/2024:00:02:33 -0500] "GET /BLA/resoluciones/AUTOS%202021/0245.php?act=chmod&f=00002298.tif HTTP/1.1" 200 2714
201.245.192.253 - - [21/May/2024:00:02:38 -0500] "POST /forms/lservlet;jsessionid=ac16012b30d62840b3333a9e4d5b98f0d30ba0d9434a.e3iSbxaKaheRe34Nb3yMbhiSbxr0n6jAmljGr5XDqQLvpAe HTTP/1.1" 200 2
216.244.66.195 - - [21/May/2024:00:02:43 -0500] "GET /BLA/resoluciones/RESOLUCIONES%202010/0196.pdf HTTP/1.1" 200 509057
156.59.198.136 - - [21/May/2024:00:02:45 -0500] "GET /BLA/resoluciones/AUTOS2021/0245.php?act=img&img=ext_sess_9adpvo4bissoqka9bpp687foc3 HTTP/1.0" 404 1018
47.128.117.209 - - [21/May/2024:00:02:58 -0500] "GET /BLA/resoluciones/AUTOS%202021/0245.php?act=f&base64=3&f=0930.tif HTTP/1.1" 200 2740
47.128.117.212 - - [21/May/2024:00:03:12 -0500] "GET /BLA/resoluciones/AUTOS%202021/0245.php?act=chmod&f=actos.php HTTP/1.1" 200 2714
216.244.66.195 - - [21/May/2024:00:03:12 -0500] "GET /BLA/resoluciones/RESOLUCIONES%202010/0395.pdf HTTP/1.1" 200 119600
201.245.192.253 - - [21/May/2024:00:03:18 -0500] "GET /kwsrmcab/Wsrmcab?wsdl HTTP/1.1" 200 6948
172.22.2.4 - - [21/May/2024:00:01:39 -0500] "HEAD /BLA/boletinlegal/ HTTP/1.1" 200 -
47.128.117.169 - - [21/May/2024:00:03:25 -0500] "GET /BLA/resoluciones/AUTOS%202021/0245.php?act=f&base64=1&f=00002285.tif HTTP/1.1" 200 2742
201.245.192.253 - - [21/May/2024:00:03:24 -0500] "POST /kwsrmcab/Wsrmcab  HTTP/1.1" 200 35554
47.128.96.120 - - [21/May/2024:00:03:36 -0500] "GET /BLA/resoluciones/AUTOS%202021/0245.php?act=f&f=ca-bundle.crt&imgsize=100 HTTP/1.1" 200 2743
216.244.66.195 - - [21/May/2024:00:03:42 -0500] "GET /BLA/resoluciones/RESOLUCIONES%202010/0441.pdf HTTP/1.1" 200 255481
47.128.121.62 - - [21/May/2024:00:03:49 -0500] "GET /BLA/resoluciones/AUTOS%202021/0245.php?act=f&f=._huella_carbono.html&white=1 HTTP/1.1" 200 2749
47.128.56.112 - - [21/May/2024:00:04:02 -0500] "GET /BLA/resoluciones/AUTOS%202021/0245.php?act=f&base64=3&f=00001569.tif HTTP/1.1" 200 2741
172.22.2.4 - - [21/May/2024:00:02:29 -0500] "GET /BLA/boletinlegal/ HTTP/1.1" 200 60380
216.244.66.195 - - [21/May/2024:00:04:14 -0500] "GET /BLA/resoluciones/RESOLUCIONES%202010/0500.pdf HTTP/1.1" 200 119404
47.128.122.101 - - [21/May/2024:00:04:15 -0500] "GET /BLA/resoluciones/AUTOS%202021/0245.php?act=chmod&f=00002048.tif HTTP/1.1" 200 2714
201.245.192.253 - - [21/May/2024:00:04:18 -0500] "GET /kwsrmcab/Wsrmcab?wsdl HTTP/1.1" 200 6948
201.245.192.253 - - [21/May/2024:00:04:18 -0500] "POST /forms/lservlet;jsessionid=ac16012b30d66826510794084087a689b1c31a1f3ad8.e3iSbxaKaheRe34Nb3yMbhiSbxr0n6jAmljGr5XDqQLvpAe HTTP/1.1" 200 2
47.128.40.57 - - [21/May/2024:00:04:29 -0500] "GET /BLA/resoluciones/AUTOS%202021/0245.php?act=f&f=mail-20150905-1043-201000.txt&imgsize=20 HTTP/1.1" 200 2756
201.245.192.253 - - [21/May/2024:00:04:38 -0500] "POST /forms/lservlet;jsessionid=ac16012b30d62840b3333a9e4d5b98f0d30ba0d9434a.e3iSbxaKaheRe34Nb3yMbhiSbxr0n6jAmljGr5XDqQLvpAe HTTP/1.1" 200 2
47.128.16.172 - - [21/May/2024:00:04:40 -0500] "GET /BLA/resoluciones/AUTOS%202021/0245.php?act=f&f=bogsin2.jpg HTTP/1.1" 200 2743
216.244.66.195 - - [21/May/2024:00:04:40 -0500] "GET /BLA/resoluciones/RESOLUCIONES%202010/0592.pdf HTTP/1.1" 200 497991
191.156.151.6 - - [21/May/2024:00:04:40 -0500] "GET /sipse/faces/presentacion/financiero/solicitudProceso/consultarSolicitudProceso.xhtml HTTP/1.1" 302 -
191.156.151.6 - - [21/May/2024:00:04:40 -0500] "GET /sipse/faces/autenticacion.xhtml HTTP/1.1" 200 12409
191.156.150.83 - - [21/May/2024:00:04:41 -0500] "GET /sipse/js/disable_browser_buttons.js HTTP/1.1" 200 3230
191.156.152.140 - - [21/May/2024:00:04:41 -0500] "GET /sipse/css/custom_css_sg_prime_login.css HTTP/1.1" 200 443
191.156.152.140 - - [21/May/2024:00:04:41 -0500] "GET /sipse/faces/javax.faces.resource/jquery/jquery.js?ln=primefaces&v=4.0 HTTP/1.1" 304 -
191.156.152.140 - - [21/May/2024:00:04:41 -0500] "GET /sipse/faces/javax.faces.resource/primefaces.js?ln=primefaces&v=4.0 HTTP/1.1" 304 -
191.156.151.6 - - [21/May/2024:00:04:41 -0500] "GET /sipse/faces/javax.faces.resource/jquery/jquery-plugins.js?ln=primefaces&v=4.0 HTTP/1.1" 304 -
191.156.150.83 - - [21/May/2024:00:04:41 -0500] "GET /sipse/faces/javax.faces.resource/layout/layout.js?ln=primefaces&v=4.0 HTTP/1.1" 304 -
191.156.152.140 - - [21/May/2024:00:04:41 -0500] "GET /sipse/css/custom_css_sg.css HTTP/1.1" 200 9694
191.156.152.140 - - [21/May/2024:00:04:41 -0500] "GET /sipse/js/funciones.js HTTP/1.1" 200 12592
191.156.152.140 - - [21/May/2024:00:04:41 -0500] "GET /sipse/faces/javax.faces.resource/layout/layout.css?ln=primefaces&v=4.0 HTTP/1.1" 200 542
191.156.151.6 - - [21/May/2024:00:04:41 -0500] "GET /sipse/faces/javax.faces.resource/theme.css?ln=primefaces-sipse HTTP/1.1" 200 50058
191.156.152.55 - - [21/May/2024:00:04:41 -0500] "GET /sipse/faces/javax.faces.resource/primefaces.css?ln=primefaces&v=4.0 HTTP/1.1" 200 53295
191.156.152.140 - - [21/May/2024:00:04:41 -0500] "GET /sipse/faces/javax.faces.resource/images/ui-icons_898989_256x240.png?ln=primefaces-aristo HTTP/1.1" 200 5355
191.156.152.55 - - [21/May/2024:00:04:41 -0500] "GET /sipse/css/imagen/logoSDG.png HTTP/1.1" 200 53064
191.156.152.140 - - [21/May/2024:00:04:41 -0500] "GET /sipse/css/imagen/loginimg.png HTTP/1.1" 200 71635
191.156.152.140 - - [21/May/2024:00:04:42 -0500] "GET /sipse/faces/index.xhtml HTTP/1.1" 200 677
191.156.152.140 - - [21/May/2024:00:04:42 -0500] "GET /sipse/faces/javax.faces.resource/theme.css?ln=primefaces-sipse HTTP/1.1" 304 -
191.156.152.140 - - [21/May/2024:00:04:42 -0500] "GET /sipse/faces/faces/autenticacion.xhtml HTTP/1.1" 200 12409
191.156.152.55 - - [21/May/2024:00:04:42 -0500] "GET /sipse/faces/javax.faces.resource/theme.css?ln=primefaces-sipse HTTP/1.1" 304 -
191.156.152.140 - - [21/May/2024:00:04:42 -0500] "GET /sipse/faces/javax.faces.resource/primefaces.js?ln=primefaces&v=4.0 HTTP/1.1" 304 -
191.156.152.140 - - [21/May/2024:00:04:42 -0500] "GET /sipse/faces/javax.faces.resource/primefaces.css?ln=primefaces&v=4.0 HTTP/1.1" 304 -
191.156.152.140 - - [21/May/2024:00:04:42 -0500] "GET /sipse/faces/javax.faces.resource/jquery/jquery.js?ln=primefaces&v=4.0 HTTP/1.1" 304 -
191.156.151.6 - - [21/May/2024:00:04:42 -0500] "GET /sipse/faces/javax.faces.resource/jquery/jquery-plugins.js?ln=primefaces&v=4.0 HTTP/1.1" 304 -
191.156.150.83 - - [21/May/2024:00:04:42 -0500] "GET /sipse/faces/javax.faces.resource/layout/layout.css?ln=primefaces&v=4.0 HTTP/1.1" 304 -
191.156.152.55 - - [21/May/2024:00:04:43 -0500] "GET /sipse/faces/javax.faces.resource/layout/layout.js?ln=primefaces&v=4.0 HTTP/1.1" 304 -
191.156.152.140 - - [21/May/2024:00:04:43 -0500] "GET /sipse/faces/javax.faces.resource/images/ui-icons_898989_256x240.png?ln=primefaces-aristo HTTP/1.1" 304 -
191.156.152.140 - - [21/May/2024:00:04:44 -0500] "POST /sipse/faces/autenticacion.xhtml HTTP/1.1" 200 16282
191.156.152.140 - - [21/May/2024:00:04:45 -0500] "GET /sipse/css/custom_css_sg_prime.css HTTP/1.1" 200 5201
191.156.152.55 - - [21/May/2024:00:04:45 -0500] "GET /sipse/js/jquery.min.js HTTP/1.1" 200 85582
52.167.144.184 - - [21/May/2024:00:04:46 -0500] "GET /svr-ciudadano/ HTTP/1.1" 200 100859
191.156.152.55 - - [21/May/2024:00:04:46 -0500] "GET /sipse/faces/javax.faces.resource/jquery/jquery.js?ln=primefaces&v=4.0 HTTP/1.1" 304 -
191.156.152.55 - - [21/May/2024:00:04:46 -0500] "GET /sipse/faces/javax.faces.resource/jquery/jquery-plugins.js?ln=primefaces&v=4.0 HTTP/1.1" 304 -
191.156.152.55 - - [21/May/2024:00:04:46 -0500] "GET /sipse/faces/javax.faces.resource/primefaces.js?ln=primefaces&v=4.0 HTTP/1.1" 304 -
191.156.152.55 - - [21/May/2024:00:04:46 -0500] "GET /sipse/faces/javax.faces.resource/layout/layout.js?ln=primefaces&v=4.0 HTTP/1.1" 304 -
191.156.152.140 - - [21/May/2024:00:04:47 -0500] "GET /sipse/css/v_mergente.css HTTP/1.1" 200 1505
191.156.150.83 - - [21/May/2024:00:04:47 -0500] "GET /sipse/css/imagen/contrasena.png HTTP/1.1" 404 383
191.156.152.140 - - [21/May/2024:00:04:47 -0500] "GET /sipse/faces/javax.faces.resource/messages/messages.png?ln=primefaces&v=4.0 HTTP/1.1" 304 -
191.156.152.55 - - [21/May/2024:00:04:47 -0500] "GET /sipse/imagenes/cargando.gif HTTP/1.1" 200 36959
191.156.152.140 - - [21/May/2024:00:04:47 -0500] "GET /sipse/imagenes/logoAplicacion.jpg HTTP/1.1" 200 155084
191.156.152.140 - - [21/May/2024:00:04:48 -0500] "GET /sipse/faces/javax.faces.resource/images/ui-bg_flat_0_2d5972_40x100.png?ln=primefaces-aristo HTTP/1.1" 304 -
191.156.152.55 - - [21/May/2024:00:04:48 -0500] "POST /sipse/faces/bienvenido.xhtml HTTP/1.1" 200 1471
191.156.152.140 - - [21/May/2024:00:04:49 -0500] "POST /sipse/faces/bienvenido.xhtml HTTP/1.1" 200 61385
191.156.152.140 - - [21/May/2024:00:04:50 -0500] "GET /sipse/faces/javax.faces.resource/jquery/jquery.js?ln=primefaces&v=4.0 HTTP/1.1" 304 -
191.156.152.140 - - [21/May/2024:00:04:50 -0500] "GET /sipse/faces/javax.faces.resource/jquery/jquery-plugins.js?ln=primefaces&v=4.0 HTTP/1.1" 304 -
191.156.152.140 - - [21/May/2024:00:04:50 -0500] "GET /sipse/faces/javax.faces.resource/primefaces.js?ln=primefaces&v=4.0 HTTP/1.1" 304 -
191.156.152.140 - - [21/May/2024:00:04:50 -0500] "GET /sipse/faces/javax.faces.resource/layout/layout.js?ln=primefaces&v=4.0 HTTP/1.1" 304 -
191.156.152.140 - - [21/May/2024:00:04:50 -0500] "POST /sipse/faces/presentacion/financiero/solicitudProceso/listarSolicitudProceso.xhtml HTTP/1.1" 200 1552
191.156.152.140 - - [21/May/2024:00:04:53 -0500] "POST /sipse/faces/presentacion/financiero/solicitudProceso/listarSolicitudProceso.xhtml HTTP/1.1" 200 7581
47.128.24.135 - - [21/May/2024:00:04:55 -0500] "GET /BLA/resoluciones/AUTOS%202021/0245.php?act=f&f=reqibocalive4II.php HTTP/1.1" 200 2748
191.156.152.140 - - [21/May/2024:00:04:59 -0500] "POST /sipse/faces/presentacion/financiero/solicitudProceso/listarSolicitudProceso.xhtml HTTP/1.1" 200 32159
47.128.23.82 - - [21/May/2024:00:05:05 -0500] "GET /BLA/resoluciones/AUTOS%202021/0245.php?act=f&f=reqedu.php HTTP/1.1" 200 2741
191.156.152.140 - - [21/May/2024:00:05:09 -0500] "POST /sipse/faces/presentacion/financiero/solicitudProceso/listarSolicitudProceso.xhtml HTTP/1.1" 200 31890
216.244.66.195 - - [21/May/2024:00:05:09 -0500] "GET /BLA/resoluciones/RESOLUCIONES%202010/0599.pdf HTTP/1.1" 200 54640
47.128.50.105 - - [21/May/2024:00:05:18 -0500] "GET /BLA/resoluciones/AUTOS%202021/0245.php?act=f&base64=4&f=1870.pdf HTTP/1.1" 200 3034
201.245.192.253 - - [21/May/2024:00:05:18 -0500] "GET /kwsrmcab/Wsrmcab?wsdl HTTP/1.1" 200 6948
47.128.50.105 - - [21/May/2024:00:05:19 -0500] "GET /BLA/resoluciones/AUTOS%202021/0245.php?act=img&img=ext_html HTTP/1.1" 200 230
47.128.50.105 - - [21/May/2024:00:05:19 -0500] "GET /BLA/resoluciones/AUTOS%202021/0245.php?act=img&img=ext_diz HTTP/1.1" 200 1027
47.128.50.105 - - [21/May/2024:00:05:19 -0500] "GET /BLA/resoluciones/AUTOS%202021/0245.php?act=img&img=ext_gif HTTP/1.1" 200 175
47.128.50.105 - - [21/May/2024:00:05:19 -0500] "GET /BLA/resoluciones/AUTOS%202021/0245.php?act=img&img=ext_txt HTTP/1.1" 200 132
47.128.50.105 - - [21/May/2024:00:05:19 -0500] "GET /BLA/resoluciones/AUTOS%202021/0245.php?act=img&img=ext_pdf HTTP/1.1" 200 1034
47.128.50.105 - - [21/May/2024:00:05:19 -0500] "GET /BLA/resoluciones/AUTOS%202021/0245.php?act=img&img=ext_exe HTTP/1.1" 200 118
47.128.50.105 - - [21/May/2024:00:05:19 -0500] "GET /BLA/resoluciones/AUTOS%202021/0245.php?act=img&img=change HTTP/1.1" 200 290
47.128.50.105 - - [21/May/2024:00:05:19 -0500] "GET /BLA/resoluciones/AUTOS%202021/0245.php?act=img&img=ext_ini HTTP/1.1" 200 134
47.128.50.105 - - [21/May/2024:00:05:19 -0500] "GET /BLA/resoluciones/AUTOS%202021/0245.php?act=img&img=ext_rtf HTTP/1.1" 200 164
47.128.50.105 - - [21/May/2024:00:05:19 -0500] "GET /BLA/resoluciones/AUTOS%202021/0245.php?act=img&img=download HTTP/1.1" 200 161
191.156.152.140 - - [21/May/2024:00:05:20 -0500] "POST /sipse/faces/presentacion/financiero/solicitudProceso/listarSolicitudProceso.xhtml HTTP/1.1" 200 5155
191.156.152.140 - - [21/May/2024:00:05:21 -0500] "POST /sipse/faces/presentacion/financiero/solicitudProceso/listarSolicitudProceso.xhtml HTTP/1.1" 200 149152
191.156.152.140 - - [21/May/2024:00:05:23 -0500] "GET /sipse/faces/javax.faces.resource/jquery/jquery.js?ln=primefaces&v=4.0 HTTP/1.1" 304 -
191.156.152.140 - - [21/May/2024:00:05:23 -0500] "GET /sipse/faces/javax.faces.resource/jquery/jquery-plugins.js?ln=primefaces&v=4.0 HTTP/1.1" 304 -
191.156.152.140 - - [21/May/2024:00:05:23 -0500] "GET /sipse/faces/javax.faces.resource/primefaces.js?ln=primefaces&v=4.0 HTTP/1.1" 304 -
191.156.152.140 - - [21/May/2024:00:05:23 -0500] "GET /sipse/faces/javax.faces.resource/layout/layout.js?ln=primefaces&v=4.0 HTTP/1.1" 304 -
191.156.152.140 - - [21/May/2024:00:05:29 -0500] "POST /sipse/faces/presentacion/financiero/solicitudProceso/consultarSolicitudProceso.xhtml HTTP/1.1" 200 19417
191.156.152.140 - - [21/May/2024:00:05:29 -0500] "GET /sipse/faces/javax.faces.resource/theme.css?ln=primefaces-sipse HTTP/1.1" 304 -
191.156.153.254 - - [21/May/2024:00:05:29 -0500] "GET /sipse/faces/javax.faces.resource/primefaces.css?ln=primefaces&v=4.0 HTTP/1.1" 304 -
191.156.144.160 - - [21/May/2024:00:05:29 -0500] "GET /sipse/faces/javax.faces.resource/primefaces.js?ln=primefaces&v=4.0 HTTP/1.1" 304 -
191.156.152.55 - - [21/May/2024:00:05:29 -0500] "GET /sipse/faces/javax.faces.resource/jquery/jquery-plugins.js?ln=primefaces&v=4.0 HTTP/1.1" 304 -
191.156.146.160 - - [21/May/2024:00:05:29 -0500] "GET /sipse/faces/javax.faces.resource/jquery/jquery.js?ln=primefaces&v=4.0 HTTP/1.1" 304 -
191.156.150.83 - - [21/May/2024:00:05:29 -0500] "GET /sipse/faces/javax.faces.resource/layout/layout.css?ln=primefaces&v=4.0 HTTP/1.1" 304 -
191.156.146.160 - - [21/May/2024:00:05:29 -0500] "GET /sipse/faces/javax.faces.resource/fileupload/fileupload.js?ln=primefaces&v=4.0 HTTP/1.1" 304 -
191.156.152.140 - - [21/May/2024:00:05:29 -0500] "GET /sipse/faces/javax.faces.resource/layout/layout.js?ln=primefaces&v=4.0 HTTP/1.1" 304 -
191.156.153.254 - - [21/May/2024:00:05:29 -0500] "GET /sipse/faces/javax.faces.resource/fileupload/fileupload.css?ln=primefaces&v=4.0 HTTP/1.1" 304 -
191.156.152.140 - - [21/May/2024:00:05:29 -0500] "GET /sipse/faces/javax.faces.resource/images/ui-icons_898989_256x240.png?ln=primefaces-aristo HTTP/1.1" 304 -
47.128.25.28 - - [21/May/2024:00:05:30 -0500] "GET /BLA/resoluciones/AUTOS%202021/0245.php?act=f&c=1&f=Dise%F1o+de+Elementos+M120-M121.pdf HTTP/1.1" 200 2756
216.244.66.195 - - [21/May/2024:00:05:33 -0500] "GET /BLA/resoluciones/RESOLUCIONES%202010/0955.pdf HTTP/1.1" 200 113910
191.156.146.160 - - [21/May/2024:00:05:38 -0500] "GET /sipse/css/custom_css_sg.css HTTP/1.1" 304 -
191.156.152.55 - - [21/May/2024:00:05:38 -0500] "GET /sipse/js/funciones.js HTTP/1.1" 304 -
191.156.144.160 - - [21/May/2024:00:05:38 -0500] "GET /sipse/js/jquery.min.js HTTP/1.1" 304 -
191.156.153.254 - - [21/May/2024:00:05:38 -0500] "GET /sipse/css/custom_css_sg_prime.css HTTP/1.1" 304 -
191.156.150.83 - - [21/May/2024:00:05:38 -0500] "GET /sipse/js/disable_browser_buttons.js HTTP/1.1" 304 -
191.156.144.160 - - [21/May/2024:00:05:39 -0500] "GET /sipse/faces/javax.faces.resource/jquery/jquery-plugins.js?ln=primefaces&v=4.0 HTTP/1.1" 304 -
191.156.153.254 - - [21/May/2024:00:05:39 -0500] "GET /sipse/faces/javax.faces.resource/layout/layout.css?ln=primefaces&v=4.0 HTTP/1.1" 304 -
191.156.152.55 - - [21/May/2024:00:05:39 -0500] "GET /sipse/faces/javax.faces.resource/primefaces.css?ln=primefaces&v=4.0 HTTP/1.1" 304 -
191.156.146.160 - - [21/May/2024:00:05:39 -0500] "GET /sipse/faces/javax.faces.resource/theme.css?ln=primefaces-sipse HTTP/1.1" 304 -
191.156.150.83 - - [21/May/2024:00:05:39 -0500] "GET /sipse/faces/javax.faces.resource/jquery/jquery.js?ln=primefaces&v=4.0 HTTP/1.1" 304 -
191.156.153.254 - - [21/May/2024:00:05:39 -0500] "GET /sipse/faces/javax.faces.resource/layout/layout.js?ln=primefaces&v=4.0 HTTP/1.1" 304 -
191.156.152.55 - - [21/May/2024:00:05:39 -0500] "GET /sipse/faces/javax.faces.resource/primefaces.js?ln=primefaces&v=4.0 HTTP/1.1" 304 -
191.156.144.160 - - [21/May/2024:00:05:39 -0500] "GET /sipse/imagenes/cargando.gif HTTP/1.1" 304 -
191.156.152.140 - - [21/May/2024:00:05:38 -0500] "POST /sipse/faces/presentacion/sistema/anexos/cargarAnexoSolicitudProceso.xhtml HTTP/1.1" 200 197645
191.156.146.160 - - [21/May/2024:00:05:39 -0500] "GET /sipse/css/imagen/logoSDG.png HTTP/1.1" 304 -
191.156.150.83 - - [21/May/2024:00:05:39 -0500] "GET /sipse/css/imagen/contrasena.png HTTP/1.1" 404 383
191.156.152.55 - - [21/May/2024:00:05:39 -0500] "GET /sipse/faces/javax.faces.resource/images/ui-icons_898989_256x240.png?ln=primefaces-aristo HTTP/1.1" 304 -
47.128.116.172 - - [21/May/2024:00:05:43 -0500] "GET /BLA/resoluciones/AUTOS%202021/0245.php?act=chmod&f=reqoil1.php HTTP/1.1" 200 2714
191.156.152.140 - - [21/May/2024:00:05:45 -0500] "GET /sipse/faces/javax.faces.resource/images/ui-bg_flat_0_2d5972_40x100.png?ln=primefaces-aristo HTTP/1.1" 304 -
191.156.150.83 - - [21/May/2024:00:05:45 -0500] "POST /sipse/faces/presentacion/financiero/solicitudProceso/consultarSolicitudProceso.xhtml HTTP/1.1" 200 6226
191.156.152.140 - - [21/May/2024:00:05:45 -0500] "GET /sipse/faces/javax.faces.resource/messages/messages.png?ln=primefaces&v=4.0 HTTP/1.1" 304 -
216.244.66.195 - - [21/May/2024:00:05:57 -0500] "GET /BLA/resoluciones/RESOLUCIONES%202010/0977.pdf HTTP/1.1" 200 121558
47.128.121.181 - - [21/May/2024:00:05:57 -0500] "GET /BLA/resoluciones/AUTOS%202021/0245.php?act=f&f=demo3.php HTTP/1.1" 200 2740
191.156.156.161 - - [21/May/2024:00:06:01 -0500] "POST /sipse/faces/presentacion/financiero/solicitudProceso/consultarSolicitudProceso.xhtml HTTP/1.1" 200 6226
191.156.156.161 - - [21/May/2024:00:06:02 -0500] "POST /sipse/faces/presentacion/financiero/solicitudProceso/consultarSolicitudProceso.xhtml HTTP/1.1" 200 35065
191.156.156.161 - - [21/May/2024:00:06:05 -0500] "GET /sipse/faces/javax.faces.resource/jquery/jquery.js?ln=primefaces&v=4.0 HTTP/1.1" 304 -
191.156.156.161 - - [21/May/2024:00:06:05 -0500] "GET /sipse/faces/javax.faces.resource/jquery/jquery-plugins.js?ln=primefaces&v=4.0 HTTP/1.1" 304 -
191.156.156.161 - - [21/May/2024:00:06:05 -0500] "GET /sipse/faces/javax.faces.resource/primefaces.js?ln=primefaces&v=4.0 HTTP/1.1" 304 -
191.156.156.161 - - [21/May/2024:00:06:05 -0500] "GET /sipse/faces/javax.faces.resource/layout/layout.js?ln=primefaces&v=4.0 HTTP/1.1" 304 -
191.156.156.161 - - [21/May/2024:00:06:05 -0500] "POST /sipse/faces/presentacion/financiero/solicitudProceso/listarSolicitudProceso.xhtml HTTP/1.1" 200 1392
47.128.20.221 - - [21/May/2024:00:06:08 -0500] "GET /BLA/resoluciones/AUTOS%202021/0245.php?act=chmod&f=Types.class.php HTTP/1.1" 200 2714
191.156.156.161 - - [21/May/2024:00:06:09 -0500] "POST /sipse/faces/presentacion/financiero/solicitudProceso/listarSolicitudProceso.xhtml HTTP/1.1" 200 2085
191.156.156.161 - - [21/May/2024:00:06:10 -0500] "POST /sipse/faces/presentacion/financiero/solicitudProceso/listarSolicitudProceso.xhtml HTTP/1.1" 200 38448
191.156.156.161 - - [21/May/2024:00:06:10 -0500] "GET /sipse/faces/javax.faces.resource/jquery/jquery.js?ln=primefaces&v=4.0 HTTP/1.1" 304 -
191.156.156.161 - - [21/May/2024:00:06:10 -0500] "GET /sipse/faces/javax.faces.resource/jquery/jquery-plugins.js?ln=primefaces&v=4.0 HTTP/1.1" 304 -
191.156.156.161 - - [21/May/2024:00:06:10 -0500] "GET /sipse/faces/javax.faces.resource/primefaces.js?ln=primefaces&v=4.0 HTTP/1.1" 304 -
191.156.156.161 - - [21/May/2024:00:06:10 -0500] "GET /sipse/faces/javax.faces.resource/layout/layout.js?ln=primefaces&v=4.0 HTTP/1.1" 304 -
191.156.156.161 - - [21/May/2024:00:06:10 -0500] "POST /sipse/faces/presentacion/financiero/solicitudProceso/consultar.xhtml HTTP/1.1" 200 31753
201.245.192.253 - - [21/May/2024:00:06:18 -0500] "GET /kwsrmcab/Wsrmcab?wsdl HTTP/1.1" 200 6948
201.245.192.253 - - [21/May/2024:00:06:18 -0500] "POST /forms/lservlet;jsessionid=ac16012b30d66826510794084087a689b1c31a1f3ad8.e3iSbxaKaheRe34Nb3yMbhiSbxr0n6jAmljGr5XDqQLvpAe HTTP/1.1" 200 2
216.244.66.195 - - [21/May/2024:00:06:19 -0500] "GET /BLA/resoluciones/RESOLUCIONES%202010/0980.pdf HTTP/1.1" 200 104022
191.156.156.161 - - [21/May/2024:00:06:19 -0500] "POST /sipse/faces/presentacion/financiero/solicitudProceso/consultar.xhtml HTTP/1.1" 200 12854
47.128.20.202 - - [21/May/2024:00:06:21 -0500] "GET /BLA/resoluciones/AUTOS%202021/0245.php?act=chmod&f=xxxorgfinweb.gif HTTP/1.1" 200 2714
47.128.36.41 - - [21/May/2024:00:06:34 -0500] "GET /BLA/resoluciones/AUTOS%202021/0245.php?act=chmod&f=cpanm.bat HTTP/1.1" 200 2714
201.245.192.253 - - [21/May/2024:00:06:38 -0500] "POST /forms/lservlet;jsessionid=ac16012b30d62840b3333a9e4d5b98f0d30ba0d9434a.e3iSbxaKaheRe34Nb3yMbhiSbxr0n6jAmljGr5XDqQLvpAe HTTP/1.1" 200 2
216.244.66.195 - - [21/May/2024:00:06:40 -0500] "GET /BLA/resoluciones/RESOLUCIONES%202010/1091.pdf HTTP/1.1" 200 91551
43.163.6.35 - - [21/May/2024:00:06:40 -0500] "GET / HTTP/1.1" 200 319
47.128.29.139 - - [21/May/2024:00:06:47 -0500] "GET /BLA/resoluciones/AUTOS%202021/0245.php?act=f&f=00000349.tif&white=1 HTTP/1.1" 200 2741
216.245.221.92 - - [21/May/2024:00:06:54 -0500] "HEAD / HTTP/1.1" 200 -
156.59.198.135 - - [21/May/2024:00:06:58 -0500] "GET /BLA/resoluciones/AUTOS%202021/0245.php?act=chmod&f=CertificacionRes003.doc HTTP/1.0" 200 2714
216.244.66.195 - - [21/May/2024:00:07:00 -0500] "GET /BLA/resoluciones/RESOLUCIONES%202010/1276.pdf HTTP/1.1" 200 98845
47.128.28.87 - - [21/May/2024:00:07:12 -0500] "GET /BLA/resoluciones/AUTOS%202021/0245.php?act=f&f=musgo2.gif HTTP/1.1" 200 2741
201.245.192.253 - - [21/May/2024:00:07:18 -0500] "GET /kwsrmcab/Wsrmcab?wsdl HTTP/1.1" 200 6948
216.244.66.195 - - [21/May/2024:00:07:19 -0500] "GET /BLA/resoluciones/RESOLUCIONES%202010/1312.pdf HTTP/1.1" 200 114794
47.128.29.157 - - [21/May/2024:00:07:24 -0500] "GET /BLA/resoluciones/AUTOS%202021/0245.php?act=f&f=reqesta1.php HTTP/1.1" 200 2742
216.244.66.195 - - [21/May/2024:00:07:37 -0500] "GET /BLA/resoluciones/RESOLUCIONES%202010/1368.pdf HTTP/1.1" 200 356246
47.128.115.83 - - [21/May/2024:00:07:40 -0500] "GET /BLA/resoluciones/AUTOS%202021/0245.php?act=f&base64=3&f=bootstrap.css.map HTTP/1.1" 200 2746
47.128.63.139 - - [21/May/2024:00:07:52 -0500] "GET /BLA/resoluciones/AUTOS%202021/0245.php?act=f&f=lwp-mirror.bat HTTP/1.1" 200 2743
216.244.66.195 - - [21/May/2024:00:07:55 -0500] "GET /BLA/resoluciones/RESOLUCIONES%202010/1386.pdf HTTP/1.1" 200 366548
47.128.40.126 - - [21/May/2024:00:08:03 -0500] "GET /BLA/resoluciones/AUTOS%202021/0245.php?act=chmod&f=perlivp.bat HTTP/1.1" 200 2714
201.245.192.253 - - [21/May/2024:00:08:04 -0500] "GET /sipse/faces/autenticacion.xhtml HTTP/1.1" 200 12409
201.245.192.253 - - [21/May/2024:00:08:05 -0500] "GET /sipse/js/disable_browser_buttons.js HTTP/1.1" 304 -
201.245.192.253 - - [21/May/2024:00:08:05 -0500] "GET /sipse/js/funciones.js HTTP/1.1" 304 -
201.245.192.253 - - [21/May/2024:00:08:05 -0500] "GET /sipse/faces/javax.faces.resource/theme.css?ln=primefaces-sipse HTTP/1.1" 304 -
201.245.192.253 - - [21/May/2024:00:08:05 -0500] "GET /sipse/faces/javax.faces.resource/jquery/jquery.js?ln=primefaces&v=4.0 HTTP/1.1" 304 -
201.245.192.253 - - [21/May/2024:00:08:05 -0500] "GET /sipse/css/custom_css_sg.css HTTP/1.1" 304 -
201.245.192.253 - - [21/May/2024:00:08:05 -0500] "GET /sipse/css/custom_css_sg_prime_login.css HTTP/1.1" 304 -
201.245.192.253 - - [21/May/2024:00:08:05 -0500] "GET /sipse/faces/javax.faces.resource/layout/layout.css?ln=primefaces&v=4.0 HTTP/1.1" 304 -
201.245.192.253 - - [21/May/2024:00:08:05 -0500] "GET /sipse/faces/javax.faces.resource/primefaces.css?ln=primefaces&v=4.0 HTTP/1.1" 304 -
201.245.192.253 - - [21/May/2024:00:08:05 -0500] "GET /sipse/faces/javax.faces.resource/jquery/jquery-plugins.js?ln=primefaces&v=4.0 HTTP/1.1" 304 -
201.245.192.253 - - [21/May/2024:00:08:05 -0500] "GET /sipse/faces/javax.faces.resource/primefaces.js?ln=primefaces&v=4.0 HTTP/1.1" 304 -
201.245.192.253 - - [21/May/2024:00:08:05 -0500] "GET /sipse/faces/javax.faces.resource/layout/layout.js?ln=primefaces&v=4.0 HTTP/1.1" 304 -
201.245.192.253 - - [21/May/2024:00:08:05 -0500] "GET /sipse/css/imagen/logoSDG.png HTTP/1.1" 304 -
201.245.192.253 - - [21/May/2024:00:08:05 -0500] "GET /sipse/css/imagen/loginimg.png HTTP/1.1" 304 -
201.245.192.253 - - [21/May/2024:00:08:05 -0500] "GET /sipse/faces/javax.faces.resource/images/ui-icons_898989_256x240.png?ln=primefaces-aristo HTTP/1.1" 304 -
201.245.192.253 - - [21/May/2024:00:08:05 -0500] "GET /sipse/faces/index.xhtml HTTP/1.1" 200 677
201.245.192.253 - - [21/May/2024:00:08:05 -0500] "GET /sipse/faces/javax.faces.resource/theme.css?ln=primefaces-sipse HTTP/1.1" 304 -
201.245.192.253 - - [21/May/2024:00:08:05 -0500] "GET /sipse/faces/faces/autenticacion.xhtml HTTP/1.1" 200 12409
201.245.192.253 - - [21/May/2024:00:08:05 -0500] "GET /sipse/faces/javax.faces.resource/theme.css?ln=primefaces-sipse HTTP/1.1" 304 -
201.245.192.253 - - [21/May/2024:00:08:05 -0500] "GET /sipse/faces/javax.faces.resource/jquery/jquery.js?ln=primefaces&v=4.0 HTTP/1.1" 304 -
201.245.192.253 - - [21/May/2024:00:08:05 -0500] "GET /sipse/faces/javax.faces.resource/layout/layout.css?ln=primefaces&v=4.0 HTTP/1.1" 304 -
201.245.192.253 - - [21/May/2024:00:08:05 -0500] "GET /sipse/faces/javax.faces.resource/primefaces.css?ln=primefaces&v=4.0 HTTP/1.1" 304 -
201.245.192.253 - - [21/May/2024:00:08:05 -0500] "GET /sipse/faces/javax.faces.resource/primefaces.js?ln=primefaces&v=4.0 HTTP/1.1" 304 -
201.245.192.253 - - [21/May/2024:00:08:05 -0500] "GET /sipse/faces/javax.faces.resource/jquery/jquery-plugins.js?ln=primefaces&v=4.0 HTTP/1.1" 304 -
201.245.192.253 - - [21/May/2024:00:08:05 -0500] "GET /sipse/faces/javax.faces.resource/layout/layout.js?ln=primefaces&v=4.0 HTTP/1.1" 304 -
201.245.192.253 - - [21/May/2024:00:08:05 -0500] "GET /sipse/faces/javax.faces.resource/images/ui-icons_898989_256x240.png?ln=primefaces-aristo HTTP/1.1" 304 -
201.245.192.253 - - [21/May/2024:00:08:07 -0500] "POST /sipse/faces/autenticacion.xhtml HTTP/1.1" 200 2183
201.245.192.253 - - [21/May/2024:00:08:07 -0500] "GET /sipse/faces/javax.faces.resource/messages/messages.png?ln=primefaces&v=4.0 HTTP/1.1" 200 27209
216.244.66.195 - - [21/May/2024:00:08:11 -0500] "GET /BLA/resoluciones/RESOLUCIONES%202010/1432.pdf HTTP/1.1" 200 967658
201.245.192.253 - - [21/May/2024:00:08:13 -0500] "POST /sipse/faces/autenticacion.xhtml HTTP/1.1" 200 11906
201.245.192.253 - - [21/May/2024:00:08:13 -0500] "GET /sipse/css/custom_css_sg_prime.css HTTP/1.1" 200 5201
201.245.192.253 - - [21/May/2024:00:08:13 -0500] "GET /sipse/faces/javax.faces.resource/jquery/jquery.js?ln=primefaces&v=4.0 HTTP/1.1" 304 -
201.245.192.253 - - [21/May/2024:00:08:13 -0500] "GET /sipse/faces/javax.faces.resource/jquery/jquery-plugins.js?ln=primefaces&v=4.0 HTTP/1.1" 304 -
201.245.192.253 - - [21/May/2024:00:08:13 -0500] "GET /sipse/faces/javax.faces.resource/primefaces.js?ln=primefaces&v=4.0 HTTP/1.1" 304 -
201.245.192.253 - - [21/May/2024:00:08:13 -0500] "GET /sipse/faces/javax.faces.resource/layout/layout.js?ln=primefaces&v=4.0 HTTP/1.1" 304 -
47.128.21.171 - - [21/May/2024:00:08:15 -0500] "GET /BLA/resoluciones/AUTOS%202021/0245.php?act=f&c=1&f=viewforum.php HTTP/1.1" 200 2743
201.245.192.253 - - [21/May/2024:00:08:15 -0500] "POST /sipse/faces/presentacion/sistema/seguridad/seleccionRol.xhtml HTTP/1.1" 200 6275
66.249.66.20 - - [21/May/2024:00:08:16 -0500] "GET /BLA/resoluciones/RESOLUCIONES%202009/0064.pdf HTTP/1.1" 200 226408
201.245.192.253 - - [21/May/2024:00:08:16 -0500] "POST /sipse/faces/presentacion/sistema/seguridad/seleccionRol.xhtml HTTP/1.1" 200 18890
201.245.192.253 - - [21/May/2024:00:08:16 -0500] "GET /sipse/js/disable_browser_buttons.js HTTP/1.1" 304 -
201.245.192.253 - - [21/May/2024:00:08:16 -0500] "GET /sipse/js/jquery.min.js HTTP/1.1" 200 85582
201.245.192.253 - - [21/May/2024:00:08:16 -0500] "GET /sipse/js/funciones.js HTTP/1.1" 304 -
201.245.192.253 - - [21/May/2024:00:08:16 -0500] "GET /sipse/faces/javax.faces.resource/jquery/jquery.js?ln=primefaces&v=4.0 HTTP/1.1" 304 -
201.245.192.253 - - [21/May/2024:00:08:16 -0500] "GET /sipse/faces/javax.faces.resource/jquery/jquery-plugins.js?ln=primefaces&v=4.0 HTTP/1.1" 304 -
201.245.192.253 - - [21/May/2024:00:08:16 -0500] "GET /sipse/faces/javax.faces.resource/primefaces.js?ln=primefaces&v=4.0 HTTP/1.1" 304 -
201.245.192.253 - - [21/May/2024:00:08:16 -0500] "GET /sipse/faces/javax.faces.resource/layout/layout.js?ln=primefaces&v=4.0 HTTP/1.1" 304 -
201.245.192.253 - - [21/May/2024:00:08:16 -0500] "GET /sipse/css/v_mergente.css HTTP/1.1" 200 1505
201.245.192.253 - - [21/May/2024:00:08:16 -0500] "GET /sipse/imagenes/cargando.gif HTTP/1.1" 200 36959
201.245.192.253 - - [21/May/2024:00:08:16 -0500] "GET /sipse/css/imagen/contrasena.png HTTP/1.1" 404 383
201.245.192.253 - - [21/May/2024:00:08:16 -0500] "GET /sipse/imagenes/logoAplicacion.jpg HTTP/1.1" 200 155084
201.245.192.253 - - [21/May/2024:00:08:18 -0500] "GET /sipse/faces/javax.faces.resource/images/ui-bg_flat_0_2d5972_40x100.png?ln=primefaces-aristo HTTP/1.1" 200 183
201.245.192.253 - - [21/May/2024:00:08:18 -0500] "POST /sipse/faces/bienvenido.xhtml HTTP/1.1" 200 3887
201.245.192.253 - - [21/May/2024:00:08:18 -0500] "GET /kwsrmcab/Wsrmcab?wsdl HTTP/1.1" 200 6948
201.245.192.253 - - [21/May/2024:00:08:18 -0500] "POST /forms/lservlet;jsessionid=ac16012b30d66826510794084087a689b1c31a1f3ad8.e3iSbxaKaheRe34Nb3yMbhiSbxr0n6jAmljGr5XDqQLvpAe HTTP/1.1" 200 2
201.245.192.253 - - [21/May/2024:00:08:19 -0500] "POST /sipse/faces/bienvenido.xhtml HTTP/1.1" 200 43343
201.245.192.253 - - [21/May/2024:00:08:19 -0500] "GET /sipse/faces/javax.faces.resource/jquery/jquery.js?ln=primefaces&v=4.0 HTTP/1.1" 304 -
201.245.192.253 - - [21/May/2024:00:08:19 -0500] "GET /sipse/faces/javax.faces.resource/jquery/jquery-plugins.js?ln=primefaces&v=4.0 HTTP/1.1" 304 -
201.245.192.253 - - [21/May/2024:00:08:19 -0500] "GET /sipse/faces/javax.faces.resource/primefaces.js?ln=primefaces&v=4.0 HTTP/1.1" 304 -
201.245.192.253 - - [21/May/2024:00:08:19 -0500] "GET /sipse/faces/javax.faces.resource/layout/layout.js?ln=primefaces&v=4.0 HTTP/1.1" 304 -
201.245.192.253 - - [21/May/2024:00:08:20 -0500] "POST /sipse/faces/presentacion/financiero/solicitudProceso/consultar.xhtml HTTP/1.1" 200 42431
201.245.192.253 - - [21/May/2024:00:08:22 -0500] "POST /kwsrmcab/Wsrmcab  HTTP/1.1" 200 35554
201.245.192.253 - - [21/May/2024:00:08:24 -0500] "POST /sipse/faces/presentacion/financiero/solicitudProceso/consultar.xhtml HTTP/1.1" 200 110492
201.245.192.253 - - [21/May/2024:00:08:24 -0500] "GET /sipse/faces/javax.faces.resource/jquery/jquery.js?ln=primefaces&v=4.0 HTTP/1.1" 304 -
201.245.192.253 - - [21/May/2024:00:08:24 -0500] "GET /sipse/faces/javax.faces.resource/jquery/jquery-plugins.js?ln=primefaces&v=4.0 HTTP/1.1" 304 -
201.245.192.253 - - [21/May/2024:00:08:24 -0500] "GET /sipse/faces/javax.faces.resource/primefaces.js?ln=primefaces&v=4.0 HTTP/1.1" 304 -
201.245.192.253 - - [21/May/2024:00:08:24 -0500] "GET /sipse/faces/javax.faces.resource/layout/layout.js?ln=primefaces&v=4.0 HTTP/1.1" 304 -
216.244.66.195 - - [21/May/2024:00:08:27 -0500] "GET /BLA/resoluciones/RESOLUCIONES%202010/1457.pdf HTTP/1.1" 200 434995
201.245.192.253 - - [21/May/2024:00:08:28 -0500] "POST /sipse/faces/presentacion/financiero/solicitudProceso/consultarSolicitudProceso.xhtml HTTP/1.1" 200 155118
47.128.44.136 - - [21/May/2024:00:08:29 -0500] "GET /BLA/resoluciones/AUTOS%202021/0245.php?act=f&f=lanzamiento_web.php HTTP/1.1" 200 2748
201.245.192.253 - - [21/May/2024:00:08:38 -0500] "POST /forms/lservlet;jsessionid=ac16012b30d62840b3333a9e4d5b98f0d30ba0d9434a.e3iSbxaKaheRe34Nb3yMbhiSbxr0n6jAmljGr5XDqQLvpAe HTTP/1.1" 200 2
216.244.66.195 - - [21/May/2024:00:08:41 -0500] "GET /BLA/resoluciones/RESOLUCIONES%202010/1545.pdf HTTP/1.1" 200 82905
47.128.54.184 - - [21/May/2024:00:08:42 -0500] "GET /BLA/resoluciones/AUTOS%202021/0245.php?act=chmod&f=banner_meci.jpg HTTP/1.1" 200 2714
47.128.43.235 - - [21/May/2024:00:08:55 -0500] "GET /BLA/resoluciones/AUTOS%202021/0245.php?act=f&f=class-wp-theme.php&imgsize=20 HTTP/1.1" 200 2747
156.59.198.136 - - [21/May/2024:00:09:06 -0500] "GET /BLA/resoluciones/AUTOS%202021/0245.php?act=f&f=Dise%F1o+de+Elementos+M-71.pdf HTTP/1.0" 200 2752
172.22.2.4 - - [21/May/2024:00:07:29 -0500] "HEAD /BLA/boletinlegal/ HTTP/1.1" 200 -
66.249.69.8 - - [21/May/2024:00:09:11 -0500] "GET /portaldeninos/2021/06/20/mas-de-130-arboles-fueron-plantados-en-el-humedal-la-conejera-con-comunidad-educativa/ HTTP/1.1" 200 107808
66.249.69.7 - - [21/May/2024:00:09:15 -0500] "GET /portaldeninos/wp-content/themes/betheme/css/shortcodes.css?ver=20.9.6 HTTP/1.1" 200 138889
66.249.69.6 - - [21/May/2024:00:09:16 -0500] "GET /portaldeninos/wp-includes/js/jquery/ui/sortable.min.js?ver=1.11.4 HTTP/1.1" 200 24899
201.245.192.253 - - [21/May/2024:00:09:18 -0500] "GET /kwsrmcab/Wsrmcab?wsdl HTTP/1.1" 200 6948
47.128.126.180 - - [21/May/2024:00:09:20 -0500] "GET /BLA/resoluciones/AUTOS%202021/0245.php?act=f&base64=3&f=plupload.flash.swf HTTP/1.1" 200 2746
47.128.126.166 - - [21/May/2024:00:09:33 -0500] "GET /BLA/resoluciones/AUTOS%202021/0245.php?act=f&f=cpan HTTP/1.1" 200 2736
191.156.150.83 - - [21/May/2024:00:09:35 -0500] "POST /sipse/faces/presentacion/financiero/solicitudProceso/consultar.xhtml HTTP/1.1" 200 35142
191.156.150.83 - - [21/May/2024:00:09:35 -0500] "GET /sipse/js/disable_browser_buttons.js HTTP/1.1" 304 -
191.156.150.83 - - [21/May/2024:00:09:35 -0500] "GET /sipse/js/jquery.min.js HTTP/1.1" 304 -
191.156.150.83 - - [21/May/2024:00:09:35 -0500] "GET /sipse/js/funciones.js HTTP/1.1" 304 -
191.156.150.83 - - [21/May/2024:00:09:35 -0500] "GET /sipse/faces/javax.faces.resource/jquery/jquery.js?ln=primefaces&v=4.0 HTTP/1.1" 304 -
191.156.150.83 - - [21/May/2024:00:09:35 -0500] "GET /sipse/faces/javax.faces.resource/jquery/jquery-plugins.js?ln=primefaces&v=4.0 HTTP/1.1" 304 -
191.156.150.83 - - [21/May/2024:00:09:36 -0500] "GET /sipse/faces/javax.faces.resource/primefaces.js?ln=primefaces&v=4.0 HTTP/1.1" 304 -
191.156.150.83 - - [21/May/2024:00:09:36 -0500] "GET /sipse/faces/javax.faces.resource/layout/layout.js?ln=primefaces&v=4.0 HTTP/1.1" 304 -
191.156.150.83 - - [21/May/2024:00:09:36 -0500] "POST /sipse/faces/presentacion/financiero/solicitudProceso/listarSolicitudProceso.xhtml HTTP/1.1" 200 28421
191.156.150.83 - - [21/May/2024:00:09:36 -0500] "POST /sipse/faces/presentacion/financiero/solicitudProceso/listarSolicitudProceso.xhtml HTTP/1.1" 200 28421
191.156.150.83 - - [21/May/2024:00:09:36 -0500] "POST /sipse/faces/presentacion/financiero/solicitudProceso/listarSolicitudProceso.xhtml HTTP/1.1" 200 1392
191.156.150.83 - - [21/May/2024:00:09:36 -0500] "POST /sipse/faces/presentacion/financiero/solicitudProceso/listarSolicitudProceso.xhtml HTTP/1.1" 200 1388
191.156.150.83 - - [21/May/2024:00:09:36 -0500] "POST /sipse/faces/presentacion/financiero/solicitudProceso/listarSolicitudProceso.xhtml HTTP/1.1" 200 1396
191.156.150.83 - - [21/May/2024:00:09:38 -0500] "POST /sipse/faces/presentacion/financiero/solicitudProceso/listarSolicitudProceso.xhtml HTTP/1.1" 200 5060
191.156.150.83 - - [21/May/2024:00:09:39 -0500] "POST /sipse/faces/presentacion/financiero/solicitudProceso/listarSolicitudProceso.xhtml HTTP/1.1" 200 156959
191.156.150.83 - - [21/May/2024:00:09:40 -0500] "GET /sipse/faces/javax.faces.resource/jquery/jquery.js?ln=primefaces&v=4.0 HTTP/1.1" 304 -
191.156.150.83 - - [21/May/2024:00:09:41 -0500] "GET /sipse/faces/javax.faces.resource/jquery/jquery-plugins.js?ln=primefaces&v=4.0 HTTP/1.1" 304 -
191.156.150.83 - - [21/May/2024:00:09:41 -0500] "GET /sipse/faces/javax.faces.resource/primefaces.js?ln=primefaces&v=4.0 HTTP/1.1" 304 -
191.156.150.83 - - [21/May/2024:00:09:41 -0500] "GET /sipse/faces/javax.faces.resource/layout/layout.js?ln=primefaces&v=4.0 HTTP/1.1" 304 -
47.128.31.23 - - [21/May/2024:00:09:47 -0500] "GET /BLA/resoluciones/AUTOS%202021/0245.php?act=chmod&f=sess_bet33hlaliefubofpjpn60pvb2 HTTP/1.1" 200 2714
191.156.150.83 - - [21/May/2024:00:09:47 -0500] "POST /sipse/faces/presentacion/financiero/solicitudProceso/consultarSolicitudProceso.xhtml HTTP/1.1" 200 19990
191.156.153.254 - - [21/May/2024:00:09:47 -0500] "GET /sipse/faces/javax.faces.resource/jquery/jquery-plugins.js?ln=primefaces&v=4.0 HTTP/1.1" 304 -
191.156.152.140 - - [21/May/2024:00:09:47 -0500] "GET /sipse/faces/javax.faces.resource/layout/layout.css?ln=primefaces&v=4.0 HTTP/1.1" 304 -
191.156.154.205 - - [21/May/2024:00:09:47 -0500] "GET /sipse/faces/javax.faces.resource/theme.css?ln=primefaces-sipse HTTP/1.1" 304 -
191.156.154.245 - - [21/May/2024:00:09:47 -0500] "GET /sipse/faces/javax.faces.resource/jquery/jquery.js?ln=primefaces&v=4.0 HTTP/1.1" 304 -
191.156.154.245 - - [21/May/2024:00:09:47 -0500] "GET /sipse/faces/javax.faces.resource/primefaces.css?ln=primefaces&v=4.0 HTTP/1.1" 304 -
191.156.150.83 - - [21/May/2024:00:09:47 -0500] "GET /sipse/faces/javax.faces.resource/primefaces.js?ln=primefaces&v=4.0 HTTP/1.1" 304 -
191.156.154.245 - - [21/May/2024:00:09:47 -0500] "GET /sipse/css/custom_css_sg_prime.css HTTP/1.1" 304 -
191.156.152.140 - - [21/May/2024:00:09:47 -0500] "GET /sipse/css/custom_css_sg.css HTTP/1.1" 304 -
191.156.154.245 - - [21/May/2024:00:09:47 -0500] "GET /sipse/faces/javax.faces.resource/fileupload/fileupload.js?ln=primefaces&v=4.0 HTTP/1.1" 304 -
191.156.154.205 - - [21/May/2024:00:09:47 -0500] "GET /sipse/faces/javax.faces.resource/layout/layout.js?ln=primefaces&v=4.0 HTTP/1.1" 304 -
191.156.150.83 - - [21/May/2024:00:09:47 -0500] "GET /sipse/faces/javax.faces.resource/fileupload/fileupload.css?ln=primefaces&v=4.0 HTTP/1.1" 304 -
191.156.153.254 - - [21/May/2024:00:09:47 -0500] "GET /sipse/imagenes/cargando.gif HTTP/1.1" 304 -
191.156.154.245 - - [21/May/2024:00:09:47 -0500] "GET /sipse/css/imagen/logoSDG.png HTTP/1.1" 304 -
191.156.154.205 - - [21/May/2024:00:09:47 -0500] "GET /sipse/css/imagen/contrasena.png HTTP/1.1" 404 383
191.156.152.140 - - [21/May/2024:00:09:47 -0500] "GET /sipse/faces/javax.faces.resource/images/ui-icons_898989_256x240.png?ln=primefaces-aristo HTTP/1.1" 304 -
191.156.154.205 - - [21/May/2024:00:09:57 -0500] "GET /sipse/faces/javax.faces.resource/theme.css?ln=primefaces-sipse HTTP/1.1" 304 -
191.156.154.245 - - [21/May/2024:00:09:57 -0500] "GET /sipse/faces/javax.faces.resource/primefaces.css?ln=primefaces&v=4.0 HTTP/1.1" 304 -
191.156.152.140 - - [21/May/2024:00:09:57 -0500] "GET /sipse/faces/javax.faces.resource/jquery/jquery-plugins.js?ln=primefaces&v=4.0 HTTP/1.1" 304 -
191.156.153.254 - - [21/May/2024:00:09:57 -0500] "GET /sipse/faces/javax.faces.resource/layout/layout.css?ln=primefaces&v=4.0 HTTP/1.1" 304 -
191.156.154.245 - - [21/May/2024:00:09:57 -0500] "GET /sipse/faces/javax.faces.resource/jquery/jquery.js?ln=primefaces&v=4.0 HTTP/1.1" 304 -
191.156.154.205 - - [21/May/2024:00:09:57 -0500] "GET /sipse/faces/javax.faces.resource/layout/layout.js?ln=primefaces&v=4.0 HTTP/1.1" 304 -
191.156.153.254 - - [21/May/2024:00:09:57 -0500] "GET /sipse/faces/javax.faces.resource/primefaces.js?ln=primefaces&v=4.0 HTTP/1.1" 304 -
191.156.154.205 - - [21/May/2024:00:09:57 -0500] "GET /sipse/faces/javax.faces.resource/images/ui-icons_898989_256x240.png?ln=primefaces-aristo HTTP/1.1" 304 -
191.156.150.83 - - [21/May/2024:00:09:56 -0500] "POST /sipse/faces/presentacion/sistema/anexos/cargarAnexoSolicitudProceso.xhtml HTTP/1.1" 200 205452
47.128.115.73 - - [21/May/2024:00:09:59 -0500] "GET /BLA/resoluciones/AUTOS%202021/0245.php?act=f&base64=4&f=0273.pdf HTTP/1.1" 200 3034
172.22.2.4 - - [21/May/2024:00:08:19 -0500] "GET /BLA/boletinlegal/ HTTP/1.1" 200 60380
47.128.115.73 - - [21/May/2024:00:10:00 -0500] "GET /BLA/resoluciones/AUTOS%202021/0245.php?act=img&img=ext_gif HTTP/1.1" 200 175
47.128.115.73 - - [21/May/2024:00:10:00 -0500] "GET /BLA/resoluciones/AUTOS%202021/0245.php?act=img&img=ext_diz HTTP/1.1" 200 1027
47.128.115.73 - - [21/May/2024:00:10:00 -0500] "GET /BLA/resoluciones/AUTOS%202021/0245.php?act=img&img=ext_txt HTTP/1.1" 200 132
47.128.115.73 - - [21/May/2024:00:10:00 -0500] "GET /BLA/resoluciones/AUTOS%202021/0245.php?act=img&img=ext_exe HTTP/1.1" 200 118
47.128.115.73 - - [21/May/2024:00:10:00 -0500] "GET /BLA/resoluciones/AUTOS%202021/0245.php?act=img&img=ext_pdf HTTP/1.1" 200 1034
47.128.115.73 - - [21/May/2024:00:10:00 -0500] "GET /BLA/resoluciones/AUTOS%202021/0245.php?act=img&img=ext_html HTTP/1.1" 200 230
47.128.115.73 - - [21/May/2024:00:10:01 -0500] "GET /BLA/resoluciones/AUTOS%202021/0245.php?act=img&img=ext_ini HTTP/1.1" 200 134
47.128.115.73 - - [21/May/2024:00:10:01 -0500] "GET /BLA/resoluciones/AUTOS%202021/0245.php?act=img&img=change HTTP/1.1" 200 290
47.128.115.73 - - [21/May/2024:00:10:01 -0500] "GET /BLA/resoluciones/AUTOS%202021/0245.php?act=img&img=download HTTP/1.1" 200 161
47.128.115.73 - - [21/May/2024:00:10:01 -0500] "GET /BLA/resoluciones/AUTOS%202021/0245.php?act=img&img=ext_rtf HTTP/1.1" 200 164
191.156.154.205 - - [21/May/2024:00:10:02 -0500] "GET /sipse/faces/javax.faces.resource/images/ui-bg_flat_0_2d5972_40x100.png?ln=primefaces-aristo HTTP/1.1" 304 -
191.156.150.83 - - [21/May/2024:00:10:02 -0500] "POST /sipse/faces/presentacion/financiero/solicitudProceso/consultarSolicitudProceso.xhtml HTTP/1.1" 200 6226
191.156.154.205 - - [21/May/2024:00:10:03 -0500] "GET /sipse/faces/javax.faces.resource/messages/messages.png?ln=primefaces&v=4.0 HTTP/1.1" 304 -
191.156.150.83 - - [21/May/2024:00:10:05 -0500] "POST /sipse/faces/presentacion/financiero/solicitudProceso/consultarSolicitudProceso.xhtml HTTP/1.1" 200 35607
191.156.154.205 - - [21/May/2024:00:10:07 -0500] "GET /sipse/faces/javax.faces.resource/jquery/jquery.js?ln=primefaces&v=4.0 HTTP/1.1" 304 -
191.156.154.205 - - [21/May/2024:00:10:07 -0500] "GET /sipse/faces/javax.faces.resource/jquery/jquery-plugins.js?ln=primefaces&v=4.0 HTTP/1.1" 304 -
191.156.154.205 - - [21/May/2024:00:10:07 -0500] "GET /sipse/faces/javax.faces.resource/primefaces.js?ln=primefaces&v=4.0 HTTP/1.1" 304 -
191.156.154.205 - - [21/May/2024:00:10:07 -0500] "GET /sipse/faces/javax.faces.resource/layout/layout.js?ln=primefaces&v=4.0 HTTP/1.1" 304 -
191.156.154.205 - - [21/May/2024:00:10:07 -0500] "POST /sipse/faces/presentacion/financiero/solicitudProceso/listarSolicitudProceso.xhtml HTTP/1.1" 200 1392
47.128.111.29 - - [21/May/2024:00:10:12 -0500] "GET /BLA/resoluciones/AUTOS%202021/0245.php?act=chmod&f=flesi.gif HTTP/1.1" 200 2714
191.156.154.205 - - [21/May/2024:00:10:16 -0500] "POST /sipse/faces/presentacion/financiero/solicitudProceso/listarSolicitudProceso.xhtml HTTP/1.1" 200 5144
201.245.192.253 - - [21/May/2024:00:10:18 -0500] "GET /kwsrmcab/Wsrmcab?wsdl HTTP/1.1" 200 6948
201.245.192.253 - - [21/May/2024:00:10:18 -0500] "POST /forms/lservlet;jsessionid=ac16012b30d66826510794084087a689b1c31a1f3ad8.e3iSbxaKaheRe34Nb3yMbhiSbxr0n6jAmljGr5XDqQLvpAe HTTP/1.1" 200 2
191.156.150.83 - - [21/May/2024:00:10:17 -0500] "POST /sipse/faces/presentacion/financiero/solicitudProceso/listarSolicitudProceso.xhtml HTTP/1.1" 200 157002
191.156.154.205 - - [21/May/2024:00:10:18 -0500] "GET /sipse/faces/javax.faces.resource/jquery/jquery.js?ln=primefaces&v=4.0 HTTP/1.1" 304 -
191.156.154.205 - - [21/May/2024:00:10:18 -0500] "GET /sipse/faces/javax.faces.resource/jquery/jquery-plugins.js?ln=primefaces&v=4.0 HTTP/1.1" 304 -
191.156.154.205 - - [21/May/2024:00:10:18 -0500] "GET /sipse/faces/javax.faces.resource/primefaces.js?ln=primefaces&v=4.0 HTTP/1.1" 304 -
