47.128.59.190 - - [13/Jun/2024:08:32:31 -0500] "GET /BLA/resoluciones/AUTOS%202021/0245.php?act=f&d=E%3A%5Cnuevo%5CMercuryMail%5C&f=stdsubw3.mer&ft=notepad HTTP/1.1" 200 2645
201.245.192.253 - - [13/Jun/2024:08:32:33 -0500] "GET /kwsrmcab/Wsrmcab?wsdl HTTP/1.1" 200 6948
201.245.192.253 - - [13/Jun/2024:08:32:34 -0500] "POST /forms/lservlet;jsessionid=ac16012b30d6e481752881b84f22b743a1054ef89b00.e3iSbxaKaheRe34Ra3iRa3mMah50n6jAmljGr5XDqQLvpAe HTTP/1.1" 200 2
47.128.21.129 - - [13/Jun/2024:08:31:41 -0500] "GET /BLA/resoluciones/AUTOS%202021/0245.php?act=f&d=E%3A%5Cnuevo%5Chtdocs%5CBLA%5Cresoluciones%5CRESOLUCIONES+2000%5C&f=2000+300-349.tif&ft=info&fullhexdump=1 HTTP/1.1" 200 294614
172.22.2.4 - - [13/Jun/2024:08:31:00 -0500] "HEAD /BLA/boletinlegal/ HTTP/1.1" 200 -
173.252.107.9 - - [13/Jun/2024:08:32:42 -0500] "GET /secretaria-de-ambiente-conformo-nodo-distrital-de-negocios-verdes-para-impulsar-la-sostenibilidad-empresarial.html HTTP/1.1" 200 1036
47.128.25.159 - - [13/Jun/2024:08:32:44 -0500] "GET /BLA/resoluciones/AUTOS%202021/0245.php?act=f&d=E%3A%5Cnuevo%5Chtdocs%5CResiduos%5Cvehiculos%5Cimages&f=page70_thumbnail.jpg&ft=download HTTP/1.1" 200 5452
201.245.192.253 - - [13/Jun/2024:08:32:47 -0500] "POST /forms/lservlet;jsessionid=ac16012b30d6a750be208357415f9567860caba0fe0f.e3iSbxaKaheRe34Ra3iRa3mMah50n6jAmljGr5XDqQLvpAe HTTP/1.1" 200 2
47.128.59.71 - - [13/Jun/2024:08:32:51 -0500] "GET /BLA/resoluciones/AUTOS%202021/0245.php?act=f&d=E%3A%5Cnuevo%5CphpMyAdmin2%5C&f=transformation_overview.php&ft=notepad HTTP/1.1" 200 1347
216.245.221.92 - - [13/Jun/2024:08:32:53 -0500] "HEAD / HTTP/1.1" 200 -
47.128.59.89 - - [13/Jun/2024:08:33:04 -0500] "GET /BLA/resoluciones/AUTOS%202021/0245.php?act=f&d=E%3A%5Cnuevo%5Chtdocs%5Crequerimientos_old%5C&f=footer.php&ft=html&white=1 HTTP/1.1" 200 296
47.128.59.89 - - [13/Jun/2024:08:33:05 -0500] "GET /BLA/resoluciones/AUTOS%202021/js/jquery.dataTables.min.js HTTP/1.1" 404 1420
47.128.59.89 - - [13/Jun/2024:08:33:05 -0500] "GET /BLA/resoluciones/AUTOS%202021/js/bootstrap.min.js HTTP/1.1" 404 1420
47.128.59.89 - - [13/Jun/2024:08:33:05 -0500] "GET /BLA/resoluciones/AUTOS%202021/js/dataTables.bootstrap.js HTTP/1.1" 404 1420
47.128.21.133 - - [13/Jun/2024:08:32:11 -0500] "GET /BLA/resoluciones/AUTOS%202021/0245.php?act=f&d=E%3A%5Cnuevo%5Chtdocs%5CBLA%5Cresoluciones%5CAUTOS+2021%5C&f=6528.pdf&ft=code HTTP/1.1" 200 1158870
174.138.27.21 - - [13/Jun/2024:08:33:12 -0500] "GET /robots.txt HTTP/1.1" 404 1018
47.128.63.42 - - [13/Jun/2024:08:33:22 -0500] "GET /BLA/resoluciones/AUTOS%202021/0245.php?act=f&d=E%3A%5Cnuevo%5CphpMyAdmin2%5Clibraries%5C&f=db_table_exists.lib.php&ft=notepad HTTP/1.1" 200 3184
201.245.192.253 - - [13/Jun/2024:08:33:25 -0500] "POST /forms/lservlet;jsessionid=ac16012b30d6a750be208357415f9567860caba0fe0f.e3iSbxaKaheRe34Ra3iRa3mMah50n6jAmljGr5XDqQLvpAe HTTP/1.1" 200 28
172.22.2.4 - - [13/Jun/2024:08:31:51 -0500] "GET /BLA/boletinlegal/ HTTP/1.1" 200 58273
47.128.63.56 - - [13/Jun/2024:08:33:31 -0500] "GET /BLA/resoluciones/AUTOS%202021/0245.php?act=f&d=E%3A%5Cnuevo%5C&f=uninstall.exe&ft=notepad HTTP/1.1" 200 6819524
201.245.192.253 - - [13/Jun/2024:08:33:33 -0500] "GET /kwsrmcab/Wsrmcab?wsdl HTTP/1.1" 200 6948
201.245.192.253 - - [13/Jun/2024:08:33:35 -0500] "GET /sipsesda/faces/vista/sistema/seleccionRol.jspx HTTP/1.1" 302 201
201.245.192.253 - - [13/Jun/2024:08:33:35 -0500] "GET /sipse/faces/faces/autenticacion.xhtml HTTP/1.1" 200 12410
201.245.192.253 - - [13/Jun/2024:08:33:35 -0500] "GET /sipse/js/disable_browser_buttons.js HTTP/1.1" 200 3230
201.245.192.253 - - [13/Jun/2024:08:33:35 -0500] "GET /sipse/js/funciones.js HTTP/1.1" 200 12592
201.245.192.253 - - [13/Jun/2024:08:33:35 -0500] "GET /sipse/css/custom_css_sg.css HTTP/1.1" 200 9694
201.245.192.253 - - [13/Jun/2024:08:33:35 -0500] "GET /sipse/css/custom_css_sg_prime_login.css HTTP/1.1" 200 443
201.245.192.253 - - [13/Jun/2024:08:33:35 -0500] "GET /sipse/faces/javax.faces.resource/layout/layout.css?ln=primefaces&v=4.0 HTTP/1.1" 200 542
201.245.192.253 - - [13/Jun/2024:08:33:35 -0500] "GET /sipse/faces/javax.faces.resource/theme.css?ln=primefaces-sipse HTTP/1.1" 200 50058
201.245.192.253 - - [13/Jun/2024:08:33:35 -0500] "GET /sipse/faces/javax.faces.resource/primefaces.css?ln=primefaces&v=4.0 HTTP/1.1" 200 53295
201.245.192.253 - - [13/Jun/2024:08:33:37 -0500] "GET /favicon.ico HTTP/1.1" 200 7782
201.245.192.253 - - [13/Jun/2024:08:33:37 -0500] "GET /sipse/css/imagen/logoSDG.png HTTP/1.1" 200 53064
201.245.192.253 - - [13/Jun/2024:08:33:37 -0500] "GET /sipse/css/imagen/loginimg.png HTTP/1.1" 200 71635
201.245.192.253 - - [13/Jun/2024:08:33:37 -0500] "GET /sipse/faces/javax.faces.resource/images/ui-icons_898989_256x240.png?ln=primefaces-aristo HTTP/1.1" 200 5355
201.245.192.253 - - [13/Jun/2024:08:33:37 -0500] "GET /sipse/faces/faces/index.xhtml HTTP/1.1" 200 677
201.245.192.253 - - [13/Jun/2024:08:33:37 -0500] "GET /sipse/faces/javax.faces.resource/theme.css?ln=primefaces-sipse HTTP/1.1" 304 -
201.245.192.253 - - [13/Jun/2024:08:33:37 -0500] "GET /sipse/faces/faces/faces/autenticacion.xhtml HTTP/1.1" 200 12410
201.245.192.253 - - [13/Jun/2024:08:33:37 -0500] "GET /sipse/faces/javax.faces.resource/theme.css?ln=primefaces-sipse HTTP/1.1" 304 -
201.245.192.253 - - [13/Jun/2024:08:33:37 -0500] "GET /sipse/faces/javax.faces.resource/primefaces.css?ln=primefaces&v=4.0 HTTP/1.1" 304 -
201.245.192.253 - - [13/Jun/2024:08:33:37 -0500] "GET /sipse/faces/javax.faces.resource/layout/layout.css?ln=primefaces&v=4.0 HTTP/1.1" 304 -
201.245.192.253 - - [13/Jun/2024:08:33:37 -0500] "GET /sipse/faces/javax.faces.resource/jquery/jquery.js?ln=primefaces&v=4.0 HTTP/1.1" 304 -
201.245.192.253 - - [13/Jun/2024:08:33:37 -0500] "GET /sipse/faces/javax.faces.resource/jquery/jquery-plugins.js?ln=primefaces&v=4.0 HTTP/1.1" 304 -
201.245.192.253 - - [13/Jun/2024:08:33:37 -0500] "GET /sipse/faces/javax.faces.resource/primefaces.js?ln=primefaces&v=4.0 HTTP/1.1" 304 -
201.245.192.253 - - [13/Jun/2024:08:33:37 -0500] "GET /sipse/faces/javax.faces.resource/layout/layout.js?ln=primefaces&v=4.0 HTTP/1.1" 304 -
201.245.192.253 - - [13/Jun/2024:08:33:38 -0500] "GET /sipse/faces/javax.faces.resource/images/ui-icons_898989_256x240.png?ln=primefaces-aristo HTTP/1.1" 304 -
47.128.63.96 - - [13/Jun/2024:08:33:42 -0500] "GET /BLA/resoluciones/AUTOS%202021/0245.php?act=f&base64=3&d=E%3A%5Cnuevo%5Chtdocs%5Ccumbreclima%5Cwp-includes%5CID3%5C&f=module.tag.id3v2.php HTTP/1.1" 200 47739
47.128.125.103 - - [13/Jun/2024:08:33:51 -0500] "GET /BLA/resoluciones/AUTOS%202021/0245.php?act=f&d=E%3A%5Cnuevo%5Chtdocs%5Ccumbreclima%5Cwp-admin%5C&f=admin-footer.php&ft=code&white=1 HTTP/1.1" 200 1350
52.167.144.208 - - [13/Jun/2024:08:34:00 -0500] "GET /Publicaciones/2024EE108900.pdf HTTP/1.1" 404 228
47.128.50.152 - - [13/Jun/2024:08:34:04 -0500] "GET /BLA/resoluciones/AUTOS%202021/0245.php?act=f&d=E%3A%5Cnuevo%5Ctomcat%5Clib%5C&f=catalina-ant.jar&ft=notepad HTTP/1.1" 200 20161
47.128.27.30 - - [13/Jun/2024:08:34:11 -0500] "GET /BLA/resoluciones/AUTOS%202021/0245.php?act=f&d=E%3A%5Cnuevo%5Chtdocs%5CResiduos%5Cimpresion%5Cimages%5C&f=page54_thumbnail.jpg&ft=download HTTP/1.1" 200 5028
47.128.127.207 - - [13/Jun/2024:08:34:21 -0500] "GET /BLA/resoluciones/AUTOS%202021/0245.php?act=f&d=E%3A%5Cnuevo%5Chtdocs%5Ccumbreclima%5Cwp-admin%5C&f=admin-footer.php&ft=notepad HTTP/1.1" 200 2370
201.245.192.253 - - [13/Jun/2024:08:34:33 -0500] "GET /kwsrmcab/Wsrmcab?wsdl HTTP/1.1" 200 6948
201.245.192.253 - - [13/Jun/2024:08:34:34 -0500] "POST /forms/lservlet;jsessionid=ac16012b30d6e481752881b84f22b743a1054ef89b00.e3iSbxaKaheRe34Ra3iRa3mMah50n6jAmljGr5XDqQLvpAe HTTP/1.1" 200 2
47.128.18.178 - - [13/Jun/2024:08:34:35 -0500] "GET /BLA/resoluciones/AUTOS%202021/0245.php?act=f&d=E%3A%5Cnuevo%5CMercuryMail%5CRESOURCE&f=ppass32.fff&ft=download HTTP/1.1" 200 2980
157.55.39.13 - - [13/Jun/2024:08:34:39 -0500] "GET /Publicaciones/2024EE94975.pdf HTTP/1.1" 404 227
201.245.192.253 - - [13/Jun/2024:08:34:47 -0500] "POST /forms/lservlet;jsessionid=ac16012b30d6a750be208357415f9567860caba0fe0f.e3iSbxaKaheRe34Ra3iRa3mMah50n6jAmljGr5XDqQLvpAe HTTP/1.1" 200 2
47.128.122.127 - - [13/Jun/2024:08:34:45 -0500] "GET /BLA/resoluciones/AUTOS%202021/0245.php?act=f&d=E%3A%5Cnuevo%5Chtdocs%5Cvideos%5C&f=AlejaComadreja.flv&ft=notepad HTTP/1.1" 200 626367
191.95.53.0 - - [13/Jun/2024:08:34:50 -0500] "GET /appsia/controlador HTTP/1.1" 200 4799
191.95.53.0 - - [13/Jun/2024:08:34:51 -0500] "GET /appsia/css/estilos.css HTTP/1.1" 200 4804
191.95.53.0 - - [13/Jun/2024:08:34:51 -0500] "GET /appsia/scripts/validarIngreso.js HTTP/1.1" 200 851
191.95.53.0 - - [13/Jun/2024:08:34:51 -0500] "GET /appsia/images/logo_bogota_p.png HTTP/1.1" 200 14951
191.95.53.0 - - [13/Jun/2024:08:34:51 -0500] "GET /appsia/images/cabezoteHojaVida.png HTTP/1.1" 200 32493
191.95.53.0 - - [13/Jun/2024:08:34:52 -0500] "GET /favicon.ico HTTP/1.1" 200 7782
47.128.49.204 - - [13/Jun/2024:08:34:52 -0500] "GET /BLA/resoluciones/AUTOS%202021/0245.php?act=f&d=E%3A%5Cnuevo%5Chtdocs%5Cbogotacumbredelclima%5C&f=wp-links-opml.php&ft=notepad&white=1 HTTP/1.1" 200 2380
191.95.53.0 - - [13/Jun/2024:08:34:58 -0500] "POST /appsia/controlador HTTP/1.1" 200 5437
47.128.97.109 - - [13/Jun/2024:08:35:02 -0500] "GET /BLA/resoluciones/AUTOS%202021/0245.php?act=f&d=E%3A%5Cnuevo%5Chtdocs%5Ccumbreclima%5Cwp-admin%5C&f=async-upload.php&ft=notepad&white=1 HTTP/1.1" 200 4181
191.95.53.0 - - [13/Jun/2024:08:35:07 -0500] "POST /appsia/controlador HTTP/1.1" 200 7781
191.95.53.0 - - [13/Jun/2024:08:35:12 -0500] "POST /appsia/controlador HTTP/1.1" 200 5240
47.128.23.66 - - [13/Jun/2024:08:35:15 -0500] "GET /BLA/resoluciones/AUTOS%202021/0245.php?act=f&d=E%3A%5Cnuevo%5CMercuryMail%5CMLSS&f=mlss_s2.htm&ft=download HTTP/1.1" 200 6739
191.95.53.0 - - [13/Jun/2024:08:35:17 -0500] "GET /appsia/controlador HTTP/1.1" 200 5437
47.128.97.125 - - [13/Jun/2024:08:35:22 -0500] "GET /BLA/resoluciones/AUTOS%202021/0245.php?act=f&d=E%3A%5Cnuevo%5Chtdocs%5CResiduos%5Cimpresion%5Cimages%5C&f=page1_thumbnail.jpg&ft=download HTTP/1.1" 200 15183
201.245.192.253 - - [13/Jun/2024:08:35:33 -0500] "GET /kwsrmcab/Wsrmcab?wsdl HTTP/1.1" 200 6948
47.128.97.149 - - [13/Jun/2024:08:35:35 -0500] "GET /BLA/resoluciones/AUTOS%202021/0245.php?act=f&d=E%3A%5Cnuevo%5Chtdocs%5CAutoliquidacion2020%5CAceites-Residuos-Estaciones-%5CTr%E1mite+de+registro+de+movilizaci%F3n+de+aceites+usados+en+el+%E1rea+urbana+del+Distrito+Capital&f=PM04-PR38-F2+Solicitud+registro+ambiental+para+la+movilizacion+de+aceites+usados.doc&ft=download HTTP/1.1" 200 73216
201.245.192.253 - - [13/Jun/2024:08:35:37 -0500] "POST /forms/lservlet;jsessionid=ac16012b30d6a750be208357415f9567860caba0fe0f.e3iSbxaKaheRe34Ra3iRa3mMah50n6jAmljGr5XDqQLvpAe HTTP/1.1" 200 271
47.128.117.198 - - [13/Jun/2024:08:35:42 -0500] "GET /BLA/resoluciones/AUTOS%202021/0245.php?act=f&d=E%3A%5Cnuevo%5Chtdocs%5CResiduos%5Cimpresion%5Cimages%5C&f=page8.swf&ft=notepad&white=1 HTTP/1.1" 200 3097
201.245.192.253 - - [13/Jun/2024:08:35:45 -0500] "POST /forms/lservlet;jsessionid=ac16012b30d6a750be208357415f9567860caba0fe0f.e3iSbxaKaheRe34Ra3iRa3mMah50n6jAmljGr5XDqQLvpAe HTTP/1.1" 200 257
201.245.192.253 - - [13/Jun/2024:08:35:48 -0500] "POST /forms/lservlet;jsessionid=ac16012b30d6a750be208357415f9567860caba0fe0f.e3iSbxaKaheRe34Ra3iRa3mMah50n6jAmljGr5XDqQLvpAe HTTP/1.1" 200 257
172.22.2.4 - - [13/Jun/2024:08:35:48 -0500] "GET /BLA/boletinlegal/actos.php HTTP/1.1" 200 9738
172.22.2.4 - - [13/Jun/2024:08:35:48 -0500] "GET /BLA/boletinlegal/js/ajax_actos.js HTTP/1.1" 200 1322
172.22.2.4 - - [13/Jun/2024:08:35:48 -0500] "GET /BLA/boletinlegal/niceforms-default.css HTTP/1.1" 200 6694
172.22.2.4 - - [13/Jun/2024:08:35:48 -0500] "GET /BLA/boletinlegal/style.css HTTP/1.1" 200 9406
172.22.2.4 - - [13/Jun/2024:08:35:48 -0500] "GET /BLA/boletinlegal/niceforms.js HTTP/1.1" 200 22876
172.22.2.4 - - [13/Jun/2024:08:35:48 -0500] "GET /BLA/boletinlegal/js/lib.js HTTP/1.1" 200 6474
172.22.2.4 - - [13/Jun/2024:08:35:48 -0500] "GET /BLA/boletinlegal/styles2.css HTTP/1.1" 200 1838
172.22.2.4 - - [13/Jun/2024:08:35:48 -0500] "GET /BLA/boletinlegal/js/jquery1.js HTTP/1.1" 200 29846
172.22.2.4 - - [13/Jun/2024:08:35:48 -0500] "GET /BLA/boletinlegal/images/cabezote%20BLEGAL.jpg HTTP/1.1" 200 118164
172.22.2.4 - - [13/Jun/2024:08:35:48 -0500] "GET /BLA/boletinlegal/js/popup.js HTTP/1.1" 200 1270
172.22.2.4 - - [13/Jun/2024:08:35:48 -0500] "GET /BLA/boletinlegal/images/subscribe-icon-big.png HTTP/1.1" 200 47702
172.22.2.4 - - [13/Jun/2024:08:35:48 -0500] "GET /BLA/boletinlegal/images/historia.png HTTP/1.1" 200 52775
172.22.2.4 - - [13/Jun/2024:08:35:48 -0500] "GET /BLA/boletinlegal/images/green-yellow-blue-pink-th.png HTTP/1.1" 200 7394
172.22.2.4 - - [13/Jun/2024:08:35:48 -0500] "GET /BLA/boletinlegal/images/icono-email.png HTTP/1.1" 200 5544
172.22.2.4 - - [13/Jun/2024:08:35:48 -0500] "GET /BLA/boletinlegal/images/tel.png HTTP/1.1" 200 14477
172.22.2.4 - - [13/Jun/2024:08:35:48 -0500] "GET /BLA/boletinlegal/images/registro-usuarios.png HTTP/1.1" 200 8106
172.22.2.4 - - [13/Jun/2024:08:35:48 -0500] "GET /BLA/boletinlegal/images/body_bg.jpg HTTP/1.1" 200 1601
172.22.2.4 - - [13/Jun/2024:08:35:48 -0500] "GET /BLA/boletinlegal/images/menu_lft.gif HTTP/1.1" 200 1713
172.22.2.4 - - [13/Jun/2024:08:35:48 -0500] "GET /BLA/boletinlegal/images/menu_rght.gif HTTP/1.1" 200 1627
172.22.2.4 - - [13/Jun/2024:08:35:48 -0500] "GET /BLA/boletinlegal/images/bg_top.jpg HTTP/1.1" 200 522
172.22.2.4 - - [13/Jun/2024:08:35:48 -0500] "GET /BLA/boletinlegal/images/menu_bg.jpg HTTP/1.1" 200 620
172.22.2.4 - - [13/Jun/2024:08:35:48 -0500] "GET /BLA/boletinlegal/images/hover.jpg HTTP/1.1" 200 640
172.22.2.4 - - [13/Jun/2024:08:35:48 -0500] "GET /BLA/boletinlegal/images/text.jpg HTTP/1.1" 200 568
172.22.2.4 - - [13/Jun/2024:08:35:48 -0500] "GET /BLA/boletinlegal/images/footer_bg.jpg HTTP/1.1" 200 586
172.22.2.4 - - [13/Jun/2024:08:35:48 -0500] "GET /BLA/boletinlegal/images/footer_bg_l.jpg HTTP/1.1" 200 776
172.22.2.4 - - [13/Jun/2024:08:35:48 -0500] "GET /BLA/boletinlegal/img/0.png HTTP/1.1" 200 110
172.22.2.4 - - [13/Jun/2024:08:35:48 -0500] "GET /BLA/boletinlegal/img/select-right.png HTTP/1.1" 200 44019
172.22.2.4 - - [13/Jun/2024:08:35:48 -0500] "GET /BLA/boletinlegal/img/select-left.png HTTP/1.1" 200 263
172.22.2.4 - - [13/Jun/2024:08:35:48 -0500] "GET /BLA/boletinlegal/img/button-left.png HTTP/1.1" 200 57071
172.22.2.4 - - [13/Jun/2024:08:35:48 -0500] "GET /BLA/boletinlegal/img/button-right.png HTTP/1.1" 200 57878
172.22.2.4 - - [13/Jun/2024:08:35:48 -0500] "GET /BLA/boletinlegal/img/button.png HTTP/1.1" 200 43241
172.22.2.4 - - [13/Jun/2024:08:35:48 -0500] "GET /BLA/boletinlegal/favicon.ico HTTP/1.1" 404 1326
201.245.192.253 - - [13/Jun/2024:08:35:48 -0500] "POST /forms/lservlet;jsessionid=ac16012b30d6a750be208357415f9567860caba0fe0f.e3iSbxaKaheRe34Ra3iRa3mMah50n6jAmljGr5XDqQLvpAe HTTP/1.1" 200 257
201.245.192.253 - - [13/Jun/2024:08:35:54 -0500] "POST /forms/lservlet;jsessionid=ac16012b30d6a750be208357415f9567860caba0fe0f.e3iSbxaKaheRe34Ra3iRa3mMah50n6jAmljGr5XDqQLvpAe HTTP/1.1" 200 244
201.245.192.253 - - [13/Jun/2024:08:35:58 -0500] "POST /forms/lservlet;jsessionid=ac16012b30d6a750be208357415f9567860caba0fe0f.e3iSbxaKaheRe34Ra3iRa3mMah50n6jAmljGr5XDqQLvpAe HTTP/1.1" 200 12170
201.245.192.253 - - [13/Jun/2024:08:35:58 -0500] "HEAD /imagenes/msh_close.gif HTTP/1.1" 404 -
172.22.2.4 - - [13/Jun/2024:08:35:58 -0500] "GET /BLA/boletinlegal/consulta_actos.php?tipo=autos&no=6410&usuario=&sector=&fecha=2023&resuelve= HTTP/1.1" 200 1069
201.245.192.253 - - [13/Jun/2024:08:35:58 -0500] "POST /forms/lservlet;jsessionid=ac16012b30d6a750be208357415f9567860caba0fe0f.e3iSbxaKaheRe34Ra3iRa3mMah50n6jAmljGr5XDqQLvpAe HTTP/1.1" 200 10
201.245.192.253 - - [13/Jun/2024:08:35:58 -0500] "POST /forms/lservlet;jsessionid=ac16012b30d6a750be208357415f9567860caba0fe0f.e3iSbxaKaheRe34Ra3iRa3mMah50n6jAmljGr5XDqQLvpAe HTTP/1.1" 200 2
172.22.2.4 - - [13/Jun/2024:08:35:59 -0500] "GET /BLA/boletinlegal/images/pdf.gif HTTP/1.1" 200 567
201.245.192.253 - - [13/Jun/2024:08:35:59 -0500] "POST /forms/lservlet;jsessionid=ac16012b30d6a750be208357415f9567860caba0fe0f.e3iSbxaKaheRe34Ra3iRa3mMah50n6jAmljGr5XDqQLvpAe HTTP/1.1" 200 13
201.245.192.253 - - [13/Jun/2024:08:36:01 -0500] "POST /forms/lservlet;jsessionid=ac16012b30d6a750be208357415f9567860caba0fe0f.e3iSbxaKaheRe34Ra3iRa3mMah50n6jAmljGr5XDqQLvpAe HTTP/1.1" 200 1390
47.128.127.1 - - [13/Jun/2024:08:35:55 -0500] "GET /BLA/resoluciones/AUTOS%202021/0245.php?act=f&d=E%3A%5Cnuevo%5CphpMyAdmin2%5Clibraries%5C&f=Message.class.php&ft=notepad HTTP/1.1" 200 18915
201.245.192.253 - - [13/Jun/2024:08:36:05 -0500] "POST /forms/lservlet;jsessionid=ac16012b30d6a750be208357415f9567860caba0fe0f.e3iSbxaKaheRe34Ra3iRa3mMah50n6jAmljGr5XDqQLvpAe HTTP/1.1" 200 13
201.245.192.253 - - [13/Jun/2024:08:36:07 -0500] "POST /forms/lservlet;jsessionid=ac16012b30d6a750be208357415f9567860caba0fe0f.e3iSbxaKaheRe34Ra3iRa3mMah50n6jAmljGr5XDqQLvpAe HTTP/1.1" 200 7
201.245.192.253 - - [13/Jun/2024:08:36:07 -0500] "POST /forms/lservlet;jsessionid=ac16012b30d6a750be208357415f9567860caba0fe0f.e3iSbxaKaheRe34Ra3iRa3mMah50n6jAmljGr5XDqQLvpAe HTTP/1.1" 200 8
201.245.192.253 - - [13/Jun/2024:08:36:07 -0500] "POST /forms/lservlet;jsessionid=ac16012b30d6a750be208357415f9567860caba0fe0f.e3iSbxaKaheRe34Ra3iRa3mMah50n6jAmljGr5XDqQLvpAe HTTP/1.1" 200 2
201.245.192.253 - - [13/Jun/2024:08:36:10 -0500] "POST /forms/lservlet;jsessionid=ac16012b30d6a750be208357415f9567860caba0fe0f.e3iSbxaKaheRe34Ra3iRa3mMah50n6jAmljGr5XDqQLvpAe HTTP/1.1" 200 12
47.128.116.5 - - [13/Jun/2024:08:36:15 -0500] "GET /BLA/resoluciones/AUTOS%202021/0245.php?act=f&d=E%3A%5Cnuevo%5C&f=uninstall.exe&imgsize=50 HTTP/1.1" 200 6819489
47.128.35.190 - - [13/Jun/2024:08:36:22 -0500] "GET /BLA/resoluciones/AUTOS%202021/0245.php?act=f&d=E%3A%5Cnuevo%5Chtdocs%5Cbogotacumbredelclima%5Cwp-admin%5C&f=install.php&white=1 HTTP/1.1" 200 5316
186.102.30.55 - - [13/Jun/2024:08:36:24 -0500] "GET /kwssiamovil/sm/ldap/au?x=U2FsdGVkX19naLGgUXoawN2h8hpVUl7+0kNd2/Cp85x0v6nqYSmlwR1+fVw426H/&y=U2FsdGVkX1+xnJ7K+Icy41xOeK+It3Sy7zgUja004XimVrr+CQ6/OakycwYvySzi HTTP/1.1" 200 30
186.102.30.55 - - [13/Jun/2024:08:36:25 -0500] "GET /kwssiamovil/sm/acme/s?s=U2FsdGVkX19uGYNr5OKxLRbq3/hRy2+bD2F4lFRM2HdhG7GCzfesFT+FZG7gV2bAnmKQwXhZWo28PVBvrYtZHRrdQS5+YMAqd6kRF5AdmKs=&u=U2FsdGVkX18SerBN0Tz0lg2/2Svf3hkegj+nPwEQBWIgFyhsXsI1Ew/93cV9tSKw&y=U2FsdGVkX1+xnJ7K+Icy41xOeK+It3Sy7zgUja004XimVrr+CQ6/OakycwYvySzi HTTP/1.1" 200 97
186.102.30.55 - - [13/Jun/2024:08:36:25 -0500] "GET /kwssiamovil/sm/acme/s?s=U2FsdGVkX19YIarj8Q9zMlL42ahNZZ55dqq7/lKOHii/FMqnwWbf7+RYZ2hl0ml9BxmiTbjqW449oxGFo6KlO+01zMc3gXWNdU9d16O+ayBre4W5euEKv3aJuSVll41MOkzP6gp2tv3bsKkbbrN/i/4SIpR88KuLLjNhqEPU9BtHWwWHq3Qhh1Ri9cRIX6jyDR/BwLMmNkMQQGZYhorv4wED+QNxiE02djRWZ3Ee/cH3VRqUaMgiu55qN2TQ+HLouvrW8O1TMjI6ShjNgUUNSULEMKVp7OWJng89tWHMrEWgl1/w0EcCEV0WASbJ/SfxbNGQKAhLjzAdXYsQS4CDwAzxaQaJtJG5TFIa1PWehSUSKLaRMpBjvC51LyXE770TzQ4YjbNOnz/PRn0ic5VJgYSvYaeWaSsDMOI9/Yx1Zlv5jp02ZGKIm79Ons7BIC9BzFutCDRcrVMXW0GH2G2DBMtHfppQC5Xo5pkhUKByRkCqdZzqZBLUUN9EY9KmYAQwpfyG5cT9T4xNbzXasp2hRVPCQX3ux25GXHCvuNUzyOrsPvpGqNhbQzGYaody46MQsljvvR9TyRHX+lWAAXvYQNGf7Gz9VzpA3+TIQBuZwcw7O6Oa1ZSklnF1Hzwi7Ky9c/fZZZO1Bqp1TjoUID1Tw6Rm+8UdDwlSUUK9sa+PW3EYlISOna/qjcemQy2SZxHVLzYVCUMoIC6ppafBCHb3czBYqmxd1VnwIXCIHOQxy/fNvOJGQXKqstjO5wPwCNIQ0LWTYeCy1wVIiT9ekE8Y93YfCFeMkw9wj1fIbJ6hwSsTcgVZnxCt5Yb9AQYzUZH+1RwDGaFsJYOI93c3o22D6Z9bRn0u8v83KraAgWiaDPzwYm0rmumoVgsxTxlnHF8Cqzp/fleTOEca2qhdT2mRqRKnoRdu/YCEvlothyZx3v0/5CJyih4DTOarIIQTpppEAIq5tsM00PZvsTx02PXXvQa0+vlKTZznaAvnJwFIvcFxrgSN+2wlP9mmqLM3I6eVH3i6nHO8A+9mqrk/Wfwmchf23RjGBdkXbBcUlXkDZvmjWgw2uXXD/kO0/LBjr1c+v76VXSd+a/PGKDKiubmt+YMwc3wLWnXSdm346wZpR5X3tkXmsDO7KKkFwlnsT/di3V0+OfrdgNzJ7tQr8an6EajfrjicSl78Xju00PVouj8D8fmq2yQYzCbCaLdsV4cahrGkkZN9/IydHhPFF0RWddg2RVDpDbdNO6OQRd8LirVWZCDJUsyYL/uJ6l1t/vgdBskXspWk4CwCSoWcOXWXsO6w1gytVGF26uFrayMILEBAkcuJwFXy+EaO/bmEkwtEUyVKOF8qEESAPLvg1hwxXavSK7cEpfkveD2KeyFEtcVS5uKZg63fPlaYZkEbgHh+Jy3DXT15ZA1K6oC1Q/eWTNuVFCwYvc867/bTV2DXcWQLyD3vQ0zXavv+Cl2p1gYZxlka7Cc6I0HqzhgRDok5gIdLztD9bqDqml2iKevyC/m24KqBCMJemT8kPFPTvVXdlp5aWcCYZDbpx6F7iUqVFVMmLmxZ6rC76YwytVM7n8dOXMv0G1PPKMrAwjeUDGKSNqapj/G7lf40W9qfw/wvKSH5FLyczbhEMD0FDNAsNYCH+hi7Jny4sfUVxKQTXR84dM3H/rCQKXDiOEu6v2ntBVB7zqToJHJWdQBqXmJ6xQ/CfnWIroNzdahUmcOij2iO6l89x2CzT+bfeo0UTwtuhDnKg1XwDE0qPGJfFte/20VTsXa5htYo+aQnMTZwx7ke&u=U2FsdGVkX18SerBN0Tz0lg2/2Svf3hkegj+nPwEQBWIgFyhsXsI1Ew/93cV9tSKw&y=U2FsdGVkX1+xnJ7K+Icy41xOeK+It3Sy7zgUja004XimVrr+CQ6/OakycwYvySzi HTTP/1.1" 200 1949
186.102.30.55 - - [13/Jun/2024:08:36:25 -0500] "GET /kwssiamovil/sm/acme/s?s=U2FsdGVkX18elkDs1ClI/bhN6E7Yu4Gi7vNrSLznrcgu0p+Vfap8EpI9NIOccfzD+G6cKKRgnBNqCPnb8QWl8e+2VGn6v5a1BhA3K8uj10W7REomRHw52nYSAz6KObLuo2U2ip0HLjiKN+DosfQdLs7nxFy4/3myILn3/QsKJgr+atk/k1ErGyAAUPVK4D83xqf8R8qulxmczjKPaeJ7QfqaZjRZk5HtkwMOy0rgy+g59b4IzA+DZI+OkaAbSMUQOCDe0f4IlnSTwFJZHwfa/4tdbX4EFWnXmO16fnotcSTDhs7WC6iRnmrldOhvwH33bStuW6/FR+XSrPtatc5jkTAmIPPkuX8PdMr8qRASLjNVOKsgoYt26Hwbu7oxoVjWONLMfZLNDTzvknF4Lbc+6dl2lbaKBNwCCS7ckKzHv9uUJVe6endo3wUYJhnM05XKMYQWMhZCNwVZUsOS1RK/b/20WgUde0XNSZvUOc0prxrnLDGM9xxsA14WycZ8TdiO9gd9HpunguKo81bBogBIoA8FCCY0+7IuojQqKMVBgoUcptGt2sg6d0jtv7lR2QR/VCQH+KNSoSTfB5fjXveiyOMPb55XWHs48YtNkX2qXgcPgtUF2K5qG+KZ0Y2h4Q4kSgsOxpu9BPNoRmXCp3GDupNbAKs1r4wyhqgw1BKUF+Xbf7kR/a7MZqVfkJgG6Jgy6eo99umrl5L8C4AVXI55jHUX4htiapxAi13uHlD+ig+/7/m0iXi6u5UwyaILnpCnVnnd36Fh5j5NFU5QHlQrlw==&u=U2FsdGVkX18SerBN0Tz0lg2/2Svf3hkegj+nPwEQBWIgFyhsXsI1Ew/93cV9tSKw&y=U2FsdGVkX1+xnJ7K+Icy41xOeK+It3Sy7zgUja004XimVrr+CQ6/OakycwYvySzi HTTP/1.1" 200 208
186.102.30.55 - - [13/Jun/2024:08:36:25 -0500] "GET /kwssiamovil/sm/cjson/pre?f=1&x=U2FsdGVkX19naLGgUXoawN2h8hpVUl7+0kNd2/Cp85x0v6nqYSmlwR1+fVw426H/ HTTP/1.1" 200 30244
69.171.249.16 - - [13/Jun/2024:08:36:27 -0500] "GET /asi-fue-el-reverdecer-de-leandra-marulanda-mujer-resiliente-que-ahora-emprende-con-el-compostaje.html HTTP/1.1" 200 842
69.171.249.24 - - [13/Jun/2024:08:36:27 -0500] "GET /asi-fue-el-reverdecer-de-leandra-marulanda-mujer-resiliente-que-ahora-emprende-con-el-compostaje.html HTTP/1.1" 200 842
201.245.192.253 - - [13/Jun/2024:08:36:33 -0500] "GET /kwsrmcab/Wsrmcab?wsdl HTTP/1.1" 200 6948
201.245.192.253 - - [13/Jun/2024:08:36:34 -0500] "POST /forms/lservlet;jsessionid=ac16012b30d6e481752881b84f22b743a1054ef89b00.e3iSbxaKaheRe34Ra3iRa3mMah50n6jAmljGr5XDqQLvpAe HTTP/1.1" 200 2
172.22.2.4 - - [13/Jun/2024:08:36:35 -0500] "GET /BLA/boletinlegal/actos.php HTTP/1.1" 200 9738
172.22.2.4 - - [13/Jun/2024:08:36:43 -0500] "GET /BLA/boletinlegal/consulta_actos.php?tipo=autos&no=6410&usuario=&sector=&fecha=2024&resuelve= HTTP/1.1" 200 626
201.245.192.253 - - [13/Jun/2024:08:36:47 -0500] "POST /forms/lservlet;jsessionid=ac16012b30d6a750be208357415f9567860caba0fe0f.e3iSbxaKaheRe34Ra3iRa3mMah50n6jAmljGr5XDqQLvpAe HTTP/1.1" 200 2
172.22.2.4 - - [13/Jun/2024:08:36:49 -0500] "GET /BLA/boletinlegal/consulta_actos.php?tipo=autos&no=6410&usuario=&sector=&fecha=2023&resuelve= HTTP/1.1" 200 1069
201.245.192.253 - - [13/Jun/2024:08:37:07 -0500] "POST /kwsrmcab/Wsrmcab  HTTP/1.1" 200 36347
47.128.32.60 - - [13/Jun/2024:08:37:06 -0500] "GET /BLA/resoluciones/AUTOS%202021/0245.php?act=f&d=E%3A%5Cnuevo%5Chtdocs%5Ccumbreclima%5Cwp-admin%5C&f=theme-install.php&ft=notepad HTTP/1.1" 200 11141
201.245.192.253 - - [13/Jun/2024:08:37:12 -0500] "POST /kwsrmcab/Wsrmcab HTTP/1.1" 200 36541
201.245.192.253 - - [13/Jun/2024:08:37:12 -0500] "POST /kwsrmcab/Wsrmcab HTTP/1.1" 200 36405
200.119.56.53 - - [13/Jun/2024:08:37:20 -0500] "GET /BLA/resoluciones/RESOLUCIONES%202023/2700.pdf HTTP/1.1" 200 13546798
200.119.56.53 - - [13/Jun/2024:08:37:21 -0500] "GET /favicon.ico HTTP/1.1" 200 7782
47.128.18.5 - - [13/Jun/2024:08:37:22 -0500] "GET /BLA/resoluciones/AUTOS%202021/0245.php?act=f&d=E%3A%5Cnuevo%5Cmailoutput%5C&f=mail-20150908-1521-16000.txt&ft=notepad&white=1 HTTP/1.1" 200 652
47.128.28.48 - - [13/Jun/2024:08:37:32 -0500] "GET /BLA/resoluciones/AUTOS%202021/0245.php?act=f&d=E%3A%5Cnuevo%5Chtdocs%5CResiduos%5Cimpresion%5Cimages%5C&f=page95_thumbnail.jpg&ft=download HTTP/1.1" 200 8330
201.245.192.253 - - [13/Jun/2024:08:37:33 -0500] "GET /kwsrmcab/Wsrmcab?wsdl HTTP/1.1" 200 6948
47.128.18.85 - - [13/Jun/2024:08:37:43 -0500] "GET /BLA/resoluciones/AUTOS%202021/0245.php?act=f&d=E%3A%5Cnuevo%5CphpMyAdmin2%5C&f=changelog.php&ft=notepad HTTP/1.1" 200 4829
191.95.48.121 - - [13/Jun/2024:08:37:46 -0500] "POST /sipse/faces/presentacion/financiero/solicitudProceso/consultarSolicitudProceso.xhtml HTTP/1.1" 200 36859
191.95.48.121 - - [13/Jun/2024:08:37:48 -0500] "GET /sipse/faces/javax.faces.resource/theme.css?ln=primefaces-sipse HTTP/1.1" 304 -
191.95.48.121 - - [13/Jun/2024:08:37:48 -0500] "GET /sipse/faces/javax.faces.resource/primefaces.css?ln=primefaces&v=4.0 HTTP/1.1" 304 -
191.95.48.121 - - [13/Jun/2024:08:37:48 -0500] "GET /sipse/faces/javax.faces.resource/layout/layout.css?ln=primefaces&v=4.0 HTTP/1.1" 304 -
191.95.48.121 - - [13/Jun/2024:08:37:48 -0500] "GET /sipse/faces/javax.faces.resource/jquery/jquery.js?ln=primefaces&v=4.0 HTTP/1.1" 304 -
191.95.48.121 - - [13/Jun/2024:08:37:48 -0500] "GET /sipse/faces/javax.faces.resource/jquery/jquery-plugins.js?ln=primefaces&v=4.0 HTTP/1.1" 304 -
191.95.48.121 - - [13/Jun/2024:08:37:48 -0500] "GET /sipse/css/imagen/contrasena.png HTTP/1.1" 404 383
191.95.48.121 - - [13/Jun/2024:08:37:48 -0500] "GET /sipse/faces/javax.faces.resource/primefaces.js?ln=primefaces&v=4.0 HTTP/1.1" 304 -
191.95.48.121 - - [13/Jun/2024:08:37:48 -0500] "GET /sipse/faces/javax.faces.resource/layout/layout.js?ln=primefaces&v=4.0 HTTP/1.1" 304 -
191.95.48.121 - - [13/Jun/2024:08:37:48 -0500] "POST /sipse/faces/presentacion/financiero/solicitudProceso/listarSolicitudProceso.xhtml HTTP/1.1" 200 30115
191.95.48.121 - - [13/Jun/2024:08:37:50 -0500] "POST /sipse/faces/presentacion/financiero/solicitudProceso/listarSolicitudProceso.xhtml HTTP/1.1" 200 30115
191.95.48.121 - - [13/Jun/2024:08:37:52 -0500] "POST /sipse/faces/presentacion/financiero/solicitudProceso/listarSolicitudProceso.xhtml HTTP/1.1" 200 30115
216.245.221.92 - - [13/Jun/2024:08:37:53 -0500] "HEAD / HTTP/1.1" 200 -
191.95.48.121 - - [13/Jun/2024:08:37:53 -0500] "POST /sipse/faces/presentacion/financiero/solicitudProceso/listarSolicitudProceso.xhtml HTTP/1.1" 200 30115
47.128.23.163 - - [13/Jun/2024:08:37:53 -0500] "GET /BLA/resoluciones/AUTOS%202021/0245.php?act=f&d=E%3A%5Cnuevo%5Chtdocs%5CResiduos%5Cimg%5C&f=portada_maderas.jpg&ft=notepad&white=1 HTTP/1.1" 200 139079
191.95.48.121 - - [13/Jun/2024:08:37:53 -0500] "POST /sipse/faces/presentacion/financiero/solicitudProceso/listarSolicitudProceso.xhtml HTTP/1.1" 200 30115
191.95.48.121 - - [13/Jun/2024:08:37:58 -0500] "POST /sipse/faces/presentacion/financiero/solicitudProceso/listarSolicitudProceso.xhtml HTTP/1.1" 200 30115
186.154.202.195 - - [13/Jun/2024:08:38:00 -0500] "GET /BLA/resoluciones/RESOLUCIONES%202023/2700.pdf HTTP/1.1" 206 1
186.154.202.195 - - [13/Jun/2024:08:38:00 -0500] "GET /BLA/resoluciones/RESOLUCIONES%202023/2700.pdf HTTP/1.1" 206 13538313
186.154.202.195 - - [13/Jun/2024:08:38:01 -0500] "GET /BLA/resoluciones/RESOLUCIONES%202023/2700.pdf HTTP/1.1" 200 13546798
191.95.48.121 - - [13/Jun/2024:08:38:00 -0500] "POST /sipse/faces/presentacion/financiero/solicitudProceso/listarSolicitudProceso.xhtml HTTP/1.1" 200 30115
191.95.48.121 - - [13/Jun/2024:08:38:01 -0500] "POST /sipse/faces/presentacion/financiero/solicitudProceso/listarSolicitudProceso.xhtml HTTP/1.1" 200 30115
47.128.112.50 - - [13/Jun/2024:08:38:02 -0500] "GET /BLA/resoluciones/AUTOS%202021/0245.php?act=f&d=E%3A%5Cnuevo%5Chtdocs%5Ccumbredelclima%5Cwp-includes%5C&f=l10n.php&ft=notepad&white=1 HTTP/1.1" 200 31484
191.95.48.121 - - [13/Jun/2024:08:38:02 -0500] "POST /sipse/faces/presentacion/financiero/solicitudProceso/listarSolicitudProceso.xhtml HTTP/1.1" 200 1396
191.95.48.121 - - [13/Jun/2024:08:38:06 -0500] "POST /sipse/faces/presentacion/financiero/solicitudProceso/listarSolicitudProceso.xhtml HTTP/1.1" 200 1392
191.95.48.121 - - [13/Jun/2024:08:38:09 -0500] "POST /sipse/faces/presentacion/financiero/solicitudProceso/listarSolicitudProceso.xhtml HTTP/1.1" 200 1400
47.128.116.101 - - [13/Jun/2024:08:38:12 -0500] "GET /BLA/resoluciones/AUTOS%202021/0245.php?act=f&d=E%3A%5Cnuevo%5Chtdocs%5Ccumbredelclima%5Cwp-admin%5Cjs%5C&f=custom-background.js&ft=notepad&white=1 HTTP/1.1" 200 1874
47.128.28.96 - - [13/Jun/2024:08:37:15 -0500] "GET /BLA/resoluciones/AUTOS%202021/0245.php?act=f&d=E%3A%5Cnuevo%5Chtdocs%5CBLA%5Cresoluciones%5CRESOLUCIONES+2006%5C&f=0059.pdf&ft=info&fullhexdump=1 HTTP/1.1" 200 368342
191.95.48.121 - - [13/Jun/2024:08:38:13 -0500] "POST /sipse/faces/presentacion/financiero/solicitudProceso/listarSolicitudProceso.xhtml HTTP/1.1" 200 1392
191.95.48.121 - - [13/Jun/2024:08:38:17 -0500] "POST /sipse/faces/presentacion/financiero/solicitudProceso/listarSolicitudProceso.xhtml HTTP/1.1" 200 1400
47.128.96.160 - - [13/Jun/2024:08:38:22 -0500] "GET /BLA/resoluciones/AUTOS%202021/0245.php?act=f&d=E%3A%5Cnuevo%5Chtdocs%5CAutoliquidacion2020%5CAceites-Residuos-Estaciones-%5C&f=Aplicativo.html&ft=img&white=1 HTTP/1.1" 200 359
191.95.48.121 - - [13/Jun/2024:08:38:23 -0500] "POST /sipse/faces/presentacion/financiero/solicitudProceso/listarSolicitudProceso.xhtml HTTP/1.1" 200 1392
191.95.48.121 - - [13/Jun/2024:08:38:27 -0500] "POST /sipse/faces/presentacion/financiero/solicitudProceso/listarSolicitudProceso.xhtml HTTP/1.1" 200 1400
172.22.2.4 - - [13/Jun/2024:08:36:50 -0500] "HEAD /BLA/boletinlegal/ HTTP/1.1" 200 -
191.95.48.121 - - [13/Jun/2024:08:38:30 -0500] "POST /sipse/faces/presentacion/financiero/solicitudProceso/listarSolicitudProceso.xhtml HTTP/1.1" 200 1392
201.245.192.253 - - [13/Jun/2024:08:38:33 -0500] "GET /kwsrmcab/Wsrmcab?wsdl HTTP/1.1" 200 6948
201.245.192.253 - - [13/Jun/2024:08:38:34 -0500] "POST /forms/lservlet;jsessionid=ac16012b30d6e481752881b84f22b743a1054ef89b00.e3iSbxaKaheRe34Ra3iRa3mMah50n6jAmljGr5XDqQLvpAe HTTP/1.1" 200 2
191.95.48.121 - - [13/Jun/2024:08:38:33 -0500] "POST /sipse/faces/presentacion/financiero/solicitudProceso/listarSolicitudProceso.xhtml HTTP/1.1" 200 1400
47.128.116.124 - - [13/Jun/2024:08:38:32 -0500] "GET /BLA/resoluciones/AUTOS%202021/0245.php?act=f&d=E%3A%5Cnuevo%5Chtdocs%5Csig%5CGesti%F3n+Ambiental%5C&f=index.php&ft=notepad&white=1 HTTP/1.1" 200 14981
191.95.48.121 - - [13/Jun/2024:08:38:39 -0500] "POST /sipse/faces/presentacion/financiero/solicitudProceso/listarSolicitudProceso.xhtml HTTP/1.1" 200 26261
47.128.28.67 - - [13/Jun/2024:08:38:42 -0500] "GET /BLA/resoluciones/AUTOS%202021/0245.php?act=f&d=E%3A%5Cnuevo%5Chtdocs%5Ccumbredelclima%5Cwp-admin%5Cjs%5C&f=link.min.js&ft=img&white=1 HTTP/1.1" 200 1646
181.61.4.6 - - [13/Jun/2024:08:38:46 -0500] "GET /kwssiamovil/sm/des/ldap/au?x=U2FsdGVkX19SVIWpyBQ2i76HNQ56TxEC+PcSfEzwIPXeO9O0WAg2dbpBj7KxxEjX&y=U2FsdGVkX18zPoGQEq7mtGQbg2y0TzTs+u/jLJyS3vMPxTQ6y7mbEI0eGUyM1dts HTTP/1.1" 200 30
181.61.4.6 - - [13/Jun/2024:08:38:47 -0500] "GET /kwssiamovil/sm/des/acme/s?s=U2FsdGVkX19mBmFj/Vs9tAvbsfQ/3nGGvb0IOPjgLISJikMj3OMtpNlobRVH8wfzdtbbmqwvuHtVA5iMSlp1hs7WXeCHvL6CXkmDFE2RE0k=&u=U2FsdGVkX18yRLPHl4VWCe2V5AQ7wWym77GIvYV6Wkg=&y=U2FsdGVkX18zPoGQEq7mtGQbg2y0TzTs+u/jLJyS3vMPxTQ6y7mbEI0eGUyM1dts HTTP/1.1" 200 97
201.245.192.253 - - [13/Jun/2024:08:38:47 -0500] "POST /forms/lservlet;jsessionid=ac16012b30d6a750be208357415f9567860caba0fe0f.e3iSbxaKaheRe34Ra3iRa3mMah50n6jAmljGr5XDqQLvpAe HTTP/1.1" 200 2
181.61.4.6 - - [13/Jun/2024:08:38:47 -0500] "GET /kwssiamovil/sm/des/acme/s?s=U2FsdGVkX19cmykWo4HzD6/XW4ZRIBK4mKgcDcOwR3orrMkmPuRyrsr/K9jWTGKPkJLMUUiiQlQ7BbKbb4tuOSpQgt9WM1UmOBh+k3r8XDIzcQGPWL2uR8BhM1KusRWxWOHlByD9rNvYlP2cVVNzB9DV0ccYInc0ap5dYww0djFg9uXwGanyDi5Q5YAWkkFnoWvKViw2bJM2o3tYjA8jogdnh2S8FouYJlHIs8QGQsWDJDmnlkhLnIpTFw2RTmUmihfibRtRhQag5LQBsj5lW4gppkbXt7i+xe+4v7H9Ilq9fDoMpc+CHkYZuQbz2lTJ8TtEeRpQqwe78/fWjB9gxJ5cxWyma1T3EMnAG0/FIt/uZIG2sAKmJDNBiouSxGNv6Sc/LLCoJuJsQ35FwXF8YPDN9hSlx3H7ivmARmQF7trq3m2L+daVwxM2f1hqBqNZ3QdnpKNb4nG0KGWu9F7hFZRwj8rtNmR/vfrKoWE+cvKXcRvTqCpzf4uA2OQpHMkWc6kXz6s5KIhHVZqMyn3nwlPIDbS9e0xRI26uAx5TDwET0IMWOU+m/uBIMrk+pKTWxvj6t/9nX+nTM0NUjzCJZWMai5P9N32kMWgJKRlhzOqC1Hq1QYf+llIPNy/vHG/fBlV/iHkrk/fCfr5deudi4CzFsJne7qi0MAIVPbIwm3955iPB/YrwOOo6Ek3Z/5aBHPKYJikkcLZ0psLelNuiiNieXWdnbPQjkGJW8V5Gzg5Y2D1hudvuY9gxkzK0b/XeTPVxRxhfjpyW2SoJcspeiXdJw75a61uT1jrmprz6XgweJH5eTse7CnzRQFrngRjZH0k6j+nuptq2QvKc7TI14/qI60uv3UfZtIufpLyhcxjJzW/snDwx6k7X2JrH/g3kvLr1CYIvdxXHQTggDdHwVBbzqgDz7gtqDlerpS30p3BN603ZJovQGrWpRbAsZjnZNFzFHUATh2GPhOAiYTI/oKE1VDtpEZrMAFOMvYx9SiS3Lq/w/1QUhRWVU87kE2v6tFzvRK4eWVP3K5JnmHP9unHR3za8DSBEHjfQLPeqcEIiMLWtDsqr6ZR3XFJpOarLBoXs6HYNwdDIp3lnktp9uXW6uGOQMFx9PvUdIxCaJM7fZO7NM/mAh1UnOGAlrZodYH7PgumyFPn+J/kSi2RBc7LXf1Id2Ph+6sGtG5Kgto70ZeOD4nhRrG6IdTECozV1+0u3ojn1n1lV2EH/ZuO9mIYwr5jAd5tvnBW5vr92Cwyu4YBv9LE1a7K5N15UxwLydDK6l/bU53wHuIU0hfQfHQ2jHkccT/iTK6C/cPEOYRG33ijQEXPFguJxy5QStMqbmnnx/fhY20CElMp1g8pqMgb+4/HEtDcBU807lA8gtvjgg49BoS6LqHvMB5f808uMU8LsKxmT6zkyMjhYucbtJ012TZ0zUx/I3c5dPN8fAE6OZP5z1a97AkHauE0pd6lbFtanZd0xRI/Jb1NIhUD/TixNPljskUwgJSB1ikDc5PGCX1jgf3ob9z/upK5tSAURvNYDrqixgRelSwlNouBJG4Lp8uRPM4QdzWzy7CBwx9HOGLyiE0bDRldqkgSLFtzdJXVq7lYfyOeDZQNfewCyMT9jzFCLzvjNUDyivP7UDHUkna/7LPnHSXKd/wWht7bE2A/+9RPs6arwSgNkqHQudpUW8nwxeHdWY4FcU2AN1jOdBKIqrL2mVvLgYMjAd6nbtB5Y2v2y7uH+SZSSZGuokSthvKlXE+x+D1NdwV/DkzA=&u=U2FsdGVkX18yRLPHl4VWCe2V5AQ7wWym77GIvYV6Wkg=&y=U2FsdGVkX18zPoGQEq7mtGQbg2y0TzTs+u/jLJyS3vMPxTQ6y7mbEI0eGUyM1dts HTTP/1.1" 200 1824
181.61.4.6 - - [13/Jun/2024:08:38:47 -0500] "GET /kwssiamovil/sm/des/acme/s?s=U2FsdGVkX19XCNGnCxRMVWu/Lko7JsR+EmcIoRzx7k0G2fK2yc5L0/eSV9OVmCeVVfaUu17OpgJUrZL4mkjhU79eYIGwY8dyHeh28AhEUG0Y/LyvCQWOVHhizGM0Iww20cBTHM0F0HHV7+rJBPdVlvTvKd2UMONmp96SOQyJOi3p9eO4Z67BEJEWpA3QnJLaJd5uR+LMoWXWKvSZi0cYh7GmikFskzXwX1G/TZGmfy7c1EKGgsGfWnkC6TnsRzBg3kG7S2bcB5a37e4dWzrDcclR7rimaSBvz5SxlHh9WWS6qavAZlk/j/eT/TReOm4akZZ/hr29vbt07P9ff+Pb7c9gJBHQ8meZrvDGPH4+xk0HBUaG8lcUOE1QSnnOpUXTN9GwSn4eNMBc9kQug6TH+b7CZTZRie4AvNCrv5N4OQruetbHpajwxF/AzZf/Cf85fLVpnez6PekcPjloO2gQl6VxgZIIkc7BnJWtIQHhta8T1ntiV/xpb5tp42XBi90VZJcaD1/VHSEJuzcSbQP/FBs+kqWh1WVNtVi9xG3Bb+HZallbNUZ0dXaTQdXk+EIgGYBqFFlWPprkrjvRrIPaziZNLVV57yUiG9o9ddRl+yOMEDGXAoPRiFKGqGRccO2jZzw/INUtSyqj5jEc45mRMd1oyeOH8KNEEUKdhKtEmxPI+E9nAoW4Wfr58WGj82Zy1uI34CvWglpoEB6b7j8cMJtmef9sblI+PDHXusbH3QCk4YBednfpWXpICbgJz39x&u=U2FsdGVkX18yRLPHl4VWCe2V5AQ7wWym77GIvYV6Wkg=&y=U2FsdGVkX18zPoGQEq7mtGQbg2y0TzTs+u/jLJyS3vMPxTQ6y7mbEI0eGUyM1dts HTTP/1.1" 200 676
191.95.48.121 - - [13/Jun/2024:08:38:49 -0500] "POST /sipse/faces/presentacion/financiero/solicitudProceso/listarSolicitudProceso.xhtml HTTP/1.1" 200 111573
191.95.48.121 - - [13/Jun/2024:08:38:50 -0500] "GET /sipse/faces/javax.faces.resource/theme.css?ln=primefaces-sipse HTTP/1.1" 304 -
191.95.48.121 - - [13/Jun/2024:08:38:50 -0500] "GET /sipse/faces/javax.faces.resource/jquery/jquery.js?ln=primefaces&v=4.0 HTTP/1.1" 304 -
191.95.48.121 - - [13/Jun/2024:08:38:50 -0500] "GET /sipse/faces/javax.faces.resource/primefaces.css?ln=primefaces&v=4.0 HTTP/1.1" 304 -
191.95.48.121 - - [13/Jun/2024:08:38:50 -0500] "GET /sipse/faces/javax.faces.resource/layout/layout.css?ln=primefaces&v=4.0 HTTP/1.1" 304 -
191.95.48.121 - - [13/Jun/2024:08:38:50 -0500] "GET /sipse/faces/javax.faces.resource/jquery/jquery-plugins.js?ln=primefaces&v=4.0 HTTP/1.1" 304 -
191.95.48.121 - - [13/Jun/2024:08:38:50 -0500] "GET /sipse/faces/javax.faces.resource/primefaces.js?ln=primefaces&v=4.0 HTTP/1.1" 304 -
191.95.48.121 - - [13/Jun/2024:08:38:50 -0500] "GET /sipse/faces/javax.faces.resource/layout/layout.js?ln=primefaces&v=4.0 HTTP/1.1" 304 -
181.61.4.6 - - [13/Jun/2024:08:38:47 -0500] "GET /kwssiamovil/sm/des/cjson/pre?f=20&x=U2FsdGVkX19SVIWpyBQ2i76HNQ56TxEC+PcSfEzwIPXeO9O0WAg2dbpBj7KxxEjX HTTP/1.1" 200 22320
181.61.4.6 - - [13/Jun/2024:08:38:47 -0500] "GET /kwssiamovil/sm/des/cjson/pre?f=1&x=U2FsdGVkX19SVIWpyBQ2i76HNQ56TxEC+PcSfEzwIPXeO9O0WAg2dbpBj7KxxEjX HTTP/1.1" 200 30244
181.61.4.6 - - [13/Jun/2024:08:38:47 -0500] "GET /kwssiamovil/sm/des/cjson/pre?f=2&x=U2FsdGVkX19SVIWpyBQ2i76HNQ56TxEC+PcSfEzwIPXeO9O0WAg2dbpBj7KxxEjX HTTP/1.1" 200 41786
47.128.118.200 - - [13/Jun/2024:08:38:53 -0500] "GET /BLA/resoluciones/AUTOS%202021/0245.php?act=f&d=E%3A%5Cnuevo%5Chtdocs%5Ccumbredelclima%5Cwp-includes%5C&f=template-loader.php&ft=notepad&white=1 HTTP/1.1" 200 2747
181.61.4.6 - - [13/Jun/2024:08:38:47 -0500] "GET /kwssiamovil/sm/des/cjson/pre?f=19&x=U2FsdGVkX19SVIWpyBQ2i76HNQ56TxEC+PcSfEzwIPXeO9O0WAg2dbpBj7KxxEjX HTTP/1.1" 200 66298
47.128.124.234 - - [13/Jun/2024:08:39:05 -0500] "GET /BLA/resoluciones/AUTOS%202021/0245.php?act=f&d=E%3A%5Cnuevo%5Chtdocs%5CResiduos%5Ctextiles%5Cimages%5C&f=page72_thumbnail.jpg&ft=download HTTP/1.1" 200 5654
47.128.34.89 - - [13/Jun/2024:08:39:12 -0500] "GET /BLA/resoluciones/AUTOS%202021/0245.php?act=f&d=E%3A%5Cnuevo%5CMercuryMail%5CMLSS&f=mlss_e4.htm&ft=download HTTP/1.1" 200 1644
191.95.48.121 - - [13/Jun/2024:08:39:20 -0500] "POST /sipse/faces/presentacion/financiero/solicitudProceso/consultarSolicitudProceso.xhtml HTTP/1.1" 200 57069
172.22.2.4 - - [13/Jun/2024:08:37:41 -0500] "GET /BLA/boletinlegal/ HTTP/1.1" 200 58273
47.128.49.51 - - [13/Jun/2024:08:39:31 -0500] "GET /BLA/resoluciones/AUTOS%202021/0245.php?act=f&d=E%3A%5Cnuevo%5Chtdocs%5CResiduos%5Ctextiles%5Cimages%5C&f=page21_thumbnail.jpg&ft=download HTTP/1.1" 200 3738
201.245.192.253 - - [13/Jun/2024:08:39:33 -0500] "GET /kwsrmcab/Wsrmcab?wsdl HTTP/1.1" 200 6948
47.128.56.194 - - [13/Jun/2024:08:39:36 -0500] "GET /BLA/resoluciones/AUTOS%202021/0245.php?act=f&d=E%3A%5Cxampp%5Cxampp%5Cwebdav%5C&f=index.html&white=1 HTTP/1.1" 200 249
47.128.124.235 - - [13/Jun/2024:08:39:43 -0500] "GET /BLA/resoluciones/AUTOS%202021/0245.php?act=f&d=E%3A%5Cnuevo%5C&f=xampp_start.exe&ft=notepad&white=1 HTTP/1.1" 200 118784
47.128.53.188 - - [13/Jun/2024:08:39:56 -0500] "GET /BLA/resoluciones/AUTOS%202021/0245.php?act=f&d=E%3A%5Cnuevo%5CMercuryMail%5C&f=MERCURY_EXAMPLE.INI&ft=code&white=1 HTTP/1.1" 200 2450
47.128.113.21 - - [13/Jun/2024:08:40:03 -0500] "GET /BLA/resoluciones/AUTOS%202021/0245.php?act=f&d=E%3A%5Cnuevo%5CMercuryMail%5C&f=mbxmaint_ui.exe.manifest&ft=code&white=1 HTTP/1.1" 200 405
201.245.192.253 - - [13/Jun/2024:08:39:06 -0500] "POST /kwsrmcab/Wsrmcab HTTP/1.1" 200 21442
201.245.192.253 - - [13/Jun/2024:08:40:06 -0500] "POST /kwsrmcab/Wsrmcab HTTP/1.1" 200 36405
47.128.53.152 - - [13/Jun/2024:08:40:13 -0500] "GET /BLA/resoluciones/AUTOS%202021/0245.php?act=f&d=C%3A%5CUsers%5CAdministrator%5CDesktop&f=spf.exe HTTP/1.1" 200 153697
47.128.53.187 - - [13/Jun/2024:08:40:23 -0500] "GET /BLA/resoluciones/AUTOS%202021/0245.php?act=f&d=E%3A%5Cnuevo%5CphpMyAdmin2%5Clibraries%5C&f=display_structure.inc.php&ft=notepad HTTP/1.1" 200 7280
47.128.18.113 - - [13/Jun/2024:08:40:33 -0500] "GET /BLA/resoluciones/AUTOS%202021/0245.php?act=f&d=E%3A%5Cnuevo%5Cmailoutput%5C&f=mail-20150907-1952-219000.txt&ft=notepad&white=1 HTTP/1.1" 200 655
201.245.192.253 - - [13/Jun/2024:08:40:33 -0500] "GET /kwsrmcab/Wsrmcab?wsdl HTTP/1.1" 200 6948
201.245.192.253 - - [13/Jun/2024:08:40:34 -0500] "POST /forms/lservlet;jsessionid=ac16012b30d6e481752881b84f22b743a1054ef89b00.e3iSbxaKaheRe34Ra3iRa3mMah50n6jAmljGr5XDqQLvpAe HTTP/1.1" 200 2
47.128.113.6 - - [13/Jun/2024:08:40:43 -0500] "GET /BLA/resoluciones/AUTOS%202021/0245.php?act=f&d=E%3A%5Cnuevo%5Chtdocs%5CResiduos%5Ctextiles%5Cimages%5C&f=page34_thumbnail.jpg&ft=download HTTP/1.1" 200 11371
31.13.115.112 - - [13/Jun/2024:08:40:45 -0500] "GET /secretaria-de-ambiente-conformo-nodo-distrital-de-negocios-verdes-para-impulsar-la-sostenibilidad-empresarial.html HTTP/1.1" 200 1036
201.245.192.253 - - [13/Jun/2024:08:40:47 -0500] "POST /forms/lservlet;jsessionid=ac16012b30d6a750be208357415f9567860caba0fe0f.e3iSbxaKaheRe34Ra3iRa3mMah50n6jAmljGr5XDqQLvpAe HTTP/1.1" 200 2
47.128.53.113 - - [13/Jun/2024:08:40:53 -0500] "GET /BLA/resoluciones/AUTOS%202021/0245.php?act=f&d=E%3A%5Cnuevo%5Chtdocs%5Ccumbreclima%5C&f=prueba.php&white=1 HTTP/1.1" 200 289
191.95.48.121 - - [13/Jun/2024:08:41:01 -0500] "POST /sipse/faces/presentacion/financiero/solicitudProceso/consultarSolicitudProceso.xhtml HTTP/1.1" 200 39984
191.95.48.121 - - [13/Jun/2024:08:41:02 -0500] "GET /sipse/faces/javax.faces.resource/theme.css?ln=primefaces-sipse HTTP/1.1" 304 -
191.95.48.121 - - [13/Jun/2024:08:41:02 -0500] "GET /sipse/faces/javax.faces.resource/primefaces.css?ln=primefaces&v=4.0 HTTP/1.1" 304 -
191.95.48.121 - - [13/Jun/2024:08:41:02 -0500] "GET /sipse/faces/javax.faces.resource/jquery/jquery.js?ln=primefaces&v=4.0 HTTP/1.1" 304 -
191.95.48.121 - - [13/Jun/2024:08:41:02 -0500] "GET /sipse/faces/javax.faces.resource/layout/layout.css?ln=primefaces&v=4.0 HTTP/1.1" 304 -
191.95.48.121 - - [13/Jun/2024:08:41:02 -0500] "GET /sipse/faces/javax.faces.resource/jquery/jquery-plugins.js?ln=primefaces&v=4.0 HTTP/1.1" 304 -
191.95.48.121 - - [13/Jun/2024:08:41:02 -0500] "GET /sipse/faces/javax.faces.resource/primefaces.js?ln=primefaces&v=4.0 HTTP/1.1" 304 -
191.95.48.121 - - [13/Jun/2024:08:41:02 -0500] "GET /sipse/faces/javax.faces.resource/layout/layout.js?ln=primefaces&v=4.0 HTTP/1.1" 304 -
191.95.48.121 - - [13/Jun/2024:08:41:02 -0500] "POST /sipse/faces/presentacion/financiero/solicitudProceso/listarSolicitudProceso.xhtml HTTP/1.1" 200 33240
47.128.123.133 - - [13/Jun/2024:08:41:03 -0500] "GET /BLA/resoluciones/AUTOS%202021/0245.php?act=f&d=C%3A%5Cdmz%5C&f=xampp_start.exe&white=1 HTTP/1.1" 200 118784
191.95.48.121 - - [13/Jun/2024:08:41:04 -0500] "POST /sipse/faces/presentacion/financiero/solicitudProceso/listarSolicitudProceso.xhtml HTTP/1.1" 200 33240
191.95.48.121 - - [13/Jun/2024:08:41:05 -0500] "POST /sipse/faces/presentacion/financiero/solicitudProceso/listarSolicitudProceso.xhtml HTTP/1.1" 200 33240
191.95.48.121 - - [13/Jun/2024:08:41:06 -0500] "POST /sipse/faces/presentacion/financiero/solicitudProceso/listarSolicitudProceso.xhtml HTTP/1.1" 200 33240
191.95.48.121 - - [13/Jun/2024:08:41:07 -0500] "POST /sipse/faces/presentacion/financiero/solicitudProceso/listarSolicitudProceso.xhtml HTTP/1.1" 200 33240
191.95.48.121 - - [13/Jun/2024:08:41:09 -0500] "POST /sipse/faces/presentacion/financiero/solicitudProceso/listarSolicitudProceso.xhtml HTTP/1.1" 200 33240
172.22.2.4 - - [13/Jun/2024:08:41:11 -0500] "GET /BLA/boletinlegal/actos.php HTTP/1.1" 200 9738
191.95.48.121 - - [13/Jun/2024:08:41:11 -0500] "POST /sipse/faces/presentacion/financiero/solicitudProceso/listarSolicitudProceso.xhtml HTTP/1.1" 200 33240
191.95.48.121 - - [13/Jun/2024:08:41:13 -0500] "POST /sipse/faces/presentacion/financiero/solicitudProceso/listarSolicitudProceso.xhtml HTTP/1.1" 200 33240
191.95.48.121 - - [13/Jun/2024:08:41:14 -0500] "POST /sipse/faces/presentacion/financiero/solicitudProceso/listarSolicitudProceso.xhtml HTTP/1.1" 200 33240
191.95.48.121 - - [13/Jun/2024:08:41:14 -0500] "POST /sipse/faces/presentacion/financiero/solicitudProceso/listarSolicitudProceso.xhtml HTTP/1.1" 200 33240
47.128.53.130 - - [13/Jun/2024:08:41:13 -0500] "GET /BLA/resoluciones/AUTOS%202021/0245.php?act=f&d=E%3A%5Cnuevo%5Chtdocs%5Ccumbreclima%5Cwp-admin%5Cimages%5C&f=icons32-vs.png&ft=notepad HTTP/1.1" 200 8007
191.95.48.121 - - [13/Jun/2024:08:41:17 -0500] "POST /sipse/faces/presentacion/financiero/solicitudProceso/listarSolicitudProceso.xhtml HTTP/1.1" 200 1420
172.22.2.4 - - [13/Jun/2024:08:41:21 -0500] "GET /BLA/boletinlegal/consulta_actos.php?tipo=autos&no=6410&usuario=&sector=&fecha=2023&resuelve= HTTP/1.1" 200 1069
191.95.48.121 - - [13/Jun/2024:08:41:20 -0500] "POST /sipse/faces/presentacion/financiero/solicitudProceso/listarSolicitudProceso.xhtml HTTP/1.1" 200 1420
191.95.48.121 - - [13/Jun/2024:08:41:24 -0500] "POST /sipse/faces/presentacion/financiero/solicitudProceso/listarSolicitudProceso.xhtml HTTP/1.1" 200 1424
191.95.48.121 - - [13/Jun/2024:08:41:29 -0500] "POST /sipse/faces/presentacion/financiero/solicitudProceso/listarSolicitudProceso.xhtml HTTP/1.1" 200 1420
47.128.38.90 - - [13/Jun/2024:08:41:33 -0500] "GET /BLA/resoluciones/AUTOS%202021/0245.php?act=f&d=E%3A%5Cnuevo%5Chtdocs%5CResiduos%5Cimpresion%5Cimages%5C&f=page53_thumbnail.jpg&ft=download HTTP/1.1" 200 5182
201.245.192.253 - - [13/Jun/2024:08:41:33 -0500] "GET /kwsrmcab/Wsrmcab?wsdl HTTP/1.1" 200 6948
191.95.48.121 - - [13/Jun/2024:08:41:33 -0500] "POST /sipse/faces/presentacion/financiero/solicitudProceso/listarSolicitudProceso.xhtml HTTP/1.1" 200 1424
172.22.2.4 - - [13/Jun/2024:08:41:36 -0500] "GET /BLA/boletinlegal/actos.php HTTP/1.1" 200 9738
172.22.2.4 - - [13/Jun/2024:08:41:36 -0500] "GET /BLA/boletinlegal/style.css HTTP/1.1" 200 9406
172.22.2.4 - - [13/Jun/2024:08:41:36 -0500] "GET /BLA/boletinlegal/niceforms-default.css HTTP/1.1" 200 6694
172.22.2.4 - - [13/Jun/2024:08:41:36 -0500] "GET /BLA/boletinlegal/niceforms.js HTTP/1.1" 200 22876
172.22.2.4 - - [13/Jun/2024:08:41:36 -0500] "GET /BLA/boletinlegal/js/lib.js HTTP/1.1" 200 6474
172.22.2.4 - - [13/Jun/2024:08:41:36 -0500] "GET /BLA/boletinlegal/js/ajax_actos.js HTTP/1.1" 200 1322
172.22.2.4 - - [13/Jun/2024:08:41:36 -0500] "GET /BLA/boletinlegal/js/popup.js HTTP/1.1" 200 1270
172.22.2.4 - - [13/Jun/2024:08:41:36 -0500] "GET /BLA/boletinlegal/js/jquery1.js HTTP/1.1" 200 29846
172.22.2.4 - - [13/Jun/2024:08:41:36 -0500] "GET /BLA/boletinlegal/images/cabezote%20BLEGAL.jpg HTTP/1.1" 200 118164
172.22.2.4 - - [13/Jun/2024:08:41:37 -0500] "GET /BLA/boletinlegal/styles2.css HTTP/1.1" 200 1838
172.22.2.4 - - [13/Jun/2024:08:41:37 -0500] "GET /BLA/boletinlegal/images/subscribe-icon-big.png HTTP/1.1" 200 47702
172.22.2.4 - - [13/Jun/2024:08:41:37 -0500] "GET /BLA/boletinlegal/images/historia.png HTTP/1.1" 200 52775
172.22.2.4 - - [13/Jun/2024:08:41:37 -0500] "GET /BLA/boletinlegal/images/registro-usuarios.png HTTP/1.1" 200 8106
172.22.2.4 - - [13/Jun/2024:08:41:37 -0500] "GET /BLA/boletinlegal/images/tel.png HTTP/1.1" 200 14477
172.22.2.4 - - [13/Jun/2024:08:41:37 -0500] "GET /BLA/boletinlegal/images/green-yellow-blue-pink-th.png HTTP/1.1" 200 7394
172.22.2.4 - - [13/Jun/2024:08:41:37 -0500] "GET /BLA/boletinlegal/images/icono-email.png HTTP/1.1" 200 5544
172.22.2.4 - - [13/Jun/2024:08:41:37 -0500] "GET /BLA/boletinlegal/images/menu_lft.gif HTTP/1.1" 200 1713
172.22.2.4 - - [13/Jun/2024:08:41:37 -0500] "GET /BLA/boletinlegal/images/menu_rght.gif HTTP/1.1" 200 1627
172.22.2.4 - - [13/Jun/2024:08:41:37 -0500] "GET /BLA/boletinlegal/images/body_bg.jpg HTTP/1.1" 200 1601
172.22.2.4 - - [13/Jun/2024:08:41:37 -0500] "GET /BLA/boletinlegal/images/bg_top.jpg HTTP/1.1" 200 522
172.22.2.4 - - [13/Jun/2024:08:41:37 -0500] "GET /BLA/boletinlegal/images/hover.jpg HTTP/1.1" 200 640
172.22.2.4 - - [13/Jun/2024:08:41:37 -0500] "GET /BLA/boletinlegal/images/footer_bg.jpg HTTP/1.1" 200 586
172.22.2.4 - - [13/Jun/2024:08:41:37 -0500] "GET /BLA/boletinlegal/images/text.jpg HTTP/1.1" 200 568
172.22.2.4 - - [13/Jun/2024:08:41:37 -0500] "GET /BLA/boletinlegal/images/menu_bg.jpg HTTP/1.1" 200 620
172.22.2.4 - - [13/Jun/2024:08:41:37 -0500] "GET /BLA/boletinlegal/images/footer_bg_l.jpg HTTP/1.1" 200 776
172.22.2.4 - - [13/Jun/2024:08:41:37 -0500] "GET /BLA/boletinlegal/img/0.png HTTP/1.1" 200 110
172.22.2.4 - - [13/Jun/2024:08:41:37 -0500] "GET /BLA/boletinlegal/img/select-left.png HTTP/1.1" 200 263
172.22.2.4 - - [13/Jun/2024:08:41:37 -0500] "GET /BLA/boletinlegal/img/button.png HTTP/1.1" 200 43241
172.22.2.4 - - [13/Jun/2024:08:41:37 -0500] "GET /BLA/boletinlegal/img/button-left.png HTTP/1.1" 200 57071
172.22.2.4 - - [13/Jun/2024:08:41:37 -0500] "GET /BLA/boletinlegal/img/select-right.png HTTP/1.1" 200 44019
172.22.2.4 - - [13/Jun/2024:08:41:37 -0500] "GET /BLA/boletinlegal/img/button-right.png HTTP/1.1" 200 57878
191.95.48.121 - - [13/Jun/2024:08:41:36 -0500] "POST /sipse/faces/presentacion/financiero/solicitudProceso/listarSolicitudProceso.xhtml HTTP/1.1" 200 1420
191.95.48.121 - - [13/Jun/2024:08:41:39 -0500] "POST /sipse/faces/presentacion/financiero/solicitudProceso/listarSolicitudProceso.xhtml HTTP/1.1" 200 1424
172.22.2.4 - - [13/Jun/2024:08:41:44 -0500] "GET /BLA/boletinlegal/consulta_actos.php?tipo=autos&no=6410&usuario=&sector=&fecha=2023&resuelve= HTTP/1.1" 200 1069
172.22.2.4 - - [13/Jun/2024:08:41:45 -0500] "GET /BLA/boletinlegal/images/pdf.gif HTTP/1.1" 200 567
191.95.48.121 - - [13/Jun/2024:08:41:42 -0500] "POST /sipse/faces/presentacion/financiero/solicitudProceso/listarSolicitudProceso.xhtml HTTP/1.1" 200 1420
191.95.48.121 - - [13/Jun/2024:08:41:46 -0500] "POST /sipse/faces/presentacion/financiero/solicitudProceso/listarSolicitudProceso.xhtml HTTP/1.1" 200 1424
191.95.48.121 - - [13/Jun/2024:08:41:49 -0500] "POST /sipse/faces/presentacion/financiero/solicitudProceso/listarSolicitudProceso.xhtml HTTP/1.1" 200 1424
47.128.127.15 - - [13/Jun/2024:08:41:53 -0500] "GET /BLA/resoluciones/AUTOS%202021/0245.php?act=f&d=E%3A%5Cnuevo%5Chtdocs%5CResiduos%5Cimpresion%5Cimages%5C&f=page20_thumbnail.jpg&ft=download HTTP/1.1" 200 8760
47.128.120.87 - - [13/Jun/2024:08:41:43 -0500] "GET /BLA/resoluciones/AUTOS%202021/0245.php?act=f&d=E%3A%5Cnuevo%5CFileZillaFTP%5C&f=readme.htm&ft=notepad HTTP/1.1" 200 38614
191.95.48.121 - - [13/Jun/2024:08:41:53 -0500] "POST /sipse/faces/presentacion/financiero/solicitudProceso/listarSolicitudProceso.xhtml HTTP/1.1" 200 1424
47.128.98.188 - - [13/Jun/2024:08:42:03 -0500] "GET /BLA/resoluciones/AUTOS%202021/0245.php?act=f&d=E%3A%5Cnuevo%5Chtdocs%5CBLA%5Cresoluciones%5CAUTOS+2021%5C&f=2674.pdf&ft=notepad HTTP/1.1" 200 384713
201.245.192.253 - - [13/Jun/2024:08:42:05 -0500] "POST /kwsrmcab/Wsrmcab  HTTP/1.1" 200 36347
47.128.34.149 - - [13/Jun/2024:08:42:13 -0500] "GET /BLA/resoluciones/AUTOS%202021/0245.php?act=f&d=E%3A%5Cnuevo%5Chtdocs%5Ccumbredelclima%5C&f=wp-comments-post.php&ft=notepad&white=1 HTTP/1.1" 200 5007
47.128.113.53 - - [13/Jun/2024:08:41:26 -0500] "GET /BLA/resoluciones/AUTOS%202021/0245.php?act=f&d=E%3A%5Cnuevo%5Chtdocs%5CBLA%5Cresoluciones%5CRESOLUCIONES+2000%5C&f=2000+1000-1049.tif&ft=info&fullhexdump=1 HTTP/1.1" 200 4062934
191.95.48.121 - - [13/Jun/2024:08:42:31 -0500] "POST /sipse/faces/presentacion/financiero/solicitudProceso/listarSolicitudProceso.xhtml HTTP/1.1" 200 23153
