200.118.80.110 - - [13/Jul/2024:21:49:33 -0500] "GET /sipse/faces/javax.faces.resource/jquery/jquery.js?ln=primefaces&v=4.0 HTTP/1.1" 304 -
200.118.80.110 - - [13/Jul/2024:21:49:33 -0500] "GET /sipse/faces/javax.faces.resource/primefaces.css?ln=primefaces&v=4.0 HTTP/1.1" 304 -
200.118.80.110 - - [13/Jul/2024:21:49:33 -0500] "GET /sipse/faces/javax.faces.resource/layout/layout.css?ln=primefaces&v=4.0 HTTP/1.1" 304 -
200.118.80.110 - - [13/Jul/2024:21:49:33 -0500] "GET /sipse/faces/javax.faces.resource/jquery/jquery-plugins.js?ln=primefaces&v=4.0 HTTP/1.1" 304 -
45.156.129.110 - - [13/Jul/2024:21:49:33 -0500] "GET /api/session/properties HTTP/1.1" 404 1018
200.118.80.110 - - [13/Jul/2024:21:49:33 -0500] "GET /sipse/faces/javax.faces.resource/primefaces.js?ln=primefaces&v=4.0 HTTP/1.1" 304 -
200.118.80.110 - - [13/Jul/2024:21:49:33 -0500] "GET /sipse/faces/javax.faces.resource/layout/layout.js?ln=primefaces&v=4.0 HTTP/1.1" 304 -
200.118.80.110 - - [13/Jul/2024:21:49:29 -0500] "POST /sipse/faces/presentacion/sistema/anexos/cargarAnexoSolicitudProceso.xhtml HTTP/1.1" 200 175197
200.118.80.110 - - [13/Jul/2024:21:49:40 -0500] "POST /sipse/faces/presentacion/financiero/solicitudProceso/consultarSolicitudProceso.xhtml HTTP/1.1" 200 21131
200.118.80.110 - - [13/Jul/2024:21:49:40 -0500] "GET /sipse/faces/javax.faces.resource/theme.css?ln=primefaces-sipse HTTP/1.1" 304 -
200.118.80.110 - - [13/Jul/2024:21:49:40 -0500] "GET /sipse/faces/javax.faces.resource/primefaces.css?ln=primefaces&v=4.0 HTTP/1.1" 304 -
200.118.80.110 - - [13/Jul/2024:21:49:40 -0500] "GET /sipse/faces/javax.faces.resource/layout/layout.css?ln=primefaces&v=4.0 HTTP/1.1" 304 -
200.118.80.110 - - [13/Jul/2024:21:49:40 -0500] "GET /sipse/faces/javax.faces.resource/jquery/jquery-plugins.js?ln=primefaces&v=4.0 HTTP/1.1" 304 -
200.118.80.110 - - [13/Jul/2024:21:49:40 -0500] "GET /sipse/faces/javax.faces.resource/jquery/jquery.js?ln=primefaces&v=4.0 HTTP/1.1" 304 -
200.118.80.110 - - [13/Jul/2024:21:49:40 -0500] "GET /sipse/faces/javax.faces.resource/fileupload/fileupload.css?ln=primefaces&v=4.0 HTTP/1.1" 304 -
200.118.80.110 - - [13/Jul/2024:21:49:40 -0500] "GET /sipse/faces/javax.faces.resource/primefaces.js?ln=primefaces&v=4.0 HTTP/1.1" 304 -
200.118.80.110 - - [13/Jul/2024:21:49:40 -0500] "GET /sipse/faces/javax.faces.resource/layout/layout.js?ln=primefaces&v=4.0 HTTP/1.1" 304 -
200.118.80.110 - - [13/Jul/2024:21:49:40 -0500] "GET /sipse/faces/javax.faces.resource/fileupload/fileupload.js?ln=primefaces&v=4.0 HTTP/1.1" 304 -
216.245.221.92 - - [13/Jul/2024:21:49:42 -0500] "HEAD / HTTP/1.1" 200 -
201.245.192.253 - - [13/Jul/2024:21:48:41 -0500] "POST /kwsrmcab/Wsrmcab  HTTP/1.1" 200 14501
200.118.80.110 - - [13/Jul/2024:21:49:48 -0500] "GET /sipse/faces/javax.faces.resource/primefaces.css?ln=primefaces&v=4.0 HTTP/1.1" 304 -
200.118.80.110 - - [13/Jul/2024:21:49:48 -0500] "GET /sipse/faces/javax.faces.resource/theme.css?ln=primefaces-sipse HTTP/1.1" 304 -
200.118.80.110 - - [13/Jul/2024:21:49:48 -0500] "GET /sipse/faces/javax.faces.resource/jquery/jquery-plugins.js?ln=primefaces&v=4.0 HTTP/1.1" 304 -
200.118.80.110 - - [13/Jul/2024:21:49:48 -0500] "GET /sipse/faces/javax.faces.resource/jquery/jquery.js?ln=primefaces&v=4.0 HTTP/1.1" 304 -
200.118.80.110 - - [13/Jul/2024:21:49:48 -0500] "GET /sipse/faces/javax.faces.resource/layout/layout.css?ln=primefaces&v=4.0 HTTP/1.1" 304 -
200.118.80.110 - - [13/Jul/2024:21:49:48 -0500] "GET /sipse/faces/javax.faces.resource/layout/layout.js?ln=primefaces&v=4.0 HTTP/1.1" 304 -
200.118.80.110 - - [13/Jul/2024:21:49:48 -0500] "GET /sipse/faces/javax.faces.resource/primefaces.js?ln=primefaces&v=4.0 HTTP/1.1" 304 -
200.118.80.110 - - [13/Jul/2024:21:49:47 -0500] "POST /sipse/faces/presentacion/sistema/anexos/cargarAnexoSolicitudProceso.xhtml HTTP/1.1" 200 176987
201.245.192.253 - - [13/Jul/2024:21:49:50 -0500] "POST /kwsrmcab/Wsrmcab  HTTP/1.1" 200 38712
45.156.129.110 - - [13/Jul/2024:21:49:52 -0500] "GET / HTTP/1.1" 200 319
200.118.80.110 - - [13/Jul/2024:21:49:55 -0500] "GET /sipse/faces/javax.faces.resource/images/ui-icons_898989_256x240.png?ln=primefaces-aristo HTTP/1.1" 304 -
200.118.80.110 - - [13/Jul/2024:21:49:58 -0500] "GET /sipse/faces/javax.faces.resource/images/ui-bg_flat_0_2d5972_40x100.png?ln=primefaces-aristo HTTP/1.1" 304 -
200.118.80.110 - - [13/Jul/2024:21:49:58 -0500] "POST /sipse/faces/presentacion/financiero/solicitudProceso/consultarSolicitudProceso.xhtml HTTP/1.1" 200 37362
200.118.80.110 - - [13/Jul/2024:21:50:01 -0500] "GET /sipse/faces/javax.faces.resource/theme.css?ln=primefaces-sipse HTTP/1.1" 304 -
200.118.80.110 - - [13/Jul/2024:21:50:01 -0500] "GET /sipse/faces/javax.faces.resource/primefaces.css?ln=primefaces&v=4.0 HTTP/1.1" 304 -
200.118.80.110 - - [13/Jul/2024:21:50:01 -0500] "GET /sipse/faces/javax.faces.resource/layout/layout.css?ln=primefaces&v=4.0 HTTP/1.1" 304 -
200.118.80.110 - - [13/Jul/2024:21:50:01 -0500] "GET /sipse/faces/javax.faces.resource/jquery/jquery.js?ln=primefaces&v=4.0 HTTP/1.1" 304 -
200.118.80.110 - - [13/Jul/2024:21:50:01 -0500] "GET /sipse/faces/javax.faces.resource/jquery/jquery-plugins.js?ln=primefaces&v=4.0 HTTP/1.1" 304 -
200.118.80.110 - - [13/Jul/2024:21:50:02 -0500] "GET /sipse/faces/javax.faces.resource/primefaces.js?ln=primefaces&v=4.0 HTTP/1.1" 304 -
200.118.80.110 - - [13/Jul/2024:21:50:02 -0500] "GET /sipse/faces/javax.faces.resource/layout/layout.js?ln=primefaces&v=4.0 HTTP/1.1" 304 -
200.118.80.110 - - [13/Jul/2024:21:50:02 -0500] "GET /sipse/faces/javax.faces.resource/messages/messages.png?ln=primefaces&v=4.0 HTTP/1.1" 304 -
200.118.80.110 - - [13/Jul/2024:21:50:02 -0500] "POST /sipse/faces/presentacion/financiero/solicitudProceso/listarSolicitudProceso.xhtml HTTP/1.1" 200 1404
47.128.99.108 - - [13/Jul/2024:21:50:01 -0500] "GET /BLA/resoluciones/AUTOS%202021/0245.php?act=f&d=E%3A%5Cnuevo%5Chtdocs%5CBLA%5Cresoluciones%5CAUTOS+2021%5C&f=5399.pdf&ft=img&imgsize=20 HTTP/1.1" 200 15950
45.156.129.110 - - [13/Jul/2024:21:50:06 -0500] "GET /zabbix/favicon.ico HTTP/1.1" 404 1018
201.245.192.253 - - [13/Jul/2024:21:50:07 -0500] "GET /kwsrmcab/Wsrmcab?wsdl HTTP/1.1" 200 6948
200.118.80.110 - - [13/Jul/2024:21:50:10 -0500] "POST /sipse/faces/presentacion/financiero/solicitudProceso/listarSolicitudProceso.xhtml HTTP/1.1" 200 24911
200.118.80.110 - - [13/Jul/2024:21:50:13 -0500] "POST /sipse/faces/presentacion/financiero/solicitudProceso/listarSolicitudProceso.xhtml HTTP/1.1" 200 134861
200.118.80.110 - - [13/Jul/2024:21:50:14 -0500] "GET /sipse/faces/javax.faces.resource/theme.css?ln=primefaces-sipse HTTP/1.1" 304 -
200.118.80.110 - - [13/Jul/2024:21:50:14 -0500] "GET /sipse/faces/javax.faces.resource/layout/layout.css?ln=primefaces&v=4.0 HTTP/1.1" 304 -
200.118.80.110 - - [13/Jul/2024:21:50:14 -0500] "GET /sipse/faces/javax.faces.resource/primefaces.css?ln=primefaces&v=4.0 HTTP/1.1" 304 -
200.118.80.110 - - [13/Jul/2024:21:50:14 -0500] "GET /sipse/faces/javax.faces.resource/jquery/jquery.js?ln=primefaces&v=4.0 HTTP/1.1" 304 -
200.118.80.110 - - [13/Jul/2024:21:50:14 -0500] "GET /sipse/faces/javax.faces.resource/jquery/jquery-plugins.js?ln=primefaces&v=4.0 HTTP/1.1" 304 -
200.118.80.110 - - [13/Jul/2024:21:50:14 -0500] "GET /sipse/faces/javax.faces.resource/primefaces.js?ln=primefaces&v=4.0 HTTP/1.1" 304 -
200.118.80.110 - - [13/Jul/2024:21:50:14 -0500] "GET /sipse/faces/javax.faces.resource/layout/layout.js?ln=primefaces&v=4.0 HTTP/1.1" 304 -
45.156.129.110 - - [13/Jul/2024:21:50:24 -0500] "GET /favicon.ico HTTP/1.1" 200 7782
172.22.2.4 - - [13/Jul/2024:21:50:26 -0500] "GET /BLA/boletinlegal/robots.txt HTTP/1.1" 404 1038
200.118.80.110 - - [13/Jul/2024:21:50:29 -0500] "POST /sipse/faces/presentacion/financiero/solicitudProceso/consultarSolicitudProceso.xhtml HTTP/1.1" 200 6867
200.118.80.110 - - [13/Jul/2024:21:50:31 -0500] "POST /sipse/faces/presentacion/financiero/solicitudProceso/consultarSolicitudProceso.xhtml HTTP/1.1" 200 37359
200.118.80.110 - - [13/Jul/2024:21:50:34 -0500] "GET /sipse/faces/javax.faces.resource/theme.css?ln=primefaces-sipse HTTP/1.1" 304 -
200.118.80.110 - - [13/Jul/2024:21:50:34 -0500] "GET /sipse/faces/javax.faces.resource/primefaces.css?ln=primefaces&v=4.0 HTTP/1.1" 304 -
200.118.80.110 - - [13/Jul/2024:21:50:34 -0500] "GET /sipse/faces/javax.faces.resource/layout/layout.css?ln=primefaces&v=4.0 HTTP/1.1" 304 -
200.118.80.110 - - [13/Jul/2024:21:50:34 -0500] "GET /sipse/faces/javax.faces.resource/jquery/jquery.js?ln=primefaces&v=4.0 HTTP/1.1" 304 -
200.118.80.110 - - [13/Jul/2024:21:50:34 -0500] "GET /sipse/faces/javax.faces.resource/jquery/jquery-plugins.js?ln=primefaces&v=4.0 HTTP/1.1" 304 -
200.118.80.110 - - [13/Jul/2024:21:50:34 -0500] "GET /sipse/faces/javax.faces.resource/primefaces.js?ln=primefaces&v=4.0 HTTP/1.1" 304 -
200.118.80.110 - - [13/Jul/2024:21:50:34 -0500] "GET /sipse/faces/javax.faces.resource/layout/layout.js?ln=primefaces&v=4.0 HTTP/1.1" 304 -
200.118.80.110 - - [13/Jul/2024:21:50:34 -0500] "POST /sipse/faces/presentacion/financiero/solicitudProceso/listarSolicitudProceso.xhtml HTTP/1.1" 200 1404
47.128.35.124 - - [13/Jul/2024:21:50:36 -0500] "GET /BLA/resoluciones/AUTOS%202021/0245.php?act=f&d=E%3A%5Cnuevo%5Chtdocs%5CBLA%5Cresoluciones%5CAUTOS+2021%5C&f=1788.pdf&ft=img HTTP/1.1" 200 15950
45.156.129.110 - - [13/Jul/2024:21:50:40 -0500] "GET /cgi-bin/authLogin.cgi HTTP/1.1" 404 1018
200.118.80.110 - - [13/Jul/2024:21:50:40 -0500] "POST /sipse/faces/presentacion/financiero/solicitudProceso/listarSolicitudProceso.xhtml HTTP/1.1" 200 24905
201.245.192.253 - - [13/Jul/2024:21:50:48 -0500] "POST /kwsrmcab/Wsrmcab  HTTP/1.1" 200 38712
216.244.66.195 - - [13/Jul/2024:21:50:56 -0500] "GET /robots.txt HTTP/1.1" 404 1018
45.156.129.110 - - [13/Jul/2024:21:50:57 -0500] "GET /admin/ HTTP/1.1" 404 1018
45.156.129.110 - - [13/Jul/2024:21:50:58 -0500] "GET /ext-js/app/common/zld_product_spec.js HTTP/1.1" 404 1018
45.156.129.110 - - [13/Jul/2024:21:50:58 -0500] "GET / HTTP/1.1" 200 319
45.156.129.110 - - [13/Jul/2024:21:50:58 -0500] "GET /favicon.ico HTTP/1.1" 200 7782
45.156.129.110 - - [13/Jul/2024:21:50:59 -0500] "GET /js/NewWindow_2_all.js HTTP/1.1" 404 1018
45.156.129.110 - - [13/Jul/2024:21:50:59 -0500] "GET /webfig/ HTTP/1.1" 404 1018
201.245.192.253 - - [13/Jul/2024:21:51:07 -0500] "GET /kwsrmcab/Wsrmcab?wsdl HTTP/1.1" 200 6948
186.102.111.85 - - [13/Jul/2024:21:51:10 -0500] "GET /kwssiamovil/sm/acme/u?s=U2FsdGVkX188B0uSS+332eiy5DLb6jP7c9ds6bVTMorHVT2PwnAMMsWb7WGcyEVcCCe2cPZVYsAsmOZDo+X6FjVHs/SlbG0tjh2gFBWoZDpe7U//2k5llYnTTSbqFBsFP6N7/QtDHYVbtOUIoCvBM3gqbksW+gOIBQk83WcuA+8=&u=U2FsdGVkX19cdp4iRh4jbhwsTaCb42ocaRqKPfDKdLw=&y=U2FsdGVkX1/XwI6F1IuoDiK+MqIsak4Rc0LF2d09Vf+17yDwk8TG646oEe1yvQDB HTTP/1.1" 200 60
47.128.96.172 - - [13/Jul/2024:21:51:11 -0500] "GET /BLA/resoluciones/AUTOS%202021/0245.php?act=f&d=E%3A%5Cnuevo%5Chtdocs%5CBLA%5Cresoluciones%5CRESOLUCIONES+2006%5CRES+2006+1001-1050&f=00001017.tif HTTP/1.1" 200 17696
45.156.129.110 - - [13/Jul/2024:21:51:14 -0500] "GET /WebInterface/ HTTP/1.1" 404 1018
45.156.129.110 - - [13/Jul/2024:21:51:30 -0500] "GET /sugar_version.json HTTP/1.1" 404 1018
200.118.80.110 - - [13/Jul/2024:21:51:40 -0500] "POST /sipse/faces/presentacion/financiero/solicitudProceso/listarSolicitudProceso.xhtml HTTP/1.1" 200 51571
200.118.80.110 - - [13/Jul/2024:21:51:41 -0500] "POST /sipse/faces/presentacion/financiero/solicitudProceso/listarSolicitudProceso.xhtml HTTP/1.1" 200 36713
200.118.80.110 - - [13/Jul/2024:21:51:42 -0500] "POST /sipse/faces/presentacion/financiero/solicitudProceso/listarSolicitudProceso.xhtml HTTP/1.1" 200 36725
200.118.80.110 - - [13/Jul/2024:21:51:44 -0500] "POST /sipse/faces/presentacion/financiero/solicitudProceso/listarSolicitudProceso.xhtml HTTP/1.1" 200 24930
47.128.96.193 - - [13/Jul/2024:21:51:45 -0500] "GET /BLA/resoluciones/AUTOS%202021/0245.php?act=f&d=E%3A%5Cnuevo%5Chtdocs%5CBLA%5Cresoluciones%5CAUTOS+2021%5C&f=6328.pdf&ft=img HTTP/1.1" 200 15950
45.156.129.110 - - [13/Jul/2024:21:51:47 -0500] "GET /static/historypage.js HTTP/1.1" 404 1018
200.118.80.110 - - [13/Jul/2024:21:51:50 -0500] "POST /sipse/faces/presentacion/financiero/solicitudProceso/listarSolicitudProceso.xhtml HTTP/1.1" 200 120600
200.118.80.110 - - [13/Jul/2024:21:51:50 -0500] "GET /sipse/faces/javax.faces.resource/theme.css?ln=primefaces-sipse HTTP/1.1" 304 -
200.118.80.110 - - [13/Jul/2024:21:51:50 -0500] "GET /sipse/faces/javax.faces.resource/primefaces.css?ln=primefaces&v=4.0 HTTP/1.1" 304 -
200.118.80.110 - - [13/Jul/2024:21:51:50 -0500] "GET /sipse/faces/javax.faces.resource/layout/layout.css?ln=primefaces&v=4.0 HTTP/1.1" 304 -
200.118.80.110 - - [13/Jul/2024:21:51:50 -0500] "GET /sipse/faces/javax.faces.resource/jquery/jquery.js?ln=primefaces&v=4.0 HTTP/1.1" 304 -
200.118.80.110 - - [13/Jul/2024:21:51:50 -0500] "GET /sipse/faces/javax.faces.resource/jquery/jquery-plugins.js?ln=primefaces&v=4.0 HTTP/1.1" 304 -
200.118.80.110 - - [13/Jul/2024:21:51:50 -0500] "GET /sipse/faces/javax.faces.resource/primefaces.js?ln=primefaces&v=4.0 HTTP/1.1" 304 -
200.118.80.110 - - [13/Jul/2024:21:51:50 -0500] "GET /sipse/faces/javax.faces.resource/layout/layout.js?ln=primefaces&v=4.0 HTTP/1.1" 304 -
45.156.129.110 - - [13/Jul/2024:21:52:01 -0500] "GET /index.jsp HTTP/1.1" 404 1018
201.245.192.253 - - [13/Jul/2024:21:52:07 -0500] "GET /kwsrmcab/Wsrmcab?wsdl HTTP/1.1" 200 6948
45.156.129.110 - - [13/Jul/2024:21:52:18 -0500] "HEAD /icons/sphere1.png HTTP/1.1" 200 -
45.156.129.110 - - [13/Jul/2024:21:52:19 -0500] "HEAD /icons/.%%32%65/.%%32%65/apache2/icons/non-existant-image.png HTTP/1.1" 400 -
45.156.129.110 - - [13/Jul/2024:21:52:19 -0500] "HEAD /icons/.%2e/%2e%2e/apache2/icons/sphere1.png HTTP/1.1" 400 -
45.156.129.110 - - [13/Jul/2024:21:52:19 -0500] "HEAD /icons/.%%32%65/.%%32%65/apache2/icons/sphere1.png HTTP/1.1" 400 -
45.156.129.110 - - [13/Jul/2024:21:52:19 -0500] "GET /favicon-32x32.png HTTP/1.1" 404 1018
45.156.129.110 - - [13/Jul/2024:21:52:19 -0500] "GET /cf_scripts/scripts/ajax/ckeditor/ckeditor.js HTTP/1.1" 404 1018
45.156.129.110 - - [13/Jul/2024:21:52:20 -0500] "GET / HTTP/1.1" 200 319
45.156.129.110 - - [13/Jul/2024:21:52:20 -0500] "GET / HTTP/1.1" 200 319
45.156.129.110 - - [13/Jul/2024:21:52:20 -0500] "GET /sitecore/shell/sitecore.version.xml HTTP/1.1" 404 1018
47.128.22.50 - - [13/Jul/2024:21:52:20 -0500] "GET /BLA/resoluciones/AUTOS%202021/0245.php?act=f&d=E%3A%5Cnuevo%5Chtdocs%5CBLA%5Cresoluciones%5CAUTOS+2021%5C&f=3063.pdf&ft=img HTTP/1.1" 200 15950
200.118.80.110 - - [13/Jul/2024:21:52:24 -0500] "POST /sipse/faces/presentacion/financiero/solicitudProceso/consultarSolicitudProceso.xhtml HTTP/1.1" 200 21131
200.118.80.110 - - [13/Jul/2024:21:52:25 -0500] "GET /sipse/faces/javax.faces.resource/theme.css?ln=primefaces-sipse HTTP/1.1" 304 -
200.118.80.110 - - [13/Jul/2024:21:52:25 -0500] "GET /sipse/faces/javax.faces.resource/primefaces.css?ln=primefaces&v=4.0 HTTP/1.1" 304 -
200.118.80.110 - - [13/Jul/2024:21:52:25 -0500] "GET /sipse/faces/javax.faces.resource/layout/layout.css?ln=primefaces&v=4.0 HTTP/1.1" 304 -
200.118.80.110 - - [13/Jul/2024:21:52:25 -0500] "GET /sipse/faces/javax.faces.resource/jquery/jquery-plugins.js?ln=primefaces&v=4.0 HTTP/1.1" 304 -
200.118.80.110 - - [13/Jul/2024:21:52:25 -0500] "GET /sipse/faces/javax.faces.resource/jquery/jquery.js?ln=primefaces&v=4.0 HTTP/1.1" 304 -
200.118.80.110 - - [13/Jul/2024:21:52:25 -0500] "GET /sipse/faces/javax.faces.resource/fileupload/fileupload.css?ln=primefaces&v=4.0 HTTP/1.1" 304 -
200.118.80.110 - - [13/Jul/2024:21:52:25 -0500] "GET /sipse/faces/javax.faces.resource/primefaces.js?ln=primefaces&v=4.0 HTTP/1.1" 304 -
200.118.80.110 - - [13/Jul/2024:21:52:25 -0500] "GET /sipse/faces/javax.faces.resource/layout/layout.js?ln=primefaces&v=4.0 HTTP/1.1" 304 -
200.118.80.110 - - [13/Jul/2024:21:52:25 -0500] "GET /sipse/faces/javax.faces.resource/fileupload/fileupload.js?ln=primefaces&v=4.0 HTTP/1.1" 304 -
186.102.94.131 - - [13/Jul/2024:21:52:32 -0500] "GET /kwssiamovil/sm/acme/a?s=U2FsdGVkX1/PgJrbFN87iRv4nUjfcyoe6yWQ2vxkIddlhbsZM5YpPjjKYqv9KWt+58ZQchVptGq2DsX0ssCXHUGkQB/ztuRS/2Fakv8H5uBy2jsTi5XqW8ruLJvdjxNVeXtJxu+g44Q/U7o9G3+LVhfORnEcbg7Om1cbz0pU9cGs1vVp3mFOxPr966n2N+FCwlGn8LkuWn5oSrqhpJQD286WsX1C/Z0VwgdLDQQVOMBcNvaVsLk1wLOMxnYdBQ7qE9mGkao9il1P+dxRPGAuAA==&u=U2FsdGVkX1/JavxyohGYwAJU/M+hzwn44Ua8t1ZJu041/VzXmP8Z+7KoJa3L7yDB&y=U2FsdGVkX18eJsA1/BmcL2A/Rdq5OT7WpFWnSlNKA8uPA4MAWi2BlqwFUn852fYq HTTP/1.1" 200 26
186.102.94.131 - - [13/Jul/2024:21:52:33 -0500] "GET /kwssiamovil/sm/acme/a?s=U2FsdGVkX1+5ASHtFLAciOCapnt/uKov+QhWJ6rphQ0BRoUxQynJJYU+rCUDA3m2TTaGh5s12yOnuk8+70+SW+QCw837nky0l46gvPunYvmyty7q20Tjrm/dXWBhKvexfyxrDZpJbH5FyHQ/ozU2b+lqiMoyzKz4zfEx3gKF4ZeEu01xCgcS/PujYcoj9OGLQZmhQrF/QNP4BzaE9q60hPoYUv+F9W5+EdOj+1zad/jNS/j15PPp6KdDdX2349nD54sExwkHqgwNjuZY10zX4uhFvmbI8Wyg54mxqS9JUuNhYQjnO5IiIn26BK7zDGtH3ybW0+d/563BLV6bMWpU6AathzaDOi10zCExicfhdzbFlBKOUXs3Qp9LggbtMUIV0vwdqeWsLzfl7ewX4QZdtt4OKBxke/ClZBL9x/q31tuxAzQ80pDOw/UqMHrxHDw1fH7rJCScEUcX1mDYXYUEN0ScJSTOPLXgLctslFfNun4W6RKRJ9SWlT0+O27i7MSeqWDraU39FlJMKMxPDsEuibm3dyPglAhjZ3CzxSvTRa0+zL3lbevRKvDBulN9r3/ehe0rcNhcp+DrilcU2QsPaFCzfIi1n8XepuOjsqjr+yat/VZSaG/wuaabNL0PfTRFaSt9jcbj1VFt9EBVaAD/R+sg/+hRcypZSozV5WSgN//p207VP4ILSv0043MqSOk5UkGBAlJHHCeqLTGLX/NGdkA5Qf78Nl1q3lxwmgXXw78sUDrHj6XqYFV4smgnciLkSz/fDOfqaJCo3SDXCyrKOk7QRbZFY2XNhamGIWEYnR00/Y7QhaT8Dd5t1j4wzQqcmsoLztRR52zyTeFngEMVWyng+cokJ3rUNJVofHq7lCLRJo3yo8y4r2HSVOcMYvgs2KtpUjmNv3QNRmuB/34lN+v3GOldiscLKpjWsC8asKzy0lJEX/j9tlQrNo//u8jEqAfEGKqmT0uEhHN8NMMvwiEf72g5SbtCbapDY7nj/woWJ3NY+jIo1CWCwH1+6bFn0f3k/TL3C+leIB4lrVVKKD4u5CA9VtPWEI7LSqrqSYHTq6BXnKeno0BEjcLxDqsMBnWtJzSXPiCKXSJjKNw0wZzS+dYFb8eY+pCFAn1trrb15XSrYMTJzjcoQauPqU4VtjPdcaLyjFW0AtnJIf3JpVdEYIoMo4vm7VRFr3EnPcWIKicvzbHhpnqdiT/LfvlhNE1oN8pCV25ThVuHEspFRTBMwQFgJl48G+zgWHci0jz2h2rj77/4ydJRnZosiyqawhtNd9d148KFLZtOB4FQdTS8WpVUUXFGfQmjhy4Jq8qcjwwb6vw8jfUhbUQ+cYGl5afmBXwiEWHodbG9wkYKgz78EjZUCN+IbT1MCc0WjnwBMTstW1oZYI5riOeLmBmYKwMFGVyf68NtilgrrTWKsiTGuqmhbnNCEBevW5rTwZFCwsupHmv/xstr+NXIvFFRix5DbPwGvWQ436aW3EMPgPuNsFWfrrwUaqYlI2Xt3cqqsUEU5J6WUFLqdD2e9lj8VbpYa+PFFpHuKmJafjBaZruZ79LHZMAn9yU+ojvm4jKwIYj/o9DtXdpy3e0NOM386cZ3Xk9bUq5yj6Y/EGO+9TX5iv4ETD0zLnbY0o5vDCEIXDT1Q/0UgYlDopCmuEiE7YRjEDZuiHMXGPIbqFukG/I49lJ3h8ixWWcm6QfTLmSZUFA6TUxksfXJpjirudmqCvH9jouWmTYzjM+2u6euYBgRNIPsopwzPu2naJl+MKVidcm01CSMtrFdVoWcq3YqbCKDT6jjMyciCjj0a0hXQl8cfqPgdWgbZhGiIWJqsY1HBMHybh0H05YFKXB5kr3j7nCdvDEm3COVpOgHJ/qa00Wmrslm7jsjk2slvivqNlRSR5LGulBTu9UrSBch6dOPMgJXIgW1hBW/zKgF8T7HizSLaETsErwvEn85NJ7xnRkQ+hjkehEF6JkToDzXtuQt77c8V0Z6iq20gj+70nk3BSXqQhBF0/a3YVbXnEvkaBm2sOamXDXPljhkOSD8MW8h9gLMUsrtx+h3ulB+D3d+eaGf+Ea2mJyuwy1KegdLr1/5VESok43Dbv4o7/I4coTgl/jwzkCq1pYLQ/utHwJ48UFFMdSL/cBvxCSz/V1I5bp/E4/9VozNPvWOCyR7l3yyeIc52YYf04iQIiC1Vx8EvF/X9P2abPoQ4KYx4DzZ5Mu8LUfazBLR71mN2XZzIiVxnMwuOoXe0zSlJJYJmB20pEuc0myIGxNunLGhC8lZUhcmb83LxJ8kTM6CIvGn5gWz5vJyTPxUYe7Q9o7ady+xSCz/U7y6A3cTA801KIfMCHGdsUsJdEItsYv6s/PJNWjclpqrF30esiD8rFQLXLLBxkZJeG3g+1Gd0D++PcPQqpCO2agUF9X83b4V2F/Dm2axVKpuPXM4QslFgwLlAP2ArbhPU3zK0QtMVVtYUbHLqZiKT2mUHZSKdWAn/suuGcQUvQc2A17IQzO/axdJPsdryuCznnikKaYzixAWE+LPvdnOoOwTkhFLG77Cz3R5nbamBUikdEvkcet1OrOAoZv8E0yjde2PTab8RN8yNEF4gqb9L4cqi65q57ET9qupQojJRIuPaw23ny+fF2bDFEGZeHMa0HItwWSYRW6xKKjN9ZigXp0WNOZJsS3d0n2xLHcT02Yx2USr3+b9Y9ww/8k023kd68sUtJJRksru5pDDQZwxb13wk3yNokXpxE1MLTZzcRww0rCjZZI/+RCSJu2KomVEVVWqTTxsvoj9AXJUlXGrvisxw3hjYPQWHjsIzKvyOowPWL/1Dl9MIHs7k1RMAXZaDNpUQyRPylArnxGWnnRA+LKzafA2kcMr4pIP4qd+vHC2AOc5jDTwu4jSCKVtER8zxFQy5KU299NOlb7UxgboeK9yq92DkXpTybUflNlFxsQA3gy2drxK2DOk3wOsiI/AzAQ0S7bMmI6IS2ehHIgMQBiZYSfNB/i9C/zrSRfhKMF9Xb8Q9f6CHBD6IhPm0cCJoVTMe+/icdKhNyCKOnwVkwVTrgdXHrXfs46fjkEuCoRfvmnioG+tidiJ+agnSD9+70s6C+kDLZOFxOA0VTYCUbPIagGwqbqDrSFvfsQqGFDZS3odPyML816F8VtQc0248qy9TqG7uyQOYqhEvmIdP21Jk/7fpIE/8zOslvMzmbMelok9yCDbPLaYbsX8BaX42eEfbCBH+TI+K9WW975S61iWjbVEOUZvzUjFRTqRAWZHq9x7CB07JThODHR/f8XgBaFxMF2gpjHfUyBQax5Hqga84zGnciA6fuEUnzT/WaUcXuuoZk/a/47IIGb43oYN8DhZ6VTBJAHz6fo+h4i8W0OxzSingUKftGRWHU94nwNmzbwP9eDXwM1Qb7ka7HHBWU7vwRVTHsH0XmplFdTy6TBYx5h1yrnNtoe8cmhYXTUaNGBjuj+4pakjf/KzL+tAOH5bckuas6qdMpgcI7nbsWLup9vhwkHi9/utBgtWrnJMzQDahHEWmhQvaKHeWHpOHpIYlPX6i7Cs22jOINdaBAuWLHIQBac1JL8PYJ9JdeZTIPUakZkbJ5wsX/iqPYXPzWdEjoRdg96zLnz0lgDodFcdVEzZvUZ1CYZJ0bgpChwV2qlhuEzUMPs+PHnhtts3pafZMZZnCxrZgVNgV/ENt5y/oXWug2xRRMxoyVtf&u=U2FsdGVkX1/JavxyohGYwAJU/M+hzwn44Ua8t1ZJu041/VzXmP8Z+7KoJa3L7yDB&y=U2FsdGVkX18eJsA1/BmcL2A/Rdq5OT7WpFWnSlNKA8uPA4MAWi2BlqwFUn852fYq HTTP/1.1" 200 26
186.102.94.131 - - [13/Jul/2024:21:52:33 -0500] "GET /kwssiamovil/sm/acme/a?s=U2FsdGVkX1+6OqxYCwVhriPyOEJUuvFIHR4/uYpohBtdOXg44iYmKsYLs12iRBiHuKVY6tfVjEPjCfU1wNQw/cT5RkhHavOGw/VgLucOtlJdrRmtbjO+rtp5JUiYCWcP7qqOCcJjNdSCC6BijfiKYqSE598IKEJoFoNBmlTFEp4=&u=U2FsdGVkX1/JavxyohGYwAJU/M+hzwn44Ua8t1ZJu041/VzXmP8Z+7KoJa3L7yDB&y=U2FsdGVkX18eJsA1/BmcL2A/Rdq5OT7WpFWnSlNKA8uPA4MAWi2BlqwFUn852fYq HTTP/1.1" 200 26
186.102.94.131 - - [13/Jul/2024:21:52:33 -0500] "GET /kwssiamovil/sm/acme/a?s=U2FsdGVkX19KV6fdjDjMW/rW9zAstsdWZiE2OfxLd+aAcdbBoRlh5t43miM4C3Yg7JgHIzArpczZkJFaNJkVWb0es5VWt8FPHxxMXLRAorJWU8f1UPmXtHxyRVELi29pBGzZp5P4ZF3Jj8QYrCYwpvkjMLYwMjCLF5A/oG+Og3o=&u=U2FsdGVkX1/JavxyohGYwAJU/M+hzwn44Ua8t1ZJu041/VzXmP8Z+7KoJa3L7yDB&y=U2FsdGVkX18eJsA1/BmcL2A/Rdq5OT7WpFWnSlNKA8uPA4MAWi2BlqwFUn852fYq HTTP/1.1" 200 26
186.102.94.131 - - [13/Jul/2024:21:52:34 -0500] "GET /kwssiamovil/sm/acme/a?s=U2FsdGVkX18LO3Fy2ENW7oK25M5H9dnMCF9MrYPxGp8HlyS89ltfFPyfp/S22wCKYgW1oWWq64NK926PTDBpXKtmXS6IfLXox86JWWBxnZdcp26KNnJP5emp4i6FsjEoewaPgnLRyczu53H2UKPpvU3MNfumU5ahn6HRVj6wCSA=&u=U2FsdGVkX1/JavxyohGYwAJU/M+hzwn44Ua8t1ZJu041/VzXmP8Z+7KoJa3L7yDB&y=U2FsdGVkX18eJsA1/BmcL2A/Rdq5OT7WpFWnSlNKA8uPA4MAWi2BlqwFUn852fYq HTTP/1.1" 200 26
186.102.111.85 - - [13/Jul/2024:21:52:34 -0500] "GET /kwssiamovil/sm/acme/u?s=U2FsdGVkX1+R1UosTvvtVWL/6AdblhPL6tpnxB7MoJ6lf3junLKSy5fzQlfgvxk9otHgcbqjuGlV5fo/yS3FRHLeeaCYcYYJ6sNzU5Ozs33Hgtqyo7es0S4kswrlHPfdsx0cPMDJ+v6r2uamfNlcOXY15pCYGThbaACFCYDzLZs=&u=U2FsdGVkX19cdp4iRh4jbhwsTaCb42ocaRqKPfDKdLw=&y=U2FsdGVkX1/XwI6F1IuoDiK+MqIsak4Rc0LF2d09Vf+17yDwk8TG646oEe1yvQDB HTTP/1.1" 200 60
186.102.94.131 - - [13/Jul/2024:21:52:34 -0500] "GET /kwssiamovil/sm/acme/a?s=U2FsdGVkX1/9gD9PVoqoTiOMwfE8xooGm6Y/t11k18HZ8fbU7S9LtqvhFqluxidFXo6m7nnPDxafT7YKsFKh+gg/ZSw735dlpLAI77tXsYCrrXctxY7oXB0TCgnR7xvtyw+pP/fAMwXtHcoRfWPVaNxl15mwAYh6RYoncbHU9us6atPcJN5CCzWARObQXmEPWj+HJICDfRghy41G1eMmJQ==&u=U2FsdGVkX1/JavxyohGYwAJU/M+hzwn44Ua8t1ZJu041/VzXmP8Z+7KoJa3L7yDB&y=U2FsdGVkX18eJsA1/BmcL2A/Rdq5OT7WpFWnSlNKA8uPA4MAWi2BlqwFUn852fYq HTTP/1.1" 200 26
45.156.129.110 - - [13/Jul/2024:21:52:34 -0500] "GET /identity HTTP/1.1" 404 1018
200.118.80.110 - - [13/Jul/2024:21:52:37 -0500] "GET /sipse/faces/javax.faces.resource/layout/layout.css?ln=primefaces&v=4.0 HTTP/1.1" 304 -
200.118.80.110 - - [13/Jul/2024:21:52:37 -0500] "GET /sipse/faces/javax.faces.resource/theme.css?ln=primefaces-sipse HTTP/1.1" 304 -
200.118.80.110 - - [13/Jul/2024:21:52:37 -0500] "GET /sipse/faces/javax.faces.resource/primefaces.css?ln=primefaces&v=4.0 HTTP/1.1" 304 -
200.118.80.110 - - [13/Jul/2024:21:52:37 -0500] "GET /sipse/faces/javax.faces.resource/jquery/jquery.js?ln=primefaces&v=4.0 HTTP/1.1" 304 -
200.118.80.110 - - [13/Jul/2024:21:52:37 -0500] "GET /sipse/faces/javax.faces.resource/jquery/jquery-plugins.js?ln=primefaces&v=4.0 HTTP/1.1" 304 -
200.118.80.110 - - [13/Jul/2024:21:52:37 -0500] "GET /sipse/faces/javax.faces.resource/primefaces.js?ln=primefaces&v=4.0 HTTP/1.1" 304 -
200.118.80.110 - - [13/Jul/2024:21:52:37 -0500] "GET /sipse/faces/javax.faces.resource/layout/layout.js?ln=primefaces&v=4.0 HTTP/1.1" 304 -
200.118.80.110 - - [13/Jul/2024:21:52:37 -0500] "POST /sipse/faces/presentacion/sistema/anexos/cargarAnexoSolicitudProceso.xhtml HTTP/1.1" 200 168074
186.102.111.85 - - [13/Jul/2024:21:52:38 -0500] "GET /kwssiamovil/sm/acme/u?s=U2FsdGVkX19jP0B+w8rPT3HMmbgmNX4h83AdSFlzdI5U0Mn5ECvr9hglVVa+PeYE/H2aozsYAGBvLG7CV6R2JZpxBsUjHkhD92eP/niL+fVMVYAkeHBfG1YDiZoI7YrVQnf/ljSuUwBMPss2G88+Z8EoJSb5iYAQqEjXplZVZj0=&u=U2FsdGVkX19cdp4iRh4jbhwsTaCb42ocaRqKPfDKdLw=&y=U2FsdGVkX1/XwI6F1IuoDiK+MqIsak4Rc0LF2d09Vf+17yDwk8TG646oEe1yvQDB HTTP/1.1" 200 60
200.118.80.110 - - [13/Jul/2024:21:52:40 -0500] "POST /sipse/faces/presentacion/financiero/solicitudProceso/consultarSolicitudProceso.xhtml HTTP/1.1" 200 21131
200.118.80.110 - - [13/Jul/2024:21:52:40 -0500] "GET /sipse/faces/javax.faces.resource/theme.css?ln=primefaces-sipse HTTP/1.1" 304 -
200.118.80.110 - - [13/Jul/2024:21:52:40 -0500] "GET /sipse/faces/javax.faces.resource/primefaces.css?ln=primefaces&v=4.0 HTTP/1.1" 304 -
200.118.80.110 - - [13/Jul/2024:21:52:40 -0500] "GET /sipse/faces/javax.faces.resource/jquery/jquery-plugins.js?ln=primefaces&v=4.0 HTTP/1.1" 304 -
200.118.80.110 - - [13/Jul/2024:21:52:40 -0500] "GET /sipse/faces/javax.faces.resource/layout/layout.css?ln=primefaces&v=4.0 HTTP/1.1" 304 -
200.118.80.110 - - [13/Jul/2024:21:52:40 -0500] "GET /sipse/faces/javax.faces.resource/jquery/jquery.js?ln=primefaces&v=4.0 HTTP/1.1" 304 -
200.118.80.110 - - [13/Jul/2024:21:52:40 -0500] "GET /sipse/faces/javax.faces.resource/primefaces.js?ln=primefaces&v=4.0 HTTP/1.1" 304 -
200.118.80.110 - - [13/Jul/2024:21:52:40 -0500] "GET /sipse/faces/javax.faces.resource/fileupload/fileupload.css?ln=primefaces&v=4.0 HTTP/1.1" 304 -
200.118.80.110 - - [13/Jul/2024:21:52:40 -0500] "GET /sipse/faces/javax.faces.resource/layout/layout.js?ln=primefaces&v=4.0 HTTP/1.1" 304 -
200.118.80.110 - - [13/Jul/2024:21:52:40 -0500] "GET /sipse/faces/javax.faces.resource/fileupload/fileupload.js?ln=primefaces&v=4.0 HTTP/1.1" 304 -
200.118.80.110 - - [13/Jul/2024:21:52:49 -0500] "GET /sipse/faces/javax.faces.resource/theme.css?ln=primefaces-sipse HTTP/1.1" 304 -
200.118.80.110 - - [13/Jul/2024:21:52:49 -0500] "GET /sipse/faces/javax.faces.resource/layout/layout.css?ln=primefaces&v=4.0 HTTP/1.1" 304 -
200.118.80.110 - - [13/Jul/2024:21:52:49 -0500] "GET /sipse/faces/javax.faces.resource/primefaces.css?ln=primefaces&v=4.0 HTTP/1.1" 304 -
200.118.80.110 - - [13/Jul/2024:21:52:49 -0500] "GET /sipse/faces/javax.faces.resource/jquery/jquery.js?ln=primefaces&v=4.0 HTTP/1.1" 304 -
200.118.80.110 - - [13/Jul/2024:21:52:49 -0500] "GET /sipse/faces/javax.faces.resource/jquery/jquery-plugins.js?ln=primefaces&v=4.0 HTTP/1.1" 304 -
200.118.80.110 - - [13/Jul/2024:21:52:49 -0500] "GET /sipse/faces/javax.faces.resource/primefaces.js?ln=primefaces&v=4.0 HTTP/1.1" 304 -
200.118.80.110 - - [13/Jul/2024:21:52:49 -0500] "GET /sipse/faces/javax.faces.resource/layout/layout.js?ln=primefaces&v=4.0 HTTP/1.1" 304 -
200.118.80.110 - - [13/Jul/2024:21:52:48 -0500] "POST /sipse/faces/presentacion/sistema/anexos/cargarAnexoSolicitudProceso.xhtml HTTP/1.1" 200 169871
45.156.129.110 - - [13/Jul/2024:21:52:49 -0500] "GET /showLogin.cc HTTP/1.1" 404 1018
200.118.80.110 - - [13/Jul/2024:21:52:52 -0500] "POST /sipse/faces/presentacion/financiero/solicitudProceso/consultarSolicitudProceso.xhtml HTTP/1.1" 200 21131
200.118.80.110 - - [13/Jul/2024:21:52:52 -0500] "GET /sipse/faces/javax.faces.resource/theme.css?ln=primefaces-sipse HTTP/1.1" 304 -
200.118.80.110 - - [13/Jul/2024:21:52:52 -0500] "GET /sipse/faces/javax.faces.resource/primefaces.css?ln=primefaces&v=4.0 HTTP/1.1" 304 -
200.118.80.110 - - [13/Jul/2024:21:52:52 -0500] "GET /sipse/faces/javax.faces.resource/jquery/jquery.js?ln=primefaces&v=4.0 HTTP/1.1" 304 -
200.118.80.110 - - [13/Jul/2024:21:52:52 -0500] "GET /sipse/faces/javax.faces.resource/primefaces.js?ln=primefaces&v=4.0 HTTP/1.1" 304 -
200.118.80.110 - - [13/Jul/2024:21:52:52 -0500] "GET /sipse/faces/javax.faces.resource/layout/layout.css?ln=primefaces&v=4.0 HTTP/1.1" 304 -
200.118.80.110 - - [13/Jul/2024:21:52:52 -0500] "GET /sipse/faces/javax.faces.resource/jquery/jquery-plugins.js?ln=primefaces&v=4.0 HTTP/1.1" 304 -
200.118.80.110 - - [13/Jul/2024:21:52:52 -0500] "GET /sipse/faces/javax.faces.resource/fileupload/fileupload.css?ln=primefaces&v=4.0 HTTP/1.1" 304 -
200.118.80.110 - - [13/Jul/2024:21:52:52 -0500] "GET /sipse/faces/javax.faces.resource/layout/layout.js?ln=primefaces&v=4.0 HTTP/1.1" 304 -
200.118.80.110 - - [13/Jul/2024:21:52:52 -0500] "GET /sipse/faces/javax.faces.resource/fileupload/fileupload.js?ln=primefaces&v=4.0 HTTP/1.1" 304 -
47.128.26.254 - - [13/Jul/2024:21:52:54 -0500] "GET /BLA/resoluciones/AUTOS%202021/0245.php?act=f&d=E%3A%5Cnuevo%5Chtdocs%5CBLA%5Cresoluciones%5CAUTOS+2021%5C&f=6557.pdf&ft=img HTTP/1.1" 200 15948
45.156.129.110 - - [13/Jul/2024:21:53:01 -0500] "GET /Telerik.Web.UI.WebResource.axd?type=rau HTTP/1.1" 404 1018
200.118.80.110 - - [13/Jul/2024:21:53:05 -0500] "GET /sipse/faces/javax.faces.resource/theme.css?ln=primefaces-sipse HTTP/1.1" 304 -
200.118.80.110 - - [13/Jul/2024:21:53:05 -0500] "GET /sipse/faces/javax.faces.resource/layout/layout.css?ln=primefaces&v=4.0 HTTP/1.1" 304 -
200.118.80.110 - - [13/Jul/2024:21:53:05 -0500] "GET /sipse/faces/javax.faces.resource/jquery/jquery.js?ln=primefaces&v=4.0 HTTP/1.1" 304 -
200.118.80.110 - - [13/Jul/2024:21:53:05 -0500] "GET /sipse/faces/javax.faces.resource/primefaces.css?ln=primefaces&v=4.0 HTTP/1.1" 304 -
200.118.80.110 - - [13/Jul/2024:21:53:05 -0500] "GET /sipse/faces/javax.faces.resource/jquery/jquery-plugins.js?ln=primefaces&v=4.0 HTTP/1.1" 304 -
200.118.80.110 - - [13/Jul/2024:21:53:05 -0500] "GET /sipse/faces/javax.faces.resource/primefaces.js?ln=primefaces&v=4.0 HTTP/1.1" 304 -
200.118.80.110 - - [13/Jul/2024:21:53:05 -0500] "GET /sipse/faces/javax.faces.resource/layout/layout.js?ln=primefaces&v=4.0 HTTP/1.1" 304 -
200.118.80.110 - - [13/Jul/2024:21:53:02 -0500] "POST /sipse/faces/presentacion/sistema/anexos/cargarAnexoSolicitudProceso.xhtml HTTP/1.1" 200 171674
201.245.192.253 - - [13/Jul/2024:21:53:07 -0500] "GET /kwsrmcab/Wsrmcab?wsdl HTTP/1.1" 200 6948
200.118.80.110 - - [13/Jul/2024:21:53:09 -0500] "POST /sipse/faces/presentacion/financiero/solicitudProceso/consultarSolicitudProceso.xhtml HTTP/1.1" 200 21131
200.118.80.110 - - [13/Jul/2024:21:53:10 -0500] "GET /sipse/faces/javax.faces.resource/theme.css?ln=primefaces-sipse HTTP/1.1" 304 -
200.118.80.110 - - [13/Jul/2024:21:53:10 -0500] "GET /sipse/faces/javax.faces.resource/primefaces.css?ln=primefaces&v=4.0 HTTP/1.1" 304 -
200.118.80.110 - - [13/Jul/2024:21:53:10 -0500] "GET /sipse/faces/javax.faces.resource/primefaces.js?ln=primefaces&v=4.0 HTTP/1.1" 304 -
200.118.80.110 - - [13/Jul/2024:21:53:10 -0500] "GET /sipse/faces/javax.faces.resource/jquery/jquery.js?ln=primefaces&v=4.0 HTTP/1.1" 304 -
200.118.80.110 - - [13/Jul/2024:21:53:10 -0500] "GET /sipse/faces/javax.faces.resource/jquery/jquery-plugins.js?ln=primefaces&v=4.0 HTTP/1.1" 304 -
200.118.80.110 - - [13/Jul/2024:21:53:10 -0500] "GET /sipse/faces/javax.faces.resource/layout/layout.css?ln=primefaces&v=4.0 HTTP/1.1" 304 -
200.118.80.110 - - [13/Jul/2024:21:53:10 -0500] "GET /sipse/faces/javax.faces.resource/fileupload/fileupload.css?ln=primefaces&v=4.0 HTTP/1.1" 304 -
200.118.80.110 - - [13/Jul/2024:21:53:10 -0500] "GET /sipse/faces/javax.faces.resource/layout/layout.js?ln=primefaces&v=4.0 HTTP/1.1" 304 -
200.118.80.110 - - [13/Jul/2024:21:53:10 -0500] "GET /sipse/faces/javax.faces.resource/fileupload/fileupload.js?ln=primefaces&v=4.0 HTTP/1.1" 304 -
45.156.129.110 - - [13/Jul/2024:21:53:10 -0500] "GET /solr/ HTTP/1.1" 404 1018
47.128.22.36 - - [13/Jul/2024:21:53:29 -0500] "GET /BLA/resoluciones/AUTOS%202021/0245.php?act=f&d=E%3A%5Cnuevo%5Chtdocs%5CBLA%5Cresoluciones%5CAUTOS+2024%5C&f=00693.pdf&ft=img HTTP/1.1" 200 15979
191.156.56.29 - - [13/Jul/2024:21:53:33 -0500] "-" 408 -
172.22.2.4 - - [13/Jul/2024:21:51:55 -0500] "GET /BLA/boletinlegal/ HTTP/1.1" 200 57889
47.128.60.94 - - [13/Jul/2024:21:54:04 -0500] "GET /BLA/resoluciones/AUTOS%202021/0245.php?act=f&d=E%3A%5Cnuevo%5Chtdocs%5CBLA%5Cresoluciones%5CAUTOS+2021%5C&f=6411.pdf&ft=img HTTP/1.1" 200 15950
201.245.192.253 - - [13/Jul/2024:21:54:07 -0500] "GET /kwsrmcab/Wsrmcab?wsdl HTTP/1.1" 200 6948
172.22.2.4 - - [13/Jul/2024:21:52:47 -0500] "HEAD /BLA/boletinlegal/ HTTP/1.1" 200 -
190.66.216.147 - - [13/Jul/2024:21:54:37 -0500] "GET /BLA/resoluciones/index.php HTTP/1.1" 200 14105
190.66.216.147 - - [13/Jul/2024:21:54:38 -0500] "GET /BLA/resoluciones/index.php?dir=RESOLUCIONES+2021%2F HTTP/1.1" 200 447873
47.128.46.121 - - [13/Jul/2024:21:54:38 -0500] "GET /BLA/resoluciones/AUTOS%202021/0245.php?act=f&d=E%3A%5Cnuevo%5Chtdocs%5CBLA%5Cresoluciones%5CAUTOS+2021%5C&f=1909.pdf&ft=img HTTP/1.1" 200 15950
216.245.221.92 - - [13/Jul/2024:21:54:42 -0500] "HEAD / HTTP/1.1" 200 -
190.66.216.147 - - [13/Jul/2024:21:54:44 -0500] "GET /BLA/resoluciones/RESOLUCIONES%202021/2889.pdf HTTP/1.1" 200 629291
190.66.216.147 - - [13/Jul/2024:21:54:47 -0500] "GET /BLA/resoluciones/index.php?dir=RESOLUCIONES+2021%2F HTTP/1.1" 200 447873
190.66.216.147 - - [13/Jul/2024:21:54:48 -0500] "GET /BLA/resoluciones/index.php HTTP/1.1" 200 14105
190.66.216.147 - - [13/Jul/2024:21:54:50 -0500] "GET /BLA/resoluciones/index.php?dir=RESOLUCIONES+2022%2F HTTP/1.1" 200 331461
66.249.66.21 - - [13/Jul/2024:21:54:59 -0500] "GET /BLA/resoluciones/RESOLUCIONES%202007/RES%202007%20901%20AL%201000/RESOLUCION%200947%20DE%202007.pdf HTTP/1.1" 200 230236
66.249.66.20 - - [13/Jul/2024:21:55:00 -0500] "GET /BLA/resoluciones/RESOLUCIONES%202007/4077.pdf HTTP/1.1" 200 813685
66.249.66.20 - - [13/Jul/2024:21:55:00 -0500] "GET /BLA/resoluciones/RESOLUCIONES%202007/RES%202007%20101%20AL%20200/RESOLUCION%200171%20DE%202007.pdf HTTP/1.1" 200 40363
66.249.66.20 - - [13/Jul/2024:21:55:01 -0500] "GET /Publicaciones/2024EE130546.pdf HTTP/1.1" 404 228
66.249.66.19 - - [13/Jul/2024:21:55:01 -0500] "GET /Publicaciones/2024EE140457.pdf HTTP/1.1" 200 269612
66.249.66.19 - - [13/Jul/2024:21:55:02 -0500] "GET /BLA/resoluciones/RESOLUCIONES%202007/RES%202007%20801%20AL%20900/RESOLUCION%200808%20DE%202007.pdf HTTP/1.1" 200 157096
66.249.66.20 - - [13/Jul/2024:21:55:02 -0500] "GET /BLA/resoluciones/RESOLUCIONES%202007/RES%202007%201801%20AL%201900/RESOLUCION%201820%20DE%202007.pdf HTTP/1.1" 200 634039
66.249.66.20 - - [13/Jul/2024:21:55:03 -0500] "GET /BLA/resoluciones/RESOLUCIONES%202007/RES%202007%201201%20AL%201300/RESOLUCION%201276%20DE%202007.pdf HTTP/1.1" 200 489105
66.249.66.20 - - [13/Jul/2024:21:55:03 -0500] "GET /BLA/resoluciones/RESOLUCIONES%202007/RES%202007%20901%20AL%201000/RESOLUCION%200979%20DE%202007.pdf HTTP/1.1" 200 370716
66.249.66.20 - - [13/Jul/2024:21:55:04 -0500] "GET /BLA/resoluciones/RESOLUCIONES%202007/RES%202007%20101%20AL%20200/RESOLUCION%200175%20DE%202007.pdf HTTP/1.1" 200 384903
190.66.216.147 - - [13/Jul/2024:21:55:04 -0500] "GET /BLA/resoluciones/RESOLUCIONES%202022/0096.pdf HTTP/1.1" 200 396374
66.249.66.20 - - [13/Jul/2024:21:55:04 -0500] "GET /BLA/resoluciones/RESOLUCIONES%202007/RES%202007%20501%20AL%20600/RESOLUCION%200543%20DE%202007.pdf HTTP/1.1" 200 414876
66.249.66.20 - - [13/Jul/2024:21:55:05 -0500] "GET /BLA/resoluciones/RESOLUCIONES%202007/RES%202007%201201%20AL%201300/RESOLUCION%201213%20DE%202007.pdf HTTP/1.1" 200 743543
66.249.66.19 - - [13/Jul/2024:21:55:05 -0500] "GET /BLA/resoluciones/RESOLUCIONES%202007/RES%202007%204301%20AL%204352/RESOLUCION%204329%20DE%202007.pdf HTTP/1.1" 200 653903
201.244.116.161 - - [13/Jul/2024:21:55:05 -0500] "GET /BLA/resoluciones/index.php?dir=RESOLUCIONES+2006%2F HTTP/1.1" 200 40916
201.245.192.253 - - [13/Jul/2024:21:55:07 -0500] "GET /kwsrmcab/Wsrmcab?wsdl HTTP/1.1" 200 6948
201.244.116.161 - - [13/Jul/2024:21:55:09 -0500] "GET /BLA/resoluciones/index.php?dir=RESOLUCIONES+2006%2FRES+2006+551-600%2F HTTP/1.1" 200 12250
201.244.116.161 - - [13/Jul/2024:21:55:11 -0500] "GET /BLA/resoluciones/RESOLUCIONES%202006/RES%202006%20551-600/00000566.tif HTTP/1.1" 200 360574
47.128.53.29 - - [13/Jul/2024:21:55:14 -0500] "GET /BLA/resoluciones/AUTOS%202021/0245.php?act=f&d=E%3A%5Cnuevo%5CphpMyAdmin2%5Clibraries%5C&f=information_schema_relations.lib.php&ft=img HTTP/1.1" 200 15739
172.22.2.4 - - [13/Jul/2024:21:53:37 -0500] "GET /BLA/boletinlegal/ HTTP/1.1" 200 58720
201.245.192.253 - - [13/Jul/2024:21:55:46 -0500] "POST /kwsrmcab/Wsrmcab  HTTP/1.1" 200 38712
47.128.115.38 - - [13/Jul/2024:21:55:47 -0500] "GET /BLA/resoluciones/AUTOS%202021/0245.php?act=f&d=E%3A%5Cnuevo%5Chtdocs&f=apache_pb.png HTTP/1.1" 200 14087
201.245.192.253 - - [13/Jul/2024:21:56:07 -0500] "GET /kwsrmcab/Wsrmcab?wsdl HTTP/1.1" 200 6948
190.66.216.147 - - [13/Jul/2024:21:56:08 -0500] "GET /BLA/resoluciones/index.php HTTP/1.1" 200 14105
190.66.216.147 - - [13/Jul/2024:21:56:09 -0500] "GET /BLA/resoluciones/index.php?dir=RESOLUCIONES+2023%2F HTTP/1.1" 200 157758
190.66.216.147 - - [13/Jul/2024:21:56:14 -0500] "GET /BLA/resoluciones/RESOLUCIONES%202023/0096.pdf HTTP/1.1" 200 389446
47.128.53.56 - - [13/Jul/2024:21:56:22 -0500] "GET /BLA/resoluciones/AUTOS%202021/0245.php?act=f&d=E%3A%5Cnuevo%5Chtdocs%5CBLA%5Cresoluciones%5CRESOLUCIONES+2006%5CRES+2006+1951-2000&f=00001970.tif HTTP/1.1" 200 17693
52.167.144.145 - - [13/Jul/2024:21:56:40 -0500] "GET /BLA/resoluciones/RESOLUCIONES%202021/1457.pdf HTTP/1.1" 200 563948
172.22.2.4 - - [13/Jul/2024:21:56:01 -0500] "GET /BLA/boletinlegal/ HTTP/1.1" 200 36811
47.128.53.211 - - [13/Jul/2024:21:56:56 -0500] "GET /BLA/resoluciones/AUTOS%202021/0245.php?act=f&d=E%3A%5Cnuevo%5Chtdocs%5CBLA%5Cresoluciones%5CAUTOS+2021%5C&f=1408.pdf&ft=img HTTP/1.1" 200 15950
201.245.192.253 - - [13/Jul/2024:21:57:07 -0500] "GET /kwsrmcab/Wsrmcab?wsdl HTTP/1.1" 200 6948
172.22.2.4 - - [13/Jul/2024:21:57:30 -0500] "GET /BLA/boletinlegal/Circulares/2012/Circular%20No.%208%20del%2021%20de%20Agosto%20de%202012.pdf HTTP/1.1" 304 -
47.128.111.181 - - [13/Jul/2024:21:57:31 -0500] "GET /BLA/resoluciones/AUTOS%202021/0245.php?act=f&d=E%3A%5Cnuevo%5Chtdocs%5CBLA%5Cresoluciones%5CAUTOS+2021%5C&f=6590.pdf&ft=img HTTP/1.1" 200 15949
66.249.66.19 - - [13/Jul/2024:21:57:40 -0500] "GET /BLA/resoluciones/RESOLUCIONES%202016/1076.pdf HTTP/1.1" 200 551855
190.158.100.67 - - [13/Jul/2024:21:57:48 -0500] "GET /sipse/faces/index.xhtml HTTP/1.1" 200 677
190.158.100.67 - - [13/Jul/2024:21:57:48 -0500] "GET /sipse/faces/javax.faces.resource/theme.css?ln=primefaces-sipse HTTP/1.1" 304 -
190.158.100.67 - - [13/Jul/2024:21:57:48 -0500] "GET /sipse/faces/faces/autenticacion.xhtml HTTP/1.1" 200 12411
190.158.100.67 - - [13/Jul/2024:21:57:58 -0500] "GET /sipse/faces/javax.faces.resource/primefaces.css?ln=primefaces&v=4.0 HTTP/1.1" 304 -
190.158.100.67 - - [13/Jul/2024:21:57:58 -0500] "GET /sipse/faces/javax.faces.resource/theme.css?ln=primefaces-sipse HTTP/1.1" 304 -
190.158.100.67 - - [13/Jul/2024:21:57:58 -0500] "GET /sipse/faces/javax.faces.resource/layout/layout.css?ln=primefaces&v=4.0 HTTP/1.1" 200 542
190.158.100.67 - - [13/Jul/2024:21:57:59 -0500] "GET /sipse/faces/javax.faces.resource/jquery/jquery.js?ln=primefaces&v=4.0 HTTP/1.1" 304 -
190.158.100.67 - - [13/Jul/2024:21:57:59 -0500] "GET /sipse/faces/javax.faces.resource/jquery/jquery-plugins.js?ln=primefaces&v=4.0 HTTP/1.1" 304 -
190.158.100.67 - - [13/Jul/2024:21:57:59 -0500] "GET /sipse/faces/javax.faces.resource/primefaces.js?ln=primefaces&v=4.0 HTTP/1.1" 304 -
190.158.100.67 - - [13/Jul/2024:21:58:00 -0500] "GET /sipse/faces/javax.faces.resource/layout/layout.js?ln=primefaces&v=4.0 HTTP/1.1" 304 -
190.158.100.67 - - [13/Jul/2024:21:58:02 -0500] "GET /sipse/css/imagen/logoSDG.png HTTP/1.1" 304 -
47.128.46.186 - - [13/Jul/2024:21:58:06 -0500] "GET /BLA/resoluciones/AUTOS%202021/0245.php?act=f&d=E%3A%5Cnuevo%5Chtdocs%5Creqs%5C&f=footer.php&ft=info HTTP/1.1" 200 3680
201.245.192.253 - - [13/Jul/2024:21:58:07 -0500] "GET /kwsrmcab/Wsrmcab?wsdl HTTP/1.1" 200 6948
190.158.100.67 - - [13/Jul/2024:21:58:13 -0500] "GET /sipse/css/imagen/loginimg.png HTTP/1.1" 304 -
172.22.2.4 - - [13/Jul/2024:21:56:36 -0500] "GET /BLA/boletinlegal/ HTTP/1.1" 200 60730
47.128.46.162 - - [13/Jul/2024:21:58:40 -0500] "GET /BLA/resoluciones/AUTOS%202021/0245.php?act=f&d=E%3A%5Cnuevo%5CphpMyAdmin2%5Clibraries%5C&f=Scripts.class.php&ft=img HTTP/1.1" 200 15187
190.158.100.67 - - [13/Jul/2024:21:58:51 -0500] "GET /sipse/faces/javax.faces.resource/theme.css?ln=primefaces-sipse HTTP/1.1" 304 -
190.158.100.67 - - [13/Jul/2024:21:58:51 -0500] "GET /sipse/faces/javax.faces.resource/primefaces.css?ln=primefaces&v=4.0 HTTP/1.1" 304 -
190.158.100.67 - - [13/Jul/2024:21:58:54 -0500] "GET /sipse/faces/javax.faces.resource/layout/layout.css?ln=primefaces&v=4.0 HTTP/1.1" 304 -
190.158.100.67 - - [13/Jul/2024:21:58:54 -0500] "GET /sipse/faces/javax.faces.resource/jquery/jquery.js?ln=primefaces&v=4.0 HTTP/1.1" 304 -
190.158.100.67 - - [13/Jul/2024:21:58:55 -0500] "GET /sipse/faces/javax.faces.resource/jquery/jquery-plugins.js?ln=primefaces&v=4.0 HTTP/1.1" 304 -
66.249.66.21 - - [13/Jul/2024:21:58:59 -0500] "GET /BLA/resoluciones/AUTOS%202008/0845.pdf HTTP/1.1" 200 95028
66.249.66.20 - - [13/Jul/2024:21:59:01 -0500] "GET /BLA/resoluciones/AUTOS%202008/3224.pdf HTTP/1.1" 200 92880
66.249.66.20 - - [13/Jul/2024:21:59:03 -0500] "GET /BLA/resoluciones/AUTOS%202008/1007.pdf HTTP/1.1" 200 116677
66.249.66.19 - - [13/Jul/2024:21:59:06 -0500] "GET /BLA/resoluciones/AUTOS%202008/0666.pdf HTTP/1.1" 200 171543
201.245.192.253 - - [13/Jul/2024:21:59:07 -0500] "GET /kwsrmcab/Wsrmcab?wsdl HTTP/1.1" 200 6948
66.249.66.19 - - [13/Jul/2024:21:59:08 -0500] "GET /BLA/resoluciones/AUTOS%202008/1580.pdf HTTP/1.1" 200 132221
66.249.66.19 - - [13/Jul/2024:21:59:10 -0500] "GET /BLA/resoluciones/AUTOS%202008/2655.pdf HTTP/1.1" 200 68009
66.249.66.19 - - [13/Jul/2024:21:59:12 -0500] "GET /BLA/resoluciones/AUTOS%202008/1374.pdf HTTP/1.1" 200 75769
66.249.66.19 - - [13/Jul/2024:21:59:15 -0500] "GET /BLA/resoluciones/AUTOS%202008/0481.pdf HTTP/1.1" 200 130727
47.128.99.240 - - [13/Jul/2024:21:59:15 -0500] "GET /BLA/resoluciones/AUTOS%202021/0245.php?act=f&d=E%3A%5Cnuevo%5Chtdocs%5CBLA%5Cresoluciones%5CAUTOS+2021%5C&f=2788.pdf&ft=img HTTP/1.1" 200 15949
66.249.66.19 - - [13/Jul/2024:21:59:17 -0500] "GET /BLA/resoluciones/AUTOS%202008/0163.pdf HTTP/1.1" 200 158973
66.249.66.19 - - [13/Jul/2024:21:59:19 -0500] "GET /BLA/resoluciones/AUTOS%202008/0146.pdf HTTP/1.1" 200 290510
66.249.66.19 - - [13/Jul/2024:21:59:21 -0500] "GET /BLA/resoluciones/AUTOS%202008/0654.pdf HTTP/1.1" 200 327063
66.249.66.19 - - [13/Jul/2024:21:59:24 -0500] "GET /BLA/resoluciones/AUTOS%202008/0673.pdf HTTP/1.1" 200 299993
66.249.66.19 - - [13/Jul/2024:21:59:26 -0500] "GET /BLA/resoluciones/AUTOS%202008/3053.pdf HTTP/1.1" 200 67408
66.249.66.19 - - [13/Jul/2024:21:59:28 -0500] "GET /BLA/resoluciones/AUTOS%202008/0691.pdf HTTP/1.1" 200 395275
66.249.66.19 - - [13/Jul/2024:21:59:31 -0500] "GET /BLA/resoluciones/AUTOS%202008/0251.pdf HTTP/1.1" 200 98724
66.249.66.19 - - [13/Jul/2024:21:59:37 -0500] "GET /BLA/resoluciones/AUTOS%202008/3436.pdf HTTP/1.1" 200 187836
216.245.221.92 - - [13/Jul/2024:21:59:42 -0500] "HEAD / HTTP/1.1" 200 -
47.128.17.62 - - [13/Jul/2024:21:59:49 -0500] "GET /BLA/resoluciones/AUTOS%202021/0245.php?act=f&d=E%3A%5Cnuevo%5Chtdocs%5CBLA%5Cresoluciones%5CAUTOS+2021%5C&f=0364.pdf&ft=img HTTP/1.1" 200 15950
201.245.192.253 - - [13/Jul/2024:22:00:07 -0500] "GET /kwsrmcab/Wsrmcab?wsdl HTTP/1.1" 200 6948
172.22.2.4 - - [13/Jul/2024:21:58:37 -0500] "HEAD /BLA/boletinlegal/ HTTP/1.1" 200 -
66.249.66.19 - - [13/Jul/2024:22:00:22 -0500] "GET /BLA/resoluciones/AUTOS%202020/0923.pdf HTTP/1.1" 200 1043135
47.128.121.243 - - [13/Jul/2024:22:00:24 -0500] "GET /BLA/resoluciones/AUTOS%202021/0245.php?act=f&d=E%3A%5Cnuevo%5Chtdocs%5CBLA%5Cresoluciones%5CRESOLUCIONES+2006%5CRES+2006+201-250%5C&f=00000229.tif&ft=img HTTP/1.1" 200 17592
201.245.192.253 - - [13/Jul/2024:22:00:46 -0500] "POST /kwsrmcab/Wsrmcab  HTTP/1.1" 200 38712
190.158.100.67 - - [13/Jul/2024:21:58:38 -0500] "GET /sipse/faces/faces/autenticacion.xhtml HTTP/1.1" 200 12411
190.158.100.67 - - [13/Jul/2024:22:00:54 -0500] "GET /sipse/faces/javax.faces.resource/images/ui-icons_898989_256x240.png?ln=primefaces-aristo HTTP/1.1" 304 -
190.158.100.67 - - [13/Jul/2024:22:00:59 -0500] "GET /sipse/faces/index.xhtml HTTP/1.1" 200 677
190.158.100.67 - - [13/Jul/2024:22:00:59 -0500] "GET /sipse/faces/javax.faces.resource/theme.css?ln=primefaces-sipse HTTP/1.1" 304 -
190.158.100.67 - - [13/Jul/2024:22:00:59 -0500] "GET /sipse/faces/faces/autenticacion.xhtml HTTP/1.1" 200 12411
190.158.100.67 - - [13/Jul/2024:22:00:59 -0500] "GET /sipse/faces/javax.faces.resource/theme.css?ln=primefaces-sipse HTTP/1.1" 304 -
190.158.100.67 - - [13/Jul/2024:22:00:59 -0500] "GET /sipse/faces/javax.faces.resource/primefaces.css?ln=primefaces&v=4.0 HTTP/1.1" 304 -
190.158.100.67 - - [13/Jul/2024:22:00:59 -0500] "GET /sipse/faces/javax.faces.resource/layout/layout.css?ln=primefaces&v=4.0 HTTP/1.1" 304 -
190.158.100.67 - - [13/Jul/2024:22:00:59 -0500] "GET /sipse/faces/javax.faces.resource/jquery/jquery-plugins.js?ln=primefaces&v=4.0 HTTP/1.1" 304 -
190.158.100.67 - - [13/Jul/2024:22:00:59 -0500] "GET /sipse/faces/javax.faces.resource/jquery/jquery.js?ln=primefaces&v=4.0 HTTP/1.1" 304 -
190.158.100.67 - - [13/Jul/2024:22:00:59 -0500] "GET /sipse/faces/javax.faces.resource/primefaces.js?ln=primefaces&v=4.0 HTTP/1.1" 304 -
190.158.100.67 - - [13/Jul/2024:22:00:59 -0500] "GET /sipse/faces/javax.faces.resource/layout/layout.js?ln=primefaces&v=4.0 HTTP/1.1" 304 -
47.128.22.24 - - [13/Jul/2024:22:00:59 -0500] "GET /BLA/resoluciones/AUTOS%202021/0245.php?act=f&d=E%3A%5Cnuevo%5Chtdocs%5CBLA%5Cresoluciones%5CAUTOS+2021%5C&f=4114.pdf&ft=img HTTP/1.1" 200 15950
201.245.192.253 - - [13/Jul/2024:22:01:07 -0500] "GET /kwsrmcab/Wsrmcab?wsdl HTTP/1.1" 200 6948
172.22.2.4 - - [13/Jul/2024:21:59:27 -0500] "GET /BLA/boletinlegal/ HTTP/1.1" 200 57485
190.158.100.67 - - [13/Jul/2024:22:01:09 -0500] "GET /sipse/faces/javax.faces.resource/images/ui-icons_898989_256x240.png?ln=primefaces-aristo HTTP/1.1" 304 -
47.128.45.83 - - [13/Jul/2024:22:01:33 -0500] "GET /BLA/resoluciones/AUTOS%202021/0245.php?act=f&d=E%3A%5Cnuevo%5Chtdocs%5CBLA%5Cresoluciones%5CRESOLUCIONES+2006%5CRES+2006+351-400&f=00000397.tif HTTP/1.1" 200 17589
66.249.66.19 - - [13/Jul/2024:22:01:57 -0500] "GET /BLA/resoluciones/AUTOS%202023/07921.pdf HTTP/1.1" 200 418810
66.249.66.20 - - [13/Jul/2024:22:01:58 -0500] "GET /BLA/resoluciones/RESOLUCIONES%202021/4098.pdf HTTP/1.1" 304 -
66.249.66.19 - - [13/Jul/2024:22:01:58 -0500] "GET /Publicaciones/2024EE84777.pdf HTTP/1.1" 404 227
66.249.66.21 - - [13/Jul/2024:22:01:58 -0500] "GET /BLA/resoluciones/AUTOS%202008/1136.pdf HTTP/1.1" 200 67091
66.249.66.19 - - [13/Jul/2024:22:01:59 -0500] "GET /residuos/impresion/files/guia_impresion-lit.pdf HTTP/1.1" 200 12573981
190.158.100.67 - - [13/Jul/2024:22:02:03 -0500] "GET /sipse/faces/javax.faces.resource/images/ui-icons_898989_256x240.png?ln=primefaces-aristo HTTP/1.1" 304 -
66.249.66.20 - - [13/Jul/2024:22:02:04 -0500] "GET /BLA/resoluciones/AUTOS%202008/3194.pdf HTTP/1.1" 200 99118
66.249.66.20 - - [13/Jul/2024:22:02:04 -0500] "GET /BLA/resoluciones/AUTOS%202020/1735.pdf HTTP/1.1" 200 2516582
66.249.66.20 - - [13/Jul/2024:22:02:04 -0500] "GET /BLA/resoluciones/AUTOS%202020/4952.pdf HTTP/1.1" 200 676937
66.249.66.19 - - [13/Jul/2024:22:02:05 -0500] "GET /BLA/resoluciones/AUTOS%202008/3466.pdf HTTP/1.1" 200 134767
66.249.66.19 - - [13/Jul/2024:22:02:05 -0500] "GET /BLA/resoluciones/AUTOS%202020/3335.pdf HTTP/1.1" 200 376497
190.158.100.67 - - [13/Jul/2024:22:02:06 -0500] "POST /sipse/faces/autenticacion.xhtml HTTP/1.1" 200 2223
190.158.100.67 - - [13/Jul/2024:22:02:06 -0500] "GET /sipse/faces/javax.faces.resource/messages/messages.png?ln=primefaces&v=4.0 HTTP/1.1" 304 -
66.249.66.20 - - [13/Jul/2024:22:02:06 -0500] "GET /BLA/resoluciones/AUTOS%202023/10569.pdf HTTP/1.1" 200 462379
66.249.66.20 - - [13/Jul/2024:22:02:06 -0500] "GET /BLA/resoluciones/AUTOS%202008/1596.pdf HTTP/1.1" 200 128381
201.245.192.253 - - [13/Jul/2024:22:02:07 -0500] "GET /kwsrmcab/Wsrmcab?wsdl HTTP/1.1" 200 6948
47.128.41.156 - - [13/Jul/2024:22:02:08 -0500] "GET /BLA/resoluciones/AUTOS%202021/0245.php?act=f&d=E%3A%5Cnuevo%5Chtdocs%5CBLA%5Cresoluciones%5CRESOLUCIONES+2006%5CRES+2006+201-250&f=00000238.tif HTTP/1.1" 200 17589
190.158.100.67 - - [13/Jul/2024:22:02:09 -0500] "POST /sipse/faces/autenticacion.xhtml HTTP/1.1" 200 16343
190.158.100.67 - - [13/Jul/2024:22:02:10 -0500] "GET /sipse/css/custom_css_sg_prime.css HTTP/1.1" 304 -
190.158.100.67 - - [13/Jul/2024:22:02:10 -0500] "GET /sipse/faces/javax.faces.resource/primefaces.css?ln=primefaces&v=4.0 HTTP/1.1" 304 -
172.22.2.4 - - [13/Jul/2024:22:00:30 -0500] "HEAD /BLA/boletinlegal/ HTTP/1.1" 200 -
190.158.100.67 - - [13/Jul/2024:22:02:11 -0500] "GET /sipse/faces/javax.faces.resource/theme.css?ln=primefaces-sipse HTTP/1.1" 304 -
190.158.100.67 - - [13/Jul/2024:22:02:11 -0500] "GET /sipse/faces/javax.faces.resource/layout/layout.css?ln=primefaces&v=4.0 HTTP/1.1" 304 -
190.158.100.67 - - [13/Jul/2024:22:02:11 -0500] "GET /sipse/js/jquery.min.js HTTP/1.1" 304 -
190.158.100.67 - - [13/Jul/2024:22:02:11 -0500] "GET /sipse/faces/javax.faces.resource/jquery/jquery.js?ln=primefaces&v=4.0 HTTP/1.1" 304 -
190.158.100.67 - - [13/Jul/2024:22:02:12 -0500] "GET /sipse/faces/javax.faces.resource/jquery/jquery-plugins.js?ln=primefaces&v=4.0 HTTP/1.1" 304 -
190.158.100.67 - - [13/Jul/2024:22:02:12 -0500] "GET /sipse/faces/javax.faces.resource/primefaces.js?ln=primefaces&v=4.0 HTTP/1.1" 304 -
190.158.100.67 - - [13/Jul/2024:22:02:13 -0500] "GET /sipse/faces/javax.faces.resource/layout/layout.js?ln=primefaces&v=4.0 HTTP/1.1" 304 -
190.158.100.67 - - [13/Jul/2024:22:02:13 -0500] "GET /sipse/css/v_mergente.css HTTP/1.1" 304 -
190.158.100.67 - - [13/Jul/2024:22:02:13 -0500] "GET /sipse/imagenes/cargando.gif HTTP/1.1" 304 -
190.158.100.67 - - [13/Jul/2024:22:02:13 -0500] "GET /sipse/css/imagen/contrasena.png HTTP/1.1" 404 383
190.158.100.67 - - [13/Jul/2024:22:02:13 -0500] "GET /sipse/imagenes/logoAplicacion.jpg HTTP/1.1" 304 -
190.158.100.67 - - [13/Jul/2024:22:02:13 -0500] "POST /sipse/faces/bienvenido.xhtml HTTP/1.1" 200 732
190.158.100.67 - - [13/Jul/2024:22:02:14 -0500] "GET /sipse/faces/javax.faces.resource/images/ui-bg_flat_0_2d5972_40x100.png?ln=primefaces-aristo HTTP/1.1" 304 -
190.158.100.67 - - [13/Jul/2024:22:02:14 -0500] "POST /sipse/faces/bienvenido.xhtml HTTP/1.1" 200 732
