200.118.80.110 - - [13/Jul/2024:18:41:56 -0500] "GET /sipse/faces/javax.faces.resource/primefaces.js?ln=primefaces&v=4.0 HTTP/1.1" 304 -
200.118.80.110 - - [13/Jul/2024:18:41:56 -0500] "GET /sipse/faces/javax.faces.resource/layout/layout.js?ln=primefaces&v=4.0 HTTP/1.1" 304 -
200.118.80.110 - - [13/Jul/2024:18:41:56 -0500] "POST /sipse/faces/presentacion/financiero/estudioPrevio/personalSolicitado/personalSolicitadoSolicitudProceso.xhtml HTTP/1.1" 200 182544
186.147.100.177 - - [13/Jul/2024:18:41:59 -0500] "POST /sipse/faces/presentacion/financiero/solicitudProceso/consultar.xhtml HTTP/1.1" 200 156081
186.147.100.177 - - [13/Jul/2024:18:42:00 -0500] "GET /sipse/faces/javax.faces.resource/primefaces.css?ln=primefaces&v=4.0 HTTP/1.1" 304 -
186.147.100.177 - - [13/Jul/2024:18:42:00 -0500] "GET /sipse/faces/javax.faces.resource/layout/layout.css?ln=primefaces&v=4.0 HTTP/1.1" 304 -
186.147.100.177 - - [13/Jul/2024:18:42:00 -0500] "GET /sipse/faces/javax.faces.resource/theme.css?ln=primefaces-sipse HTTP/1.1" 304 -
186.147.100.177 - - [13/Jul/2024:18:42:00 -0500] "GET /sipse/faces/javax.faces.resource/jquery/jquery.js?ln=primefaces&v=4.0 HTTP/1.1" 304 -
186.147.100.177 - - [13/Jul/2024:18:42:01 -0500] "GET /sipse/faces/javax.faces.resource/jquery/jquery-plugins.js?ln=primefaces&v=4.0 HTTP/1.1" 304 -
186.147.100.177 - - [13/Jul/2024:18:42:01 -0500] "GET /sipse/faces/javax.faces.resource/primefaces.js?ln=primefaces&v=4.0 HTTP/1.1" 304 -
186.147.100.177 - - [13/Jul/2024:18:42:01 -0500] "GET /sipse/faces/javax.faces.resource/layout/layout.js?ln=primefaces&v=4.0 HTTP/1.1" 304 -
216.244.66.195 - - [13/Jul/2024:18:42:02 -0500] "GET /BLA/resoluciones/AUTOS%202012/1829.pdf HTTP/1.1" 200 302384
200.118.80.110 - - [13/Jul/2024:18:42:01 -0500] "POST /sipse/faces/presentacion/financiero/solicitudProceso/consultarSolicitudProceso.xhtml HTTP/1.1" 200 37249
200.118.80.110 - - [13/Jul/2024:18:42:04 -0500] "GET /sipse/faces/javax.faces.resource/theme.css?ln=primefaces-sipse HTTP/1.1" 304 -
200.118.80.110 - - [13/Jul/2024:18:42:04 -0500] "GET /sipse/faces/javax.faces.resource/layout/layout.css?ln=primefaces&v=4.0 HTTP/1.1" 304 -
200.118.80.110 - - [13/Jul/2024:18:42:04 -0500] "GET /sipse/faces/javax.faces.resource/primefaces.css?ln=primefaces&v=4.0 HTTP/1.1" 304 -
200.118.80.110 - - [13/Jul/2024:18:42:04 -0500] "GET /sipse/faces/javax.faces.resource/jquery/jquery.js?ln=primefaces&v=4.0 HTTP/1.1" 304 -
200.118.80.110 - - [13/Jul/2024:18:42:04 -0500] "GET /sipse/faces/javax.faces.resource/jquery/jquery-plugins.js?ln=primefaces&v=4.0 HTTP/1.1" 304 -
200.118.80.110 - - [13/Jul/2024:18:42:04 -0500] "GET /sipse/faces/javax.faces.resource/primefaces.js?ln=primefaces&v=4.0 HTTP/1.1" 304 -
200.118.80.110 - - [13/Jul/2024:18:42:04 -0500] "GET /sipse/faces/javax.faces.resource/layout/layout.js?ln=primefaces&v=4.0 HTTP/1.1" 304 -
200.118.80.110 - - [13/Jul/2024:18:42:04 -0500] "POST /sipse/faces/presentacion/financiero/solicitudProceso/listarSolicitudProceso.xhtml HTTP/1.1" 200 1404
47.128.61.162 - - [13/Jul/2024:18:42:07 -0500] "GET /BLA/resoluciones/AUTOS%202021/0245.php?act=f&f=9107.pdf HTTP/1.1" 200 2739
201.245.192.253 - - [13/Jul/2024:18:42:07 -0500] "GET /kwsrmcab/Wsrmcab?wsdl HTTP/1.1" 200 6948
186.147.100.177 - - [13/Jul/2024:18:42:08 -0500] "POST /sipse/faces/presentacion/financiero/solicitudProceso/consultarSolicitudProceso.xhtml HTTP/1.1" 200 5522
200.118.80.110 - - [13/Jul/2024:18:42:15 -0500] "POST /sipse/faces/presentacion/financiero/solicitudProceso/listarSolicitudProceso.xhtml HTTP/1.1" 200 24915
66.249.66.19 - - [13/Jul/2024:18:42:16 -0500] "GET /BLA/resoluciones/AUTOS%202020/4401.pdf HTTP/1.1" 200 391962
200.118.80.110 - - [13/Jul/2024:18:42:17 -0500] "POST /sipse/faces/presentacion/financiero/solicitudProceso/listarSolicitudProceso.xhtml HTTP/1.1" 200 131330
200.118.80.110 - - [13/Jul/2024:18:42:18 -0500] "GET /sipse/faces/javax.faces.resource/theme.css?ln=primefaces-sipse HTTP/1.1" 304 -
200.118.80.110 - - [13/Jul/2024:18:42:18 -0500] "GET /sipse/faces/javax.faces.resource/layout/layout.css?ln=primefaces&v=4.0 HTTP/1.1" 304 -
200.118.80.110 - - [13/Jul/2024:18:42:18 -0500] "GET /sipse/faces/javax.faces.resource/primefaces.css?ln=primefaces&v=4.0 HTTP/1.1" 304 -
200.118.80.110 - - [13/Jul/2024:18:42:18 -0500] "GET /sipse/faces/javax.faces.resource/jquery/jquery.js?ln=primefaces&v=4.0 HTTP/1.1" 304 -
200.118.80.110 - - [13/Jul/2024:18:42:18 -0500] "GET /sipse/faces/javax.faces.resource/jquery/jquery-plugins.js?ln=primefaces&v=4.0 HTTP/1.1" 304 -
200.118.80.110 - - [13/Jul/2024:18:42:18 -0500] "GET /sipse/faces/javax.faces.resource/primefaces.js?ln=primefaces&v=4.0 HTTP/1.1" 304 -
200.118.80.110 - - [13/Jul/2024:18:42:18 -0500] "GET /sipse/faces/javax.faces.resource/layout/layout.js?ln=primefaces&v=4.0 HTTP/1.1" 304 -
216.244.66.195 - - [13/Jul/2024:18:42:30 -0500] "GET /BLA/resoluciones/AUTOS%202012/1853.pdf HTTP/1.1" 200 301167
47.128.19.37 - - [13/Jul/2024:18:42:41 -0500] "GET /BLA/resoluciones/AUTOS%202021/0245.php?act=f&f=7473.pdf HTTP/1.1" 200 2740
200.118.80.110 - - [13/Jul/2024:18:42:57 -0500] "POST /sipse/faces/presentacion/financiero/solicitudProceso/consultarSolicitudProceso.xhtml HTTP/1.1" 200 6867
216.244.66.195 - - [13/Jul/2024:18:43:00 -0500] "GET /BLA/resoluciones/RESOLUCIONES%202019/1031.pdf HTTP/1.1" 200 498861
200.118.80.110 - - [13/Jul/2024:18:42:59 -0500] "POST /sipse/faces/presentacion/financiero/solicitudProceso/consultarSolicitudProceso.xhtml HTTP/1.1" 200 37246
200.118.80.110 - - [13/Jul/2024:18:43:03 -0500] "GET /sipse/faces/javax.faces.resource/theme.css?ln=primefaces-sipse HTTP/1.1" 304 -
200.118.80.110 - - [13/Jul/2024:18:43:03 -0500] "GET /sipse/faces/javax.faces.resource/primefaces.css?ln=primefaces&v=4.0 HTTP/1.1" 304 -
200.118.80.110 - - [13/Jul/2024:18:43:03 -0500] "GET /sipse/faces/javax.faces.resource/layout/layout.css?ln=primefaces&v=4.0 HTTP/1.1" 304 -
200.118.80.110 - - [13/Jul/2024:18:43:04 -0500] "GET /sipse/faces/javax.faces.resource/jquery/jquery.js?ln=primefaces&v=4.0 HTTP/1.1" 304 -
200.118.80.110 - - [13/Jul/2024:18:43:04 -0500] "GET /sipse/faces/javax.faces.resource/jquery/jquery-plugins.js?ln=primefaces&v=4.0 HTTP/1.1" 304 -
200.118.80.110 - - [13/Jul/2024:18:43:04 -0500] "GET /sipse/faces/javax.faces.resource/primefaces.js?ln=primefaces&v=4.0 HTTP/1.1" 304 -
200.118.80.110 - - [13/Jul/2024:18:43:04 -0500] "GET /sipse/faces/javax.faces.resource/layout/layout.js?ln=primefaces&v=4.0 HTTP/1.1" 304 -
200.118.80.110 - - [13/Jul/2024:18:43:04 -0500] "POST /sipse/faces/presentacion/financiero/solicitudProceso/listarSolicitudProceso.xhtml HTTP/1.1" 200 1404
201.245.192.253 - - [13/Jul/2024:18:43:07 -0500] "GET /kwsrmcab/Wsrmcab?wsdl HTTP/1.1" 200 6948
201.245.192.253 - - [13/Jul/2024:18:43:11 -0500] "POST /kwsrmcab/Wsrmcab  HTTP/1.1" 200 38712
200.118.80.110 - - [13/Jul/2024:18:43:13 -0500] "POST /sipse/faces/presentacion/financiero/solicitudProceso/listarSolicitudProceso.xhtml HTTP/1.1" 200 24909
47.128.111.175 - - [13/Jul/2024:18:43:16 -0500] "GET /BLA/resoluciones/AUTOS%202021/0245.php?act=chmod&f=7097.pdf HTTP/1.1" 200 2714
114.119.132.170 - - [13/Jul/2024:18:43:31 -0500] "GET /BLA/resoluciones/index.php?dir=RESOLUCIONES%2B2011/&sort=date&order=desc HTTP/1.1" 200 14311
173.252.95.7 - - [13/Jul/2024:18:43:33 -0500] "GET /se-aproxima-nueva-jornada-de-recoleccion-masiva-de-residuos-especiales-y-peligrosos-en-bogota.html HTTP/1.1" 200 1048
173.252.95.10 - - [13/Jul/2024:18:43:33 -0500] "GET /se-aproxima-nueva-jornada-de-recoleccion-masiva-de-residuos-especiales-y-peligrosos-en-bogota.html HTTP/1.1" 200 1048
216.244.66.195 - - [13/Jul/2024:18:43:43 -0500] "GET /BLA/resoluciones/RESOLUCIONES%202019/1889.pdf HTTP/1.1" 200 286770
47.128.19.232 - - [13/Jul/2024:18:43:51 -0500] "GET /BLA/resoluciones/AUTOS%202021/0245.php?act=f&f=sess_in21kf9h9g36498stjodk42sf4 HTTP/1.1" 200 2761
172.22.2.4 - - [13/Jul/2024:18:42:11 -0500] "HEAD /BLA/boletinlegal/ HTTP/1.1" 200 -
172.22.2.4 - - [13/Jul/2024:18:42:22 -0500] "GET /BLA/boletinlegal/ HTTP/1.1" 200 46859
201.245.192.253 - - [13/Jul/2024:18:44:07 -0500] "GET /kwsrmcab/Wsrmcab?wsdl HTTP/1.1" 200 6948
216.244.66.195 - - [13/Jul/2024:18:44:13 -0500] "GET /BLA/resoluciones/RESOLUCIONES%202019/2194.pdf HTTP/1.1" 200 284094
47.128.34.141 - - [13/Jul/2024:18:44:25 -0500] "GET /BLA/resoluciones/AUTOS%202021/0245.php?act=f&f=6194.pdf HTTP/1.1" 200 2739
40.77.167.36 - - [13/Jul/2024:18:44:30 -0500] "GET /BLA/resoluciones/AUTOS%202024/01666.pdf HTTP/1.1" 200 411352
172.22.2.4 - - [13/Jul/2024:18:43:02 -0500] "GET /BLA/boletinlegal/ HTTP/1.1" 200 49224
216.244.66.195 - - [13/Jul/2024:18:44:42 -0500] "GET /BLA/resoluciones/RESOLUCIONES%202019/2352.pdf HTTP/1.1" 200 261395
47.128.29.128 - - [13/Jul/2024:18:45:02 -0500] "GET /BLA/resoluciones/AUTOS%202021/0245.php?act=chmod&f=6142.pdf HTTP/1.1" 200 2714
201.245.192.253 - - [13/Jul/2024:18:45:07 -0500] "GET /kwsrmcab/Wsrmcab?wsdl HTTP/1.1" 200 6948
216.244.66.195 - - [13/Jul/2024:18:45:10 -0500] "GET /BLA/resoluciones/AUTOS%202007/1049.pdf HTTP/1.1" 200 35632
47.128.29.103 - - [13/Jul/2024:18:45:34 -0500] "GET /BLA/resoluciones/AUTOS%202021/0245.php?act=f&base64=4&f=jquery.form.min.js HTTP/1.1" 200 2748
216.244.66.195 - - [13/Jul/2024:18:45:37 -0500] "GET /BLA/resoluciones/AUTOS%202007/1096.pdf HTTP/1.1" 200 27452
216.244.66.195 - - [13/Jul/2024:18:46:03 -0500] "GET /BLA/resoluciones/AUTOS%202007/1275.pdf HTTP/1.1" 200 83975
201.245.192.253 - - [13/Jul/2024:18:46:07 -0500] "GET /kwsrmcab/Wsrmcab?wsdl HTTP/1.1" 200 6948
47.128.22.189 - - [13/Jul/2024:18:46:09 -0500] "GET /BLA/resoluciones/AUTOS%202021/0245.php?act=f&f=RESOLUCION+7189+DE+2010.PDF HTTP/1.1" 200 2765
216.244.66.195 - - [13/Jul/2024:18:46:29 -0500] "GET /BLA/resoluciones/AUTOS%202007/1361.pdf HTTP/1.1" 200 27589
52.167.144.219 - - [13/Jul/2024:18:46:32 -0500] "GET /BLA/resoluciones/RESOLUCIONES%202021/1952.pdf HTTP/1.1" 304 -
216.245.221.92 - - [13/Jul/2024:18:46:35 -0500] "HEAD / HTTP/1.1" 200 -
47.128.29.115 - - [13/Jul/2024:18:46:44 -0500] "GET /BLA/resoluciones/AUTOS%202021/0245.php?act=f&c=1&f=7238.pdf HTTP/1.1" 200 2740
216.244.66.195 - - [13/Jul/2024:18:46:53 -0500] "GET /BLA/resoluciones/AUTOS%202007/1373.pdf HTTP/1.1" 200 32903
172.22.2.4 - - [13/Jul/2024:18:45:21 -0500] "GET /BLA/boletinlegal/ HTTP/1.1" 200 61913
201.245.192.253 - - [13/Jul/2024:18:47:07 -0500] "GET /kwsrmcab/Wsrmcab?wsdl HTTP/1.1" 200 6948
216.244.66.195 - - [13/Jul/2024:18:47:16 -0500] "GET /BLA/resoluciones/AUTOS%202007/1572.pdf HTTP/1.1" 200 28946
47.128.38.223 - - [13/Jul/2024:18:47:18 -0500] "GET /BLA/resoluciones/AUTOS%202021/0245.php?act=chmod&f=7088.pdf HTTP/1.1" 200 2714
216.244.66.195 - - [13/Jul/2024:18:47:37 -0500] "GET /BLA/resoluciones/AUTOS%202007/1814.pdf HTTP/1.1" 200 29452
47.128.118.24 - - [13/Jul/2024:18:47:53 -0500] "GET /BLA/resoluciones/AUTOS%202021/0245.php?act=f&c=1&f=05891.pdf HTTP/1.1" 200 2740
216.244.66.195 - - [13/Jul/2024:18:47:58 -0500] "GET /BLA/resoluciones/AUTOS%202009/0766.pdf HTTP/1.1" 200 175472
201.245.192.253 - - [13/Jul/2024:18:48:07 -0500] "GET /kwsrmcab/Wsrmcab?wsdl HTTP/1.1" 200 6948
201.245.192.253 - - [13/Jul/2024:18:48:10 -0500] "POST /kwsrmcab/Wsrmcab  HTTP/1.1" 200 38712
216.244.66.195 - - [13/Jul/2024:18:48:18 -0500] "GET /BLA/resoluciones/AUTOS%202009/1360.pdf HTTP/1.1" 200 139506
172.22.2.4 - - [13/Jul/2024:18:48:26 -0500] "GET /BLA/boletinlegal/.env HTTP/1.1" 404 1018
47.128.56.47 - - [13/Jul/2024:18:48:27 -0500] "GET /BLA/resoluciones/AUTOS%202021/0245.php?act=f&f=RESOLUCION+6919+DE+2010.PDF HTTP/1.1" 200 2765
216.244.66.195 - - [13/Jul/2024:18:48:37 -0500] "GET /BLA/resoluciones/AUTOS%202009/1398.pdf HTTP/1.1" 200 116226
172.22.2.4 - - [13/Jul/2024:18:47:04 -0500] "GET /BLA/boletinlegal/ HTTP/1.1" 200 57136
216.244.66.195 - - [13/Jul/2024:18:48:55 -0500] "GET /BLA/resoluciones/AUTOS%202009/1667.pdf HTTP/1.1" 200 163925
47.128.56.76 - - [13/Jul/2024:18:49:02 -0500] "GET /BLA/resoluciones/AUTOS%202021/0245.php?act=chmod&f=6317.pdf HTTP/1.1" 200 2714
201.245.192.253 - - [13/Jul/2024:18:49:07 -0500] "GET /kwsrmcab/Wsrmcab?wsdl HTTP/1.1" 200 6948
216.244.66.195 - - [13/Jul/2024:18:49:12 -0500] "GET /BLA/resoluciones/AUTOS%202009/1779.pdf HTTP/1.1" 200 97386
172.22.2.4 - - [13/Jul/2024:18:48:27 -0500] "POST /BLA/boletinlegal/ HTTP/1.1" 200 24523
216.244.66.195 - - [13/Jul/2024:18:49:29 -0500] "GET /BLA/resoluciones/AUTOS%202009/1844.pdf HTTP/1.1" 200 100855
201.244.143.15 - - [13/Jul/2024:18:49:33 -0500] "GET /webfile/1ibre/jscalendar/img.gif HTTP/1.1" 503 1124
201.244.143.15 - - [13/Jul/2024:18:49:33 -0500] "GET /webfile/1ibre/images/spacer.gif HTTP/1.1" 503 1124
201.244.143.15 - - [13/Jul/2024:18:49:33 -0500] "GET /webfile/1ibre/1ibre.css HTTP/1.1" 503 1124
201.244.143.15 - - [13/Jul/2024:18:49:34 -0500] "GET /webfile/1ibre/images/spacer.gif HTTP/1.1" 503 1124
47.128.56.3 - - [13/Jul/2024:18:49:36 -0500] "GET /BLA/resoluciones/AUTOS%202021/0245.php?act=f&f=RESOLUCION+1334+DE+2010.PDF HTTP/1.1" 200 2765
172.22.2.4 - - [13/Jul/2024:18:48:01 -0500] "HEAD /BLA/boletinlegal/ HTTP/1.1" 200 -
216.244.66.195 - - [13/Jul/2024:18:49:46 -0500] "GET /BLA/resoluciones/AUTOS%202009/1917.pdf HTTP/1.1" 200 352485
216.244.66.195 - - [13/Jul/2024:18:50:01 -0500] "GET /BLA/resoluciones/AUTOS%202009/2225.pdf HTTP/1.1" 200 125160
201.245.192.253 - - [13/Jul/2024:18:50:07 -0500] "GET /kwsrmcab/Wsrmcab?wsdl HTTP/1.1" 200 6948
47.128.112.92 - - [13/Jul/2024:18:50:11 -0500] "GET /BLA/resoluciones/AUTOS%202021/0245.php?act=f&c=1&f=05412.pdf HTTP/1.1" 200 2740
216.244.66.195 - - [13/Jul/2024:18:50:15 -0500] "GET /BLA/resoluciones/AUTOS%202009/2284.pdf HTTP/1.1" 200 104832
216.244.66.195 - - [13/Jul/2024:18:50:27 -0500] "GET /BLA/resoluciones/AUTOS%202009/2635.pdf HTTP/1.1" 200 98599
172.22.2.4 - - [13/Jul/2024:18:48:52 -0500] "GET /BLA/boletinlegal/ HTTP/1.1" 200 53818
216.244.66.195 - - [13/Jul/2024:18:50:39 -0500] "GET /BLA/resoluciones/AUTOS%202009/2792.pdf HTTP/1.1" 200 73450
47.128.51.112 - - [13/Jul/2024:18:50:45 -0500] "GET /BLA/resoluciones/AUTOS%202021/0245.php?act=chmod&f=7838.pdf HTTP/1.1" 200 2714
216.244.66.195 - - [13/Jul/2024:18:50:49 -0500] "GET /BLA/resoluciones/AUTOS%202009/2865.pdf HTTP/1.1" 200 118079
52.167.144.19 - - [13/Jul/2024:18:50:57 -0500] "GET /siipev/ HTTP/1.1" 200 493
216.244.66.195 - - [13/Jul/2024:18:50:58 -0500] "GET /BLA/resoluciones/AUTOS%202009/2868.pdf HTTP/1.1" 200 129051
216.244.66.195 - - [13/Jul/2024:18:51:07 -0500] "GET /BLA/resoluciones/AUTOS%202011/0026.pdf HTTP/1.1" 200 134077
201.245.192.253 - - [13/Jul/2024:18:51:07 -0500] "GET /kwsrmcab/Wsrmcab?wsdl HTTP/1.1" 200 6948
216.244.66.195 - - [13/Jul/2024:18:51:14 -0500] "GET /BLA/resoluciones/AUTOS%202011/0105.pdf HTTP/1.1" 200 182021
47.128.50.84 - - [13/Jul/2024:18:51:20 -0500] "GET /BLA/resoluciones/AUTOS%202021/0245.php?act=f&base64=2&f=3855.pdf HTTP/1.1" 200 3033
216.244.66.195 - - [13/Jul/2024:18:51:27 -0500] "GET /BLA/resoluciones/AUTOS%202011/0153.pdf HTTP/1.1" 200 178087
52.167.144.19 - - [13/Jul/2024:18:51:32 -0500] "GET /autoliquidacion2020/index.php?dir=Fauna+silvestre%2F HTTP/1.1" 200 3403
216.245.221.92 - - [13/Jul/2024:18:51:35 -0500] "HEAD / HTTP/1.1" 200 -
216.244.66.195 - - [13/Jul/2024:18:51:36 -0500] "GET /BLA/resoluciones/AUTOS%202011/0905.pdf HTTP/1.1" 200 148855
66.249.66.20 - - [13/Jul/2024:18:51:40 -0500] "GET /BLA/resoluciones/Notificaciones/AUTOS%202024/3241.pdf HTTP/1.1" 200 341391
216.244.66.195 - - [13/Jul/2024:18:51:45 -0500] "GET /BLA/resoluciones/AUTOS%202011/0952.pdf HTTP/1.1" 200 155387
66.249.66.19 - - [13/Jul/2024:18:51:51 -0500] "GET /Publicaciones/2023EE218970.pdf HTTP/1.1" 404 228
172.22.2.4 - - [13/Jul/2024:18:51:18 -0500] "GET /BLA/boletinlegal/ HTTP/1.1" 200 24523
47.128.35.223 - - [13/Jul/2024:18:51:55 -0500] "GET /BLA/resoluciones/AUTOS%202021/0245.php?act=f&f=7139.pdf HTTP/1.1" 200 2739
216.244.66.195 - - [13/Jul/2024:18:52:00 -0500] "GET /BLA/resoluciones/AUTOS%202011/0984.pdf HTTP/1.1" 200 349601
52.167.144.19 - - [13/Jul/2024:18:52:00 -0500] "GET /catalogoisis/comb.php HTTP/1.1" 200 4013
186.102.111.85 - - [13/Jul/2024:18:52:04 -0500] "OPTIONS /kwssiamovil/sm/setfile/f? HTTP/1.1" 200 13
201.245.192.253 - - [13/Jul/2024:18:52:07 -0500] "GET /kwsrmcab/Wsrmcab?wsdl HTTP/1.1" 200 6948
186.102.111.85 - - [13/Jul/2024:18:52:04 -0500] "POST /kwssiamovil/sm/setfile/f? HTTP/1.1" 200 381
186.102.111.85 - - [13/Jul/2024:18:52:08 -0500] "OPTIONS /kwssiamovil/sm/setfile/f? HTTP/1.1" 200 13
186.102.111.85 - - [13/Jul/2024:18:52:08 -0500] "POST /kwssiamovil/sm/setfile/f? HTTP/1.1" 200 381
216.244.66.195 - - [13/Jul/2024:18:52:13 -0500] "GET /BLA/resoluciones/AUTOS%202011/1523.pdf HTTP/1.1" 200 141620
216.244.66.195 - - [13/Jul/2024:18:52:26 -0500] "GET /BLA/resoluciones/AUTOS%202011/2670.pdf HTTP/1.1" 200 146703
47.128.62.12 - - [13/Jul/2024:18:52:29 -0500] "GET /BLA/resoluciones/AUTOS%202021/0245.php?act=chmod&f=7009.pdf HTTP/1.1" 200 2714
52.167.144.219 - - [13/Jul/2024:18:52:31 -0500] "GET /catalogoisis/Css/Pft.css HTTP/1.1" 200 3933
52.167.144.219 - - [13/Jul/2024:18:52:31 -0500] "GET /catalogoisis/Js/Cookies.js HTTP/1.1" 200 1369
52.167.144.218 - - [13/Jul/2024:18:52:35 -0500] "GET /catalogoisis/Js/Marcados.js HTTP/1.1" 200 1327
52.167.144.218 - - [13/Jul/2024:18:52:35 -0500] "GET /catalogoisis/Js/Remote.js HTTP/1.1" 200 436
216.244.66.195 - - [13/Jul/2024:18:52:38 -0500] "GET /BLA/resoluciones/AUTOS%202011/3009.pdf HTTP/1.1" 200 110462
216.244.66.195 - - [13/Jul/2024:18:52:47 -0500] "GET /BLA/resoluciones/AUTOS%202011/3072.pdf HTTP/1.1" 200 310355
47.128.111.162 - - [13/Jul/2024:18:53:04 -0500] "GET /BLA/resoluciones/AUTOS%202021/0245.php?act=chmod&f=RESOLUCION+6525+DE+2010.PDF HTTP/1.1" 200 2714
201.245.192.253 - - [13/Jul/2024:18:53:07 -0500] "GET /kwsrmcab/Wsrmcab?wsdl HTTP/1.1" 200 6948
201.245.192.253 - - [13/Jul/2024:18:53:09 -0500] "POST /kwsrmcab/Wsrmcab  HTTP/1.1" 200 38712
66.249.66.19 - - [13/Jul/2024:18:53:15 -0500] "GET /BLA/resoluciones/AUTOS%202020/0228.pdf HTTP/1.1" 200 270240
66.249.66.19 - - [13/Jul/2024:18:53:23 -0500] "GET /autoliquidacion/Auto%20Declaraci%C3%B3nTr%C3%A1mite%20de%20Licenciamiento%20Urban%C3%ADstico%20y%20Actos%20de%20Reconocimiento%20de%20Usos%20Industriales/Anexo%201.%20Formato%20de%20calificaci%C3%B3n%20de%20usos%20industrial.pdf HTTP/1.1" 200 403314
216.244.66.195 - - [13/Jul/2024:18:53:24 -0500] "GET /BLA/resoluciones/AUTOS%202011/3163.pdf HTTP/1.1" 200 265739
172.22.2.4 - - [13/Jul/2024:18:51:48 -0500] "GET /BLA/boletinlegal/ HTTP/1.1" 200 61446
47.128.41.192 - - [13/Jul/2024:18:53:38 -0500] "GET /BLA/resoluciones/AUTOS%202021/0245.php?act=f&f=7031.pdf HTTP/1.1" 200 2740
216.244.66.195 - - [13/Jul/2024:18:53:57 -0500] "GET /BLA/resoluciones/AUTOS%202011/3275.pdf HTTP/1.1" 200 216155
186.102.111.85 - - [13/Jul/2024:18:53:58 -0500] "GET /kwssiamovil/sm/acme/a?s=U2FsdGVkX18nOCmnQaIqvdzcXH8cq9AoKk8Hrke9SEitIkcXopAs+WDs0j0VRJ6b01xxdT5flrv+GSvno6bhqRSIiF/0QJ/nGV97qigJLAP2XPsmSNgj1X+fjY7hgK7CfxUhzbUrHyxYLXqpWRqpbQX9tTjgqxavtJSH52dHqmOwiqjksTIA/bbGo3nyfzeyiPAsRpZ2t6ENUDSNuknMGoOlupm9PBAtg3s7x65ZMYq/XpZvBNi1EGwMKOE5lHxfsdltaLFSynaWeJqIrUR1lw==&u=U2FsdGVkX19cdp4iRh4jbhwsTaCb42ocaRqKPfDKdLw=&y=U2FsdGVkX1/XwI6F1IuoDiK+MqIsak4Rc0LF2d09Vf+17yDwk8TG646oEe1yvQDB HTTP/1.1" 200 26
186.102.111.85 - - [13/Jul/2024:18:53:58 -0500] "GET /kwssiamovil/sm/acme/a?s=U2FsdGVkX195xOpwrlVokL98tVKZoofbwC2/sF48OqznfYn6lBsFN8SwImvyS01H9zQJ1KdBW1ZoheyCnY4r7Z/kpX1O6IynUSGPoBzKuNUL4B1+LWrWdRuQJK89MpQ4GmBIl/zVhYbN3M+GOpd+Vwvid5947OD1TsNidtp2Pq/eoyQs9071lpEp2+MrvxKQSw+OkNQiHs8/9xpSGisxLjApYp2YGl4ZbpaG30ZvOFpy5n8KcWJdKGwO3d8OFUEStYSxVWLGJD7FyCMTGmFm5UEjUrR3pomWqXMRokJg91d9VJitvnz3cxKulDhA5HpbMmtBdC8LYPotmnqWPUUJXFr93amZD23SXDSP2MMpcPunWBijr5VIm4wE9JmLb72ZOEB+eg1vugCPMLW2lTT1wRgJv+OUVUlxVkIfIrU4I67VMyCSJl5t76MBBvXITcfA73YKvFrnN3N6W9OpbLWWN4K53cK8uU/TPfe+NwEJChNDYORfzXyaZNmTxhjlvnRNETNNLwNlDhAM+pkG22/uUorTYMDPTMN/YdzG/ACCWeaRw2i7Ylm6fau9v/UVHRJw/6FxwD6KVWsLZy7X5NczZDHKE92Rtyp3NAUMmCcS3QrwLoBIVq5scgczHzV8xxtIR5Vp/VvW17RiyO1cP51uEH2BYTbhpC9iaLcJPim+5/MkQDekwlMTY67TrAWYeUABmLcGA4uLBZ4YVGXDVgXXhTBEAG4XU+8KMVo0sujVBpkzykf5BbJMIPyH2A0kESFVKDKITv+aGvvwmqi0Yt8kyw1/7C0DeSy5CW+/+u+iolk9L3Gc2Ea/I6CECBO8VEFtF8rA6YOE7YceeV6ve9qhuiR2y49XxgL1KXud8ZYTpx2cyBN14Dy+CfuJiEjxnZdwL9c8E6v/AgTFg8R4aW7P1OBoGFjYormko/rZoR/gyGBEMX2Uc1acodM+SiNQ1HEQVHhD9ZbNipCH66XrPOiIklFJDEFNfOaoqYHyirCYWZrd7IL2qQfm5jGPRW5o0en2K0GHmZwPxdZ4cIO07LewpphBZu3iRby7hi3Umx9sRyPDrfrJrqL9urfq8pa4TWoujvjW5wbkA1+T7j+WdqtAlKouSm/DVpAEHbmSePmttVv02AMzS3UtKo6wPnQqK+qSYTIDAzLArjOKBm57ICllVZcrmG2z89XTOiTGwyoJ/zQ=&u=U2FsdGVkX19cdp4iRh4jbhwsTaCb42ocaRqKPfDKdLw=&y=U2FsdGVkX1/XwI6F1IuoDiK+MqIsak4Rc0LF2d09Vf+17yDwk8TG646oEe1yvQDB HTTP/1.1" 200 26
186.102.111.85 - - [13/Jul/2024:18:53:59 -0500] "GET /kwssiamovil/sm/acme/a?s=U2FsdGVkX19SiExIYn1J6kiATUnHCUOvfnpQdS0AnX3VM/oTaAny6n9LLRXR6ZcLQW5DMChAyjr7kbY+LbfP0V0VYSHoBWVvBY1kZRhur0gFeG4cAtCCBgOhb2CRvQU5VmLsWlV9wCQsW/kmpHWkbgjpYTHj8g+93QVK2E1uMRE=&u=U2FsdGVkX19cdp4iRh4jbhwsTaCb42ocaRqKPfDKdLw=&y=U2FsdGVkX1/XwI6F1IuoDiK+MqIsak4Rc0LF2d09Vf+17yDwk8TG646oEe1yvQDB HTTP/1.1" 200 26
186.102.111.85 - - [13/Jul/2024:18:53:59 -0500] "GET /kwssiamovil/sm/acme/a?s=U2FsdGVkX18XlLVvDT7TQ1i4acVhmN9tejOGpntks4C8TYrOkhwGOKwYNpuE0WzL2L2qIo2NzUyzyrkLaESdpTj6UOcAaMCArLzETX1LwtRDJZsyRGW/pi3+WwjPhxkqtolqA+goqeOD5BC+9xNVTdLa3vK1NpJ81NQvOdosiZc=&u=U2FsdGVkX19cdp4iRh4jbhwsTaCb42ocaRqKPfDKdLw=&y=U2FsdGVkX1/XwI6F1IuoDiK+MqIsak4Rc0LF2d09Vf+17yDwk8TG646oEe1yvQDB HTTP/1.1" 200 26
186.102.111.85 - - [13/Jul/2024:18:53:59 -0500] "GET /kwssiamovil/sm/acme/a?s=U2FsdGVkX18CQLzP4JnyRuOMGby4vl0UtfAVZmWGAqSuYQayMjQtjmnrlckdZYLw3OgI+mcSS9Xdxm6xT2zK1M9/hVjW2LbOiJ1wTJMhlf1A2sajmwfoTSnZEY21MsQl0ckfaev3BLgxUTmlh5WhqN5EqU4w8PiX38x1XJMUqQg=&u=U2FsdGVkX19cdp4iRh4jbhwsTaCb42ocaRqKPfDKdLw=&y=U2FsdGVkX1/XwI6F1IuoDiK+MqIsak4Rc0LF2d09Vf+17yDwk8TG646oEe1yvQDB HTTP/1.1" 200 26
186.102.111.85 - - [13/Jul/2024:18:53:59 -0500] "GET /kwssiamovil/sm/acme/a?s=U2FsdGVkX1+UVCE660uPlziYdW25RY74hh1kCWjSHzfzVrT20YkecdS1CFip84Nl4+h2D4SLPXd7enyFDmqSrZRgSq5pWqHlA8aTbfN3GRr2u3jg0jnI7zDUiz4dK/GiFvNEbIDwNg+Q2oP2nJHinncuzswj9fA3TYzxUSJwpJaay0GlSL96hmApnPDo2kEa&u=U2FsdGVkX19cdp4iRh4jbhwsTaCb42ocaRqKPfDKdLw=&y=U2FsdGVkX1/XwI6F1IuoDiK+MqIsak4Rc0LF2d09Vf+17yDwk8TG646oEe1yvQDB HTTP/1.1" 200 26
186.102.111.85 - - [13/Jul/2024:18:54:00 -0500] "GET /kwssiamovil/sm/acme/a?s=U2FsdGVkX18yI8IpbcCYHESRI1ymn2vuRs2uImPAlSUkSlLwjMnoY7RRUNXmrsVyPcEgNeeljfnjym60CVbGlfQtIpST1xnXhJOccEDcORZhxcAEB5cLrS90a1rrygjSY6igGLIoZK4N/8wMqJAA+iGFxgeGhnvCvTXJOt+ngILmeW5H6DTOZz2gfFJjQvc2b3kplDEupPxRKASUTZOBzNgYDQPSkSyvQSrIIkld8NE=&u=U2FsdGVkX19cdp4iRh4jbhwsTaCb42ocaRqKPfDKdLw=&y=U2FsdGVkX1/XwI6F1IuoDiK+MqIsak4Rc0LF2d09Vf+17yDwk8TG646oEe1yvQDB HTTP/1.1" 200 26
186.102.111.85 - - [13/Jul/2024:18:54:00 -0500] "GET /kwssiamovil/sm/acme/a?s=U2FsdGVkX1/g4nA8uzWaQdMiPKAOcmpj5XAQCAwa9ompozJM0cMcNYwZDTW6bxBUBXry/X4/7LK/QGsDyaFjDde98IlVkIMvaIfp6CoJLJxrJrUgmXSnE19sppWjoYz/LK91wT+qX1Nx3Xujaos7Qwmo057QSbxue1/QHqzAOND8SfCPH3QFTJ0ObU3wVnZCdBqLbZrYqX7olpjpV7FF3w==&u=U2FsdGVkX19cdp4iRh4jbhwsTaCb42ocaRqKPfDKdLw=&y=U2FsdGVkX1/XwI6F1IuoDiK+MqIsak4Rc0LF2d09Vf+17yDwk8TG646oEe1yvQDB HTTP/1.1" 200 26
186.102.111.85 - - [13/Jul/2024:18:54:00 -0500] "GET /kwssiamovil/sm/acme/a?s=U2FsdGVkX1+cTSmFH6NkgMJKyKOpMiNYbEfw4q1yLh0SIUjBoDevsrEdSipS24bv4bdLe7UaUZpS42ordd3VeujXPATmRX7XMCL+0dSbXh9uRnaPHEeJWFUdazFfQnLitaML5E4m+oV2gS6jDWYQRW6tix8XGflQ2+BJirMqFEjvDEPILTroZSVP+8gnQZZXd2qIgJ8JXFmVh2fQVCGUfeg5kkNAg+SF8L1o7yOa4FE=&u=U2FsdGVkX19cdp4iRh4jbhwsTaCb42ocaRqKPfDKdLw=&y=U2FsdGVkX1/XwI6F1IuoDiK+MqIsak4Rc0LF2d09Vf+17yDwk8TG646oEe1yvQDB HTTP/1.1" 200 26
186.102.111.85 - - [13/Jul/2024:18:54:00 -0500] "GET /kwssiamovil/sm/acme/a?s=U2FsdGVkX189IR10M64XPCB1XkLj/yjoZu0spNTy4o28F36WYlv5D3soyB5AS+ypg2dyaT1SADou6Rn5v6uxbEv4MCW3ublDTOLC1SwgPhAH+99EdfpKUO5pU95yeOb4x5jizRpTSITbsABdDFakwbq3p6eykd4RsrXwea6QFkQnVEc6mpWcxU6+tnjamCvm6enZIUVqVB5j0pBuEHqdPQ==&u=U2FsdGVkX19cdp4iRh4jbhwsTaCb42ocaRqKPfDKdLw=&y=U2FsdGVkX1/XwI6F1IuoDiK+MqIsak4Rc0LF2d09Vf+17yDwk8TG646oEe1yvQDB HTTP/1.1" 200 26
201.245.192.253 - - [13/Jul/2024:18:54:07 -0500] "GET /kwsrmcab/Wsrmcab?wsdl HTTP/1.1" 200 6948
47.128.120.43 - - [13/Jul/2024:18:54:13 -0500] "GET /BLA/resoluciones/AUTOS%202021/0245.php?act=f&f=7524.pdf HTTP/1.1" 200 2739
66.249.66.19 - - [13/Jul/2024:18:54:15 -0500] "GET /BLA/resoluciones/AUTOS%202020/4226.pdf HTTP/1.1" 200 348384
66.249.66.19 - - [13/Jul/2024:18:54:16 -0500] "GET /BLA/resoluciones/index.php?dir=AUTOS+2008%2F HTTP/1.1" 200 569644
66.249.66.19 - - [13/Jul/2024:18:54:17 -0500] "GET /BLA/resoluciones/RESOLUCIONES%202007/RES%202007%203401%20AL%203500/RESOLUCION%203404%20DE%202007.pdf HTTP/1.1" 200 426577
172.22.2.4 - - [13/Jul/2024:18:54:21 -0500] "GET /BLA/boletinlegal/style.css HTTP/1.1" 200 9406
172.22.2.4 - - [13/Jul/2024:18:54:21 -0500] "GET /BLA/boletinlegal/styles2.css HTTP/1.1" 200 1838
172.22.2.4 - - [13/Jul/2024:18:54:21 -0500] "GET /BLA/boletinlegal/js/jquery.js HTTP/1.1" 200 57254
172.22.2.4 - - [13/Jul/2024:18:54:21 -0500] "GET /BLA/boletinlegal/js/jquery.scrollTo-min.js HTTP/1.1" 200 1150
172.22.2.4 - - [13/Jul/2024:18:54:21 -0500] "GET /BLA/boletinlegal/js/jquery.scrollShow.js HTTP/1.1" 200 4586
172.22.2.4 - - [13/Jul/2024:18:54:21 -0500] "GET /BLA/boletinlegal/images/cabezote%20BLEGAL.jpg HTTP/1.1" 200 118164
172.22.2.4 - - [13/Jul/2024:18:54:21 -0500] "GET /BLA/boletinlegal/images/screen_1.png HTTP/1.1" 200 202547
172.22.2.4 - - [13/Jul/2024:18:54:21 -0500] "GET /BLA/boletinlegal/images/subscribe-icon-big.png HTTP/1.1" 200 47702
172.22.2.4 - - [13/Jul/2024:18:54:21 -0500] "GET /BLA/boletinlegal/images/historia.png HTTP/1.1" 200 52775
172.22.2.4 - - [13/Jul/2024:18:54:21 -0500] "GET /BLA/boletinlegal/images/arr_l.jpg HTTP/1.1" 200 1979
172.22.2.4 - - [13/Jul/2024:18:54:21 -0500] "GET /BLA/boletinlegal/images/registro-usuarios.png HTTP/1.1" 200 8106
172.22.2.4 - - [13/Jul/2024:18:54:21 -0500] "GET /BLA/boletinlegal/images/launch.jpg HTTP/1.1" 200 14577
172.22.2.4 - - [13/Jul/2024:18:54:21 -0500] "GET /BLA/boletinlegal/images/body_bg.jpg HTTP/1.1" 200 1601
172.22.2.4 - - [13/Jul/2024:18:54:21 -0500] "GET /BLA/boletinlegal/images/menu_lft.gif HTTP/1.1" 200 1713
172.22.2.4 - - [13/Jul/2024:18:54:21 -0500] "GET /BLA/boletinlegal/images/menu_rght.gif HTTP/1.1" 200 1627
172.22.2.4 - - [13/Jul/2024:18:54:21 -0500] "GET /BLA/boletinlegal/images/bg_top.jpg HTTP/1.1" 200 522
172.22.2.4 - - [13/Jul/2024:18:54:21 -0500] "GET /BLA/boletinlegal/images/menu_bg.jpg HTTP/1.1" 200 620
172.22.2.4 - - [13/Jul/2024:18:54:21 -0500] "GET /BLA/boletinlegal/images/hover.jpg HTTP/1.1" 200 640
172.22.2.4 - - [13/Jul/2024:18:54:21 -0500] "GET /BLA/boletinlegal/images/text.jpg HTTP/1.1" 200 568
172.22.2.4 - - [13/Jul/2024:18:54:23 -0500] "GET /BLA/boletinlegal/actos.php HTTP/1.1" 200 9738
172.22.2.4 - - [13/Jul/2024:18:54:23 -0500] "GET /BLA/boletinlegal/js/ajax_actos.js HTTP/1.1" 200 1322
172.22.2.4 - - [13/Jul/2024:18:54:23 -0500] "GET /BLA/boletinlegal/niceforms.js HTTP/1.1" 200 22876
172.22.2.4 - - [13/Jul/2024:18:54:23 -0500] "GET /BLA/boletinlegal/js/lib.js HTTP/1.1" 200 6474
172.22.2.4 - - [13/Jul/2024:18:54:23 -0500] "GET /BLA/boletinlegal/niceforms-default.css HTTP/1.1" 200 6694
172.22.2.4 - - [13/Jul/2024:18:54:23 -0500] "GET /BLA/boletinlegal/js/popup.js HTTP/1.1" 200 1270
172.22.2.4 - - [13/Jul/2024:18:54:23 -0500] "GET /BLA/boletinlegal/js/jquery1.js HTTP/1.1" 200 29846
172.22.2.4 - - [13/Jul/2024:18:54:23 -0500] "GET /BLA/boletinlegal/images/green-yellow-blue-pink-th.png HTTP/1.1" 200 7394
172.22.2.4 - - [13/Jul/2024:18:54:23 -0500] "GET /BLA/boletinlegal/images/tel.png HTTP/1.1" 200 14477
172.22.2.4 - - [13/Jul/2024:18:54:23 -0500] "GET /BLA/boletinlegal/images/icono-email.png HTTP/1.1" 200 5544
172.22.2.4 - - [13/Jul/2024:18:54:23 -0500] "GET /BLA/boletinlegal/images/footer_bg.jpg HTTP/1.1" 200 586
172.22.2.4 - - [13/Jul/2024:18:54:23 -0500] "GET /BLA/boletinlegal/images/footer_bg_l.jpg HTTP/1.1" 200 776
172.22.2.4 - - [13/Jul/2024:18:54:23 -0500] "GET /BLA/boletinlegal/img/select-left.png HTTP/1.1" 200 263
172.22.2.4 - - [13/Jul/2024:18:54:23 -0500] "GET /BLA/boletinlegal/img/select-right.png HTTP/1.1" 200 44019
172.22.2.4 - - [13/Jul/2024:18:54:23 -0500] "GET /BLA/boletinlegal/img/button-left.png HTTP/1.1" 200 57071
172.22.2.4 - - [13/Jul/2024:18:54:23 -0500] "GET /BLA/boletinlegal/img/button.png HTTP/1.1" 200 43241
172.22.2.4 - - [13/Jul/2024:18:54:23 -0500] "GET /BLA/boletinlegal/img/button-right.png HTTP/1.1" 200 57878
172.22.2.4 - - [13/Jul/2024:18:54:23 -0500] "GET /BLA/boletinlegal/favicon.ico HTTP/1.1" 404 1230
201.244.116.161 - - [13/Jul/2024:18:54:24 -0500] "GET /BLA/resoluciones/ HTTP/1.1" 200 14105
201.244.116.161 - - [13/Jul/2024:18:54:24 -0500] "GET /BLA/resoluciones/dlf/styles.css HTTP/1.1" 200 3049
201.244.116.161 - - [13/Jul/2024:18:54:24 -0500] "GET /BLA/resoluciones/dlf/bg.gif HTTP/1.1" 200 54
216.244.66.195 - - [13/Jul/2024:18:54:32 -0500] "GET /BLA/resoluciones/AUTOS%202011/3324.pdf HTTP/1.1" 200 212207
179.19.40.186 - - [13/Jul/2024:18:54:40 -0500] "GET /sipse/faces/index.xhtml HTTP/1.1" 200 677
179.19.40.186 - - [13/Jul/2024:18:54:41 -0500] "GET /sipse/faces/javax.faces.resource/theme.css?ln=primefaces-sipse HTTP/1.1" 200 50058
66.249.66.20 - - [13/Jul/2024:18:54:42 -0500] "GET /BLA/resoluciones/RESOLUCIONES%202022/0731.pdf HTTP/1.1" 200 587754
179.19.40.186 - - [13/Jul/2024:18:54:42 -0500] "GET /sipse/faces/faces/autenticacion.xhtml HTTP/1.1" 200 12411
179.19.40.186 - - [13/Jul/2024:18:54:42 -0500] "GET /sipse/css/custom_css_sg.css HTTP/1.1" 304 -
179.19.40.186 - - [13/Jul/2024:18:54:42 -0500] "GET /sipse/css/custom_css_sg_prime_login.css HTTP/1.1" 304 -
179.19.40.186 - - [13/Jul/2024:18:54:42 -0500] "GET /sipse/faces/javax.faces.resource/theme.css?ln=primefaces-sipse HTTP/1.1" 304 -
179.19.40.186 - - [13/Jul/2024:18:54:42 -0500] "GET /sipse/faces/javax.faces.resource/layout/layout.css?ln=primefaces&v=4.0 HTTP/1.1" 304 -
179.19.40.186 - - [13/Jul/2024:18:54:42 -0500] "GET /sipse/faces/javax.faces.resource/primefaces.css?ln=primefaces&v=4.0 HTTP/1.1" 200 53295
179.19.40.186 - - [13/Jul/2024:18:54:42 -0500] "GET /sipse/js/funciones.js HTTP/1.1" 304 -
179.19.40.186 - - [13/Jul/2024:18:54:42 -0500] "GET /sipse/js/disable_browser_buttons.js HTTP/1.1" 304 -
179.19.40.186 - - [13/Jul/2024:18:54:42 -0500] "GET /sipse/faces/javax.faces.resource/jquery/jquery.js?ln=primefaces&v=4.0 HTTP/1.1" 200 105384
179.19.40.186 - - [13/Jul/2024:18:54:42 -0500] "GET /sipse/faces/javax.faces.resource/layout/layout.js?ln=primefaces&v=4.0 HTTP/1.1" 200 87560
179.19.40.186 - - [13/Jul/2024:18:54:42 -0500] "GET /sipse/faces/javax.faces.resource/jquery/jquery-plugins.js?ln=primefaces&v=4.0 HTTP/1.1" 200 220526
179.19.40.186 - - [13/Jul/2024:18:54:42 -0500] "GET /sipse/faces/javax.faces.resource/primefaces.js?ln=primefaces&v=4.0 HTTP/1.1" 200 276924
179.19.40.186 - - [13/Jul/2024:18:54:43 -0500] "GET /sipse/css/imagen/loginimg.png HTTP/1.1" 200 71635
179.19.40.186 - - [13/Jul/2024:18:54:44 -0500] "GET /sipse/faces/javax.faces.resource/images/ui-icons_898989_256x240.png?ln=primefaces-aristo HTTP/1.1" 304 -
179.19.40.186 - - [13/Jul/2024:18:54:44 -0500] "GET /sipse/css/imagen/logoSDG.png HTTP/1.1" 200 53064
69.171.251.6 - - [13/Jul/2024:18:54:47 -0500] "GET /images/secretaria-participantes.14-octubre.jpg HTTP/1.1" 200 102021
201.244.116.161 - - [13/Jul/2024:18:54:47 -0500] "GET /BLA/resoluciones/index.php?dir=RESOLUCIONES+2007%2F HTTP/1.1" 200 37998
47.128.42.25 - - [13/Jul/2024:18:54:48 -0500] "GET /BLA/resoluciones/AUTOS%202021/0245.php?act=chmod&f=00940.pdf HTTP/1.1" 200 2714
207.46.13.229 - - [13/Jul/2024:18:54:49 -0500] "GET /robots.txt HTTP/1.1" 404 1049
179.19.40.186 - - [13/Jul/2024:18:54:48 -0500] "POST /sipse/faces/autenticacion.xhtml HTTP/1.1" 200 16765
179.19.40.186 - - [13/Jul/2024:18:54:49 -0500] "GET /sipse/faces/javax.faces.resource/primefaces.css?ln=primefaces&v=4.0 HTTP/1.1" 304 -
179.19.40.186 - - [13/Jul/2024:18:54:49 -0500] "GET /sipse/faces/javax.faces.resource/layout/layout.css?ln=primefaces&v=4.0 HTTP/1.1" 304 -
179.19.40.186 - - [13/Jul/2024:18:54:49 -0500] "GET /sipse/faces/javax.faces.resource/theme.css?ln=primefaces-sipse HTTP/1.1" 304 -
179.19.40.186 - - [13/Jul/2024:18:54:49 -0500] "GET /sipse/css/custom_css_sg_prime.css HTTP/1.1" 304 -
179.19.40.186 - - [13/Jul/2024:18:54:49 -0500] "GET /sipse/js/jquery.min.js HTTP/1.1" 200 85582
179.19.40.186 - - [13/Jul/2024:18:54:49 -0500] "GET /sipse/faces/javax.faces.resource/jquery/jquery.js?ln=primefaces&v=4.0 HTTP/1.1" 304 -
179.19.40.186 - - [13/Jul/2024:18:54:50 -0500] "GET /sipse/faces/javax.faces.resource/jquery/jquery-plugins.js?ln=primefaces&v=4.0 HTTP/1.1" 304 -
179.19.40.186 - - [13/Jul/2024:18:54:50 -0500] "GET /sipse/faces/javax.faces.resource/primefaces.js?ln=primefaces&v=4.0 HTTP/1.1" 304 -
179.19.40.186 - - [13/Jul/2024:18:54:50 -0500] "GET /sipse/faces/javax.faces.resource/layout/layout.js?ln=primefaces&v=4.0 HTTP/1.1" 304 -
179.19.40.186 - - [13/Jul/2024:18:54:50 -0500] "GET /sipse/css/imagen/contrasena.png HTTP/1.1" 404 383
179.19.40.186 - - [13/Jul/2024:18:54:50 -0500] "GET /sipse/css/v_mergente.css HTTP/1.1" 200 1505
179.19.40.186 - - [13/Jul/2024:18:54:50 -0500] "GET /sipse/faces/javax.faces.resource/messages/messages.png?ln=primefaces&v=4.0 HTTP/1.1" 200 27209
179.19.40.186 - - [13/Jul/2024:18:54:50 -0500] "GET /sipse/imagenes/cargando.gif HTTP/1.1" 200 36959
179.19.40.186 - - [13/Jul/2024:18:54:50 -0500] "GET /sipse/imagenes/logoAplicacion.jpg HTTP/1.1" 200 155084
201.244.116.161 - - [13/Jul/2024:18:54:52 -0500] "GET /BLA/resoluciones/index.php?dir=RESOLUCIONES+2007%2FRES+2007+601+AL+700%2F HTTP/1.1" 200 26655
179.19.40.186 - - [13/Jul/2024:18:54:56 -0500] "GET /sipse/faces/javax.faces.resource/images/ui-bg_flat_0_2d5972_40x100.png?ln=primefaces-aristo HTTP/1.1" 304 -
179.19.40.186 - - [13/Jul/2024:18:54:56 -0500] "POST /sipse/faces/bienvenido.xhtml HTTP/1.1" 200 2658
201.244.116.161 - - [13/Jul/2024:18:54:57 -0500] "GET /BLA/resoluciones/RESOLUCIONES%202007/RES%202007%20601%20AL%20700/RESOLUCION%200678%20DE%202007.pdf HTTP/1.1" 200 385019
179.19.40.186 - - [13/Jul/2024:18:54:57 -0500] "POST /sipse/faces/bienvenido.xhtml HTTP/1.1" 200 62587
179.19.40.186 - - [13/Jul/2024:18:54:58 -0500] "GET /sipse/faces/javax.faces.resource/layout/layout.css?ln=primefaces&v=4.0 HTTP/1.1" 304 -
179.19.40.186 - - [13/Jul/2024:18:54:58 -0500] "GET /sipse/faces/javax.faces.resource/jquery/jquery.js?ln=primefaces&v=4.0 HTTP/1.1" 304 -
179.19.40.186 - - [13/Jul/2024:18:54:58 -0500] "GET /sipse/faces/javax.faces.resource/theme.css?ln=primefaces-sipse HTTP/1.1" 304 -
179.19.40.186 - - [13/Jul/2024:18:54:58 -0500] "GET /sipse/faces/javax.faces.resource/primefaces.css?ln=primefaces&v=4.0 HTTP/1.1" 304 -
179.19.40.186 - - [13/Jul/2024:18:54:58 -0500] "GET /sipse/faces/javax.faces.resource/jquery/jquery-plugins.js?ln=primefaces&v=4.0 HTTP/1.1" 304 -
179.19.40.186 - - [13/Jul/2024:18:54:58 -0500] "GET /sipse/faces/javax.faces.resource/primefaces.js?ln=primefaces&v=4.0 HTTP/1.1" 304 -
179.19.40.186 - - [13/Jul/2024:18:54:58 -0500] "GET /sipse/faces/javax.faces.resource/layout/layout.js?ln=primefaces&v=4.0 HTTP/1.1" 304 -
179.19.40.186 - - [13/Jul/2024:18:54:59 -0500] "POST /sipse/faces/presentacion/financiero/solicitudProceso/listarSolicitudProceso.xhtml HTTP/1.1" 200 1556
52.167.144.208 - - [13/Jul/2024:18:54:59 -0500] "GET /BLA/boletinlegal/Directivas/2013/Directiva%20No.%203%20del%2016%20de%20julio%20de%202013.pdf HTTP/1.1" 200 127414
172.22.2.4 - - [13/Jul/2024:18:54:21 -0500] "GET /BLA/boletinlegal/ HTTP/1.1" 200 24523
201.245.192.253 - - [13/Jul/2024:18:55:07 -0500] "GET /kwsrmcab/Wsrmcab?wsdl HTTP/1.1" 200 6948
179.19.40.186 - - [13/Jul/2024:18:55:08 -0500] "POST /sipse/faces/presentacion/financiero/solicitudProceso/listarSolicitudProceso.xhtml HTTP/1.1" 200 131023
179.19.40.186 - - [13/Jul/2024:18:55:09 -0500] "GET /sipse/faces/javax.faces.resource/layout/layout.css?ln=primefaces&v=4.0 HTTP/1.1" 304 -
179.19.40.186 - - [13/Jul/2024:18:55:09 -0500] "GET /sipse/faces/javax.faces.resource/jquery/jquery.js?ln=primefaces&v=4.0 HTTP/1.1" 304 -
179.19.40.186 - - [13/Jul/2024:18:55:09 -0500] "GET /sipse/faces/javax.faces.resource/primefaces.css?ln=primefaces&v=4.0 HTTP/1.1" 304 -
179.19.40.186 - - [13/Jul/2024:18:55:09 -0500] "GET /sipse/faces/javax.faces.resource/theme.css?ln=primefaces-sipse HTTP/1.1" 304 -
179.19.40.186 - - [13/Jul/2024:18:55:09 -0500] "GET /sipse/faces/javax.faces.resource/jquery/jquery-plugins.js?ln=primefaces&v=4.0 HTTP/1.1" 304 -
179.19.40.186 - - [13/Jul/2024:18:55:09 -0500] "GET /sipse/faces/javax.faces.resource/primefaces.js?ln=primefaces&v=4.0 HTTP/1.1" 304 -
179.19.40.186 - - [13/Jul/2024:18:55:09 -0500] "GET /sipse/faces/javax.faces.resource/layout/layout.js?ln=primefaces&v=4.0 HTTP/1.1" 304 -
179.19.40.186 - - [13/Jul/2024:18:55:16 -0500] "POST /sipse/faces/presentacion/financiero/solicitudProceso/consultarSolicitudProceso.xhtml HTTP/1.1" 200 63022
179.19.40.186 - - [13/Jul/2024:18:55:18 -0500] "GET /sipse/faces/javax.faces.resource/theme.css?ln=primefaces-sipse HTTP/1.1" 304 -
179.19.40.186 - - [13/Jul/2024:18:55:19 -0500] "GET /sipse/faces/javax.faces.resource/jquery/jquery.js?ln=primefaces&v=4.0 HTTP/1.1" 304 -
179.19.40.186 - - [13/Jul/2024:18:55:19 -0500] "GET /sipse/faces/javax.faces.resource/primefaces.css?ln=primefaces&v=4.0 HTTP/1.1" 304 -
179.19.40.186 - - [13/Jul/2024:18:55:19 -0500] "GET /sipse/faces/javax.faces.resource/layout/layout.css?ln=primefaces&v=4.0 HTTP/1.1" 304 -
179.19.40.186 - - [13/Jul/2024:18:55:19 -0500] "GET /sipse/faces/javax.faces.resource/jquery/jquery-plugins.js?ln=primefaces&v=4.0 HTTP/1.1" 304 -
179.19.40.186 - - [13/Jul/2024:18:55:19 -0500] "GET /sipse/faces/javax.faces.resource/primefaces.js?ln=primefaces&v=4.0 HTTP/1.1" 304 -
179.19.40.186 - - [13/Jul/2024:18:55:19 -0500] "GET /sipse/faces/javax.faces.resource/layout/layout.js?ln=primefaces&v=4.0 HTTP/1.1" 304 -
179.19.40.186 - - [13/Jul/2024:18:55:19 -0500] "POST /sipse/faces/presentacion/financiero/solicitudProceso/listarSolicitudProceso.xhtml HTTP/1.1" 200 1556
47.128.62.156 - - [13/Jul/2024:18:55:22 -0500] "GET /BLA/resoluciones/AUTOS%202021/0245.php?act=f&f=7863.pdf HTTP/1.1" 200 2740
179.19.40.186 - - [13/Jul/2024:18:55:25 -0500] "POST /sipse/faces/presentacion/financiero/solicitudProceso/listarSolicitudProceso.xhtml HTTP/1.1" 200 131060
179.19.40.186 - - [13/Jul/2024:18:55:26 -0500] "GET /sipse/faces/javax.faces.resource/layout/layout.css?ln=primefaces&v=4.0 HTTP/1.1" 304 -
179.19.40.186 - - [13/Jul/2024:18:55:26 -0500] "GET /sipse/faces/javax.faces.resource/theme.css?ln=primefaces-sipse HTTP/1.1" 304 -
179.19.40.186 - - [13/Jul/2024:18:55:26 -0500] "GET /sipse/faces/javax.faces.resource/primefaces.css?ln=primefaces&v=4.0 HTTP/1.1" 304 -
179.19.40.186 - - [13/Jul/2024:18:55:26 -0500] "GET /sipse/faces/javax.faces.resource/jquery/jquery.js?ln=primefaces&v=4.0 HTTP/1.1" 304 -
179.19.40.186 - - [13/Jul/2024:18:55:26 -0500] "GET /sipse/faces/javax.faces.resource/jquery/jquery-plugins.js?ln=primefaces&v=4.0 HTTP/1.1" 304 -
179.19.40.186 - - [13/Jul/2024:18:55:26 -0500] "GET /sipse/faces/javax.faces.resource/primefaces.js?ln=primefaces&v=4.0 HTTP/1.1" 304 -
179.19.40.186 - - [13/Jul/2024:18:55:26 -0500] "GET /sipse/faces/javax.faces.resource/layout/layout.js?ln=primefaces&v=4.0 HTTP/1.1" 304 -
179.19.40.186 - - [13/Jul/2024:18:55:28 -0500] "POST /sipse/faces/presentacion/financiero/solicitudProceso/consultarSolicitudProceso.xhtml HTTP/1.1" 200 60113
179.19.40.186 - - [13/Jul/2024:18:55:31 -0500] "GET /sipse/faces/javax.faces.resource/primefaces.css?ln=primefaces&v=4.0 HTTP/1.1" 304 -
179.19.40.186 - - [13/Jul/2024:18:55:31 -0500] "GET /sipse/faces/javax.faces.resource/theme.css?ln=primefaces-sipse HTTP/1.1" 304 -
179.19.40.186 - - [13/Jul/2024:18:55:31 -0500] "GET /sipse/faces/javax.faces.resource/layout/layout.css?ln=primefaces&v=4.0 HTTP/1.1" 304 -
179.19.40.186 - - [13/Jul/2024:18:55:31 -0500] "GET /sipse/faces/javax.faces.resource/jquery/jquery.js?ln=primefaces&v=4.0 HTTP/1.1" 304 -
179.19.40.186 - - [13/Jul/2024:18:55:31 -0500] "GET /sipse/faces/javax.faces.resource/jquery/jquery-plugins.js?ln=primefaces&v=4.0 HTTP/1.1" 304 -
179.19.40.186 - - [13/Jul/2024:18:55:31 -0500] "GET /sipse/faces/javax.faces.resource/primefaces.js?ln=primefaces&v=4.0 HTTP/1.1" 304 -
179.19.40.186 - - [13/Jul/2024:18:55:31 -0500] "GET /sipse/faces/javax.faces.resource/layout/layout.js?ln=primefaces&v=4.0 HTTP/1.1" 304 -
172.22.2.4 - - [13/Jul/2024:18:53:51 -0500] "HEAD /BLA/boletinlegal/ HTTP/1.1" 200 -
179.19.40.186 - - [13/Jul/2024:18:55:31 -0500] "POST /sipse/faces/presentacion/financiero/solicitudProceso/listarSolicitudProceso.xhtml HTTP/1.1" 200 1556
179.19.40.186 - - [13/Jul/2024:18:55:34 -0500] "POST /sipse/faces/presentacion/financiero/solicitudProceso/listarSolicitudProceso.xhtml HTTP/1.1" 200 132777
179.19.40.186 - - [13/Jul/2024:18:55:35 -0500] "GET /sipse/faces/javax.faces.resource/theme.css?ln=primefaces-sipse HTTP/1.1" 304 -
179.19.40.186 - - [13/Jul/2024:18:55:35 -0500] "GET /sipse/faces/javax.faces.resource/jquery/jquery.js?ln=primefaces&v=4.0 HTTP/1.1" 304 -
179.19.40.186 - - [13/Jul/2024:18:55:35 -0500] "GET /sipse/faces/javax.faces.resource/primefaces.css?ln=primefaces&v=4.0 HTTP/1.1" 304 -
179.19.40.186 - - [13/Jul/2024:18:55:35 -0500] "GET /sipse/faces/javax.faces.resource/layout/layout.css?ln=primefaces&v=4.0 HTTP/1.1" 304 -
179.19.40.186 - - [13/Jul/2024:18:55:35 -0500] "GET /sipse/faces/javax.faces.resource/jquery/jquery-plugins.js?ln=primefaces&v=4.0 HTTP/1.1" 304 -
179.19.40.186 - - [13/Jul/2024:18:55:35 -0500] "GET /sipse/faces/javax.faces.resource/primefaces.js?ln=primefaces&v=4.0 HTTP/1.1" 304 -
179.19.40.186 - - [13/Jul/2024:18:55:35 -0500] "GET /sipse/faces/javax.faces.resource/layout/layout.js?ln=primefaces&v=4.0 HTTP/1.1" 304 -
179.19.40.186 - - [13/Jul/2024:18:55:46 -0500] "POST /sipse/faces/presentacion/financiero/solicitudProceso/consultarSolicitudProceso.xhtml HTTP/1.1" 200 57200
179.19.40.186 - - [13/Jul/2024:18:55:49 -0500] "GET /sipse/faces/javax.faces.resource/theme.css?ln=primefaces-sipse HTTP/1.1" 304 -
179.19.40.186 - - [13/Jul/2024:18:55:49 -0500] "GET /sipse/faces/javax.faces.resource/primefaces.css?ln=primefaces&v=4.0 HTTP/1.1" 304 -
179.19.40.186 - - [13/Jul/2024:18:55:49 -0500] "GET /sipse/faces/javax.faces.resource/layout/layout.css?ln=primefaces&v=4.0 HTTP/1.1" 304 -
179.19.40.186 - - [13/Jul/2024:18:55:49 -0500] "GET /sipse/faces/javax.faces.resource/jquery/jquery.js?ln=primefaces&v=4.0 HTTP/1.1" 304 -
179.19.40.186 - - [13/Jul/2024:18:55:49 -0500] "GET /sipse/faces/javax.faces.resource/jquery/jquery-plugins.js?ln=primefaces&v=4.0 HTTP/1.1" 304 -
179.19.40.186 - - [13/Jul/2024:18:55:49 -0500] "GET /sipse/faces/javax.faces.resource/primefaces.js?ln=primefaces&v=4.0 HTTP/1.1" 304 -
179.19.40.186 - - [13/Jul/2024:18:55:49 -0500] "GET /sipse/faces/javax.faces.resource/layout/layout.js?ln=primefaces&v=4.0 HTTP/1.1" 304 -
179.19.40.186 - - [13/Jul/2024:18:55:49 -0500] "POST /sipse/faces/presentacion/financiero/solicitudProceso/listarSolicitudProceso.xhtml HTTP/1.1" 200 1544
179.19.40.186 - - [13/Jul/2024:18:55:52 -0500] "POST /sipse/faces/presentacion/financiero/solicitudProceso/listarSolicitudProceso.xhtml HTTP/1.1" 200 131010
179.19.40.186 - - [13/Jul/2024:18:55:53 -0500] "GET /sipse/faces/javax.faces.resource/theme.css?ln=primefaces-sipse HTTP/1.1" 304 -
179.19.40.186 - - [13/Jul/2024:18:55:53 -0500] "GET /sipse/faces/javax.faces.resource/layout/layout.css?ln=primefaces&v=4.0 HTTP/1.1" 304 -
179.19.40.186 - - [13/Jul/2024:18:55:53 -0500] "GET /sipse/faces/javax.faces.resource/primefaces.css?ln=primefaces&v=4.0 HTTP/1.1" 304 -
179.19.40.186 - - [13/Jul/2024:18:55:53 -0500] "GET /sipse/faces/javax.faces.resource/jquery/jquery.js?ln=primefaces&v=4.0 HTTP/1.1" 304 -
179.19.40.186 - - [13/Jul/2024:18:55:53 -0500] "GET /sipse/faces/javax.faces.resource/jquery/jquery-plugins.js?ln=primefaces&v=4.0 HTTP/1.1" 304 -
179.19.40.186 - - [13/Jul/2024:18:55:53 -0500] "GET /sipse/faces/javax.faces.resource/primefaces.js?ln=primefaces&v=4.0 HTTP/1.1" 304 -
179.19.40.186 - - [13/Jul/2024:18:55:53 -0500] "GET /sipse/faces/javax.faces.resource/layout/layout.js?ln=primefaces&v=4.0 HTTP/1.1" 304 -
47.128.122.174 - - [13/Jul/2024:18:55:57 -0500] "GET /BLA/resoluciones/AUTOS%202021/0245.php?act=f&d=E%3A%5Cnuevo%5Chtdocs%5CBLA%5Cresoluciones%5CAUTOS+2021%5C&f=4158.pdf&ft=img HTTP/1.1" 200 15950
179.19.40.186 - - [13/Jul/2024:18:55:59 -0500] "POST /sipse/faces/presentacion/financiero/solicitudProceso/consultarSolicitudProceso.xhtml HTTP/1.1" 200 54296
179.19.40.186 - - [13/Jul/2024:18:56:02 -0500] "GET /sipse/faces/javax.faces.resource/primefaces.css?ln=primefaces&v=4.0 HTTP/1.1" 304 -
179.19.40.186 - - [13/Jul/2024:18:56:02 -0500] "GET /sipse/faces/javax.faces.resource/theme.css?ln=primefaces-sipse HTTP/1.1" 304 -
179.19.40.186 - - [13/Jul/2024:18:56:02 -0500] "GET /sipse/faces/javax.faces.resource/layout/layout.css?ln=primefaces&v=4.0 HTTP/1.1" 304 -
179.19.40.186 - - [13/Jul/2024:18:56:02 -0500] "GET /sipse/faces/javax.faces.resource/jquery/jquery.js?ln=primefaces&v=4.0 HTTP/1.1" 304 -
179.19.40.186 - - [13/Jul/2024:18:56:02 -0500] "GET /sipse/faces/javax.faces.resource/jquery/jquery-plugins.js?ln=primefaces&v=4.0 HTTP/1.1" 304 -
179.19.40.186 - - [13/Jul/2024:18:56:02 -0500] "GET /sipse/faces/javax.faces.resource/primefaces.js?ln=primefaces&v=4.0 HTTP/1.1" 304 -
179.19.40.186 - - [13/Jul/2024:18:56:02 -0500] "GET /sipse/faces/javax.faces.resource/layout/layout.js?ln=primefaces&v=4.0 HTTP/1.1" 304 -
179.19.40.186 - - [13/Jul/2024:18:56:02 -0500] "POST /sipse/faces/presentacion/financiero/solicitudProceso/listarSolicitudProceso.xhtml HTTP/1.1" 200 1524
179.19.40.186 - - [13/Jul/2024:18:56:05 -0500] "POST /sipse/faces/presentacion/financiero/solicitudProceso/listarSolicitudProceso.xhtml HTTP/1.1" 200 139967
179.19.40.186 - - [13/Jul/2024:18:56:05 -0500] "GET /sipse/faces/javax.faces.resource/theme.css?ln=primefaces-sipse HTTP/1.1" 304 -
179.19.40.186 - - [13/Jul/2024:18:56:05 -0500] "GET /sipse/faces/javax.faces.resource/primefaces.css?ln=primefaces&v=4.0 HTTP/1.1" 304 -
179.19.40.186 - - [13/Jul/2024:18:56:05 -0500] "GET /sipse/faces/javax.faces.resource/layout/layout.css?ln=primefaces&v=4.0 HTTP/1.1" 304 -
179.19.40.186 - - [13/Jul/2024:18:56:06 -0500] "GET /sipse/faces/javax.faces.resource/jquery/jquery.js?ln=primefaces&v=4.0 HTTP/1.1" 304 -
179.19.40.186 - - [13/Jul/2024:18:56:06 -0500] "GET /sipse/faces/javax.faces.resource/jquery/jquery-plugins.js?ln=primefaces&v=4.0 HTTP/1.1" 304 -
179.19.40.186 - - [13/Jul/2024:18:56:06 -0500] "GET /sipse/faces/javax.faces.resource/primefaces.js?ln=primefaces&v=4.0 HTTP/1.1" 304 -
179.19.40.186 - - [13/Jul/2024:18:56:06 -0500] "GET /sipse/faces/javax.faces.resource/layout/layout.js?ln=primefaces&v=4.0 HTTP/1.1" 304 -
201.245.192.253 - - [13/Jul/2024:18:56:07 -0500] "GET /kwsrmcab/Wsrmcab?wsdl HTTP/1.1" 200 6948
179.19.40.186 - - [13/Jul/2024:18:56:12 -0500] "POST /sipse/faces/presentacion/financiero/solicitudProceso/consultarSolicitudProceso.xhtml HTTP/1.1" 200 51371
179.19.40.186 - - [13/Jul/2024:18:56:15 -0500] "GET /sipse/faces/javax.faces.resource/primefaces.css?ln=primefaces&v=4.0 HTTP/1.1" 304 -
179.19.40.186 - - [13/Jul/2024:18:56:15 -0500] "GET /sipse/faces/javax.faces.resource/layout/layout.css?ln=primefaces&v=4.0 HTTP/1.1" 304 -
179.19.40.186 - - [13/Jul/2024:18:56:15 -0500] "GET /sipse/faces/javax.faces.resource/theme.css?ln=primefaces-sipse HTTP/1.1" 304 -
179.19.40.186 - - [13/Jul/2024:18:56:15 -0500] "GET /sipse/faces/javax.faces.resource/jquery/jquery.js?ln=primefaces&v=4.0 HTTP/1.1" 304 -
179.19.40.186 - - [13/Jul/2024:18:56:15 -0500] "GET /sipse/faces/javax.faces.resource/jquery/jquery-plugins.js?ln=primefaces&v=4.0 HTTP/1.1" 304 -
179.19.40.186 - - [13/Jul/2024:18:56:15 -0500] "GET /sipse/faces/javax.faces.resource/primefaces.js?ln=primefaces&v=4.0 HTTP/1.1" 304 -
179.19.40.186 - - [13/Jul/2024:18:56:15 -0500] "GET /sipse/faces/javax.faces.resource/layout/layout.js?ln=primefaces&v=4.0 HTTP/1.1" 304 -
179.19.40.186 - - [13/Jul/2024:18:56:15 -0500] "POST /sipse/faces/presentacion/financiero/solicitudProceso/listarSolicitudProceso.xhtml HTTP/1.1" 200 1492
179.19.40.186 - - [13/Jul/2024:18:56:18 -0500] "POST /sipse/faces/presentacion/financiero/solicitudProceso/listarSolicitudProceso.xhtml HTTP/1.1" 200 131165
179.19.40.186 - - [13/Jul/2024:18:56:19 -0500] "GET /sipse/faces/javax.faces.resource/theme.css?ln=primefaces-sipse HTTP/1.1" 304 -
179.19.40.186 - - [13/Jul/2024:18:56:19 -0500] "GET /sipse/faces/javax.faces.resource/primefaces.css?ln=primefaces&v=4.0 HTTP/1.1" 304 -
179.19.40.186 - - [13/Jul/2024:18:56:19 -0500] "GET /sipse/faces/javax.faces.resource/layout/layout.css?ln=primefaces&v=4.0 HTTP/1.1" 304 -
179.19.40.186 - - [13/Jul/2024:18:56:19 -0500] "GET /sipse/faces/javax.faces.resource/jquery/jquery.js?ln=primefaces&v=4.0 HTTP/1.1" 304 -
179.19.40.186 - - [13/Jul/2024:18:56:19 -0500] "GET /sipse/faces/javax.faces.resource/jquery/jquery-plugins.js?ln=primefaces&v=4.0 HTTP/1.1" 304 -
179.19.40.186 - - [13/Jul/2024:18:56:20 -0500] "GET /sipse/faces/javax.faces.resource/primefaces.js?ln=primefaces&v=4.0 HTTP/1.1" 304 -
179.19.40.186 - - [13/Jul/2024:18:56:20 -0500] "GET /sipse/faces/javax.faces.resource/layout/layout.js?ln=primefaces&v=4.0 HTTP/1.1" 304 -
172.22.2.4 - - [13/Jul/2024:18:54:42 -0500] "GET /BLA/boletinlegal/ HTTP/1.1" 200 53419
179.19.40.186 - - [13/Jul/2024:18:56:23 -0500] "POST /sipse/faces/presentacion/financiero/solicitudProceso/consultarSolicitudProceso.xhtml HTTP/1.1" 200 48323
179.19.40.186 - - [13/Jul/2024:18:56:25 -0500] "GET /sipse/faces/javax.faces.resource/primefaces.css?ln=primefaces&v=4.0 HTTP/1.1" 304 -
179.19.40.186 - - [13/Jul/2024:18:56:25 -0500] "GET /sipse/faces/javax.faces.resource/theme.css?ln=primefaces-sipse HTTP/1.1" 304 -
179.19.40.186 - - [13/Jul/2024:18:56:25 -0500] "GET /sipse/faces/javax.faces.resource/layout/layout.css?ln=primefaces&v=4.0 HTTP/1.1" 304 -
179.19.40.186 - - [13/Jul/2024:18:56:25 -0500] "GET /sipse/faces/javax.faces.resource/jquery/jquery.js?ln=primefaces&v=4.0 HTTP/1.1" 304 -
