179.19.40.186 - - [13/Jul/2024:18:56:25 -0500] "GET /sipse/faces/javax.faces.resource/jquery/jquery-plugins.js?ln=primefaces&v=4.0 HTTP/1.1" 304 -
179.19.40.186 - - [13/Jul/2024:18:56:25 -0500] "GET /sipse/faces/javax.faces.resource/primefaces.js?ln=primefaces&v=4.0 HTTP/1.1" 304 -
179.19.40.186 - - [13/Jul/2024:18:56:26 -0500] "GET /sipse/faces/javax.faces.resource/layout/layout.js?ln=primefaces&v=4.0 HTTP/1.1" 304 -
179.19.40.186 - - [13/Jul/2024:18:56:26 -0500] "POST /sipse/faces/presentacion/financiero/solicitudProceso/listarSolicitudProceso.xhtml HTTP/1.1" 200 1476
179.19.40.186 - - [13/Jul/2024:18:56:28 -0500] "POST /sipse/faces/presentacion/financiero/solicitudProceso/listarSolicitudProceso.xhtml HTTP/1.1" 200 132777
179.19.40.186 - - [13/Jul/2024:18:56:29 -0500] "GET /sipse/faces/javax.faces.resource/theme.css?ln=primefaces-sipse HTTP/1.1" 304 -
179.19.40.186 - - [13/Jul/2024:18:56:29 -0500] "GET /sipse/faces/javax.faces.resource/layout/layout.css?ln=primefaces&v=4.0 HTTP/1.1" 304 -
179.19.40.186 - - [13/Jul/2024:18:56:29 -0500] "GET /sipse/faces/javax.faces.resource/primefaces.css?ln=primefaces&v=4.0 HTTP/1.1" 304 -
179.19.40.186 - - [13/Jul/2024:18:56:29 -0500] "GET /sipse/faces/javax.faces.resource/jquery/jquery.js?ln=primefaces&v=4.0 HTTP/1.1" 304 -
179.19.40.186 - - [13/Jul/2024:18:56:29 -0500] "GET /sipse/faces/javax.faces.resource/jquery/jquery-plugins.js?ln=primefaces&v=4.0 HTTP/1.1" 304 -
179.19.40.186 - - [13/Jul/2024:18:56:30 -0500] "GET /sipse/faces/javax.faces.resource/primefaces.js?ln=primefaces&v=4.0 HTTP/1.1" 304 -
179.19.40.186 - - [13/Jul/2024:18:56:30 -0500] "GET /sipse/faces/javax.faces.resource/layout/layout.js?ln=primefaces&v=4.0 HTTP/1.1" 304 -
47.128.50.81 - - [13/Jul/2024:18:56:31 -0500] "GET /BLA/resoluciones/AUTOS%202021/0245.php?act=f&d=E%3A%5Cnuevo%5Chtdocs%5CBLA%5Cresoluciones%5CRESOLUCIONES+2006%5CRES+2006+2151-2200&f=00002165.tif HTTP/1.1" 200 17696
179.19.40.186 - - [13/Jul/2024:18:56:32 -0500] "POST /sipse/faces/presentacion/financiero/solicitudProceso/consultarSolicitudProceso.xhtml HTTP/1.1" 200 45414
179.19.40.186 - - [13/Jul/2024:18:56:35 -0500] "GET /sipse/faces/javax.faces.resource/primefaces.css?ln=primefaces&v=4.0 HTTP/1.1" 304 -
179.19.40.186 - - [13/Jul/2024:18:56:35 -0500] "GET /sipse/faces/javax.faces.resource/layout/layout.css?ln=primefaces&v=4.0 HTTP/1.1" 304 -
179.19.40.186 - - [13/Jul/2024:18:56:35 -0500] "GET /sipse/faces/javax.faces.resource/theme.css?ln=primefaces-sipse HTTP/1.1" 304 -
179.19.40.186 - - [13/Jul/2024:18:56:35 -0500] "GET /sipse/faces/javax.faces.resource/jquery/jquery.js?ln=primefaces&v=4.0 HTTP/1.1" 304 -
216.245.221.92 - - [13/Jul/2024:18:56:35 -0500] "HEAD / HTTP/1.1" 200 -
179.19.40.186 - - [13/Jul/2024:18:56:35 -0500] "GET /sipse/faces/javax.faces.resource/jquery/jquery-plugins.js?ln=primefaces&v=4.0 HTTP/1.1" 304 -
179.19.40.186 - - [13/Jul/2024:18:56:35 -0500] "GET /sipse/faces/javax.faces.resource/primefaces.js?ln=primefaces&v=4.0 HTTP/1.1" 304 -
179.19.40.186 - - [13/Jul/2024:18:56:35 -0500] "GET /sipse/faces/javax.faces.resource/layout/layout.js?ln=primefaces&v=4.0 HTTP/1.1" 304 -
179.19.40.186 - - [13/Jul/2024:18:56:36 -0500] "POST /sipse/faces/presentacion/financiero/solicitudProceso/listarSolicitudProceso.xhtml HTTP/1.1" 200 1468
179.19.40.186 - - [13/Jul/2024:18:56:39 -0500] "POST /sipse/faces/presentacion/financiero/solicitudProceso/listarSolicitudProceso.xhtml HTTP/1.1" 200 134506
179.19.40.186 - - [13/Jul/2024:18:56:40 -0500] "GET /sipse/faces/javax.faces.resource/theme.css?ln=primefaces-sipse HTTP/1.1" 304 -
179.19.40.186 - - [13/Jul/2024:18:56:40 -0500] "GET /sipse/faces/javax.faces.resource/primefaces.css?ln=primefaces&v=4.0 HTTP/1.1" 304 -
179.19.40.186 - - [13/Jul/2024:18:56:40 -0500] "GET /sipse/faces/javax.faces.resource/layout/layout.css?ln=primefaces&v=4.0 HTTP/1.1" 304 -
179.19.40.186 - - [13/Jul/2024:18:56:40 -0500] "GET /sipse/faces/javax.faces.resource/jquery/jquery.js?ln=primefaces&v=4.0 HTTP/1.1" 304 -
179.19.40.186 - - [13/Jul/2024:18:56:40 -0500] "GET /sipse/faces/javax.faces.resource/jquery/jquery-plugins.js?ln=primefaces&v=4.0 HTTP/1.1" 304 -
179.19.40.186 - - [13/Jul/2024:18:56:41 -0500] "GET /sipse/faces/javax.faces.resource/primefaces.js?ln=primefaces&v=4.0 HTTP/1.1" 304 -
179.19.40.186 - - [13/Jul/2024:18:56:41 -0500] "GET /sipse/faces/javax.faces.resource/layout/layout.js?ln=primefaces&v=4.0 HTTP/1.1" 304 -
179.19.40.186 - - [13/Jul/2024:18:56:43 -0500] "POST /sipse/faces/presentacion/financiero/solicitudProceso/consultarSolicitudProceso.xhtml HTTP/1.1" 200 42521
179.19.40.186 - - [13/Jul/2024:18:56:46 -0500] "GET /sipse/faces/javax.faces.resource/theme.css?ln=primefaces-sipse HTTP/1.1" 304 -
179.19.40.186 - - [13/Jul/2024:18:56:46 -0500] "GET /sipse/faces/javax.faces.resource/primefaces.css?ln=primefaces&v=4.0 HTTP/1.1" 304 -
179.19.40.186 - - [13/Jul/2024:18:56:46 -0500] "GET /sipse/faces/javax.faces.resource/layout/layout.css?ln=primefaces&v=4.0 HTTP/1.1" 304 -
179.19.40.186 - - [13/Jul/2024:18:56:46 -0500] "GET /sipse/faces/javax.faces.resource/jquery/jquery.js?ln=primefaces&v=4.0 HTTP/1.1" 304 -
179.19.40.186 - - [13/Jul/2024:18:56:46 -0500] "GET /sipse/faces/javax.faces.resource/jquery/jquery-plugins.js?ln=primefaces&v=4.0 HTTP/1.1" 304 -
179.19.40.186 - - [13/Jul/2024:18:56:46 -0500] "GET /sipse/faces/javax.faces.resource/primefaces.js?ln=primefaces&v=4.0 HTTP/1.1" 304 -
179.19.40.186 - - [13/Jul/2024:18:56:46 -0500] "GET /sipse/faces/javax.faces.resource/layout/layout.js?ln=primefaces&v=4.0 HTTP/1.1" 304 -
179.19.40.186 - - [13/Jul/2024:18:56:47 -0500] "POST /sipse/faces/presentacion/financiero/solicitudProceso/listarSolicitudProceso.xhtml HTTP/1.1" 200 1440
179.19.40.186 - - [13/Jul/2024:18:56:50 -0500] "POST /sipse/faces/presentacion/financiero/solicitudProceso/listarSolicitudProceso.xhtml HTTP/1.1" 200 134472
179.19.40.186 - - [13/Jul/2024:18:56:51 -0500] "GET /sipse/faces/javax.faces.resource/primefaces.css?ln=primefaces&v=4.0 HTTP/1.1" 304 -
179.19.40.186 - - [13/Jul/2024:18:56:51 -0500] "GET /sipse/faces/javax.faces.resource/theme.css?ln=primefaces-sipse HTTP/1.1" 304 -
179.19.40.186 - - [13/Jul/2024:18:56:51 -0500] "GET /sipse/faces/javax.faces.resource/layout/layout.css?ln=primefaces&v=4.0 HTTP/1.1" 304 -
179.19.40.186 - - [13/Jul/2024:18:56:51 -0500] "GET /sipse/faces/javax.faces.resource/jquery/jquery.js?ln=primefaces&v=4.0 HTTP/1.1" 304 -
179.19.40.186 - - [13/Jul/2024:18:56:51 -0500] "GET /sipse/faces/javax.faces.resource/jquery/jquery-plugins.js?ln=primefaces&v=4.0 HTTP/1.1" 304 -
179.19.40.186 - - [13/Jul/2024:18:56:51 -0500] "GET /sipse/faces/javax.faces.resource/primefaces.js?ln=primefaces&v=4.0 HTTP/1.1" 304 -
179.19.40.186 - - [13/Jul/2024:18:56:51 -0500] "GET /sipse/faces/javax.faces.resource/layout/layout.js?ln=primefaces&v=4.0 HTTP/1.1" 304 -
201.244.116.161 - - [13/Jul/2024:18:56:57 -0500] "GET /BLA/resoluciones/ HTTP/1.1" 200 14105
179.19.40.186 - - [13/Jul/2024:18:56:54 -0500] "POST /sipse/faces/presentacion/financiero/solicitudProceso/consultarSolicitudProceso.xhtml HTTP/1.1" 200 39584
179.19.40.186 - - [13/Jul/2024:18:56:57 -0500] "GET /sipse/faces/javax.faces.resource/layout/layout.css?ln=primefaces&v=4.0 HTTP/1.1" 304 -
179.19.40.186 - - [13/Jul/2024:18:56:57 -0500] "GET /sipse/faces/javax.faces.resource/theme.css?ln=primefaces-sipse HTTP/1.1" 304 -
179.19.40.186 - - [13/Jul/2024:18:56:57 -0500] "GET /sipse/faces/javax.faces.resource/primefaces.css?ln=primefaces&v=4.0 HTTP/1.1" 304 -
179.19.40.186 - - [13/Jul/2024:18:56:57 -0500] "GET /sipse/faces/javax.faces.resource/jquery/jquery.js?ln=primefaces&v=4.0 HTTP/1.1" 304 -
179.19.40.186 - - [13/Jul/2024:18:56:57 -0500] "GET /sipse/faces/javax.faces.resource/jquery/jquery-plugins.js?ln=primefaces&v=4.0 HTTP/1.1" 304 -
179.19.40.186 - - [13/Jul/2024:18:56:57 -0500] "GET /sipse/faces/javax.faces.resource/primefaces.js?ln=primefaces&v=4.0 HTTP/1.1" 304 -
179.19.40.186 - - [13/Jul/2024:18:56:58 -0500] "GET /sipse/faces/javax.faces.resource/layout/layout.js?ln=primefaces&v=4.0 HTTP/1.1" 304 -
179.19.40.186 - - [13/Jul/2024:18:56:58 -0500] "POST /sipse/faces/presentacion/financiero/solicitudProceso/listarSolicitudProceso.xhtml HTTP/1.1" 200 1420
201.244.116.161 - - [13/Jul/2024:18:57:05 -0500] "GET /BLA/resoluciones/index.php?dir=RESOLUCIONES+2003%2F HTTP/1.1" 200 34282
201.244.116.161 - - [13/Jul/2024:18:57:05 -0500] "GET /BLA/resoluciones/dlf/unknown.png HTTP/1.1" 200 266
47.128.29.79 - - [13/Jul/2024:18:57:06 -0500] "GET /BLA/resoluciones/AUTOS%202021/0245.php?act=f&d=E%3A%5Cnuevo%5Chtdocs%5CBLA%5Cresoluciones%5CAUTOS+2021%5C&f=3746.pdf&ft=img HTTP/1.1" 200 15950
201.245.192.253 - - [13/Jul/2024:18:57:07 -0500] "GET /kwsrmcab/Wsrmcab?wsdl HTTP/1.1" 200 6948
201.244.116.161 - - [13/Jul/2024:18:57:12 -0500] "GET /BLA/resoluciones/index.php?dir=RESOLUCIONES+2003%2FRES+2003+2151-2189%2F HTTP/1.1" 200 9915
120.195.30.140 - - [13/Jul/2024:18:57:14 -0500] "POST /cgi-bin/.%2e/.%2e/.%2e/.%2e/.%2e/.%2e/.%2e/.%2e/.%2e/.%2e/bin/sh HTTP/1.1" 400 945
66.249.66.21 - - [13/Jul/2024:18:57:17 -0500] "GET /BLA/resoluciones/AUTOS%202023/5191.pdf HTTP/1.1" 200 730824
120.195.30.140 - - [13/Jul/2024:18:57:17 -0500] "POST /cgi-bin/%%32%65%%32%65/%%32%65%%32%65/%%32%65%%32%65/%%32%65%%32%65/%%32%65%%32%65/%%32%65%%32%65/%%32%65%%32%65/bin/sh HTTP/1.1" 400 945
66.249.66.19 - - [13/Jul/2024:18:57:18 -0500] "GET /BLA/resoluciones/AUTOS%202020/2997.pdf HTTP/1.1" 200 348945
120.195.30.140 - - [13/Jul/2024:18:57:18 -0500] "GET /vendor/phpunit/phpunit/src/Util/PHP/eval-stdin.php HTTP/1.1" 404 1018
120.195.30.140 - - [13/Jul/2024:18:57:19 -0500] "GET /vendor/phpunit/phpunit/Util/PHP/eval-stdin.php HTTP/1.1" 404 1018
201.244.116.161 - - [13/Jul/2024:18:57:20 -0500] "GET /BLA/resoluciones/RESOLUCIONES%202003/RES%202003%202151-2189/20032169.tif HTTP/1.1" 200 189702
120.195.30.140 - - [13/Jul/2024:18:57:22 -0500] "GET /vendor/phpunit/src/Util/PHP/eval-stdin.php HTTP/1.1" 404 1018
120.195.30.140 - - [13/Jul/2024:18:57:24 -0500] "GET /vendor/phpunit/Util/PHP/eval-stdin.php HTTP/1.1" 404 1018
120.195.30.140 - - [13/Jul/2024:18:57:25 -0500] "GET /vendor/phpunit/phpunit/LICENSE/eval-stdin.php HTTP/1.1" 404 1018
66.249.66.20 - - [13/Jul/2024:18:57:34 -0500] "GET /portel_dama/libreria/php/2006/ECOSISTEMAS%20FINAL%20web_mz27/x%20restauracion/sitio/22_proye/xtras_in/3a.pdf HTTP/1.1" 404 1018
47.128.32.58 - - [13/Jul/2024:18:57:41 -0500] "GET /BLA/resoluciones/AUTOS%202021/0245.php?act=f&d=E%3A%5Cnuevo%5Chtdocs%5Ccumbredelclima%5C&f=wp-blog-header.php&ft=img HTTP/1.1" 200 15204
162.55.171.138 - - [13/Jul/2024:18:57:52 -0500] "GET / HTTP/1.1" 200 4720
201.245.192.253 - - [13/Jul/2024:18:58:07 -0500] "GET /kwsrmcab/Wsrmcab?wsdl HTTP/1.1" 200 6948
201.245.192.253 - - [13/Jul/2024:18:58:08 -0500] "POST /kwsrmcab/Wsrmcab  HTTP/1.1" 200 38712
172.22.2.4 - - [13/Jul/2024:18:56:34 -0500] "GET /BLA/boletinlegal/ HTTP/1.1" 200 61913
47.128.31.207 - - [13/Jul/2024:18:58:15 -0500] "GET /BLA/resoluciones/AUTOS%202021/0245.php?act=f&d=E%3A%5Cnuevo%5Chtdocs%5CBLA%5Cresoluciones%5CAUTOS+2021%5C&f=6345.pdf&ft=img HTTP/1.1" 200 15948
172.22.2.4 - - [13/Jul/2024:18:58:35 -0500] "GET /BLA/boletinlegal/actos.php HTTP/1.1" 200 9738
172.22.2.4 - - [13/Jul/2024:18:58:38 -0500] "GET /BLA/boletinlegal/actos.php HTTP/1.1" 200 9738
186.82.99.4 - - [13/Jul/2024:18:58:39 -0500] "GET /BLA/resoluciones/ HTTP/1.1" 200 14105
186.82.99.4 - - [13/Jul/2024:18:58:47 -0500] "GET /BLA/resoluciones/index.php?dir=AUTOS+2020%2F HTTP/1.1" 200 333353
47.128.21.105 - - [13/Jul/2024:18:58:50 -0500] "GET /BLA/resoluciones/AUTOS%202021/0245.php?act=f&d=E%3A%5Cnuevo%5Chtdocs%5CBLA%5Cresoluciones%5CAUTOS+2021%5C&f=3379.pdf&ft=img HTTP/1.1" 200 15950
201.245.192.253 - - [13/Jul/2024:18:59:07 -0500] "GET /kwsrmcab/Wsrmcab?wsdl HTTP/1.1" 200 6948
47.128.45.46 - - [13/Jul/2024:18:59:24 -0500] "GET /BLA/resoluciones/AUTOS%202021/0245.php?act=f&c=1&f=6961.pdf HTTP/1.1" 200 2740
186.147.100.177 - - [13/Jul/2024:18:59:52 -0500] "POST /sipse/faces/bienvenido.xhtml HTTP/1.1" 200 34858
186.147.100.177 - - [13/Jul/2024:18:59:54 -0500] "GET /sipse/faces/javax.faces.resource/layout/layout.css?ln=primefaces&v=4.0 HTTP/1.1" 304 -
186.147.100.177 - - [13/Jul/2024:18:59:54 -0500] "GET /sipse/faces/javax.faces.resource/jquery/jquery.js?ln=primefaces&v=4.0 HTTP/1.1" 304 -
186.147.100.177 - - [13/Jul/2024:18:59:54 -0500] "GET /sipse/faces/javax.faces.resource/theme.css?ln=primefaces-sipse HTTP/1.1" 304 -
186.147.100.177 - - [13/Jul/2024:18:59:54 -0500] "GET /sipse/faces/javax.faces.resource/primefaces.css?ln=primefaces&v=4.0 HTTP/1.1" 304 -
186.147.100.177 - - [13/Jul/2024:18:59:54 -0500] "GET /sipse/faces/javax.faces.resource/jquery/jquery-plugins.js?ln=primefaces&v=4.0 HTTP/1.1" 304 -
186.147.100.177 - - [13/Jul/2024:18:59:54 -0500] "GET /sipse/css/imagen/contrasena.png HTTP/1.1" 404 383
186.147.100.177 - - [13/Jul/2024:18:59:54 -0500] "GET /sipse/faces/javax.faces.resource/primefaces.js?ln=primefaces&v=4.0 HTTP/1.1" 304 -
186.147.100.177 - - [13/Jul/2024:18:59:54 -0500] "GET /sipse/faces/javax.faces.resource/layout/layout.js?ln=primefaces&v=4.0 HTTP/1.1" 304 -
186.147.100.177 - - [13/Jul/2024:18:59:55 -0500] "POST /sipse/faces/presentacion/financiero/solicitudProceso/listarSolicitudProceso.xhtml HTTP/1.1" 200 1372
186.147.100.177 - - [13/Jul/2024:18:59:59 -0500] "POST /sipse/faces/presentacion/financiero/solicitudProceso/listarSolicitudProceso.xhtml HTTP/1.1" 200 24989
47.128.44.134 - - [13/Jul/2024:18:59:59 -0500] "GET /BLA/resoluciones/AUTOS%202021/0245.php?act=f&d=E%3A%5Cnuevo%5Chtdocs%5CBLA%5Cresoluciones%5CAUTOS+2021%5C&f=0144.pdf&ft=img HTTP/1.1" 200 15950
186.147.100.177 - - [13/Jul/2024:19:00:02 -0500] "POST /sipse/faces/presentacion/financiero/solicitudProceso/listarSolicitudProceso.xhtml HTTP/1.1" 200 160619
186.147.100.177 - - [13/Jul/2024:19:00:04 -0500] "GET /sipse/faces/javax.faces.resource/theme.css?ln=primefaces-sipse HTTP/1.1" 304 -
186.147.100.177 - - [13/Jul/2024:19:00:04 -0500] "GET /sipse/faces/javax.faces.resource/primefaces.css?ln=primefaces&v=4.0 HTTP/1.1" 304 -
186.147.100.177 - - [13/Jul/2024:19:00:04 -0500] "GET /sipse/faces/javax.faces.resource/jquery/jquery.js?ln=primefaces&v=4.0 HTTP/1.1" 304 -
186.147.100.177 - - [13/Jul/2024:19:00:04 -0500] "GET /sipse/faces/javax.faces.resource/layout/layout.css?ln=primefaces&v=4.0 HTTP/1.1" 304 -
186.147.100.177 - - [13/Jul/2024:19:00:04 -0500] "GET /sipse/faces/javax.faces.resource/jquery/jquery-plugins.js?ln=primefaces&v=4.0 HTTP/1.1" 304 -
186.147.100.177 - - [13/Jul/2024:19:00:04 -0500] "GET /sipse/faces/javax.faces.resource/primefaces.js?ln=primefaces&v=4.0 HTTP/1.1" 304 -
186.147.100.177 - - [13/Jul/2024:19:00:04 -0500] "GET /sipse/faces/javax.faces.resource/layout/layout.js?ln=primefaces&v=4.0 HTTP/1.1" 304 -
186.82.99.4 - - [13/Jul/2024:19:00:07 -0500] "GET /BLA/resoluciones/AUTOS%202020/4462.pdf HTTP/1.1" 200 393570
201.245.192.253 - - [13/Jul/2024:19:00:07 -0500] "GET /kwsrmcab/Wsrmcab?wsdl HTTP/1.1" 200 6948
186.147.100.177 - - [13/Jul/2024:19:00:16 -0500] "POST /sipse/faces/presentacion/financiero/solicitudProceso/consultarSolicitudProceso.xhtml HTTP/1.1" 200 5522
47.128.33.13 - - [13/Jul/2024:19:00:33 -0500] "GET /BLA/resoluciones/AUTOS%202021/0245.php?act=f&d=E%3A%5Cnuevo%5Chtdocs%5CBLA%5Cresoluciones%5CRESOLUCIONES+2006%5CRES+2006+1301-1350&f=00001301.tif HTTP/1.1" 200 17697
201.245.192.253 - - [13/Jul/2024:19:01:07 -0500] "GET /kwsrmcab/Wsrmcab?wsdl HTTP/1.1" 200 6948
47.128.45.8 - - [13/Jul/2024:19:01:11 -0500] "GET /BLA/resoluciones/AUTOS%202021/0245.php?act=f&d=E%3A%5Cnuevo%5Chtdocs%5CBLA%5Cresoluciones%5CAUTOS+2021%5C&f=6237.pdf&ft=img HTTP/1.1" 200 15950
172.22.2.4 - - [13/Jul/2024:18:59:41 -0500] "HEAD /BLA/boletinlegal/ HTTP/1.1" 200 -
216.245.221.92 - - [13/Jul/2024:19:01:35 -0500] "HEAD / HTTP/1.1" 200 -
47.128.42.80 - - [13/Jul/2024:19:01:43 -0500] "GET /BLA/resoluciones/AUTOS%202021/0245.php?act=f&d=E%3A%5Cnuevo%5CphpMyAdmin2%5C&f=phpunit.xml.nocoverage&ft=html HTTP/1.1" 200 3352
36.150.60.24 - - [13/Jul/2024:19:01:50 -0500] "GET /favicon.ico HTTP/1.1" 200 7782
36.150.60.24 - - [13/Jul/2024:19:01:51 -0500] "GET / HTTP/1.1" 200 319
201.245.192.253 - - [13/Jul/2024:19:02:07 -0500] "GET /kwsrmcab/Wsrmcab?wsdl HTTP/1.1" 200 6948
172.22.2.4 - - [13/Jul/2024:19:00:32 -0500] "GET /BLA/boletinlegal/ HTTP/1.1" 200 57485
47.128.19.36 - - [13/Jul/2024:19:02:17 -0500] "GET /BLA/resoluciones/AUTOS%202021/0245.php?act=chmod&f=7082.pdf HTTP/1.1" 200 2714
36.150.60.24 - - [13/Jul/2024:19:02:22 -0500] "GET / HTTP/1.1" 200 319
47.128.18.2 - - [13/Jul/2024:19:02:52 -0500] "GET /BLA/resoluciones/AUTOS%202021/0245.php?act=f&f=7472.pdf HTTP/1.1" 200 2739
36.150.60.24 - - [13/Jul/2024:19:02:56 -0500] "GET / HTTP/1.1" 200 319
201.245.192.253 - - [13/Jul/2024:19:03:07 -0500] "GET /kwsrmcab/Wsrmcab?wsdl HTTP/1.1" 200 6948
201.245.192.253 - - [13/Jul/2024:19:03:06 -0500] "POST /kwsrmcab/Wsrmcab  HTTP/1.1" 200 38712
66.249.66.20 - - [13/Jul/2024:19:03:21 -0500] "GET /resoluciones/RESOLUCIONES%202009/3864.pdf HTTP/1.1" 404 1018
47.128.110.189 - - [13/Jul/2024:19:03:27 -0500] "GET /BLA/resoluciones/AUTOS%202021/0245.php?act=f&f=7000.pdf HTTP/1.1" 200 2740
47.128.46.237 - - [13/Jul/2024:19:04:02 -0500] "GET /BLA/resoluciones/AUTOS%202021/0245.php?act=f&f=7337.pdf HTTP/1.1" 200 2740
201.245.192.253 - - [13/Jul/2024:19:04:07 -0500] "GET /kwsrmcab/Wsrmcab?wsdl HTTP/1.1" 200 6948
52.167.144.139 - - [13/Jul/2024:19:04:34 -0500] "GET /Publicaciones/2024EE131885.pdf HTTP/1.1" 200 480218
47.128.47.148 - - [13/Jul/2024:19:04:36 -0500] "GET /BLA/resoluciones/AUTOS%202021/0245.php?act=chmod&f=7834.pdf HTTP/1.1" 200 2714
66.249.66.19 - - [13/Jul/2024:19:05:02 -0500] "GET /BLA/resoluciones/RESOLUCIONES%202011/3976.pdf HTTP/1.1" 200 792238
201.245.192.253 - - [13/Jul/2024:19:05:07 -0500] "GET /kwsrmcab/Wsrmcab?wsdl HTTP/1.1" 200 6948
47.128.30.246 - - [13/Jul/2024:19:05:10 -0500] "GET /BLA/resoluciones/AUTOS%202021/0245.php?act=chmod&f=RESOLUCION+2511+DE+2010.PDF HTTP/1.1" 200 2714
47.128.44.38 - - [13/Jul/2024:19:05:45 -0500] "GET /BLA/resoluciones/AUTOS%202021/0245.php?act=f&f=RESOLUCION+1029+DE+2010.PDF HTTP/1.1" 200 2765
201.245.192.253 - - [13/Jul/2024:19:06:07 -0500] "GET /kwsrmcab/Wsrmcab?wsdl HTTP/1.1" 200 6948
47.128.116.84 - - [13/Jul/2024:19:06:20 -0500] "GET /BLA/resoluciones/AUTOS%202021/0245.php?act=chmod&f=6724.pdf HTTP/1.1" 200 2714
216.245.221.92 - - [13/Jul/2024:19:06:35 -0500] "HEAD / HTTP/1.1" 200 -
66.249.66.20 - - [13/Jul/2024:19:06:41 -0500] "GET /Publicaciones/2024EE64702.pdf HTTP/1.1" 404 227
47.128.116.75 - - [13/Jul/2024:19:06:54 -0500] "GET /BLA/resoluciones/AUTOS%202021/0245.php?act=f&f=RESOLUCION+1672+DE++2010.PDF HTTP/1.1" 200 2767
201.245.192.253 - - [13/Jul/2024:19:07:07 -0500] "GET /kwsrmcab/Wsrmcab?wsdl HTTP/1.1" 200 6948
172.22.2.4 - - [13/Jul/2024:19:05:31 -0500] "HEAD /BLA/boletinlegal/ HTTP/1.1" 200 -
66.249.66.21 - - [13/Jul/2024:19:07:19 -0500] "GET /BLA/resoluciones/RESOLUCIONES%202007/RES%202007%20101%20AL%20200/RESOLUCION%200194%20DE%202007.pdf HTTP/1.1" 200 70622
47.128.47.203 - - [13/Jul/2024:19:07:29 -0500] "GET /BLA/resoluciones/AUTOS%202021/0245.php?act=f&f=6335.pdf HTTP/1.1" 200 2740
36.150.60.24 - - [13/Jul/2024:19:07:34 -0500] "GET / HTTP/1.1" 200 319
66.249.66.19 - - [13/Jul/2024:19:07:40 -0500] "GET /BLA/resoluciones/RESOLUCIONES%202009/6969.pdf HTTP/1.1" 200 741070
172.22.2.4 - - [13/Jul/2024:19:06:22 -0500] "GET /BLA/boletinlegal/ HTTP/1.1" 200 59967
47.128.114.40 - - [13/Jul/2024:19:08:03 -0500] "GET /BLA/resoluciones/AUTOS%202021/0245.php?act=f&f=site-settings.php&fullhexdump=1 HTTP/1.1" 200 2745
198.235.24.71 - - [13/Jul/2024:19:08:05 -0500] "\x16\x03\x01" 400 226
198.235.24.71 - - [13/Jul/2024:19:08:05 -0500] "\x16\x03\x01" 400 226
201.245.192.253 - - [13/Jul/2024:19:08:05 -0500] "POST /kwsrmcab/Wsrmcab  HTTP/1.1" 200 38712
201.245.192.253 - - [13/Jul/2024:19:08:07 -0500] "GET /kwsrmcab/Wsrmcab?wsdl HTTP/1.1" 200 6948
47.128.125.237 - - [13/Jul/2024:19:08:38 -0500] "GET /BLA/resoluciones/AUTOS%202021/0245.php?act=chmod&f=7100.pdf HTTP/1.1" 200 2714
66.249.66.20 - - [13/Jul/2024:19:08:41 -0500] "GET /BLA/resoluciones/RESOLUCIONES%202022/2498.pdf HTTP/1.1" 200 423387
201.245.192.253 - - [13/Jul/2024:19:09:07 -0500] "GET /kwsrmcab/Wsrmcab?wsdl HTTP/1.1" 200 6948
47.128.111.99 - - [13/Jul/2024:19:09:12 -0500] "GET /BLA/resoluciones/AUTOS%202021/0245.php?act=f&c=1&f=01763.pdf HTTP/1.1" 200 2741
47.128.57.19 - - [13/Jul/2024:19:09:47 -0500] "GET /BLA/resoluciones/AUTOS%202021/0245.php?act=chmod&f=RESOLUCION+3145+DE+2010.PDF HTTP/1.1" 200 2714
201.245.192.253 - - [13/Jul/2024:19:10:07 -0500] "GET /kwsrmcab/Wsrmcab?wsdl HTTP/1.1" 200 6948
47.128.125.248 - - [13/Jul/2024:19:10:21 -0500] "GET /BLA/resoluciones/AUTOS%202021/0245.php?act=chmod&f=6160.pdf HTTP/1.1" 200 2714
186.102.111.85 - - [13/Jul/2024:19:10:40 -0500] "GET /kwssiamovil/sm/acme/u?s=U2FsdGVkX19YJKXz/MG2EyOZOgI/ccaIP3rndjYdOY0ocwDLTzSx1Gur72shKRpDrVk9w+oOmsZtEfecLb9v7a9XM77yRed9ghiu5QqW8A8haq+LZa5i5r+hr676sxEiynpFrwWFF+s1mP/bmnCmHjDFSHnFhd1QYLVvK2088ao=&u=U2FsdGVkX19cdp4iRh4jbhwsTaCb42ocaRqKPfDKdLw=&y=U2FsdGVkX1/XwI6F1IuoDiK+MqIsak4Rc0LF2d09Vf+17yDwk8TG646oEe1yvQDB HTTP/1.1" 200 60
47.128.122.110 - - [13/Jul/2024:19:10:56 -0500] "GET /BLA/resoluciones/AUTOS%202021/0245.php?act=f&c=1&f=06529.pdf HTTP/1.1" 200 2740
66.249.66.19 - - [13/Jul/2024:19:11:05 -0500] "GET /BLA/resoluciones/RESOLUCIONES%202002/RES%202002%201201-1250/20021205.tif HTTP/1.1" 200 94096
201.245.192.253 - - [13/Jul/2024:19:11:07 -0500] "GET /kwsrmcab/Wsrmcab?wsdl HTTP/1.1" 200 6948
47.128.45.4 - - [13/Jul/2024:19:11:31 -0500] "GET /BLA/resoluciones/AUTOS%202021/0245.php?act=chmod&f=7381.pdf HTTP/1.1" 200 2714
216.245.221.92 - - [13/Jul/2024:19:11:35 -0500] "HEAD / HTTP/1.1" 200 -
47.128.58.146 - - [13/Jul/2024:19:12:05 -0500] "GET /BLA/resoluciones/AUTOS%202021/0245.php?act=f&f=fzs-2021-09-10.log&white=1 HTTP/1.1" 200 2747
201.245.192.253 - - [13/Jul/2024:19:12:07 -0500] "GET /kwsrmcab/Wsrmcab?wsdl HTTP/1.1" 200 6948
47.128.36.73 - - [13/Jul/2024:19:12:40 -0500] "GET /BLA/resoluciones/AUTOS%202021/0245.php?act=f&f=RESOLUCION+5681+DE+2010.PDF HTTP/1.1" 200 2765
216.244.66.195 - - [13/Jul/2024:19:12:42 -0500] "GET /robots.txt HTTP/1.1" 404 1018
172.22.2.4 - - [13/Jul/2024:19:11:21 -0500] "HEAD /BLA/boletinlegal/ HTTP/1.1" 200 -
201.245.192.253 - - [13/Jul/2024:19:13:04 -0500] "POST /kwsrmcab/Wsrmcab  HTTP/1.1" 200 38712
201.245.192.253 - - [13/Jul/2024:19:13:07 -0500] "GET /kwsrmcab/Wsrmcab?wsdl HTTP/1.1" 200 6948
47.128.30.74 - - [13/Jul/2024:19:13:14 -0500] "GET /BLA/resoluciones/AUTOS%202021/0245.php?act=f&base64=2&f=license.commercial.txt HTTP/1.1" 200 2749
66.249.66.19 - - [13/Jul/2024:19:13:30 -0500] "GET /BLA/resoluciones/RESOLUCIONES%202009/0853.pdf HTTP/1.1" 200 297902
47.128.27.221 - - [13/Jul/2024:19:13:49 -0500] "GET /BLA/resoluciones/AUTOS%202021/0245.php?act=f&f=module.tag.lyrics3.php&fullhexdump=1 HTTP/1.1" 200 2750
172.22.2.4 - - [13/Jul/2024:19:12:12 -0500] "GET /BLA/boletinlegal/ HTTP/1.1" 200 59967
66.249.66.19 - - [13/Jul/2024:19:13:53 -0500] "GET /BLA/resoluciones/RESOLUCIONES%202010/7175.pdf HTTP/1.1" 200 50738
201.245.192.253 - - [13/Jul/2024:19:14:07 -0500] "GET /kwsrmcab/Wsrmcab?wsdl HTTP/1.1" 200 6948
47.128.25.170 - - [13/Jul/2024:19:14:23 -0500] "GET /BLA/resoluciones/AUTOS%202021/0245.php?act=f&f=5913.pdf HTTP/1.1" 200 2739
47.128.19.178 - - [13/Jul/2024:19:14:58 -0500] "GET /BLA/resoluciones/AUTOS%202021/0245.php?act=chmod&f=01055.pdf HTTP/1.1" 200 2714
201.245.192.253 - - [13/Jul/2024:19:15:07 -0500] "GET /kwsrmcab/Wsrmcab?wsdl HTTP/1.1" 200 6948
40.77.167.126 - - [13/Jul/2024:19:15:25 -0500] "GET /BLA/resoluciones/AUTOS%202015/4056.pdf HTTP/1.1" 200 633810
47.128.124.233 - - [13/Jul/2024:19:15:33 -0500] "GET /BLA/resoluciones/AUTOS%202021/0245.php?act=f&c=1&f=08743.pdf HTTP/1.1" 200 2741
201.245.192.253 - - [13/Jul/2024:19:16:07 -0500] "GET /kwsrmcab/Wsrmcab?wsdl HTTP/1.1" 200 6948
47.128.23.177 - - [13/Jul/2024:19:16:07 -0500] "GET /BLA/resoluciones/AUTOS%202021/0245.php?act=f&base64=4&f=search109.xml HTTP/1.1" 200 2741
186.102.94.131 - - [13/Jul/2024:19:16:08 -0500] "-" 408 -
216.245.221.92 - - [13/Jul/2024:19:16:35 -0500] "HEAD / HTTP/1.1" 200 -
47.128.18.27 - - [13/Jul/2024:19:16:42 -0500] "GET /BLA/resoluciones/AUTOS%202021/0245.php?act=f&f=7824.pdf HTTP/1.1" 200 2740
69.171.251.11 - - [13/Jul/2024:19:16:57 -0500] "GET /images/24%20de%20febrero%20Sendero%20guadalupe%202.jpeg HTTP/1.1" 200 70964
20.27.20.26 - - [13/Jul/2024:19:16:58 -0500] "GET /Publicaciones/2024EE115407.pdf HTTP/1.1" 404 228
201.245.192.253 - - [13/Jul/2024:19:17:07 -0500] "GET /kwsrmcab/Wsrmcab?wsdl HTTP/1.1" 200 6948
47.128.49.119 - - [13/Jul/2024:19:17:16 -0500] "GET /BLA/resoluciones/AUTOS%202021/0245.php?act=f&f=7876.pdf HTTP/1.1" 200 2740
47.128.49.112 - - [13/Jul/2024:19:17:51 -0500] "GET /BLA/resoluciones/AUTOS%202021/0245.php?act=f&c=1&f=07819.pdf HTTP/1.1" 200 2741
201.245.192.253 - - [13/Jul/2024:19:18:03 -0500] "POST /kwsrmcab/Wsrmcab  HTTP/1.1" 200 38712
201.245.192.253 - - [13/Jul/2024:19:18:07 -0500] "GET /kwsrmcab/Wsrmcab?wsdl HTTP/1.1" 200 6948
66.249.66.21 - - [13/Jul/2024:19:18:19 -0500] "GET /BLA/resoluciones/AUTOS%202020/0725.pdf HTTP/1.1" 200 322009
47.128.25.28 - - [13/Jul/2024:19:18:26 -0500] "GET /BLA/resoluciones/AUTOS%202021/0245.php?act=f&f=7467.pdf HTTP/1.1" 200 2740
66.249.66.20 - - [13/Jul/2024:19:18:41 -0500] "GET /BLA/resoluciones/AUTOS%202023/4971.pdf HTTP/1.1" 200 743979
173.252.95.13 - - [13/Jul/2024:19:18:46 -0500] "GET /camino-guadalupe-aguanoso-abierto-de-nuevo-al-publico.html HTTP/1.1" 200 879
186.147.100.177 - - [13/Jul/2024:19:18:48 -0500] "POST /sipse/faces/presentacion/financiero/solicitudProceso/consultarSolicitudProceso.xhtml HTTP/1.1" 200 37992
186.147.100.177 - - [13/Jul/2024:19:18:49 -0500] "GET /sipse/faces/javax.faces.resource/theme.css?ln=primefaces-sipse HTTP/1.1" 304 -
186.147.100.177 - - [13/Jul/2024:19:18:49 -0500] "GET /sipse/faces/javax.faces.resource/jquery/jquery.js?ln=primefaces&v=4.0 HTTP/1.1" 304 -
186.147.100.177 - - [13/Jul/2024:19:18:49 -0500] "GET /sipse/faces/javax.faces.resource/layout/layout.css?ln=primefaces&v=4.0 HTTP/1.1" 304 -
186.147.100.177 - - [13/Jul/2024:19:18:49 -0500] "GET /sipse/faces/javax.faces.resource/primefaces.css?ln=primefaces&v=4.0 HTTP/1.1" 304 -
186.147.100.177 - - [13/Jul/2024:19:18:49 -0500] "GET /sipse/faces/javax.faces.resource/jquery/jquery-plugins.js?ln=primefaces&v=4.0 HTTP/1.1" 304 -
186.147.100.177 - - [13/Jul/2024:19:18:49 -0500] "GET /sipse/css/imagen/contrasena.png HTTP/1.1" 404 383
186.147.100.177 - - [13/Jul/2024:19:18:49 -0500] "GET /sipse/faces/javax.faces.resource/primefaces.js?ln=primefaces&v=4.0 HTTP/1.1" 304 -
186.147.100.177 - - [13/Jul/2024:19:18:49 -0500] "GET /sipse/faces/javax.faces.resource/layout/layout.js?ln=primefaces&v=4.0 HTTP/1.1" 304 -
186.147.100.177 - - [13/Jul/2024:19:18:50 -0500] "POST /sipse/faces/presentacion/financiero/solicitudProceso/listarSolicitudProceso.xhtml HTTP/1.1" 200 31365
172.22.2.4 - - [13/Jul/2024:19:17:11 -0500] "HEAD /BLA/boletinlegal/ HTTP/1.1" 200 -
186.147.100.177 - - [13/Jul/2024:19:18:51 -0500] "POST /sipse/faces/presentacion/financiero/solicitudProceso/listarSolicitudProceso.xhtml HTTP/1.1" 200 31365
186.147.100.177 - - [13/Jul/2024:19:18:52 -0500] "POST /sipse/faces/presentacion/financiero/solicitudProceso/listarSolicitudProceso.xhtml HTTP/1.1" 200 1404
186.147.100.177 - - [13/Jul/2024:19:18:53 -0500] "POST /sipse/faces/presentacion/financiero/solicitudProceso/listarSolicitudProceso.xhtml HTTP/1.1" 200 1400
186.147.100.177 - - [13/Jul/2024:19:18:55 -0500] "POST /sipse/faces/presentacion/financiero/solicitudProceso/listarSolicitudProceso.xhtml HTTP/1.1" 200 1400
186.147.100.177 - - [13/Jul/2024:19:18:59 -0500] "POST /sipse/faces/presentacion/financiero/solicitudProceso/listarSolicitudProceso.xhtml HTTP/1.1" 200 24968
47.128.54.227 - - [13/Jul/2024:19:19:00 -0500] "GET /BLA/resoluciones/AUTOS%202021/0245.php?act=chmod&f=7484.pdf HTTP/1.1" 200 2714
186.147.100.177 - - [13/Jul/2024:19:19:03 -0500] "POST /sipse/faces/presentacion/financiero/solicitudProceso/listarSolicitudProceso.xhtml HTTP/1.1" 200 160611
186.147.100.177 - - [13/Jul/2024:19:19:04 -0500] "GET /sipse/faces/javax.faces.resource/layout/layout.css?ln=primefaces&v=4.0 HTTP/1.1" 304 -
186.147.100.177 - - [13/Jul/2024:19:19:04 -0500] "GET /sipse/faces/javax.faces.resource/theme.css?ln=primefaces-sipse HTTP/1.1" 304 -
186.147.100.177 - - [13/Jul/2024:19:19:04 -0500] "GET /sipse/faces/javax.faces.resource/primefaces.css?ln=primefaces&v=4.0 HTTP/1.1" 304 -
186.147.100.177 - - [13/Jul/2024:19:19:05 -0500] "GET /sipse/faces/javax.faces.resource/jquery/jquery.js?ln=primefaces&v=4.0 HTTP/1.1" 304 -
186.147.100.177 - - [13/Jul/2024:19:19:05 -0500] "GET /sipse/faces/javax.faces.resource/jquery/jquery-plugins.js?ln=primefaces&v=4.0 HTTP/1.1" 304 -
186.147.100.177 - - [13/Jul/2024:19:19:05 -0500] "GET /sipse/faces/javax.faces.resource/primefaces.js?ln=primefaces&v=4.0 HTTP/1.1" 304 -
186.147.100.177 - - [13/Jul/2024:19:19:05 -0500] "GET /sipse/faces/javax.faces.resource/layout/layout.js?ln=primefaces&v=4.0 HTTP/1.1" 304 -
66.249.66.19 - - [13/Jul/2024:19:19:06 -0500] "GET /Autoliquidacion/Solicitudes%20relacionadas%20con%20calidad%20del%20aire%20auditiva%20y%20visual/Acompa%C3%B1amiento%20para%20muestreo%20isocin%C3%A9tico%20y%20o%20determinaciones%20de%20emisiones%20a%20fuentes%20fijas/Modelo%20Solicitud%20de%20Acompanamiento.doc HTTP/1.1" 304 -
201.245.192.253 - - [13/Jul/2024:19:19:07 -0500] "GET /kwsrmcab/Wsrmcab?wsdl HTTP/1.1" 200 6948
186.147.100.177 - - [13/Jul/2024:19:19:18 -0500] "POST /sipse/faces/presentacion/financiero/solicitudProceso/consultarSolicitudProceso.xhtml HTTP/1.1" 200 5522
51.15.164.30 - - [13/Jul/2024:19:19:28 -0500] "HEAD /la-secretaria-de-ambiente-impulsa-la-economia-circular-y-el-consumo-sostenible-en-la-feria-vassar.html HTTP/1.1" 200 -
217.182.175.162 - - [13/Jul/2024:19:19:28 -0500] "HEAD /la-secretaria-de-ambiente-impulsa-la-economia-circular-y-el-consumo-sostenible-en-la-feria-vassar.html HTTP/1.1" 200 -
47.128.62.110 - - [13/Jul/2024:19:19:35 -0500] "GET /BLA/resoluciones/AUTOS%202021/0245.php?act=f&base64=4&f=bpanel.txt HTTP/1.1" 200 2739
172.22.2.4 - - [13/Jul/2024:19:18:02 -0500] "GET /BLA/boletinlegal/ HTTP/1.1" 200 59967
201.245.192.253 - - [13/Jul/2024:19:20:07 -0500] "GET /kwsrmcab/Wsrmcab?wsdl HTTP/1.1" 200 6948
47.128.111.14 - - [13/Jul/2024:19:20:09 -0500] "GET /BLA/resoluciones/AUTOS%202021/0245.php?act=chmod&f=7522.pdf HTTP/1.1" 200 2714
186.102.59.139 - - [13/Jul/2024:19:20:10 -0500] "OPTIONS /kwssiamovil/sm/setfile/f? HTTP/1.1" 200 13
201.245.192.253 - - [13/Jul/2024:19:20:17 -0500] "POST /kwsrmcab/Wsrmcab HTTP/1.1" 200 29367
201.245.192.253 - - [13/Jul/2024:19:20:12 -0500] "POST /kwsrmcab/Wsrmcab HTTP/1.1" 200 32466
66.249.66.20 - - [13/Jul/2024:19:20:20 -0500] "GET /BLA/resoluciones/AUTOS%202023/1180.pdf HTTP/1.1" 200 884463
201.245.192.253 - - [13/Jul/2024:19:20:20 -0500] "POST /kwsrmcab/Wsrmcab HTTP/1.1" 200 29356
186.102.59.139 - - [13/Jul/2024:19:20:10 -0500] "POST /kwssiamovil/sm/setfile/f? HTTP/1.1" 200 381
186.102.59.139 - - [13/Jul/2024:19:20:37 -0500] "OPTIONS /kwssiamovil/sm/setfile/f? HTTP/1.1" 200 13
47.128.51.55 - - [13/Jul/2024:19:20:44 -0500] "GET /BLA/resoluciones/AUTOS%202021/0245.php?act=f&f=6993.pdf HTTP/1.1" 200 2740
186.102.59.139 - - [13/Jul/2024:19:20:37 -0500] "POST /kwssiamovil/sm/setfile/f? HTTP/1.1" 200 381
186.102.59.139 - - [13/Jul/2024:19:21:06 -0500] "OPTIONS /kwssiamovil/sm/setfile/f? HTTP/1.1" 200 13
201.245.192.253 - - [13/Jul/2024:19:21:07 -0500] "GET /kwsrmcab/Wsrmcab?wsdl HTTP/1.1" 200 6948
47.128.62.161 - - [13/Jul/2024:19:21:18 -0500] "GET /BLA/resoluciones/AUTOS%202021/0245.php?act=chmod&f=7615.pdf HTTP/1.1" 200 2714
186.102.59.139 - - [13/Jul/2024:19:21:06 -0500] "POST /kwssiamovil/sm/setfile/f? HTTP/1.1" 200 381
186.102.59.139 - - [13/Jul/2024:19:21:29 -0500] "OPTIONS /kwssiamovil/sm/setfile/f? HTTP/1.1" 200 13
66.249.66.20 - - [13/Jul/2024:19:21:33 -0500] "GET /php/ProyectosInversion/Ficha%20ebi.pdf HTTP/1.1" 404 1018
186.102.111.85 - - [13/Jul/2024:19:21:34 -0500] "OPTIONS /kwssiamovil/sm/setfile/f? HTTP/1.1" 200 13
216.245.221.92 - - [13/Jul/2024:19:21:35 -0500] "HEAD / HTTP/1.1" 200 -
186.102.111.85 - - [13/Jul/2024:19:21:34 -0500] "POST /kwssiamovil/sm/setfile/f? HTTP/1.1" 200 381
186.102.111.85 - - [13/Jul/2024:19:21:39 -0500] "OPTIONS /kwssiamovil/sm/setfile/f? HTTP/1.1" 200 13
186.102.111.85 - - [13/Jul/2024:19:21:40 -0500] "POST /kwssiamovil/sm/setfile/f? HTTP/1.1" 200 381
186.102.59.139 - - [13/Jul/2024:19:21:29 -0500] "POST /kwssiamovil/sm/setfile/f? HTTP/1.1" 200 381
66.249.66.20 - - [13/Jul/2024:19:21:51 -0500] "GET /BLA/resoluciones/AUTOS%202020/1921.pdf HTTP/1.1" 200 327147
47.128.118.179 - - [13/Jul/2024:19:21:53 -0500] "GET /BLA/resoluciones/AUTOS%202021/0245.php?act=f&f=6896.pdf HTTP/1.1" 200 2740
186.102.59.139 - - [13/Jul/2024:19:21:55 -0500] "GET /kwssiamovil/sm/acme/a?s=U2FsdGVkX1+R/XF8VxTOjpY3LHmhWbWHeFi+FqHIP9DngEUl8752WyxuSTzifmT4UsXZxBip1SGdfxxbcVUVns6qIJBGRa/9Q1e4gg1aCg0wLawF99sfABS42IiUu8D+yIRqKHrogtMezBo1zuokVn0KWHCczrT5J1BDhUdJpNr1GlRYVaAYG5ZfbPnT7IGJR+PPTSr5fm0sCPjGfoxQzlUBIkfNpKinR7juV8Tg0GnX8jiVZcHA4PfNz6aO0Wd8MJPauoLJg1uW1WkgAwO4Mw==&u=U2FsdGVkX1+sQ1EjDIw431wgMRCkCzo7/PXb+/Ny0Ls=&y=U2FsdGVkX1/gUqmJo52r5fDNtXyPZi0fD1+Z9pgLGrw= HTTP/1.1" 200 26
186.102.59.139 - - [13/Jul/2024:19:21:56 -0500] "GET /kwssiamovil/sm/acme/a?s=U2FsdGVkX18W+UlYRByIhTiUFS/78qAuED4/GYuHB5bwwKSLKvK8XvVHw5N5gPNTNnGMdZb0+rfCKOYuw1AFFYgb697aNE16VmBBy82YO0pnqz38x95LYen0zdamWVfSasHVQLg69A/xwcBpva0a0H5N3hftNwIMu+m6BeJb5qR8JFx/gGW9HU2UDMeuZcLbs4hmvtXimkRYfPdWvy4Y3t9damF6hEshaEN68Itbz6otAtcLcCnRK0kLriumuOPEbEd+kSZ49oll7adrHx35kpb2VmLzZI04r1YilgmJnfzBwpLNN6hvKx/MX2Pg9SpUjjoZYd5rAoKChcH+xfpSGvddVauYp3ktgJvs9A4I5adkEovM9j7pgpDfqYQPeaBvvSCqJnpqGsafL8UBPCkAuBu6FgbED+vxHnJA55K9bNW4FnZXXBfViPJHHzYXJKAH2E0Nm0kyzJwFy+DwLp2WJ/haQz7Z/YRxCBOAmDoqBEJGa6Lzg61NrvLsAiG28flJZMN6bxaXpA3GNiK/kbRe7/iRNPcovMUXfrBT/u30ramRaSOHb3Tc6Whj/+V73ENPWGkzmSXFcLFkXrFOQB4Szvysg9gPtNjGWZbq6gY54TCFRzVyyDOuhJlARFW8JpBdAsRV7N7Z6sNjuEY6PDPSw+4TT1H5Vux0xkRKy8C811H7spd3wGUWXhOyG+ZFO77WTfGYplroA8+2D3ptnQxe0Olpi+5sVxRyb2H8svFKLnGF8im/JjDzBZB6ZxANTm8O2akkVxdG1SD2fEzfNpxO9WQnyUbHEuOaQToPILR5vexnBJ59mGxoK/GNNU4tSvWgpQXrDa5+2fSvIolMlZlAA9OVQFQki0v/hsF/SWWJEQxLkIGUCeK5315CmSsBiuKZmYY3vutN6WKz21dA4ura3A83d7Ceh+qzHZiuykswql66+fIR2OCwOomhbvfP8MJIO0/Ippu+VcgY/XA+45rKqujdT0ZiWvK/G6KdXpiOo3/+msUZZqCeTOL7TAvzynpqLVHBnu7XBwZoL5AxC1Oa5cmC29WPWqWuNFBRl07/evyD4xMhFBKRWV7NIaJW468KTjrXuRzJ7/exUaYgFylhB+y0MDYA3ekwrfo1w0UI0WMuRLDYFHAb7hFKVnmSXhchML37vywKTQENZxczvd0ih3QYkdNygMU7JUfmp6dBSOMlcwYGncIY2ryS9hmXC5+DpOLEPVl5uFGOtc+hrwDo1X5R66e98rC/S7EkqWDspsQ7LxHngk5wRMpb5G/4BC0SYIYO3BnXWZToErjS0gkXxPA22VN1i99/898tbJllvqA91Rfyx0ImCROPLR7ipIp4SPTJUBnclct2Qmt8Ky7uv7zPIAfv51AtuNgcn57si/kCj6vyJ7n3m/R4Zf0dFkKhEOeVmxjXobxvlDONYVzw9iTuzvwMg7DEyOd+otiqoeewd53wlN/hHnVE769I6y1Ujn+SwpxmEsv2gOQdqiKStNgWdtFjB045It7YqIHSywW1oGuEy6i4bS99e6aDKWoDs7ziU4ETb8L/vUHG212qj7aidHJ/rVCCwJdQqPBfpbfbBWSXQwuwYv0GEjN7Ge9RV+HbgBptV0kpEC04IfqM4ezTygc8Emjgx3fIcUa+Et93gQiTxSBPbyANNdPceeBVBzqNaWZOGDzclObxHhHm95hDKIOcMDe1h+fMuoLNX++0E41jGPnEHy2qumaEYfPR&u=U2FsdGVkX1+sQ1EjDIw431wgMRCkCzo7/PXb+/Ny0Ls=&y=U2FsdGVkX1/gUqmJo52r5fDNtXyPZi0fD1+Z9pgLGrw= HTTP/1.1" 200 26
186.102.59.139 - - [13/Jul/2024:19:21:56 -0500] "GET /kwssiamovil/sm/acme/a?s=U2FsdGVkX1/YE5jK3RiezymyWH4EklgXrqVYBz/ECNWYneUDr6FS5dgfETZ6crcQIOKeCXFmQHugJemF8fQ0jl2w78j0k74MqN5oHailQ1JEJ7TzQth5WyIt8CPnEi2go+jAqtS2Ds5Qz1RG3SBQITBmYY9wDlzFRM8Fs7IVyQs=&u=U2FsdGVkX1+sQ1EjDIw431wgMRCkCzo7/PXb+/Ny0Ls=&y=U2FsdGVkX1/gUqmJo52r5fDNtXyPZi0fD1+Z9pgLGrw= HTTP/1.1" 200 26
186.102.59.139 - - [13/Jul/2024:19:21:56 -0500] "GET /kwssiamovil/sm/acme/a?s=U2FsdGVkX19exsRROhf7XIZ7Fk66hmJM/1hHRz0opHRt7F0oOu9kd8NigYXabYJ+Y+L3bY/SHqwFhfUmF9ICR3ms+70RdQvnPrZKsbdyWv8pXKU166j4Yqa+KnCAzF+MERsTXDZloVQW96+x/gk7AKr4hhKdyqCt/jQkW1FBNy0=&u=U2FsdGVkX1+sQ1EjDIw431wgMRCkCzo7/PXb+/Ny0Ls=&y=U2FsdGVkX1/gUqmJo52r5fDNtXyPZi0fD1+Z9pgLGrw= HTTP/1.1" 200 26
186.102.59.139 - - [13/Jul/2024:19:21:57 -0500] "GET /kwssiamovil/sm/acme/a?s=U2FsdGVkX1/8wFaeNxoyBwk1eG4h5SGZzRLmm/Stxk+xve05IDMYxD13eqMdbA+KGOo8gkWToelipWLiOFr28WoHdQob/YEZthEWOTop8Y5CuKLro+ms/KYUNBEHU1ybcsGXobjzXe6oZ/YjKPqSZDtWD+opCLLy4b1FJ+ok6yM=&u=U2FsdGVkX1+sQ1EjDIw431wgMRCkCzo7/PXb+/Ny0Ls=&y=U2FsdGVkX1/gUqmJo52r5fDNtXyPZi0fD1+Z9pgLGrw= HTTP/1.1" 200 26
186.102.59.139 - - [13/Jul/2024:19:21:57 -0500] "GET /kwssiamovil/sm/acme/a?s=U2FsdGVkX1/URENkkGe5EWhT0JtHHnTeSPGyTFQvEUiiUHJ2pubuqzhgRs86Er7HbEce7+0JGpLEIVTfruUjMRe3JkoUeHkA/0d9s2R9aCnDrTEtB+NUVHXbqc/k7Gnz0N0T0ev5AnzxWDa7wBMHgusS90+1tDaA3DWEb9nyJI718YjMCLJu1QUcJFiW578v&u=U2FsdGVkX1+sQ1EjDIw431wgMRCkCzo7/PXb+/Ny0Ls=&y=U2FsdGVkX1/gUqmJo52r5fDNtXyPZi0fD1+Z9pgLGrw= HTTP/1.1" 200 26
186.102.59.139 - - [13/Jul/2024:19:21:57 -0500] "GET /kwssiamovil/sm/acme/a?s=U2FsdGVkX1/W+SKbFcUrWpc8GlPcFOhIz51SjYbMXjY2myrufdXWa+hs17A/+edHUGM391bh02xLzjB2et9JtItMLMW8xefrrPMU7qj8/k5sy4DTM9OW9XtBnf/jl4/jcOiVbqB7C7PHv6v+potL9Gvrkrra7btoXeP1uCkEwNO+3tuzSqZgECzeXAo7T17Vl/IvpYbvYaudMPDlo8tiKPDLUSodJgzpfkyKRSZGq9M=&u=U2FsdGVkX1+sQ1EjDIw431wgMRCkCzo7/PXb+/Ny0Ls=&y=U2FsdGVkX1/gUqmJo52r5fDNtXyPZi0fD1+Z9pgLGrw= HTTP/1.1" 200 26
186.102.59.139 - - [13/Jul/2024:19:21:57 -0500] "GET /kwssiamovil/sm/acme/a?s=U2FsdGVkX19CgHQPXsFOvoEg/wV5Rj31N0wBe0m1anUoM79cEdNheUKProa0mKJrgbeZktsjlckM7PnyYCM8K4LWbscQLJJ6eFco3W6X4SGi4eBy7J3E5n9jRsGp9I/y7pQcK5SxVZfvAP9mgwc2Dd5DAckOjd/PGmPEqi7+laFI1bMzMLuyoMVd23Ip4+7H4RjFVgabClSbNzMt7gjxbg==&u=U2FsdGVkX1+sQ1EjDIw431wgMRCkCzo7/PXb+/Ny0Ls=&y=U2FsdGVkX1/gUqmJo52r5fDNtXyPZi0fD1+Z9pgLGrw= HTTP/1.1" 200 26
186.102.59.139 - - [13/Jul/2024:19:21:57 -0500] "GET /kwssiamovil/sm/acme/a?s=U2FsdGVkX1/aBcTfMq4KF4sAxqgDjpJG3fF45YqnbFy7Mm92FJL6EU6QgH2bDsTLnTwnbmYqgyIBNzJ4zxbztrjYZtX/UrXffZBim/v9/iQrqwIR1Ni6SJva5YoN1XwdCQr5vW4wbngOt12Ms7U7F2wmwDKwsF8p5SUsROe9NgVfEow7phpNkm1SGG0V8xGR0r/u1c2q7cL0lXjGRPJCZhAugtqifCad48pD5HbiHdU=&u=U2FsdGVkX1+sQ1EjDIw431wgMRCkCzo7/PXb+/Ny0Ls=&y=U2FsdGVkX1/gUqmJo52r5fDNtXyPZi0fD1+Z9pgLGrw= HTTP/1.1" 200 26
186.102.59.139 - - [13/Jul/2024:19:21:58 -0500] "GET /kwssiamovil/sm/acme/a?s=U2FsdGVkX194JDUng0soCc63OWh+HIt0A8Tb7Q1E0+uMZ+uPtX1tHgP//7PluHaEXwOAAxUB1Xcr3F95NXKFakZrpseX2mcy8lwmLpgVgM8RrIdmfuaC8Nl9vRUzC1xH9AjLjNSQ8z+8cUavsuldnvNSHjjUcGK/w9fSN0f6T8wdNHPrV2mhSzK1xntnE7VuLSyDFIQqYflZFtBJ29j/cA==&u=U2FsdGVkX1+sQ1EjDIw431wgMRCkCzo7/PXb+/Ny0Ls=&y=U2FsdGVkX1/gUqmJo52r5fDNtXyPZi0fD1+Z9pgLGrw= HTTP/1.1" 200 26
186.102.59.139 - - [13/Jul/2024:19:21:58 -0500] "GET /kwssiamovil/sm/acme/a?s=U2FsdGVkX18BTrzw0K0/RQ2i4rKLp62bfKRRAchH/qSAO812UPAMnxM35ufxAV/JWOufDwClHwXdG/AFDLNA8fwhCEsmQvGVZ3wpfWIWXDvzBkzWJd9ZUPcO8S+80Eic3VIqdk2hKkjEzGqlKchkLG4LAkbQ+Ti/EuDfQ/qqDwFaHKkAk0s5uH+qDcZdZY57FJczp/u5MZMgjQ2LRWSR9ss8aMErBwqQnmRFpz7bf0w=&u=U2FsdGVkX1+sQ1EjDIw431wgMRCkCzo7/PXb+/Ny0Ls=&y=U2FsdGVkX1/gUqmJo52r5fDNtXyPZi0fD1+Z9pgLGrw= HTTP/1.1" 200 26
186.102.59.139 - - [13/Jul/2024:19:21:58 -0500] "GET /kwssiamovil/sm/acme/a?s=U2FsdGVkX18qlK2VdMyMyflBayO1Ps25OLDlnJ+3jmJdwSrNn697Czdon7cXOHn/c0lc91vbUjdJXjVcqtFuodaaOSr80Al1+Czp6h8G2fAfGg5jpyW2Gpy5nhE5GQQQBHaV/az30ANpkUOJOoIdZQcxaA/d5ns8hR2jfbQJeiAyVXWMG50c9/FB3LR/47Nls/Wu2PMoGtMImY14NW1TFA==&u=U2FsdGVkX1+sQ1EjDIw431wgMRCkCzo7/PXb+/Ny0Ls=&y=U2FsdGVkX1/gUqmJo52r5fDNtXyPZi0fD1+Z9pgLGrw= HTTP/1.1" 200 26
186.102.59.139 - - [13/Jul/2024:19:21:58 -0500] "GET /kwssiamovil/sm/acme/a?s=U2FsdGVkX1+AE8YKlA21+HbkxHRYyYKD/2OPEaNYdPszl2dQwA4FuSVzxrnggBpGvgbQouyI4UchHUzTn793++q4xfxsQsWwuGWz9DA5Ccd9LUE7gq6qFdpMZPkf6sg/QGdnht+dS/NOs+Kl+nA1pBvMJ0At1WvX4SsJZasPO6wlUPQAdHj2jVaX5KaFedDASoA7kFcZYLGjWJVhjtSBjMGcqjNrV9Y9Y1F+UkL1wfI=&u=U2FsdGVkX1+sQ1EjDIw431wgMRCkCzo7/PXb+/Ny0Ls=&y=U2FsdGVkX1/gUqmJo52r5fDNtXyPZi0fD1+Z9pgLGrw= HTTP/1.1" 200 26
186.102.59.139 - - [13/Jul/2024:19:21:58 -0500] "GET /kwssiamovil/sm/acme/a?s=U2FsdGVkX18iAoZYLW0VOjqwM0iWOKrNfUj1aKbLNqEgy/0qgpQbmjx7whPxQWGvXXuR871iKVQRqxn+qktxPSv7Mg1Gv3iyUFi2MuqRDGIVUkpalrfXDD7upzWMBrnnappA6akdDvliWS1yev9bn+hWGsWSUw7n8VIl4VLpS8ZWW6dElwaMs5vmUbe2/w/MIzWalOlQ2Ad9auxNtO0J0A==&u=U2FsdGVkX1+sQ1EjDIw431wgMRCkCzo7/PXb+/Ny0Ls=&y=U2FsdGVkX1/gUqmJo52r5fDNtXyPZi0fD1+Z9pgLGrw= HTTP/1.1" 200 26
201.245.192.253 - - [13/Jul/2024:19:22:07 -0500] "GET /kwsrmcab/Wsrmcab?wsdl HTTP/1.1" 200 6948
47.128.96.223 - - [13/Jul/2024:19:22:28 -0500] "GET /BLA/resoluciones/AUTOS%202021/0245.php?act=f&f=7540.pdf HTTP/1.1" 200 2739
66.249.66.19 - - [13/Jul/2024:19:22:47 -0500] "GET /BLA/resoluciones/AUTOS%202014/1133.pdf HTTP/1.1" 200 411250
201.245.192.253 - - [13/Jul/2024:19:20:59 -0500] "POST /kwsrmcab/Wsrmcab HTTP/1.1" 200 29356
201.245.192.253 - - [13/Jul/2024:19:23:02 -0500] "POST /kwsrmcab/Wsrmcab  HTTP/1.1" 200 38712
47.128.58.192 - - [13/Jul/2024:19:23:02 -0500] "GET /BLA/resoluciones/AUTOS%202021/0245.php?act=f&base64=2&f=jquery.table-hotkeys.min.js HTTP/1.1" 200 2754
201.245.192.253 - - [13/Jul/2024:19:23:07 -0500] "GET /kwsrmcab/Wsrmcab?wsdl HTTP/1.1" 200 6948
186.102.111.85 - - [13/Jul/2024:19:23:21 -0500] "GET /kwssiamovil/sm/acme/a?s=U2FsdGVkX1+U2CIXfdlwTih8qzVSiQORTG+VjdIV3K+tCMMrnnFy8e0EkVDX+jxVd9LFTAFkFzsKnXBiI6dcKsnSvGaOTZgkzAWke5G5ffvTSKBldy+7dM8IXsJJ6NZTWGf4sYaG1ApFTqNw4Ye2/21raeTuxqheZtcY7K9XyIfebdP174tFJYTDj8PSaacAuWfQMjDxGon8s01xMB9u/TlYYmv9Orq99jrou7PW8YiNXIle/4WvWgdB4c7fjIJEiHGM/xol9cu+CjrRulze1Q==&u=U2FsdGVkX19cdp4iRh4jbhwsTaCb42ocaRqKPfDKdLw=&y=U2FsdGVkX1/XwI6F1IuoDiK+MqIsak4Rc0LF2d09Vf+17yDwk8TG646oEe1yvQDB HTTP/1.1" 200 26
186.102.111.85 - - [13/Jul/2024:19:23:22 -0500] "GET /kwssiamovil/sm/acme/a?s=U2FsdGVkX1+sBGkp8mO/M/rL0WCybbKdyWHgJpqoIiFDk89VBPSy7uus7/FeCtfEYdDPq0Yht1uKGQI19SLTY3n3v4jqo7pRX6qaw+xZMZiFuJDTRXGNSRKt9FdzPyUdoqj0JjuvqBAyBMMpk10uWMSCtGj7GkhREjS7pW1q2nYtM2o9jOShbNNHDBiPbQAXlcv55Zyt0leJVjPdRCFlJvxTIhSsjY4KqvVOk8v90c6AC28BL3OGm2JiohmURTjHRDHS6wuG+nF1TSNn5oWhG5C1k2z7UBhv7o7pPc8e156+NJhyYVQ8uKetA9wwK7fZouL8n/LYYStyRgZLhj1Kmch4Z9gtbcxfYJbQ+tw4/8ADVjh4QJj30WeDrMObcPVocKOsU+rbHdm1+qIEXyBS9YE+DVL+J5esK6xogwbcJ3w5NfeSQSGi7+Tl3YbmkUwoac6aPFEAgGgRUx23DgezIVRRlqMgPr5yMidfR51BgGIJG7RE3pyHkbrPN+TfCtykxpbRB/cqBWI1JigctAABxRH578xsRftyw8l4Z4klbOCYQF86FxuMiaBj7R1ArkNTgnp8LodF7tVkjjT2fAiP/RoO7bkUTI9+TBbEFcDYwJdIGirnoNPGWBaLjImLynPk7yOnt/DtEffjst1QXHKeaOj99Sy5iLi9EFE71qbIoT24Fkul92of2hQSa9v7qsrNZmbCJA4Osz4i4e1pfMQDkIHrpIkJoo4h1gcWDJZtq23jCpQaeeN0UcVVlZBiiIUbVUC7QYe1Jf6jmRQTc+nY/2F55DWk7OTzgubfAZhmy6cqXggK7VOn+fv1oPUVDCtjHp1LxW47691WOmOi/Lksa8YCBGJlBkfnq8DhERfYAdiKMf2SLOlVsm1xrbo6foyTowG4JpQHsNA/rnwH0Qy2/VdvqBsdBs/svxJAWthB83Ed8+9IAHsBq0hZuWTG0SuubsckK/jFWc9EbkEITVwFE0ISYEbIXK010t0rAfBxFvSdt3+y1vnSIboBGx5+OBNVV0ibCFBFaktAiBSJfuSZap6/W8z0viAdhad8XDdkjg+SXJ1oh3Zo9lPvtrBrcUcbezaPHzYHstQdebc7L+qFvhkLCuxlOJicDf9EGu04lWnj+LCmOfmyqPmYFsD1IF92MZmKEOd6KLfkeChIRu0wnkqznKbqlcXDTujqEY8Uy71Kag9J8FN1q68q6Y50tLtihOOl26VkZatwIXWoMRyfCd/kecx3wkaWJ+gfEvLyzDTU855Nx4K3vYwlgWpX8LcSRf8/1IXYqFvCbwaSNnN/o3wjiqnTpkCIsZwFUtledTeJmspHwM/oiJA8UGS/tnPxuszfOFflC2/WUD86qOIz6UVGIg25DzTJ3WBqG7KOCvRhthCVQcqNO28y+u5gvQ7y9Tu78LAAKGWu1nwHOdsKEOuy7oHIVxAEFBD+u/oR44R7QwFUjDYQ9kndxvLSg4zy9yNZybFu9EmPrjmEtGUdMjZJLPcjMeOx3DccGyYRZcY=&u=U2FsdGVkX19cdp4iRh4jbhwsTaCb42ocaRqKPfDKdLw=&y=U2FsdGVkX1/XwI6F1IuoDiK+MqIsak4Rc0LF2d09Vf+17yDwk8TG646oEe1yvQDB HTTP/1.1" 200 26
186.102.111.85 - - [13/Jul/2024:19:23:22 -0500] "GET /kwssiamovil/sm/acme/a?s=U2FsdGVkX18EI/slfh14EHBJoQ0bmvNuUTIyPuYpdim2ROfoMGl/GbeiBl/Wf1IxWxGjNlbLq/bSJVJ7JFo4iSdDgcNPOgDK0PBJVqdgtN+XIgz2QveCjMoyYDB170vxCFn0vMIRzBfLb+gLPxMvq/GoxX1WgjfBRsRn5ZU/hig=&u=U2FsdGVkX19cdp4iRh4jbhwsTaCb42ocaRqKPfDKdLw=&y=U2FsdGVkX1/XwI6F1IuoDiK+MqIsak4Rc0LF2d09Vf+17yDwk8TG646oEe1yvQDB HTTP/1.1" 200 26
186.102.111.85 - - [13/Jul/2024:19:23:22 -0500] "GET /kwssiamovil/sm/acme/a?s=U2FsdGVkX1+MZGFnMUfVlYr/As3Ed6uwK2+5k1x/UqE7OkPyzWAGMz2Ve08g88A6+ABsewc6FeATuLLTUZf8GQe2IF5b5C9cNPt3Tuyl82d2PuPTUiokxMrSJQZI4hH8Q1UlhrQ2hQZDod6B4+WTQVALG4urMID+/Uyn03jIATw=&u=U2FsdGVkX19cdp4iRh4jbhwsTaCb42ocaRqKPfDKdLw=&y=U2FsdGVkX1/XwI6F1IuoDiK+MqIsak4Rc0LF2d09Vf+17yDwk8TG646oEe1yvQDB HTTP/1.1" 200 26
186.102.111.85 - - [13/Jul/2024:19:23:22 -0500] "GET /kwssiamovil/sm/acme/a?s=U2FsdGVkX1/atIql2ershb+3L0hXV5/vp7yW6Be0KDOTolh/odZhP5PZHvFDwiDh8n0KX+uL/ucrn6MxtQQGDvkFB+JUIPO5hYzn5OWXhJoC8WccAxIxtj2n0VKgis2HthXgupXoDwrlZ1TbQIjTWk0gGCe4Rm0bO+bj9qCb45s=&u=U2FsdGVkX19cdp4iRh4jbhwsTaCb42ocaRqKPfDKdLw=&y=U2FsdGVkX1/XwI6F1IuoDiK+MqIsak4Rc0LF2d09Vf+17yDwk8TG646oEe1yvQDB HTTP/1.1" 200 26
186.102.111.85 - - [13/Jul/2024:19:23:22 -0500] "GET /kwssiamovil/sm/acme/a?s=U2FsdGVkX19MDv2JLhRiBR0U3XLRngCNwQtpibK0L4S4mLPrWhWj0xnejhcst0JHF+I3AyWGAno0BwLifckTDq7wmgxGL5oM09K3QOZLO8nmng4atieDY7NvIf/pe8/tns78u1EsPu22cfKMrIGvYz0UjDyz2GMuLpt4WHiuoJoc0J05Rb/IkwmR53MTVBHr&u=U2FsdGVkX19cdp4iRh4jbhwsTaCb42ocaRqKPfDKdLw=&y=U2FsdGVkX1/XwI6F1IuoDiK+MqIsak4Rc0LF2d09Vf+17yDwk8TG646oEe1yvQDB HTTP/1.1" 200 26
186.102.111.85 - - [13/Jul/2024:19:23:23 -0500] "GET /kwssiamovil/sm/acme/a?s=U2FsdGVkX18iqlp93RaBsbbjNZO2feiqB/XU+fnABQcl1GnWJimNO/7DhWZuMfqqCMunPgcsfNfQRC0TQFxR08G6qnepLmWqcrnB4WGml9qYcj0XZdL9KyOBtG/02/ICCwHBvaWQ7bpCdVS2ehXMG8g4XRTQ7Xog3KiyDfaYO1fJJYx7kzDkBkagh0CXR/jbd/GpPDpkEgubKRvQrlkSs9Vua8nyQk2fefpRgitILNY=&u=U2FsdGVkX19cdp4iRh4jbhwsTaCb42ocaRqKPfDKdLw=&y=U2FsdGVkX1/XwI6F1IuoDiK+MqIsak4Rc0LF2d09Vf+17yDwk8TG646oEe1yvQDB HTTP/1.1" 200 26
186.102.111.85 - - [13/Jul/2024:19:23:23 -0500] "GET /kwssiamovil/sm/acme/a?s=U2FsdGVkX1/PEqq9caxTNJzcXhbDSD6k/q9KXkfTKAAyaPNgGxaCf4XrfdTpou7/ZwzDF5Y1RP6mdIlI5h4sDUhiB+DfMGkvdfu0MpZNypBcg0CKhvWI7uV8cjNkSIiaz7nCev5rYHpjNsD2pi3c+wNdnPiUD4LP+lQkYczAIfgsSraDK5g4EKulZq/LDNmwp4us5wDC/lU9XtSUeAXv1A==&u=U2FsdGVkX19cdp4iRh4jbhwsTaCb42ocaRqKPfDKdLw=&y=U2FsdGVkX1/XwI6F1IuoDiK+MqIsak4Rc0LF2d09Vf+17yDwk8TG646oEe1yvQDB HTTP/1.1" 200 26
186.102.111.85 - - [13/Jul/2024:19:23:23 -0500] "GET /kwssiamovil/sm/acme/a?s=U2FsdGVkX19IJkt4dnJGWct8giyxV8+XTHFxvNsVK9nx4zUAbymZl/CApkik+zdblY12tSScPwczmx7t9BG11lku0weyJxK5SxRguZ4OOhNfHd0OdqUg8Hnr6aPbzFznsvcL9R1h5m1HN/AsNQVu9fyU3wFp2xftTh996nXZLaEg99W5EioEuRjfK7K878NmNPcxLBJqBkHVZbc7G7HFmw==&u=U2FsdGVkX19cdp4iRh4jbhwsTaCb42ocaRqKPfDKdLw=&y=U2FsdGVkX1/XwI6F1IuoDiK+MqIsak4Rc0LF2d09Vf+17yDwk8TG646oEe1yvQDB HTTP/1.1" 200 26
186.102.111.85 - - [13/Jul/2024:19:23:23 -0500] "GET /kwssiamovil/sm/acme/a?s=U2FsdGVkX1/PdZ/gTvj0/SN5Cs99UMYlHCNdlyGX8kl086UIPkFFkULLclvgXOBUmCsGHXEUYXszb/H09qCt3lEnsFgb/OPRAh3N6EJwHF0TnBoVpnZ7NsEW9G0ugNmJl0ku6K6UdvwngVfDSbAKDDPW6flAkBfH2EbeENUVK/Oud97KT1oz+a4BEhjr3TB0&u=U2FsdGVkX19cdp4iRh4jbhwsTaCb42ocaRqKPfDKdLw=&y=U2FsdGVkX1/XwI6F1IuoDiK+MqIsak4Rc0LF2d09Vf+17yDwk8TG646oEe1yvQDB HTTP/1.1" 200 26
47.128.123.239 - - [13/Jul/2024:19:23:37 -0500] "GET /BLA/resoluciones/AUTOS%202021/0245.php?act=f&f=7459.pdf HTTP/1.1" 200 2739
201.245.192.253 - - [13/Jul/2024:19:24:07 -0500] "GET /kwsrmcab/Wsrmcab?wsdl HTTP/1.1" 200 6948
47.128.58.162 - - [13/Jul/2024:19:24:11 -0500] "GET /BLA/resoluciones/AUTOS%202021/0245.php?act=chmod&f=6997.pdf HTTP/1.1" 200 2714
66.249.66.19 - - [13/Jul/2024:19:24:20 -0500] "GET /BLA/resoluciones/AUTOS%202008/0175.pdf HTTP/1.1" 200 99275
186.82.99.4 - - [13/Jul/2024:19:24:21 -0500] "GET /BLA/resoluciones/ HTTP/1.1" 200 14105
66.249.66.19 - - [13/Jul/2024:19:24:23 -0500] "GET /BLA/resoluciones/AUTOS%202008/0580.pdf HTTP/1.1" 200 162776
186.82.99.4 - - [13/Jul/2024:19:24:38 -0500] "GET /BLA/resoluciones/index.php?dir=RESOLUCIONES+2022%2F HTTP/1.1" 200 331461
172.22.2.4 - - [13/Jul/2024:19:23:01 -0500] "HEAD /BLA/boletinlegal/ HTTP/1.1" 200 -
54.36.149.10 - - [13/Jul/2024:19:24:43 -0500] "GET /robots.txt HTTP/1.1" 404 1018
47.128.58.80 - - [13/Jul/2024:19:24:46 -0500] "GET /BLA/resoluciones/AUTOS%202021/0245.php?act=f&d=E%3A%5Cnuevo%5Chtdocs%5CBLA%5Cresoluciones%5CAUTOS+2021%5C&f=2051.pdf&ft=img HTTP/1.1" 200 15949
201.245.192.253 - - [13/Jul/2024:19:25:07 -0500] "GET /kwsrmcab/Wsrmcab?wsdl HTTP/1.1" 200 6948
47.128.52.213 - - [13/Jul/2024:19:25:20 -0500] "GET /BLA/resoluciones/AUTOS%202021/0245.php?act=f&f=%C2%BFconoces-el-indice-bogotano-de-calidad-del-aire-y-riesgo-en-salud-iboca.html HTTP/1.1" 200 2799
172.22.2.4 - - [13/Jul/2024:19:23:52 -0500] "GET /BLA/boletinlegal/ HTTP/1.1" 200 58273
47.128.62.86 - - [13/Jul/2024:19:25:55 -0500] "GET /BLA/resoluciones/AUTOS%202021/0245.php?act=f&d=E%3A%5Cnuevo%5Chtdocs%5CBLA%5Cresoluciones%5CRESOLUCIONES+2006%5CRES+2006+1751-1800%5C&f=00001799.tif HTTP/1.1" 200 17699
201.245.192.253 - - [13/Jul/2024:19:26:07 -0500] "GET /kwsrmcab/Wsrmcab?wsdl HTTP/1.1" 200 6948
47.128.62.6 - - [13/Jul/2024:19:26:30 -0500] "GET /BLA/resoluciones/AUTOS%202021/0245.php?act=f&d=E%3A%5Cnuevo%5Chtdocs%5CBLA%5Cresoluciones%5CAUTOS+2024%5C&f=00101.pdf&ft=img HTTP/1.1" 200 15979
172.22.2.4 - - [13/Jul/2024:19:26:33 -0500] "GET /BLA/boletinlegal/robots.txt HTTP/1.1" 404 1037
172.22.2.4 - - [13/Jul/2024:19:26:33 -0500] "GET /BLA/boletinlegal/jurisprudencia/analisis/AnalisisT-146-16.docx HTTP/1.1" 200 23021
216.245.221.92 - - [13/Jul/2024:19:26:35 -0500] "HEAD / HTTP/1.1" 200 -
66.249.66.19 - - [13/Jul/2024:19:26:50 -0500] "GET /BLA/resoluciones/AUTOS%202008/0368.pdf HTTP/1.1" 200 151967
66.249.66.19 - - [13/Jul/2024:19:26:51 -0500] "GET /BLA/resoluciones/RESOLUCIONES%202010/4501.pdf HTTP/1.1" 200 4070663
47.128.57.185 - - [13/Jul/2024:19:27:04 -0500] "GET /BLA/resoluciones/AUTOS%202021/0245.php?act=f&d=E%3A%5Cnuevo%5Chtdocs%5CBLA%5Cresoluciones%5CRESOLUCIONES+2006%5CRES+2006+1301-1350&f=00001306.tif HTTP/1.1" 200 17695
201.245.192.253 - - [13/Jul/2024:19:27:07 -0500] "GET /kwsrmcab/Wsrmcab?wsdl HTTP/1.1" 200 6948
47.128.62.68 - - [13/Jul/2024:19:27:39 -0500] "GET /BLA/resoluciones/AUTOS%202021/0245.php?act=f&d=E%3A%5Cnuevo%5Chtdocs%5CBLA%5Cresoluciones%5CRESOLUCIONES+2006%5CRES+2006+201-250%5C&f=00000204.tif&imgsize=50 HTTP/1.1" 200 17590
66.249.66.20 - - [13/Jul/2024:19:27:40 -0500] "GET /BLA/boletinlegal/jurisprudencia/analisis/Analisis%20jurisprudencial%20Sentencia%20C-366-11.doc HTTP/1.1" 304 -
201.245.192.253 - - [13/Jul/2024:19:28:00 -0500] "POST /kwsrmcab/Wsrmcab  HTTP/1.1" 200 38712
201.245.192.253 - - [13/Jul/2024:19:28:07 -0500] "GET /kwsrmcab/Wsrmcab?wsdl HTTP/1.1" 200 6948
47.128.46.114 - - [13/Jul/2024:19:28:13 -0500] "GET /BLA/resoluciones/AUTOS%202021/0245.php?act=f&d=E%3A%5Cnuevo%5Chtdocs%5Cvideos%5C&f=NuestraGente_Miquitos.flv&ft=img&imgsize=100 HTTP/1.1" 200 14960
