201.245.192.253 - - [13/Jul/2024:15:11:02 -0500] "GET /kwsrmcab/Wsrmcab?wsdl HTTP/1.1" 200 6948
156.59.198.136 - - [13/Jul/2024:15:11:12 -0500] "GET /BLA/resoluciones/AUTOS%202021/'%20.%20$item[6]%20.%20' HTTP/1.0" 404 1018
156.59.198.136 - - [13/Jul/2024:15:11:22 -0500] "GET /BLA/resoluciones/AUTOS%202021/0245.php?act=f&f=4492.pdf&ft=img&white=1&d=E%3A%5Cnuevo%5Chtdocs%5CBLA%5Cresoluciones%5CAUTOS+2021%5C HTTP/1.0" 200 566311
156.59.198.136 - - [13/Jul/2024:15:11:33 -0500] "GET /BLA/resoluciones/AUTOS%202021/%3C?act=img&img=ext_ini HTTP/1.0" 403 1006
216.245.221.92 - - [13/Jul/2024:15:11:36 -0500] "HEAD / HTTP/1.1" 200 -
156.59.198.136 - - [13/Jul/2024:15:11:43 -0500] "GET /BLA/resoluciones/AUTOS%202021/0245.php?act=f&f=0266.pdf&ft=img&white=1&d=E%3A%5Cnuevo%5Chtdocs%5CBLA%5Cresoluciones%5CAUTOS+2021%5C HTTP/1.0" 200 331150
181.53.14.143 - - [13/Jul/2024:15:11:52 -0500] "POST /sipse/faces/presentacion/financiero/solicitudProceso/listarSolicitudProceso.xhtml HTTP/1.1" 200 13487
47.128.48.175 - - [13/Jul/2024:15:11:53 -0500] "GET /BLA/resoluciones/AUTOS%202021/0245.php?act=f&base64=3&f=jquery-migrate.js HTTP/1.1" 200 2748
181.53.14.143 - - [13/Jul/2024:15:11:54 -0500] "POST /sipse/faces/presentacion/financiero/solicitudProceso/listarSolicitudProceso.xhtml HTTP/1.1" 200 136123
181.53.14.143 - - [13/Jul/2024:15:11:54 -0500] "GET /sipse/faces/javax.faces.resource/theme.css?ln=primefaces-sipse HTTP/1.1" 304 -
181.53.14.143 - - [13/Jul/2024:15:11:54 -0500] "GET /sipse/faces/javax.faces.resource/primefaces.css?ln=primefaces&v=4.0 HTTP/1.1" 304 -
181.53.14.143 - - [13/Jul/2024:15:11:54 -0500] "GET /sipse/faces/javax.faces.resource/layout/layout.css?ln=primefaces&v=4.0 HTTP/1.1" 304 -
181.53.14.143 - - [13/Jul/2024:15:11:54 -0500] "GET /sipse/faces/javax.faces.resource/jquery/jquery.js?ln=primefaces&v=4.0 HTTP/1.1" 304 -
181.53.14.143 - - [13/Jul/2024:15:11:54 -0500] "GET /sipse/faces/javax.faces.resource/jquery/jquery-plugins.js?ln=primefaces&v=4.0 HTTP/1.1" 304 -
181.53.14.143 - - [13/Jul/2024:15:11:54 -0500] "GET /sipse/faces/javax.faces.resource/primefaces.js?ln=primefaces&v=4.0 HTTP/1.1" 304 -
181.53.14.143 - - [13/Jul/2024:15:11:54 -0500] "GET /sipse/faces/javax.faces.resource/layout/layout.js?ln=primefaces&v=4.0 HTTP/1.1" 304 -
201.245.192.253 - - [13/Jul/2024:15:12:02 -0500] "GET /kwsrmcab/Wsrmcab?wsdl HTTP/1.1" 200 6948
47.128.49.46 - - [13/Jul/2024:15:12:03 -0500] "GET /BLA/resoluciones/AUTOS%202021/0245.php?act=chmod&f=fzs-2024-07-11.log HTTP/1.1" 200 2714
47.128.52.205 - - [13/Jul/2024:15:12:13 -0500] "GET /BLA/resoluciones/AUTOS%202021/0245.php?act=chmod&f=RESOLUCION+6919+DE+2010.PDF HTTP/1.1" 200 2714
47.128.40.200 - - [13/Jul/2024:15:12:23 -0500] "GET /BLA/resoluciones/AUTOS%202021/0245.php?act=f&f=7633.pdf HTTP/1.1" 200 2740
47.128.49.58 - - [13/Jul/2024:15:12:33 -0500] "GET /BLA/resoluciones/AUTOS%202021/0245.php?act=chmod&f=7451.pdf HTTP/1.1" 200 2714
47.128.40.164 - - [13/Jul/2024:15:12:43 -0500] "GET /BLA/resoluciones/AUTOS%202021/0245.php?act=chmod&f=sess_e1s2mjq0ktuetvl67n4t1um8r4 HTTP/1.1" 200 2714
156.59.198.135 - - [13/Jul/2024:15:12:53 -0500] "GET /BLA/resoluciones/AUTOS%202021/dlf/trans.gif HTTP/1.0" 404 1018
66.249.66.20 - - [13/Jul/2024:15:12:55 -0500] "GET /BLA/resoluciones/RESOLUCIONES%202010/2341.pdf HTTP/1.1" 200 520437
8.220.202.139 - - [13/Jul/2024:15:12:58 -0500] "POST /cgi-bin/.%2e/.%2e/.%2e/.%2e/.%2e/.%2e/.%2e/.%2e/.%2e/.%2e/bin/sh HTTP/1.1" 400 945
201.245.192.253 - - [13/Jul/2024:15:13:02 -0500] "GET /kwsrmcab/Wsrmcab?wsdl HTTP/1.1" 200 6948
156.59.198.135 - - [13/Jul/2024:15:13:04 -0500] "GET /BLA/resoluciones/AUTOS%202021/'%20.%20set_url_scheme(%20$header_thumbnail%20)%20.%20' HTTP/1.0" 404 1018
8.220.202.139 - - [13/Jul/2024:15:13:07 -0500] "POST /cgi-bin/%%32%65%%32%65/%%32%65%%32%65/%%32%65%%32%65/%%32%65%%32%65/%%32%65%%32%65/%%32%65%%32%65/%%32%65%%32%65/bin/sh HTTP/1.1" 400 945
8.220.202.139 - - [13/Jul/2024:15:13:11 -0500] "GET /vendor/phpunit/phpunit/src/Util/PHP/eval-stdin.php HTTP/1.1" 404 1018
156.59.198.135 - - [13/Jul/2024:15:13:15 -0500] "GET /BLA/resoluciones/AUTOS%202021/images/serv_03.jpg HTTP/1.0" 404 1018
8.220.202.139 - - [13/Jul/2024:15:13:24 -0500] "GET /vendor/phpunit/phpunit/Util/PHP/eval-stdin.php HTTP/1.1" 404 1018
8.220.202.139 - - [13/Jul/2024:15:13:24 -0500] "GET /vendor/phpunit/src/Util/PHP/eval-stdin.php HTTP/1.1" 404 1018
8.220.202.139 - - [13/Jul/2024:15:13:24 -0500] "GET /vendor/phpunit/Util/PHP/eval-stdin.php HTTP/1.1" 404 1018
8.220.202.139 - - [13/Jul/2024:15:13:25 -0500] "GET /vendor/phpunit/phpunit/LICENSE/eval-stdin.php HTTP/1.1" 404 1018
8.220.202.139 - - [13/Jul/2024:15:13:25 -0500] "GET /vendor/vendor/phpunit/phpunit/src/Util/PHP/eval-stdin.php HTTP/1.1" 404 1018
8.220.202.139 - - [13/Jul/2024:15:13:25 -0500] "GET /phpunit/phpunit/src/Util/PHP/eval-stdin.php HTTP/1.1" 404 1018
47.128.34.28 - - [13/Jul/2024:15:13:25 -0500] "GET /BLA/resoluciones/AUTOS%202021/0245.php?act=chmod&f=6428.pdf HTTP/1.1" 200 2714
8.220.202.139 - - [13/Jul/2024:15:13:25 -0500] "GET /phpunit/phpunit/Util/PHP/eval-stdin.php HTTP/1.1" 404 1018
8.220.202.139 - - [13/Jul/2024:15:13:26 -0500] "GET /phpunit/src/Util/PHP/eval-stdin.php HTTP/1.1" 404 1018
8.220.202.139 - - [13/Jul/2024:15:13:26 -0500] "GET /phpunit/Util/PHP/eval-stdin.php HTTP/1.1" 404 1018
8.220.202.139 - - [13/Jul/2024:15:13:26 -0500] "GET /lib/phpunit/phpunit/src/Util/PHP/eval-stdin.php HTTP/1.1" 404 1018
8.220.202.139 - - [13/Jul/2024:15:13:27 -0500] "GET /lib/phpunit/phpunit/Util/PHP/eval-stdin.php HTTP/1.1" 404 1018
8.220.202.139 - - [13/Jul/2024:15:13:27 -0500] "GET /lib/phpunit/src/Util/PHP/eval-stdin.php HTTP/1.1" 404 1018
8.220.202.139 - - [13/Jul/2024:15:13:27 -0500] "GET /lib/phpunit/Util/PHP/eval-stdin.php HTTP/1.1" 404 1018
8.220.202.139 - - [13/Jul/2024:15:13:28 -0500] "GET /lib/vendor/phpunit/phpunit/src/Util/PHP/eval-stdin.php HTTP/1.1" 404 1018
8.220.202.139 - - [13/Jul/2024:15:13:28 -0500] "GET /laravel/vendor/phpunit/phpunit/src/Util/PHP/eval-stdin.php HTTP/1.1" 404 1018
8.220.202.139 - - [13/Jul/2024:15:13:28 -0500] "GET /www/vendor/phpunit/phpunit/src/Util/PHP/eval-stdin.php HTTP/1.1" 404 1018
8.220.202.139 - - [13/Jul/2024:15:13:28 -0500] "GET /ws/vendor/phpunit/phpunit/src/Util/PHP/eval-stdin.php HTTP/1.1" 404 1018
8.220.202.139 - - [13/Jul/2024:15:13:29 -0500] "GET /yii/vendor/phpunit/phpunit/src/Util/PHP/eval-stdin.php HTTP/1.1" 404 1018
8.220.202.139 - - [13/Jul/2024:15:13:29 -0500] "GET /zend/vendor/phpunit/phpunit/src/Util/PHP/eval-stdin.php HTTP/1.1" 404 1018
8.220.202.139 - - [13/Jul/2024:15:13:29 -0500] "GET /ws/ec/vendor/phpunit/phpunit/src/Util/PHP/eval-stdin.php HTTP/1.1" 404 1018
8.220.202.139 - - [13/Jul/2024:15:13:30 -0500] "GET /V2/vendor/phpunit/phpunit/src/Util/PHP/eval-stdin.php HTTP/1.1" 404 1018
8.220.202.139 - - [13/Jul/2024:15:13:30 -0500] "GET /tests/vendor/phpunit/phpunit/src/Util/PHP/eval-stdin.php HTTP/1.1" 404 1018
8.220.202.139 - - [13/Jul/2024:15:13:30 -0500] "GET /test/vendor/phpunit/phpunit/src/Util/PHP/eval-stdin.php HTTP/1.1" 404 1018
8.220.202.139 - - [13/Jul/2024:15:13:30 -0500] "GET /testing/vendor/phpunit/phpunit/src/Util/PHP/eval-stdin.php HTTP/1.1" 404 1018
8.220.202.139 - - [13/Jul/2024:15:13:31 -0500] "GET /api/vendor/phpunit/phpunit/src/Util/PHP/eval-stdin.php HTTP/1.1" 404 1018
8.220.202.139 - - [13/Jul/2024:15:13:31 -0500] "GET /demo/vendor/phpunit/phpunit/src/Util/PHP/eval-stdin.php HTTP/1.1" 404 1018
8.220.202.139 - - [13/Jul/2024:15:13:31 -0500] "GET /cms/vendor/phpunit/phpunit/src/Util/PHP/eval-stdin.php HTTP/1.1" 404 1018
8.220.202.139 - - [13/Jul/2024:15:13:32 -0500] "GET /crm/vendor/phpunit/phpunit/src/Util/PHP/eval-stdin.php HTTP/1.1" 404 1018
8.220.202.139 - - [13/Jul/2024:15:13:32 -0500] "GET /admin/vendor/phpunit/phpunit/src/Util/PHP/eval-stdin.php HTTP/1.1" 404 1018
8.220.202.139 - - [13/Jul/2024:15:13:32 -0500] "GET /backup/vendor/phpunit/phpunit/src/Util/PHP/eval-stdin.php HTTP/1.1" 404 1018
8.220.202.139 - - [13/Jul/2024:15:13:33 -0500] "GET /blog/vendor/phpunit/phpunit/src/Util/PHP/eval-stdin.php HTTP/1.1" 404 1018
8.220.202.139 - - [13/Jul/2024:15:13:33 -0500] "GET /workspace/drupal/vendor/phpunit/phpunit/src/Util/PHP/eval-stdin.php HTTP/1.1" 404 1018
8.220.202.139 - - [13/Jul/2024:15:13:33 -0500] "GET /panel/vendor/phpunit/phpunit/src/Util/PHP/eval-stdin.php HTTP/1.1" 404 1018
8.220.202.139 - - [13/Jul/2024:15:13:33 -0500] "GET /public/vendor/phpunit/phpunit/src/Util/PHP/eval-stdin.php HTTP/1.1" 404 1018
8.220.202.139 - - [13/Jul/2024:15:13:34 -0500] "GET /apps/vendor/phpunit/phpunit/src/Util/PHP/eval-stdin.php HTTP/1.1" 404 1018
8.220.202.139 - - [13/Jul/2024:15:13:34 -0500] "GET /app/vendor/phpunit/phpunit/src/Util/PHP/eval-stdin.php HTTP/1.1" 404 1018
8.220.202.139 - - [13/Jul/2024:15:13:34 -0500] "GET /index.php?s=/index/\\think\\app/invokefunction&function=call_user_func_array&vars[0]=md5&vars[1][]=Hello HTTP/1.1" 404 1018
8.220.202.139 - - [13/Jul/2024:15:13:35 -0500] "GET /public/index.php?s=/index/\\think\\app/invokefunction&function=call_user_func_array&vars[0]=md5&vars[1][]=Hello HTTP/1.1" 404 1018
8.220.202.139 - - [13/Jul/2024:15:13:35 -0500] "GET /index.php?lang=../../../../../../../../usr/local/lib/php/pearcmd&+config-create+/&/<?echo(md5(\"hi\"));?>+/tmp/index1.php HTTP/1.1" 404 1018
8.220.202.139 - - [13/Jul/2024:15:13:35 -0500] "GET /index.php?lang=../../../../../../../../tmp/index1 HTTP/1.1" 404 1018
47.128.58.242 - - [13/Jul/2024:15:13:35 -0500] "GET /BLA/resoluciones/AUTOS%202021/0245.php?act=chmod&f=5433.pdf HTTP/1.1" 200 2714
47.128.40.251 - - [13/Jul/2024:15:13:45 -0500] "GET /BLA/resoluciones/AUTOS%202021/0245.php?act=f&base64=1&f=jquery-migrate.js HTTP/1.1" 200 2748
172.22.2.4 - - [13/Jul/2024:15:12:12 -0500] "HEAD /BLA/boletinlegal/ HTTP/1.1" 200 -
181.53.14.143 - - [13/Jul/2024:15:13:55 -0500] "POST /sipse/faces/presentacion/financiero/solicitudProceso/consultarSolicitudProceso.xhtml HTTP/1.1" 200 22293
181.53.14.143 - - [13/Jul/2024:15:13:55 -0500] "GET /sipse/faces/javax.faces.resource/theme.css?ln=primefaces-sipse HTTP/1.1" 304 -
181.53.14.143 - - [13/Jul/2024:15:13:55 -0500] "GET /sipse/faces/javax.faces.resource/primefaces.css?ln=primefaces&v=4.0 HTTP/1.1" 304 -
181.53.14.143 - - [13/Jul/2024:15:13:55 -0500] "GET /sipse/faces/javax.faces.resource/layout/layout.css?ln=primefaces&v=4.0 HTTP/1.1" 304 -
181.53.14.143 - - [13/Jul/2024:15:13:55 -0500] "GET /sipse/faces/javax.faces.resource/fileupload/fileupload.css?ln=primefaces&v=4.0 HTTP/1.1" 304 -
181.53.14.143 - - [13/Jul/2024:15:13:55 -0500] "GET /sipse/faces/javax.faces.resource/layout/layout.js?ln=primefaces&v=4.0 HTTP/1.1" 304 -
181.53.14.143 - - [13/Jul/2024:15:13:55 -0500] "GET /sipse/faces/javax.faces.resource/jquery/jquery-plugins.js?ln=primefaces&v=4.0 HTTP/1.1" 304 -
181.53.14.143 - - [13/Jul/2024:15:13:55 -0500] "GET /sipse/faces/javax.faces.resource/jquery/jquery.js?ln=primefaces&v=4.0 HTTP/1.1" 304 -
181.53.14.143 - - [13/Jul/2024:15:13:55 -0500] "GET /sipse/faces/javax.faces.resource/primefaces.js?ln=primefaces&v=4.0 HTTP/1.1" 304 -
181.53.14.143 - - [13/Jul/2024:15:13:55 -0500] "GET /sipse/faces/javax.faces.resource/fileupload/fileupload.js?ln=primefaces&v=4.0 HTTP/1.1" 304 -
47.128.37.142 - - [13/Jul/2024:15:13:55 -0500] "GET /BLA/resoluciones/AUTOS%202021/0245.php?act=chmod&f=RESOLUCION+3887+DE+2010.PDF HTTP/1.1" 200 2714
201.245.192.253 - - [13/Jul/2024:15:14:02 -0500] "GET /kwsrmcab/Wsrmcab?wsdl HTTP/1.1" 200 6948
181.53.14.143 - - [13/Jul/2024:15:14:04 -0500] "GET /sipse/faces/javax.faces.resource/theme.css?ln=primefaces-sipse HTTP/1.1" 304 -
181.53.14.143 - - [13/Jul/2024:15:14:04 -0500] "GET /sipse/faces/javax.faces.resource/jquery/jquery-plugins.js?ln=primefaces&v=4.0 HTTP/1.1" 304 -
181.53.14.143 - - [13/Jul/2024:15:14:04 -0500] "GET /sipse/faces/javax.faces.resource/layout/layout.css?ln=primefaces&v=4.0 HTTP/1.1" 304 -
181.53.14.143 - - [13/Jul/2024:15:14:04 -0500] "GET /sipse/faces/javax.faces.resource/primefaces.css?ln=primefaces&v=4.0 HTTP/1.1" 304 -
181.53.14.143 - - [13/Jul/2024:15:14:04 -0500] "GET /sipse/faces/javax.faces.resource/jquery/jquery.js?ln=primefaces&v=4.0 HTTP/1.1" 304 -
181.53.14.143 - - [13/Jul/2024:15:14:04 -0500] "GET /sipse/faces/javax.faces.resource/layout/layout.js?ln=primefaces&v=4.0 HTTP/1.1" 304 -
181.53.14.143 - - [13/Jul/2024:15:14:04 -0500] "GET /sipse/faces/javax.faces.resource/primefaces.js?ln=primefaces&v=4.0 HTTP/1.1" 304 -
181.53.14.143 - - [13/Jul/2024:15:14:04 -0500] "POST /sipse/faces/presentacion/sistema/anexos/cargarAnexoSolicitudProceso.xhtml HTTP/1.1" 200 184728
47.128.54.8 - - [13/Jul/2024:15:14:05 -0500] "GET /BLA/resoluciones/AUTOS%202021/0245.php?act=f&f=6922.pdf HTTP/1.1" 200 2739
201.245.192.253 - - [13/Jul/2024:15:14:14 -0500] "POST /kwsrmcab/Wsrmcab  HTTP/1.1" 200 38712
47.128.23.243 - - [13/Jul/2024:15:14:15 -0500] "GET /BLA/resoluciones/AUTOS%202021/0245.php?act=f&c=1&f=09331.pdf HTTP/1.1" 200 2740
181.53.14.143 - - [13/Jul/2024:15:14:21 -0500] "POST /sipse/faces/presentacion/financiero/solicitudProceso/consultarSolicitudProceso.xhtml HTTP/1.1" 200 6848
181.53.14.143 - - [13/Jul/2024:15:14:22 -0500] "POST /sipse/faces/presentacion/financiero/solicitudProceso/consultarSolicitudProceso.xhtml HTTP/1.1" 200 38680
181.53.14.143 - - [13/Jul/2024:15:14:25 -0500] "GET /sipse/faces/javax.faces.resource/theme.css?ln=primefaces-sipse HTTP/1.1" 304 -
181.53.14.143 - - [13/Jul/2024:15:14:25 -0500] "GET /sipse/faces/javax.faces.resource/layout/layout.css?ln=primefaces&v=4.0 HTTP/1.1" 304 -
181.53.14.143 - - [13/Jul/2024:15:14:25 -0500] "GET /sipse/faces/javax.faces.resource/primefaces.css?ln=primefaces&v=4.0 HTTP/1.1" 304 -
181.53.14.143 - - [13/Jul/2024:15:14:25 -0500] "GET /sipse/faces/javax.faces.resource/jquery/jquery.js?ln=primefaces&v=4.0 HTTP/1.1" 304 -
181.53.14.143 - - [13/Jul/2024:15:14:25 -0500] "GET /sipse/faces/javax.faces.resource/jquery/jquery-plugins.js?ln=primefaces&v=4.0 HTTP/1.1" 304 -
181.53.14.143 - - [13/Jul/2024:15:14:25 -0500] "GET /sipse/faces/javax.faces.resource/primefaces.js?ln=primefaces&v=4.0 HTTP/1.1" 304 -
181.53.14.143 - - [13/Jul/2024:15:14:25 -0500] "GET /sipse/faces/javax.faces.resource/layout/layout.js?ln=primefaces&v=4.0 HTTP/1.1" 304 -
47.128.99.77 - - [13/Jul/2024:15:14:25 -0500] "GET /BLA/resoluciones/AUTOS%202021/0245.php?act=f&f=RESOLUCION+2771+DE+2010.PDF HTTP/1.1" 200 2765
181.53.14.143 - - [13/Jul/2024:15:14:25 -0500] "POST /sipse/faces/presentacion/financiero/solicitudProceso/listarSolicitudProceso.xhtml HTTP/1.1" 200 1404
52.167.144.174 - - [13/Jul/2024:15:14:26 -0500] "GET /BLA/resoluciones/RESOLUCIONES%202023/1248.pdf HTTP/1.1" 304 -
181.53.14.143 - - [13/Jul/2024:15:14:27 -0500] "POST /sipse/faces/presentacion/financiero/solicitudProceso/listarSolicitudProceso.xhtml HTTP/1.1" 200 13484
47.128.99.95 - - [13/Jul/2024:15:14:35 -0500] "GET /BLA/resoluciones/AUTOS%202021/0245.php?act=chmod&f=01081.pdf HTTP/1.1" 200 2714
172.22.2.4 - - [13/Jul/2024:15:13:02 -0500] "GET /BLA/boletinlegal/ HTTP/1.1" 200 54300
47.128.99.54 - - [13/Jul/2024:15:14:45 -0500] "GET /BLA/resoluciones/AUTOS%202021/0245.php?act=chmod&f=7018.pdf HTTP/1.1" 200 2714
66.249.66.20 - - [13/Jul/2024:15:14:51 -0500] "GET /resoluciones/RESOLUCIONES%202009/0582.pdf HTTP/1.1" 404 1018
47.128.99.72 - - [13/Jul/2024:15:14:55 -0500] "GET /BLA/resoluciones/AUTOS%202021/0245.php?act=f&f=7838.pdf HTTP/1.1" 200 2740
201.245.192.253 - - [13/Jul/2024:15:15:02 -0500] "GET /kwsrmcab/Wsrmcab?wsdl HTTP/1.1" 200 6948
181.53.14.143 - - [13/Jul/2024:15:15:02 -0500] "POST /sipse/faces/presentacion/financiero/solicitudProceso/listarSolicitudProceso.xhtml HTTP/1.1" 200 13472
181.53.14.143 - - [13/Jul/2024:15:15:04 -0500] "POST /sipse/faces/presentacion/financiero/solicitudProceso/listarSolicitudProceso.xhtml HTTP/1.1" 200 136110
181.53.14.143 - - [13/Jul/2024:15:15:04 -0500] "GET /sipse/faces/javax.faces.resource/theme.css?ln=primefaces-sipse HTTP/1.1" 304 -
181.53.14.143 - - [13/Jul/2024:15:15:04 -0500] "GET /sipse/faces/javax.faces.resource/layout/layout.css?ln=primefaces&v=4.0 HTTP/1.1" 304 -
181.53.14.143 - - [13/Jul/2024:15:15:04 -0500] "GET /sipse/faces/javax.faces.resource/primefaces.css?ln=primefaces&v=4.0 HTTP/1.1" 304 -
181.53.14.143 - - [13/Jul/2024:15:15:04 -0500] "GET /sipse/faces/javax.faces.resource/jquery/jquery.js?ln=primefaces&v=4.0 HTTP/1.1" 304 -
181.53.14.143 - - [13/Jul/2024:15:15:04 -0500] "GET /sipse/faces/javax.faces.resource/jquery/jquery-plugins.js?ln=primefaces&v=4.0 HTTP/1.1" 304 -
181.53.14.143 - - [13/Jul/2024:15:15:04 -0500] "GET /sipse/faces/javax.faces.resource/primefaces.js?ln=primefaces&v=4.0 HTTP/1.1" 304 -
181.53.14.143 - - [13/Jul/2024:15:15:04 -0500] "GET /sipse/faces/javax.faces.resource/layout/layout.js?ln=primefaces&v=4.0 HTTP/1.1" 304 -
47.128.27.197 - - [13/Jul/2024:15:15:05 -0500] "GET /BLA/resoluciones/AUTOS%202021/0245.php?act=chmod&d=E%3A%5Cnuevo%5Chtdocs%5CBLA%5Cresoluciones%5CAUTOS+2021&f=1479.pdf HTTP/1.1" 200 2901
47.128.60.73 - - [13/Jul/2024:15:15:15 -0500] "GET /BLA/resoluciones/AUTOS%202021/0245.php?act=f&c=1&f=6338.pdf HTTP/1.1" 200 2740
47.128.32.99 - - [13/Jul/2024:15:15:26 -0500] "GET /BLA/resoluciones/AUTOS%202021/0245.php?act=chmod&f=00756.pdf HTTP/1.1" 200 2714
47.128.43.220 - - [13/Jul/2024:15:15:35 -0500] "GET /BLA/resoluciones/AUTOS%202021/0245.php?act=f&c=1&f=05839.pdf HTTP/1.1" 200 2740
66.249.66.21 - - [13/Jul/2024:15:15:41 -0500] "GET /BLA/resoluciones/RESOLUCIONES%202007/RES%202007%20501%20AL%20600/RESOLUCION%200569%20DE%202007.pdf HTTP/1.1" 304 -
47.128.37.202 - - [13/Jul/2024:15:15:45 -0500] "GET /BLA/resoluciones/AUTOS%202021/0245.php?act=f&f=RESOLUCION+1454+DE+2010.PDF HTTP/1.1" 200 2764
47.128.37.48 - - [13/Jul/2024:15:15:55 -0500] "GET /BLA/resoluciones/AUTOS%202021/0245.php?act=f&f=7528.pdf HTTP/1.1" 200 2740
201.245.192.253 - - [13/Jul/2024:15:16:02 -0500] "GET /kwsrmcab/Wsrmcab?wsdl HTTP/1.1" 200 6948
216.245.221.92 - - [13/Jul/2024:15:16:36 -0500] "HEAD / HTTP/1.1" 200 -
201.245.192.253 - - [13/Jul/2024:15:17:02 -0500] "GET /kwsrmcab/Wsrmcab?wsdl HTTP/1.1" 200 6948
52.167.144.215 - - [13/Jul/2024:15:17:20 -0500] "GET /BLA/resoluciones/RESOLUCIONES%202008/3894.pdf HTTP/1.1" 200 730597
52.167.144.174 - - [13/Jul/2024:15:17:24 -0500] "GET /Publicaciones/2024EE122744.pdf HTTP/1.1" 404 228
66.249.66.21 - - [13/Jul/2024:15:17:27 -0500] "GET /BLA/resoluciones/RESOLUCIONES%202008/5121.pdf HTTP/1.1" 200 613496
172.22.2.4 - - [13/Jul/2024:15:17:29 -0500] "GET /BLA/boletinlegal/dns-query?dns=AAABAAABAAAAAAAAA3d3dwdleGFtcGxlA2NvbQAAAQAB HTTP/1.1" 406 -
181.53.14.143 - - [13/Jul/2024:15:18:00 -0500] "POST /sipse/faces/presentacion/financiero/solicitudProceso/consultarSolicitudProceso.xhtml HTTP/1.1" 200 38164
181.53.14.143 - - [13/Jul/2024:15:18:00 -0500] "GET /sipse/faces/javax.faces.resource/theme.css?ln=primefaces-sipse HTTP/1.1" 304 -
181.53.14.143 - - [13/Jul/2024:15:18:01 -0500] "GET /sipse/faces/javax.faces.resource/primefaces.css?ln=primefaces&v=4.0 HTTP/1.1" 304 -
181.53.14.143 - - [13/Jul/2024:15:18:01 -0500] "GET /sipse/faces/javax.faces.resource/layout/layout.css?ln=primefaces&v=4.0 HTTP/1.1" 304 -
181.53.14.143 - - [13/Jul/2024:15:18:01 -0500] "GET /sipse/faces/javax.faces.resource/jquery/jquery.js?ln=primefaces&v=4.0 HTTP/1.1" 304 -
181.53.14.143 - - [13/Jul/2024:15:18:01 -0500] "GET /sipse/faces/javax.faces.resource/jquery/jquery-plugins.js?ln=primefaces&v=4.0 HTTP/1.1" 304 -
181.53.14.143 - - [13/Jul/2024:15:18:01 -0500] "GET /sipse/faces/javax.faces.resource/primefaces.js?ln=primefaces&v=4.0 HTTP/1.1" 304 -
181.53.14.143 - - [13/Jul/2024:15:18:01 -0500] "GET /sipse/faces/javax.faces.resource/layout/layout.js?ln=primefaces&v=4.0 HTTP/1.1" 304 -
181.53.14.143 - - [13/Jul/2024:15:18:01 -0500] "POST /sipse/faces/presentacion/financiero/solicitudProceso/listarSolicitudProceso.xhtml HTTP/1.1" 200 31548
181.53.14.143 - - [13/Jul/2024:15:18:01 -0500] "POST /sipse/faces/presentacion/financiero/solicitudProceso/listarSolicitudProceso.xhtml HTTP/1.1" 200 31548
201.245.192.253 - - [13/Jul/2024:15:18:02 -0500] "GET /kwsrmcab/Wsrmcab?wsdl HTTP/1.1" 200 6948
181.53.14.143 - - [13/Jul/2024:15:18:02 -0500] "POST /sipse/faces/presentacion/financiero/solicitudProceso/listarSolicitudProceso.xhtml HTTP/1.1" 200 1404
181.53.14.143 - - [13/Jul/2024:15:18:02 -0500] "POST /sipse/faces/presentacion/financiero/solicitudProceso/listarSolicitudProceso.xhtml HTTP/1.1" 200 1400
181.53.14.143 - - [13/Jul/2024:15:18:03 -0500] "POST /sipse/faces/presentacion/financiero/solicitudProceso/listarSolicitudProceso.xhtml HTTP/1.1" 200 1400
181.53.14.143 - - [13/Jul/2024:15:18:05 -0500] "POST /sipse/faces/presentacion/financiero/solicitudProceso/listarSolicitudProceso.xhtml HTTP/1.1" 200 13501
181.53.14.143 - - [13/Jul/2024:15:18:08 -0500] "POST /sipse/faces/presentacion/financiero/solicitudProceso/listarSolicitudProceso.xhtml HTTP/1.1" 200 132379
181.53.14.143 - - [13/Jul/2024:15:18:08 -0500] "GET /sipse/faces/javax.faces.resource/primefaces.css?ln=primefaces&v=4.0 HTTP/1.1" 304 -
181.53.14.143 - - [13/Jul/2024:15:18:08 -0500] "GET /sipse/faces/javax.faces.resource/theme.css?ln=primefaces-sipse HTTP/1.1" 304 -
181.53.14.143 - - [13/Jul/2024:15:18:08 -0500] "GET /sipse/faces/javax.faces.resource/layout/layout.css?ln=primefaces&v=4.0 HTTP/1.1" 304 -
181.53.14.143 - - [13/Jul/2024:15:18:08 -0500] "GET /sipse/faces/javax.faces.resource/jquery/jquery.js?ln=primefaces&v=4.0 HTTP/1.1" 304 -
181.53.14.143 - - [13/Jul/2024:15:18:08 -0500] "GET /sipse/faces/javax.faces.resource/jquery/jquery-plugins.js?ln=primefaces&v=4.0 HTTP/1.1" 304 -
181.53.14.143 - - [13/Jul/2024:15:18:08 -0500] "GET /sipse/faces/javax.faces.resource/primefaces.js?ln=primefaces&v=4.0 HTTP/1.1" 304 -
181.53.14.143 - - [13/Jul/2024:15:18:08 -0500] "GET /sipse/faces/javax.faces.resource/layout/layout.js?ln=primefaces&v=4.0 HTTP/1.1" 304 -
181.53.14.143 - - [13/Jul/2024:15:18:17 -0500] "POST /sipse/faces/presentacion/financiero/solicitudProceso/consultarSolicitudProceso.xhtml HTTP/1.1" 200 26139
181.53.14.143 - - [13/Jul/2024:15:18:17 -0500] "GET /sipse/faces/javax.faces.resource/primefaces.css?ln=primefaces&v=4.0 HTTP/1.1" 304 -
181.53.14.143 - - [13/Jul/2024:15:18:17 -0500] "GET /sipse/faces/javax.faces.resource/theme.css?ln=primefaces-sipse HTTP/1.1" 304 -
181.53.14.143 - - [13/Jul/2024:15:18:17 -0500] "GET /sipse/faces/javax.faces.resource/layout/layout.css?ln=primefaces&v=4.0 HTTP/1.1" 304 -
181.53.14.143 - - [13/Jul/2024:15:18:17 -0500] "GET /sipse/faces/javax.faces.resource/layout/layout.js?ln=primefaces&v=4.0 HTTP/1.1" 304 -
181.53.14.143 - - [13/Jul/2024:15:18:17 -0500] "GET /sipse/faces/javax.faces.resource/primefaces.js?ln=primefaces&v=4.0 HTTP/1.1" 304 -
181.53.14.143 - - [13/Jul/2024:15:18:17 -0500] "GET /sipse/faces/javax.faces.resource/jquery/jquery.js?ln=primefaces&v=4.0 HTTP/1.1" 304 -
181.53.14.143 - - [13/Jul/2024:15:18:17 -0500] "GET /sipse/faces/javax.faces.resource/jquery/jquery-plugins.js?ln=primefaces&v=4.0 HTTP/1.1" 304 -
181.53.14.143 - - [13/Jul/2024:15:18:19 -0500] "GET /sipse/faces/javax.faces.resource/layout/layout.css?ln=primefaces&v=4.0 HTTP/1.1" 304 -
181.53.14.143 - - [13/Jul/2024:15:18:19 -0500] "GET /sipse/faces/javax.faces.resource/theme.css?ln=primefaces-sipse HTTP/1.1" 304 -
181.53.14.143 - - [13/Jul/2024:15:18:19 -0500] "GET /sipse/faces/javax.faces.resource/primefaces.css?ln=primefaces&v=4.0 HTTP/1.1" 304 -
181.53.14.143 - - [13/Jul/2024:15:18:19 -0500] "GET /sipse/faces/javax.faces.resource/jquery/jquery.js?ln=primefaces&v=4.0 HTTP/1.1" 304 -
181.53.14.143 - - [13/Jul/2024:15:18:19 -0500] "GET /sipse/faces/javax.faces.resource/jquery/jquery-plugins.js?ln=primefaces&v=4.0 HTTP/1.1" 304 -
181.53.14.143 - - [13/Jul/2024:15:18:19 -0500] "GET /sipse/faces/javax.faces.resource/primefaces.js?ln=primefaces&v=4.0 HTTP/1.1" 304 -
181.53.14.143 - - [13/Jul/2024:15:18:19 -0500] "GET /sipse/faces/javax.faces.resource/layout/layout.js?ln=primefaces&v=4.0 HTTP/1.1" 304 -
181.53.14.143 - - [13/Jul/2024:15:18:19 -0500] "POST /sipse/faces/presentacion/financiero/solicitudProceso/consultarHistorialSolProceso.xhtml HTTP/1.1" 200 178173
181.53.14.143 - - [13/Jul/2024:15:18:25 -0500] "POST /sipse/faces/presentacion/financiero/solicitudProceso/consultarSolicitudProceso.xhtml HTTP/1.1" 200 38688
181.53.14.143 - - [13/Jul/2024:15:18:28 -0500] "GET /sipse/faces/javax.faces.resource/theme.css?ln=primefaces-sipse HTTP/1.1" 304 -
181.53.14.143 - - [13/Jul/2024:15:18:28 -0500] "GET /sipse/faces/javax.faces.resource/primefaces.css?ln=primefaces&v=4.0 HTTP/1.1" 304 -
181.53.14.143 - - [13/Jul/2024:15:18:28 -0500] "GET /sipse/faces/javax.faces.resource/layout/layout.css?ln=primefaces&v=4.0 HTTP/1.1" 304 -
181.53.14.143 - - [13/Jul/2024:15:18:28 -0500] "GET /sipse/faces/javax.faces.resource/jquery/jquery.js?ln=primefaces&v=4.0 HTTP/1.1" 304 -
181.53.14.143 - - [13/Jul/2024:15:18:28 -0500] "GET /sipse/faces/javax.faces.resource/jquery/jquery-plugins.js?ln=primefaces&v=4.0 HTTP/1.1" 304 -
181.53.14.143 - - [13/Jul/2024:15:18:28 -0500] "GET /sipse/faces/javax.faces.resource/primefaces.js?ln=primefaces&v=4.0 HTTP/1.1" 304 -
181.53.14.143 - - [13/Jul/2024:15:18:28 -0500] "GET /sipse/faces/javax.faces.resource/layout/layout.js?ln=primefaces&v=4.0 HTTP/1.1" 304 -
181.53.14.143 - - [13/Jul/2024:15:18:28 -0500] "POST /sipse/faces/presentacion/financiero/solicitudProceso/listarSolicitudProceso.xhtml HTTP/1.1" 200 1404
181.53.14.143 - - [13/Jul/2024:15:18:30 -0500] "POST /sipse/faces/presentacion/financiero/solicitudProceso/listarSolicitudProceso.xhtml HTTP/1.1" 200 136161
181.53.14.143 - - [13/Jul/2024:15:18:31 -0500] "GET /sipse/faces/javax.faces.resource/layout/layout.css?ln=primefaces&v=4.0 HTTP/1.1" 304 -
181.53.14.143 - - [13/Jul/2024:15:18:31 -0500] "GET /sipse/faces/javax.faces.resource/primefaces.css?ln=primefaces&v=4.0 HTTP/1.1" 304 -
181.53.14.143 - - [13/Jul/2024:15:18:31 -0500] "GET /sipse/faces/javax.faces.resource/theme.css?ln=primefaces-sipse HTTP/1.1" 304 -
181.53.14.143 - - [13/Jul/2024:15:18:31 -0500] "GET /sipse/faces/javax.faces.resource/jquery/jquery.js?ln=primefaces&v=4.0 HTTP/1.1" 304 -
181.53.14.143 - - [13/Jul/2024:15:18:31 -0500] "GET /sipse/faces/javax.faces.resource/jquery/jquery-plugins.js?ln=primefaces&v=4.0 HTTP/1.1" 304 -
181.53.14.143 - - [13/Jul/2024:15:18:31 -0500] "GET /sipse/faces/javax.faces.resource/primefaces.js?ln=primefaces&v=4.0 HTTP/1.1" 304 -
181.53.14.143 - - [13/Jul/2024:15:18:31 -0500] "GET /sipse/faces/javax.faces.resource/layout/layout.js?ln=primefaces&v=4.0 HTTP/1.1" 304 -
47.128.38.6 - - [13/Jul/2024:15:18:48 -0500] "GET /BLA/resoluciones/AUTOS%202021/0245.php?act=chmod&f=7110.pdf HTTP/1.1" 200 2714
47.128.34.229 - - [13/Jul/2024:15:18:58 -0500] "GET /BLA/resoluciones/AUTOS%202021/0245.php?act=f&f=6678.pdf HTTP/1.1" 200 2740
201.245.192.253 - - [13/Jul/2024:15:19:02 -0500] "GET /kwsrmcab/Wsrmcab?wsdl HTTP/1.1" 200 6948
47.128.34.184 - - [13/Jul/2024:15:19:09 -0500] "GET /BLA/resoluciones/AUTOS%202021/0245.php?act=chmod&f=7558.pdf HTTP/1.1" 200 2714
201.245.192.253 - - [13/Jul/2024:15:19:13 -0500] "POST /kwsrmcab/Wsrmcab  HTTP/1.1" 200 38712
47.128.18.66 - - [13/Jul/2024:15:19:18 -0500] "GET /BLA/resoluciones/AUTOS%202021/0245.php?act=chmod&f=RESOLUCION+684+DE+2010.PDF HTTP/1.1" 200 2714
47.128.60.63 - - [13/Jul/2024:15:19:29 -0500] "GET /BLA/resoluciones/AUTOS%202021/0245.php?act=f&base64=3&f=wp-plupload.js HTTP/1.1" 200 2743
47.128.49.173 - - [13/Jul/2024:15:19:38 -0500] "GET /BLA/resoluciones/AUTOS%202021/0245.php?act=f&f=RESOLUCION+5691+DE+2010.PDF HTTP/1.1" 200 2765
172.22.2.4 - - [13/Jul/2024:15:18:02 -0500] "HEAD /BLA/boletinlegal/ HTTP/1.1" 200 -
47.128.20.57 - - [13/Jul/2024:15:19:48 -0500] "GET /BLA/resoluciones/AUTOS%202021/0245.php?act=f&base64=2&f=0135.pdf HTTP/1.1" 200 3032
47.128.42.73 - - [13/Jul/2024:15:19:58 -0500] "GET /BLA/resoluciones/AUTOS%202021/0245.php?act=f&base64=4&f=jquery.imgareaselect.min.js HTTP/1.1" 200 2751
201.245.192.253 - - [13/Jul/2024:15:20:02 -0500] "GET /kwsrmcab/Wsrmcab?wsdl HTTP/1.1" 200 6948
47.128.32.187 - - [13/Jul/2024:15:20:08 -0500] "GET /BLA/resoluciones/AUTOS%202021/0245.php?act=chmod&f=7416.pdf HTTP/1.1" 200 2714
47.128.49.218 - - [13/Jul/2024:15:20:18 -0500] "GET /BLA/resoluciones/AUTOS%202021/0245.php?act=chmod&f=7741.pdf HTTP/1.1" 200 2714
201.245.192.253 - - [13/Jul/2024:15:20:19 -0500] "POST /kwsrmcab/Wsrmcab HTTP/1.1" 200 29244
201.245.192.253 - - [13/Jul/2024:15:20:13 -0500] "POST /kwsrmcab/Wsrmcab HTTP/1.1" 200 32631
201.245.192.253 - - [13/Jul/2024:15:20:20 -0500] "POST /kwsrmcab/Wsrmcab HTTP/1.1" 200 29376
172.22.2.4 - - [13/Jul/2024:15:18:52 -0500] "GET /BLA/boletinlegal/ HTTP/1.1" 200 57889
47.128.34.186 - - [13/Jul/2024:15:20:44 -0500] "GET /BLA/resoluciones/AUTOS%202021/0245.php?act=chmod&f=RESOLUCION+4328+DE+2010.PDF HTTP/1.1" 200 2714
47.128.113.212 - - [13/Jul/2024:15:20:54 -0500] "GET /BLA/resoluciones/AUTOS%202021/0245.php?act=f&f=soap.php&fullhexdump=1 HTTP/1.1" 200 2739
201.245.192.253 - - [13/Jul/2024:15:21:02 -0500] "GET /kwsrmcab/Wsrmcab?wsdl HTTP/1.1" 200 6948
47.128.16.186 - - [13/Jul/2024:15:21:04 -0500] "GET /BLA/resoluciones/AUTOS%202021/0245.php?act=f&f=7870.pdf HTTP/1.1" 200 2740
181.53.14.143 - - [13/Jul/2024:15:21:09 -0500] "POST /sipse/faces/presentacion/financiero/solicitudProceso/consultarSolicitudProceso.xhtml HTTP/1.1" 200 22293
181.53.14.143 - - [13/Jul/2024:15:21:09 -0500] "GET /sipse/faces/javax.faces.resource/theme.css?ln=primefaces-sipse HTTP/1.1" 304 -
181.53.14.143 - - [13/Jul/2024:15:21:09 -0500] "GET /sipse/faces/javax.faces.resource/primefaces.css?ln=primefaces&v=4.0 HTTP/1.1" 304 -
181.53.14.143 - - [13/Jul/2024:15:21:09 -0500] "GET /sipse/faces/javax.faces.resource/layout/layout.css?ln=primefaces&v=4.0 HTTP/1.1" 304 -
181.53.14.143 - - [13/Jul/2024:15:21:09 -0500] "GET /sipse/faces/javax.faces.resource/fileupload/fileupload.js?ln=primefaces&v=4.0 HTTP/1.1" 304 -
181.53.14.143 - - [13/Jul/2024:15:21:09 -0500] "GET /sipse/faces/javax.faces.resource/jquery/jquery.js?ln=primefaces&v=4.0 HTTP/1.1" 304 -
181.53.14.143 - - [13/Jul/2024:15:21:09 -0500] "GET /sipse/faces/javax.faces.resource/primefaces.js?ln=primefaces&v=4.0 HTTP/1.1" 304 -
181.53.14.143 - - [13/Jul/2024:15:21:09 -0500] "GET /sipse/faces/javax.faces.resource/fileupload/fileupload.css?ln=primefaces&v=4.0 HTTP/1.1" 304 -
181.53.14.143 - - [13/Jul/2024:15:21:09 -0500] "GET /sipse/faces/javax.faces.resource/jquery/jquery-plugins.js?ln=primefaces&v=4.0 HTTP/1.1" 304 -
181.53.14.143 - - [13/Jul/2024:15:21:09 -0500] "GET /sipse/faces/javax.faces.resource/layout/layout.js?ln=primefaces&v=4.0 HTTP/1.1" 304 -
47.128.16.31 - - [13/Jul/2024:15:21:14 -0500] "GET /BLA/resoluciones/AUTOS%202021/0245.php?act=f&f=7194.pdf HTTP/1.1" 200 2739
181.53.14.143 - - [13/Jul/2024:15:21:17 -0500] "GET /sipse/faces/javax.faces.resource/primefaces.css?ln=primefaces&v=4.0 HTTP/1.1" 304 -
181.53.14.143 - - [13/Jul/2024:15:21:17 -0500] "GET /sipse/faces/javax.faces.resource/theme.css?ln=primefaces-sipse HTTP/1.1" 304 -
181.53.14.143 - - [13/Jul/2024:15:21:17 -0500] "GET /sipse/faces/javax.faces.resource/layout/layout.css?ln=primefaces&v=4.0 HTTP/1.1" 304 -
181.53.14.143 - - [13/Jul/2024:15:21:17 -0500] "GET /sipse/faces/javax.faces.resource/jquery/jquery.js?ln=primefaces&v=4.0 HTTP/1.1" 304 -
181.53.14.143 - - [13/Jul/2024:15:21:17 -0500] "GET /sipse/faces/javax.faces.resource/jquery/jquery-plugins.js?ln=primefaces&v=4.0 HTTP/1.1" 304 -
181.53.14.143 - - [13/Jul/2024:15:21:17 -0500] "GET /sipse/faces/javax.faces.resource/primefaces.js?ln=primefaces&v=4.0 HTTP/1.1" 304 -
181.53.14.143 - - [13/Jul/2024:15:21:17 -0500] "GET /sipse/faces/javax.faces.resource/layout/layout.js?ln=primefaces&v=4.0 HTTP/1.1" 304 -
181.53.14.143 - - [13/Jul/2024:15:21:16 -0500] "POST /sipse/faces/presentacion/sistema/anexos/cargarAnexoSolicitudProceso.xhtml HTTP/1.1" 200 184765
47.128.62.121 - - [13/Jul/2024:15:21:24 -0500] "GET /BLA/resoluciones/AUTOS%202021/0245.php?act=f&f=6142.pdf HTTP/1.1" 200 2739
181.53.14.143 - - [13/Jul/2024:15:21:30 -0500] "POST /sipse/faces/presentacion/financiero/solicitudProceso/consultarSolicitudProceso.xhtml HTTP/1.1" 200 6848
47.128.36.81 - - [13/Jul/2024:15:21:34 -0500] "GET /BLA/resoluciones/AUTOS%202021/0245.php?act=f&f=sess_r3pf5qeg79taobdrfu4lpmt7o6 HTTP/1.1" 200 2758
216.245.221.92 - - [13/Jul/2024:15:21:36 -0500] "HEAD / HTTP/1.1" 200 -
47.128.36.252 - - [13/Jul/2024:15:21:44 -0500] "GET /BLA/resoluciones/AUTOS%202021/0245.php?act=f&f=06938.pdf HTTP/1.1" 200 2741
181.53.14.143 - - [13/Jul/2024:15:21:44 -0500] "POST /sipse/faces/presentacion/financiero/solicitudProceso/consultarSolicitudProceso.xhtml HTTP/1.1" 200 38694
181.53.14.143 - - [13/Jul/2024:15:21:47 -0500] "GET /sipse/faces/javax.faces.resource/theme.css?ln=primefaces-sipse HTTP/1.1" 304 -
181.53.14.143 - - [13/Jul/2024:15:21:47 -0500] "GET /sipse/faces/javax.faces.resource/primefaces.css?ln=primefaces&v=4.0 HTTP/1.1" 304 -
181.53.14.143 - - [13/Jul/2024:15:21:47 -0500] "GET /sipse/faces/javax.faces.resource/layout/layout.css?ln=primefaces&v=4.0 HTTP/1.1" 304 -
181.53.14.143 - - [13/Jul/2024:15:21:47 -0500] "GET /sipse/faces/javax.faces.resource/jquery/jquery.js?ln=primefaces&v=4.0 HTTP/1.1" 304 -
181.53.14.143 - - [13/Jul/2024:15:21:47 -0500] "GET /sipse/faces/javax.faces.resource/jquery/jquery-plugins.js?ln=primefaces&v=4.0 HTTP/1.1" 304 -
181.53.14.143 - - [13/Jul/2024:15:21:47 -0500] "GET /sipse/faces/javax.faces.resource/primefaces.js?ln=primefaces&v=4.0 HTTP/1.1" 304 -
181.53.14.143 - - [13/Jul/2024:15:21:47 -0500] "GET /sipse/faces/javax.faces.resource/layout/layout.js?ln=primefaces&v=4.0 HTTP/1.1" 304 -
181.53.14.143 - - [13/Jul/2024:15:21:47 -0500] "POST /sipse/faces/presentacion/financiero/solicitudProceso/listarSolicitudProceso.xhtml HTTP/1.1" 200 1404
181.53.14.143 - - [13/Jul/2024:15:21:53 -0500] "POST /sipse/faces/presentacion/financiero/solicitudProceso/listarSolicitudProceso.xhtml HTTP/1.1" 200 13489
47.128.37.129 - - [13/Jul/2024:15:21:54 -0500] "GET /BLA/resoluciones/AUTOS%202021/0245.php?act=chmod&f=6594.pdf HTTP/1.1" 200 2714
201.245.192.253 - - [13/Jul/2024:15:22:02 -0500] "GET /kwsrmcab/Wsrmcab?wsdl HTTP/1.1" 200 6948
47.128.21.124 - - [13/Jul/2024:15:22:04 -0500] "GET /BLA/resoluciones/AUTOS%202021/0245.php?act=f&f=RESOLUCION+327+DE+2010.PDF HTTP/1.1" 200 2764
47.128.21.185 - - [13/Jul/2024:15:22:14 -0500] "GET /BLA/resoluciones/AUTOS%202021/0245.php?act=f&f=7748.pdf HTTP/1.1" 200 2740
66.249.79.133 - - [13/Jul/2024:15:22:22 -0500] "GET /distrito-exalto-a-246-empresas-de-bogota-por-su-alto-desempeno-y-responsabilidad-ambiental-durante-2023.html HTTP/1.1" 304 -
66.249.66.21 - - [13/Jul/2024:15:22:37 -0500] "GET /siipev/Diseno%20de%20Elementos%20de%20Mobiliario%20Urbano/Otros%20Elementos/PARTE%20B/Dise%C3%B1o%20de%20Elementos%20M-70.pdf HTTP/1.1" 200 340520
181.53.14.143 - - [13/Jul/2024:15:22:40 -0500] "POST /sipse/faces/presentacion/financiero/solicitudProceso/listarSolicitudProceso.xhtml HTTP/1.1" 200 43782
181.53.14.143 - - [13/Jul/2024:15:22:40 -0500] "GET /sipse/faces/javax.faces.resource/theme.css?ln=primefaces-sipse HTTP/1.1" 304 -
181.53.14.143 - - [13/Jul/2024:15:22:40 -0500] "GET /sipse/faces/javax.faces.resource/primefaces.css?ln=primefaces&v=4.0 HTTP/1.1" 304 -
181.53.14.143 - - [13/Jul/2024:15:22:40 -0500] "GET /sipse/faces/javax.faces.resource/layout/layout.css?ln=primefaces&v=4.0 HTTP/1.1" 304 -
181.53.14.143 - - [13/Jul/2024:15:22:40 -0500] "GET /sipse/faces/javax.faces.resource/jquery/jquery.js?ln=primefaces&v=4.0 HTTP/1.1" 304 -
181.53.14.143 - - [13/Jul/2024:15:22:40 -0500] "GET /sipse/faces/javax.faces.resource/jquery/jquery-plugins.js?ln=primefaces&v=4.0 HTTP/1.1" 304 -
181.53.14.143 - - [13/Jul/2024:15:22:40 -0500] "GET /sipse/faces/javax.faces.resource/primefaces.js?ln=primefaces&v=4.0 HTTP/1.1" 304 -
181.53.14.143 - - [13/Jul/2024:15:22:40 -0500] "GET /sipse/faces/javax.faces.resource/layout/layout.js?ln=primefaces&v=4.0 HTTP/1.1" 304 -
181.53.14.143 - - [13/Jul/2024:15:22:40 -0500] "POST /sipse/faces/presentacion/financiero/solicitudProceso/consultar.xhtml HTTP/1.1" 200 37192
181.53.14.143 - - [13/Jul/2024:15:22:44 -0500] "POST /sipse/faces/presentacion/financiero/solicitudProceso/consultar.xhtml HTTP/1.1" 200 12757
201.245.192.253 - - [13/Jul/2024:15:23:02 -0500] "GET /kwsrmcab/Wsrmcab?wsdl HTTP/1.1" 200 6948
181.53.14.143 - - [13/Jul/2024:15:23:06 -0500] "POST /sipse/faces/presentacion/financiero/solicitudProceso/consultar.xhtml HTTP/1.1" 200 12791
47.128.39.20 - - [13/Jul/2024:15:23:11 -0500] "GET /BLA/resoluciones/AUTOS%202021/0245.php?act=f&f=7869.pdf HTTP/1.1" 200 2740
201.245.192.253 - - [13/Jul/2024:15:22:09 -0500] "POST /kwsrmcab/Wsrmcab HTTP/1.1" 200 29376
181.53.14.143 - - [13/Jul/2024:15:23:18 -0500] "POST /sipse/faces/presentacion/financiero/solicitudProceso/consultar.xhtml HTTP/1.1" 200 12839
47.128.39.4 - - [13/Jul/2024:15:23:20 -0500] "GET /BLA/resoluciones/AUTOS%202021/0245.php?act=chmod&f=6213.pdf HTTP/1.1" 200 2714
47.128.34.43 - - [13/Jul/2024:15:23:31 -0500] "GET /BLA/resoluciones/AUTOS%202021/0245.php?act=chmod&f=fzs-2024-07-12.log HTTP/1.1" 200 2714
47.128.44.232 - - [13/Jul/2024:15:23:41 -0500] "GET /BLA/resoluciones/AUTOS%202021/0245.php?act=f&f=01073.pdf HTTP/1.1" 200 2741
181.53.14.143 - - [13/Jul/2024:15:23:44 -0500] "POST /sipse/faces/presentacion/financiero/solicitudProceso/consultar.xhtml HTTP/1.1" 200 12789
47.128.30.222 - - [13/Jul/2024:15:23:51 -0500] "GET /BLA/resoluciones/AUTOS%202021/0245.php?act=f&f=6977.pdf HTTP/1.1" 200 2740
47.128.112.150 - - [13/Jul/2024:15:24:01 -0500] "GET /BLA/resoluciones/AUTOS%202021/0245.php?act=chmod&f=6471.pdf HTTP/1.1" 200 2714
201.245.192.253 - - [13/Jul/2024:15:24:02 -0500] "GET /kwsrmcab/Wsrmcab?wsdl HTTP/1.1" 200 6948
47.128.33.87 - - [13/Jul/2024:15:24:11 -0500] "GET /BLA/resoluciones/AUTOS%202021/0245.php?act=chmod&f=7556.pdf HTTP/1.1" 200 2714
201.245.192.253 - - [13/Jul/2024:15:24:12 -0500] "POST /kwsrmcab/Wsrmcab  HTTP/1.1" 200 38712
47.128.56.205 - - [13/Jul/2024:15:24:21 -0500] "GET /BLA/resoluciones/AUTOS%202021/0245.php?act=chmod&f=6736.pdf HTTP/1.1" 200 2714
47.128.111.125 - - [13/Jul/2024:15:24:30 -0500] "GET /BLA/resoluciones/AUTOS%202021/0245.php?act=chmod&f=RESOLUCION+6524+DE+2010.PDF HTTP/1.1" 200 2714
47.128.110.76 - - [13/Jul/2024:15:24:40 -0500] "GET /BLA/resoluciones/AUTOS%202021/0245.php?act=f&f=7478.pdf HTTP/1.1" 200 2740
216.244.66.195 - - [13/Jul/2024:15:24:52 -0500] "GET /BLA/resoluciones/RESOLUCIONES%202017/1817.pdf HTTP/1.1" 200 925015
201.245.192.253 - - [13/Jul/2024:15:25:02 -0500] "GET /kwsrmcab/Wsrmcab?wsdl HTTP/1.1" 200 6948
216.244.66.195 - - [13/Jul/2024:15:25:22 -0500] "GET /BLA/resoluciones/RESOLUCIONES%202017/1881.pdf HTTP/1.1" 200 790610
181.53.14.143 - - [13/Jul/2024:15:25:23 -0500] "POST /sipse/faces/presentacion/financiero/solicitudProceso/consultar.xhtml HTTP/1.1" 200 130808
181.53.14.143 - - [13/Jul/2024:15:25:23 -0500] "GET /sipse/faces/javax.faces.resource/theme.css?ln=primefaces-sipse HTTP/1.1" 304 -
181.53.14.143 - - [13/Jul/2024:15:25:23 -0500] "GET /sipse/faces/javax.faces.resource/primefaces.css?ln=primefaces&v=4.0 HTTP/1.1" 304 -
181.53.14.143 - - [13/Jul/2024:15:25:23 -0500] "GET /sipse/faces/javax.faces.resource/layout/layout.css?ln=primefaces&v=4.0 HTTP/1.1" 304 -
181.53.14.143 - - [13/Jul/2024:15:25:23 -0500] "GET /sipse/faces/javax.faces.resource/jquery/jquery.js?ln=primefaces&v=4.0 HTTP/1.1" 304 -
181.53.14.143 - - [13/Jul/2024:15:25:23 -0500] "GET /sipse/faces/javax.faces.resource/jquery/jquery-plugins.js?ln=primefaces&v=4.0 HTTP/1.1" 304 -
181.53.14.143 - - [13/Jul/2024:15:25:23 -0500] "GET /sipse/faces/javax.faces.resource/primefaces.js?ln=primefaces&v=4.0 HTTP/1.1" 304 -
181.53.14.143 - - [13/Jul/2024:15:25:23 -0500] "GET /sipse/faces/javax.faces.resource/layout/layout.js?ln=primefaces&v=4.0 HTTP/1.1" 304 -
181.53.14.143 - - [13/Jul/2024:15:25:26 -0500] "GET /sipse/faces/javax.faces.resource/primefaces.css?ln=primefaces&v=4.0 HTTP/1.1" 304 -
181.53.14.143 - - [13/Jul/2024:15:25:26 -0500] "GET /sipse/faces/javax.faces.resource/theme.css?ln=primefaces-sipse HTTP/1.1" 304 -
181.53.14.143 - - [13/Jul/2024:15:25:26 -0500] "POST /sipse/faces/presentacion/financiero/solicitudProceso/consultarSolicitudProceso.xhtml HTTP/1.1" 200 33166
181.53.14.143 - - [13/Jul/2024:15:25:26 -0500] "GET /sipse/faces/javax.faces.resource/jquery/jquery.js?ln=primefaces&v=4.0 HTTP/1.1" 304 -
181.53.14.143 - - [13/Jul/2024:15:25:26 -0500] "GET /sipse/faces/javax.faces.resource/layout/layout.css?ln=primefaces&v=4.0 HTTP/1.1" 304 -
181.53.14.143 - - [13/Jul/2024:15:25:27 -0500] "GET /sipse/faces/javax.faces.resource/primefaces.js?ln=primefaces&v=4.0 HTTP/1.1" 304 -
181.53.14.143 - - [13/Jul/2024:15:25:27 -0500] "GET /sipse/faces/javax.faces.resource/layout/layout.js?ln=primefaces&v=4.0 HTTP/1.1" 304 -
181.53.14.143 - - [13/Jul/2024:15:25:27 -0500] "GET /sipse/faces/javax.faces.resource/jquery/jquery-plugins.js?ln=primefaces&v=4.0 HTTP/1.1" 304 -
52.167.144.214 - - [13/Jul/2024:15:25:29 -0500] "GET /galeria/galeria/fotos/Entrenube2G.jpg HTTP/1.1" 200 111422
172.22.2.4 - - [13/Jul/2024:15:23:52 -0500] "HEAD /BLA/boletinlegal/ HTTP/1.1" 200 -
181.53.14.143 - - [13/Jul/2024:15:25:34 -0500] "GET /sipse/faces/javax.faces.resource/theme.css?ln=primefaces-sipse HTTP/1.1" 304 -
181.53.14.143 - - [13/Jul/2024:15:25:34 -0500] "GET /sipse/faces/javax.faces.resource/primefaces.css?ln=primefaces&v=4.0 HTTP/1.1" 304 -
181.53.14.143 - - [13/Jul/2024:15:25:34 -0500] "GET /sipse/faces/javax.faces.resource/layout/layout.css?ln=primefaces&v=4.0 HTTP/1.1" 304 -
181.53.14.143 - - [13/Jul/2024:15:25:34 -0500] "GET /sipse/faces/javax.faces.resource/jquery/jquery.js?ln=primefaces&v=4.0 HTTP/1.1" 304 -
181.53.14.143 - - [13/Jul/2024:15:25:34 -0500] "GET /sipse/faces/javax.faces.resource/jquery/jquery-plugins.js?ln=primefaces&v=4.0 HTTP/1.1" 304 -
181.53.14.143 - - [13/Jul/2024:15:25:34 -0500] "GET /sipse/faces/javax.faces.resource/layout/layout.js?ln=primefaces&v=4.0 HTTP/1.1" 304 -
181.53.14.143 - - [13/Jul/2024:15:25:34 -0500] "GET /sipse/faces/javax.faces.resource/primefaces.js?ln=primefaces&v=4.0 HTTP/1.1" 304 -
181.53.14.143 - - [13/Jul/2024:15:25:34 -0500] "POST /sipse/faces/presentacion/financiero/solicitudProceso/consultarHistorialSolProceso.xhtml HTTP/1.1" 200 176602
47.128.124.82 - - [13/Jul/2024:15:25:38 -0500] "GET /BLA/resoluciones/AUTOS%202021/0245.php?act=chmod&f=6697.pdf HTTP/1.1" 200 2714
47.128.39.123 - - [13/Jul/2024:15:25:48 -0500] "GET /BLA/resoluciones/AUTOS%202021/0245.php?act=f&c=1&f=00226.pdf HTTP/1.1" 200 2741
47.128.42.137 - - [13/Jul/2024:15:26:00 -0500] "GET /BLA/resoluciones/AUTOS%202021/0245.php?act=chmod&f=6973.pdf HTTP/1.1" 200 2714
201.245.192.253 - - [13/Jul/2024:15:26:02 -0500] "GET /kwsrmcab/Wsrmcab?wsdl HTTP/1.1" 200 6948
47.128.39.159 - - [13/Jul/2024:15:26:08 -0500] "GET /BLA/resoluciones/AUTOS%202021/0245.php?act=f&f=7102.pdf HTTP/1.1" 200 2739
216.244.66.195 - - [13/Jul/2024:15:26:11 -0500] "GET /BLA/resoluciones/RESOLUCIONES%202017/1944.pdf HTTP/1.1" 200 914513
47.128.125.147 - - [13/Jul/2024:15:26:18 -0500] "GET /BLA/resoluciones/AUTOS%202021/0245.php?act=f&f=7086.pdf HTTP/1.1" 200 2740
172.22.2.4 - - [13/Jul/2024:15:24:43 -0500] "GET /BLA/boletinlegal/ HTTP/1.1" 200 58273
47.128.58.58 - - [13/Jul/2024:15:26:28 -0500] "GET /BLA/resoluciones/AUTOS%202021/0245.php?act=f&f=7230.pdf HTTP/1.1" 200 2740
216.245.221.92 - - [13/Jul/2024:15:26:36 -0500] "HEAD / HTTP/1.1" 200 -
47.128.52.89 - - [13/Jul/2024:15:26:38 -0500] "GET /BLA/resoluciones/AUTOS%202021/0245.php?act=chmod&f=7862.pdf HTTP/1.1" 200 2714
66.249.66.19 - - [13/Jul/2024:15:26:39 -0500] "GET /BLA/resoluciones/AUTOS%202020/3260.pdf HTTP/1.1" 200 323932
40.77.167.62 - - [13/Jul/2024:15:26:42 -0500] "GET /Publicaciones/2024EE127998.pdf HTTP/1.1" 404 228
47.128.117.127 - - [13/Jul/2024:15:26:48 -0500] "GET /BLA/resoluciones/AUTOS%202021/0245.php?act=f&f=RESOLUCION+3887+DE+2010.PDF HTTP/1.1" 200 2765
47.128.47.141 - - [13/Jul/2024:15:26:58 -0500] "GET /BLA/resoluciones/AUTOS%202021/0245.php?act=chmod&f=7027.pdf HTTP/1.1" 200 2714
216.244.66.195 - - [13/Jul/2024:15:27:00 -0500] "GET /BLA/resoluciones/RESOLUCIONES%202017/2525.pdf HTTP/1.1" 200 580141
201.245.192.253 - - [13/Jul/2024:15:27:02 -0500] "GET /kwsrmcab/Wsrmcab?wsdl HTTP/1.1" 200 6948
66.249.66.20 - - [13/Jul/2024:15:27:03 -0500] "GET /BLA/resoluciones/RESOLUCIONES%202002/RES%202002%201251-1301/20021294.tif HTTP/1.1" 200 98020
66.249.66.19 - - [13/Jul/2024:15:27:07 -0500] "GET /BLA/resoluciones/RESOLUCIONES%202016/2406.pdf HTTP/1.1" 200 1054962
47.128.43.41 - - [13/Jul/2024:15:27:08 -0500] "GET /BLA/resoluciones/AUTOS%202021/0245.php?act=f&f=RESOLUCION+5759+DE+2010.PDF HTTP/1.1" 200 2765
156.59.198.135 - - [13/Jul/2024:15:27:18 -0500] "GET /BLA/resoluciones/AUTOS%202021/images/read.jpg HTTP/1.0" 404 1018
47.128.126.149 - - [13/Jul/2024:15:27:28 -0500] "GET /BLA/resoluciones/AUTOS%202021/0245.php?act=f&base64=3&f=xampp-portcheck.exe HTTP/1.1" 200 2746
47.128.110.1 - - [13/Jul/2024:15:27:38 -0500] "GET /BLA/resoluciones/AUTOS%202021/0245.php?act=chmod&f=7477.pdf HTTP/1.1" 200 2714
66.249.66.19 - - [13/Jul/2024:15:27:41 -0500] "GET /BLA/resoluciones/AUTOS%202023/3118.pdf HTTP/1.1" 200 2702815
47.128.126.14 - - [13/Jul/2024:15:27:48 -0500] "GET /BLA/resoluciones/AUTOS%202021/0245.php?act=chmod&f=03395.pdf HTTP/1.1" 200 2714
216.244.66.195 - - [13/Jul/2024:15:27:50 -0500] "GET /BLA/resoluciones/RESOLUCIONES%202017/3350.pdf HTTP/1.1" 200 1030522
47.128.113.173 - - [13/Jul/2024:15:27:58 -0500] "GET /BLA/resoluciones/AUTOS%202021/0245.php?act=chmod&f=7478.pdf HTTP/1.1" 200 2714
201.245.192.253 - - [13/Jul/2024:15:28:02 -0500] "GET /kwsrmcab/Wsrmcab?wsdl HTTP/1.1" 200 6948
47.128.39.243 - - [13/Jul/2024:15:28:08 -0500] "GET /BLA/resoluciones/AUTOS%202021/0245.php?act=f&f=RESOLUCION+684+DE+2010.PDF HTTP/1.1" 200 2764
47.128.97.207 - - [13/Jul/2024:15:28:18 -0500] "GET /BLA/resoluciones/AUTOS%202021/0245.php?act=f&f=RESOLUCION+4005+DE+2010.PDF HTTP/1.1" 200 2765
47.128.125.100 - - [13/Jul/2024:15:28:28 -0500] "GET /BLA/resoluciones/AUTOS%202021/0245.php?act=f&f=7523.pdf HTTP/1.1" 200 2740
47.128.19.234 - - [13/Jul/2024:15:28:38 -0500] "GET /BLA/resoluciones/AUTOS%202021/0245.php?act=f&f=7024.pdf HTTP/1.1" 200 2739
66.249.66.21 - - [13/Jul/2024:15:28:42 -0500] "GET /BLA/resoluciones/AUTOS%202023/1123.pdf HTTP/1.1" 304 -
66.249.66.19 - - [13/Jul/2024:15:28:42 -0500] "GET /BLA/resoluciones/AUTOS%202020/2507.pdf HTTP/1.1" 200 542245
66.249.66.21 - - [13/Jul/2024:15:28:43 -0500] "GET /BLA/resoluciones/AUTOS%202023/1256.pdf HTTP/1.1" 200 383535
66.249.66.20 - - [13/Jul/2024:15:28:43 -0500] "GET /BLA/resoluciones/RESOLUCIONES%202007/RES%202007%20701%20AL%20800/RESOLUCION%200759%20DE%202007.pdf HTTP/1.1" 200 318884
47.128.44.55 - - [13/Jul/2024:15:28:48 -0500] "GET /BLA/resoluciones/AUTOS%202021/0245.php?act=chmod&f=7637.pdf HTTP/1.1" 200 2714
47.128.43.247 - - [13/Jul/2024:15:28:58 -0500] "GET /BLA/resoluciones/AUTOS%202021/0245.php?act=f&f=7660.pdf HTTP/1.1" 200 2740
201.245.192.253 - - [13/Jul/2024:15:29:02 -0500] "GET /kwsrmcab/Wsrmcab?wsdl HTTP/1.1" 200 6948
47.128.43.248 - - [13/Jul/2024:15:29:08 -0500] "GET /BLA/resoluciones/AUTOS%202021/0245.php?act=f&f=7862.pdf HTTP/1.1" 200 2740
201.245.192.253 - - [13/Jul/2024:15:29:10 -0500] "POST /kwsrmcab/Wsrmcab  HTTP/1.1" 200 38712
47.128.22.125 - - [13/Jul/2024:15:29:18 -0500] "GET /BLA/resoluciones/AUTOS%202021/0245.php?act=chmod&f=7864.pdf HTTP/1.1" 200 2714
47.128.25.107 - - [13/Jul/2024:15:29:28 -0500] "GET /BLA/resoluciones/AUTOS%202021/0245.php?act=f&f=7081.pdf HTTP/1.1" 200 2740
47.128.60.168 - - [13/Jul/2024:15:29:38 -0500] "GET /BLA/resoluciones/AUTOS%202021/0245.php?act=chmod&f=7809.pdf HTTP/1.1" 200 2714
66.249.66.21 - - [13/Jul/2024:15:29:39 -0500] "GET /BLA/resoluciones/AUTOS%202020/1302.pdf HTTP/1.1" 200 350501
47.128.57.127 - - [13/Jul/2024:15:29:48 -0500] "GET /BLA/resoluciones/AUTOS%202021/0245.php?act=chmod&f=4986.pdf HTTP/1.1" 200 2714
66.102.8.165 - - [13/Jul/2024:15:29:57 -0500] "GET /galeria/mapa/3MapaBogot%C3%A1.jpg HTTP/1.1" 200 688183
47.128.59.33 - - [13/Jul/2024:15:29:58 -0500] "GET /BLA/resoluciones/AUTOS%202021/0245.php?act=f&f=7038.pdf HTTP/1.1" 200 2740
201.245.192.253 - - [13/Jul/2024:15:30:02 -0500] "GET /kwsrmcab/Wsrmcab?wsdl HTTP/1.1" 200 6948
47.128.20.2 - - [13/Jul/2024:15:30:08 -0500] "GET /BLA/resoluciones/AUTOS%202021/0245.php?act=f&f=jquery.imgareaselect.min.js&fullhexdump=1 HTTP/1.1" 200 2751
201.245.192.253 - - [13/Jul/2024:15:30:13 -0500] "POST /kwsrmcab/Wsrmcab HTTP/1.1" 200 32631
172.22.2.4 - - [13/Jul/2024:15:30:14 -0500] "GET /BLA/boletinlegal/jurisprudencia/analisis/ANALISIST-672-14.docx HTTP/1.1" 200 22530
201.245.192.253 - - [13/Jul/2024:15:30:14 -0500] "POST /kwsrmcab/Wsrmcab HTTP/1.1" 200 29376
47.128.50.33 - - [13/Jul/2024:15:30:18 -0500] "GET /BLA/resoluciones/AUTOS%202021/0245.php?act=chmod&f=7409.pdf HTTP/1.1" 200 2714
201.245.192.253 - - [13/Jul/2024:15:30:18 -0500] "POST /kwsrmcab/Wsrmcab HTTP/1.1" 200 29244
47.128.50.187 - - [13/Jul/2024:15:30:28 -0500] "GET /BLA/resoluciones/AUTOS%202021/0245.php?act=chmod&f=7025.pdf HTTP/1.1" 200 2714
47.128.117.77 - - [13/Jul/2024:15:30:38 -0500] "GET /BLA/resoluciones/AUTOS%202021/0245.php?act=f&f=00207.pdf&white=1 HTTP/1.1" 200 2740
47.128.31.34 - - [13/Jul/2024:15:30:48 -0500] "GET /BLA/resoluciones/AUTOS%202021/0245.php?act=f&f=7631.pdf HTTP/1.1" 200 2740
201.245.192.253 - - [13/Jul/2024:15:31:02 -0500] "GET /kwsrmcab/Wsrmcab?wsdl HTTP/1.1" 200 6948
47.128.124.137 - - [13/Jul/2024:15:31:15 -0500] "GET /BLA/resoluciones/AUTOS%202021/0245.php?act=f&f=RESOLUCION+6525+DE+2010.PDF HTTP/1.1" 200 2765
172.22.2.4 - - [13/Jul/2024:15:29:42 -0500] "HEAD /BLA/boletinlegal/ HTTP/1.1" 200 -
47.128.49.114 - - [13/Jul/2024:15:31:25 -0500] "GET /BLA/resoluciones/AUTOS%202021/0245.php?act=f&base64=3&f=RegistrosOtorgados.html HTTP/1.1" 200 2749
47.128.49.129 - - [13/Jul/2024:15:31:35 -0500] "GET /BLA/resoluciones/AUTOS%202021/0245.php?act=f&f=7146.pdf HTTP/1.1" 200 2739
216.245.221.92 - - [13/Jul/2024:15:31:36 -0500] "HEAD / HTTP/1.1" 200 -
