!C99Shell v. 1.0 pre-release build #13!

Software: Apache. PHP/5.5.15 

uname -a: Windows NT SVR-DMZ 6.1 build 7600 (Windows Server 2008 R2 Enterprise Edition) i586 

SYSTEM 

Safe-mode: OFF (not secure)

E:\nuevo\apache\logs\   drwxrwxrwx
Free 7.33 GB of 239.26 GB (3.07%)
Detected drives: [ a ] [ c ] [ d ] [ e ] [ f ]
Home    Back    Forward    UPDIR    Refresh    Search    Buffer    Encoder    Tools    Proc.    FTP brute    Sec.    SQL    PHP-code    Update    Feedback    Self remove    Logout    


Viewing file:     error.2014.10.21.log (40.25 KB)      -rw-rw-rw-
Select action/file-type:
(+) | (+) | (+) | Code (+) | Session (+) | (+) | SDB (+) | (+) | (+) | (+) | (+) | (+) |
[Tue Oct 21 01:30:47.773867 2014] [mpm_winnt:warn] [pid 5152:tid 3092] (OS 64)The specified network name is no longer available.  : AH00341: winnt_accept: Asynchronous AcceptEx failed.
[Tue Oct 21 01:31:12.780711 2014] [mpm_winnt:warn] [pid 5152:tid 3092] (OS 64)The specified network name is no longer available.  : AH00341: winnt_accept: Asynchronous AcceptEx failed.
[Tue Oct 21 01:31:12.780711 2014] [mpm_winnt:warn] [pid 5152:tid 3092] (OS 64)The specified network name is no longer available.  : AH00341: winnt_accept: Asynchronous AcceptEx failed.
[Tue Oct 21 01:41:11.696963 2014] [:error] [pid 5152:tid 1812] [client 65.55.215.240:2219] script 'E:/nuevo/htdocs/up_options.php' not found or unable to stat
[Tue Oct 21 01:46:59.156373 2014] [mpm_winnt:warn] [pid 5152:tid 3092] (OS 64)The specified network name is no longer available.  : AH00341: winnt_accept: Asynchronous AcceptEx failed.
[Tue Oct 21 01:47:24.163217 2014] [mpm_winnt:warn] [pid 5152:tid 3092] (OS 64)The specified network name is no longer available.  : AH00341: winnt_accept: Asynchronous AcceptEx failed.
[Tue Oct 21 02:14:40.639291 2014] [mpm_winnt:warn] [pid 5152:tid 3092] (OS 64)The specified network name is no longer available.  : AH00341: winnt_accept: Asynchronous AcceptEx failed.
[Tue Oct 21 02:15:05.630535 2014] [mpm_winnt:warn] [pid 5152:tid 3092] (OS 64)The specified network name is no longer available.  : AH00341: winnt_accept: Asynchronous AcceptEx failed.
[Tue Oct 21 02:18:52.751334 2014] [mpm_winnt:warn] [pid 5152:tid 3092] (OS 64)The specified network name is no longer available.  : AH00341: winnt_accept: Asynchronous AcceptEx failed.
[Tue Oct 21 02:19:17.742578 2014] [mpm_winnt:warn] [pid 5152:tid 3092] (OS 64)The specified network name is no longer available.  : AH00341: winnt_accept: Asynchronous AcceptEx failed.
[Tue Oct 21 02:50:58.123316 2014] [mpm_winnt:warn] [pid 5152:tid 3092] (OS 64)The specified network name is no longer available.  : AH00341: winnt_accept: Asynchronous AcceptEx failed.
[Tue Oct 21 02:51:23.130160 2014] [mpm_winnt:warn] [pid 5152:tid 3092] (OS 64)The specified network name is no longer available.  : AH00341: winnt_accept: Asynchronous AcceptEx failed.
[Tue Oct 21 03:01:52.982266 2014] [mpm_winnt:warn] [pid 5152:tid 3092] (OS 64)The specified network name is no longer available.  : AH00341: winnt_accept: Asynchronous AcceptEx failed.
[Tue Oct 21 03:02:17.973510 2014] [mpm_winnt:warn] [pid 5152:tid 3092] (OS 64)The specified network name is no longer available.  : AH00341: winnt_accept: Asynchronous AcceptEx failed.
[Tue Oct 21 03:30:51.511720 2014] [mpm_winnt:warn] [pid 5152:tid 3092] (OS 64)The specified network name is no longer available.  : AH00341: winnt_accept: Asynchronous AcceptEx failed.
[Tue Oct 21 03:31:16.518563 2014] [mpm_winnt:warn] [pid 5152:tid 3092] (OS 64)The specified network name is no longer available.  : AH00341: winnt_accept: Asynchronous AcceptEx failed.
[Tue Oct 21 04:42:04.143824 2014] [mpm_winnt:warn] [pid 5152:tid 3092] (OS 64)The specified network name is no longer available.  : AH00341: winnt_accept: Asynchronous AcceptEx failed.
[Tue Oct 21 04:42:29.136068 2014] [mpm_winnt:warn] [pid 5152:tid 3092] (OS 64)The specified network name is no longer available.  : AH00341: winnt_accept: Asynchronous AcceptEx failed.
[Tue Oct 21 05:24:09.196459 2014] [mpm_winnt:warn] [pid 5152:tid 3092] (OS 64)The specified network name is no longer available.  : AH00341: winnt_accept: Asynchronous AcceptEx failed.
[Tue Oct 21 05:24:34.218903 2014] [mpm_winnt:warn] [pid 5152:tid 3092] (OS 64)The specified network name is no longer available.  : AH00341: winnt_accept: Asynchronous AcceptEx failed.
[Tue Oct 21 05:25:02.610953 2014] [mpm_winnt:warn] [pid 5152:tid 3092] (OS 64)The specified network name is no longer available.  : AH00341: winnt_accept: Asynchronous AcceptEx failed.
[Tue Oct 21 05:47:07.882081 2014] [mpm_winnt:warn] [pid 5152:tid 3092] (OS 64)The specified network name is no longer available.  : AH00341: winnt_accept: Asynchronous AcceptEx failed.
[Tue Oct 21 05:47:32.888925 2014] [mpm_winnt:warn] [pid 5152:tid 3092] (OS 64)The specified network name is no longer available.  : AH00341: winnt_accept: Asynchronous AcceptEx failed.
[Tue Oct 21 06:34:57.743122 2014] [negotiation:error] [pid 5152:tid 1380] [client 63.250.200.82:56116] AH00690: no acceptable variant: E:/nuevo/apache/error/HTTP_NOT_FOUND.html.var
[Tue Oct 21 06:36:12.014852 2014] [negotiation:error] [pid 5152:tid 1380] [client 63.250.200.83:36382] AH00690: no acceptable variant: E:/nuevo/apache/error/HTTP_NOT_FOUND.html.var
[Tue Oct 21 06:37:29.718589 2014] [negotiation:error] [pid 5152:tid 1812] [client 69.147.77.126:52798] AH00690: no acceptable variant: E:/nuevo/apache/error/HTTP_NOT_FOUND.html.var
[Tue Oct 21 06:37:54.257432 2014] [negotiation:error] [pid 5152:tid 1812] [client 98.139.242.229:41497] AH00690: no acceptable variant: E:/nuevo/apache/error/HTTP_NOT_FOUND.html.var
[Tue Oct 21 08:31:25.436195 2014] [proxy_http:error] [pid 5152:tid 1480] (OS 10054)An existing connection was forcibly closed by the remote host.  : [client 201.245.192.253:59901] AH01102: error reading status line from remote server 172.22.1.31:80, referer: http://www.ambientebogota.gov.co/web/intranet/aplicaciones-para-acceder-fuera-de-la-sda
[Tue Oct 21 08:31:25.436195 2014] [proxy:error] [pid 5152:tid 1480] [client 201.245.192.253:59901] AH00898: Error reading from remote server returned by /isolucionsda/, referer: http://www.ambientebogota.gov.co/web/intranet/aplicaciones-para-acceder-fuera-de-la-sda
[Tue Oct 21 08:55:47.564363 2014] [proxy_http:error] [pid 5152:tid 1260] (20014)Internal error: [client 201.245.192.253:58142] AH01102: error reading status line from remote server 172.22.1.47:80, referer: http://190.27.245.106/forest/reportes.do?menu=1&group_system_actual=5
[Tue Oct 21 08:56:55.299682 2014] [proxy_http:error] [pid 5152:tid 1656] (20014)Internal error: [client 201.245.192.253:58796] AH01102: error reading status line from remote server 172.22.1.47:80, referer: http://190.27.245.106/forest/usutareas.do?group_system_actual=3&a=0.4609597222879529
[Tue Oct 21 09:00:57.583708 2014] [mpm_winnt:warn] [pid 5152:tid 3092] (OS 64)The specified network name is no longer available.  : AH00341: winnt_accept: Asynchronous AcceptEx failed.
[Tue Oct 21 09:31:13.928098 2014] [proxy_http:error] [pid 5152:tid 1268] (20014)Internal error: [client 201.245.192.253:53440] AH01102: error reading status line from remote server 172.22.1.47:80, referer: http://190.27.245.106/forest/usutareas.do?group_system_actual=3&codAct=2131&numPro=2929830&codPro=176&fecTra=2014-10-21%2008:35:55.0&codInst=2962265&codTraEsc=16729039
[Tue Oct 21 09:31:13.943698 2014] [proxy_http:error] [pid 5152:tid 1644] (20014)Internal error: [client 201.245.192.253:53652] AH01102: error reading status line from remote server 172.22.1.47:80, referer: http://190.27.245.106/forest/usutareas.do?group_system_actual=3&codAct=2131&numPro=2929830&codPro=176&fecTra=2014-10-21%2008:35:55.0&codInst=2962265&codTraEsc=16729039
[Tue Oct 21 09:57:08.065228 2014] [mpm_winnt:error] [pid 5152:tid 6844] AH00326: Server ran out of threads to serve requests. Consider raising the ThreadsPerChild setting
[Tue Oct 21 10:10:47.364067 2014] [core:error] [pid 5152:tid 1100] [client 190.68.206.224:53515] AH00126: Invalid URI in request Host: 190.27.245.106
[Tue Oct 21 10:17:23.777363 2014] [core:error] [pid 5152:tid 1700] [client 190.68.206.224:53973] AH00126: Invalid URI in request Host: 190.27.245.106
[Tue Oct 21 10:20:10.401256 2014] [proxy_http:error] [pid 5152:tid 1548] (20014)Internal error: [client 201.245.192.253:49756] AH01102: error reading status line from remote server 172.22.1.47:80, referer: http://190.27.245.106/forest/usutareas.do?group_system_actual=3&codTraEsc=16714806&_a=0.39576970624079866
[Tue Oct 21 10:30:32.499149 2014] [proxy_http:error] [pid 5152:tid 1764] (20014)Internal error: [client 190.27.85.25:12101] AH01102: error reading status line from remote server 172.22.1.47:80, referer: http://190.27.245.106/forest/usutareas.do?group_system_actual=3&codTraEsc=16727074&_a=0.10554164922309917
[Tue Oct 21 10:30:32.499149 2014] [proxy_http:error] [pid 5152:tid 1716] (20014)Internal error: [client 201.245.192.253:57161] AH01102: error reading status line from remote server 172.22.1.47:80, referer: http://190.27.245.106/forest/usutareas.do?_a=0.634701133745952&group_system_actual=3
[Tue Oct 21 10:30:32.499149 2014] [proxy_http:error] [pid 5152:tid 1516] (20014)Internal error: [client 190.27.85.25:12103] AH01102: error reading status line from remote server 172.22.1.47:80, referer: http://190.27.245.106/forest/usutareas.do?group_system_actual=3&codTraEsc=16727074&_a=0.10554164922309917
[Tue Oct 21 10:30:32.499149 2014] [proxy_http:error] [pid 5152:tid 1184] (20014)Internal error: [client 190.27.85.25:12104] AH01102: error reading status line from remote server 172.22.1.47:80, referer: http://190.27.245.106/forest/usutareas.do?group_system_actual=3&codTraEsc=16727074&_a=0.10554164922309917
[Tue Oct 21 10:37:32.295886 2014] [proxy_http:error] [pid 5152:tid 1444] (20014)Internal error: [client 201.245.192.253:49628] AH01102: error reading status line from remote server 172.22.1.47:80, referer: http://190.27.245.106/forest/misactividades.do?group_system_actual=3&codPro=134&_a=0.28967578319779275
[Tue Oct 21 10:38:07.364747 2014] [proxy_http:error] [pid 5152:tid 928] (20014)Internal error: [client 201.245.192.253:49924] AH01102: error reading status line from remote server 172.22.1.47:80, referer: http://190.27.245.106/forest/index2.jsp?a=0.3834295617881994
[Tue Oct 21 10:38:12.247556 2014] [proxy_http:error] [pid 5152:tid 1628] (20014)Internal error: [client 201.245.192.253:50000] AH01102: error reading status line from remote server 172.22.1.47:80, referer: http://190.27.245.106/forest/usutareas.do?group_system_actual=3&a=0.5114805807825178
[Tue Oct 21 10:41:31.756306 2014] [proxy_http:error] [pid 5152:tid 760] (20014)Internal error: [client 190.27.85.25:12214] AH01102: error reading status line from remote server 172.22.1.47:80, referer: http://190.27.245.106/forest/frameset?
[Tue Oct 21 10:41:47.371934 2014] [proxy_http:error] [pid 5152:tid 1204] (20014)Internal error: [client 201.245.192.253:52324] AH01102: error reading status line from remote server 172.22.1.47:80, referer: http://190.27.245.106/forest/reportes.do?menu=1&group_system_actual=5
[Tue Oct 21 10:42:42.596031 2014] [proxy_http:error] [pid 5152:tid 1852] (20014)Internal error: [client 201.245.192.253:52936] AH01102: error reading status line from remote server 172.22.1.47:80, referer: http://190.27.245.106/forest/usutareas.do?_a=0.8447371670044959&group_system_actual=3
[Tue Oct 21 10:43:48.178546 2014] [proxy_http:error] [pid 5152:tid 704] (20014)Internal error: [client 201.245.192.253:53551] AH01102: error reading status line from remote server 172.22.1.47:80, referer: http://190.27.245.106/forest/radicacion.do?codMod=11&group_system_actual=4&_a=0.17937631658039777
[Tue Oct 21 10:43:58.006563 2014] [proxy_http:error] [pid 5152:tid 1852] (20014)Internal error: [client 201.245.192.253:53699] AH01102: error reading status line from remote server 172.22.1.47:80, referer: http://190.27.245.106/forest/usutareas.do?group_system_actual=3&a=0.7741592472884804
[Tue Oct 21 10:54:19.246454 2014] [proxy_http:error] [pid 5152:tid 1656] (20014)Internal error: [client 201.245.192.253:47901] AH01102: error reading status line from remote server 172.22.1.47:80, referer: http://190.27.245.106/forest/usutareas.do?_a=0.9869481832720339&group_system_actual=3
[Tue Oct 21 10:55:58.228628 2014] [proxy_http:error] [pid 5152:tid 1852] (20014)Internal error: [client 201.245.192.253:49082] AH01102: error reading status line from remote server 172.22.1.47:80, referer: http://190.27.245.106/forest/index2.jsp?a=0.07369553906360393
[Tue Oct 21 10:57:13.639161 2014] [proxy_http:error] [pid 5152:tid 1332] (20014)Internal error: [client 190.27.85.25:12356] AH01102: error reading status line from remote server 172.22.1.47:80, referer: http://190.27.245.106/forest/usutareas.do?group_system_actual=3&codTraEsc=16593395&_a=0.24009220844024592
[Tue Oct 21 10:57:13.639161 2014] [proxy:error] [pid 5152:tid 1332] [client 190.27.85.25:12356] AH00898: Error reading from remote server returned by /forest/file/2602617, referer: http://190.27.245.106/forest/usutareas.do?group_system_actual=3&codTraEsc=16593395&_a=0.24009220844024592
[Tue Oct 21 11:06:50.046573 2014] [proxy_http:error] [pid 5152:tid 1600] (20014)Internal error: [client 201.245.192.253:56283] AH01102: error reading status line from remote server 172.22.1.47:80, referer: http://190.27.245.106/forest/usutareas.do?_a=0.33178045018576086&group_system_actual=3
[Tue Oct 21 11:08:40.947168 2014] [proxy_http:error] [pid 5152:tid 880] (20014)Internal error: [client 201.245.192.253:57489] AH01102: error reading status line from remote server 172.22.1.47:80, referer: http://190.27.245.106/forest/usutareas.do?group_system_actual=3&a=0.38753850222565234
[Tue Oct 21 11:10:31.239362 2014] [proxy_http:error] [pid 5152:tid 880] (20014)Internal error: [client 201.245.192.253:58750] AH01102: error reading status line from remote server 172.22.1.47:80, referer: http://190.27.245.106/forest/index2.jsp?a=0.11878232870290872
[Tue Oct 21 11:17:18.883678 2014] [proxy_http:error] [pid 5152:tid 880] (20014)Internal error: [client 201.245.192.253:49655] AH01102: error reading status line from remote server 172.22.1.47:80, referer: http://190.27.245.106/forest/usutareas.do?group_system_actual=3&a=0.7435912444014824
[Tue Oct 21 11:17:48.040129 2014] [proxy_http:error] [pid 5152:tid 864] (20014)Internal error: [client 201.245.192.253:49669] AH01102: error reading status line from remote server 172.22.1.47:80, referer: http://190.27.245.106/forest/usutareas.do?group_system_actual=3&a=0.7435912444014824
[Tue Oct 21 11:20:28.127610 2014] [proxy_http:error] [pid 5152:tid 1868] (20014)Internal error: [client 201.245.192.253:50874] AH01102: error reading status line from remote server 172.22.1.47:80, referer: http://190.27.245.106/forest/usutareas.do?_a=0.5358302393098493&group_system_actual=3
[Tue Oct 21 11:22:36.687436 2014] [proxy_http:error] [pid 5152:tid 856] (20014)Internal error: [client 201.245.192.253:52558] AH01102: error reading status line from remote server 172.22.1.47:80, referer: http://190.27.245.106/forest/index2.jsp?a=0.11878232870290872
[Tue Oct 21 11:30:14.407840 2014] [proxy_http:error] [pid 5152:tid 1764] (20014)Internal error: [client 201.245.192.253:57061] AH01102: error reading status line from remote server 172.22.1.47:80, referer: http://190.27.245.106/forest/frameset?
[Tue Oct 21 11:41:28.843825 2014] [proxy_http:error] [pid 5152:tid 1124] (20014)Internal error: [client 201.245.192.253:50660] AH01102: error reading status line from remote server 172.22.1.47:80, referer: http://190.27.245.106/forest/buscar.do?type=procesos
[Tue Oct 21 11:41:57.251474 2014] [proxy_http:error] [pid 5152:tid 1444] (20014)Internal error: [client 201.245.192.253:51183] AH01102: error reading status line from remote server 172.22.1.47:80, referer: http://190.27.245.106/forest/buscar.do?type=documentos
[Tue Oct 21 11:51:54.779324 2014] [proxy_http:error] [pid 5152:tid 1212] (20014)Internal error: [client 201.245.192.253:57326] AH01102: error reading status line from remote server 172.22.1.47:80, referer: http://190.27.245.106/forest/frameset?
[Tue Oct 21 11:59:35.651933 2014] [proxy_http:error] [pid 5152:tid 1716] (20014)Internal error: [client 201.245.192.253:50054] AH01102: error reading status line from remote server 172.22.1.47:80, referer: http://190.27.245.106/forest/misactividades.do?group_system_actual=3&codPro=90&_a=0.23327831151016065
[Tue Oct 21 12:08:43.931496 2014] [proxy_http:error] [pid 5152:tid 1212] (20014)Internal error: [client 201.245.192.253:55973] AH01102: error reading status line from remote server 172.22.1.47:80, referer: http://190.27.245.106/forest/usutareas.do?group_system_actual=3&codTraEsc=16724605&_a=0.9420010390249604
[Tue Oct 21 12:23:14.475426 2014] [proxy_http:error] [pid 5152:tid 1692] (20014)Internal error: [client 201.245.192.253:50558] AH01102: error reading status line from remote server 172.22.1.47:80, referer: http://190.27.245.106/forest/usutareas.do?group_system_actual=3&a=0.5605954131053051
[Tue Oct 21 12:44:11.541233 2014] [proxy_http:error] [pid 5152:tid 1500] (20014)Internal error: [client 201.245.192.253:58858] AH01102: error reading status line from remote server 172.22.1.47:80, referer: http://190.27.245.106/forest/system/document.jsp?codDoc=1419902
[Tue Oct 21 13:53:37.142550 2014] [proxy_http:error] [pid 5152:tid 1332] (OS 10054)An existing connection was forcibly closed by the remote host.  : [client 201.245.192.253:51815] AH01102: error reading status line from remote server 172.22.1.31:80, referer: http://190.27.245.106/isolucionsda/FrameSetGeneral.asp?Pagina1=FrameSetGeneral.asp&
[Tue Oct 21 13:53:37.142550 2014] [proxy:error] [pid 5152:tid 1332] [client 201.245.192.253:51815] AH00898: Error reading from remote server returned by /isolucionsda/BarraFavoritos.asp, referer: http://190.27.245.106/isolucionsda/FrameSetGeneral.asp?Pagina1=FrameSetGeneral.asp&
[Tue Oct 21 14:18:02.281524 2014] [negotiation:error] [pid 5152:tid 984] [client 201.245.192.253:55132] AH00690: no acceptable variant: E:/nuevo/apache/error/HTTP_NOT_FOUND.html.var, referer: http://190.27.245.106/BLA/boletinlegal/admin/actos/modificar.php
[Tue Oct 21 14:22:05.751151 2014] [proxy_http:error] [pid 5152:tid 1052] (20014)Internal error: [client 201.245.192.253:57442] AH01102: error reading status line from remote server 172.22.1.47:80, referer: http://190.27.245.106/forest/reportes.do?menu=1&group_system_actual=5
[Tue Oct 21 14:23:51.644137 2014] [proxy_http:error] [pid 5152:tid 808] (20014)Internal error: [client 201.245.192.253:58643] AH01102: error reading status line from remote server 172.22.1.47:80, referer: http://190.27.245.106/forest/usutareas.do?_a=0.24042315455153584&group_system_actual=3
[Tue Oct 21 14:23:51.644137 2014] [proxy_http:error] [pid 5152:tid 1116] (20014)Internal error: [client 201.245.192.253:58354] AH01102: error reading status line from remote server 172.22.1.47:80, referer: http://190.27.245.106/forest/usutareas.do?_a=0.24042315455153584&group_system_actual=3
[Tue Oct 21 14:26:16.958392 2014] [proxy_http:error] [pid 5152:tid 744] (20014)Internal error: [client 201.245.192.253:47628] AH01102: error reading status line from remote server 172.22.1.47:80, referer: http://190.27.245.106/forest/usutareas.do?group_system_actual=3&codTraEsc=16724605&_a=0.9420010390249604
[Tue Oct 21 14:26:16.973992 2014] [proxy_http:error] [pid 5152:tid 1612] (20014)Internal error: [client 201.245.192.253:47626] AH01102: error reading status line from remote server 172.22.1.47:80, referer: http://190.27.245.106/forest/usutareas.do?group_system_actual=3&codTraEsc=16724605&_a=0.9420010390249604
[Tue Oct 21 14:39:40.625004 2014] [proxy_http:error] [pid 5152:tid 1396] (20014)Internal error: [client 201.245.192.253:55490] AH01102: error reading status line from remote server 172.22.1.47:80, referer: http://190.27.245.106/forest/buscar.do?type=procesos
[Tue Oct 21 15:05:13.875697 2014] [proxy_http:error] [pid 5152:tid 872] (20014)Internal error: [client 201.245.192.253:48736] AH01102: error reading status line from remote server 172.22.1.47:80, referer: http://190.27.245.106/forest/usutareas.do?_a=0.7917415617070097&group_system_actual=3
[Tue Oct 21 15:06:07.024990 2014] [authz_core:error] [pid 5152:tid 1116] [client 62.193.230.2:36219] AH01630: client denied by server configuration: E:/nuevo/htdocs/phpMyAdmin
[Tue Oct 21 15:06:07.383791 2014] [authz_core:error] [pid 5152:tid 1868] [client 62.193.230.2:36765] AH01630: client denied by server configuration: E:/nuevo/phpMyAdmin/scripts
[Tue Oct 21 15:06:15.714206 2014] [authz_core:error] [pid 5152:tid 1656] [client 62.193.230.2:46700] AH01630: client denied by server configuration: E:/nuevo/htdocs/phpmyadmin2
[Tue Oct 21 15:06:16.073006 2014] [authz_core:error] [pid 5152:tid 808] [client 62.193.230.2:46968] AH01630: client denied by server configuration: E:/nuevo/htdocs/phpMyAdmin2
[Tue Oct 21 15:06:16.431807 2014] [authz_core:error] [pid 5152:tid 1852] [client 62.193.230.2:47509] AH01630: client denied by server configuration: E:/nuevo/htdocs/phpMyAdmin-2
[Tue Oct 21 15:06:17.165008 2014] [authz_core:error] [pid 5152:tid 864] [client 62.193.230.2:48270] AH01630: client denied by server configuration: E:/nuevo/htdocs/phpMyAdmin-2.2.3
[Tue Oct 21 15:06:17.523809 2014] [authz_core:error] [pid 5152:tid 1420] [client 62.193.230.2:48791] AH01630: client denied by server configuration: E:/nuevo/htdocs/phpMyAdmin-2.2.6
[Tue Oct 21 15:06:17.913810 2014] [authz_core:error] [pid 5152:tid 1116] [client 62.193.230.2:49178] AH01630: client denied by server configuration: E:/nuevo/htdocs/phpMyAdmin-2.5.1
[Tue Oct 21 15:06:18.257010 2014] [authz_core:error] [pid 5152:tid 1656] [client 62.193.230.2:49606] AH01630: client denied by server configuration: E:/nuevo/htdocs/phpMyAdmin-2.5.4
[Tue Oct 21 15:06:18.600211 2014] [authz_core:error] [pid 5152:tid 808] [client 62.193.230.2:50091] AH01630: client denied by server configuration: E:/nuevo/htdocs/phpMyAdmin-2.5.5-rc1
[Tue Oct 21 15:06:18.959011 2014] [authz_core:error] [pid 5152:tid 1852] [client 62.193.230.2:50372] AH01630: client denied by server configuration: E:/nuevo/htdocs/phpMyAdmin-2.5.5-rc2
[Tue Oct 21 15:06:19.317812 2014] [authz_core:error] [pid 5152:tid 856] [client 62.193.230.2:50936] AH01630: client denied by server configuration: E:/nuevo/htdocs/phpMyAdmin-2.5.5
[Tue Oct 21 15:06:19.676613 2014] [authz_core:error] [pid 5152:tid 988] [client 62.193.230.2:51400] AH01630: client denied by server configuration: E:/nuevo/htdocs/phpMyAdmin-2.5.5-pl1
[Tue Oct 21 15:06:20.051013 2014] [authz_core:error] [pid 5152:tid 1420] [client 62.193.230.2:51734] AH01630: client denied by server configuration: E:/nuevo/htdocs/phpMyAdmin-2.5.6-rc1
[Tue Oct 21 15:06:20.409814 2014] [authz_core:error] [pid 5152:tid 1764] [client 62.193.230.2:52277] AH01630: client denied by server configuration: E:/nuevo/htdocs/phpMyAdmin-2.5.6-rc2
[Tue Oct 21 15:06:20.768615 2014] [authz_core:error] [pid 5152:tid 1116] [client 62.193.230.2:52692] AH01630: client denied by server configuration: E:/nuevo/htdocs/phpMyAdmin-2.5.6
[Tue Oct 21 15:06:21.111815 2014] [authz_core:error] [pid 5152:tid 1656] [client 62.193.230.2:52983] AH01630: client denied by server configuration: E:/nuevo/htdocs/phpMyAdmin-2.5.7
[Tue Oct 21 15:06:21.470616 2014] [authz_core:error] [pid 5152:tid 808] [client 62.193.230.2:53532] AH01630: client denied by server configuration: E:/nuevo/htdocs/phpMyAdmin-2.5.7-pl1
[Tue Oct 21 15:06:22.001017 2014] [authz_core:error] [pid 5152:tid 856] [client 62.193.230.2:54106] AH01630: client denied by server configuration: E:/nuevo/htdocs/phpMyAdmin-2.6.0-alpha
[Tue Oct 21 15:06:22.359817 2014] [authz_core:error] [pid 5152:tid 988] [client 62.193.230.2:54581] AH01630: client denied by server configuration: E:/nuevo/htdocs/phpMyAdmin-2.6.0-alpha2
[Tue Oct 21 15:06:22.718618 2014] [authz_core:error] [pid 5152:tid 1420] [client 62.193.230.2:55072] AH01630: client denied by server configuration: E:/nuevo/htdocs/phpMyAdmin-2.6.0-beta1
[Tue Oct 21 15:06:23.061819 2014] [authz_core:error] [pid 5152:tid 1764] [client 62.193.230.2:55346] AH01630: client denied by server configuration: E:/nuevo/htdocs/phpMyAdmin-2.6.0-beta2
[Tue Oct 21 15:06:23.405019 2014] [authz_core:error] [pid 5152:tid 1116] [client 62.193.230.2:55881] AH01630: client denied by server configuration: E:/nuevo/htdocs/phpMyAdmin-2.6.0-rc1
[Tue Oct 21 15:06:23.763820 2014] [authz_core:error] [pid 5152:tid 1656] [client 62.193.230.2:56287] AH01630: client denied by server configuration: E:/nuevo/htdocs/phpMyAdmin-2.6.0-rc2
[Tue Oct 21 15:06:24.107020 2014] [authz_core:error] [pid 5152:tid 808] [client 62.193.230.2:56569] AH01630: client denied by server configuration: E:/nuevo/htdocs/phpMyAdmin-2.6.0-rc3
[Tue Oct 21 15:06:24.465821 2014] [authz_core:error] [pid 5152:tid 1124] [client 62.193.230.2:57096] AH01630: client denied by server configuration: E:/nuevo/htdocs/phpMyAdmin-2.6.0
[Tue Oct 21 15:06:24.824622 2014] [authz_core:error] [pid 5152:tid 856] [client 62.193.230.2:57539] AH01630: client denied by server configuration: E:/nuevo/htdocs/phpMyAdmin-2.6.0-pl1
[Tue Oct 21 15:06:25.183422 2014] [authz_core:error] [pid 5152:tid 988] [client 62.193.230.2:57905] AH01630: client denied by server configuration: E:/nuevo/htdocs/phpMyAdmin-2.6.0-pl2
[Tue Oct 21 15:06:25.542223 2014] [authz_core:error] [pid 5152:tid 1420] [client 62.193.230.2:58367] AH01630: client denied by server configuration: E:/nuevo/htdocs/phpMyAdmin-2.6.0-pl3
[Tue Oct 21 15:06:25.885424 2014] [authz_core:error] [pid 5152:tid 1764] [client 62.193.230.2:58733] AH01630: client denied by server configuration: E:/nuevo/htdocs/phpMyAdmin-2.6.1-rc1
[Tue Oct 21 15:06:26.400224 2014] [authz_core:error] [pid 5152:tid 1656] [client 62.193.230.2:59465] AH01630: client denied by server configuration: E:/nuevo/htdocs/phpMyAdmin-2.6.1-rc2
[Tue Oct 21 15:06:26.759025 2014] [authz_core:error] [pid 5152:tid 1444] [client 62.193.230.2:59879] AH01630: client denied by server configuration: E:/nuevo/htdocs/phpMyAdmin-2.6.1
[Tue Oct 21 15:06:27.133426 2014] [authz_core:error] [pid 5152:tid 1124] [client 62.193.230.2:60190] AH01630: client denied by server configuration: E:/nuevo/htdocs/phpMyAdmin-2.6.1-pl1
[Tue Oct 21 15:06:27.492226 2014] [authz_core:error] [pid 5152:tid 856] [client 62.193.230.2:60742] AH01630: client denied by server configuration: E:/nuevo/htdocs/phpMyAdmin-2.6.1-pl2
[Tue Oct 21 15:06:27.851027 2014] [authz_core:error] [pid 5152:tid 864] [client 62.193.230.2:32916] AH01630: client denied by server configuration: E:/nuevo/htdocs/phpMyAdmin-2.6.1-pl3
[Tue Oct 21 15:06:28.194228 2014] [authz_core:error] [pid 5152:tid 1420] [client 62.193.230.2:33361] AH01630: client denied by server configuration: E:/nuevo/htdocs/phpMyAdmin-2.6.2-rc1
[Tue Oct 21 15:06:28.553028 2014] [authz_core:error] [pid 5152:tid 808] [client 62.193.230.2:33772] AH01630: client denied by server configuration: E:/nuevo/htdocs/phpMyAdmin-2.6.2-beta1
[Tue Oct 21 15:06:28.911829 2014] [authz_core:error] [pid 5152:tid 1716] [client 62.193.230.2:34129] AH01630: client denied by server configuration: E:/nuevo/htdocs/phpMyAdmin-2.6.2-rc1
[Tue Oct 21 15:06:29.270630 2014] [authz_core:error] [pid 5152:tid 1656] [client 62.193.230.2:34576] AH01630: client denied by server configuration: E:/nuevo/htdocs/phpMyAdmin-2.6.2
[Tue Oct 21 15:06:29.629430 2014] [authz_core:error] [pid 5152:tid 1444] [client 62.193.230.2:35090] AH01630: client denied by server configuration: E:/nuevo/htdocs/phpMyAdmin-2.6.2-pl1
[Tue Oct 21 15:06:29.988231 2014] [authz_core:error] [pid 5152:tid 1000] [client 62.193.230.2:35388] AH01630: client denied by server configuration: E:/nuevo/htdocs/phpMyAdmin-2.6.3
[Tue Oct 21 15:06:30.331431 2014] [authz_core:error] [pid 5152:tid 984] [client 62.193.230.2:35897] AH01630: client denied by server configuration: E:/nuevo/htdocs/phpMyAdmin-2.6.3-rc1
[Tue Oct 21 15:06:30.690232 2014] [authz_core:error] [pid 5152:tid 864] [client 62.193.230.2:36390] AH01630: client denied by server configuration: E:/nuevo/htdocs/phpMyAdmin-2.6.3
[Tue Oct 21 15:06:31.049033 2014] [authz_core:error] [pid 5152:tid 1852] [client 62.193.230.2:36677] AH01630: client denied by server configuration: E:/nuevo/htdocs/phpMyAdmin-2.6.3-pl1
[Tue Oct 21 15:06:31.407833 2014] [authz_core:error] [pid 5152:tid 1184] [client 62.193.230.2:37213] AH01630: client denied by server configuration: E:/nuevo/htdocs/phpMyAdmin-2.6.4-rc1
[Tue Oct 21 15:06:31.766634 2014] [authz_core:error] [pid 5152:tid 1716] [client 62.193.230.2:37632] AH01630: client denied by server configuration: E:/nuevo/htdocs/phpMyAdmin-2.6.4-pl1
[Tue Oct 21 15:06:32.125435 2014] [authz_core:error] [pid 5152:tid 1656] [client 62.193.230.2:37950] AH01630: client denied by server configuration: E:/nuevo/htdocs/phpMyAdmin-2.6.4-pl2
[Tue Oct 21 15:06:32.484235 2014] [authz_core:error] [pid 5152:tid 1444] [client 62.193.230.2:38493] AH01630: client denied by server configuration: E:/nuevo/htdocs/phpMyAdmin-2.6.4-pl3
[Tue Oct 21 15:06:32.843036 2014] [authz_core:error] [pid 5152:tid 1000] [client 62.193.230.2:38933] AH01630: client denied by server configuration: E:/nuevo/htdocs/phpMyAdmin-2.6.4-pl4
[Tue Oct 21 15:06:33.201836 2014] [authz_core:error] [pid 5152:tid 984] [client 62.193.230.2:39369] AH01630: client denied by server configuration: E:/nuevo/htdocs/phpMyAdmin-2.6.4
[Tue Oct 21 15:06:33.560637 2014] [authz_core:error] [pid 5152:tid 864] [client 62.193.230.2:39785] AH01630: client denied by server configuration: E:/nuevo/htdocs/phpMyAdmin-2.7.0-beta1
[Tue Oct 21 15:06:33.935038 2014] [authz_core:error] [pid 5152:tid 1184] [client 62.193.230.2:40139] AH01630: client denied by server configuration: E:/nuevo/htdocs/phpMyAdmin-2.7.0-rc1
[Tue Oct 21 15:06:34.309438 2014] [authz_core:error] [pid 5152:tid 1716] [client 62.193.230.2:40586] AH01630: client denied by server configuration: E:/nuevo/htdocs/phpMyAdmin-2.7.0-pl1
[Tue Oct 21 15:06:34.683839 2014] [authz_core:error] [pid 5152:tid 1656] [client 62.193.230.2:41148] AH01630: client denied by server configuration: E:/nuevo/htdocs/phpMyAdmin-2.7.0-pl2
[Tue Oct 21 15:06:35.027040 2014] [authz_core:error] [pid 5152:tid 1444] [client 62.193.230.2:41500] AH01630: client denied by server configuration: E:/nuevo/htdocs/phpMyAdmin-2.7.0
[Tue Oct 21 15:06:35.370240 2014] [authz_core:error] [pid 5152:tid 880] [client 62.193.230.2:42024] AH01630: client denied by server configuration: E:/nuevo/htdocs/phpMyAdmin-2.8.0-beta1
[Tue Oct 21 15:06:35.729041 2014] [authz_core:error] [pid 5152:tid 984] [client 62.193.230.2:42453] AH01630: client denied by server configuration: E:/nuevo/htdocs/phpMyAdmin-2.8.0-rc1
[Tue Oct 21 15:06:36.087841 2014] [authz_core:error] [pid 5152:tid 864] [client 62.193.230.2:42710] AH01630: client denied by server configuration: E:/nuevo/htdocs/phpMyAdmin-2.8.0-rc2
[Tue Oct 21 15:06:36.431042 2014] [authz_core:error] [pid 5152:tid 1000] [client 62.193.230.2:43242] AH01630: client denied by server configuration: E:/nuevo/htdocs/phpMyAdmin-2.8.0
[Tue Oct 21 15:06:36.789843 2014] [authz_core:error] [pid 5152:tid 1184] [client 62.193.230.2:43654] AH01630: client denied by server configuration: E:/nuevo/htdocs/phpMyAdmin-2.8.0.1
[Tue Oct 21 15:06:37.148643 2014] [authz_core:error] [pid 5152:tid 1716] [client 62.193.230.2:43955] AH01630: client denied by server configuration: E:/nuevo/htdocs/phpMyAdmin-2.8.0.2
[Tue Oct 21 15:06:37.523044 2014] [authz_core:error] [pid 5152:tid 1100] [client 62.193.230.2:44472] AH01630: client denied by server configuration: E:/nuevo/htdocs/phpMyAdmin-2.8.0.3
[Tue Oct 21 15:06:37.866245 2014] [authz_core:error] [pid 5152:tid 1444] [client 62.193.230.2:44868] AH01630: client denied by server configuration: E:/nuevo/htdocs/phpMyAdmin-2.8.0.4
[Tue Oct 21 15:06:38.225045 2014] [authz_core:error] [pid 5152:tid 988] [client 62.193.230.2:45320] AH01630: client denied by server configuration: E:/nuevo/htdocs/phpMyAdmin-2.8.1-rc1
[Tue Oct 21 15:06:38.583846 2014] [authz_core:error] [pid 5152:tid 1420] [client 62.193.230.2:45759] AH01630: client denied by server configuration: E:/nuevo/htdocs/phpMyAdmin-2.8.1
[Tue Oct 21 15:06:38.942646 2014] [authz_core:error] [pid 5152:tid 864] [client 62.193.230.2:46088] AH01630: client denied by server configuration: E:/nuevo/htdocs/phpMyAdmin-2.8.2
[Tue Oct 21 15:08:53.898484 2014] [proxy_http:error] [pid 5152:tid 1764] (20014)Internal error: [client 201.245.192.253:50723] AH01102: error reading status line from remote server 172.22.1.47:80, referer: http://190.27.245.106/forest/radicacion.do?codMod=11&group_system_actual=4&_a=0.17937631658039777
[Tue Oct 21 15:11:56.262804 2014] [proxy_http:error] [pid 5152:tid 808] (20014)Internal error: [client 201.245.192.253:52321] AH01102: error reading status line from remote server 172.22.1.47:80, referer: http://190.27.245.106/forest/suactividades.do?group_system_actual=3
[Tue Oct 21 15:16:29.107283 2014] [proxy_http:error] [pid 5152:tid 988] (20014)Internal error: [client 201.245.192.253:54430] AH01102: error reading status line from remote server 172.22.1.47:80, referer: http://190.27.245.106/forest/misactividades.do?_a=0.8281182562932372&group_system_actual=3
[Tue Oct 21 15:24:33.394534 2014] [proxy_http:error] [pid 5152:tid 1180] (20014)Internal error: [client 201.245.192.253:59998] AH01102: error reading status line from remote server 172.22.1.47:80, referer: http://190.27.245.106/forest/usutareas.do?group_system_actual=3&codAct=879&numPro=2857952&codPro=90&fecTra=2014-10-21%2010:14:21.041&codInst=2883830&codTraEsc=16730547
[Tue Oct 21 15:24:33.394534 2014] [proxy:error] [pid 5152:tid 1180] [client 201.245.192.253:59998] AH00898: Error reading from remote server returned by /forest/skins/gdocs-jar/img/desasociarUser.gif, referer: http://190.27.245.106/forest/usutareas.do?group_system_actual=3&codAct=879&numPro=2857952&codPro=90&fecTra=2014-10-21%2010:14:21.041&codInst=2883830&codTraEsc=16730547
[Tue Oct 21 15:26:57.023986 2014] [proxy_http:error] [pid 5152:tid 1124] (20014)Internal error: [client 201.245.192.253:48997] AH01102: error reading status line from remote server 172.22.1.47:80, referer: http://190.27.245.106/forest/misactividades.do?_a=0.8281182562932372&group_system_actual=3
[Tue Oct 21 15:26:57.023986 2014] [proxy:error] [pid 5152:tid 1124] [client 201.245.192.253:48997] AH00898: Error reading from remote server returned by /forest/system/process.jsp, referer: http://190.27.245.106/forest/misactividades.do?_a=0.8281182562932372&group_system_actual=3
[Tue Oct 21 15:27:01.157993 2014] [proxy_http:error] [pid 5152:tid 864] (20014)Internal error: [client 201.245.192.253:49008] AH01102: error reading status line from remote server 172.22.1.47:80, referer: http://190.27.245.106/forest/usutareas.do?group_system_actual=3&a=0.7673626968171448
[Tue Oct 21 15:27:01.157993 2014] [proxy:error] [pid 5152:tid 864] [client 201.245.192.253:49008] AH00898: Error reading from remote server returned by /forest/skins/gdocs-jar/img/close.gif, referer: http://190.27.245.106/forest/usutareas.do?group_system_actual=3&a=0.7673626968171448
[Tue Oct 21 15:28:12.886919 2014] [proxy_http:error] [pid 5152:tid 1116] (20014)Internal error: [client 201.245.192.253:49514] AH01102: error reading status line from remote server 172.22.1.47:80, referer: http://190.27.245.106/forest/suactividades.do?group_system_actual=3
[Tue Oct 21 15:31:05.438822 2014] [proxy_http:error] [pid 5152:tid 1000] (20014)Internal error: [client 201.245.192.253:51324] AH01102: error reading status line from remote server 172.22.1.47:80, referer: http://190.27.245.106/forest/index2.jsp?_a=0.2534358650445938
[Tue Oct 21 15:35:23.198075 2014] [proxy_http:error] [pid 5152:tid 744] (20014)Internal error: [client 201.245.192.253:53599] AH01102: error reading status line from remote server 172.22.1.47:80, referer: http://190.27.245.106/forest/buscar.do?type=documentos
[Tue Oct 21 15:36:27.298588 2014] [proxy_http:error] [pid 5152:tid 1180] (20014)Internal error: [client 201.245.192.253:52749] AH01102: error reading status line from remote server 172.22.1.47:80, referer: http://190.27.245.106/forest/terceros.do?_a=0.38349822195620453&group_system_actual=6
[Tue Oct 21 15:42:48.955258 2014] [proxy_http:error] [pid 5152:tid 1444] (20014)Internal error: [client 201.245.192.253:58643] AH01102: error reading status line from remote server 172.22.1.47:80, referer: http://190.27.245.106/forest/usutareas.do?group_system_actual=3&codTraEsc=16712835&_a=0.15528342228864844
[Tue Oct 21 15:43:04.555285 2014] [proxy_http:error] [pid 5152:tid 1068] (20014)Internal error: [client 201.245.192.253:58743] AH01102: error reading status line from remote server 172.22.1.47:80, referer: http://190.27.245.106/forest/usutareas.do?group_system_actual=3&codTraEsc=16712835&_a=0.15528342228864844
[Tue Oct 21 15:57:02.089556 2014] [proxy_http:error] [pid 5152:tid 1100] (20014)Internal error: [client 201.245.192.253:53923] AH01102: error reading status line from remote server 172.22.1.47:80, referer: http://190.27.245.106/forest/system/process.jsp?numPro=2716521
[Tue Oct 21 15:57:18.547585 2014] [proxy_http:error] [pid 5152:tid 988] (20014)Internal error: [client 201.245.192.253:53990] AH01102: error reading status line from remote server 172.22.1.47:80, referer: http://190.27.245.106/forest/misactividades.do?_a=0.8281182562932372&group_system_actual=3
[Tue Oct 21 17:48:32.024907 2014] [proxy_http:error] [pid 5152:tid 1000] (OS 10054)An existing connection was forcibly closed by the remote host.  : [client 201.245.192.253:55063] AH01102: error reading status line from remote server 172.22.1.31:80, referer: http://190.27.245.106/isolucionsda/FrameSetGeneral.asp?Pagina=Menu.asp&IdModulo=4
[Tue Oct 21 17:48:32.024907 2014] [proxy:error] [pid 5152:tid 1000] [client 201.245.192.253:55063] AH00898: Error reading from remote server returned by /isolucionsda/BarraTitulos.asp, referer: http://190.27.245.106/isolucionsda/FrameSetGeneral.asp?Pagina=Menu.asp&IdModulo=4
[Tue Oct 21 17:51:07.026779 2014] [proxy_http:error] [pid 5152:tid 1404] (OS 10054)An existing connection was forcibly closed by the remote host.  : [client 201.245.192.253:55694] AH01102: error reading status line from remote server 172.22.1.31:80, referer: http://ambientebogota.gov.co/web/intranet/aplicaciones-para-acceder-fuera-de-la-sda
[Tue Oct 21 17:51:11.878388 2014] [proxy_http:error] [pid 5152:tid 704] (OS 10054)An existing connection was forcibly closed by the remote host.  : [client 201.245.192.253:55723] AH01102: error reading status line from remote server 172.22.1.31:80, referer: http://190.27.245.106/isolucionsda/FrameSetGeneral.asp?Pagina1=FrameSetGeneral.asp&
[Tue Oct 21 17:51:11.878388 2014] [proxy:error] [pid 5152:tid 704] [client 201.245.192.253:55723] AH00898: Error reading from remote server returned by /isolucionsda/BarraTitulos.asp, referer: http://190.27.245.106/isolucionsda/FrameSetGeneral.asp?Pagina1=FrameSetGeneral.asp&
[Tue Oct 21 17:51:11.893988 2014] [proxy_http:error] [pid 5152:tid 784] (OS 10054)An existing connection was forcibly closed by the remote host.  : [client 201.245.192.253:55725] AH01102: error reading status line from remote server 172.22.1.31:80, referer: http://190.27.245.106/isolucionsda/FrameSetGeneral.asp?Pagina1=FrameSetGeneral.asp&
[Tue Oct 21 17:51:11.893988 2014] [proxy:error] [pid 5152:tid 784] [client 201.245.192.253:55725] AH00898: Error reading from remote server returned by /isolucionsda/MagazinHome.asp, referer: http://190.27.245.106/isolucionsda/FrameSetGeneral.asp?Pagina1=FrameSetGeneral.asp&
[Tue Oct 21 18:12:53.326274 2014] [proxy_http:error] [pid 5152:tid 1444] (20014)Internal error: [client 201.245.192.253:48721] AH01102: error reading status line from remote server 172.22.1.47:80, referer: http://190.27.245.106/forest/usudocumentos.do?group_system_actual=3&a=0.8664753183256835
[Tue Oct 21 18:46:12.674585 2014] [mpm_winnt:warn] [pid 5152:tid 3092] (OS 64)The specified network name is no longer available.  : AH00341: winnt_accept: Asynchronous AcceptEx failed.
[Tue Oct 21 19:03:52.758847 2014] [mpm_winnt:warn] [pid 5152:tid 3092] (OS 64)The specified network name is no longer available.  : AH00341: winnt_accept: Asynchronous AcceptEx failed.
[Tue Oct 21 21:24:10.992033 2014] [proxy_http:error] [pid 5152:tid 808] (OS 10054)An existing connection was forcibly closed by the remote host.  : [client 186.29.225.8:21664] AH01102: error reading status line from remote server 172.22.1.31:80, referer: http://190.27.245.106/isolucionsda/FrameSetGeneral.asp?Pagina1=FrameSetGeneral.asp&
[Tue Oct 21 21:24:10.992033 2014] [proxy:error] [pid 5152:tid 808] [client 186.29.225.8:21664] AH00898: Error reading from remote server returned by /isolucionsda/BarraFavoritos.asp, referer: http://190.27.245.106/isolucionsda/FrameSetGeneral.asp?Pagina1=FrameSetGeneral.asp&
[Tue Oct 21 21:49:50.340337 2014] [:error] [pid 5152:tid 784] [client 4.31.173.240:45779] script 'E:/nuevo/htdocs/login.php' not found or unable to stat
[Tue Oct 21 22:38:14.131438 2014] [proxy_http:error] [pid 5152:tid 1212] (OS 10054)An existing connection was forcibly closed by the remote host.  : [client 190.157.163.180:64986] AH01102: error reading status line from remote server 172.22.1.31:80, referer: http://190.27.245.106/isolucionsda/Encabezado.asp?Pagina=ListadoMaestroDocumentos3.asp
[Tue Oct 21 22:38:14.131438 2014] [proxy:error] [pid 5152:tid 1212] [client 190.157.163.180:64986] AH00898: Error reading from remote server returned by /isolucionsda/Logout.asp, referer: http://190.27.245.106/isolucionsda/Encabezado.asp?Pagina=ListadoMaestroDocumentos3.asp

:: Command execute ::

Enter:
 
Select:
 

:: Search ::
regexp 

:: Upload ::
 
[ ok ]

:: Make Dir ::
 
[ ok ]
:: Make File ::
 
[ ok ]

:: Go Dir ::
 
:: Go File ::
 

--[ c99shell v. 1.0 pre-release build #13 powered by Captain Crunch Security Team | http://ccteam.ru | Generation time: 0.0468 ]--