!C99Shell v. 1.0 pre-release build #13!

Software: Apache. PHP/5.5.15 

uname -a: Windows NT SVR-DMZ 6.1 build 7600 (Windows Server 2008 R2 Enterprise Edition) i586 

SYSTEM 

Safe-mode: OFF (not secure)

E:\nuevo\apache\logs\   drwxrwxrwx
Free 7.34 GB of 239.26 GB (3.07%)
Detected drives: [ a ] [ c ] [ d ] [ e ] [ f ]
Home    Back    Forward    UPDIR    Refresh    Search    Buffer    Encoder    Tools    Proc.    FTP brute    Sec.    SQL    PHP-code    Update    Feedback    Self remove    Logout    


Viewing file:     error.2014.10.24.log (19.73 KB)      -rw-rw-rw-
Select action/file-type:
(+) | (+) | (+) | Code (+) | Session (+) | (+) | SDB (+) | (+) | (+) | (+) | (+) | (+) |
[Fri Oct 24 00:39:13.064900 2014] [:error] [pid 4888:tid 1676] [client 66.249.64.167:48410] script 'E:/nuevo/htdocs/BLA/normatividad.php' not found or unable to stat
[Fri Oct 24 01:13:19.275695 2014] [mpm_winnt:warn] [pid 4888:tid 3172] (OS 64)The specified network name is no longer available.  : AH00341: winnt_accept: Asynchronous AcceptEx failed.
[Fri Oct 24 07:50:37.738365 2014] [mpm_winnt:warn] [pid 4888:tid 3172] (OS 64)The specified network name is no longer available.  : AH00341: winnt_accept: Asynchronous AcceptEx failed.
[Fri Oct 24 07:51:02.729609 2014] [mpm_winnt:warn] [pid 4888:tid 3172] (OS 64)The specified network name is no longer available.  : AH00341: winnt_accept: Asynchronous AcceptEx failed.
[Fri Oct 24 08:16:02.173043 2014] [proxy_http:error] [pid 4888:tid 1756] (20014)Internal error: [client 200.35.36.78:22478] AH01102: error reading status line from remote server 172.22.1.47:80, referer: http://190.27.245.106/forest/frameset?
[Fri Oct 24 08:17:53.167238 2014] [proxy_http:error] [pid 4888:tid 1684] (OS 10054)An existing connection was forcibly closed by the remote host.  : [client 190.25.107.253:11855] AH01102: error reading status line from remote server 172.22.1.31:80, referer: http://190.27.245.106/isolucionsda/IdentificaUsuario.asp?Pagina1=FrameSetGeneral.asp&
[Fri Oct 24 08:17:53.167238 2014] [proxy:error] [pid 4888:tid 1684] [client 190.25.107.253:11855] AH00898: Error reading from remote server returned by /isolucionsda/g/shim.gif, referer: http://190.27.245.106/isolucionsda/IdentificaUsuario.asp?Pagina1=FrameSetGeneral.asp&
[Fri Oct 24 08:21:02.785571 2014] [proxy_http:error] [pid 4888:tid 1660] (OS 10060)A connection attempt failed because the connected party did not properly respond after a period of time, or established connection failed because connected host has failed to respond.  : [client 200.35.36.78:22482] AH01095: prefetch request body failed to 172.22.1.47:80 (172.22.1.47) from 200.35.36.78 (), referer: http://190.27.245.106/forest/frameset?
[Fri Oct 24 08:25:58.640091 2014] [proxy_http:error] [pid 4888:tid 1748] (OS 10054)An existing connection was forcibly closed by the remote host.  : [client 190.25.107.253:11935] AH01102: error reading status line from remote server 172.22.1.31:80, referer: http://190.27.245.106/isolucionsda/Arriba.asp?Pagina=bancoconocimiento%2FR%2FRevisionporlaDireccion%5Fv7%2FRevisionporlaDireccion%5Fv7%2Easp&IdArticulo=7879
[Fri Oct 24 08:25:58.640091 2014] [proxy:error] [pid 4888:tid 1748] [client 190.25.107.253:11935] AH00898: Error reading from remote server returned by /isolucionsda/g/icono_alerta.jpg, referer: http://190.27.245.106/isolucionsda/Arriba.asp?Pagina=bancoconocimiento%2FR%2FRevisionporlaDireccion%5Fv7%2FRevisionporlaDireccion%5Fv7%2Easp&IdArticulo=7879
[Fri Oct 24 08:29:54.262904 2014] [proxy_http:error] [pid 4888:tid 1612] (OS 10054)An existing connection was forcibly closed by the remote host.  : [client 201.245.192.253:25508] AH01102: error reading status line from remote server 172.22.1.31:80, referer: http://190.27.245.106/isolucionsda/FrameSetArticulo.asp?Pagina=/isolucionsda/BancoConocimiento/R/Resolucion2154del2denoviembrede2010/Resolucion2154del2denoviembrede2010.asp?IdArticulo=3500
[Fri Oct 24 08:29:54.262904 2014] [proxy:error] [pid 4888:tid 1612] [client 201.245.192.253:25508] AH00898: Error reading from remote server returned by /isolucionsda/BancoConocimiento/R/Resolucion2154del2denoviembrede2010/resoluci\xf3n 2154 del 2 de noviembre de 201001.pdf, referer: http://190.27.245.106/isolucionsda/FrameSetArticulo.asp?Pagina=/isolucionsda/BancoConocimiento/R/Resolucion2154del2denoviembrede2010/Resolucion2154del2denoviembrede2010.asp?IdArticulo=3500
[Fri Oct 24 08:47:05.629516 2014] [proxy_http:error] [pid 4888:tid 1820] (20014)Internal error: [client 191.95.242.255:61235] AH01102: error reading status line from remote server 172.22.1.47:80, referer: http://190.27.245.106/forest/
[Fri Oct 24 09:48:13.587959 2014] [mpm_winnt:warn] [pid 4888:tid 3172] (OS 64)The specified network name is no longer available.  : AH00341: winnt_accept: Asynchronous AcceptEx failed.
[Fri Oct 24 09:48:38.594802 2014] [mpm_winnt:warn] [pid 4888:tid 3172] (OS 64)The specified network name is no longer available.  : AH00341: winnt_accept: Asynchronous AcceptEx failed.
[Fri Oct 24 10:01:34.774166 2014] [proxy_http:error] [pid 4888:tid 1588] (OS 10054)An existing connection was forcibly closed by the remote host.  : [client 190.25.107.253:14965] AH01102: error reading status line from remote server 172.22.1.31:80, referer: http://190.27.245.106/isolucionsda/Encabezado.asp?Pagina=BancoConocimiento/m/meci/meci.asp&IdModulo=16
[Fri Oct 24 10:01:34.774166 2014] [proxy:error] [pid 4888:tid 1588] [client 190.25.107.253:14965] AH00898: Error reading from remote server returned by /isolucionsda/FrameSetGeneral.asp, referer: http://190.27.245.106/isolucionsda/Encabezado.asp?Pagina=BancoConocimiento/m/meci/meci.asp&IdModulo=16
[Fri Oct 24 10:46:50.506936 2014] [mpm_winnt:warn] [pid 4888:tid 3172] (OS 64)The specified network name is no longer available.  : AH00341: winnt_accept: Asynchronous AcceptEx failed.
[Fri Oct 24 10:57:10.108824 2014] [proxy_http:error] [pid 4888:tid 1796] (20014)Internal error: [client 201.245.192.253:51813] AH01102: error reading status line from remote server 172.22.1.47:80, referer: http://190.27.245.106/forest/documentos/1946544/2014ER176161.html
[Fri Oct 24 10:57:10.108824 2014] [proxy:error] [pid 4888:tid 1796] [client 201.245.192.253:51813] AH00898: Error reading from remote server returned by /forest/documentos/1946544/1ibre/1ibre.js, referer: http://190.27.245.106/forest/documentos/1946544/2014ER176161.html
[Fri Oct 24 10:57:10.264824 2014] [proxy_http:error] [pid 4888:tid 1508] (20014)Internal error: [client 201.245.192.253:51827] AH01102: error reading status line from remote server 172.22.1.47:80, referer: http://190.27.245.106/forest/documentos/1946544/2014ER176161.html
[Fri Oct 24 10:57:10.264824 2014] [proxy:error] [pid 4888:tid 1508] [client 201.245.192.253:51827] AH00898: Error reading from remote server returned by /forest/documentos/1946544/1ibre/jscalendar/calendar-setup.js, referer: http://190.27.245.106/forest/documentos/1946544/2014ER176161.html
[Fri Oct 24 11:15:56.385002 2014] [proxy_http:error] [pid 4888:tid 1276] (20014)Internal error: [client 201.245.192.253:55989] AH01102: error reading status line from remote server 172.22.1.47:80, referer: http://190.27.245.106/forest/reportes.do?menu=1&group_system_actual=5
[Fri Oct 24 11:42:05.920359 2014] [proxy_http:error] [pid 4888:tid 1228] (20014)Internal error: [client 201.245.192.253:54340] AH01102: error reading status line from remote server 172.22.1.47:80, referer: http://190.27.245.106/forest/index2.jsp?a=0.013803822924678966
[Fri Oct 24 11:42:40.084419 2014] [core:error] [pid 4888:tid 1636] (22)Invalid argument: [client 180.76.5.19:31908] AH00127: Cannot map GET /Autoliquidacion/Fauna%20Silvestre/APLICATIVO%20DE%20LIQUIDACI%D3N%20COSTOS%20(FAUNA%20SILVESTRE%202014%20DEFINITIVO).xls HTTP/1.1 to file
[Fri Oct 24 11:43:47.570138 2014] [proxy_http:error] [pid 4888:tid 1356] (20014)Internal error: [client 201.245.192.253:55819] AH01102: error reading status line from remote server 172.22.1.47:80, referer: http://190.27.245.106/forest/usutareas.do?_a=0.124041668066874&group_system_actual=3
[Fri Oct 24 11:46:22.743610 2014] [proxy_http:error] [pid 4888:tid 1292] (20014)Internal error: [client 201.245.192.253:58673] AH01102: error reading status line from remote server 172.22.1.47:80, referer: http://190.27.245.106/forest/index2.jsp?_a=0.6970126319210976
[Fri Oct 24 11:46:25.380015 2014] [proxy_http:error] [pid 4888:tid 1292] (20014)Internal error: [client 201.245.192.253:58682] AH01102: error reading status line from remote server 172.22.1.47:80, referer: http://190.27.245.106/forest/index2.jsp?_a=0.6970126319210976
[Fri Oct 24 11:46:26.706017 2014] [proxy_http:error] [pid 4888:tid 1772] (20014)Internal error: [client 201.245.192.253:58686] AH01102: error reading status line from remote server 172.22.1.47:80, referer: http://190.27.245.106/forest/usugrafico.do?_a=0.8368213482142256&group_system_actual=3
[Fri Oct 24 11:48:12.723803 2014] [proxy_http:error] [pid 4888:tid 1172] (20014)Internal error: [client 201.245.192.253:47884] AH01102: error reading status line from remote server 172.22.1.47:80, referer: http://190.27.245.106/forest/index2.jsp?group_system_actual=5&a=0.7128620112780482
[Fri Oct 24 11:48:13.269804 2014] [proxy_http:error] [pid 4888:tid 1172] (20014)Internal error: [client 201.245.192.253:48014] AH01102: error reading status line from remote server 172.22.1.47:80, referer: http://190.27.245.106/forest/index2.jsp?group_system_actual=5&a=0.7128620112780482
[Fri Oct 24 11:48:13.269804 2014] [proxy:error] [pid 4888:tid 1172] [client 201.245.192.253:48014] AH00898: Error reading from remote server returned by /forest/actions/forms.getList, referer: http://190.27.245.106/forest/index2.jsp?group_system_actual=5&a=0.7128620112780482
[Fri Oct 24 11:48:13.269804 2014] [negotiation:error] [pid 4888:tid 1172] [client 201.245.192.253:48014] AH00690: no acceptable variant: E:/nuevo/apache/error/HTTP_BAD_GATEWAY.html.var, referer: http://190.27.245.106/forest/index2.jsp?group_system_actual=5&a=0.7128620112780482
[Fri Oct 24 11:59:09.640957 2014] [:error] [pid 4888:tid 1308] [client 190.146.92.199:39246] script 'E:/nuevo/htdocs/BLA/boletinlegal/norma_men\xc3\xba.php' not found or unable to stat
[Fri Oct 24 12:00:19.045479 2014] [proxy_http:error] [pid 4888:tid 1260] (20014)Internal error: [client 201.245.192.253:59625] AH01102: error reading status line from remote server 172.22.1.47:80, referer: http://190.27.245.106/forest/frameset?
[Fri Oct 24 12:09:21.193231 2014] [proxy_http:error] [pid 4888:tid 1452] (20014)Internal error: [client 186.154.82.26:50444] AH01102: error reading status line from remote server 172.22.1.47:80, referer: http://190.27.245.106/forest/misactividades.do?group_system_actual=3&codPro=95&todas=1
[Fri Oct 24 12:11:29.972458 2014] [proxy_http:error] [pid 4888:tid 1820] (OS 10054)An existing connection was forcibly closed by the remote host.  : [client 190.26.119.3:26261] AH01102: error reading status line from remote server 172.22.1.31:80, referer: http://190.27.245.106/isolucionsda/framesetgeneral.asp?pagina=bancoconocimiento/G/GESTIONAMBIENTALYDESARROLLORURAL_v4/GESTIONAMBIENTALYDESARROLLORURAL_v4.asp?IdArticulo=2286
[Fri Oct 24 12:11:29.972458 2014] [proxy:error] [pid 4888:tid 1820] [client 190.26.119.3:26261] AH00898: Error reading from remote server returned by /isolucionsda/bancoconocimiento/G/GESTIONAMBIENTALYDESARROLLORURAL_v4/GESTIONAMBIENTALYDESARROLLORURAL_v4.asp, referer: http://190.27.245.106/isolucionsda/framesetgeneral.asp?pagina=bancoconocimiento/G/GESTIONAMBIENTALYDESARROLLORURAL_v4/GESTIONAMBIENTALYDESARROLLORURAL_v4.asp?IdArticulo=2286
[Fri Oct 24 12:17:53.188131 2014] [proxy_http:error] [pid 4888:tid 1532] (OS 10054)An existing connection was forcibly closed by the remote host.  : [client 201.245.192.253:51353] AH01102: error reading status line from remote server 172.22.1.31:80, referer: http://190.27.245.106/isolucionsda/FrameSetGeneral.asp?Pagina=ListadoMaestroDocumentos3.asp
[Fri Oct 24 12:17:53.188131 2014] [proxy:error] [pid 4888:tid 1532] [client 201.245.192.253:51353] AH00898: Error reading from remote server returned by /isolucionsda/BarraFavoritos.asp, referer: http://190.27.245.106/isolucionsda/FrameSetGeneral.asp?Pagina=ListadoMaestroDocumentos3.asp
[Fri Oct 24 13:42:36.303059 2014] [proxy_http:error] [pid 4888:tid 1628] (OS 10054)An existing connection was forcibly closed by the remote host.  : [client 201.245.192.253:57951] AH01102: error reading status line from remote server 172.22.1.31:80, referer: http://190.27.245.106/isolucionsda/FrameSetGeneral.asp?Pagina1=FrameSetGeneral.asp&
[Fri Oct 24 13:42:36.303059 2014] [proxy:error] [pid 4888:tid 1628] [client 201.245.192.253:57951] AH00898: Error reading from remote server returned by /isolucionsda/BarraTitulos.asp, referer: http://190.27.245.106/isolucionsda/FrameSetGeneral.asp?Pagina1=FrameSetGeneral.asp&
[Fri Oct 24 13:42:40.218666 2014] [proxy_http:error] [pid 4888:tid 1804] (OS 10054)An existing connection was forcibly closed by the remote host.  : [client 201.245.192.253:57999] AH01102: error reading status line from remote server 172.22.1.31:80, referer: http://190.27.245.106/isolucionsda/FrameSetGeneral.asp?Pagina=SucursalSeleccion.asp&CargaPagina=ModuloProcesos&IdModulo=3
[Fri Oct 24 13:42:40.218666 2014] [proxy:error] [pid 4888:tid 1804] [client 201.245.192.253:57999] AH00898: Error reading from remote server returned by /isolucionsda/SucursalSeleccion.asp, referer: http://190.27.245.106/isolucionsda/FrameSetGeneral.asp?Pagina=SucursalSeleccion.asp&CargaPagina=ModuloProcesos&IdModulo=3
[Fri Oct 24 14:22:13.016033 2014] [proxy_http:error] [pid 4888:tid 1260] (20014)Internal error: [client 186.181.199.51:59466] AH01102: error reading status line from remote server 172.22.1.47:80, referer: http://190.27.245.106/forest/usutareas.do?group_system_actual=3&codTraEsc=16762701&_a=0.7974104922254973
[Fri Oct 24 14:22:54.418506 2014] [proxy_http:error] [pid 4888:tid 1716] (OS 10054)An existing connection was forcibly closed by the remote host.  : [client 201.245.192.253:51476] AH01102: error reading status line from remote server 172.22.1.31:80, referer: http://190.27.245.106/isolucionsda/FrameSetGeneral.asp?Pagina=Menu.asp&IdModulo=4
[Fri Oct 24 14:22:54.418506 2014] [proxy:error] [pid 4888:tid 1716] [client 201.245.192.253:51476] AH00898: Error reading from remote server returned by /isolucionsda/BarraTitulos.asp, referer: http://190.27.245.106/isolucionsda/FrameSetGeneral.asp?Pagina=Menu.asp&IdModulo=4
[Fri Oct 24 14:22:54.418506 2014] [proxy_http:error] [pid 4888:tid 1724] (OS 10054)An existing connection was forcibly closed by the remote host.  : [client 201.245.192.253:51478] AH01102: error reading status line from remote server 172.22.1.31:80, referer: http://190.27.245.106/isolucionsda/FrameSetGeneral.asp?Pagina=Menu.asp&IdModulo=4
[Fri Oct 24 14:22:54.418506 2014] [proxy:error] [pid 4888:tid 1724] [client 201.245.192.253:51478] AH00898: Error reading from remote server returned by /isolucionsda/BarraFavoritos.asp, referer: http://190.27.245.106/isolucionsda/FrameSetGeneral.asp?Pagina=Menu.asp&IdModulo=4
[Fri Oct 24 15:05:09.331359 2014] [proxy_http:error] [pid 4888:tid 1364] (20014)Internal error: [client 186.154.82.26:52832] AH01102: error reading status line from remote server 172.22.1.47:80, referer: http://190.27.245.106/forest/usutareas.do?_a=0.10578639595769346&group_system_actual=3
[Fri Oct 24 15:05:09.331359 2014] [proxy:error] [pid 4888:tid 1364] [client 186.154.82.26:52832] AH00898: Error reading from remote server returned by /forest/actions/forms.sendFile, referer: http://190.27.245.106/forest/usutareas.do?_a=0.10578639595769346&group_system_actual=3
[Fri Oct 24 15:11:39.644044 2014] [proxy_http:error] [pid 4888:tid 1340] (20014)Internal error: [client 201.245.192.253:58054] AH01102: error reading status line from remote server 172.22.1.47:80, referer: http://190.27.245.106/forest/
[Fri Oct 24 15:11:39.659644 2014] [proxy_http:error] [pid 4888:tid 1204] (20014)Internal error: [client 201.245.192.253:58061] AH01102: error reading status line from remote server 172.22.1.47:80, referer: http://190.27.245.106/forest/
[Fri Oct 24 15:11:39.659644 2014] [proxy:error] [pid 4888:tid 1204] [client 201.245.192.253:58061] AH00898: Error reading from remote server returned by /forest/jsoptimized/gz/js/gdocsall-1410.211635.js, referer: http://190.27.245.106/forest/
[Fri Oct 24 15:14:43.583967 2014] [proxy_http:error] [pid 4888:tid 1804] (20014)Internal error: [client 201.245.192.253:48536] AH01102: error reading status line from remote server 172.22.1.47:80, referer: http://190.27.245.106/forest/buscar.do?type=procesos
[Fri Oct 24 15:14:43.583967 2014] [proxy:error] [pid 4888:tid 1804] [client 201.245.192.253:48536] AH00898: Error reading from remote server returned by /forest/1ibre/jscalendar/calendar-setup.js, referer: http://190.27.245.106/forest/buscar.do?type=procesos
[Fri Oct 24 15:21:00.465029 2014] [proxy_http:error] [pid 4888:tid 1356] (20014)Internal error: [client 201.245.192.253:54014] AH01102: error reading status line from remote server 172.22.1.47:80, referer: http://190.27.245.106/forest/usutareas.do?_a=0.32578167018941007&group_system_actual=3
[Fri Oct 24 15:23:42.471314 2014] [proxy_http:error] [pid 4888:tid 1316] (20014)Internal error: [client 186.154.82.26:53578] AH01102: error reading status line from remote server 172.22.1.47:80, referer: http://190.27.245.106/forest/misactividades.do?_a=0.60633953101933&group_system_actual=3
[Fri Oct 24 15:23:42.627314 2014] [proxy_http:error] [pid 4888:tid 1316] (20014)Internal error: [client 186.154.82.26:53579] AH01102: error reading status line from remote server 172.22.1.47:80, referer: http://190.27.245.106/forest/misactividades.do?_a=0.60633953101933&group_system_actual=3
[Fri Oct 24 15:33:38.002360 2014] [core:error] [pid 4888:tid 1180] (22)Invalid argument: [client 180.76.6.66:53477] AH00127: Cannot map GET /Autoliquidacion/Fauna%20Silvestre/LISTA%20DE%20CHEQUEO%20Y%20FORMATO%20DE%20SOLICITUD%20DE%20VERIFICACI%D3N%20DE%20EXPORTACIONES%20E%20IMPORTACIONES.xls HTTP/1.1 to file
[Fri Oct 24 15:45:54.916454 2014] [mpm_winnt:warn] [pid 4888:tid 3172] (OS 64)The specified network name is no longer available.  : AH00341: winnt_accept: Asynchronous AcceptEx failed.
[Fri Oct 24 16:06:23.529812 2014] [proxy_http:error] [pid 4888:tid 1244] (20014)Internal error: [client 201.245.192.253:53461] AH01102: error reading status line from remote server 172.22.1.47:80, referer: http://190.27.245.106/forest/usutareas.do?_a=0.604282867629081&group_system_actual=3
[Fri Oct 24 16:07:32.481933 2014] [proxy_http:error] [pid 4888:tid 1820] (20014)Internal error: [client 201.245.192.253:54701] AH01102: error reading status line from remote server 172.22.1.47:80, referer: http://190.27.245.106/forest/index2.jsp?a=0.10162553705663324
[Fri Oct 24 16:07:32.481933 2014] [proxy:error] [pid 4888:tid 1820] [client 201.245.192.253:54701] AH00898: Error reading from remote server returned by /forest/skins/gdocs-jar/js/xml_utilities.js, referer: http://190.27.245.106/forest/index2.jsp?a=0.10162553705663324
[Fri Oct 24 16:07:32.497533 2014] [proxy_http:error] [pid 4888:tid 1692] (20014)Internal error: [client 201.245.192.253:54700] AH01102: error reading status line from remote server 172.22.1.47:80, referer: http://190.27.245.106/forest/index2.jsp?a=0.10162553705663324
[Fri Oct 24 16:20:31.094901 2014] [mpm_winnt:warn] [pid 4888:tid 3172] (OS 64)The specified network name is no longer available.  : AH00341: winnt_accept: Asynchronous AcceptEx failed.
[Fri Oct 24 20:11:37.202856 2014] [mpm_winnt:warn] [pid 4888:tid 3172] (OS 64)The specified network name is no longer available.  : AH00341: winnt_accept: Asynchronous AcceptEx failed.
[Fri Oct 24 20:33:50.258397 2014] [core:error] [pid 4888:tid 1228] (22)Invalid argument: [client 180.76.6.134:19813] AH00127: Cannot map GET /Autoliquidacion/TR%C1MITES%20AGUAS%20SUPERFICIALES/Lista%20de%20chequeo%20concesion%20de%20aguas%20superficiales.XLS HTTP/1.1 to file
[Fri Oct 24 22:25:09.242528 2014] [:error] [pid 4888:tid 1164] [client 157.55.39.38:17352] script 'E:/nuevo/htdocs/up_options.php' not found or unable to stat
[Fri Oct 24 22:26:13.436641 2014] [proxy_http:error] [pid 4888:tid 1260] (OS 10054)An existing connection was forcibly closed by the remote host.  : [client 186.28.38.166:49598] AH01102: error reading status line from remote server 172.22.1.31:80, referer: http://190.27.245.106/isolucionsda/FrameSetGeneral.asp?Pagina1=FrameSetGeneral.asp&
[Fri Oct 24 22:26:13.436641 2014] [proxy:error] [pid 4888:tid 1260] [client 186.28.38.166:49598] AH00898: Error reading from remote server returned by /isolucionsda/MagazinHome.asp, referer: http://190.27.245.106/isolucionsda/FrameSetGeneral.asp?Pagina1=FrameSetGeneral.asp&

:: Command execute ::

Enter:
 
Select:
 

:: Search ::
regexp 

:: Upload ::
 
[ ok ]

:: Make Dir ::
 
[ ok ]
:: Make File ::
 
[ ok ]

:: Go Dir ::
 
:: Go File ::
 

--[ c99shell v. 1.0 pre-release build #13 powered by Captain Crunch Security Team | http://ccteam.ru | Generation time: 0.0312 ]--