!C99Shell v. 1.0 pre-release build #13!

Software: Apache. PHP/5.5.15 

uname -a: Windows NT SVR-DMZ 6.1 build 7600 (Windows Server 2008 R2 Enterprise Edition) i586 

SYSTEM 

Safe-mode: OFF (not secure)

E:\nuevo\apache\logs\   drwxrwxrwx
Free 7.34 GB of 239.26 GB (3.07%)
Detected drives: [ a ] [ c ] [ d ] [ e ] [ f ]
Home    Back    Forward    UPDIR    Refresh    Search    Buffer    Encoder    Tools    Proc.    FTP brute    Sec.    SQL    PHP-code    Update    Feedback    Self remove    Logout    


Viewing file:     error.2014.11.13.log (35.24 KB)      -rw-rw-rw-
Select action/file-type:
(+) | (+) | (+) | Code (+) | Session (+) | (+) | SDB (+) | (+) | (+) | (+) | (+) | (+) |
[Thu Nov 13 00:25:50.250064 2014] [mpm_winnt:warn] [pid 4888:tid 3172] (OS 64)The specified network name is no longer available.  : AH00341: winnt_accept: Asynchronous AcceptEx failed.
[Thu Nov 13 00:59:03.933565 2014] [mpm_winnt:warn] [pid 4888:tid 3172] (OS 64)The specified network name is no longer available.  : AH00341: winnt_accept: Asynchronous AcceptEx failed.
[Thu Nov 13 01:56:22.899206 2014] [mpm_winnt:warn] [pid 4888:tid 3172] (OS 64)The specified network name is no longer available.  : AH00341: winnt_accept: Asynchronous AcceptEx failed.
[Thu Nov 13 02:56:11.282909 2014] [mpm_winnt:warn] [pid 4888:tid 3172] (OS 64)The specified network name is no longer available.  : AH00341: winnt_accept: Asynchronous AcceptEx failed.
[Thu Nov 13 03:04:14.120357 2014] [mpm_winnt:warn] [pid 4888:tid 3172] (OS 64)The specified network name is no longer available.  : AH00341: winnt_accept: Asynchronous AcceptEx failed.
[Thu Nov 13 03:06:49.028629 2014] [mpm_winnt:warn] [pid 4888:tid 3172] (OS 64)The specified network name is no longer available.  : AH00341: winnt_accept: Asynchronous AcceptEx failed.
[Thu Nov 13 05:54:09.649065 2014] [mpm_winnt:warn] [pid 4888:tid 3172] (OS 64)The specified network name is no longer available.  : AH00341: winnt_accept: Asynchronous AcceptEx failed.
[Thu Nov 13 07:10:24.249899 2014] [proxy_http:error] [pid 4888:tid 1748] (OS 10054)An existing connection was forcibly closed by the remote host.  : [client 190.27.154.190:10756] AH01102: error reading status line from remote server 172.22.1.31:80, referer: http://www.ambientebogota.gov.co/web/intranet/aplicaciones-para-acceder-fuera-de-la-sda
[Thu Nov 13 07:10:24.249899 2014] [proxy:error] [pid 4888:tid 1748] [client 190.27.154.190:10756] AH00898: Error reading from remote server returned by /isolucionsda/, referer: http://www.ambientebogota.gov.co/web/intranet/aplicaciones-para-acceder-fuera-de-la-sda
[Thu Nov 13 07:58:43.438992 2014] [mpm_winnt:warn] [pid 4888:tid 3172] (OS 64)The specified network name is no longer available.  : AH00341: winnt_accept: Asynchronous AcceptEx failed.
[Thu Nov 13 08:44:15.567391 2014] [proxy_http:error] [pid 4888:tid 1620] (OS 10054)An existing connection was forcibly closed by the remote host.  : [client 201.245.192.253:57918] AH01102: error reading status line from remote server 172.22.1.31:80
[Thu Nov 13 08:44:15.567391 2014] [proxy:error] [pid 4888:tid 1620] [client 201.245.192.253:57918] AH00898: Error reading from remote server returned by /isolucionsda/g/Bot_Cerrar.jpg
[Thu Nov 13 08:44:15.582991 2014] [proxy_http:error] [pid 4888:tid 1028] (OS 10054)An existing connection was forcibly closed by the remote host.  : [client 201.245.192.253:57919] AH01102: error reading status line from remote server 172.22.1.31:80
[Thu Nov 13 08:44:15.582991 2014] [proxy:error] [pid 4888:tid 1028] [client 201.245.192.253:57919] AH00898: Error reading from remote server returned by /isolucionsda/g/Bot_Manual_ESP.jpg
[Thu Nov 13 08:55:23.279763 2014] [proxy_http:error] [pid 4888:tid 1172] (OS 10054)An existing connection was forcibly closed by the remote host.  : [client 201.245.192.253:57018] AH01102: error reading status line from remote server 172.22.1.31:80, referer: http://190.27.245.106/isolucionsda/ListadoMaestroDocumentos3.asp?Accion=Consultar&Mande=Buscar&paginaactual=3
[Thu Nov 13 08:55:23.279763 2014] [proxy:error] [pid 4888:tid 1172] [client 201.245.192.253:57018] AH00898: Error reading from remote server returned by /isolucionsda/FramesetArticulo.asp, referer: http://190.27.245.106/isolucionsda/ListadoMaestroDocumentos3.asp?Accion=Consultar&Mande=Buscar&paginaactual=3
[Thu Nov 13 09:16:03.559942 2014] [proxy_http:error] [pid 4888:tid 1492] (OS 10054)An existing connection was forcibly closed by the remote host.  : [client 201.244.55.205:18554] AH01102: error reading status line from remote server 172.22.1.31:80, referer: http://190.27.245.106/isolucionsda/Session.asp?Continue=1
[Thu Nov 13 09:16:03.559942 2014] [proxy:error] [pid 4888:tid 1492] [client 201.244.55.205:18554] AH00898: Error reading from remote server returned by /isolucionsda/Session.asp, referer: http://190.27.245.106/isolucionsda/Session.asp?Continue=1
[Thu Nov 13 10:24:27.915551 2014] [proxy_http:error] [pid 4888:tid 1716] (OS 10054)An existing connection was forcibly closed by the remote host.  : [client 201.244.55.205:19941] AH01102: error reading status line from remote server 172.22.1.31:80
[Thu Nov 13 10:24:27.915551 2014] [proxy:error] [pid 4888:tid 1716] [client 201.244.55.205:19941] AH00898: Error reading from remote server returned by /isolucionsda/Session.asp
[Thu Nov 13 10:36:15.298793 2014] [proxy_http:error] [pid 4888:tid 1572] (OS 10054)An existing connection was forcibly closed by the remote host.  : [client 190.25.137.2:14281] AH01102: error reading status line from remote server 172.22.1.31:80, referer: http://190.27.245.106/isolucionsda/Encabezado.asp?Pagina1=FrameSetGeneral.asp&&Pagina=MagazinHome.asp
[Thu Nov 13 10:45:18.429347 2014] [proxy_http:error] [pid 4888:tid 1596] (20014)Internal error: [client 201.245.192.253:49681] AH01102: error reading status line from remote server 172.22.1.47:80, referer: http://190.27.245.106/forest/index2.jsp?_a=0.9173690164461732
[Thu Nov 13 10:45:18.429347 2014] [proxy:error] [pid 4888:tid 1596] [client 201.245.192.253:49681] AH00898: Error reading from remote server returned by /forest/actions/forms.getList, referer: http://190.27.245.106/forest/index2.jsp?_a=0.9173690164461732
[Thu Nov 13 10:45:18.429347 2014] [negotiation:error] [pid 4888:tid 1596] [client 201.245.192.253:49681] AH00690: no acceptable variant: E:/nuevo/apache/error/HTTP_BAD_GATEWAY.html.var, referer: http://190.27.245.106/forest/index2.jsp?_a=0.9173690164461732
[Thu Nov 13 10:47:24.165568 2014] [proxy_http:error] [pid 4888:tid 1540] (20014)Internal error: [client 201.245.192.253:51861] AH01102: error reading status line from remote server 172.22.1.47:80, referer: http://190.27.245.106/forest/reportes.do?menu=1&group_system_actual=5
[Thu Nov 13 10:53:42.981034 2014] [proxy_http:error] [pid 4888:tid 1540] (20014)Internal error: [client 201.245.192.253:58524] AH01102: error reading status line from remote server 172.22.1.47:80, referer: http://190.27.245.106/forest/index2.jsp?newInterface=1&tab=1
[Thu Nov 13 10:58:24.764328 2014] [proxy_http:error] [pid 4888:tid 1324] (20014)Internal error: [client 201.245.192.253:50674] AH01102: error reading status line from remote server 172.22.1.47:80, referer: http://190.27.245.106/forest/usutareas.do?group_system_actual=3&a=0.6829954839777201
[Thu Nov 13 11:01:10.982620 2014] [proxy_http:error] [pid 4888:tid 1588] (OS 10054)An existing connection was forcibly closed by the remote host.  : [client 190.26.119.3:17819] AH01102: error reading status line from remote server 172.22.1.31:80, referer: http://190.27.245.106/isolucionsda/FrameSetGeneral.asp?Pagina=Magazin.asp&Sigla=MAC&IdModulo=2
[Thu Nov 13 11:01:13.853025 2014] [proxy_http:error] [pid 4888:tid 1548] (OS 10054)An existing connection was forcibly closed by the remote host.  : [client 190.26.119.3:17823] AH01102: error reading status line from remote server 172.22.1.31:80, referer: http://190.27.245.106/isolucionsda/bancoconocimiento/M/MANUALDELSISTEMAINTEGRADODEGESTION_v9/MANUALDELSISTEMAINTEGRADODEGESTION_v9.asp?IdArticulo=7375
[Thu Nov 13 11:01:13.853025 2014] [proxy:error] [pid 4888:tid 1548] [client 190.26.119.3:17823] AH00898: Error reading from remote server returned by /isolucionsda/bancoconocimiento/M/MANUALDELSISTEMAINTEGRADODEGESTION_v9/80.jpg, referer: http://190.27.245.106/isolucionsda/bancoconocimiento/M/MANUALDELSISTEMAINTEGRADODEGESTION_v9/MANUALDELSISTEMAINTEGRADODEGESTION_v9.asp?IdArticulo=7375
[Thu Nov 13 11:07:18.566066 2014] [proxy_http:error] [pid 4888:tid 1628] (OS 10054)An existing connection was forcibly closed by the remote host.  : [client 201.245.192.253:59043] AH01102: error reading status line from remote server 172.22.1.31:80
[Thu Nov 13 11:07:18.566066 2014] [proxy:error] [pid 4888:tid 1628] [client 201.245.192.253:59043] AH00898: Error reading from remote server returned by /isolucionsda/g/Bot_ClientesOff_ESP.jpg
[Thu Nov 13 11:15:55.818175 2014] [proxy_http:error] [pid 4888:tid 1372] (20014)Internal error: [client 201.245.192.253:55537] AH01102: error reading status line from remote server 172.22.1.47:80, referer: http://190.27.245.106/forest/index2.jsp?_a=0.5411367325577885
[Thu Nov 13 11:16:34.646643 2014] [proxy_http:error] [pid 4888:tid 1420] (20014)Internal error: [client 201.245.192.253:56202] AH01102: error reading status line from remote server 172.22.1.47:80, referer: http://190.27.245.106/forest/index2.jsp?_a=0.13566425163298845
[Thu Nov 13 11:23:25.145764 2014] [proxy_http:error] [pid 4888:tid 1596] (20014)Internal error: [client 190.158.7.219:50096] AH01102: error reading status line from remote server 172.22.1.47:80, referer: http://190.27.245.106/forest/usutareas.do?group_system_actual=3&a=0.3782753157429397
[Thu Nov 13 11:37:26.049641 2014] [proxy_http:error] [pid 4888:tid 1028] (20014)Internal error: [client 201.245.192.253:51741] AH01102: error reading status line from remote server 172.22.1.47:80, referer: http://190.27.245.106/forest/index2.jsp?_a=0.47962128976359963
[Thu Nov 13 11:42:18.690555 2014] [proxy_http:error] [pid 4888:tid 1740] (20014)Internal error: [client 201.245.192.253:56648] AH01102: error reading status line from remote server 172.22.1.47:80, referer: http://190.27.245.106/forest/buscar.do
[Thu Nov 13 11:42:21.467360 2014] [proxy_http:error] [pid 4888:tid 1032] (20014)Internal error: [client 201.245.192.253:56694] AH01102: error reading status line from remote server 172.22.1.47:80, referer: http://190.27.245.106/forest/index2.jsp?a=0.5072471511975152
[Thu Nov 13 11:52:27.263224 2014] [proxy_http:error] [pid 4888:tid 1852] (OS 10054)An existing connection was forcibly closed by the remote host.  : [client 201.245.192.253:53806] AH01102: error reading status line from remote server 172.22.1.31:80, referer: http://190.27.245.106/isolucionsda/FrameSetGeneral.asp?Pagina1=FrameSetGeneral.asp&
[Thu Nov 13 11:52:27.263224 2014] [proxy:error] [pid 4888:tid 1852] [client 201.245.192.253:53806] AH00898: Error reading from remote server returned by /isolucionsda/BarraFavoritos.asp, referer: http://190.27.245.106/isolucionsda/FrameSetGeneral.asp?Pagina1=FrameSetGeneral.asp&
[Thu Nov 13 12:03:10.623954 2014] [proxy_http:error] [pid 4888:tid 1188] (20014)Internal error: [client 201.245.192.253:52659] AH01102: error reading status line from remote server 172.22.1.47:80, referer: http://190.27.245.106/forest/misactividades.do?_a=0.737381448969245&group_system_actual=3
[Thu Nov 13 12:12:21.930922 2014] [proxy_http:error] [pid 4888:tid 1212] (20014)Internal error: [client 201.245.192.253:49416] AH01102: error reading status line from remote server 172.22.1.47:80, referer: http://190.27.245.106/forest/usutareas.do?group_system_actual=3&a=0.02175589231774211
[Thu Nov 13 12:22:45.900818 2014] [proxy_http:error] [pid 4888:tid 1740] (OS 10054)An existing connection was forcibly closed by the remote host.  : [client 201.244.55.205:23497] AH01102: error reading status line from remote server 172.22.1.31:80
[Thu Nov 13 12:22:45.900818 2014] [proxy:error] [pid 4888:tid 1740] [client 201.244.55.205:23497] AH00898: Error reading from remote server returned by /isolucionsda/Session.asp
[Thu Nov 13 12:41:04.298747 2014] [proxy_http:error] [pid 4888:tid 1324] (OS 10054)An existing connection was forcibly closed by the remote host.  : [client 201.245.192.253:58227] AH01102: error reading status line from remote server 172.22.1.31:80, referer: http://190.27.245.106/isolucionsda/DetalleTareas.aspx?Number=54655069675651654570
[Thu Nov 13 12:41:07.325153 2014] [proxy_http:error] [pid 4888:tid 1276] (OS 10054)An existing connection was forcibly closed by the remote host.  : [client 201.245.192.253:58229] AH01102: error reading status line from remote server 172.22.1.31:80, referer: http://190.27.245.106/isolucionsda/FrameSetGeneral.asp?Pagina=ListadoMaestroDocumentos3.asp
[Thu Nov 13 13:00:38.746810 2014] [proxy_http:error] [pid 4888:tid 1372] (OS 10054)An existing connection was forcibly closed by the remote host.  : [client 201.245.192.253:58979] AH01102: error reading status line from remote server 172.22.1.31:80, referer: http://190.27.245.106/isolucionsda/Encabezado.asp?Pagina1=FrameSetGeneral.asp&&Pagina=MagazinHome.asp
[Thu Nov 13 13:00:38.746810 2014] [proxy:error] [pid 4888:tid 1372] [client 201.245.192.253:58979] AH00898: Error reading from remote server returned by /isolucionsda/Session.asp, referer: http://190.27.245.106/isolucionsda/Encabezado.asp?Pagina1=FrameSetGeneral.asp&&Pagina=MagazinHome.asp
[Thu Nov 13 13:12:31.826063 2014] [mpm_winnt:warn] [pid 4888:tid 3172] (OS 64)The specified network name is no longer available.  : AH00341: winnt_accept: Asynchronous AcceptEx failed.
[Thu Nov 13 13:42:00.401169 2014] [proxy_http:error] [pid 4888:tid 1596] (OS 10054)An existing connection was forcibly closed by the remote host.  : [client 190.26.72.204:12968] AH01102: error reading status line from remote server 172.22.1.31:80, referer: http://190.27.245.106/isolucionsda/Encabezado.asp?Pagina1=FrameSetGeneral.asp&&Pagina=MagazinHome.asp
[Thu Nov 13 13:42:00.401169 2014] [proxy:error] [pid 4888:tid 1596] [client 190.26.72.204:12968] AH00898: Error reading from remote server returned by /isolucionsda/g/Bot_Siguiente.jpg, referer: http://190.27.245.106/isolucionsda/Encabezado.asp?Pagina1=FrameSetGeneral.asp&&Pagina=MagazinHome.asp
[Thu Nov 13 13:42:00.463569 2014] [proxy_http:error] [pid 4888:tid 1596] (OS 10054)An existing connection was forcibly closed by the remote host.  : [client 190.26.72.204:12968] AH01102: error reading status line from remote server 172.22.1.31:80, referer: http://190.27.245.106/isolucionsda/BarraTitulos.asp?Pagina1=FrameSetGeneral.asp&&Pagina=MagazinHome.asp
[Thu Nov 13 14:01:37.191236 2014] [proxy_http:error] [pid 4888:tid 1420] (OS 10054)An existing connection was forcibly closed by the remote host.  : [client 201.245.192.253:49985] AH01102: error reading status line from remote server 172.22.1.31:80, referer: http://190.27.245.106/isolucionsda/Encabezado.asp?Pagina1=FrameSetGeneral.asp&&Pagina=MagazinHome.asp
[Thu Nov 13 14:01:37.191236 2014] [proxy:error] [pid 4888:tid 1420] [client 201.245.192.253:49985] AH00898: Error reading from remote server returned by /isolucionsda/Session.asp, referer: http://190.27.245.106/isolucionsda/Encabezado.asp?Pagina1=FrameSetGeneral.asp&&Pagina=MagazinHome.asp
[Thu Nov 13 14:31:33.627991 2014] [mpm_winnt:warn] [pid 4888:tid 3172] (OS 64)The specified network name is no longer available.  : AH00341: winnt_accept: Asynchronous AcceptEx failed.
[Thu Nov 13 14:38:14.330295 2014] [mpm_winnt:warn] [pid 4888:tid 3172] (OS 64)The specified network name is no longer available.  : AH00341: winnt_accept: Asynchronous AcceptEx failed.
[Thu Nov 13 14:45:28.120257 2014] [core:error] [pid 4888:tid 1324] (22)Invalid argument: [client 180.76.5.78:31567] AH00127: Cannot map GET /POT-2013/Cartografia/32_Altura%20para%20c%E1lculo%20de%20edificabilidad%20predominante%20y%20aisl.pdf HTTP/1.1 to file
[Thu Nov 13 14:54:08.851172 2014] [proxy_http:error] [pid 4888:tid 1588] (OS 10054)An existing connection was forcibly closed by the remote host.  : [client 201.245.192.253:51853] AH01102: error reading status line from remote server 172.22.1.31:80
[Thu Nov 13 14:54:08.851172 2014] [proxy:error] [pid 4888:tid 1588] [client 201.245.192.253:51853] AH00898: Error reading from remote server returned by /isolucionsda/g/Bot_Procesos_ESP.jpg
[Thu Nov 13 14:54:08.851172 2014] [proxy_http:error] [pid 4888:tid 1076] (OS 10054)An existing connection was forcibly closed by the remote host.  : [client 201.245.192.253:51857] AH01102: error reading status line from remote server 172.22.1.31:80
[Thu Nov 13 14:54:08.851172 2014] [proxy:error] [pid 4888:tid 1076] [client 201.245.192.253:51857] AH00898: Error reading from remote server returned by /isolucionsda/g/Bot_TareasOff_ESP.jpg
[Thu Nov 13 15:13:03.144764 2014] [proxy_http:error] [pid 4888:tid 1628] (20014)Internal error: [client 201.245.192.253:59200] AH01102: error reading status line from remote server 172.22.1.47:80, referer: http://190.27.245.106/forest/usutareas.do?group_system_actual=3&a=0.3742560832761228
[Thu Nov 13 15:15:48.676655 2014] [proxy_http:error] [pid 4888:tid 1348] (20014)Internal error: [client 201.245.192.253:48956] AH01102: error reading status line from remote server 172.22.1.47:80, referer: http://190.27.245.106/forest/index2.jsp?_a=0.11504086782224476
[Thu Nov 13 15:15:50.189857 2014] [proxy_http:error] [pid 4888:tid 1492] (20014)Internal error: [client 201.245.192.253:48966] AH01102: error reading status line from remote server 172.22.1.47:80, referer: http://190.27.245.106/forest/index2.jsp?_a=0.11504086782224476
[Thu Nov 13 15:16:11.608695 2014] [proxy_http:error] [pid 4888:tid 1540] (20014)Internal error: [client 201.245.192.253:49313] AH01102: error reading status line from remote server 172.22.1.47:80, referer: http://190.27.245.106/forest/terceros.do?group_system_actual=6&a=0.0051742744373214355
[Thu Nov 13 15:16:11.998696 2014] [proxy_http:error] [pid 4888:tid 1540] (20014)Internal error: [client 201.245.192.253:49333] AH01102: error reading status line from remote server 172.22.1.47:80, referer: http://190.27.245.106/forest/terceros.do?group_system_actual=6&a=0.0051742744373214355
[Thu Nov 13 15:16:11.998696 2014] [proxy:error] [pid 4888:tid 1540] [client 201.245.192.253:49333] AH00898: Error reading from remote server returned by /forest/json.do, referer: http://190.27.245.106/forest/terceros.do?group_system_actual=6&a=0.0051742744373214355
[Thu Nov 13 15:16:11.998696 2014] [negotiation:error] [pid 4888:tid 1540] [client 201.245.192.253:49333] AH00690: no acceptable variant: E:/nuevo/apache/error/HTTP_BAD_GATEWAY.html.var, referer: http://190.27.245.106/forest/terceros.do?group_system_actual=6&a=0.0051742744373214355
[Thu Nov 13 15:17:36.223244 2014] [proxy_http:error] [pid 4888:tid 1772] (20014)Internal error: [client 201.245.192.253:50525] AH01102: error reading status line from remote server 172.22.1.47:80, referer: http://190.27.245.106/forest/buscar.do?type=documentos
[Thu Nov 13 15:18:41.322158 2014] [proxy_http:error] [pid 4888:tid 1092] (20014)Internal error: [client 201.245.192.253:51836] AH01102: error reading status line from remote server 172.22.1.47:80, referer: http://190.27.245.106/forest/index2.jsp?group_system_actual=5&a=0.6727848129812628
[Thu Nov 13 15:19:07.171403 2014] [mpm_winnt:warn] [pid 4888:tid 3172] (OS 64)The specified network name is no longer available.  : AH00341: winnt_accept: Asynchronous AcceptEx failed.
[Thu Nov 13 15:24:36.441182 2014] [proxy_http:error] [pid 4888:tid 1188] (20014)Internal error: [client 201.245.192.253:57896] AH01102: error reading status line from remote server 172.22.1.47:80, referer: http://190.27.245.106/forest/index2.jsp?_a=0.7856772544328123
[Thu Nov 13 15:26:48.495414 2014] [proxy_http:error] [pid 4888:tid 1268] (20014)Internal error: [client 190.24.229.178:18972] AH01102: error reading status line from remote server 172.22.1.47:80, referer: http://190.27.245.106/forest/usutareas.do?group_system_actual=3&codTraEsc=16892930&_a=0.2605966440946491
[Thu Nov 13 15:26:48.495414 2014] [proxy:error] [pid 4888:tid 1268] [client 190.24.229.178:18972] AH00898: Error reading from remote server returned by /forest/session.jsp, referer: http://190.27.245.106/forest/usutareas.do?group_system_actual=3&codTraEsc=16892930&_a=0.2605966440946491
[Thu Nov 13 15:26:48.495414 2014] [negotiation:error] [pid 4888:tid 1268] [client 190.24.229.178:18972] AH00690: no acceptable variant: E:/nuevo/apache/error/HTTP_BAD_GATEWAY.html.var, referer: http://190.27.245.106/forest/usutareas.do?group_system_actual=3&codTraEsc=16892930&_a=0.2605966440946491
[Thu Nov 13 16:02:27.448371 2014] [proxy_http:error] [pid 4888:tid 1764] (20014)Internal error: [client 190.184.201.174:56771] AH01102: error reading status line from remote server 172.22.1.47:80, referer: http://190.27.245.106/webfile/
[Thu Nov 13 16:02:34.000382 2014] [proxy_http:error] [pid 4888:tid 1396] (20014)Internal error: [client 190.184.201.174:56770] AH01102: error reading status line from remote server 172.22.1.47:80, referer: http://190.27.245.106/webfile/tramiteform.jsp?webfile=true&codForm=ESCOMBROS_ActualizacionProyecto_DatosGen&codproceso=164&tramite=3015
[Thu Nov 13 16:06:51.042034 2014] [mpm_winnt:warn] [pid 4888:tid 3172] (OS 64)The specified network name is no longer available.  : AH00341: winnt_accept: Asynchronous AcceptEx failed.
[Thu Nov 13 16:27:48.310642 2014] [proxy_http:error] [pid 4888:tid 1292] (20014)Internal error: [client 201.245.192.253:53728] AH01102: error reading status line from remote server 172.22.1.47:80, referer: http://190.27.245.106/forest/usutareas.do?_a=0.7395028127357364&group_system_actual=3
[Thu Nov 13 16:31:00.222179 2014] [proxy_http:error] [pid 4888:tid 1628] (20014)Internal error: [client 201.245.192.253:57441] AH01102: error reading status line from remote server 172.22.1.47:80, referer: http://190.27.245.106/forest/usutareas.do?group_system_actual=3&a=0.6419089483894353
[Thu Nov 13 16:31:23.684620 2014] [proxy_http:error] [pid 4888:tid 1028] (20014)Internal error: [client 201.245.192.253:57800] AH01102: error reading status line from remote server 172.22.1.47:80, referer: http://190.27.245.106/forest/index2.jsp?_a=0.12855999660678208
[Thu Nov 13 16:40:28.312777 2014] [proxy_http:error] [pid 4888:tid 1260] (20014)Internal error: [client 201.245.192.253:57490] AH01102: error reading status line from remote server 172.22.1.47:80, referer: http://190.27.245.106/forest/frameset?
[Thu Nov 13 16:40:48.546012 2014] [proxy_http:error] [pid 4888:tid 1212] (20014)Internal error: [client 201.245.192.253:57863] AH01102: error reading status line from remote server 172.22.1.47:80, referer: http://190.27.245.106/forest/terceros.do?group_system_actual=6&a=0.7873197376408922
[Thu Nov 13 16:40:49.170013 2014] [proxy_http:error] [pid 4888:tid 1660] (20014)Internal error: [client 201.245.192.253:58089] AH01102: error reading status line from remote server 172.22.1.47:80, referer: http://190.27.245.106/forest/config/representante?_a=0.0449475176800207&group_system_actual=6
[Thu Nov 13 16:41:11.509253 2014] [proxy_http:error] [pid 4888:tid 1060] (20014)Internal error: [client 201.245.192.253:58631] AH01102: error reading status line from remote server 172.22.1.47:80, referer: http://190.27.245.106/forest/config/representante?_a=0.0449475176800207&group_system_actual=6
[Thu Nov 13 16:41:36.874897 2014] [proxy_http:error] [pid 4888:tid 1764] (20014)Internal error: [client 201.245.192.253:59450] AH01102: error reading status line from remote server 172.22.1.47:80
[Thu Nov 13 16:41:36.874897 2014] [proxy:error] [pid 4888:tid 1764] [client 201.245.192.253:59450] AH00898: Error reading from remote server returned by /forest/skins/gdocs-jar/js/xml_utilities.js
[Thu Nov 13 16:47:28.922716 2014] [mpm_winnt:warn] [pid 4888:tid 3172] (OS 64)The specified network name is no longer available.  : AH00341: winnt_accept: Asynchronous AcceptEx failed.
[Thu Nov 13 17:22:33.740813 2014] [:error] [pid 4888:tid 824] [client 193.201.224.103:53065] script 'E:/nuevo/htdocs/wp-login.php' not found or unable to stat
[Thu Nov 13 17:22:34.988815 2014] [:error] [pid 4888:tid 824] [client 193.201.224.103:60754] script 'E:/nuevo/htdocs/admin.php' not found or unable to stat
[Thu Nov 13 17:41:15.400383 2014] [mpm_winnt:warn] [pid 4888:tid 3172] (OS 64)The specified network name is no longer available.  : AH00341: winnt_accept: Asynchronous AcceptEx failed.
[Thu Nov 13 18:26:15.609126 2014] [proxy_http:error] [pid 4888:tid 828] (OS 10053)An established connection was aborted by the software in your host machine.  : [client 201.245.192.253:50829] AH01102: error reading status line from remote server 172.22.1.47:80, referer: http://190.27.245.106/forest/usutareas.do?group_system_actual=3&codTraEsc=16894419&_a=0.9380149042830386
[Thu Nov 13 18:26:15.609126 2014] [proxy:error] [pid 4888:tid 828] [client 201.245.192.253:50829] AH00898: Error reading from remote server returned by /forest/usutareas.do, referer: http://190.27.245.106/forest/usutareas.do?group_system_actual=3&codTraEsc=16894419&_a=0.9380149042830386
[Thu Nov 13 18:26:31.692754 2014] [proxy_http:error] [pid 4888:tid 1692] (OS 10053)An established connection was aborted by the software in your host machine.  : [client 201.245.192.253:50904] AH01102: error reading status line from remote server 172.22.1.47:80, referer: http://www.ambientebogota.gov.co/web/intranet/aplicaciones-para-acceder-fuera-de-la-sda
[Thu Nov 13 18:26:33.939158 2014] [proxy:error] [pid 4888:tid 1348] (OS 10060)A connection attempt failed because the connected party did not properly respond after a period of time, or established connection failed because connected host has failed to respond.  : AH00957: HTTP: attempt to connect to 172.22.1.47:80 (172.22.1.47) failed
[Thu Nov 13 18:26:33.939158 2014] [proxy:error] [pid 4888:tid 1348] AH00959: ap_proxy_connect_backend disabling worker for (172.22.1.47) for 60s
[Thu Nov 13 18:26:33.939158 2014] [proxy_http:error] [pid 4888:tid 1348] [client 186.118.194.154:50599] AH01114: HTTP: failed to make connection to backend: 172.22.1.47, referer: http://190.27.245.106/forest/index2.jsp?a=0.19813402463974317
[Thu Nov 13 18:26:39.789168 2014] [proxy:error] [pid 4888:tid 1348] AH00940: HTTP: disabled connection for (172.22.1.47)
[Thu Nov 13 18:27:20.645640 2014] [proxy:error] [pid 4888:tid 712] AH00940: HTTP: disabled connection for (172.22.1.47)
[Thu Nov 13 18:27:53.452497 2014] [proxy_http:error] [pid 4888:tid 1324] (OS 10053)An established connection was aborted by the software in your host machine.  : [client 201.245.192.253:51376] AH01102: error reading status line from remote server 172.22.1.47:80, referer: http://www.ambientebogota.gov.co/web/intranet/aplicaciones-para-acceder-fuera-de-la-sda
[Thu Nov 13 18:27:53.452497 2014] [proxy:error] [pid 4888:tid 1324] [client 201.245.192.253:51376] AH00898: Error reading from remote server returned by /forest/, referer: http://www.ambientebogota.gov.co/web/intranet/aplicaciones-para-acceder-fuera-de-la-sda
[Thu Nov 13 18:28:12.390931 2014] [proxy_http:error] [pid 4888:tid 1324] (OS 10053)An established connection was aborted by the software in your host machine.  : [client 201.245.192.253:51376] AH01102: error reading status line from remote server 172.22.1.47:80, referer: http://www.ambientebogota.gov.co/web/intranet/aplicaciones-para-acceder-fuera-de-la-sda
[Thu Nov 13 18:28:31.329364 2014] [proxy_http:error] [pid 4888:tid 1324] (OS 10053)An established connection was aborted by the software in your host machine.  : [client 201.245.192.253:51539] AH01102: error reading status line from remote server 172.22.1.47:80, referer: http://www.ambientebogota.gov.co/web/intranet/aplicaciones-para-acceder-fuera-de-la-sda
[Thu Nov 13 18:28:31.329364 2014] [proxy:error] [pid 4888:tid 1324] [client 201.245.192.253:51539] AH00898: Error reading from remote server returned by /forest/, referer: http://www.ambientebogota.gov.co/web/intranet/aplicaciones-para-acceder-fuera-de-la-sda
[Thu Nov 13 18:28:56.024207 2014] [proxy:error] [pid 4888:tid 1700] (OS 10060)A connection attempt failed because the connected party did not properly respond after a period of time, or established connection failed because connected host has failed to respond.  : AH00957: HTTP: attempt to connect to 172.22.1.47:80 (172.22.1.47) failed
[Thu Nov 13 18:28:56.024207 2014] [proxy:error] [pid 4888:tid 1700] AH00959: ap_proxy_connect_backend disabling worker for (172.22.1.47) for 60s
[Thu Nov 13 18:28:56.024207 2014] [proxy_http:error] [pid 4888:tid 1700] [client 201.245.192.253:51606] AH01114: HTTP: failed to make connection to backend: 172.22.1.47, referer: http://190.27.245.106/forest/index2.jsp?a=0.2192355211501723
[Thu Nov 13 18:28:56.227008 2014] [proxy:error] [pid 4888:tid 1852] AH00940: HTTP: disabled connection for (172.22.1.47)
[Thu Nov 13 18:28:56.804209 2014] [proxy_http:error] [pid 4888:tid 1212] (OS 10053)An established connection was aborted by the software in your host machine.  : [client 201.245.192.253:51614] AH01102: error reading status line from remote server 172.22.1.47:80, referer: http://www.ambientebogota.gov.co/web/intranet/aplicaciones-para-acceder-fuera-de-la-sda
[Thu Nov 13 18:28:56.804209 2014] [proxy:error] [pid 4888:tid 1212] [client 201.245.192.253:51614] AH00898: Error reading from remote server returned by /forest/, referer: http://www.ambientebogota.gov.co/web/intranet/aplicaciones-para-acceder-fuera-de-la-sda
[Thu Nov 13 18:28:57.677810 2014] [proxy_http:error] [pid 4888:tid 828] (OS 10053)An established connection was aborted by the software in your host machine.  : [client 201.245.192.253:50938] AH01102: error reading status line from remote server 172.22.1.47:80
[Thu Nov 13 18:28:57.677810 2014] [proxy:error] [pid 4888:tid 828] [client 201.245.192.253:50938] AH00898: Error reading from remote server returned by /forest/usutareas.do
[Thu Nov 13 18:29:40.437485 2014] [proxy:error] [pid 4888:tid 1620] AH00940: HTTP: disabled connection for (172.22.1.47)
[Thu Nov 13 18:29:44.587093 2014] [proxy:error] [pid 4888:tid 1212] AH00940: HTTP: disabled connection for (172.22.1.47)
[Thu Nov 13 18:29:44.743093 2014] [proxy:error] [pid 4888:tid 1212] AH00940: HTTP: disabled connection for (172.22.1.47)
[Thu Nov 13 18:29:44.883493 2014] [proxy:error] [pid 4888:tid 1212] AH00940: HTTP: disabled connection for (172.22.1.47)
[Thu Nov 13 18:29:45.023893 2014] [proxy:error] [pid 4888:tid 1212] AH00940: HTTP: disabled connection for (172.22.1.47)
[Thu Nov 13 18:29:45.164294 2014] [proxy:error] [pid 4888:tid 1212] AH00940: HTTP: disabled connection for (172.22.1.47)
[Thu Nov 13 18:29:45.304694 2014] [proxy:error] [pid 4888:tid 1700] AH00940: HTTP: disabled connection for (172.22.1.47)
[Thu Nov 13 18:29:45.460694 2014] [proxy:error] [pid 4888:tid 1700] AH00940: HTTP: disabled connection for (172.22.1.47)
[Thu Nov 13 18:29:45.616694 2014] [proxy:error] [pid 4888:tid 1700] AH00940: HTTP: disabled connection for (172.22.1.47)
[Thu Nov 13 18:29:45.772695 2014] [proxy:error] [pid 4888:tid 1700] AH00940: HTTP: disabled connection for (172.22.1.47)
[Thu Nov 13 18:29:46.006695 2014] [proxy:error] [pid 4888:tid 1700] AH00940: HTTP: disabled connection for (172.22.1.47)
[Thu Nov 13 18:29:46.303096 2014] [proxy:error] [pid 4888:tid 1700] AH00940: HTTP: disabled connection for (172.22.1.47)
[Thu Nov 13 18:29:46.505896 2014] [proxy:error] [pid 4888:tid 1700] AH00940: HTTP: disabled connection for (172.22.1.47)
[Thu Nov 13 18:29:46.615096 2014] [proxy:error] [pid 4888:tid 1700] AH00940: HTTP: disabled connection for (172.22.1.47)
[Thu Nov 13 18:29:46.724296 2014] [proxy:error] [pid 4888:tid 1700] AH00940: HTTP: disabled connection for (172.22.1.47)
[Thu Nov 13 18:29:46.895897 2014] [proxy:error] [pid 4888:tid 1700] AH00940: HTTP: disabled connection for (172.22.1.47)
[Thu Nov 13 18:29:47.083097 2014] [proxy:error] [pid 4888:tid 1700] AH00940: HTTP: disabled connection for (172.22.1.47)
[Thu Nov 13 18:42:38.537652 2014] [mpm_winnt:warn] [pid 4888:tid 3172] (OS 64)The specified network name is no longer available.  : AH00341: winnt_accept: Asynchronous AcceptEx failed.
[Thu Nov 13 18:56:59.799565 2014] [negotiation:error] [pid 4888:tid 1292] [client 201.245.192.253:49498] AH00690: no acceptable variant: E:/nuevo/apache/error/HTTP_NOT_FOUND.html.var, referer: http://190.27.245.106/sia/
[Thu Nov 13 18:56:59.799565 2014] [negotiation:error] [pid 4888:tid 1772] [client 201.245.192.253:49499] AH00690: no acceptable variant: E:/nuevo/apache/error/HTTP_NOT_FOUND.html.var, referer: http://190.27.245.106/sia/
[Thu Nov 13 18:56:59.799565 2014] [negotiation:error] [pid 4888:tid 1692] [client 201.245.192.253:49500] AH00690: no acceptable variant: E:/nuevo/apache/error/HTTP_NOT_FOUND.html.var, referer: http://190.27.245.106/sia/
[Thu Nov 13 18:56:59.799565 2014] [negotiation:error] [pid 4888:tid 1340] [client 201.245.192.253:49501] AH00690: no acceptable variant: E:/nuevo/apache/error/HTTP_NOT_FOUND.html.var, referer: http://190.27.245.106/sia/
[Thu Nov 13 19:02:28.850943 2014] [proxy_http:error] [pid 4888:tid 1492] (OS 10054)An existing connection was forcibly closed by the remote host.  : [client 190.158.254.121:49607] AH01102: error reading status line from remote server 172.22.1.31:80, referer: http://190.27.245.106/isolucionsda/FrameSetGeneral.asp?Pagina1=FrameSetGeneral.asp&
[Thu Nov 13 19:02:28.850943 2014] [proxy:error] [pid 4888:tid 1492] [client 190.158.254.121:49607] AH00898: Error reading from remote server returned by /isolucionsda/BarraFavoritos.asp, referer: http://190.27.245.106/isolucionsda/FrameSetGeneral.asp?Pagina1=FrameSetGeneral.asp&
[Thu Nov 13 19:28:20.805069 2014] [proxy_http:error] [pid 4888:tid 1740] (OS 10054)An existing connection was forcibly closed by the remote host.  : [client 186.28.79.5:27404] AH01102: error reading status line from remote server 172.22.1.31:80, referer: http://190.27.245.106/isolucionsda/BancoConocimiento.asp?Pagina=BancoConocimiento.asp
[Thu Nov 13 19:28:20.805069 2014] [proxy:error] [pid 4888:tid 1740] [client 186.28.79.5:27404] AH00898: Error reading from remote server returned by /isolucionsda/g/vacio1x1.gif, referer: http://190.27.245.106/isolucionsda/BancoConocimiento.asp?Pagina=BancoConocimiento.asp
[Thu Nov 13 19:30:51.455533 2014] [proxy_http:error] [pid 4888:tid 1276] (OS 10054)An existing connection was forcibly closed by the remote host.  : [client 186.28.79.5:27443] AH01102: error reading status line from remote server 172.22.1.31:80, referer: http://190.27.245.106/isolucionsda/FrameSetGeneral.asp?Pagina=ListadoMaestroDocumentos3.asp
[Thu Nov 13 19:30:51.455533 2014] [proxy:error] [pid 4888:tid 1276] [client 186.28.79.5:27443] AH00898: Error reading from remote server returned by /isolucionsda/BarraTitulos.asp, referer: http://190.27.245.106/isolucionsda/FrameSetGeneral.asp?Pagina=ListadoMaestroDocumentos3.asp
[Thu Nov 13 21:13:23.499939 2014] [mpm_winnt:warn] [pid 4888:tid 3172] (OS 64)The specified network name is no longer available.  : AH00341: winnt_accept: Asynchronous AcceptEx failed.
[Thu Nov 13 21:40:47.557627 2014] [mpm_winnt:warn] [pid 4888:tid 3172] (OS 64)The specified network name is no longer available.  : AH00341: winnt_accept: Asynchronous AcceptEx failed.
[Thu Nov 13 22:02:19.380296 2014] [proxy_http:error] [pid 4888:tid 1092] (OS 10054)An existing connection was forcibly closed by the remote host.  : [client 186.80.180.146:61502] AH01102: error reading status line from remote server 172.22.1.31:80, referer: http://190.27.245.106/isolucionsda/Encabezado.asp?Pagina1=FrameSetGeneral.asp&&Pagina=MagazinHome.asp
[Thu Nov 13 22:38:57.098556 2014] [core:error] [pid 4888:tid 1372] (22)Invalid argument: [client 180.76.5.189:57243] AH00127: Cannot map GET /Autoliquidacion/Grupo%20Forestal%20-%20Silvicultura/Solicitud%20y%20lista%20de%20chequeo%20Evaluaci%F3n%20Silvicultural.xlsx HTTP/1.1 to file
[Thu Nov 13 22:58:21.640601 2014] [proxy_http:error] [pid 4888:tid 712] (OS 10054)An existing connection was forcibly closed by the remote host.  : [client 186.84.184.197:49885] AH01102: error reading status line from remote server 172.22.1.31:80, referer: http://190.27.245.106/isolucionsda/FrameSetGeneral.asp?Pagina1=FrameSetGeneral.asp&
[Thu Nov 13 22:58:21.640601 2014] [proxy:error] [pid 4888:tid 712] [client 186.84.184.197:49885] AH00898: Error reading from remote server returned by /isolucionsda/BarraFavoritos.asp, referer: http://190.27.245.106/isolucionsda/FrameSetGeneral.asp?Pagina1=FrameSetGeneral.asp&

:: Command execute ::

Enter:
 
Select:
 

:: Search ::
regexp 

:: Upload ::
 
[ ok ]

:: Make Dir ::
 
[ ok ]
:: Make File ::
 
[ ok ]

:: Go Dir ::
 
:: Go File ::
 

--[ c99shell v. 1.0 pre-release build #13 powered by Captain Crunch Security Team | http://ccteam.ru | Generation time: 0.1248 ]--