!C99Shell v. 1.0 pre-release build #13!

Software: Apache. PHP/5.5.15 

uname -a: Windows NT SVR-DMZ 6.1 build 7600 (Windows Server 2008 R2 Enterprise Edition) i586 

SYSTEM 

Safe-mode: OFF (not secure)

E:\nuevo\apache\logs\   drwxrwxrwx
Free 7.33 GB of 239.26 GB (3.07%)
Detected drives: [ a ] [ c ] [ d ] [ e ] [ f ]
Home    Back    Forward    UPDIR    Refresh    Search    Buffer    Encoder    Tools    Proc.    FTP brute    Sec.    SQL    PHP-code    Update    Feedback    Self remove    Logout    


Viewing file:     error.2014.12.08.log (30.06 KB)      -rw-rw-rw-
Select action/file-type:
(+) | (+) | (+) | Code (+) | Session (+) | (+) | SDB (+) | (+) | (+) | (+) | (+) | (+) |
[Mon Dec 08 00:07:44.775836 2014] [:error] [pid 2748:tid 1616] [client 111.95.115.119:60879] script 'E:/nuevo/htdocs/xmlrpc.php' not found or unable to stat
[Mon Dec 08 00:59:58.043340 2014] [:error] [pid 2748:tid 1728] [client 31.220.160.135:50006] script 'E:/nuevo/htdocs/wp-login.php' not found or unable to stat
[Mon Dec 08 01:16:56.413128 2014] [:error] [pid 2748:tid 1732] [client 121.54.54.62:37533] script 'E:/nuevo/htdocs/xmlrpc.php' not found or unable to stat
[Mon Dec 08 01:31:10.140228 2014] [:error] [pid 2748:tid 1876] [client 151.229.20.236:56332] script 'E:/nuevo/htdocs/xmlrpc.php' not found or unable to stat
[Mon Dec 08 01:54:00.152234 2014] [core:error] [pid 2748:tid 1652] (22)Invalid argument: [client 180.76.6.138:27351] AH00127: Cannot map GET /Autoliquidacion/Grupo%20Forestal%20-%20Silvicultura/Ficha%20t%E9cnica%20de%20registro%20(Ficha%202).docx HTTP/1.1 to file
[Mon Dec 08 02:00:03.554873 2014] [:error] [pid 2748:tid 1732] [client 217.165.222.235:34878] script 'E:/nuevo/htdocs/xmlrpc.php' not found or unable to stat
[Mon Dec 08 02:00:29.185718 2014] [mpm_winnt:warn] [pid 2748:tid 1984] (OS 64)The specified network name is no longer available.  : AH00341: winnt_accept: Asynchronous AcceptEx failed.
[Mon Dec 08 02:20:22.790614 2014] [:error] [pid 2748:tid 1652] [client 182.191.181.13:12752] script 'E:/nuevo/htdocs/xmlrpc.php' not found or unable to stat
[Mon Dec 08 03:18:53.407180 2014] [:error] [pid 2748:tid 1728] [client 41.134.174.218:51194] script 'E:/nuevo/htdocs/xmlrpc.php' not found or unable to stat
[Mon Dec 08 03:33:57.632569 2014] [:error] [pid 2748:tid 1876] [client 58.182.241.55:55385] script 'E:/nuevo/htdocs/xmlrpc.php' not found or unable to stat
[Mon Dec 08 03:36:43.180059 2014] [mpm_winnt:warn] [pid 2748:tid 1984] (OS 64)The specified network name is no longer available.  : AH00341: winnt_accept: Asynchronous AcceptEx failed.
[Mon Dec 08 03:37:17.656120 2014] [mpm_winnt:warn] [pid 2748:tid 1984] (OS 64)The specified network name is no longer available.  : AH00341: winnt_accept: Asynchronous AcceptEx failed.
[Mon Dec 08 03:42:29.017067 2014] [mpm_winnt:warn] [pid 2748:tid 1984] (OS 64)The specified network name is no longer available.  : AH00341: winnt_accept: Asynchronous AcceptEx failed.
[Mon Dec 08 03:42:54.009311 2014] [mpm_winnt:warn] [pid 2748:tid 1984] (OS 64)The specified network name is no longer available.  : AH00341: winnt_accept: Asynchronous AcceptEx failed.
[Mon Dec 08 04:23:39.188805 2014] [mpm_winnt:warn] [pid 2748:tid 1984] (OS 64)The specified network name is no longer available.  : AH00341: winnt_accept: Asynchronous AcceptEx failed.
[Mon Dec 08 04:24:04.195649 2014] [mpm_winnt:warn] [pid 2748:tid 1984] (OS 64)The specified network name is no longer available.  : AH00341: winnt_accept: Asynchronous AcceptEx failed.
[Mon Dec 08 04:39:31.104478 2014] [mpm_winnt:warn] [pid 2748:tid 1984] (OS 64)The specified network name is no longer available.  : AH00341: winnt_accept: Asynchronous AcceptEx failed.
[Mon Dec 08 05:41:18.858590 2014] [:error] [pid 2748:tid 1548] [client 176.199.14.58:63603] script 'E:/nuevo/htdocs/xmlrpc.php' not found or unable to stat
[Mon Dec 08 05:47:38.188856 2014] [:error] [pid 2748:tid 1856] [client 193.219.52.200:56139] script 'E:/nuevo/htdocs/xmlrpc.php' not found or unable to stat
[Mon Dec 08 05:48:08.203309 2014] [:error] [pid 2748:tid 1616] [client 112.134.14.113:24499] script 'E:/nuevo/htdocs/xmlrpc.php' not found or unable to stat
[Mon Dec 08 05:58:35.012410 2014] [mpm_winnt:warn] [pid 2748:tid 1984] (OS 64)The specified network name is no longer available.  : AH00341: winnt_accept: Asynchronous AcceptEx failed.
[Mon Dec 08 05:59:00.034854 2014] [mpm_winnt:warn] [pid 2748:tid 1984] (OS 64)The specified network name is no longer available.  : AH00341: winnt_accept: Asynchronous AcceptEx failed.
[Mon Dec 08 06:10:34.002073 2014] [:error] [pid 2748:tid 1856] [client 173.70.100.130:42099] script 'E:/nuevo/htdocs/wp-login.php' not found or unable to stat
[Mon Dec 08 06:10:45.358893 2014] [:error] [pid 2748:tid 1856] [client 173.70.100.130:22797] script 'E:/nuevo/htdocs/admin.php' not found or unable to stat
[Mon Dec 08 08:34:52.460081 2014] [proxy_http:error] [pid 2748:tid 1816] (OS 10054)An existing connection was forcibly closed by the remote host.  : [client 190.84.152.136:1274] AH01102: error reading status line from remote server 172.22.1.31:80, referer: http://190.27.245.106/isolucionsda/IdentificaUsuario.asp?Pagina1=FrameSetGeneral.asp&
[Mon Dec 08 08:34:52.460081 2014] [proxy:error] [pid 2748:tid 1816] [client 190.84.152.136:1274] AH00898: Error reading from remote server returned by /isolucionsda/g/Img_LogoIsoCabezote.jpg, referer: http://190.27.245.106/isolucionsda/IdentificaUsuario.asp?Pagina1=FrameSetGeneral.asp&
[Mon Dec 08 08:35:00.275695 2014] [proxy_http:error] [pid 2748:tid 1780] (OS 10054)An existing connection was forcibly closed by the remote host.  : [client 190.84.152.136:1292] AH01102: error reading status line from remote server 172.22.1.31:80, referer: http://190.27.245.106/isolucionsda/FrameSetGeneral.asp?Pagina1=FrameSetGeneral.asp&
[Mon Dec 08 08:35:00.275695 2014] [proxy:error] [pid 2748:tid 1780] [client 190.84.152.136:1292] AH00898: Error reading from remote server returned by /isolucionsda/BarraFavoritos.asp, referer: http://190.27.245.106/isolucionsda/FrameSetGeneral.asp?Pagina1=FrameSetGeneral.asp&
[Mon Dec 08 08:39:42.308590 2014] [proxy_http:error] [pid 2748:tid 1856] (OS 10054)An existing connection was forcibly closed by the remote host.  : [client 190.84.152.136:1338] AH01102: error reading status line from remote server 172.22.1.31:80, referer: http://190.27.245.106/isolucionsda/Encabezado.asp?Pagina=Magazin.asp&Sigla=MAC&IdModulo=2
[Mon Dec 08 08:39:42.308590 2014] [proxy:error] [pid 2748:tid 1856] [client 190.84.152.136:1338] AH00898: Error reading from remote server returned by /isolucionsda/g/Bot_ProcesosOver_ESP.jpg, referer: http://190.27.245.106/isolucionsda/Encabezado.asp?Pagina=Magazin.asp&Sigla=MAC&IdModulo=2
[Mon Dec 08 08:42:13.519655 2014] [mpm_winnt:warn] [pid 2748:tid 1984] (OS 64)The specified network name is no longer available.  : AH00341: winnt_accept: Asynchronous AcceptEx failed.
[Mon Dec 08 08:42:28.511282 2014] [proxy_http:error] [pid 2748:tid 1608] (OS 10054)An existing connection was forcibly closed by the remote host.  : [client 190.84.152.136:1342] AH01102: error reading status line from remote server 172.22.1.31:80, referer: http://190.27.245.106/isolucionsda/FrameSetGeneral.asp?Pagina=SucursalSeleccion.asp&CargaPagina=ModuloProcesos&IdModulo=3
[Mon Dec 08 08:42:28.511282 2014] [proxy:error] [pid 2748:tid 1608] [client 190.84.152.136:1342] AH00898: Error reading from remote server returned by /isolucionsda/SucursalSeleccion.asp, referer: http://190.27.245.106/isolucionsda/FrameSetGeneral.asp?Pagina=SucursalSeleccion.asp&CargaPagina=ModuloProcesos&IdModulo=3
[Mon Dec 08 08:45:28.192397 2014] [proxy_http:error] [pid 2748:tid 1832] (OS 10054)An existing connection was forcibly closed by the remote host.  : [client 190.84.152.136:1386] AH01102: error reading status line from remote server 172.22.1.31:80, referer: http://190.27.245.106/isolucionsda/bancoconocimiento/M/MANUALDEGESTIONDELAREDDEMONITOREODECALIDADDELAIREDEBOGOTA_v2/MANUALDEGESTIONDELAREDDEMONITOREODECALIDADDELAIREDEBOGOTA_v2.asp?IdArticulo=6129
[Mon Dec 08 08:45:28.192397 2014] [proxy:error] [pid 2748:tid 1832] [client 190.84.152.136:1386] AH00898: Error reading from remote server returned by /isolucionsda/bancoconocimiento/M/MANUALDEGESTIONDELAREDDEMONITOREODECALIDADDELAIREDEBOGOTA_v2/tabla 1 parametros medidos de la rmcab0.png, referer: http://190.27.245.106/isolucionsda/bancoconocimiento/M/MANUALDEGESTIONDELAREDDEMONITOREODECALIDADDELAIREDEBOGOTA_v2/MANUALDEGESTIONDELAREDDEMONITOREODECALIDADDELAIREDEBOGOTA_v2.asp?IdArticulo=6129
[Mon Dec 08 08:45:49.486435 2014] [mpm_winnt:warn] [pid 2748:tid 1984] (OS 64)The specified network name is no longer available.  : AH00341: winnt_accept: Asynchronous AcceptEx failed.
[Mon Dec 08 08:57:37.228478 2014] [proxy_http:error] [pid 2748:tid 1652] (OS 10054)An existing connection was forcibly closed by the remote host.  : [client 190.84.152.136:1401] AH01102: error reading status line from remote server 172.22.1.31:80, referer: http://190.27.245.106/isolucionsda/FrameSetGeneral.asp?Pagina=Menu.asp&IdModulo=4
[Mon Dec 08 08:57:37.228478 2014] [proxy:error] [pid 2748:tid 1652] [client 190.84.152.136:1401] AH00898: Error reading from remote server returned by /isolucionsda/BarraTitulos.asp, referer: http://190.27.245.106/isolucionsda/FrameSetGeneral.asp?Pagina=Menu.asp&IdModulo=4
[Mon Dec 08 08:57:37.228478 2014] [proxy_http:error] [pid 2748:tid 1512] (OS 10054)An existing connection was forcibly closed by the remote host.  : [client 190.84.152.136:1402] AH01102: error reading status line from remote server 172.22.1.31:80, referer: http://190.27.245.106/isolucionsda/FrameSetGeneral.asp?Pagina=Menu.asp&IdModulo=4
[Mon Dec 08 08:57:37.228478 2014] [proxy:error] [pid 2748:tid 1512] [client 190.84.152.136:1402] AH00898: Error reading from remote server returned by /isolucionsda/Menu.asp, referer: http://190.27.245.106/isolucionsda/FrameSetGeneral.asp?Pagina=Menu.asp&IdModulo=4
[Mon Dec 08 09:18:00.506627 2014] [mpm_winnt:warn] [pid 2748:tid 1984] (OS 64)The specified network name is no longer available.  : AH00341: winnt_accept: Asynchronous AcceptEx failed.
[Mon Dec 08 09:40:24.901388 2014] [:error] [pid 2748:tid 1780] [client 67.163.164.50:61186] script 'E:/nuevo/htdocs/xmlrpc.php' not found or unable to stat
[Mon Dec 08 09:45:42.767546 2014] [proxy_http:error] [pid 2748:tid 1700] (OS 10054)An existing connection was forcibly closed by the remote host.  : [client 190.84.152.136:1451] AH01102: error reading status line from remote server 172.22.1.31:80, referer: http://190.27.245.106/isolucionsda/Session.asp?Continue=1
[Mon Dec 08 09:45:42.767546 2014] [proxy:error] [pid 2748:tid 1700] [client 190.84.152.136:1451] AH00898: Error reading from remote server returned by /isolucionsda/Session.asp, referer: http://190.27.245.106/isolucionsda/Session.asp?Continue=1
[Mon Dec 08 10:09:03.995207 2014] [:error] [pid 2748:tid 1608] [client 41.110.24.190:65315] script 'E:/nuevo/htdocs/xmlrpc.php' not found or unable to stat
[Mon Dec 08 10:34:18.321067 2014] [proxy_http:error] [pid 2748:tid 1512] (OS 10054)An existing connection was forcibly closed by the remote host.  : [client 186.114.25.201:57169] AH01102: error reading status line from remote server 172.22.1.31:80, referer: http://190.27.245.106/isolucionsda/FrameSetGeneral.asp?Pagina1=FrameSetGeneral.asp&
[Mon Dec 08 10:34:18.321067 2014] [proxy:error] [pid 2748:tid 1512] [client 186.114.25.201:57169] AH00898: Error reading from remote server returned by /isolucionsda/BarraFavoritos.asp, referer: http://190.27.245.106/isolucionsda/FrameSetGeneral.asp?Pagina1=FrameSetGeneral.asp&
[Mon Dec 08 10:44:44.006966 2014] [proxy_http:error] [pid 2748:tid 1688] (OS 10054)An existing connection was forcibly closed by the remote host.  : [client 186.114.25.201:57437] AH01102: error reading status line from remote server 172.22.1.31:80, referer: http://190.27.245.106/isolucionsda/Encabezado.asp?Pagina=Magazin.asp&Sigla=MAC&IdModulo=2
[Mon Dec 08 10:44:44.006966 2014] [proxy:error] [pid 2748:tid 1688] [client 186.114.25.201:57437] AH00898: Error reading from remote server returned by /isolucionsda/g/Bot_ProcesosOver_ESP.jpg, referer: http://190.27.245.106/isolucionsda/Encabezado.asp?Pagina=Magazin.asp&Sigla=MAC&IdModulo=2
[Mon Dec 08 10:44:45.176968 2014] [proxy_http:error] [pid 2748:tid 1788] (OS 10054)An existing connection was forcibly closed by the remote host.  : [client 186.114.25.201:57442] AH01102: error reading status line from remote server 172.22.1.31:80, referer: http://190.27.245.106/isolucionsda/FrameSetGeneral.asp?Pagina=Menu.asp&IdModulo=4
[Mon Dec 08 10:44:45.176968 2014] [proxy:error] [pid 2748:tid 1788] [client 186.114.25.201:57442] AH00898: Error reading from remote server returned by /isolucionsda/BarraFavoritos.asp, referer: http://190.27.245.106/isolucionsda/FrameSetGeneral.asp?Pagina=Menu.asp&IdModulo=4
[Mon Dec 08 10:44:56.408988 2014] [proxy_http:error] [pid 2748:tid 1688] (OS 10054)An existing connection was forcibly closed by the remote host.  : [client 186.114.25.201:57446] AH01102: error reading status line from remote server 172.22.1.31:80, referer: http://190.27.245.106/isolucionsda/bancoconocimiento/M/MANUALDEGESTIONDELAREDDEMONITOREODECALIDADDELAIREDEBOGOTA_v2/MANUALDEGESTIONDELAREDDEMONITOREODECALIDADDELAIREDEBOGOTA_v2.asp?IdArticulo=6129
[Mon Dec 08 10:44:56.408988 2014] [proxy:error] [pid 2748:tid 1688] [client 186.114.25.201:57446] AH00898: Error reading from remote server returned by /isolucionsda/bancoconocimiento/M/MANUALDEGESTIONDELAREDDEMONITOREODECALIDADDELAIREDEBOGOTA_v2/tabla 1 parametros medidos de la rmcab0.png, referer: http://190.27.245.106/isolucionsda/bancoconocimiento/M/MANUALDEGESTIONDELAREDDEMONITOREODECALIDADDELAIREDEBOGOTA_v2/MANUALDEGESTIONDELAREDDEMONITOREODECALIDADDELAIREDEBOGOTA_v2.asp?IdArticulo=6129
[Mon Dec 08 10:44:56.518188 2014] [proxy_http:error] [pid 2748:tid 1832] (OS 10054)An existing connection was forcibly closed by the remote host.  : [client 186.114.25.201:57448] AH01102: error reading status line from remote server 172.22.1.31:80, referer: http://190.27.245.106/isolucionsda/bancoconocimiento/M/MANUALDEGESTIONDELAREDDEMONITOREODECALIDADDELAIREDEBOGOTA_v2/MANUALDEGESTIONDELAREDDEMONITOREODECALIDADDELAIREDEBOGOTA_v2.asp?IdArticulo=6129
[Mon Dec 08 10:44:56.518188 2014] [proxy:error] [pid 2748:tid 1832] [client 186.114.25.201:57448] AH00898: Error reading from remote server returned by /isolucionsda/g/vacio1x1.gif, referer: http://190.27.245.106/isolucionsda/bancoconocimiento/M/MANUALDEGESTIONDELAREDDEMONITOREODECALIDADDELAIREDEBOGOTA_v2/MANUALDEGESTIONDELAREDDEMONITOREODECALIDADDELAIREDEBOGOTA_v2.asp?IdArticulo=6129
[Mon Dec 08 10:53:56.514137 2014] [:error] [pid 2748:tid 1704] [client 76.7.199.41:64277] script 'E:/nuevo/htdocs/xmlrpc.php' not found or unable to stat
[Mon Dec 08 10:56:14.043978 2014] [:error] [pid 2748:tid 1608] [client 94.99.159.42:26407] script 'E:/nuevo/htdocs/xmlrpc.php' not found or unable to stat
[Mon Dec 08 11:06:37.546873 2014] [proxy_http:error] [pid 2748:tid 1608] (OS 10054)An existing connection was forcibly closed by the remote host.  : [client 191.95.242.64:5962] AH01102: error reading status line from remote server 172.22.1.31:80, referer: http://190.27.245.106/isolucionsda/MagazinHome.asp
[Mon Dec 08 11:08:13.143841 2014] [:error] [pid 2748:tid 1704] [client 79.118.196.23:60178] script 'E:/nuevo/htdocs/xmlrpc.php' not found or unable to stat
[Mon Dec 08 11:08:57.135919 2014] [:error] [pid 2748:tid 1820] [client 88.254.90.37:49989] script 'E:/nuevo/htdocs/xmlrpc.php' not found or unable to stat
[Mon Dec 08 11:10:24.137271 2014] [:error] [pid 2748:tid 1704] [client 119.175.124.229:33045] script 'E:/nuevo/htdocs/xmlrpc.php' not found or unable to stat
[Mon Dec 08 11:17:25.213211 2014] [proxy_http:error] [pid 2748:tid 1592] (OS 10054)An existing connection was forcibly closed by the remote host.  : [client 191.95.242.64:5760] AH01102: error reading status line from remote server 172.22.1.31:80, referer: http://190.27.245.106/isolucionsda/FramesetArticulo.asp?Pagina=bancoconocimiento%2FM%2FMANUALDELSISTEMAINTEGRADODEGESTION%5Fv9%2FMANUALDELSISTEMAINTEGRADODEGESTION%5Fv9%2Easp&IdArticulo=7375&Codigo=&Fecha=&Version=&Procedimiento=&cliente=
[Mon Dec 08 11:17:25.213211 2014] [proxy:error] [pid 2748:tid 1592] [client 191.95.242.64:5760] AH00898: Error reading from remote server returned by /isolucionsda/bancoconocimiento/M/MANUALDELSISTEMAINTEGRADODEGESTION_v9/MANUALDELSISTEMAINTEGRADODEGESTION_v9.asp, referer: http://190.27.245.106/isolucionsda/FramesetArticulo.asp?Pagina=bancoconocimiento%2FM%2FMANUALDELSISTEMAINTEGRADODEGESTION%5Fv9%2FMANUALDELSISTEMAINTEGRADODEGESTION%5Fv9%2Easp&IdArticulo=7375&Codigo=&Fecha=&Version=&Procedimiento=&cliente=
[Mon Dec 08 11:26:35.738178 2014] [:error] [pid 2748:tid 1816] [client 173.70.100.130:40062] script 'E:/nuevo/htdocs/wp-login.php' not found or unable to stat
[Mon Dec 08 11:26:47.313398 2014] [:error] [pid 2748:tid 1816] [client 173.70.100.130:54948] script 'E:/nuevo/htdocs/admin.php' not found or unable to stat
[Mon Dec 08 11:29:52.236123 2014] [:error] [pid 2748:tid 1608] [client 59.115.38.169:55088] script 'E:/nuevo/htdocs/xmlrpc.php' not found or unable to stat
[Mon Dec 08 11:32:06.287158 2014] [:error] [pid 2748:tid 1688] [client 2.236.241.132:60779] script 'E:/nuevo/htdocs/xmlrpc.php' not found or unable to stat
[Mon Dec 08 11:56:29.056928 2014] [:error] [pid 2748:tid 1700] [client 92.96.101.25:49633] script 'E:/nuevo/htdocs/xmlrpc.php' not found or unable to stat
[Mon Dec 08 12:07:53.710930 2014] [:error] [pid 2748:tid 1832] [client 139.216.46.128:58865] script 'E:/nuevo/htdocs/xmlrpc.php' not found or unable to stat
[Mon Dec 08 12:16:38.386652 2014] [proxy_http:error] [pid 2748:tid 1512] (OS 10054)An existing connection was forcibly closed by the remote host.  : [client 191.95.242.64:5566] AH01102: error reading status line from remote server 172.22.1.31:80, referer: http://190.27.245.106/isolucionsda/Encabezado.asp?Pagina=Magazin.asp&Sigla=MAC&IdModulo=2
[Mon Dec 08 12:16:38.386652 2014] [proxy:error] [pid 2748:tid 1512] [client 191.95.242.64:5566] AH00898: Error reading from remote server returned by /isolucionsda/FrameSetGeneral.asp, referer: http://190.27.245.106/isolucionsda/Encabezado.asp?Pagina=Magazin.asp&Sigla=MAC&IdModulo=2
[Mon Dec 08 12:17:14.703516 2014] [proxy_http:error] [pid 2748:tid 1688] (OS 10054)An existing connection was forcibly closed by the remote host.  : [client 191.95.242.64:5778] AH01102: error reading status line from remote server 172.22.1.31:80, referer: http://190.27.245.106/isolucionsda/Encabezado.asp?Pagina=ListadoMaestroDocumentos3.asp
[Mon Dec 08 12:31:57.555866 2014] [:error] [pid 2748:tid 1816] [client 89.132.44.225:58932] script 'E:/nuevo/htdocs/xmlrpc.php' not found or unable to stat
[Mon Dec 08 13:05:36.310612 2014] [proxy_http:error] [pid 2748:tid 1768] (OS 10054)An existing connection was forcibly closed by the remote host.  : [client 191.95.242.64:5565] AH01102: error reading status line from remote server 172.22.1.31:80, referer: http://190.27.245.106/isolucionsda/FrameSetGeneral.asp?Pagina1=FrameSetGeneral.asp&
[Mon Dec 08 13:05:36.310612 2014] [proxy:error] [pid 2748:tid 1768] [client 191.95.242.64:5565] AH00898: Error reading from remote server returned by /isolucionsda/BarraFavoritos.asp, referer: http://190.27.245.106/isolucionsda/FrameSetGeneral.asp?Pagina1=FrameSetGeneral.asp&
[Mon Dec 08 13:21:29.550286 2014] [:error] [pid 2748:tid 1496] [client 83.117.117.183:64781] script 'E:/nuevo/htdocs/xmlrpc.php' not found or unable to stat
[Mon Dec 08 13:29:52.479570 2014] [core:error] [pid 2748:tid 1512] (20024)The given path is misformatted or contained invalid characters: [client 66.249.83.191:54210] AH00127: Cannot map GET /galeria/carrusel/Carrusel/jquery-ui-%0A%0A1.8.13.custom.min.js HTTP/1.1 to file, referer: http://www.ambientebogota.gov.co/
[Mon Dec 08 13:30:30.013236 2014] [proxy_http:error] [pid 2748:tid 1536] (OS 10054)An existing connection was forcibly closed by the remote host.  : [client 201.245.192.253:56205] AH01102: error reading status line from remote server 172.22.1.31:80, referer: http://190.27.245.106/isolucionsda/FrameSetGeneral.asp?Pagina1=FrameSetGeneral.asp&
[Mon Dec 08 13:30:30.013236 2014] [proxy:error] [pid 2748:tid 1536] [client 201.245.192.253:56205] AH00898: Error reading from remote server returned by /isolucionsda/BarraFavoritos.asp, referer: http://190.27.245.106/isolucionsda/FrameSetGeneral.asp?Pagina1=FrameSetGeneral.asp&
[Mon Dec 08 13:31:01.852892 2014] [proxy_http:error] [pid 2748:tid 1728] (OS 10054)An existing connection was forcibly closed by the remote host.  : [client 201.245.192.253:56216] AH01102: error reading status line from remote server 172.22.1.31:80, referer: http://190.27.245.106/isolucionsda/FrameSetGeneral.asp?Pagina=SucursalSeleccion.asp&CargaPagina=ModuloProcesos&IdModulo=3
[Mon Dec 08 14:02:35.979019 2014] [cgi:error] [pid 2748:tid 1872] [client 206.212.255.154:41141] script not found or unable to stat: E:/nuevo/cgi-bin/sys.cgi
[Mon Dec 08 14:11:04.149911 2014] [:error] [pid 2748:tid 1852] [client 24.64.113.150:50851] script 'E:/nuevo/htdocs/xmlrpc.php' not found or unable to stat
[Mon Dec 08 14:14:08.121034 2014] [:error] [pid 2748:tid 1652] [client 93.57.16.132:64255] script 'E:/nuevo/htdocs/xmlrpc.php' not found or unable to stat
[Mon Dec 08 14:24:05.305683 2014] [:error] [pid 2748:tid 1816] [client 192.95.133.152:49961] script 'E:/nuevo/htdocs/xmlrpc.php' not found or unable to stat
[Mon Dec 08 14:27:33.191648 2014] [:error] [pid 2748:tid 1536] [client 193.77.149.190:28649] script 'E:/nuevo/htdocs/xmlrpc.php' not found or unable to stat
[Mon Dec 08 14:27:53.097283 2014] [:error] [pid 2748:tid 1536] [client 115.64.93.232:49666] script 'E:/nuevo/htdocs/xmlrpc.php' not found or unable to stat
[Mon Dec 08 15:10:48.585807 2014] [:error] [pid 2748:tid 1776] [client 46.185.250.10:56600] script 'E:/nuevo/htdocs/xmlrpc.php' not found or unable to stat
[Mon Dec 08 15:21:23.319722 2014] [:error] [pid 2748:tid 1608] [client 94.201.202.147:55168] script 'E:/nuevo/htdocs/xmlrpc.php' not found or unable to stat
[Mon Dec 08 15:21:25.815726 2014] [:error] [pid 2748:tid 1852] [client 50.57.64.198:38998] script 'E:/nuevo/htdocs/xmlrpc.php' not found or unable to stat
[Mon Dec 08 15:26:59.314112 2014] [:error] [pid 2748:tid 1536] [client 62.68.107.203:64587] script 'E:/nuevo/htdocs/xmlrpc.php' not found or unable to stat
[Mon Dec 08 15:37:23.253808 2014] [proxy_http:error] [pid 2748:tid 1728] (OS 10054)An existing connection was forcibly closed by the remote host.  : [client 190.26.27.71:11888] AH01102: error reading status line from remote server 172.22.1.31:80, referer: http://190.27.245.106/isolucionsda/FrameSetGeneral.asp?Pagina1=FrameSetGeneral.asp&
[Mon Dec 08 15:37:23.253808 2014] [proxy:error] [pid 2748:tid 1728] [client 190.26.27.71:11888] AH00898: Error reading from remote server returned by /isolucionsda/BarraFavoritos.asp, referer: http://190.27.245.106/isolucionsda/FrameSetGeneral.asp?Pagina1=FrameSetGeneral.asp&
[Mon Dec 08 16:13:17.695592 2014] [:error] [pid 2748:tid 1616] [client 124.180.244.153:61418] script 'E:/nuevo/htdocs/xmlrpc.php' not found or unable to stat
[Mon Dec 08 16:26:39.007600 2014] [:error] [pid 2748:tid 1536] [client 143.167.176.210:62239] script 'E:/nuevo/htdocs/xmlrpc.php' not found or unable to stat
[Mon Dec 08 16:45:07.749347 2014] [mpm_winnt:warn] [pid 2748:tid 1984] (OS 64)The specified network name is no longer available.  : AH00341: winnt_accept: Asynchronous AcceptEx failed.
[Mon Dec 08 16:45:42.755809 2014] [:error] [pid 2748:tid 1732] [client 189.13.34.140:51468] script 'E:/nuevo/htdocs/xmlrpc.php' not found or unable to stat
[Mon Dec 08 16:46:49.243125 2014] [:error] [pid 2748:tid 1768] [client 139.194.228.50:40176] script 'E:/nuevo/htdocs/xmlrpc.php' not found or unable to stat
[Mon Dec 08 16:52:13.879695 2014] [proxy_http:error] [pid 2748:tid 1480] (70008)Partial results are valid but processing is incomplete: [client 190.84.123.138:49420] AH02609: read request body failed to 172.22.1.47:80 (172.22.1.47) from 190.84.123.138 (), referer: http://190.27.245.106/forest/usutareas.do?_a=0.10018763085827231&group_system_actual=3
[Mon Dec 08 16:52:13.879695 2014] [proxy_http:error] [pid 2748:tid 1480] [client 190.84.123.138:49420] AH01097: pass request body failed to 172.22.1.47:80 (172.22.1.47) from 190.84.123.138 (), referer: http://190.27.245.106/forest/usutareas.do?_a=0.10018763085827231&group_system_actual=3
[Mon Dec 08 16:58:49.387190 2014] [:error] [pid 2748:tid 1852] [client 81.217.93.152:47981] script 'E:/nuevo/htdocs/xmlrpc.php' not found or unable to stat
[Mon Dec 08 17:02:17.600756 2014] [:error] [pid 2748:tid 1832] [client 82.171.171.106:61484] script 'E:/nuevo/htdocs/xmlrpc.php' not found or unable to stat
[Mon Dec 08 17:09:42.731938 2014] [proxy_http:error] [pid 2748:tid 1832] (OS 10054)An existing connection was forcibly closed by the remote host.  : [client 181.136.228.112:63621] AH01102: error reading status line from remote server 172.22.1.31:80, referer: http://190.27.245.106/isolucionsda/bancoconocimiento/M/MANUALDELSISTEMAINTEGRADODEGESTION_v9/MANUALDELSISTEMAINTEGRADODEGESTION_v9.asp?IdArticulo=7375
[Mon Dec 08 17:09:42.731938 2014] [proxy:error] [pid 2748:tid 1832] [client 181.136.228.112:63621] AH00898: Error reading from remote server returned by /isolucionsda/bancoconocimiento/M/MANUALDELSISTEMAINTEGRADODEGESTION_v9/60.jpg, referer: http://190.27.245.106/isolucionsda/bancoconocimiento/M/MANUALDELSISTEMAINTEGRADODEGESTION_v9/MANUALDELSISTEMAINTEGRADODEGESTION_v9.asp?IdArticulo=7375
[Mon Dec 08 17:16:33.388059 2014] [:error] [pid 2748:tid 1592] [client 98.115.247.174:64489] script 'E:/nuevo/htdocs/xmlrpc.php' not found or unable to stat
[Mon Dec 08 17:57:26.056567 2014] [mpm_winnt:warn] [pid 2748:tid 1984] (OS 64)The specified network name is no longer available.  : AH00341: winnt_accept: Asynchronous AcceptEx failed.
[Mon Dec 08 18:31:51.673795 2014] [proxy_http:error] [pid 2748:tid 1780] (OS 10054)An existing connection was forcibly closed by the remote host.  : [client 201.245.231.121:23433] AH01102: error reading status line from remote server 172.22.1.31:80, referer: http://190.27.245.106/isolucionsda/IdentificaUsuario.asp?Pagina1=FrameSetGeneral.asp&
[Mon Dec 08 18:31:51.673795 2014] [proxy:error] [pid 2748:tid 1780] [client 201.245.231.121:23433] AH00898: Error reading from remote server returned by /isolucionsda/g/Img_LogoIsoCabezote.jpg, referer: http://190.27.245.106/isolucionsda/IdentificaUsuario.asp?Pagina1=FrameSetGeneral.asp&
[Mon Dec 08 18:31:57.555005 2014] [proxy_http:error] [pid 2748:tid 1700] (OS 10054)An existing connection was forcibly closed by the remote host.  : [client 201.245.231.121:23435] AH01102: error reading status line from remote server 172.22.1.31:80, referer: http://190.27.245.106/isolucionsda/FrameSetGeneral.asp?Pagina1=FrameSetGeneral.asp&
[Mon Dec 08 18:31:57.555005 2014] [proxy:error] [pid 2748:tid 1700] [client 201.245.231.121:23435] AH00898: Error reading from remote server returned by /isolucionsda/MagazinHome.asp, referer: http://190.27.245.106/isolucionsda/FrameSetGeneral.asp?Pagina1=FrameSetGeneral.asp&
[Mon Dec 08 18:33:12.029536 2014] [cgi:error] [pid 2748:tid 1776] [client 104.128.48.202:33548] script not found or unable to stat: E:/nuevo/cgi-bin/php
[Mon Dec 08 18:33:12.123136 2014] [cgi:error] [pid 2748:tid 1776] [client 104.128.48.202:33548] script not found or unable to stat: E:/nuevo/cgi-bin/php5
[Mon Dec 08 18:33:12.216737 2014] [cgi:error] [pid 2748:tid 1776] [client 104.128.48.202:33548] script not found or unable to stat: E:/nuevo/cgi-bin/php-cgi
[Mon Dec 08 18:33:12.310337 2014] [cgi:error] [pid 2748:tid 1776] [client 104.128.48.202:33548] script not found or unable to stat: E:/nuevo/cgi-bin/php.cgi
[Mon Dec 08 18:33:12.403937 2014] [cgi:error] [pid 2748:tid 1776] [client 104.128.48.202:33548] script not found or unable to stat: E:/nuevo/cgi-bin/php4
[Mon Dec 08 19:22:17.347910 2014] [core:error] [pid 2748:tid 1852] (22)Invalid argument: [client 180.76.5.149:37483] AH00127: Cannot map GET /Autoliquidacion/Fauna%20Silvestre/APLICATIVO%20DE%20LIQUIDACI%D3N%20COSTOS%20(FAUNA%20SILVESTRE%202014%20DEFINITIVO).xls HTTP/1.1 to file
[Mon Dec 08 19:38:36.577229 2014] [:error] [pid 2748:tid 1820] [client 37.247.31.201:53406] script 'E:/nuevo/htdocs/xmlrpc.php' not found or unable to stat
[Mon Dec 08 19:38:54.844862 2014] [proxy_http:error] [pid 2748:tid 1688] (OS 10054)An existing connection was forcibly closed by the remote host.  : [client 190.27.41.181:19058] AH01102: error reading status line from remote server 172.22.1.31:80, referer: http://190.27.245.106/isolucionsda/FrameSetGeneral.asp?Pagina1=FrameSetGeneral.asp&
[Mon Dec 08 19:46:05.468018 2014] [proxy_http:error] [pid 2748:tid 1496] (OS 10054)An existing connection was forcibly closed by the remote host.  : [client 190.27.41.181:19664] AH01102: error reading status line from remote server 172.22.1.31:80, referer: http://190.27.245.106/isolucionsda/FramesetArticulo.asp?Pagina=BancoConocimiento%2FL%2FLiquidaciondeprimatecnicanivelasesordirectivoyasesor%5Fv2%2FLiquidaciondeprimatecnicanivelasesordirectivoyasesor%5Fv2%2Easp&IdArticulo=1154
[Mon Dec 08 19:46:05.468018 2014] [proxy:error] [pid 2748:tid 1496] [client 190.27.41.181:19664] AH00898: Error reading from remote server returned by /isolucionsda/BancoConocimiento/L/Liquidaciondeprimatecnicanivelasesordirectivoyasesor_v2/Liquidaciondeprimatecnicanivelasesordirectivoyasesor_v2.asp, referer: http://190.27.245.106/isolucionsda/FramesetArticulo.asp?Pagina=BancoConocimiento%2FL%2FLiquidaciondeprimatecnicanivelasesordirectivoyasesor%5Fv2%2FLiquidaciondeprimatecnicanivelasesordirectivoyasesor%5Fv2%2Easp&IdArticulo=1154
[Mon Dec 08 19:46:18.712441 2014] [cgi:error] [pid 2748:tid 1820] [client 217.23.1.40:44577] script not found or unable to stat: E:/nuevo/cgi-bin/sys.cgi
[Mon Dec 08 19:57:06.971580 2014] [:error] [pid 2748:tid 1512] [client 181.124.99.122:10724] script 'E:/nuevo/htdocs/xmlrpc.php' not found or unable to stat
[Mon Dec 08 20:33:03.973768 2014] [mpm_winnt:warn] [pid 2748:tid 1984] (OS 64)The specified network name is no longer available.  : AH00341: winnt_accept: Asynchronous AcceptEx failed.
[Mon Dec 08 21:17:48.022883 2014] [mpm_winnt:warn] [pid 2748:tid 1984] (OS 64)The specified network name is no longer available.  : AH00341: winnt_accept: Asynchronous AcceptEx failed.
[Mon Dec 08 21:49:25.829616 2014] [:error] [pid 2748:tid 1700] [client 77.49.147.39:49225] script 'E:/nuevo/htdocs/xmlrpc.php' not found or unable to stat
[Mon Dec 08 22:42:09.594173 2014] [:error] [pid 2748:tid 1768] [client 168.235.154.2:42714] script 'E:/nuevo/htdocs/wp-login.php' not found or unable to stat
[Mon Dec 08 23:16:09.986157 2014] [:error] [pid 2748:tid 1496] [client 41.44.192.168:40864] script 'E:/nuevo/htdocs/xmlrpc.php' not found or unable to stat
[Mon Dec 08 23:18:21.104387 2014] [:error] [pid 2748:tid 1776] [client 94.204.121.12:62492] script 'E:/nuevo/htdocs/xmlrpc.php' not found or unable to stat
[Mon Dec 08 23:40:50.866558 2014] [:error] [pid 2748:tid 1548] [client 73.164.154.124:56345] script 'E:/nuevo/htdocs/xmlrpc.php' not found or unable to stat

:: Command execute ::

Enter:
 
Select:
 

:: Search ::
regexp 

:: Upload ::
 
[ ok ]

:: Make Dir ::
 
[ ok ]
:: Make File ::
 
[ ok ]

:: Go Dir ::
 
:: Go File ::
 

--[ c99shell v. 1.0 pre-release build #13 powered by Captain Crunch Security Team | http://ccteam.ru | Generation time: 0.0312 ]--