!C99Shell v. 1.0 pre-release build #13!

Software: Apache. PHP/5.5.15 

uname -a: Windows NT SVR-DMZ 6.1 build 7600 (Windows Server 2008 R2 Enterprise Edition) i586 

SYSTEM 

Safe-mode: OFF (not secure)

E:\nuevo\apache\logs\   drwxrwxrwx
Free 7.33 GB of 239.26 GB (3.07%)
Detected drives: [ a ] [ c ] [ d ] [ e ] [ f ]
Home    Back    Forward    UPDIR    Refresh    Search    Buffer    Encoder    Tools    Proc.    FTP brute    Sec.    SQL    PHP-code    Update    Feedback    Self remove    Logout    


Viewing file:     error.2014.12.30.log (25.41 KB)      -rw-rw-rw-
Select action/file-type:
(+) | (+) | (+) | Code (+) | Session (+) | (+) | SDB (+) | (+) | (+) | (+) | (+) | (+) |
[Tue Dec 30 00:36:07.170516 2014] [mpm_winnt:warn] [pid 2148:tid 2856] (OS 64)The specified network name is no longer available.  : AH00341: winnt_accept: Asynchronous AcceptEx failed.
[Tue Dec 30 01:04:06.171265 2014] [mpm_winnt:warn] [pid 2148:tid 2856] (OS 64)The specified network name is no longer available.  : AH00341: winnt_accept: Asynchronous AcceptEx failed.
[Tue Dec 30 02:16:50.201930 2014] [proxy_http:error] [pid 2148:tid 1080] (OS 10054)An existing connection was forcibly closed by the remote host.  : [client 201.244.43.101:16868] AH01102: error reading status line from remote server 172.22.1.31:80, referer: http://190.27.245.106/isolucionsda/FrameSetGeneral.asp?Pagina1=FrameSetGeneral.asp&
[Tue Dec 30 03:45:36.598285 2014] [:error] [pid 2148:tid 1740] [client 207.46.13.138:9535] script 'E:/nuevo/htdocs/emsproxy.php' not found or unable to stat
[Tue Dec 30 06:28:44.573277 2014] [mpm_winnt:warn] [pid 2148:tid 2856] (OS 64)The specified network name is no longer available.  : AH00341: winnt_accept: Asynchronous AcceptEx failed.
[Tue Dec 30 07:21:38.633852 2014] [proxy_http:error] [pid 2148:tid 1512] (20014)Internal error: [client 201.184.136.50:10151] AH01102: error reading status line from remote server 172.22.1.47:80, referer: http://190.27.245.106/forest/usutareas.do?group_system_actual=3&a=0.608729813946411
[Tue Dec 30 07:43:11.798124 2014] [core:error] [pid 2148:tid 1308] (20025)The given path contained wildcard characters: [client 94.23.214.161:58706] AH00036: access to /POT-2013/index.php?dir=Cartografia%2F&sa=U&ei=3ZmiVILPNcH-UKz6g6gL&ved=0CCcQFjADOMgB&usg=AFQjCNFTMmw9SPZoX6h_68KYmyR5tKIpRQ//xmlrpc.php failed (filesystem path 'E:/nuevo/htdocs/POT-2013/index.php?dir=Cartografia%2F&sa=U&ei=3ZmiVILPNcH-UKz6g6gL&ved=0CCcQFjADOMgB&usg=AFQjCNFTMmw9SPZoX6h_68KYmyR5tKIpRQ')
[Tue Dec 30 07:43:12.188124 2014] [:error] [pid 2148:tid 1308] [client 94.23.214.161:58724] script 'E:/nuevo/htdocs/xmlrpc.php' not found or unable to stat
[Tue Dec 30 07:43:12.562525 2014] [:error] [pid 2148:tid 1308] [client 94.23.214.161:58743] script 'E:/nuevo/htdocs/POT-2013/xmlrpc.php' not found or unable to stat
[Tue Dec 30 07:50:15.058067 2014] [:error] [pid 2148:tid 1196] [client 60.53.230.77:52592] script 'E:/nuevo/htdocs/xmlrpc.php' not found or unable to stat
[Tue Dec 30 07:58:34.040543 2014] [proxy_http:error] [pid 2148:tid 1724] (20014)Internal error: [client 201.184.136.50:10771] AH01102: error reading status line from remote server 172.22.1.47:80, referer: http://190.27.245.106/forest/usutareas.do?_a=0.946546888211742&group_system_actual=3
[Tue Dec 30 09:01:33.116981 2014] [proxy_http:error] [pid 2148:tid 1684] (OS 10054)An existing connection was forcibly closed by the remote host.  : [client 201.245.192.253:55492] AH01102: error reading status line from remote server 172.22.1.31:80, referer: http://190.27.245.106/isolucionsda/FrameSetGeneral.asp?Pagina1=FrameSetGeneral.asp&
[Tue Dec 30 09:01:33.116981 2014] [proxy:error] [pid 2148:tid 1684] [client 201.245.192.253:55492] AH00898: Error reading from remote server returned by /isolucionsda/BarraFavoritos.asp, referer: http://190.27.245.106/isolucionsda/FrameSetGeneral.asp?Pagina1=FrameSetGeneral.asp&
[Tue Dec 30 09:04:33.345098 2014] [proxy_http:error] [pid 2148:tid 1444] (20014)Internal error: [client 201.245.192.253:49310] AH01102: error reading status line from remote server 172.22.1.47:80
[Tue Dec 30 09:04:33.345098 2014] [proxy:error] [pid 2148:tid 1444] [client 201.245.192.253:49310] AH00898: Error reading from remote server returned by /forest/skins/gdocs-jar/css/menu.css
[Tue Dec 30 09:07:58.204658 2014] [core:error] [pid 2148:tid 1468] (22)Invalid argument: [client 180.76.5.65:64340] AH00127: Cannot map GET /Autoliquidacion/TR%C1MITES%20AGUAS%20SUPERFICIALES/Aplicativo%20Eval%202014.htm HTTP/1.1 to file
[Tue Dec 30 09:26:01.345760 2014] [mpm_winnt:warn] [pid 2148:tid 2856] (OS 64)The specified network name is no longer available.  : AH00341: winnt_accept: Asynchronous AcceptEx failed.
[Tue Dec 30 09:32:13.843214 2014] [:error] [pid 2148:tid 1380] [client 181.165.30.6:52037] script 'E:/nuevo/htdocs/xmlrpc.php' not found or unable to stat
[Tue Dec 30 09:38:53.250716 2014] [proxy_http:error] [pid 2148:tid 1676] (20014)Internal error: [client 201.245.192.253:51597] AH01102: error reading status line from remote server 172.22.1.47:80
[Tue Dec 30 09:38:53.250716 2014] [proxy:error] [pid 2148:tid 1676] [client 201.245.192.253:51597] AH00898: Error reading from remote server returned by /forest/css/index.css
[Tue Dec 30 09:57:16.656254 2014] [proxy_http:error] [pid 2148:tid 1112] (20014)Internal error: [client 201.245.192.253:50344] AH01102: error reading status line from remote server 172.22.1.47:80
[Tue Dec 30 09:57:16.656254 2014] [proxy:error] [pid 2148:tid 1112] [client 201.245.192.253:50344] AH00898: Error reading from remote server returned by /forest/skins/gdocs-jar/css/dialog.css
[Tue Dec 30 09:57:36.671089 2014] [proxy_http:error] [pid 2148:tid 1308] (20014)Internal error: [client 201.245.192.253:51313] AH01102: error reading status line from remote server 172.22.1.47:80
[Tue Dec 30 09:57:36.671089 2014] [proxy:error] [pid 2148:tid 1308] [client 201.245.192.253:51313] AH00898: Error reading from remote server returned by /forest/skins/gdocs-jar/css/forest.css
[Tue Dec 30 09:59:24.436078 2014] [proxy_http:error] [pid 2148:tid 1116] (20014)Internal error: [client 201.184.136.50:13105] AH01102: error reading status line from remote server 172.22.1.47:80, referer: http://190.27.245.106/forest/usutareas.do?group_system_actual=3&a=0.8087010465096682
[Tue Dec 30 10:10:23.647436 2014] [proxy_http:error] [pid 2148:tid 1076] (OS 10054)An existing connection was forcibly closed by the remote host.  : [client 201.245.192.253:58641] AH01102: error reading status line from remote server 172.22.1.31:80, referer: http://190.27.245.106/isolucionsda/Encabezado.asp?Pagina1=FrameSetGeneral.asp&&Pagina=MagazinHome.asp
[Tue Dec 30 10:10:23.647436 2014] [proxy:error] [pid 2148:tid 1076] [client 201.245.192.253:58641] AH00898: Error reading from remote server returned by /isolucionsda/Session.asp, referer: http://190.27.245.106/isolucionsda/Encabezado.asp?Pagina1=FrameSetGeneral.asp&&Pagina=MagazinHome.asp
[Tue Dec 30 10:10:48.264279 2014] [proxy_http:error] [pid 2148:tid 1532] (20014)Internal error: [client 201.245.192.253:47701] AH01102: error reading status line from remote server 172.22.1.47:80
[Tue Dec 30 10:10:48.264279 2014] [proxy:error] [pid 2148:tid 1532] [client 201.245.192.253:47701] AH00898: Error reading from remote server returned by /forest/skins/gdocs-jar/css/tree.css
[Tue Dec 30 10:10:48.264279 2014] [proxy_http:error] [pid 2148:tid 1596] (20014)Internal error: [client 201.245.192.253:47702] AH01102: error reading status line from remote server 172.22.1.47:80
[Tue Dec 30 10:10:48.264279 2014] [proxy:error] [pid 2148:tid 1596] [client 201.245.192.253:47702] AH00898: Error reading from remote server returned by /forest/js/load_func.js
[Tue Dec 30 10:16:10.670046 2014] [proxy_http:error] [pid 2148:tid 1532] (20014)Internal error: [client 201.184.136.50:13677] AH01102: error reading status line from remote server 172.22.1.47:80, referer: http://190.27.245.106/forest/usutareas.do?group_system_actual=3&a=0.08643212891183794
[Tue Dec 30 10:16:10.670046 2014] [proxy:error] [pid 2148:tid 1532] [client 201.184.136.50:13677] AH00898: Error reading from remote server returned by /forest/usutareas.do, referer: http://190.27.245.106/forest/usutareas.do?group_system_actual=3&a=0.08643212891183794
[Tue Dec 30 10:35:45.367709 2014] [proxy_http:error] [pid 2148:tid 1500] (20014)Internal error: [client 201.245.192.253:47906] AH01102: error reading status line from remote server 172.22.1.47:80, referer: http://190.27.245.106/forest/misactividades.do?group_system_actual=3&codPro=95&_a=0.5048668743620358
[Tue Dec 30 10:45:03.131089 2014] [proxy_http:error] [pid 2148:tid 1228] (20014)Internal error: [client 201.245.192.253:52512] AH01102: error reading status line from remote server 172.22.1.47:80
[Tue Dec 30 10:45:03.131089 2014] [proxy:error] [pid 2148:tid 1228] [client 201.245.192.253:52512] AH00898: Error reading from remote server returned by /forest/1ibre/jscalendar/calendar.js
[Tue Dec 30 10:52:09.963438 2014] [proxy_http:error] [pid 2148:tid 1828] (20014)Internal error: [client 201.245.192.253:50241] AH01102: error reading status line from remote server 172.22.1.47:80, referer: http://190.27.245.106/forest/usutareas.do?group_system_actual=3&codAct=1477&numPro=2983096&codPro=134&fecTra=2014-12-23%2020:58:17.0&codInst=3018756&codTraEsc=17174154
[Tue Dec 30 10:52:09.963438 2014] [proxy:error] [pid 2148:tid 1828] [client 201.245.192.253:50241] AH00898: Error reading from remote server returned by /forest/session.jsp, referer: http://190.27.245.106/forest/usutareas.do?group_system_actual=3&codAct=1477&numPro=2983096&codPro=134&fecTra=2014-12-23%2020:58:17.0&codInst=3018756&codTraEsc=17174154
[Tue Dec 30 10:52:09.963438 2014] [negotiation:error] [pid 2148:tid 1828] [client 201.245.192.253:50241] AH00690: no acceptable variant: E:/nuevo/apache/error/HTTP_BAD_GATEWAY.html.var, referer: http://190.27.245.106/forest/usutareas.do?group_system_actual=3&codAct=1477&numPro=2983096&codPro=134&fecTra=2014-12-23%2020:58:17.0&codInst=3018756&codTraEsc=17174154
[Tue Dec 30 10:52:43.441097 2014] [proxy_http:error] [pid 2148:tid 1588] (20014)Internal error: [client 201.245.192.253:51896] AH01102: error reading status line from remote server 172.22.1.47:80
[Tue Dec 30 10:52:43.441097 2014] [proxy:error] [pid 2148:tid 1588] [client 201.245.192.253:51896] AH00898: Error reading from remote server returned by /forest/img/lapiz.gif
[Tue Dec 30 10:52:56.342320 2014] [proxy_http:error] [pid 2148:tid 1508] (20014)Internal error: [client 201.245.192.253:52555] AH01102: error reading status line from remote server 172.22.1.47:80, referer: http://190.27.245.106/forest/buscar.do?type=procesos
[Tue Dec 30 10:53:25.732771 2014] [proxy_http:error] [pid 2148:tid 1112] (20014)Internal error: [client 201.245.192.253:54461] AH01102: error reading status line from remote server 172.22.1.47:80
[Tue Dec 30 10:53:25.732771 2014] [proxy:error] [pid 2148:tid 1112] [client 201.245.192.253:54461] AH00898: Error reading from remote server returned by /forest/skins/gdocs-jar/js/tareas.js
[Tue Dec 30 10:55:57.380638 2014] [proxy_http:error] [pid 2148:tid 1228] (20014)Internal error: [client 201.245.192.253:51896] AH01102: error reading status line from remote server 172.22.1.47:80
[Tue Dec 30 10:55:57.380638 2014] [proxy:error] [pid 2148:tid 1228] [client 201.245.192.253:51896] AH00898: Error reading from remote server returned by /forest/1ibre/jscalendar/calendar-win2k-1.css
[Tue Dec 30 10:59:57.778060 2014] [proxy_http:error] [pid 2148:tid 1508] (20014)Internal error: [client 201.245.192.253:52645] AH01102: error reading status line from remote server 172.22.1.47:80
[Tue Dec 30 10:59:57.778060 2014] [proxy:error] [pid 2148:tid 1508] [client 201.245.192.253:52645] AH00898: Error reading from remote server returned by /forest/skins/gdocs-jar/img/grid-next.gif
[Tue Dec 30 11:04:01.637688 2014] [proxy_http:error] [pid 2148:tid 1764] (20014)Internal error: [client 201.245.192.253:51875] AH01102: error reading status line from remote server 172.22.1.47:80, referer: http://190.27.245.106/forest/usutareas.do?group_system_actual=3&codAct=879&numPro=2936359&codPro=90&fecTra=2014-11-19%2017:17:11.946&codInst=2968909&codTraEsc=16928174
[Tue Dec 30 11:14:45.263619 2014] [proxy_http:error] [pid 2148:tid 1836] (OS 10054)An existing connection was forcibly closed by the remote host.  : [client 201.245.192.253:48996] AH01102: error reading status line from remote server 172.22.1.31:80, referer: http://190.27.245.106/isolucionsda/ListadoMaestroDocumentos3.asp
[Tue Dec 30 11:14:48.368024 2014] [proxy_http:error] [pid 2148:tid 1116] (OS 10054)An existing connection was forcibly closed by the remote host.  : [client 201.245.192.253:49235] AH01102: error reading status line from remote server 172.22.1.31:80, referer: http://190.27.245.106/isolucionsda/FrameSetGeneral.asp?Pagina=ListadoMaestroDocumentos3.asp
[Tue Dec 30 11:20:43.081447 2014] [proxy_http:error] [pid 2148:tid 1156] (20014)Internal error: [client 201.245.192.253:52828] AH01102: error reading status line from remote server 172.22.1.47:80
[Tue Dec 30 11:20:43.081447 2014] [proxy:error] [pid 2148:tid 1156] [client 201.245.192.253:52828] AH00898: Error reading from remote server returned by /forest/img/asociarUser.gif
[Tue Dec 30 11:24:50.529082 2014] [proxy_http:error] [pid 2148:tid 1644] (20014)Internal error: [client 201.245.192.253:51747] AH01102: error reading status line from remote server 172.22.1.47:80, referer: http://190.27.245.106/forest/usutareas.do?group_system_actual=3&a=0.8786688361272142
[Tue Dec 30 11:25:10.341117 2014] [proxy_http:error] [pid 2148:tid 1228] (20014)Internal error: [client 201.245.192.253:53238] AH01102: error reading status line from remote server 172.22.1.47:80
[Tue Dec 30 11:25:10.341117 2014] [proxy:error] [pid 2148:tid 1228] [client 201.245.192.253:53238] AH00898: Error reading from remote server returned by /forest/js/internJS.js
[Tue Dec 30 11:31:01.918934 2014] [mpm_winnt:warn] [pid 2148:tid 2856] (OS 64)The specified network name is no longer available.  : AH00341: winnt_accept: Asynchronous AcceptEx failed.
[Tue Dec 30 11:33:37.435607 2014] [proxy_http:error] [pid 2148:tid 1836] (20014)Internal error: [client 201.245.192.253:50693] AH01102: error reading status line from remote server 172.22.1.47:80
[Tue Dec 30 11:33:37.435607 2014] [proxy:error] [pid 2148:tid 1836] [client 201.245.192.253:50693] AH00898: Error reading from remote server returned by /forest/1ibre/jscalendar/lang/calendar-es.js
[Tue Dec 30 11:36:33.637917 2014] [core:warn] [pid 3564:tid 300] AH00098: pid file E:/nuevo/apache/logs/httpd.pid overwritten -- Unclean shutdown of previous Apache run?
[Tue Dec 30 11:36:33.637917 2014] [auth_digest:notice] [pid 3564:tid 300] AH01757: generating secret for digest authentication ...
[Tue Dec 30 11:36:34.043517 2014] [mpm_winnt:notice] [pid 3564:tid 300] AH00455: Apache/2.4.10 (Win32) OpenSSL/1.0.1i PHP/5.5.15 configured -- resuming normal operations
[Tue Dec 30 11:36:34.043517 2014] [mpm_winnt:notice] [pid 3564:tid 300] AH00456: Apache Lounge VC11 Server built: Jul 17 2014 11:50:08
[Tue Dec 30 11:36:34.043517 2014] [core:notice] [pid 3564:tid 300] AH00094: Command line: 'e:\\nuevo\\apache\\bin\\httpd.exe -d E:/nuevo/apache'
[Tue Dec 30 11:36:34.043517 2014] [mpm_winnt:notice] [pid 3564:tid 300] AH00418: Parent: Created child process 6516
[Tue Dec 30 11:36:34.745519 2014] [auth_digest:notice] [pid 6516:tid 312] AH01757: generating secret for digest authentication ...
[Tue Dec 30 11:36:34.995119 2014] [mpm_winnt:notice] [pid 6516:tid 312] AH00354: Child: Starting 150 worker threads.
[Tue Dec 30 11:48:35.997186 2014] [proxy_http:error] [pid 6516:tid 1704] (20014)Internal error: [client 201.245.192.253:47544] AH01102: error reading status line from remote server 172.22.1.47:80, referer: http://190.27.245.106/forest/index2.jsp?_a=0.40104761892062346
[Tue Dec 30 13:18:13.999432 2014] [proxy:error] [pid 6516:tid 1796] (OS 10061)No connection could be made because the target machine actively refused it.  : AH00957: HTTP: attempt to connect to 172.22.1.36:8080 (172.22.1.36) failed
[Tue Dec 30 13:18:13.999432 2014] [proxy:error] [pid 6516:tid 1796] AH00959: ap_proxy_connect_backend disabling worker for (172.22.1.36) for 60s
[Tue Dec 30 13:18:13.999432 2014] [proxy_http:error] [pid 6516:tid 1796] [client 66.249.64.171:33914] AH01114: HTTP: failed to make connection to backend: 172.22.1.36
[Tue Dec 30 14:12:20.771734 2014] [:error] [pid 6516:tid 1808] [client 119.207.228.216:57483] script 'E:/nuevo/htdocs/xmlrpc.php' not found or unable to stat
[Tue Dec 30 14:43:43.212441 2014] [proxy:error] [pid 6516:tid 1704] (OS 10061)No connection could be made because the target machine actively refused it.  : AH00957: HTTP: attempt to connect to 172.22.1.36:8080 (172.22.1.36) failed
[Tue Dec 30 14:43:43.212441 2014] [proxy:error] [pid 6516:tid 1704] AH00959: ap_proxy_connect_backend disabling worker for (172.22.1.36) for 60s
[Tue Dec 30 14:43:43.212441 2014] [proxy_http:error] [pid 6516:tid 1704] [client 201.245.192.253:55191] AH01114: HTTP: failed to make connection to backend: 172.22.1.36
[Tue Dec 30 15:11:05.583325 2014] [:error] [pid 6516:tid 1680] [client 188.2.50.44:61307] script 'E:/nuevo/htdocs/xmlrpc.php' not found or unable to stat
[Tue Dec 30 15:11:53.366209 2014] [proxy_http:error] [pid 6516:tid 1792] (OS 10054)An existing connection was forcibly closed by the remote host.  : [client 201.245.192.253:50976] AH01102: error reading status line from remote server 172.22.1.31:80, referer: http://190.27.245.106/isolucionsda/FrameSetGeneral.asp?Pagina1=FrameSetGeneral.asp&
[Tue Dec 30 15:11:53.366209 2014] [proxy:error] [pid 6516:tid 1792] [client 201.245.192.253:50976] AH00898: Error reading from remote server returned by /isolucionsda/BarraTitulos.asp, referer: http://190.27.245.106/isolucionsda/FrameSetGeneral.asp?Pagina1=FrameSetGeneral.asp&
[Tue Dec 30 15:17:06.068759 2014] [proxy_http:error] [pid 6516:tid 1736] (OS 10054)An existing connection was forcibly closed by the remote host.  : [client 201.245.192.253:54408] AH01102: error reading status line from remote server 172.22.1.31:80, referer: http://190.27.245.106/isolucionsda/FrameSetGeneral.asp?Pagina=FiltroNoConformidades.asp&Estado=Abiertas&PintarAuditorias=SI&EsAbierta=1&ConMenu=NO
[Tue Dec 30 15:17:06.068759 2014] [proxy:error] [pid 6516:tid 1736] [client 201.245.192.253:54408] AH00898: Error reading from remote server returned by /isolucionsda/FiltroNoConformidades.asp, referer: http://190.27.245.106/isolucionsda/FrameSetGeneral.asp?Pagina=FiltroNoConformidades.asp&Estado=Abiertas&PintarAuditorias=SI&EsAbierta=1&ConMenu=NO
[Tue Dec 30 15:36:29.644602 2014] [proxy_http:error] [pid 6516:tid 1760] (OS 10054)An existing connection was forcibly closed by the remote host.  : [client 201.245.192.253:59733] AH01102: error reading status line from remote server 172.22.1.31:80, referer: http://190.27.245.106/isolucionsda/FrameSetGeneral.asp?Pagina=Administracion/SalaEdicion/Magazines.asp
[Tue Dec 30 15:36:29.644602 2014] [proxy:error] [pid 6516:tid 1760] [client 201.245.192.253:59733] AH00898: Error reading from remote server returned by /isolucionsda/BarraTitulos.asp, referer: http://190.27.245.106/isolucionsda/FrameSetGeneral.asp?Pagina=Administracion/SalaEdicion/Magazines.asp
[Tue Dec 30 15:40:41.787845 2014] [proxy_http:error] [pid 6516:tid 1664] (OS 10054)An existing connection was forcibly closed by the remote host.  : [client 201.245.192.253:59595] AH01102: error reading status line from remote server 172.22.1.31:80, referer: http://190.27.245.106/isolucionsda/Administracion/SalaEdicion/Articulo.asp
[Tue Dec 30 15:45:41.620372 2014] [proxy_http:error] [pid 6516:tid 1680] (OS 10054)An existing connection was forcibly closed by the remote host.  : [client 201.245.192.253:48096] AH01102: error reading status line from remote server 172.22.1.31:80, referer: http://190.27.245.106/isolucionsda/Menu.asp?Pagina=Menu.asp&IdModulo=4
[Tue Dec 30 15:45:41.620372 2014] [proxy:error] [pid 6516:tid 1680] [client 201.245.192.253:48096] AH00898: Error reading from remote server returned by /isolucionsda/FrameSetGeneral.asp, referer: http://190.27.245.106/isolucionsda/Menu.asp?Pagina=Menu.asp&IdModulo=4
[Tue Dec 30 15:45:48.078783 2014] [proxy_http:error] [pid 6516:tid 1528] (OS 10054)An existing connection was forcibly closed by the remote host.  : [client 201.245.192.253:48378] AH01102: error reading status line from remote server 172.22.1.31:80, referer: http://190.27.245.106/isolucionsda/FrameSetGeneral.asp?Pagina=Administracion/SalaEdicion/Magazines.asp
[Tue Dec 30 15:45:48.078783 2014] [proxy:error] [pid 6516:tid 1528] [client 201.245.192.253:48378] AH00898: Error reading from remote server returned by /isolucionsda/BarraTitulos.asp, referer: http://190.27.245.106/isolucionsda/FrameSetGeneral.asp?Pagina=Administracion/SalaEdicion/Magazines.asp
[Tue Dec 30 15:46:27.531252 2014] [proxy_http:error] [pid 6516:tid 1792] (OS 10054)An existing connection was forcibly closed by the remote host.  : [client 201.244.55.205:12799] AH01102: error reading status line from remote server 172.22.1.31:80, referer: http://190.27.245.106/isolucionsda/Encabezado.asp?Pagina1=FrameSetGeneral.asp&&Pagina=MagazinHome.asp
[Tue Dec 30 15:46:27.531252 2014] [proxy:error] [pid 6516:tid 1792] [client 201.244.55.205:12799] AH00898: Error reading from remote server returned by /isolucionsda/g/Bot_Siguiente.jpg, referer: http://190.27.245.106/isolucionsda/Encabezado.asp?Pagina1=FrameSetGeneral.asp&&Pagina=MagazinHome.asp
[Tue Dec 30 15:47:09.027325 2014] [proxy_http:error] [pid 6516:tid 1552] (70008)Partial results are valid but processing is incomplete: [client 181.136.174.88:53508] AH01110: error reading response, referer: http://190.27.245.106/forest/usutareas.do?group_system_actual=3&a=0.2792754768690704
[Tue Dec 30 15:51:16.303360 2014] [proxy_http:error] [pid 6516:tid 1664] (20014)Internal error: [client 201.245.192.253:49506] AH01102: error reading status line from remote server 172.22.1.47:80
[Tue Dec 30 15:51:16.303360 2014] [proxy:error] [pid 6516:tid 1664] [client 201.245.192.253:49506] AH00898: Error reading from remote server returned by /forest/css/autocomplete.css
[Tue Dec 30 15:51:29.204582 2014] [proxy:error] [pid 6516:tid 1856] (OS 10053)An established connection was aborted by the software in your host machine.  : [client 181.136.174.88:54560] AH01084: pass request body failed to 172.22.1.47:80 (172.22.1.47), referer: http://190.27.245.106/forest/usutareas.do?group_system_actual=3&a=0.2792754768690704
[Tue Dec 30 15:51:29.204582 2014] [proxy_http:error] [pid 6516:tid 1856] [client 181.136.174.88:54560] AH01097: pass request body failed to 172.22.1.47:80 (172.22.1.47) from 181.136.174.88 (), referer: http://190.27.245.106/forest/usutareas.do?group_system_actual=3&a=0.2792754768690704
[Tue Dec 30 16:04:54.165996 2014] [proxy_http:error] [pid 6516:tid 1608] (OS 10054)An existing connection was forcibly closed by the remote host.  : [client 201.184.99.201:49412] AH01102: error reading status line from remote server 172.22.1.31:80, referer: http://190.27.245.106/isolucionsda/Administracion/SalaEdicion/Articulo.asp?Id_Articulo=8119
[Tue Dec 30 16:04:54.165996 2014] [proxy:error] [pid 6516:tid 1608] [client 201.184.99.201:49412] AH00898: Error reading from remote server returned by /isolucionsda/g/Img_Lado02H.gif, referer: http://190.27.245.106/isolucionsda/Administracion/SalaEdicion/Articulo.asp?Id_Articulo=8119
[Tue Dec 30 16:31:42.748222 2014] [proxy_http:error] [pid 6516:tid 1696] (OS 10054)An existing connection was forcibly closed by the remote host.  : [client 201.245.192.253:53413] AH01102: error reading status line from remote server 172.22.1.31:80, referer: http://190.27.245.106/isolucionsda/FrameSetGeneral.asp?Pagina=MagazinHome.asp
[Tue Dec 30 16:31:42.748222 2014] [proxy:error] [pid 6516:tid 1696] [client 201.245.192.253:53413] AH00898: Error reading from remote server returned by /isolucionsda/BarraFavoritos.asp, referer: http://190.27.245.106/isolucionsda/FrameSetGeneral.asp?Pagina=MagazinHome.asp
[Tue Dec 30 16:31:44.495425 2014] [proxy_http:error] [pid 6516:tid 1840] (OS 10054)An existing connection was forcibly closed by the remote host.  : [client 201.245.192.253:53412] AH01102: error reading status line from remote server 172.22.1.31:80, referer: http://190.27.245.106/isolucionsda/DetalleTareas.aspx?Number=54495154554968654555
[Tue Dec 30 17:20:18.035542 2014] [proxy_http:error] [pid 6516:tid 1480] (OS 10054)An existing connection was forcibly closed by the remote host.  : [client 201.184.99.201:49792] AH01102: error reading status line from remote server 172.22.1.31:80, referer: http://190.27.245.106/isolucionsda/Administracion/SalaEdicion/Articulo.asp?Id_Articulo=5666
[Tue Dec 30 17:20:18.035542 2014] [proxy:error] [pid 6516:tid 1480] [client 201.184.99.201:49792] AH00898: Error reading from remote server returned by /isolucionsda/javascript/ClickValidation.js, referer: http://190.27.245.106/isolucionsda/Administracion/SalaEdicion/Articulo.asp?Id_Articulo=5666
[Tue Dec 30 17:24:56.730031 2014] [mpm_winnt:warn] [pid 6516:tid 2688] (OS 64)The specified network name is no longer available.  : AH00341: winnt_accept: Asynchronous AcceptEx failed.
[Tue Dec 30 18:17:15.628145 2014] [mpm_winnt:warn] [pid 6516:tid 2688] (OS 64)The specified network name is no longer available.  : AH00341: winnt_accept: Asynchronous AcceptEx failed.
[Tue Dec 30 20:42:56.091497 2014] [proxy:error] [pid 6516:tid 1528] (OS 10061)No connection could be made because the target machine actively refused it.  : AH00957: HTTP: attempt to connect to 172.22.1.36:8080 (172.22.1.36) failed
[Tue Dec 30 20:42:56.091497 2014] [proxy:error] [pid 6516:tid 1528] AH00959: ap_proxy_connect_backend disabling worker for (172.22.1.36) for 60s
[Tue Dec 30 20:42:56.091497 2014] [proxy_http:error] [pid 6516:tid 1528] [client 66.249.64.167:54331] AH01114: HTTP: failed to make connection to backend: 172.22.1.36
[Tue Dec 30 20:58:54.339780 2014] [mpm_winnt:warn] [pid 6516:tid 2688] (OS 64)The specified network name is no longer available.  : AH00341: winnt_accept: Asynchronous AcceptEx failed.
[Tue Dec 30 20:58:54.339780 2014] [mpm_winnt:warn] [pid 6516:tid 2688] (OS 64)The specified network name is no longer available.  : AH00341: winnt_accept: Asynchronous AcceptEx failed.
[Tue Dec 30 22:31:01.118487 2014] [:error] [pid 6516:tid 1552] [client 93.43.152.160:50572] script 'E:/nuevo/htdocs/xmlrpc.php' not found or unable to stat

:: Command execute ::

Enter:
 
Select:
 

:: Search ::
regexp 

:: Upload ::
 
[ ok ]

:: Make Dir ::
 
[ ok ]
:: Make File ::
 
[ ok ]

:: Go Dir ::
 
:: Go File ::
 

--[ c99shell v. 1.0 pre-release build #13 powered by Captain Crunch Security Team | http://ccteam.ru | Generation time: 0.0624 ]--