!C99Shell v. 1.0 pre-release build #13!

Software: Apache. PHP/5.5.15 

uname -a: Windows NT SVR-DMZ 6.1 build 7600 (Windows Server 2008 R2 Enterprise Edition) i586 

SYSTEM 

Safe-mode: OFF (not secure)

E:\nuevo\apache\logs\   drwxrwxrwx
Free 7.33 GB of 239.26 GB (3.07%)
Detected drives: [ a ] [ c ] [ d ] [ e ] [ f ]
Home    Back    Forward    UPDIR    Refresh    Search    Buffer    Encoder    Tools    Proc.    FTP brute    Sec.    SQL    PHP-code    Update    Feedback    Self remove    Logout    


Viewing file:     error.2015.01.19.log (67.86 KB)      -rw-rw-rw-
Select action/file-type:
(+) | (+) | (+) | Code (+) | Session (+) | (+) | SDB (+) | (+) | (+) | (+) | (+) | (+) |
[Mon Jan 19 05:39:42.686060 2015] [proxy:error] [pid 7644:tid 1608] (OS 10061)No connection could be made because the target machine actively refused it.  : AH00957: HTTP: attempt to connect to 172.22.1.36:8080 (172.22.1.36) failed
[Mon Jan 19 05:39:42.686060 2015] [proxy:error] [pid 7644:tid 1608] AH00959: ap_proxy_connect_backend disabling worker for (172.22.1.36) for 60s
[Mon Jan 19 05:39:42.686060 2015] [proxy_http:error] [pid 7644:tid 1608] [client 66.249.73.163:41113] AH01114: HTTP: failed to make connection to backend: 172.22.1.36
[Mon Jan 19 07:42:18.398380 2015] [proxy_http:error] [pid 7644:tid 1848] (OS 10054)An existing connection was forcibly closed by the remote host.  : [client 201.244.55.205:12601] AH01102: error reading status line from remote server 172.22.1.31:80, referer: http://190.27.245.106/isolucionsda/Encabezado.asp?Pagina1=FrameSetGeneral.asp&&Pagina=MagazinHome.asp
[Mon Jan 19 07:48:20.100615 2015] [proxy_http:error] [pid 7644:tid 1552] (OS 10054)An existing connection was forcibly closed by the remote host.  : [client 201.245.192.253:58613] AH01102: error reading status line from remote server 172.22.1.31:80
[Mon Jan 19 07:48:20.100615 2015] [proxy:error] [pid 7644:tid 1552] [client 201.245.192.253:58613] AH00898: Error reading from remote server returned by /isolucionsda/Session.asp
[Mon Jan 19 08:43:33.469435 2015] [proxy_http:error] [pid 7644:tid 1076] (20014)Internal error: [client 201.245.192.253:54626] AH01102: error reading status line from remote server 172.22.1.47:80
[Mon Jan 19 08:43:33.469435 2015] [proxy:error] [pid 7644:tid 1076] [client 201.245.192.253:54626] AH00898: Error reading from remote server returned by /forest/skins/gdocs-jar/img/asociarUserOtraDependencia.gif
[Mon Jan 19 08:43:33.469435 2015] [proxy_http:error] [pid 7644:tid 1524] (20014)Internal error: [client 201.245.192.253:54629] AH01102: error reading status line from remote server 172.22.1.47:80
[Mon Jan 19 08:43:33.469435 2015] [proxy:error] [pid 7644:tid 1524] [client 201.245.192.253:54629] AH00898: Error reading from remote server returned by /forest/js/usutareas-docs.js
[Mon Jan 19 09:08:20.526447 2015] [proxy:error] [pid 7644:tid 1076] (OS 10060)A connection attempt failed because the connected party did not properly respond after a period of time, or established connection failed because connected host has failed to respond.  : AH00957: HTTP: attempt to connect to 172.22.1.43:7778 (172.22.1.43) failed
[Mon Jan 19 09:08:20.526447 2015] [proxy:error] [pid 7644:tid 1076] AH00959: ap_proxy_connect_backend disabling worker for (172.22.1.43) for 60s
[Mon Jan 19 09:08:20.526447 2015] [proxy_http:error] [pid 7644:tid 1076] [client 181.54.232.60:49806] AH01114: HTTP: failed to make connection to backend: 172.22.1.43
[Mon Jan 19 09:08:21.587248 2015] [proxy:error] [pid 7644:tid 1456] AH00940: HTTP: disabled connection for (172.22.1.43)
[Mon Jan 19 09:08:22.648050 2015] [proxy:error] [pid 7644:tid 1784] AH00940: HTTP: disabled connection for (172.22.1.43)
[Mon Jan 19 09:08:23.724452 2015] [proxy:error] [pid 7644:tid 1076] AH00940: HTTP: disabled connection for (172.22.1.43)
[Mon Jan 19 09:08:24.925654 2015] [proxy:error] [pid 7644:tid 1456] AH00940: HTTP: disabled connection for (172.22.1.43)
[Mon Jan 19 09:08:25.986456 2015] [proxy:error] [pid 7644:tid 1784] AH00940: HTTP: disabled connection for (172.22.1.43)
[Mon Jan 19 09:08:27.140858 2015] [proxy:error] [pid 7644:tid 1624] AH00940: HTTP: disabled connection for (172.22.1.43)
[Mon Jan 19 09:08:28.186060 2015] [proxy:error] [pid 7644:tid 1576] AH00940: HTTP: disabled connection for (172.22.1.43)
[Mon Jan 19 09:08:29.278062 2015] [proxy:error] [pid 7644:tid 1784] AH00940: HTTP: disabled connection for (172.22.1.43)
[Mon Jan 19 09:08:30.401264 2015] [proxy:error] [pid 7644:tid 1624] AH00940: HTTP: disabled connection for (172.22.1.43)
[Mon Jan 19 09:08:31.711666 2015] [proxy:error] [pid 7644:tid 1576] AH00940: HTTP: disabled connection for (172.22.1.43)
[Mon Jan 19 09:08:33.053269 2015] [proxy:error] [pid 7644:tid 1624] AH00940: HTTP: disabled connection for (172.22.1.43)
[Mon Jan 19 09:08:34.114070 2015] [proxy:error] [pid 7644:tid 1304] AH00940: HTTP: disabled connection for (172.22.1.43)
[Mon Jan 19 09:08:34.316871 2015] [proxy:error] [pid 7644:tid 1576] AH00940: HTTP: disabled connection for (172.22.1.43)
[Mon Jan 19 09:08:35.174872 2015] [proxy:error] [pid 7644:tid 1784] AH00940: HTTP: disabled connection for (172.22.1.43)
[Mon Jan 19 09:08:35.346473 2015] [proxy:error] [pid 7644:tid 1456] AH00940: HTTP: disabled connection for (172.22.1.43)
[Mon Jan 19 09:08:36.220074 2015] [proxy:error] [pid 7644:tid 1624] AH00940: HTTP: disabled connection for (172.22.1.43)
[Mon Jan 19 09:08:36.376074 2015] [proxy:error] [pid 7644:tid 1600] AH00940: HTTP: disabled connection for (172.22.1.43)
[Mon Jan 19 09:08:37.265276 2015] [proxy:error] [pid 7644:tid 1576] AH00940: HTTP: disabled connection for (172.22.1.43)
[Mon Jan 19 09:08:37.405676 2015] [proxy:error] [pid 7644:tid 1304] AH00940: HTTP: disabled connection for (172.22.1.43)
[Mon Jan 19 09:08:38.310478 2015] [proxy:error] [pid 7644:tid 1076] AH00940: HTTP: disabled connection for (172.22.1.43)
[Mon Jan 19 09:08:38.450878 2015] [proxy:error] [pid 7644:tid 1456] AH00940: HTTP: disabled connection for (172.22.1.43)
[Mon Jan 19 09:08:39.449280 2015] [proxy:error] [pid 7644:tid 1600] AH00940: HTTP: disabled connection for (172.22.1.43)
[Mon Jan 19 09:08:39.511680 2015] [proxy:error] [pid 7644:tid 1784] AH00940: HTTP: disabled connection for (172.22.1.43)
[Mon Jan 19 09:08:40.525682 2015] [proxy:error] [pid 7644:tid 1624] AH00940: HTTP: disabled connection for (172.22.1.43)
[Mon Jan 19 09:08:40.556882 2015] [proxy:error] [pid 7644:tid 1576] AH00940: HTTP: disabled connection for (172.22.1.43)
[Mon Jan 19 09:08:41.570883 2015] [proxy:error] [pid 7644:tid 1076] AH00940: HTTP: disabled connection for (172.22.1.43)
[Mon Jan 19 09:08:41.586484 2015] [proxy:error] [pid 7644:tid 1456] AH00940: HTTP: disabled connection for (172.22.1.43)
[Mon Jan 19 09:08:42.616085 2015] [proxy:error] [pid 7644:tid 1388] AH00940: HTTP: disabled connection for (172.22.1.43)
[Mon Jan 19 09:08:42.647285 2015] [proxy:error] [pid 7644:tid 1400] AH00940: HTTP: disabled connection for (172.22.1.43)
[Mon Jan 19 09:08:43.661287 2015] [proxy:error] [pid 7644:tid 1256] AH00940: HTTP: disabled connection for (172.22.1.43)
[Mon Jan 19 09:08:43.739287 2015] [proxy:error] [pid 7644:tid 1576] AH00940: HTTP: disabled connection for (172.22.1.43)
[Mon Jan 19 09:08:44.690889 2015] [proxy:error] [pid 7644:tid 1456] AH00940: HTTP: disabled connection for (172.22.1.43)
[Mon Jan 19 09:08:44.831289 2015] [proxy:error] [pid 7644:tid 1076] AH00940: HTTP: disabled connection for (172.22.1.43)
[Mon Jan 19 09:08:45.720491 2015] [proxy:error] [pid 7644:tid 1400] AH00940: HTTP: disabled connection for (172.22.1.43)
[Mon Jan 19 09:08:45.907691 2015] [proxy:error] [pid 7644:tid 1388] AH00940: HTTP: disabled connection for (172.22.1.43)
[Mon Jan 19 09:08:46.765693 2015] [proxy:error] [pid 7644:tid 1256] AH00940: HTTP: disabled connection for (172.22.1.43)
[Mon Jan 19 09:08:46.952893 2015] [proxy:error] [pid 7644:tid 1576] AH00940: HTTP: disabled connection for (172.22.1.43)
[Mon Jan 19 09:08:47.810894 2015] [proxy:error] [pid 7644:tid 1456] AH00940: HTTP: disabled connection for (172.22.1.43)
[Mon Jan 19 09:08:48.029295 2015] [proxy:error] [pid 7644:tid 1092] AH00940: HTTP: disabled connection for (172.22.1.43)
[Mon Jan 19 09:08:48.840496 2015] [proxy:error] [pid 7644:tid 1388] AH00940: HTTP: disabled connection for (172.22.1.43)
[Mon Jan 19 09:08:49.199297 2015] [proxy:error] [pid 7644:tid 1400] AH00940: HTTP: disabled connection for (172.22.1.43)
[Mon Jan 19 09:08:49.870098 2015] [proxy:error] [pid 7644:tid 1256] AH00940: HTTP: disabled connection for (172.22.1.43)
[Mon Jan 19 09:08:50.447299 2015] [proxy:error] [pid 7644:tid 1456] AH00940: HTTP: disabled connection for (172.22.1.43)
[Mon Jan 19 09:08:50.930900 2015] [proxy:error] [pid 7644:tid 1092] AH00940: HTTP: disabled connection for (172.22.1.43)
[Mon Jan 19 09:08:51.523701 2015] [proxy:error] [pid 7644:tid 1728] AH00940: HTTP: disabled connection for (172.22.1.43)
[Mon Jan 19 09:08:51.710901 2015] [proxy:error] [pid 7644:tid 1784] AH00940: HTTP: disabled connection for (172.22.1.43)
[Mon Jan 19 09:08:51.960502 2015] [proxy:error] [pid 7644:tid 1400] AH00940: HTTP: disabled connection for (172.22.1.43)
[Mon Jan 19 09:08:52.646903 2015] [proxy:error] [pid 7644:tid 1256] AH00940: HTTP: disabled connection for (172.22.1.43)
[Mon Jan 19 09:08:52.787303 2015] [proxy:error] [pid 7644:tid 1600] AH00940: HTTP: disabled connection for (172.22.1.43)
[Mon Jan 19 09:08:52.990104 2015] [proxy:error] [pid 7644:tid 1456] AH00940: HTTP: disabled connection for (172.22.1.43)
[Mon Jan 19 09:08:53.692105 2015] [proxy:error] [pid 7644:tid 1092] AH00940: HTTP: disabled connection for (172.22.1.43)
[Mon Jan 19 09:08:53.848105 2015] [proxy:error] [pid 7644:tid 1304] AH00940: HTTP: disabled connection for (172.22.1.43)
[Mon Jan 19 09:08:54.019705 2015] [proxy:error] [pid 7644:tid 1796] AH00940: HTTP: disabled connection for (172.22.1.43)
[Mon Jan 19 09:08:54.924507 2015] [proxy:error] [pid 7644:tid 1400] AH00940: HTTP: disabled connection for (172.22.1.43)
[Mon Jan 19 09:08:55.049307 2015] [proxy:error] [pid 7644:tid 1784] AH00940: HTTP: disabled connection for (172.22.1.43)
[Mon Jan 19 09:08:56.016509 2015] [proxy:error] [pid 7644:tid 1456] AH00940: HTTP: disabled connection for (172.22.1.43)
[Mon Jan 19 09:08:56.094509 2015] [proxy:error] [pid 7644:tid 1600] AH00940: HTTP: disabled connection for (172.22.1.43)
[Mon Jan 19 09:08:57.092911 2015] [proxy:error] [pid 7644:tid 1796] AH00940: HTTP: disabled connection for (172.22.1.43)
[Mon Jan 19 09:08:57.139711 2015] [proxy:error] [pid 7644:tid 1304] AH00940: HTTP: disabled connection for (172.22.1.43)
[Mon Jan 19 09:08:58.169313 2015] [proxy:error] [pid 7644:tid 1784] AH00940: HTTP: disabled connection for (172.22.1.43)
[Mon Jan 19 09:08:58.169313 2015] [proxy:error] [pid 7644:tid 1400] AH00940: HTTP: disabled connection for (172.22.1.43)
[Mon Jan 19 09:08:59.230114 2015] [proxy:error] [pid 7644:tid 1600] AH00940: HTTP: disabled connection for (172.22.1.43)
[Mon Jan 19 09:08:59.245715 2015] [proxy:error] [pid 7644:tid 1456] AH00940: HTTP: disabled connection for (172.22.1.43)
[Mon Jan 19 09:09:00.275316 2015] [proxy:error] [pid 7644:tid 1304] AH00940: HTTP: disabled connection for (172.22.1.43)
[Mon Jan 19 09:09:00.337716 2015] [proxy:error] [pid 7644:tid 1796] AH00940: HTTP: disabled connection for (172.22.1.43)
[Mon Jan 19 09:09:01.304918 2015] [proxy:error] [pid 7644:tid 1456] AH00940: HTTP: disabled connection for (172.22.1.43)
[Mon Jan 19 09:09:01.429718 2015] [proxy:error] [pid 7644:tid 1304] AH00940: HTTP: disabled connection for (172.22.1.43)
[Mon Jan 19 09:09:02.350120 2015] [proxy:error] [pid 7644:tid 1576] AH00940: HTTP: disabled connection for (172.22.1.43)
[Mon Jan 19 09:09:02.506120 2015] [proxy:error] [pid 7644:tid 1784] AH00940: HTTP: disabled connection for (172.22.1.43)
[Mon Jan 19 09:09:03.379722 2015] [proxy:error] [pid 7644:tid 1400] AH00940: HTTP: disabled connection for (172.22.1.43)
[Mon Jan 19 09:09:03.598122 2015] [proxy:error] [pid 7644:tid 1092] AH00940: HTTP: disabled connection for (172.22.1.43)
[Mon Jan 19 09:09:04.424924 2015] [proxy:error] [pid 7644:tid 1304] AH00940: HTTP: disabled connection for (172.22.1.43)
[Mon Jan 19 09:09:04.674524 2015] [proxy:error] [pid 7644:tid 1456] AH00940: HTTP: disabled connection for (172.22.1.43)
[Mon Jan 19 09:09:05.454525 2015] [proxy:error] [pid 7644:tid 1752] AH00940: HTTP: disabled connection for (172.22.1.43)
[Mon Jan 19 09:09:05.735326 2015] [proxy:error] [pid 7644:tid 1568] AH00940: HTTP: disabled connection for (172.22.1.43)
[Mon Jan 19 09:09:06.827328 2015] [proxy:error] [pid 7644:tid 1092] AH00940: HTTP: disabled connection for (172.22.1.43)
[Mon Jan 19 09:09:07.903730 2015] [proxy:error] [pid 7644:tid 1456] AH00940: HTTP: disabled connection for (172.22.1.43)
[Mon Jan 19 09:09:08.980132 2015] [proxy:error] [pid 7644:tid 1568] AH00940: HTTP: disabled connection for (172.22.1.43)
[Mon Jan 19 09:09:10.072134 2015] [proxy:error] [pid 7644:tid 1092] AH00940: HTTP: disabled connection for (172.22.1.43)
[Mon Jan 19 09:09:11.148535 2015] [proxy:error] [pid 7644:tid 1456] AH00940: HTTP: disabled connection for (172.22.1.43)
[Mon Jan 19 09:09:12.224937 2015] [proxy:error] [pid 7644:tid 1568] AH00940: HTTP: disabled connection for (172.22.1.43)
[Mon Jan 19 09:09:13.301339 2015] [proxy:error] [pid 7644:tid 1600] AH00940: HTTP: disabled connection for (172.22.1.43)
[Mon Jan 19 09:09:14.393341 2015] [proxy:error] [pid 7644:tid 1456] AH00940: HTTP: disabled connection for (172.22.1.43)
[Mon Jan 19 09:09:15.469743 2015] [proxy:error] [pid 7644:tid 1796] AH00940: HTTP: disabled connection for (172.22.1.43)
[Mon Jan 19 09:09:16.546145 2015] [proxy:error] [pid 7644:tid 1600] AH00940: HTTP: disabled connection for (172.22.1.43)
[Mon Jan 19 09:09:16.764545 2015] [proxy:error] [pid 7644:tid 1568] AH00940: HTTP: disabled connection for (172.22.1.43)
[Mon Jan 19 09:09:17.622547 2015] [proxy:error] [pid 7644:tid 1456] AH00940: HTTP: disabled connection for (172.22.1.43)
[Mon Jan 19 09:09:18.714549 2015] [proxy:error] [pid 7644:tid 1796] AH00940: HTTP: disabled connection for (172.22.1.43)
[Mon Jan 19 09:09:19.775351 2015] [proxy:error] [pid 7644:tid 1600] AH00940: HTTP: disabled connection for (172.22.1.43)
[Mon Jan 19 09:09:21.896954 2015] [proxy:error] [pid 7644:tid 1092] (OS 10061)No connection could be made because the target machine actively refused it.  : AH00957: HTTP: attempt to connect to 172.22.1.43:7778 (172.22.1.43) failed
[Mon Jan 19 09:09:21.896954 2015] [proxy:error] [pid 7644:tid 1092] AH00959: ap_proxy_connect_backend disabling worker for (172.22.1.43) for 60s
[Mon Jan 19 09:09:21.896954 2015] [proxy_http:error] [pid 7644:tid 1092] [client 186.30.66.175:23912] AH01114: HTTP: failed to make connection to backend: 172.22.1.43
[Mon Jan 19 09:09:22.973356 2015] [proxy:error] [pid 7644:tid 1600] AH00940: HTTP: disabled connection for (172.22.1.43)
[Mon Jan 19 09:09:24.049758 2015] [proxy:error] [pid 7644:tid 1092] AH00940: HTTP: disabled connection for (172.22.1.43)
[Mon Jan 19 09:09:25.126160 2015] [proxy:error] [pid 7644:tid 1728] AH00940: HTTP: disabled connection for (172.22.1.43)
[Mon Jan 19 09:11:29.193178 2015] [proxy_http:error] [pid 7644:tid 1388] (20014)Internal error: [client 201.245.192.253:54936] AH01102: error reading status line from remote server 172.22.1.47:80
[Mon Jan 19 09:11:29.193178 2015] [proxy:error] [pid 7644:tid 1388] [client 201.245.192.253:54936] AH00898: Error reading from remote server returned by /forest/skins/gdocs-jar/css/switch.css
[Mon Jan 19 09:11:29.208778 2015] [proxy_http:error] [pid 7644:tid 1728] (20014)Internal error: [client 201.245.192.253:54941] AH01102: error reading status line from remote server 172.22.1.47:80
[Mon Jan 19 09:11:29.208778 2015] [proxy:error] [pid 7644:tid 1728] [client 201.245.192.253:54941] AH00898: Error reading from remote server returned by /forest/skins/gdocs-jar/img/verComentario.gif
[Mon Jan 19 09:11:29.255578 2015] [proxy_http:error] [pid 7644:tid 1456] (20014)Internal error: [client 201.245.192.253:54947] AH01102: error reading status line from remote server 172.22.1.47:80
[Mon Jan 19 09:11:29.255578 2015] [proxy:error] [pid 7644:tid 1456] [client 201.245.192.253:54947] AH00898: Error reading from remote server returned by /forest/skins/gdocs-jar/img/copy.gif
[Mon Jan 19 09:11:29.286778 2015] [proxy_http:error] [pid 7644:tid 1304] (20014)Internal error: [client 201.245.192.253:54953] AH01102: error reading status line from remote server 172.22.1.47:80
[Mon Jan 19 09:11:29.286778 2015] [proxy:error] [pid 7644:tid 1304] [client 201.245.192.253:54953] AH00898: Error reading from remote server returned by /forest/skins/gdocs-jar/img/document_add.gif
[Mon Jan 19 09:11:29.286778 2015] [proxy_http:error] [pid 7644:tid 1784] (20014)Internal error: [client 201.245.192.253:54957] AH01102: error reading status line from remote server 172.22.1.47:80
[Mon Jan 19 09:11:29.286778 2015] [proxy:error] [pid 7644:tid 1784] [client 201.245.192.253:54957] AH00898: Error reading from remote server returned by /forest/skins/gdocs-jar/img/files_exp.png
[Mon Jan 19 09:20:27.253723 2015] [mpm_winnt:warn] [pid 7644:tid 3196] (OS 64)The specified network name is no longer available.  : AH00341: winnt_accept: Asynchronous AcceptEx failed.
[Mon Jan 19 09:41:47.205771 2015] [proxy_http:error] [pid 7644:tid 1848] (OS 10054)An existing connection was forcibly closed by the remote host.  : [client 201.245.192.253:54966] AH01102: error reading status line from remote server 172.22.1.31:80, referer: http://190.27.245.106/isolucionsda/FrameSetGeneral.asp?Pagina1=FrameSetGeneral.asp&
[Mon Jan 19 09:41:47.205771 2015] [proxy:error] [pid 7644:tid 1848] [client 201.245.192.253:54966] AH00898: Error reading from remote server returned by /isolucionsda/BarraTitulos.asp, referer: http://190.27.245.106/isolucionsda/FrameSetGeneral.asp?Pagina1=FrameSetGeneral.asp&
[Mon Jan 19 10:15:40.497742 2015] [proxy_http:error] [pid 7644:tid 1092] (20014)Internal error: [client 201.245.192.253:48554] AH01102: error reading status line from remote server 172.22.1.47:80
[Mon Jan 19 10:15:40.497742 2015] [proxy:error] [pid 7644:tid 1092] [client 201.245.192.253:48554] AH00898: Error reading from remote server returned by /forest/js/escritorio/escritorio.js
[Mon Jan 19 10:27:57.771637 2015] [proxy_http:error] [pid 7644:tid 1192] (OS 10054)An existing connection was forcibly closed by the remote host.  : [client 201.245.192.253:56830] AH01102: error reading status line from remote server 172.22.1.31:80, referer: http://190.27.245.106/isolucionsda/FrameSetGeneral.asp?Pagina=Menu.asp&IdModulo=4
[Mon Jan 19 10:27:57.771637 2015] [proxy:error] [pid 7644:tid 1192] [client 201.245.192.253:56830] AH00898: Error reading from remote server returned by /isolucionsda/BarraTitulos.asp, referer: http://190.27.245.106/isolucionsda/FrameSetGeneral.asp?Pagina=Menu.asp&IdModulo=4
[Mon Jan 19 10:45:43.565509 2015] [proxy_http:error] [pid 7644:tid 1452] (OS 10054)An existing connection was forcibly closed by the remote host.  : [client 201.244.55.205:18039] AH01102: error reading status line from remote server 172.22.1.31:80, referer: http://190.27.245.106/isolucionsda/Encabezado.asp?Pagina=ListadoMaestroDocumentos3.asp
[Mon Jan 19 10:45:43.565509 2015] [proxy:error] [pid 7644:tid 1452] [client 201.244.55.205:18039] AH00898: Error reading from remote server returned by /isolucionsda/g/Bot_AmbientalOver_ESP.jpg, referer: http://190.27.245.106/isolucionsda/Encabezado.asp?Pagina=ListadoMaestroDocumentos3.asp
[Mon Jan 19 10:52:09.260587 2015] [proxy_http:error] [pid 7644:tid 1596] (OS 10054)An existing connection was forcibly closed by the remote host.  : [client 201.245.192.253:50989] AH01102: error reading status line from remote server 172.22.1.31:80, referer: http://190.27.245.106/isolucionsda/ListadoMaestroDocumentos3.asp?Accion=Consultar&Mande=Buscar&paginaactual=2
[Mon Jan 19 10:52:09.260587 2015] [proxy:error] [pid 7644:tid 1596] [client 201.245.192.253:50989] AH00898: Error reading from remote server returned by /isolucionsda/FramesetArticulo.asp, referer: http://190.27.245.106/isolucionsda/ListadoMaestroDocumentos3.asp?Accion=Consultar&Mande=Buscar&paginaactual=2
[Mon Jan 19 10:53:36.761141 2015] [mpm_winnt:warn] [pid 7644:tid 3196] (OS 64)The specified network name is no longer available.  : AH00341: winnt_accept: Asynchronous AcceptEx failed.
[Mon Jan 19 11:06:46.450128 2015] [core:error] [pid 7644:tid 1312] (22)Invalid argument: [client 180.76.6.230:61513] AH00127: Cannot map GET /Autoliquidacion/Fauna%20Silvestre/APLICATIVO%20DE%20LIQUIDACI%D3N%20COSTOS%20(FAUNA%20SILVESTRE%202015%20DEFINITIVO).xls HTTP/1.1 to file
[Mon Jan 19 11:08:01.923060 2015] [proxy_http:error] [pid 7644:tid 1540] (OS 10054)An existing connection was forcibly closed by the remote host.  : [client 201.245.192.253:56104] AH01102: error reading status line from remote server 172.22.1.31:80, referer: http://www.ambientebogota.gov.co/web/intranet/aplicaciones-para-acceder-fuera-de-la-sda
[Mon Jan 19 11:08:01.923060 2015] [proxy:error] [pid 7644:tid 1540] [client 201.245.192.253:56104] AH00898: Error reading from remote server returned by /isolucionsda/, referer: http://www.ambientebogota.gov.co/web/intranet/aplicaciones-para-acceder-fuera-de-la-sda
[Mon Jan 19 11:12:46.061959 2015] [proxy_http:error] [pid 7644:tid 1288] (20014)Internal error: [client 201.245.192.253:57554] AH01102: error reading status line from remote server 172.22.1.47:80, referer: http://190.27.245.106/forest/index2.jsp?_a=0.4816595174441898
[Mon Jan 19 11:13:23.767225 2015] [proxy_http:error] [pid 7644:tid 1848] (OS 10054)An existing connection was forcibly closed by the remote host.  : [client 201.245.192.253:59839] AH01102: error reading status line from remote server 172.22.1.31:80, referer: http://190.27.245.106/isolucionsda/FrameSetGeneral.asp?Pagina=Menu.asp&IdModulo=5
[Mon Jan 19 11:13:23.767225 2015] [proxy:error] [pid 7644:tid 1848] [client 201.245.192.253:59839] AH00898: Error reading from remote server returned by /isolucionsda/Menu.asp, referer: http://190.27.245.106/isolucionsda/FrameSetGeneral.asp?Pagina=Menu.asp&IdModulo=5
[Mon Jan 19 11:13:28.728034 2015] [proxy_http:error] [pid 7644:tid 1756] (OS 10054)An existing connection was forcibly closed by the remote host.  : [client 201.245.192.253:47647] AH01102: error reading status line from remote server 172.22.1.31:80, referer: http://190.27.245.106/isolucionsda/FrameSetGeneral.asp?Pagina=Administracion/IndicadorAutomatico.asp
[Mon Jan 19 11:13:28.728034 2015] [proxy:error] [pid 7644:tid 1756] [client 201.245.192.253:47647] AH00898: Error reading from remote server returned by /isolucionsda/BarraFavoritos.asp, referer: http://190.27.245.106/isolucionsda/FrameSetGeneral.asp?Pagina=Administracion/IndicadorAutomatico.asp
[Mon Jan 19 11:18:05.706521 2015] [proxy_http:error] [pid 7644:tid 1288] (20014)Internal error: [client 201.245.192.253:50740] AH01102: error reading status line from remote server 172.22.1.47:80
[Mon Jan 19 11:18:05.706521 2015] [proxy:error] [pid 7644:tid 1288] [client 201.245.192.253:50740] AH00898: Error reading from remote server returned by /forest/img/users/5.gif
[Mon Jan 19 11:18:05.737721 2015] [proxy_http:error] [pid 7644:tid 1388] (20014)Internal error: [client 201.245.192.253:50742] AH01102: error reading status line from remote server 172.22.1.47:80
[Mon Jan 19 11:18:05.737721 2015] [proxy:error] [pid 7644:tid 1388] [client 201.245.192.253:50742] AH00898: Error reading from remote server returned by /forest/skins/gdocs-jar/css/autocomplete.css
[Mon Jan 19 11:19:06.687028 2015] [proxy_http:error] [pid 7644:tid 1288] (20014)Internal error: [client 201.245.192.253:54017] AH01102: error reading status line from remote server 172.22.1.47:80, referer: http://190.27.245.106/forest/buscar.do?type=procesos
[Mon Jan 19 11:21:34.077087 2015] [proxy_http:error] [pid 7644:tid 1076] (20014)Internal error: [client 172.22.2.1:39404] AH01102: error reading status line from remote server 172.22.1.47:80
[Mon Jan 19 11:21:34.108287 2015] [proxy_http:error] [pid 7644:tid 1076] (20014)Internal error: [client 172.22.2.1:39409] AH01102: error reading status line from remote server 172.22.1.47:80
[Mon Jan 19 11:21:34.123887 2015] [proxy_http:error] [pid 7644:tid 1076] (20014)Internal error: [client 172.22.2.1:39411] AH01102: error reading status line from remote server 172.22.1.47:80
[Mon Jan 19 11:21:34.123887 2015] [proxy:error] [pid 7644:tid 1076] [client 172.22.2.1:39411] AH00898: Error reading from remote server returned by /webfile/1ibre/images/spacer.gif
[Mon Jan 19 11:21:34.139487 2015] [proxy_http:error] [pid 7644:tid 1076] (20014)Internal error: [client 172.22.2.1:39413] AH01102: error reading status line from remote server 172.22.1.47:80
[Mon Jan 19 11:21:35.200289 2015] [proxy_http:error] [pid 7644:tid 1076] (20014)Internal error: [client 172.22.2.1:39418] AH01102: error reading status line from remote server 172.22.1.47:80
[Mon Jan 19 11:21:39.287496 2015] [proxy_http:error] [pid 7644:tid 1524] (20014)Internal error: [client 190.84.185.167:50123] AH01102: error reading status line from remote server 172.22.1.47:80, referer: http://190.27.245.106/forest/buscar.do?
[Mon Jan 19 11:21:39.287496 2015] [proxy:error] [pid 7644:tid 1524] [client 190.84.185.167:50123] AH00898: Error reading from remote server returned by /forest/buscar.do, referer: http://190.27.245.106/forest/buscar.do?
[Mon Jan 19 11:22:41.718805 2015] [proxy_http:error] [pid 7644:tid 1220] (20014)Internal error: [client 201.245.192.253:52145] AH01102: error reading status line from remote server 172.22.1.47:80, referer: http://190.27.245.106/forest/buscar.do?type=procesos
[Mon Jan 19 11:23:11.639658 2015] [proxy_http:error] [pid 7644:tid 1256] (20014)Internal error: [client 201.245.192.253:53233] AH01102: error reading status line from remote server 172.22.1.47:80, referer: http://190.27.245.106/forest/usutareas.do?group_system_actual=3&codTraEsc=17305131&_a=0.8405352447190461
[Mon Jan 19 11:23:29.486089 2015] [proxy_http:error] [pid 7644:tid 1256] (20014)Internal error: [client 201.245.192.253:54463] AH01102: error reading status line from remote server 172.22.1.47:80
[Mon Jan 19 11:23:29.486089 2015] [proxy:error] [pid 7644:tid 1256] [client 201.245.192.253:54463] AH00898: Error reading from remote server returned by /forestReports/webcontent/birt/admin/img/dtree/plus.gif
[Mon Jan 19 11:24:09.297359 2015] [proxy_http:error] [pid 7644:tid 1784] (20014)Internal error: [client 201.245.192.253:56583] AH01102: error reading status line from remote server 172.22.1.47:80
[Mon Jan 19 11:24:09.297359 2015] [proxy:error] [pid 7644:tid 1784] [client 201.245.192.253:56583] AH00898: Error reading from remote server returned by /forestReports/webcontent/birt/styles/dialogbase.css
[Mon Jan 19 11:28:22.735404 2015] [proxy_http:error] [pid 7644:tid 1388] (20014)Internal error: [client 201.245.192.253:58139] AH01102: error reading status line from remote server 172.22.1.47:80, referer: http://190.27.245.106/forest/index2.jsp?_a=0.21885247831232846
[Mon Jan 19 11:28:22.735404 2015] [proxy:error] [pid 7644:tid 1388] [client 201.245.192.253:58139] AH00898: Error reading from remote server returned by /forest/system/process.jsp, referer: http://190.27.245.106/forest/index2.jsp?_a=0.21885247831232846
[Mon Jan 19 11:29:18.989103 2015] [proxy_http:error] [pid 7644:tid 1256] (20014)Internal error: [client 201.245.192.253:49116] AH01102: error reading status line from remote server 172.22.1.47:80, referer: http://190.27.245.106/forest/usutareas.do?group_system_actual=3&codTraEsc=17305131&_a=0.8405352447190461
[Mon Jan 19 11:29:18.989103 2015] [proxy:error] [pid 7644:tid 1256] [client 201.245.192.253:49116] AH00898: Error reading from remote server returned by /forest/skins/gdocs-jar/popup/popup.jsp, referer: http://190.27.245.106/forest/usutareas.do?group_system_actual=3&codTraEsc=17305131&_a=0.8405352447190461
[Mon Jan 19 11:29:37.475136 2015] [proxy_http:error] [pid 7644:tid 1336] (OS 10054)An existing connection was forcibly closed by the remote host.  : [client 186.31.226.118:22364] AH01102: error reading status line from remote server 172.22.1.31:80, referer: http://190.27.245.106/isolucionsda/Encabezado.asp?Pagina1=FrameSetGeneral.asp&&Pagina=MagazinHome.asp
[Mon Jan 19 11:29:37.475136 2015] [proxy:error] [pid 7644:tid 1336] [client 186.31.226.118:22364] AH00898: Error reading from remote server returned by /isolucionsda/g/Bot_Siguiente.jpg, referer: http://190.27.245.106/isolucionsda/Encabezado.asp?Pagina1=FrameSetGeneral.asp&&Pagina=MagazinHome.asp
[Mon Jan 19 11:35:37.866969 2015] [proxy_http:error] [pid 7644:tid 1256] (20014)Internal error: [client 201.245.192.253:57305] AH01102: error reading status line from remote server 172.22.1.47:80, referer: http://190.27.245.106/forest/usutareas.do?codTraEsc=17210306
[Mon Jan 19 11:35:37.913769 2015] [proxy_http:error] [pid 7644:tid 1516] (20014)Internal error: [client 201.245.192.253:57328] AH01102: error reading status line from remote server 172.22.1.47:80, referer: http://190.27.245.106/forest/usutareas.do?codTraEsc=17210306
[Mon Jan 19 11:40:50.647518 2015] [negotiation:error] [pid 7644:tid 1388] [client 201.245.192.253:48432] AH00690: no acceptable variant: E:/nuevo/apache/error/HTTP_NOT_FOUND.html.var, referer: http://190.27.245.106/sia/
[Mon Jan 19 11:40:50.647518 2015] [negotiation:error] [pid 7644:tid 1288] [client 201.245.192.253:48730] AH00690: no acceptable variant: E:/nuevo/apache/error/HTTP_NOT_FOUND.html.var, referer: http://190.27.245.106/sia/
[Mon Jan 19 11:40:50.647518 2015] [negotiation:error] [pid 7644:tid 1116] [client 201.245.192.253:48729] AH00690: no acceptable variant: E:/nuevo/apache/error/HTTP_NOT_FOUND.html.var, referer: http://190.27.245.106/sia/
[Mon Jan 19 11:40:50.647518 2015] [negotiation:error] [pid 7644:tid 1092] [client 201.245.192.253:48731] AH00690: no acceptable variant: E:/nuevo/apache/error/HTTP_NOT_FOUND.html.var, referer: http://190.27.245.106/sia/
[Mon Jan 19 11:41:13.049157 2015] [proxy_http:error] [pid 7644:tid 1092] (20014)Internal error: [client 201.245.192.253:48731] AH01102: error reading status line from remote server 172.22.1.47:80, referer: http://190.27.245.106/forest/usutareas.do?group_system_actual=3&a=0.447655463591218
[Mon Jan 19 11:41:39.460004 2015] [proxy_http:error] [pid 7644:tid 1388] (20014)Internal error: [client 201.245.192.253:51505] AH01102: error reading status line from remote server 172.22.1.47:80, referer: http://190.27.245.106/forest/usutareas.do?group_system_actual=3&a=0.46978055499494076
[Mon Jan 19 11:41:40.396005 2015] [proxy_http:error] [pid 7644:tid 1388] (20014)Internal error: [client 181.50.92.73:55390] AH01102: error reading status line from remote server 172.22.1.47:80, referer: http://190.27.245.106/forest/usutareas.do?_a=0.7319901064038277&group_system_actual=3
[Mon Jan 19 11:43:31.858201 2015] [proxy_http:error] [pid 7644:tid 1092] (20014)Internal error: [client 201.245.192.253:57259] AH01102: error reading status line from remote server 172.22.1.47:80
[Mon Jan 19 11:43:31.858201 2015] [proxy:error] [pid 7644:tid 1092] [client 201.245.192.253:57259] AH00898: Error reading from remote server returned by /forest/img/warning.gif
[Mon Jan 19 11:43:31.905001 2015] [proxy_http:error] [pid 7644:tid 1092] (20014)Internal error: [client 201.245.192.253:57260] AH01102: error reading status line from remote server 172.22.1.47:80, referer: http://190.27.245.106/forest/usutareas.do?group_system_actual=3&codTraEsc=15956035&_a=0.27254191152213536
[Mon Jan 19 11:51:29.905441 2015] [proxy_http:error] [pid 7644:tid 1516] (OS 10054)An existing connection was forcibly closed by the remote host.  : [client 201.245.192.253:55634] AH01102: error reading status line from remote server 172.22.1.31:80, referer: http://190.27.245.106/isolucionsda/FrameSetGeneral.asp?Pagina1=FrameSetGeneral.asp&
[Mon Jan 19 11:51:29.905441 2015] [proxy:error] [pid 7644:tid 1516] [client 201.245.192.253:55634] AH00898: Error reading from remote server returned by /isolucionsda/BarraFavoritos.asp, referer: http://190.27.245.106/isolucionsda/FrameSetGeneral.asp?Pagina1=FrameSetGeneral.asp&
[Mon Jan 19 11:54:20.164140 2015] [proxy_http:error] [pid 7644:tid 1260] (20014)Internal error: [client 201.245.192.253:51915] AH01102: error reading status line from remote server 172.22.1.47:80
[Mon Jan 19 11:54:20.164140 2015] [proxy:error] [pid 7644:tid 1260] [client 201.245.192.253:51915] AH00898: Error reading from remote server returned by /forestReports/webcontent/birt/images/Toc.gif
[Mon Jan 19 11:58:19.265760 2015] [proxy_http:error] [pid 7644:tid 1568] (20014)Internal error: [client 201.245.192.253:51781] AH01102: error reading status line from remote server 172.22.1.47:80, referer: http://190.27.245.106/forest/usutareas.do?codTraEsc=17296310
[Mon Jan 19 11:58:19.265760 2015] [proxy:error] [pid 7644:tid 1568] [client 201.245.192.253:51781] AH00898: Error reading from remote server returned by /forest/session.jsp, referer: http://190.27.245.106/forest/usutareas.do?codTraEsc=17296310
[Mon Jan 19 11:58:19.265760 2015] [negotiation:error] [pid 7644:tid 1568] [client 201.245.192.253:51781] AH00690: no acceptable variant: E:/nuevo/apache/error/HTTP_BAD_GATEWAY.html.var, referer: http://190.27.245.106/forest/usutareas.do?codTraEsc=17296310
[Mon Jan 19 11:58:38.204193 2015] [proxy_http:error] [pid 7644:tid 1568] (20014)Internal error: [client 201.245.192.253:52640] AH01102: error reading status line from remote server 172.22.1.47:80, referer: http://190.27.245.106/forest/index2.jsp?_a=0.21885247831232846
[Mon Jan 19 11:58:38.656594 2015] [proxy_http:error] [pid 7644:tid 1516] (20014)Internal error: [client 201.245.192.253:52642] AH01102: error reading status line from remote server 172.22.1.47:80, referer: http://190.27.245.106/forest/buscar.do?type=procesos
[Mon Jan 19 11:58:38.687794 2015] [proxy_http:error] [pid 7644:tid 1516] (20014)Internal error: [client 201.245.192.253:52700] AH01102: error reading status line from remote server 172.22.1.47:80, referer: http://190.27.245.106/forest/buscar.do?type=procesos
[Mon Jan 19 11:58:40.871798 2015] [proxy_http:error] [pid 7644:tid 1600] (20014)Internal error: [client 181.50.92.73:55456] AH01102: error reading status line from remote server 172.22.1.47:80, referer: http://190.27.245.106/forest/usutareas.do?_a=0.13733359170146286&group_system_actual=3
[Mon Jan 19 11:58:46.113407 2015] [proxy_http:error] [pid 7644:tid 1568] (20014)Internal error: [client 201.245.192.253:52703] AH01102: error reading status line from remote server 172.22.1.47:80, referer: http://190.27.245.106/forest/index2.jsp?_a=0.21885247831232846
[Mon Jan 19 12:08:32.362437 2015] [proxy_http:error] [pid 7644:tid 1132] (20014)Internal error: [client 201.245.192.253:57579] AH01102: error reading status line from remote server 172.22.1.47:80
[Mon Jan 19 12:08:32.362437 2015] [proxy:error] [pid 7644:tid 1132] [client 201.245.192.253:57579] AH00898: Error reading from remote server returned by /forest/skins/gdocs-jar/js/acrobat_detection.js
[Mon Jan 19 12:12:00.031001 2015] [proxy_http:error] [pid 7644:tid 1696] (20014)Internal error: [client 201.245.192.253:53947] AH01102: error reading status line from remote server 172.22.1.47:80
[Mon Jan 19 12:12:00.031001 2015] [proxy:error] [pid 7644:tid 1696] [client 201.245.192.253:53947] AH00898: Error reading from remote server returned by /forest/skins/gdocs-jar/img/user_search.gif
[Mon Jan 19 12:12:00.311802 2015] [proxy_http:error] [pid 7644:tid 1696] (20014)Internal error: [client 201.245.192.253:53948] AH01102: error reading status line from remote server 172.22.1.47:80, referer: http://190.27.245.106/forest/buscar.do?type=procesos
[Mon Jan 19 12:16:12.127444 2015] [proxy_http:error] [pid 7644:tid 1312] (20014)Internal error: [client 201.245.192.253:52644] AH01102: error reading status line from remote server 172.22.1.47:80, referer: http://190.27.245.106/forest/buscar.do?type=procesos
[Mon Jan 19 12:42:29.524215 2015] [proxy_http:error] [pid 7644:tid 1256] (OS 10054)An existing connection was forcibly closed by the remote host.  : [client 201.244.55.205:22178] AH01102: error reading status line from remote server 172.22.1.31:80, referer: http://190.27.245.106/isolucionsda/FrameSetGeneral.asp?Pagina=ListadoMaestroDocumentos3.asp
[Mon Jan 19 12:50:44.185484 2015] [proxy_http:error] [pid 7644:tid 1776] (OS 10054)An existing connection was forcibly closed by the remote host.  : [client 201.245.192.253:51213] AH01102: error reading status line from remote server 172.22.1.31:80
[Mon Jan 19 13:57:43.517943 2015] [core:error] [pid 7644:tid 1688] (22)Invalid argument: [client 186.113.10.143:5157] AH00127: Cannot map GET /autoliquidacion/Grupo%20Forestal%20-%20Silvicultura/Ficha%20t\xe9cnica%20de%20registro%20(Ficha%202).docx HTTP/1.1 to file, referer: http://190.27.245.106/autoliquidacion/index.php?dir=Grupo+Forestal+-+Silvicultura%2F
[Mon Jan 19 14:13:49.301040 2015] [proxy_http:error] [pid 7644:tid 1856] (20014)Internal error: [client 190.24.146.71:47521] AH01102: error reading status line from remote server 172.22.1.47:80, referer: http://190.27.245.106/forest/usutareas.do?_a=0.0019345399923622608&group_system_actual=3
[Mon Jan 19 14:20:25.370135 2015] [proxy_http:error] [pid 7644:tid 1756] (20014)Internal error: [client 179.33.234.232:51407] AH01102: error reading status line from remote server 172.22.1.47:80, referer: http://190.27.245.106/forest/misactividades.do?group_system_actual=3&codPro=134&_a=0.06732792409554755
[Mon Jan 19 14:20:25.370135 2015] [proxy:error] [pid 7644:tid 1756] [client 179.33.234.232:51407] AH00898: Error reading from remote server returned by /forest/session.jsp, referer: http://190.27.245.106/forest/misactividades.do?group_system_actual=3&codPro=134&_a=0.06732792409554755
[Mon Jan 19 14:20:25.370135 2015] [negotiation:error] [pid 7644:tid 1756] [client 179.33.234.232:51407] AH00690: no acceptable variant: E:/nuevo/apache/error/HTTP_BAD_GATEWAY.html.var, referer: http://190.27.245.106/forest/misactividades.do?group_system_actual=3&codPro=134&_a=0.06732792409554755
[Mon Jan 19 14:21:39.095865 2015] [proxy_http:error] [pid 7644:tid 1116] (20014)Internal error: [client 150.70.173.10:40020] AH01102: error reading status line from remote server 172.22.1.47:80
[Mon Jan 19 14:21:39.095865 2015] [proxy:error] [pid 7644:tid 1116] [client 150.70.173.10:40020] AH00898: Error reading from remote server returned by /forest/session.jsp
[Mon Jan 19 14:25:40.303488 2015] [proxy_http:error] [pid 7644:tid 1576] (20014)Internal error: [client 201.245.192.253:52040] AH01102: error reading status line from remote server 172.22.1.47:80, referer: http://190.27.245.106/forest/reportes.do?menu=1&group_system_actual=5
[Mon Jan 19 14:26:51.595614 2015] [proxy_http:error] [pid 7644:tid 1116] (20014)Internal error: [client 179.33.234.232:51455] AH01102: error reading status line from remote server 172.22.1.47:80, referer: http://190.27.245.106/forest/index2.jsp?_a=0.4712983640864157
[Mon Jan 19 14:26:51.595614 2015] [proxy:error] [pid 7644:tid 1116] [client 179.33.234.232:51455] AH00898: Error reading from remote server returned by /forest/misactividades.do, referer: http://190.27.245.106/forest/index2.jsp?_a=0.4712983640864157
[Mon Jan 19 14:28:13.136957 2015] [proxy_http:error] [pid 7644:tid 1336] (20014)Internal error: [client 201.245.192.253:50547] AH01102: error reading status line from remote server 172.22.1.47:80, referer: http://190.27.245.106/forest/reportes.do?menu=1&group_system_actual=5
[Mon Jan 19 14:55:04.230787 2015] [proxy_http:error] [pid 7644:tid 1116] (OS 10054)An existing connection was forcibly closed by the remote host.  : [client 201.245.192.253:53385] AH01102: error reading status line from remote server 172.22.1.31:80, referer: http://190.27.245.106/isolucionsda/ListadoMaestroDocumentos3.asp?Pagina=ListadoMaestroDocumentos3.asp
[Mon Jan 19 14:56:13.104908 2015] [proxy_http:error] [pid 7644:tid 1624] (OS 10054)An existing connection was forcibly closed by the remote host.  : [client 201.245.192.253:57725] AH01102: error reading status line from remote server 172.22.1.31:80, referer: http://190.27.245.106/isolucionsda/FrameSetGeneral.asp?Pagina1=FrameSetGeneral.asp&
[Mon Jan 19 14:56:13.104908 2015] [proxy:error] [pid 7644:tid 1624] [client 201.245.192.253:57725] AH00898: Error reading from remote server returned by /isolucionsda/BarraTitulos.asp, referer: http://190.27.245.106/isolucionsda/FrameSetGeneral.asp?Pagina1=FrameSetGeneral.asp&
[Mon Jan 19 15:05:12.585055 2015] [proxy_http:error] [pid 7644:tid 1496] (OS 10054)An existing connection was forcibly closed by the remote host.  : [client 201.245.192.253:53909] AH01102: error reading status line from remote server 172.22.1.31:80, referer: http://190.27.245.106/isolucionsda/FrameSetGeneral.asp?Pagina1=FrameSetGeneral.asp&
[Mon Jan 19 15:05:12.585055 2015] [proxy:error] [pid 7644:tid 1496] [client 201.245.192.253:53909] AH00898: Error reading from remote server returned by /isolucionsda/BarraTitulos.asp, referer: http://190.27.245.106/isolucionsda/FrameSetGeneral.asp?Pagina1=FrameSetGeneral.asp&
[Mon Jan 19 15:14:35.839644 2015] [proxy_http:error] [pid 7644:tid 1756] (20014)Internal error: [client 201.245.192.253:59621] AH01102: error reading status line from remote server 172.22.1.47:80, referer: http://190.27.245.106/forest/misactividades.do?group_system_actual=3&codPro=176&_a=0.6377449870254411
[Mon Jan 19 15:23:17.332960 2015] [proxy_http:error] [pid 7644:tid 1480] (20014)Internal error: [client 201.245.192.253:50312] AH01102: error reading status line from remote server 172.22.1.47:80, referer: http://190.27.245.106/forest/reportes.do?menu=1&group_system_actual=5
[Mon Jan 19 15:23:35.101392 2015] [proxy_http:error] [pid 7644:tid 1696] (OS 10054)An existing connection was forcibly closed by the remote host.  : [client 201.245.192.253:51463] AH01102: error reading status line from remote server 172.22.1.31:80, referer: http://190.27.245.106/isolucionsda/FrameSetGeneral.asp?Pagina=Menu.asp&IdModulo=4
[Mon Jan 19 15:23:35.101392 2015] [proxy:error] [pid 7644:tid 1696] [client 201.245.192.253:51463] AH00898: Error reading from remote server returned by /isolucionsda/BarraTitulos.asp, referer: http://190.27.245.106/isolucionsda/FrameSetGeneral.asp?Pagina=Menu.asp&IdModulo=4
[Mon Jan 19 15:27:04.906160 2015] [proxy_http:error] [pid 7644:tid 1856] (20014)Internal error: [client 66.249.88.213:56329] AH01102: error reading status line from remote server 172.22.1.47:80, referer: http://190.27.245.106/forest/misactividades.do?_a=0.977152940351516&group_system_actual=3
[Mon Jan 19 15:27:09.804569 2015] [proxy_http:error] [pid 7644:tid 1132] (20014)Internal error: [client 190.24.146.71:48725] AH01102: error reading status line from remote server 172.22.1.47:80, referer: http://190.27.245.106/forest/misactividades.do?_a=0.977152940351516&group_system_actual=3
[Mon Jan 19 15:29:08.520777 2015] [proxy_http:error] [pid 7644:tid 1584] (20014)Internal error: [client 190.24.146.71:26978] AH01102: error reading status line from remote server 172.22.1.47:80, referer: http://190.27.245.106/forest/misactividades.do?_a=0.21385861071757972&group_system_actual=3
[Mon Jan 19 15:29:08.520777 2015] [proxy:error] [pid 7644:tid 1584] [client 190.24.146.71:26978] AH00898: Error reading from remote server returned by /forest/usutareas.do, referer: http://190.27.245.106/forest/misactividades.do?_a=0.21385861071757972&group_system_actual=3
[Mon Jan 19 15:29:11.890383 2015] [proxy_http:error] [pid 7644:tid 1856] (20014)Internal error: [client 190.24.146.71:56130] AH01102: error reading status line from remote server 172.22.1.47:80, referer: http://190.27.245.106/forest/misactividades.do?_a=0.21385861071757972&group_system_actual=3
[Mon Jan 19 15:29:11.890383 2015] [proxy:error] [pid 7644:tid 1856] [client 190.24.146.71:56130] AH00898: Error reading from remote server returned by /forest/misactividades.do, referer: http://190.27.245.106/forest/misactividades.do?_a=0.21385861071757972&group_system_actual=3
[Mon Jan 19 15:29:12.389584 2015] [proxy_http:error] [pid 7644:tid 1572] (20014)Internal error: [client 201.245.192.253:57978] AH01102: error reading status line from remote server 172.22.1.47:80, referer: http://190.27.245.106/forest/index2.jsp?a=0.2729184195477863
[Mon Jan 19 15:29:22.077201 2015] [proxy_http:error] [pid 7644:tid 1140] (20014)Internal error: [client 190.24.146.71:56588] AH01102: error reading status line from remote server 172.22.1.47:80, referer: http://190.27.245.106/forest/misactividades.do?_a=0.21385861071757972&group_system_actual=3
[Mon Jan 19 15:30:12.012889 2015] [proxy_http:error] [pid 7644:tid 1584] (20014)Internal error: [client 201.245.192.253:48992] AH01102: error reading status line from remote server 172.22.1.47:80, referer: http://190.27.245.106/forest/usudocumentos.do?_a=0.24417280219495296&group_system_actual=3
[Mon Jan 19 15:30:12.012889 2015] [proxy:error] [pid 7644:tid 1584] [client 201.245.192.253:48992] AH00898: Error reading from remote server returned by /forest/usudocumentos.do, referer: http://190.27.245.106/forest/usudocumentos.do?_a=0.24417280219495296&group_system_actual=3
[Mon Jan 19 15:30:12.012889 2015] [negotiation:error] [pid 7644:tid 1584] [client 201.245.192.253:48992] AH00690: no acceptable variant: E:/nuevo/apache/error/HTTP_BAD_GATEWAY.html.var, referer: http://190.27.245.106/forest/usudocumentos.do?_a=0.24417280219495296&group_system_actual=3
[Mon Jan 19 15:32:33.723538 2015] [proxy_http:error] [pid 7644:tid 1608] (20014)Internal error: [client 190.24.146.71:55509] AH01102: error reading status line from remote server 172.22.1.47:80, referer: http://190.27.245.106/forest/misactividades.do?_a=0.3224495886825025&group_system_actual=3
[Mon Jan 19 15:32:33.723538 2015] [proxy:error] [pid 7644:tid 1608] [client 190.24.146.71:55509] AH00898: Error reading from remote server returned by /forest/js/jquery/jquery-latest.js, referer: http://190.27.245.106/forest/misactividades.do?_a=0.3224495886825025&group_system_actual=3
[Mon Jan 19 15:33:05.672394 2015] [proxy_http:error] [pid 7644:tid 1796] (20014)Internal error: [client 201.184.119.95:11780] AH01102: error reading status line from remote server 172.22.1.47:80, referer: http://190.27.245.106/forest/index2.jsp?a=0.09461806794964378
[Mon Jan 19 15:33:06.265195 2015] [proxy_http:error] [pid 7644:tid 1092] (20014)Internal error: [client 201.184.119.95:11783] AH01102: error reading status line from remote server 172.22.1.47:80, referer: http://190.27.245.106/forest/index2.jsp?a=0.06514347916761398
[Mon Jan 19 15:33:06.280795 2015] [proxy_http:error] [pid 7644:tid 1452] (20014)Internal error: [client 201.184.119.95:11785] AH01102: error reading status line from remote server 172.22.1.47:80, referer: http://190.27.245.106/forest/index2.jsp?a=0.06514347916761398
[Mon Jan 19 15:33:06.296395 2015] [proxy_http:error] [pid 7644:tid 1596] (20014)Internal error: [client 201.184.119.95:11784] AH01102: error reading status line from remote server 172.22.1.47:80, referer: http://190.27.245.106/forest/index2.jsp?a=0.06514347916761398
[Mon Jan 19 15:35:57.693896 2015] [proxy_http:error] [pid 7644:tid 1140] (20014)Internal error: [client 190.24.146.71:54739] AH01102: error reading status line from remote server 172.22.1.47:80, referer: http://190.27.245.106/forest/misactividades.do?_a=0.9541855966672301&group_system_actual=3
[Mon Jan 19 15:35:57.693896 2015] [proxy:error] [pid 7644:tid 1140] [client 190.24.146.71:54739] AH00898: Error reading from remote server returned by /forest/skins/gdocs-jar/css/forest.css, referer: http://190.27.245.106/forest/misactividades.do?_a=0.9541855966672301&group_system_actual=3
[Mon Jan 19 15:36:01.999504 2015] [proxy_http:error] [pid 7644:tid 1600] (20014)Internal error: [client 181.60.255.254:54388] AH01102: error reading status line from remote server 172.22.1.47:80, referer: http://190.27.245.106/forest/usutareas.do?group_system_actual=3&a=0.06653506611473858
[Mon Jan 19 15:36:01.999504 2015] [proxy:error] [pid 7644:tid 1600] [client 181.60.255.254:54388] AH00898: Error reading from remote server returned by /forest/actions/forms.getMappedValues, referer: http://190.27.245.106/forest/usutareas.do?group_system_actual=3&a=0.06653506611473858
[Mon Jan 19 15:36:01.999504 2015] [negotiation:error] [pid 7644:tid 1600] [client 181.60.255.254:54388] AH00690: no acceptable variant: E:/nuevo/apache/error/HTTP_BAD_GATEWAY.html.var, referer: http://190.27.245.106/forest/usutareas.do?group_system_actual=3&a=0.06653506611473858
[Mon Jan 19 15:37:21.871644 2015] [proxy_http:error] [pid 7644:tid 1596] (20014)Internal error: [client 150.70.173.9:40910] AH01102: error reading status line from remote server 172.22.1.47:80
[Mon Jan 19 15:37:21.871644 2015] [proxy:error] [pid 7644:tid 1596] [client 150.70.173.9:40910] AH00898: Error reading from remote server returned by /forest/session.jsp
[Mon Jan 19 15:38:39.871781 2015] [proxy_http:error] [pid 7644:tid 1220] (20014)Internal error: [client 201.245.192.253:49467] AH01102: error reading status line from remote server 172.22.1.47:80, referer: http://190.27.245.106/forest/buscar.do?type=procesos
[Mon Jan 19 15:39:52.396308 2015] [proxy_http:error] [pid 7644:tid 1260] (20014)Internal error: [client 190.24.146.71:56709] AH01102: error reading status line from remote server 172.22.1.47:80, referer: http://190.27.245.106/forest/misactividades.do?_a=0.49922659154981375&group_system_actual=3
[Mon Jan 19 15:39:52.396308 2015] [proxy:error] [pid 7644:tid 1260] [client 190.24.146.71:56709] AH00898: Error reading from remote server returned by /forest/js/jquery/jquery.jqGrid.src.js, referer: http://190.27.245.106/forest/misactividades.do?_a=0.49922659154981375&group_system_actual=3
