[Tue Apr 14 16:26:17.699152 2015] [proxy_http:error] [pid 2320:tid 1548] (20014)Internal error: [client 201.245.192.253:34564] AH01102: error reading status line from remote server 172.22.1.47:80, referer: http://190.27.245.106/forest/index2.jsp?_a=0.5981670012697577
[Tue Apr 14 16:26:17.699152 2015] [proxy:error] [pid 2320:tid 1548] [client 201.245.192.253:34564] AH00898: Error reading from remote server returned by /forest/actions/forms.getList, referer: http://190.27.245.106/forest/index2.jsp?_a=0.5981670012697577
[Tue Apr 14 16:26:17.699152 2015] [negotiation:error] [pid 2320:tid 1548] [client 201.245.192.253:34564] AH00690: no acceptable variant: E:/nuevo/apache/error/HTTP_BAD_GATEWAY.html.var, referer: http://190.27.245.106/forest/index2.jsp?_a=0.5981670012697577
[Tue Apr 14 16:27:09.319642 2015] [proxy:error] [pid 2320:tid 1160] (OS 10053)An established connection was aborted by the software in your host machine.  : [client 201.244.128.238:21385] AH01084: pass request body failed to 172.22.1.47:80 (172.22.1.47), referer: http://190.27.245.106/forest/usutareas.do?group_system_actual=3&a=0.6395182150881737
[Tue Apr 14 16:27:09.319642 2015] [proxy_http:error] [pid 2320:tid 1160] [client 201.244.128.238:21385] AH01097: pass request body failed to 172.22.1.47:80 (172.22.1.47) from 201.244.128.238 (), referer: http://190.27.245.106/forest/usutareas.do?group_system_actual=3&a=0.6395182150881737
[Tue Apr 14 16:33:23.439499 2015] [proxy_http:error] [pid 2320:tid 1624] (OS 10054)An existing connection was forcibly closed by the remote host.  : [client 201.245.192.253:24667] AH01102: error reading status line from remote server 172.22.1.31:80, referer: http://190.27.245.106/isolucionsda/FrameSetGeneral.asp?Pagina=Menu.asp&IdModulo=4
[Tue Apr 14 16:33:23.439499 2015] [proxy:error] [pid 2320:tid 1624] [client 201.245.192.253:24667] AH00898: Error reading from remote server returned by /isolucionsda/Menu.asp, referer: http://190.27.245.106/isolucionsda/FrameSetGeneral.asp?Pagina=Menu.asp&IdModulo=4
[Tue Apr 14 16:33:25.217903 2015] [proxy_http:error] [pid 2320:tid 1804] (OS 10054)An existing connection was forcibly closed by the remote host.  : [client 201.245.192.253:24665] AH01102: error reading status line from remote server 172.22.1.31:80, referer: http://190.27.245.106/isolucionsda/FrameSetGeneral.asp?Pagina=ListadoMaestroDocumentos3.asp
[Tue Apr 14 16:35:06.711681 2015] [proxy_http:error] [pid 2320:tid 1624] (20014)Internal error: [client 201.245.192.253:25132] AH01102: error reading status line from remote server 172.22.1.47:80, referer: http://190.27.245.106/forest/index2.jsp?_a=0.023997774376547265
[Tue Apr 14 16:47:59.427838 2015] [proxy_http:error] [pid 2320:tid 1444] (20014)Internal error: [client 201.245.192.253:28878] AH01102: error reading status line from remote server 172.22.1.47:80, referer: http://190.27.245.106/forest/usutareas.do?_a=0.30353074660524726&group_system_actual=3
[Tue Apr 14 16:48:09.708256 2015] [proxy_http:error] [pid 2320:tid 1876] (20014)Internal error: [client 201.245.192.253:28949] AH01102: error reading status line from remote server 172.22.1.47:80, referer: http://190.27.245.106/forest/misactividades.do?group_system_actual=3&codPro=134&_a=0.4383373930859493
[Tue Apr 14 16:48:25.932285 2015] [proxy_http:error] [pid 2320:tid 1660] (20014)Internal error: [client 201.245.192.253:29038] AH01102: error reading status line from remote server 172.22.1.47:80, referer: http://190.27.245.106/forest/usutareas.do?group_system_actual=3&codTraEsc=17907719&_a=0.11193739243527767
[Tue Apr 14 16:49:00.392745 2015] [proxy_http:error] [pid 2320:tid 1860] (20014)Internal error: [client 201.245.192.253:29291] AH01102: error reading status line from remote server 172.22.1.47:80, referer: http://190.27.245.106/forest/usutareas.do?group_system_actual=3&a=0.09484127396717668
[Tue Apr 14 16:55:39.035845 2015] [proxy_http:error] [pid 2320:tid 1860] (20014)Internal error: [client 201.245.192.253:31283] AH01102: error reading status line from remote server 172.22.1.47:80, referer: http://190.27.245.106/forest/usutareas.do?group_system_actual=3&codTraEsc=17907719&_a=0.11193739243527767
[Tue Apr 14 17:02:17.429345 2015] [proxy_http:error] [pid 2320:tid 1836] (20014)Internal error: [client 201.245.192.253:33280] AH01102: error reading status line from remote server 172.22.1.47:80, referer: http://190.27.245.106/forest/usutareas.do?_a=0.05379994655959308&group_system_actual=3
[Tue Apr 14 17:07:22.441081 2015] [mpm_winnt:warn] [pid 2320:tid 2980] (OS 64)The specified network name is no longer available.  : AH00341: winnt_accept: Asynchronous AcceptEx failed.
[Tue Apr 14 17:08:18.211179 2015] [proxy_http:error] [pid 2320:tid 1756] (20014)Internal error: [client 186.28.164.159:11952] AH01102: error reading status line from remote server 172.22.1.47:80, referer: http://190.27.245.106/forest/css/index.css?version=1503.161801
[Tue Apr 14 17:08:18.211179 2015] [proxy:error] [pid 2320:tid 1756] [client 186.28.164.159:11952] AH00898: Error reading from remote server returned by /forest/img/jquery/ui-bg_glass_75_d0e5f5_1x400.png, referer: http://190.27.245.106/forest/css/index.css?version=1503.161801
[Tue Apr 14 17:08:19.115980 2015] [proxy_http:error] [pid 2320:tid 1836] (20014)Internal error: [client 186.28.164.159:11953] AH01102: error reading status line from remote server 172.22.1.47:80, referer: http://190.27.245.106/forest/buscar.do?type=procesos
[Tue Apr 14 17:21:43.547993 2015] [proxy_http:error] [pid 2320:tid 1728] (20014)Internal error: [client 201.244.128.238:22819] AH01102: error reading status line from remote server 172.22.1.47:80, referer: http://190.27.245.106/forest/usutareas.do?group_system_actual=3&a=0.8984891732688993
[Tue Apr 14 17:21:43.547993 2015] [proxy:error] [pid 2320:tid 1728] [client 201.244.128.238:22819] AH00898: Error reading from remote server returned by /forest/usutareas.do, referer: http://190.27.245.106/forest/usutareas.do?group_system_actual=3&a=0.8984891732688993
[Tue Apr 14 17:27:00.571750 2015] [proxy_http:error] [pid 2320:tid 1624] (OS 10054)An existing connection was forcibly closed by the remote host.  : [client 201.245.192.253:26522] AH01102: error reading status line from remote server 172.22.1.31:80, referer: http://190.27.245.106/isolucionsda/FrameSetGeneral.asp?Pagina=Menu.asp&IdModulo=4
[Tue Apr 14 17:27:00.571750 2015] [proxy:error] [pid 2320:tid 1624] [client 201.245.192.253:26522] AH00898: Error reading from remote server returned by /isolucionsda/BarraFavoritos.asp, referer: http://190.27.245.106/isolucionsda/FrameSetGeneral.asp?Pagina=Menu.asp&IdModulo=4
[Tue Apr 14 17:35:04.843401 2015] [proxy_http:error] [pid 2320:tid 1476] (20014)Internal error: [client 201.245.192.253:27907] AH01102: error reading status line from remote server 172.22.1.47:80, referer: http://190.27.245.106/forest/buscar.do?type=procesos
[Tue Apr 14 17:35:04.843401 2015] [proxy:error] [pid 2320:tid 1476] [client 201.245.192.253:27907] AH00898: Error reading from remote server returned by /forest/json.do, referer: http://190.27.245.106/forest/buscar.do?type=procesos
[Tue Apr 14 17:35:04.843401 2015] [negotiation:error] [pid 2320:tid 1476] [client 201.245.192.253:27907] AH00690: no acceptable variant: E:/nuevo/apache/error/HTTP_BAD_GATEWAY.html.var, referer: http://190.27.245.106/forest/buscar.do?type=procesos
[Tue Apr 14 17:49:10.614486 2015] [proxy_http:error] [pid 2320:tid 1608] (OS 10054)An existing connection was forcibly closed by the remote host.  : [client 201.245.192.253:30268] AH01102: error reading status line from remote server 172.22.1.31:80, referer: http://190.27.245.106/isolucionsda/FrameSetGeneral.asp?Pagina=Menu.asp&IdModulo=4
[Tue Apr 14 18:11:44.385864 2015] [proxy_http:error] [pid 2320:tid 1444] (OS 10054)An existing connection was forcibly closed by the remote host.  : [client 201.245.192.253:33481] AH01102: error reading status line from remote server 172.22.1.31:80, referer: http://190.27.245.106/isolucionsda/ListadoMaestroDocumentos3.asp
[Tue Apr 14 18:11:44.385864 2015] [proxy:error] [pid 2320:tid 1444] [client 201.245.192.253:33481] AH00898: Error reading from remote server returned by /isolucionsda/ListadoMaestroDocumentos3.asp, referer: http://190.27.245.106/isolucionsda/ListadoMaestroDocumentos3.asp
[Tue Apr 14 18:11:48.005070 2015] [proxy_http:error] [pid 2320:tid 1444] (OS 10054)An existing connection was forcibly closed by the remote host.  : [client 201.245.192.253:33481] AH01102: error reading status line from remote server 172.22.1.31:80, referer: http://190.27.245.106/isolucionsda/FrameSetGeneral.asp?Pagina=ListadoMaestroDocumentos3.asp
[Tue Apr 14 18:56:59.180632 2015] [negotiation:error] [pid 2320:tid 1180] [client 200.75.48.35:54122] AH00690: no acceptable variant: E:/nuevo/apache/error/HTTP_NOT_FOUND.html.var, referer: http://190.27.245.106/stormWeb/infReportadaEnt.jsp
[Tue Apr 14 19:31:08.463632 2015] [:error] [pid 2320:tid 1608] [client 195.88.130.91:28735] script 'E:/nuevo/htdocs/force-download.php' not found or unable to stat
[Tue Apr 14 19:31:10.023634 2015] [:error] [pid 2320:tid 1260] [client 195.88.130.91:52671] script 'E:/nuevo/htdocs/galeria/nivo-slider/demo/images/force-download.php' not found or unable to stat
[Tue Apr 14 20:09:03.962629 2015] [proxy_http:error] [pid 2320:tid 1476] (OS 10054)An existing connection was forcibly closed by the remote host.  : [client 201.184.114.34:20135] AH01102: error reading status line from remote server 172.22.1.31:80, referer: http://190.27.245.106/isolucionsda/FrameSetGeneral.asp?Pagina1=FrameSetGeneral.asp&
[Tue Apr 14 20:09:03.962629 2015] [proxy:error] [pid 2320:tid 1476] [client 201.184.114.34:20135] AH00898: Error reading from remote server returned by /isolucionsda/BarraFavoritos.asp, referer: http://190.27.245.106/isolucionsda/FrameSetGeneral.asp?Pagina1=FrameSetGeneral.asp&
[Tue Apr 14 20:23:25.489742 2015] [proxy_http:error] [pid 2320:tid 1876] (OS 10054)An existing connection was forcibly closed by the remote host.  : [client 201.184.56.204:49777] AH02609: read request body failed to 172.22.1.47:80 (172.22.1.47) from 201.184.56.204 (), referer: http://190.27.245.106/forest/usutareas.do?_a=0.05047237710095942&group_system_actual=3
[Tue Apr 14 20:23:25.489742 2015] [proxy_http:error] [pid 2320:tid 1876] [client 201.184.56.204:49777] AH01097: pass request body failed to 172.22.1.47:80 (172.22.1.47) from 201.184.56.204 (), referer: http://190.27.245.106/forest/usutareas.do?_a=0.05047237710095942&group_system_actual=3
[Tue Apr 14 20:26:55.029310 2015] [proxy_http:error] [pid 2320:tid 1660] (OS 10054)An existing connection was forcibly closed by the remote host.  : [client 201.184.56.204:49784] AH02609: read request body failed to 172.22.1.47:80 (172.22.1.47) from 201.184.56.204 (), referer: http://190.27.245.106/forest/usutareas.do?_a=0.05047237710095942&group_system_actual=3
[Tue Apr 14 20:26:55.029310 2015] [proxy_http:error] [pid 2320:tid 1660] [client 201.184.56.204:49784] AH01097: pass request body failed to 172.22.1.47:80 (172.22.1.47) from 201.184.56.204 (), referer: http://190.27.245.106/forest/usutareas.do?_a=0.05047237710095942&group_system_actual=3
[Tue Apr 14 20:52:18.170185 2015] [mpm_winnt:warn] [pid 2320:tid 2980] (OS 64)The specified network name is no longer available.  : AH00341: winnt_accept: Asynchronous AcceptEx failed.
[Tue Apr 14 21:51:47.800655 2015] [proxy_http:error] [pid 2320:tid 1844] (OS 10054)An existing connection was forcibly closed by the remote host.  : [client 201.184.56.204:49999] AH02609: read request body failed to 172.22.1.47:80 (172.22.1.47) from 201.184.56.204 (), referer: http://190.27.245.106/forest/usutareas.do?_a=0.1025234954431653&group_system_actual=3
[Tue Apr 14 21:51:47.800655 2015] [proxy_http:error] [pid 2320:tid 1844] [client 201.184.56.204:49999] AH01097: pass request body failed to 172.22.1.47:80 (172.22.1.47) from 201.184.56.204 (), referer: http://190.27.245.106/forest/usutareas.do?_a=0.1025234954431653&group_system_actual=3
[Tue Apr 14 21:56:22.829138 2015] [proxy_http:error] [pid 2320:tid 1396] (OS 10054)An existing connection was forcibly closed by the remote host.  : [client 201.184.56.204:50018] AH02609: read request body failed to 172.22.1.47:80 (172.22.1.47) from 201.184.56.204 (), referer: http://190.27.245.106/forest/usutareas.do?group_system_actual=3&a=0.7456850472372025
[Tue Apr 14 21:56:22.829138 2015] [proxy_http:error] [pid 2320:tid 1396] [client 201.184.56.204:50018] AH01097: pass request body failed to 172.22.1.47:80 (172.22.1.47) from 201.184.56.204 (), referer: http://190.27.245.106/forest/usutareas.do?group_system_actual=3&a=0.7456850472372025
[Tue Apr 14 22:14:54.845891 2015] [core:error] [pid 2320:tid 1556] [client 14.139.82.140:49647] AH00126: Invalid URI in request GET HTTP/1.1 HTTP/1.1
[Tue Apr 14 22:14:56.218693 2015] [cgi:error] [pid 2320:tid 1456] [client 14.139.82.140:51489] script not found or unable to stat: E:/nuevo/cgi-bin/bash
[Tue Apr 14 22:14:56.749094 2015] [cgi:error] [pid 2320:tid 1720] [client 14.139.82.140:52204] script not found or unable to stat: E:/nuevo/cgi-bin/contact.cgi
[Tue Apr 14 22:14:57.295095 2015] [cgi:error] [pid 2320:tid 1548] [client 14.139.82.140:52919] script not found or unable to stat: E:/nuevo/cgi-bin/defaultwebpage.cgi
[Tue Apr 14 22:14:57.841096 2015] [cgi:error] [pid 2320:tid 1556] [client 14.139.82.140:53657] script not found or unable to stat: E:/nuevo/cgi-bin/env.cgi
[Tue Apr 14 22:14:58.402697 2015] [cgi:error] [pid 2320:tid 1352] [client 14.139.82.140:54343] script not found or unable to stat: E:/nuevo/cgi-bin/fire.cgi
[Tue Apr 14 22:14:58.933098 2015] [cgi:error] [pid 2320:tid 1456] [client 14.139.82.140:55107] script not found or unable to stat: E:/nuevo/cgi-bin/forum.cgi
[Tue Apr 14 22:15:00.477501 2015] [cgi:error] [pid 2320:tid 1556] [client 14.139.82.140:55845] script not found or unable to stat: E:/nuevo/cgi-bin/hello.cgi
[Tue Apr 14 22:15:04.018707 2015] [cgi:error] [pid 2320:tid 1352] [client 14.139.82.140:33788] script not found or unable to stat: E:/nuevo/cgi-bin/login.cgi
[Tue Apr 14 22:15:04.564708 2015] [cgi:error] [pid 2320:tid 1548] [client 14.139.82.140:34490] script not found or unable to stat: E:/nuevo/cgi-bin/main.cgi
[Tue Apr 14 22:15:08.105914 2015] [cgi:error] [pid 2320:tid 1728] [client 14.139.82.140:39641] script not found or unable to stat: E:/nuevo/cgi-bin/php
[Tue Apr 14 22:15:09.665917 2015] [cgi:error] [pid 2320:tid 1456] [client 14.139.82.140:40402] script not found or unable to stat: E:/nuevo/cgi-bin/php4
[Tue Apr 14 22:15:10.211918 2015] [cgi:error] [pid 2320:tid 1212] [client 14.139.82.140:42779] script not found or unable to stat: E:/nuevo/cgi-bin/php5
[Tue Apr 14 22:15:10.757919 2015] [cgi:error] [pid 2320:tid 1728] [client 14.139.82.140:43574] script not found or unable to stat: E:/nuevo/cgi-bin/php5-cli
[Tue Apr 14 22:15:11.319520 2015] [cgi:error] [pid 2320:tid 1556] [client 14.139.82.140:44497] script not found or unable to stat: E:/nuevo/cgi-bin/recent.cgi
[Tue Apr 14 22:15:11.865521 2015] [cgi:error] [pid 2320:tid 1644] [client 14.139.82.140:45418] script not found or unable to stat: E:/nuevo/cgi-bin/sat-ir-web.pl
[Tue Apr 14 22:15:15.422327 2015] [cgi:error] [pid 2320:tid 1644] [client 14.139.82.140:50995] script not found or unable to stat: E:/nuevo/cgi-bin/test-cgi
[Tue Apr 14 22:15:15.983928 2015] [cgi:error] [pid 2320:tid 1556] [client 14.139.82.140:51895] script not found or unable to stat: E:/nuevo/cgi-bin/test.cgi
[Tue Apr 14 22:15:16.529929 2015] [cgi:error] [pid 2320:tid 1728] [client 14.139.82.140:52733] script not found or unable to stat: E:/nuevo/cgi-bin/test-cgi.pl
[Tue Apr 14 22:15:17.060330 2015] [cgi:error] [pid 2320:tid 1352] [client 14.139.82.140:53609] script not found or unable to stat: E:/nuevo/cgi-bin/test.sh
[Tue Apr 14 22:15:17.606331 2015] [cgi:error] [pid 2320:tid 1548] [client 14.139.82.140:54413] script not found or unable to stat: E:/nuevo/cgi-bin/tools
[Tue Apr 14 23:48:12.293723 2015] [mpm_winnt:warn] [pid 2320:tid 2980] (OS 64)The specified network name is no longer available.  : AH00341: winnt_accept: Asynchronous AcceptEx failed.

:: Command execute ::

Enter:
 
Select:
 

:: Search ::
regexp 

:: Upload ::
 
[ ok ]

:: Make Dir ::
 
[ ok ]
:: Make File ::
 
[ ok ]

:: Go Dir ::
 
:: Go File ::
 

--[ c99shell v. 1.0 pre-release build #13 powered by Captain Crunch Security Team | http://ccteam.ru | Generation time: 0.078 ]--