!C99Shell v. 1.0 pre-release build #13!

Software: Apache. PHP/5.5.15 

uname -a: Windows NT SVR-DMZ 6.1 build 7600 (Windows Server 2008 R2 Enterprise Edition) i586 

SYSTEM 

Safe-mode: OFF (not secure)

E:\nuevo\apache\logs\   drwxrwxrwx
Free 7.33 GB of 239.26 GB (3.07%)
Detected drives: [ a ] [ c ] [ d ] [ e ] [ f ]
Home    Back    Forward    UPDIR    Refresh    Search    Buffer    Encoder    Tools    Proc.    FTP brute    Sec.    SQL    PHP-code    Update    Feedback    Self remove    Logout    


Viewing file:     error.2015.04.24.log (76.67 KB)      -rw-rw-rw-
Select action/file-type:
(+) | (+) | (+) | Code (+) | Session (+) | (+) | SDB (+) | (+) | (+) | (+) | (+) | (+) |
[Fri Apr 24 02:25:37.877708 2015] [mpm_winnt:warn] [pid 7296:tid 2800] (OS 64)The specified network name is no longer available.  : AH00341: winnt_accept: Asynchronous AcceptEx failed.
[Fri Apr 24 03:30:47.573175 2015] [mpm_winnt:warn] [pid 7296:tid 2800] (OS 64)The specified network name is no longer available.  : AH00341: winnt_accept: Asynchronous AcceptEx failed.
[Fri Apr 24 07:07:07.439574 2015] [proxy_http:error] [pid 7296:tid 1124] (OS 10054)An existing connection was forcibly closed by the remote host.  : [client 201.245.192.253:24672] AH01102: error reading status line from remote server 172.22.1.31:80, referer: http://190.27.245.106/isolucionsda/FrameSetGeneral.asp?Pagina1=FrameSetGeneral.asp&
[Fri Apr 24 07:07:07.439574 2015] [proxy:error] [pid 7296:tid 1124] [client 201.245.192.253:24672] AH00898: Error reading from remote server returned by /isolucionsda/BarraFavoritos.asp, referer: http://190.27.245.106/isolucionsda/FrameSetGeneral.asp?Pagina1=FrameSetGeneral.asp&
[Fri Apr 24 07:53:01.953012 2015] [proxy_http:error] [pid 7296:tid 1816] (OS 10054)An existing connection was forcibly closed by the remote host.  : [client 201.245.192.253:32685] AH01102: error reading status line from remote server 172.22.1.31:80
[Fri Apr 24 07:53:01.953012 2015] [proxy:error] [pid 7296:tid 1816] [client 201.245.192.253:32685] AH00898: Error reading from remote server returned by /isolucionsda/FrameSetGeneral.asp
[Fri Apr 24 07:57:28.916281 2015] [proxy_http:error] [pid 7296:tid 1260] (OS 10054)An existing connection was forcibly closed by the remote host.  : [client 201.245.192.253:33572] AH01102: error reading status line from remote server 172.22.1.31:80, referer: http://190.27.245.106/isolucionsda/FrameSetGeneral.asp?Pagina1=FrameSetGeneral.asp&
[Fri Apr 24 07:57:28.916281 2015] [proxy:error] [pid 7296:tid 1260] [client 201.245.192.253:33572] AH00898: Error reading from remote server returned by /isolucionsda/BarraFavoritos.asp, referer: http://190.27.245.106/isolucionsda/FrameSetGeneral.asp?Pagina1=FrameSetGeneral.asp&
[Fri Apr 24 07:57:31.490285 2015] [proxy_http:error] [pid 7296:tid 1204] (OS 10054)An existing connection was forcibly closed by the remote host.  : [client 201.245.192.253:33583] AH01102: error reading status line from remote server 172.22.1.31:80, referer: http://190.27.245.106/isolucionsda/FrameSetGeneral.asp?Pagina=Menu.asp&IdModulo=4
[Fri Apr 24 07:57:31.490285 2015] [proxy:error] [pid 7296:tid 1204] [client 201.245.192.253:33583] AH00898: Error reading from remote server returned by /isolucionsda/Menu.asp, referer: http://190.27.245.106/isolucionsda/FrameSetGeneral.asp?Pagina=Menu.asp&IdModulo=4
[Fri Apr 24 08:08:19.515423 2015] [proxy_http:error] [pid 7296:tid 1140] (OS 10054)An existing connection was forcibly closed by the remote host.  : [client 201.245.192.253:24396] AH01102: error reading status line from remote server 172.22.1.31:80, referer: http://190.27.245.106/isolucionsda/FrameSetGeneral.asp?Pagina1=FrameSetGeneral.asp&
[Fri Apr 24 08:08:19.515423 2015] [proxy:error] [pid 7296:tid 1140] [client 201.245.192.253:24396] AH00898: Error reading from remote server returned by /isolucionsda/BarraTitulos.asp, referer: http://190.27.245.106/isolucionsda/FrameSetGeneral.asp?Pagina1=FrameSetGeneral.asp&
[Fri Apr 24 08:08:19.562223 2015] [proxy_http:error] [pid 7296:tid 1140] (OS 10054)An existing connection was forcibly closed by the remote host.  : [client 201.245.192.253:24396] AH01102: error reading status line from remote server 172.22.1.31:80, referer: http://190.27.245.106/isolucionsda/Encabezado.asp?Pagina1=FrameSetGeneral.asp&&Pagina=MagazinHome.asp
[Fri Apr 24 08:12:52.047902 2015] [mpm_winnt:warn] [pid 7296:tid 2800] (OS 64)The specified network name is no longer available.  : AH00341: winnt_accept: Asynchronous AcceptEx failed.
[Fri Apr 24 08:18:22.473082 2015] [proxy_http:error] [pid 7296:tid 1628] (OS 10054)An existing connection was forcibly closed by the remote host.  : [client 201.245.192.253:27456] AH01102: error reading status line from remote server 172.22.1.31:80, referer: http://190.27.245.106/isolucionsda/Encabezado.asp?Pagina1=FrameSetGeneral.asp&&Pagina=MagazinHome.asp
[Fri Apr 24 08:18:22.473082 2015] [proxy:error] [pid 7296:tid 1628] [client 201.245.192.253:27456] AH00898: Error reading from remote server returned by /isolucionsda/Session.asp, referer: http://190.27.245.106/isolucionsda/Encabezado.asp?Pagina1=FrameSetGeneral.asp&&Pagina=MagazinHome.asp
[Fri Apr 24 08:41:38.051534 2015] [proxy_http:error] [pid 7296:tid 892] (OS 10054)An existing connection was forcibly closed by the remote host.  : [client 201.245.192.253:23454] AH01102: error reading status line from remote server 172.22.1.31:80, referer: http://190.27.245.106/isolucionsda/FrameSetGeneral.asp?Pagina1=FrameSetGeneral.asp&
[Fri Apr 24 08:41:38.051534 2015] [proxy:error] [pid 7296:tid 892] [client 201.245.192.253:23454] AH00898: Error reading from remote server returned by /isolucionsda/BarraTitulos.asp, referer: http://190.27.245.106/isolucionsda/FrameSetGeneral.asp?Pagina1=FrameSetGeneral.asp&
[Fri Apr 24 08:44:43.208259 2015] [proxy_http:error] [pid 7296:tid 1460] (OS 10054)An existing connection was forcibly closed by the remote host.  : [client 201.245.192.253:24716] AH01102: error reading status line from remote server 172.22.1.31:80, referer: http://190.27.245.106/isolucionsda/FrameSetGeneral.asp?Pagina1=FrameSetGeneral.asp&
[Fri Apr 24 08:44:43.208259 2015] [proxy:error] [pid 7296:tid 1460] [client 201.245.192.253:24716] AH00898: Error reading from remote server returned by /isolucionsda/MagazinHome.asp, referer: http://190.27.245.106/isolucionsda/FrameSetGeneral.asp?Pagina1=FrameSetGeneral.asp&
[Fri Apr 24 09:17:11.091080 2015] [proxy_http:error] [pid 7296:tid 1692] (20014)Internal error: [client 201.245.192.253:25437] AH01102: error reading status line from remote server 172.22.1.47:80
[Fri Apr 24 09:17:11.091080 2015] [proxy:error] [pid 7296:tid 1692] [client 201.245.192.253:25437] AH00898: Error reading from remote server returned by /forest/js/jquery/grid/css/ui.jqgrid.css
[Fri Apr 24 09:17:11.153480 2015] [proxy_http:error] [pid 7296:tid 1448] (20014)Internal error: [client 201.245.192.253:25448] AH01102: error reading status line from remote server 172.22.1.47:80
[Fri Apr 24 09:17:11.153480 2015] [proxy:error] [pid 7296:tid 1448] [client 201.245.192.253:25448] AH00898: Error reading from remote server returned by /forest/js/jquery/plugins/jquery.contextmenu.js
[Fri Apr 24 09:17:11.559081 2015] [proxy_http:error] [pid 7296:tid 1816] (20014)Internal error: [client 201.245.192.253:25475] AH01102: error reading status line from remote server 172.22.1.47:80
[Fri Apr 24 09:17:11.559081 2015] [proxy:error] [pid 7296:tid 1816] [client 201.245.192.253:25475] AH00898: Error reading from remote server returned by /forest/img/jquery/ui-bg_glass_85_dfeffc_1x400.png
[Fri Apr 24 09:18:50.900055 2015] [proxy_http:error] [pid 7296:tid 1388] (20014)Internal error: [client 201.245.192.253:26231] AH01102: error reading status line from remote server 172.22.1.47:80, referer: http://190.27.245.106/forest/usutareas.do?_a=0.9179943387862295&group_system_actual=3
[Fri Apr 24 09:19:45.827752 2015] [proxy_http:error] [pid 7296:tid 1396] (20014)Internal error: [client 201.245.192.253:26609] AH01102: error reading status line from remote server 172.22.1.47:80, referer: http://190.27.245.106/forest/misactividades.do?_a=0.5239799891132861&group_system_actual=3
[Fri Apr 24 09:30:13.307654 2015] [core:error] [pid 7296:tid 1604] (22)Invalid argument: [client 180.76.5.25:7647] AH00127: Cannot map GET /Autoliquidacion/Grupo%20Forestal%20-%20Industria%20de%20la%20Madera/Instructivo%20para%20Diligenciamiento%20Formulario%20Relaci%F3n%20de.pdf HTTP/1.1 to file
[Fri Apr 24 09:33:32.239203 2015] [proxy_http:error] [pid 7296:tid 1724] (20014)Internal error: [client 201.245.192.253:32655] AH01102: error reading status line from remote server 172.22.1.47:80, referer: http://190.27.245.106/forest/index2.jsp?a=0.3021792372700871
[Fri Apr 24 09:43:36.896265 2015] [core:error] [pid 7296:tid 1564] (22)Invalid argument: [client 180.76.6.46:36448] AH00127: Cannot map GET /Autoliquidacion/Grupo%20Forestal%20-%20Industria%20de%20la%20Madera/Formulario%20para%20la%20Relaci%F3n%20de%20Salvoconductos%20y%20Facturas.pdf HTTP/1.1 to file
[Fri Apr 24 09:46:13.411340 2015] [proxy_http:error] [pid 7296:tid 1036] (20014)Internal error: [client 201.245.192.253:25631] AH01102: error reading status line from remote server 172.22.1.47:80
[Fri Apr 24 09:46:13.411340 2015] [proxy:error] [pid 7296:tid 1036] [client 201.245.192.253:25631] AH00898: Error reading from remote server returned by /forest/1ibre/jscalendar/calendar-setup.js
[Fri Apr 24 09:53:05.127264 2015] [proxy_http:error] [pid 7296:tid 1668] (20014)Internal error: [client 201.245.192.253:28416] AH01102: error reading status line from remote server 172.22.1.47:80, referer: http://190.27.245.106/forest/usutareas.do?_a=0.08954355213791132&group_system_actual=3
[Fri Apr 24 09:58:03.337387 2015] [proxy_http:error] [pid 7296:tid 1692] (20014)Internal error: [client 201.245.192.253:30847] AH01102: error reading status line from remote server 172.22.1.47:80
[Fri Apr 24 09:58:03.337387 2015] [proxy:error] [pid 7296:tid 1692] [client 201.245.192.253:30847] AH00898: Error reading from remote server returned by /forest/skins/gdocs-jar/css/dialog.css
[Fri Apr 24 09:58:03.415387 2015] [proxy_http:error] [pid 7296:tid 1804] (20014)Internal error: [client 201.245.192.253:30855] AH01102: error reading status line from remote server 172.22.1.47:80
[Fri Apr 24 09:58:03.415387 2015] [proxy:error] [pid 7296:tid 1804] [client 201.245.192.253:30855] AH00898: Error reading from remote server returned by /forest/img/inicio/2.gif
[Fri Apr 24 09:58:17.705013 2015] [proxy_http:error] [pid 7296:tid 1724] (20014)Internal error: [client 186.154.253.106:51705] AH01102: error reading status line from remote server 172.22.1.47:80, referer: http://190.27.245.106/forest/radicacion.do?codMod=11&group_system_actual=4&_a=0.5374670457094908
[Fri Apr 24 09:59:45.923167 2015] [proxy_http:error] [pid 7296:tid 1444] (20014)Internal error: [client 201.245.192.253:31774] AH01102: error reading status line from remote server 172.22.1.47:80
[Fri Apr 24 09:59:45.923167 2015] [proxy:error] [pid 7296:tid 1444] [client 201.245.192.253:31774] AH00898: Error reading from remote server returned by /forest/skins/gdocs-jar/js/grid.js
[Fri Apr 24 09:59:46.141568 2015] [proxy_http:error] [pid 7296:tid 1140] (20014)Internal error: [client 201.245.192.253:31770] AH01102: error reading status line from remote server 172.22.1.47:80
[Fri Apr 24 09:59:46.141568 2015] [proxy:error] [pid 7296:tid 1140] [client 201.245.192.253:31770] AH00898: Error reading from remote server returned by /forest/skins/gdocs-jar/js/autocompletar2.js
[Fri Apr 24 10:00:37.684058 2015] [proxy_http:error] [pid 7296:tid 1628] (20014)Internal error: [client 201.245.192.253:32106] AH01102: error reading status line from remote server 172.22.1.47:80, referer: http://190.27.245.106/forest/usutareas.do?_a=0.08954355213791132&group_system_actual=3
[Fri Apr 24 10:00:47.808476 2015] [proxy_http:error] [pid 7296:tid 1140] (20014)Internal error: [client 201.245.192.253:32184] AH01102: error reading status line from remote server 172.22.1.47:80, referer: http://190.27.245.106/forest/index2.jsp?a=0.1595428691242754
[Fri Apr 24 10:00:47.808476 2015] [proxy:error] [pid 7296:tid 1140] [client 201.245.192.253:32184] AH00898: Error reading from remote server returned by /forest/skins/gdocs-jar/popup/popup.jsp, referer: http://190.27.245.106/forest/index2.jsp?a=0.1595428691242754
[Fri Apr 24 10:00:49.914480 2015] [proxy_http:error] [pid 7296:tid 1140] (20014)Internal error: [client 201.245.192.253:32184] AH01102: error reading status line from remote server 172.22.1.47:80, referer: http://190.27.245.106/forest/misactividades.do?group_system_actual=3&codPro=176&_a=0.2366148274691735
[Fri Apr 24 10:01:04.063705 2015] [proxy_http:error] [pid 7296:tid 1724] (20014)Internal error: [client 201.245.192.253:32342] AH01102: error reading status line from remote server 172.22.1.47:80
[Fri Apr 24 10:01:04.063705 2015] [proxy:error] [pid 7296:tid 1724] [client 201.245.192.253:32342] AH00898: Error reading from remote server returned by /forest/skins/gdocs-jar/img/clip.gif
[Fri Apr 24 10:09:08.710756 2015] [proxy_http:error] [pid 7296:tid 1180] (OS 10054)An existing connection was forcibly closed by the remote host.  : [client 201.245.192.253:23768] AH01102: error reading status line from remote server 172.22.1.31:80, referer: http://190.27.245.106/isolucionsda/Encabezado.asp?Pagina1=FrameSetGeneral.asp&&Pagina=MagazinHome.asp
[Fri Apr 24 10:10:09.769263 2015] [proxy_http:error] [pid 7296:tid 1324] (20014)Internal error: [client 201.245.192.253:24284] AH01102: error reading status line from remote server 172.22.1.47:80
[Fri Apr 24 10:10:09.769263 2015] [proxy:error] [pid 7296:tid 1324] [client 201.245.192.253:24284] AH00898: Error reading from remote server returned by /forest/1ibre/images/plus.gif
[Fri Apr 24 10:10:11.532066 2015] [proxy_http:error] [pid 7296:tid 1780] (20014)Internal error: [client 201.245.192.253:24306] AH01102: error reading status line from remote server 172.22.1.47:80
[Fri Apr 24 10:10:11.532066 2015] [proxy:error] [pid 7296:tid 1780] [client 201.245.192.253:24306] AH00898: Error reading from remote server returned by /forest/skins/gdocs-jar/css/forms.css
[Fri Apr 24 10:15:08.291388 2015] [proxy_http:error] [pid 7296:tid 1628] (20014)Internal error: [client 201.245.192.253:48317] AH01102: error reading status line from remote server 172.22.1.47:80
[Fri Apr 24 10:15:08.291388 2015] [proxy:error] [pid 7296:tid 1628] [client 201.245.192.253:48317] AH00898: Error reading from remote server returned by /forest/img/notify.gif
[Fri Apr 24 10:36:31.502841 2015] [proxy_http:error] [pid 7296:tid 892] (OS 10054)An existing connection was forcibly closed by the remote host.  : [client 201.245.192.253:57278] AH01102: error reading status line from remote server 172.22.1.31:80, referer: http://190.27.245.106/isolucionsda/FrameSetGeneral.asp?Pagina1=FrameSetGeneral.asp&
[Fri Apr 24 10:36:31.502841 2015] [proxy:error] [pid 7296:tid 892] [client 201.245.192.253:57278] AH00898: Error reading from remote server returned by /isolucionsda/BarraTitulos.asp, referer: http://190.27.245.106/isolucionsda/FrameSetGeneral.asp?Pagina1=FrameSetGeneral.asp&
[Fri Apr 24 10:36:36.635250 2015] [proxy_http:error] [pid 7296:tid 1308] (OS 10054)An existing connection was forcibly closed by the remote host.  : [client 201.245.192.253:57240] AH01102: error reading status line from remote server 172.22.1.31:80, referer: http://190.27.245.106/isolucionsda/FrameSetGeneral.asp?Pagina=ListadoMaestroDocumentos3.asp
[Fri Apr 24 10:41:30.508567 2015] [proxy_http:error] [pid 7296:tid 1748] (20014)Internal error: [client 201.245.192.253:34973] AH01102: error reading status line from remote server 172.22.1.47:80, referer: http://190.27.245.106/forest/usutareas.do?group_system_actual=3&a=0.07967067309740272
[Fri Apr 24 10:52:23.385313 2015] [proxy_http:error] [pid 7296:tid 1580] (OS 10054)An existing connection was forcibly closed by the remote host.  : [client 201.245.192.253:27295] AH01102: error reading status line from remote server 172.22.1.31:80, referer: http://190.27.245.106/isolucionsda/FrameSetGeneral.asp?Pagina1=FrameSetGeneral.asp&
[Fri Apr 24 10:52:23.385313 2015] [proxy:error] [pid 7296:tid 1580] [client 201.245.192.253:27295] AH00898: Error reading from remote server returned by /isolucionsda/MagazinHome.asp, referer: http://190.27.245.106/isolucionsda/FrameSetGeneral.asp?Pagina1=FrameSetGeneral.asp&
[Fri Apr 24 11:03:41.113904 2015] [core:error] [pid 7296:tid 1668] [client 207.253.227.221:58801] AH00126: Invalid URI in request GET HTTP/1.1 HTTP/1.1
[Fri Apr 24 11:03:41.379104 2015] [cgi:error] [pid 7296:tid 1204] [client 207.253.227.221:58889] script not found or unable to stat: E:/nuevo/cgi-bin/php
[Fri Apr 24 11:03:42.003105 2015] [cgi:error] [pid 7296:tid 1036] [client 207.253.227.221:59063] script not found or unable to stat: E:/nuevo/cgi-bin/bash
[Fri Apr 24 11:03:42.283906 2015] [cgi:error] [pid 7296:tid 1052] [client 207.253.227.221:59142] script not found or unable to stat: E:/nuevo/cgi-bin/contact.cgi
[Fri Apr 24 11:03:42.549106 2015] [cgi:error] [pid 7296:tid 1340] [client 207.253.227.221:59204] script not found or unable to stat: E:/nuevo/cgi-bin/defaultwebpage.cgi
[Fri Apr 24 11:03:42.798707 2015] [cgi:error] [pid 7296:tid 1172] [client 207.253.227.221:59258] script not found or unable to stat: E:/nuevo/cgi-bin/env.cgi
[Fri Apr 24 11:03:43.048307 2015] [cgi:error] [pid 7296:tid 1252] [client 207.253.227.221:59328] script not found or unable to stat: E:/nuevo/cgi-bin/forum.cgi
[Fri Apr 24 11:03:43.297908 2015] [cgi:error] [pid 7296:tid 1260] [client 207.253.227.221:59445] script not found or unable to stat: E:/nuevo/cgi-bin/hello.cgi
[Fri Apr 24 11:03:43.578708 2015] [cgi:error] [pid 7296:tid 1372] [client 207.253.227.221:59507] script not found or unable to stat: E:/nuevo/cgi-bin/index.cgi
[Fri Apr 24 11:03:44.670710 2015] [cgi:error] [pid 7296:tid 1036] [client 207.253.227.221:59735] script not found or unable to stat: E:/nuevo/cgi-bin/login.cgi
[Fri Apr 24 11:03:44.920310 2015] [cgi:error] [pid 7296:tid 1052] [client 207.253.227.221:59823] script not found or unable to stat: E:/nuevo/cgi-bin/main.cgi
[Fri Apr 24 11:03:45.201111 2015] [cgi:error] [pid 7296:tid 1204] [client 207.253.227.221:59894] script not found or unable to stat: E:/nuevo/cgi-bin/php4
[Fri Apr 24 11:03:45.481911 2015] [cgi:error] [pid 7296:tid 1172] [client 207.253.227.221:59964] script not found or unable to stat: E:/nuevo/cgi-bin/php5
[Fri Apr 24 11:03:45.747112 2015] [cgi:error] [pid 7296:tid 1252] [client 207.253.227.221:60033] script not found or unable to stat: E:/nuevo/cgi-bin/php5-cli
[Fri Apr 24 11:03:45.996712 2015] [cgi:error] [pid 7296:tid 1260] [client 207.253.227.221:60094] script not found or unable to stat: E:/nuevo/cgi-bin/recent.cgi
[Fri Apr 24 11:03:46.277513 2015] [cgi:error] [pid 7296:tid 1372] [client 207.253.227.221:60159] script not found or unable to stat: E:/nuevo/cgi-bin/sat-ir-web.pl
[Fri Apr 24 11:03:46.792314 2015] [cgi:error] [pid 7296:tid 1220] [client 207.253.227.221:60269] script not found or unable to stat: E:/nuevo/cgi-bin/test-cgi
[Fri Apr 24 11:03:47.041914 2015] [cgi:error] [pid 7296:tid 1460] [client 207.253.227.221:60414] script not found or unable to stat: E:/nuevo/cgi-bin/test.cgi
[Fri Apr 24 11:03:47.307115 2015] [cgi:error] [pid 7296:tid 1668] [client 207.253.227.221:60530] script not found or unable to stat: E:/nuevo/cgi-bin/test-cgi.pl
[Fri Apr 24 11:03:47.572315 2015] [cgi:error] [pid 7296:tid 1052] [client 207.253.227.221:60617] script not found or unable to stat: E:/nuevo/cgi-bin/tools
[Fri Apr 24 11:05:31.967698 2015] [proxy_http:error] [pid 7296:tid 1844] (20014)Internal error: [client 201.245.192.253:33308] AH01102: error reading status line from remote server 172.22.1.47:80, referer: http://190.27.245.106/forest/index2.jsp?_a=0.500034955343772
[Fri Apr 24 11:05:31.967698 2015] [proxy:error] [pid 7296:tid 1844] [client 201.245.192.253:33308] AH00898: Error reading from remote server returned by /forest/session.jsp, referer: http://190.27.245.106/forest/index2.jsp?_a=0.500034955343772
[Fri Apr 24 11:05:31.967698 2015] [negotiation:error] [pid 7296:tid 1844] [client 201.245.192.253:33308] AH00690: no acceptable variant: E:/nuevo/apache/error/HTTP_BAD_GATEWAY.html.var, referer: http://190.27.245.106/forest/index2.jsp?_a=0.500034955343772
[Fri Apr 24 11:05:57.489343 2015] [proxy_http:error] [pid 7296:tid 1300] (OS 10054)An existing connection was forcibly closed by the remote host.  : [client 190.24.223.132:24140] AH01102: error reading status line from remote server 172.22.1.31:80, referer: http://190.27.245.106/isolucionsda/BarraTitulos.asp?Pagina1=FrameSetGeneral.asp&&Pagina=MagazinHome.asp
[Fri Apr 24 11:08:51.304849 2015] [proxy_http:error] [pid 7296:tid 1340] (20014)Internal error: [client 190.157.172.223:50282] AH01102: error reading status line from remote server 172.22.1.47:80, referer: http://190.27.245.106/forest/buscar.do
[Fri Apr 24 11:10:16.605798 2015] [mpm_winnt:warn] [pid 7296:tid 2800] (OS 64)The specified network name is no longer available.  : AH00341: winnt_accept: Asynchronous AcceptEx failed.
[Fri Apr 24 11:14:07.611004 2015] [proxy_http:error] [pid 7296:tid 1492] (20014)Internal error: [client 186.84.50.162:50705] AH01102: error reading status line from remote server 172.22.1.47:80, referer: http://190.27.245.106/forest/usutareas.do?group_system_actual=3&a=0.09769484703429043
[Fri Apr 24 11:14:07.611004 2015] [proxy:error] [pid 7296:tid 1492] [client 186.84.50.162:50705] AH00898: Error reading from remote server returned by /forest/js/jquery/jquery.atmosphere.js, referer: http://190.27.245.106/forest/usutareas.do?group_system_actual=3&a=0.09769484703429043
[Fri Apr 24 11:14:14.740217 2015] [proxy_http:error] [pid 7296:tid 1204] (20014)Internal error: [client 201.245.192.253:25511] AH01102: error reading status line from remote server 172.22.1.47:80, referer: http://190.27.245.106/forest/usutareas.do?_a=0.2871993502326362&group_system_actual=3
[Fri Apr 24 11:14:27.142238 2015] [proxy_http:error] [pid 7296:tid 1212] (20014)Internal error: [client 190.157.172.223:50540] AH01102: error reading status line from remote server 172.22.1.47:80, referer: http://190.27.245.106/forest/buscar.do?type=documentos
[Fri Apr 24 11:15:08.903512 2015] [proxy_http:error] [pid 7296:tid 1396] (20014)Internal error: [client 201.245.192.253:26077] AH01102: error reading status line from remote server 172.22.1.47:80
[Fri Apr 24 11:15:08.903512 2015] [proxy:error] [pid 7296:tid 1396] [client 201.245.192.253:26077] AH00898: Error reading from remote server returned by /forest/skins/gdocs-jar/img/error.gif
[Fri Apr 24 11:15:35.329958 2015] [proxy_http:error] [pid 7296:tid 1816] (20014)Internal error: [client 190.157.172.223:50543] AH01102: error reading status line from remote server 172.22.1.47:80, referer: http://190.27.245.106/forest/index2.jsp?a=0.7577641009977112
[Fri Apr 24 11:15:51.085986 2015] [proxy_http:error] [pid 7296:tid 1816] (20014)Internal error: [client 190.157.172.223:50545] AH01102: error reading status line from remote server 172.22.1.47:80, referer: http://190.27.245.106/forest/buscar.do?
[Fri Apr 24 11:15:51.085986 2015] [proxy:error] [pid 7296:tid 1816] [client 190.157.172.223:50545] AH00898: Error reading from remote server returned by /forest/buscar.do, referer: http://190.27.245.106/forest/buscar.do?
[Fri Apr 24 11:19:56.224816 2015] [proxy_http:error] [pid 7296:tid 1140] (20014)Internal error: [client 190.157.172.223:50681] AH01102: error reading status line from remote server 172.22.1.47:80, referer: http://190.27.245.106/forest/buscar.do
[Fri Apr 24 11:20:27.456071 2015] [proxy_http:error] [pid 7296:tid 1652] (20014)Internal error: [client 201.245.192.253:49841] AH01102: error reading status line from remote server 172.22.1.47:80
[Fri Apr 24 11:20:27.456071 2015] [proxy:error] [pid 7296:tid 1652] [client 201.245.192.253:49841] AH00898: Error reading from remote server returned by /forest/1ibre/jscalendar/calendar-win2k-1.css
[Fri Apr 24 11:20:27.471671 2015] [proxy_http:error] [pid 7296:tid 1652] (20014)Internal error: [client 201.245.192.253:49853] AH01102: error reading status line from remote server 172.22.1.47:80
[Fri Apr 24 11:20:27.471671 2015] [proxy:error] [pid 7296:tid 1652] [client 201.245.192.253:49853] AH00898: Error reading from remote server returned by /forest/js/jquery/plugins/grid.setcolumns.js
[Fri Apr 24 11:20:27.549671 2015] [proxy_http:error] [pid 7296:tid 1492] (20014)Internal error: [client 201.245.192.253:49867] AH01102: error reading status line from remote server 172.22.1.47:80
[Fri Apr 24 11:20:27.549671 2015] [proxy:error] [pid 7296:tid 1492] [client 201.245.192.253:49867] AH00898: Error reading from remote server returned by /forest/img/pantalla.gif
[Fri Apr 24 11:20:39.546093 2015] [proxy_http:error] [pid 7296:tid 1372] (20014)Internal error: [client 201.245.192.253:50045] AH01102: error reading status line from remote server 172.22.1.47:80
[Fri Apr 24 11:20:39.546093 2015] [proxy:error] [pid 7296:tid 1372] [client 201.245.192.253:50045] AH00898: Error reading from remote server returned by /forest/skins/gdocs-jar/js/tareas.js
[Fri Apr 24 11:20:39.546093 2015] [proxy_http:error] [pid 7296:tid 1052] (20014)Internal error: [client 201.245.192.253:50051] AH01102: error reading status line from remote server 172.22.1.47:80
[Fri Apr 24 11:20:39.546093 2015] [proxy:error] [pid 7296:tid 1052] [client 201.245.192.253:50051] AH00898: Error reading from remote server returned by /forest/js/jquery/jquery.atmosphere.js
[Fri Apr 24 11:30:40.661948 2015] [proxy_http:error] [pid 7296:tid 1300] (20014)Internal error: [client 190.84.185.167:49283] AH01102: error reading status line from remote server 172.22.1.47:80, referer: http://190.27.245.106/forest/buscar.do?type=documentos
[Fri Apr 24 11:30:40.661948 2015] [proxy_http:error] [pid 7296:tid 1524] (20014)Internal error: [client 190.84.185.167:49285] AH01102: error reading status line from remote server 172.22.1.47:80, referer: http://190.27.245.106/forest/buscar.do?type=documentos
[Fri Apr 24 11:30:40.661948 2015] [proxy_http:error] [pid 7296:tid 1388] (20014)Internal error: [client 190.84.185.167:49284] AH01102: error reading status line from remote server 172.22.1.47:80, referer: http://190.27.245.106/forest/buscar.do?type=documentos
[Fri Apr 24 11:30:40.927149 2015] [proxy_http:error] [pid 7296:tid 1388] (20014)Internal error: [client 190.84.185.167:49287] AH01102: error reading status line from remote server 172.22.1.47:80, referer: http://190.27.245.106/forest/buscar.do?type=documentos
[Fri Apr 24 11:32:15.276115 2015] [proxy_http:error] [pid 7296:tid 1356] (20014)Internal error: [client 186.84.50.162:50911] AH01102: error reading status line from remote server 172.22.1.47:80, referer: http://190.27.245.106/forest/usutareas.do?group_system_actual=3&a=0.37558808200992644
[Fri Apr 24 11:40:24.617774 2015] [proxy_http:error] [pid 7296:tid 1468] (20014)Internal error: [client 201.245.192.253:49443] AH01102: error reading status line from remote server 172.22.1.47:80, referer: http://190.27.245.106/forest/index2.jsp?_a=0.4503174675628543
[Fri Apr 24 11:43:17.310077 2015] [proxy_http:error] [pid 7296:tid 1340] (20014)Internal error: [client 201.245.192.253:52684] AH01102: error reading status line from remote server 172.22.1.47:80, referer: http://190.27.245.106/forest/index2.jsp?_a=0.6800837425980717
[Fri Apr 24 11:44:15.076979 2015] [proxy_http:error] [pid 7296:tid 1532] (20014)Internal error: [client 201.245.192.253:53991] AH01102: error reading status line from remote server 172.22.1.47:80, referer: http://190.27.245.106/forest/index2.jsp?_a=0.237438446842134
[Fri Apr 24 11:49:47.966964 2015] [proxy:error] [pid 7296:tid 1324] (OS 10061)No connection could be made because the target machine actively refused it.  : AH00957: HTTP: attempt to connect to 172.22.1.36:8080 (172.22.1.36) failed
[Fri Apr 24 11:49:47.966964 2015] [proxy:error] [pid 7296:tid 1324] AH00959: ap_proxy_connect_backend disabling worker for (172.22.1.36) for 60s
[Fri Apr 24 11:49:47.966964 2015] [proxy_http:error] [pid 7296:tid 1324] [client 201.245.192.253:26721] AH01114: HTTP: failed to make connection to backend: 172.22.1.36
[Fri Apr 24 11:50:02.194189 2015] [proxy:error] [pid 7296:tid 1492] AH00940: HTTP: disabled connection for (172.22.1.36)
[Fri Apr 24 11:50:28.324234 2015] [proxy:error] [pid 7296:tid 1300] AH00940: HTTP: disabled connection for (172.22.1.36)
[Fri Apr 24 11:51:06.419501 2015] [proxy:error] [pid 7296:tid 1124] (OS 10061)No connection could be made because the target machine actively refused it.  : AH00957: HTTP: attempt to connect to 172.22.1.36:8080 (172.22.1.36) failed
[Fri Apr 24 11:51:06.419501 2015] [proxy:error] [pid 7296:tid 1124] AH00959: ap_proxy_connect_backend disabling worker for (172.22.1.36) for 60s
[Fri Apr 24 11:51:06.419501 2015] [proxy_http:error] [pid 7296:tid 1124] [client 201.245.192.253:27322] AH01114: HTTP: failed to make connection to backend: 172.22.1.36
[Fri Apr 24 11:51:20.428326 2015] [mpm_winnt:warn] [pid 7296:tid 2800] (OS 64)The specified network name is no longer available.  : AH00341: winnt_accept: Asynchronous AcceptEx failed.
[Fri Apr 24 11:51:27.931939 2015] [proxy:error] [pid 7296:tid 1740] AH00940: HTTP: disabled connection for (172.22.1.36)
[Fri Apr 24 11:53:51.748592 2015] [proxy:error] [pid 7296:tid 1140] (OS 10061)No connection could be made because the target machine actively refused it.  : AH00957: HTTP: attempt to connect to 172.22.1.36:8080 (172.22.1.36) failed
[Fri Apr 24 11:53:51.748592 2015] [proxy:error] [pid 7296:tid 1140] AH00959: ap_proxy_connect_backend disabling worker for (172.22.1.36) for 60s
[Fri Apr 24 11:53:51.748592 2015] [proxy_http:error] [pid 7296:tid 1140] [client 201.245.192.253:28267] AH01114: HTTP: failed to make connection to backend: 172.22.1.36
[Fri Apr 24 11:55:01.589914 2015] [proxy:error] [pid 7296:tid 1524] (OS 10061)No connection could be made because the target machine actively refused it.  : AH00957: HTTP: attempt to connect to 172.22.1.36:8080 (172.22.1.36) failed
[Fri Apr 24 11:55:01.589914 2015] [proxy:error] [pid 7296:tid 1524] AH00959: ap_proxy_connect_backend disabling worker for (172.22.1.36) for 60s
[Fri Apr 24 11:55:01.589914 2015] [proxy_http:error] [pid 7296:tid 1524] [client 201.245.192.253:28630] AH01114: HTTP: failed to make connection to backend: 172.22.1.36
[Fri Apr 24 11:55:55.191609 2015] [proxy:error] [pid 7296:tid 1444] AH00940: HTTP: disabled connection for (172.22.1.36)
[Fri Apr 24 11:56:39.932487 2015] [proxy:error] [pid 7296:tid 1460] (OS 10061)No connection could be made because the target machine actively refused it.  : AH00957: HTTP: attempt to connect to 172.22.1.36:8080 (172.22.1.36) failed
[Fri Apr 24 11:56:39.932487 2015] [proxy:error] [pid 7296:tid 1460] AH00959: ap_proxy_connect_backend disabling worker for (172.22.1.36) for 60s
[Fri Apr 24 11:56:39.932487 2015] [proxy_http:error] [pid 7296:tid 1460] [client 201.245.192.253:29206] AH01114: HTTP: failed to make connection to backend: 172.22.1.36
[Fri Apr 24 11:59:10.285551 2015] [proxy:error] [pid 7296:tid 912] (OS 10061)No connection could be made because the target machine actively refused it.  : AH00957: HTTP: attempt to connect to 172.22.1.36:8080 (172.22.1.36) failed
[Fri Apr 24 11:59:10.285551 2015] [proxy:error] [pid 7296:tid 912] AH00959: ap_proxy_connect_backend disabling worker for (172.22.1.36) for 60s
[Fri Apr 24 11:59:10.285551 2015] [proxy_http:error] [pid 7296:tid 912] [client 201.245.192.253:29947] AH01114: HTTP: failed to make connection to backend: 172.22.1.36
[Fri Apr 24 11:59:36.696398 2015] [proxy:error] [pid 7296:tid 1252] AH00940: HTTP: disabled connection for (172.22.1.36)
[Fri Apr 24 12:00:18.894472 2015] [proxy:error] [pid 7296:tid 1396] (OS 10061)No connection could be made because the target machine actively refused it.  : AH00957: HTTP: attempt to connect to 172.22.1.36:8080 (172.22.1.36) failed
[Fri Apr 24 12:00:18.894472 2015] [proxy:error] [pid 7296:tid 1396] AH00959: ap_proxy_connect_backend disabling worker for (172.22.1.36) for 60s
[Fri Apr 24 12:00:18.894472 2015] [proxy_http:error] [pid 7296:tid 1396] [client 201.245.192.253:30262] AH01114: HTTP: failed to make connection to backend: 172.22.1.36
[Fri Apr 24 12:01:17.160574 2015] [proxy:error] [pid 7296:tid 1740] AH00940: HTTP: disabled connection for (172.22.1.36)
[Fri Apr 24 12:01:24.804587 2015] [core:error] [pid 7296:tid 1524] (22)Invalid argument: [client 180.76.5.167:44966] AH00127: Cannot map GET /Autoliquidacion/Grupo%20Forestal%20-%20Industria%20de%20la%20Madera/Solicitud%20de%20verificaci%F3n%20para%20exportaci%F3n%20o%20importaci%F3n.pdf HTTP/1.1 to file
[Fri Apr 24 12:01:28.766994 2015] [proxy_http:error] [pid 7296:tid 1524] (OS 10054)An existing connection was forcibly closed by the remote host.  : [client 190.60.224.146:13698] AH01102: error reading status line from remote server 172.22.1.31:80, referer: http://190.27.245.106/isolucionsda/FrameSetGeneral.asp?Pagina=Menu.asp&IdModulo=7
[Fri Apr 24 12:01:28.766994 2015] [proxy:error] [pid 7296:tid 1524] [client 190.60.224.146:13698] AH00898: Error reading from remote server returned by /isolucionsda/Menu.asp, referer: http://190.27.245.106/isolucionsda/FrameSetGeneral.asp?Pagina=Menu.asp&IdModulo=7
[Fri Apr 24 12:01:50.404232 2015] [proxy:error] [pid 7296:tid 1740] (OS 10061)No connection could be made because the target machine actively refused it.  : AH00957: HTTP: attempt to connect to 172.22.1.36:8080 (172.22.1.36) failed
[Fri Apr 24 12:01:50.404232 2015] [proxy:error] [pid 7296:tid 1740] AH00959: ap_proxy_connect_backend disabling worker for (172.22.1.36) for 60s
[Fri Apr 24 12:01:50.404232 2015] [proxy_http:error] [pid 7296:tid 1740] [client 201.245.192.253:30748] AH01114: HTTP: failed to make connection to backend: 172.22.1.36
[Fri Apr 24 12:01:57.798645 2015] [proxy:error] [pid 7296:tid 1668] AH00940: HTTP: disabled connection for (172.22.1.36)
[Fri Apr 24 12:03:46.764837 2015] [proxy:error] [pid 7296:tid 1308] (OS 10061)No connection could be made because the target machine actively refused it.  : AH00957: HTTP: attempt to connect to 172.22.1.36:8080 (172.22.1.36) failed
[Fri Apr 24 12:03:46.764837 2015] [proxy:error] [pid 7296:tid 1308] AH00959: ap_proxy_connect_backend disabling worker for (172.22.1.36) for 60s
[Fri Apr 24 12:03:46.764837 2015] [proxy_http:error] [pid 7296:tid 1308] [client 201.245.192.253:31385] AH01114: HTTP: failed to make connection to backend: 172.22.1.36
[Fri Apr 24 13:12:50.008314 2015] [proxy_http:error] [pid 7296:tid 1396] (OS 10054)An existing connection was forcibly closed by the remote host.  : [client 201.245.192.253:51247] AH01102: error reading status line from remote server 172.22.1.31:80, referer: http://190.27.245.106/isolucionsda/FrameSetGeneral.asp?Pagina=SucursalSeleccion.asp&CargaPagina=ModuloProcesos&IdModulo=3
[Fri Apr 24 13:12:50.008314 2015] [proxy:error] [pid 7296:tid 1396] [client 201.245.192.253:51247] AH00898: Error reading from remote server returned by /isolucionsda/SucursalSeleccion.asp, referer: http://190.27.245.106/isolucionsda/FrameSetGeneral.asp?Pagina=SucursalSeleccion.asp&CargaPagina=ModuloProcesos&IdModulo=3
[Fri Apr 24 13:29:02.436022 2015] [core:error] [pid 7296:tid 1124] [client 211.137.14.23:34016] AH00126: Invalid URI in request GET HTTP/1.1 HTTP/1.1
[Fri Apr 24 13:29:03.106823 2015] [cgi:error] [pid 7296:tid 1816] [client 211.137.14.23:34191] script not found or unable to stat: E:/nuevo/cgi-bin/php
[Fri Apr 24 13:29:04.822826 2015] [cgi:error] [pid 7296:tid 1484] [client 211.137.14.23:34638] script not found or unable to stat: E:/nuevo/cgi-bin/bash
[Fri Apr 24 13:29:05.493627 2015] [cgi:error] [pid 7296:tid 1124] [client 211.137.14.23:34820] script not found or unable to stat: E:/nuevo/cgi-bin/contact.cgi
[Fri Apr 24 13:29:06.180029 2015] [cgi:error] [pid 7296:tid 1816] [client 211.137.14.23:34981] script not found or unable to stat: E:/nuevo/cgi-bin/defaultwebpage.cgi
[Fri Apr 24 13:29:06.866430 2015] [cgi:error] [pid 7296:tid 1172] [client 211.137.14.23:35134] script not found or unable to stat: E:/nuevo/cgi-bin/env.cgi
[Fri Apr 24 13:29:07.552831 2015] [cgi:error] [pid 7296:tid 1484] [client 211.137.14.23:35274] script not found or unable to stat: E:/nuevo/cgi-bin/forum.cgi
[Fri Apr 24 13:29:08.223632 2015] [cgi:error] [pid 7296:tid 1124] [client 211.137.14.23:35467] script not found or unable to stat: E:/nuevo/cgi-bin/hello.cgi
[Fri Apr 24 13:29:08.894433 2015] [cgi:error] [pid 7296:tid 1816] [client 211.137.14.23:35636] script not found or unable to stat: E:/nuevo/cgi-bin/index.cgi
[Fri Apr 24 13:29:09.596435 2015] [cgi:error] [pid 7296:tid 1172] [client 211.137.14.23:35777] script not found or unable to stat: E:/nuevo/cgi-bin/login.cgi
[Fri Apr 24 13:29:10.267236 2015] [cgi:error] [pid 7296:tid 1724] [client 211.137.14.23:35952] script not found or unable to stat: E:/nuevo/cgi-bin/main.cgi
[Fri Apr 24 13:29:10.922437 2015] [cgi:error] [pid 7296:tid 1124] [client 211.137.14.23:36142] script not found or unable to stat: E:/nuevo/cgi-bin/php4
[Fri Apr 24 13:29:11.593238 2015] [cgi:error] [pid 7296:tid 1816] [client 211.137.14.23:36276] script not found or unable to stat: E:/nuevo/cgi-bin/php5
[Fri Apr 24 13:29:12.248439 2015] [cgi:error] [pid 7296:tid 1172] [client 211.137.14.23:36430] script not found or unable to stat: E:/nuevo/cgi-bin/php5-cli
[Fri Apr 24 13:29:12.919240 2015] [cgi:error] [pid 7296:tid 1724] [client 211.137.14.23:36582] script not found or unable to stat: E:/nuevo/cgi-bin/recent.cgi
[Fri Apr 24 13:29:13.605642 2015] [cgi:error] [pid 7296:tid 1124] [client 211.137.14.23:36722] script not found or unable to stat: E:/nuevo/cgi-bin/sat-ir-web.pl
[Fri Apr 24 13:29:14.994044 2015] [cgi:error] [pid 7296:tid 1172] [client 211.137.14.23:37081] script not found or unable to stat: E:/nuevo/cgi-bin/test-cgi
[Fri Apr 24 13:29:15.649245 2015] [cgi:error] [pid 7296:tid 1724] [client 211.137.14.23:37212] script not found or unable to stat: E:/nuevo/cgi-bin/test.cgi
[Fri Apr 24 13:29:16.320046 2015] [cgi:error] [pid 7296:tid 1580] [client 211.137.14.23:37374] script not found or unable to stat: E:/nuevo/cgi-bin/test-cgi.pl
[Fri Apr 24 13:29:16.990848 2015] [cgi:error] [pid 7296:tid 1816] [client 211.137.14.23:37565] script not found or unable to stat: E:/nuevo/cgi-bin/tools
[Fri Apr 24 13:50:45.304510 2015] [proxy_http:error] [pid 7296:tid 1036] (OS 10054)An existing connection was forcibly closed by the remote host.  : [client 201.245.192.253:49339] AH01102: error reading status line from remote server 172.22.1.31:80, referer: http://190.27.245.106/isolucionsda/FrameSetGeneral.asp?Pagina1=FrameSetGeneral.asp&
[Fri Apr 24 13:50:45.304510 2015] [proxy:error] [pid 7296:tid 1036] [client 201.245.192.253:49339] AH00898: Error reading from remote server returned by /isolucionsda/BarraFavoritos.asp, referer: http://190.27.245.106/isolucionsda/FrameSetGeneral.asp?Pagina1=FrameSetGeneral.asp&
[Fri Apr 24 13:55:28.913009 2015] [core:error] [pid 7296:tid 1716] (22)Invalid argument: [client 202.46.56.125:1765] AH00127: Cannot map GET /Autoliquidacion/Grupo%20Forestal%20-%20Industria%20de%20la%20Madera/Solicitud%20de%20verificaci%F3n%20para%20exportaci%F3n%20o%20importaci%F3n.pdf HTTP/1.1 to file
[Fri Apr 24 14:02:46.790178 2015] [proxy_http:error] [pid 7296:tid 1372] (OS 10054)An existing connection was forcibly closed by the remote host.  : [client 190.60.224.146:33784] AH01102: error reading status line from remote server 172.22.1.31:80, referer: http://190.27.245.106/isolucionsda/FrameSetGeneral.asp?Pagina=Administracion/../riesgosdafp/riesgoanalisis.asp
[Fri Apr 24 14:07:04.830231 2015] [proxy_http:error] [pid 7296:tid 1160] (OS 10054)An existing connection was forcibly closed by the remote host.  : [client 186.154.194.186:59191] AH01102: error reading status line from remote server 172.22.1.31:80, referer: http://190.27.245.106/isolucionsda/Encabezado.asp?Pagina1=FrameSetGeneral.asp&&Pagina=MagazinHome.asp
[Fri Apr 24 14:09:19.957668 2015] [core:error] [pid 7296:tid 1468] (22)Invalid argument: [client 202.46.61.145:41358] AH00127: Cannot map GET /Autoliquidacion/Grupo%20Forestal%20-%20Industria%20de%20la%20Madera/Lista%20de%20chequeo%20-%20Verificaci%F3n%20de%20permisos%20CITIES%20y%20NO%20CITIES.pdf HTTP/1.1 to file
[Fri Apr 24 14:20:22.100831 2015] [proxy_http:error] [pid 7296:tid 1160] (OS 10054)An existing connection was forcibly closed by the remote host.  : [client 200.69.103.254:28021] AH01102: error reading status line from remote server 172.22.1.31:80, referer: http://190.27.245.106/isolucionsda/Encabezado.asp?Pagina1=FrameSetGeneral.asp&&Pagina=MagazinHome.asp
[Fri Apr 24 14:23:24.527552 2015] [proxy_http:error] [pid 7296:tid 1356] (20014)Internal error: [client 201.245.192.253:51789] AH01102: error reading status line from remote server 172.22.1.47:80
[Fri Apr 24 14:23:24.527552 2015] [proxy:error] [pid 7296:tid 1356] [client 201.245.192.253:51789] AH00898: Error reading from remote server returned by /forest/js/jquery/css/jquery-ui-selectmenu.css
[Fri Apr 24 14:26:37.749491 2015] [mpm_winnt:warn] [pid 7296:tid 2800] (OS 64)The specified network name is no longer available.  : AH00341: winnt_accept: Asynchronous AcceptEx failed.
[Fri Apr 24 14:43:25.559061 2015] [proxy_http:error] [pid 7296:tid 1564] (OS 10054)An existing connection was forcibly closed by the remote host.  : [client 200.69.103.254:15767] AH01102: error reading status line from remote server 172.22.1.31:80, referer: http://190.27.245.106/isolucionsda/FrameSetGeneral.asp?Pagina1=FrameSetGeneral.asp&
[Fri Apr 24 14:43:25.559061 2015] [proxy:error] [pid 7296:tid 1564] [client 200.69.103.254:15767] AH00898: Error reading from remote server returned by /isolucionsda/MagazinHome.asp, referer: http://190.27.245.106/isolucionsda/FrameSetGeneral.asp?Pagina1=FrameSetGeneral.asp&
[Fri Apr 24 14:43:35.855079 2015] [core:error] [pid 7296:tid 1684] (22)Invalid argument: [client 202.46.56.115:3109] AH00127: Cannot map GET /Autoliquidacion/Grupo%20Forestal%20-%20Industria%20de%20la%20Madera/Lista%20de%20chequeo%20-%20Certificaci%F3n.pdf HTTP/1.1 to file
[Fri Apr 24 14:43:42.375891 2015] [proxy_http:error] [pid 7296:tid 1448] (20014)Internal error: [client 201.245.192.253:32824] AH01102: error reading status line from remote server 172.22.1.47:80
[Fri Apr 24 14:43:42.375891 2015] [proxy:error] [pid 7296:tid 1448] [client 201.245.192.253:32824] AH00898: Error reading from remote server returned by /forest/skins/gdocs-jar/js/popup.js
[Fri Apr 24 14:43:43.795493 2015] [proxy_http:error] [pid 7296:tid 1524] (OS 10054)An existing connection was forcibly closed by the remote host.  : [client 200.69.103.254:21336] AH01102: error reading status line from remote server 172.22.1.31:80, referer: http://190.27.245.106/isolucionsda/FrameSetGeneral.asp?Pagina=Administracion/CatalogoIndicador.asp
[Fri Apr 24 14:43:43.795493 2015] [proxy:error] [pid 7296:tid 1524] [client 200.69.103.254:21336] AH00898: Error reading from remote server returned by /isolucionsda/Encabezado.asp, referer: http://190.27.245.106/isolucionsda/FrameSetGeneral.asp?Pagina=Administracion/CatalogoIndicador.asp
[Fri Apr 24 14:44:48.847608 2015] [proxy_http:error] [pid 7296:tid 1124] (20014)Internal error: [client 201.245.192.253:33541] AH01102: error reading status line from remote server 172.22.1.47:80
[Fri Apr 24 14:44:48.847608 2015] [proxy:error] [pid 7296:tid 1124] [client 201.245.192.253:33541] AH00898: Error reading from remote server returned by /forest/img/forestIcon.gif
[Fri Apr 24 14:47:00.012638 2015] [proxy_http:error] [pid 7296:tid 1668] (OS 10054)An existing connection was forcibly closed by the remote host.  : [client 200.69.103.254:45476] AH01102: error reading status line from remote server 172.22.1.31:80, referer: http://190.27.245.106/isolucionsda/FrameSetGeneral.asp?Pagina=Menu.asp&IdModulo=5
[Fri Apr 24 14:47:00.012638 2015] [proxy:error] [pid 7296:tid 1668] [client 200.69.103.254:45476] AH00898: Error reading from remote server returned by /isolucionsda/BarraTitulos.asp, referer: http://190.27.245.106/isolucionsda/FrameSetGeneral.asp?Pagina=Menu.asp&IdModulo=5
[Fri Apr 24 14:47:56.110336 2015] [proxy_http:error] [pid 7296:tid 1324] (20014)Internal error: [client 201.245.192.253:34687] AH01102: error reading status line from remote server 172.22.1.47:80, referer: http://190.27.245.106/forest/index2.jsp?_a=0.32870929478667676
[Fri Apr 24 14:50:59.332658 2015] [proxy_http:error] [pid 7296:tid 1324] (OS 10054)An existing connection was forcibly closed by the remote host.  : [client 200.69.103.254:49995] AH01102: error reading status line from remote server 172.22.1.31:80, referer: http://190.27.245.106/isolucionsda/BSC/BSC/Jerarquico.aspx?Pagina=BSC/BSC/Jerarquico.aspx&TipoGrupo=Tablero&Visualizacion=1&Grafico=2&FechaInicial=&FechaFinal=&IdElemento=&number=
[Fri Apr 24 14:50:59.332658 2015] [proxy:error] [pid 7296:tid 1324] [client 200.69.103.254:49995] AH00898: Error reading from remote server returned by /ISOlucionSDA/BSC/WebResource.axd, referer: http://190.27.245.106/isolucionsda/BSC/BSC/Jerarquico.aspx?Pagina=BSC/BSC/Jerarquico.aspx&TipoGrupo=Tablero&Visualizacion=1&Grafico=2&FechaInicial=&FechaFinal=&IdElemento=&number=
[Fri Apr 24 14:50:59.332658 2015] [proxy_http:error] [pid 7296:tid 1260] (OS 10054)An existing connection was forcibly closed by the remote host.  : [client 200.69.103.254:51375] AH01102: error reading status line from remote server 172.22.1.31:80, referer: http://190.27.245.106/isolucionsda/BSC/BSC/Jerarquico.aspx?Pagina=BSC/BSC/Jerarquico.aspx&TipoGrupo=Tablero&Visualizacion=1&Grafico=2&FechaInicial=&FechaFinal=&IdElemento=&number=
[Fri Apr 24 14:50:59.332658 2015] [proxy:error] [pid 7296:tid 1260] [client 200.69.103.254:51375] AH00898: Error reading from remote server returned by /ISOlucionSDA/BSC/WebResource.axd, referer: http://190.27.245.106/isolucionsda/BSC/BSC/Jerarquico.aspx?Pagina=BSC/BSC/Jerarquico.aspx&TipoGrupo=Tablero&Visualizacion=1&Grafico=2&FechaInicial=&FechaFinal=&IdElemento=&number=
[Fri Apr 24 14:55:44.672759 2015] [proxy_http:error] [pid 7296:tid 1340] (20014)Internal error: [client 201.245.192.253:24778] AH01102: error reading status line from remote server 172.22.1.47:80
[Fri Apr 24 14:55:44.672759 2015] [proxy:error] [pid 7296:tid 1340] [client 201.245.192.253:24778] AH00898: Error reading from remote server returned by /forest/1ibre/jscalendar/calendar-win2k-1.css
[Fri Apr 24 14:55:47.823965 2015] [proxy_http:error] [pid 7296:tid 1692] (20014)Internal error: [client 201.245.192.253:24793] AH01102: error reading status line from remote server 172.22.1.47:80
[Fri Apr 24 14:55:47.823965 2015] [proxy:error] [pid 7296:tid 1692] [client 201.245.192.253:24793] AH00898: Error reading from remote server returned by /forest/skins/gdocs-jar/js/number-functions.js
[Fri Apr 24 14:55:53.502375 2015] [proxy_http:error] [pid 7296:tid 1036] (20014)Internal error: [client 201.245.192.253:24818] AH01102: error reading status line from remote server 172.22.1.47:80, referer: http://190.27.245.106/forest/misactividades.do?_a=0.05317619792185724&group_system_actual=3
[Fri Apr 24 14:55:53.502375 2015] [proxy:error] [pid 7296:tid 1036] [client 201.245.192.253:24818] AH00898: Error reading from remote server returned by /forest/skins/gdocs-jar/popup/popup.jsp, referer: http://190.27.245.106/forest/misactividades.do?_a=0.05317619792185724&group_system_actual=3
[Fri Apr 24 14:56:03.829593 2015] [proxy_http:error] [pid 7296:tid 1036] (20014)Internal error: [client 201.245.192.253:24864] AH01102: error reading status line from remote server 172.22.1.47:80, referer: http://190.27.245.106/forest/misactividades.do?_a=0.05317619792185724&group_system_actual=3
[Fri Apr 24 14:56:03.829593 2015] [proxy:error] [pid 7296:tid 1036] [client 201.245.192.253:24864] AH00898: Error reading from remote server returned by /forest/buscar.do, referer: http://190.27.245.106/forest/misactividades.do?_a=0.05317619792185724&group_system_actual=3
[Fri Apr 24 14:57:11.408912 2015] [proxy_http:error] [pid 7296:tid 1508] (20014)Internal error: [client 201.245.192.253:25230] AH01102: error reading status line from remote server 172.22.1.47:80, referer: http://190.27.245.106/forest/buscar.do?type=documentos
[Fri Apr 24 15:01:57.919015 2015] [core:error] [pid 7296:tid 1396] [client 184.172.243.226:32470] AH00126: Invalid URI in request GET HTTP/1.1 HTTP/1.1
[Fri Apr 24 15:01:58.121815 2015] [cgi:error] [pid 7296:tid 1124] [client 184.172.243.226:32640] script not found or unable to stat: E:/nuevo/cgi-bin/php
[Fri Apr 24 15:01:58.621016 2015] [cgi:error] [pid 7296:tid 1260] [client 184.172.243.226:32948] script not found or unable to stat: E:/nuevo/cgi-bin/bash
[Fri Apr 24 15:01:58.823817 2015] [cgi:error] [pid 7296:tid 1580] [client 184.172.243.226:33064] script not found or unable to stat: E:/nuevo/cgi-bin/contact.cgi
[Fri Apr 24 15:01:59.026617 2015] [cgi:error] [pid 7296:tid 1340] [client 184.172.243.226:33166] script not found or unable to stat: E:/nuevo/cgi-bin/defaultwebpage.cgi
[Fri Apr 24 15:01:59.229417 2015] [cgi:error] [pid 7296:tid 1556] [client 184.172.243.226:33276] script not found or unable to stat: E:/nuevo/cgi-bin/env.cgi
[Fri Apr 24 15:01:59.432218 2015] [cgi:error] [pid 7296:tid 1372] [client 184.172.243.226:33385] script not found or unable to stat: E:/nuevo/cgi-bin/forum.cgi
[Fri Apr 24 15:01:59.650618 2015] [cgi:error] [pid 7296:tid 1036] [client 184.172.243.226:33497] script not found or unable to stat: E:/nuevo/cgi-bin/hello.cgi
[Fri Apr 24 15:01:59.837818 2015] [cgi:error] [pid 7296:tid 1484] [client 184.172.243.226:33603] script not found or unable to stat: E:/nuevo/cgi-bin/index.cgi
