!C99Shell v. 1.0 pre-release build #13!

Software: Apache. PHP/5.5.15 

uname -a: Windows NT SVR-DMZ 6.1 build 7600 (Windows Server 2008 R2 Enterprise Edition) i586 

SYSTEM 

Safe-mode: OFF (not secure)

E:\nuevo\apache\logs\   drwxrwxrwx
Free 7.33 GB of 239.26 GB (3.07%)
Detected drives: [ a ] [ c ] [ d ] [ e ] [ f ]
Home    Back    Forward    UPDIR    Refresh    Search    Buffer    Encoder    Tools    Proc.    FTP brute    Sec.    SQL    PHP-code    Update    Feedback    Self remove    Logout    


Viewing file:     error.2015.05.11.log (122.8 KB)      -rw-rw-rw-
Select action/file-type:
(+) | (+) | (+) | Code (+) | Session (+) | (+) | SDB (+) | (+) | (+) | (+) | (+) | (+) |
[Mon May 11 02:32:17.419995 2015] [:error] [pid 7296:tid 1580] [client 207.46.13.117:18274] script 'E:/nuevo/htdocs/index-1.php' not found or unable to stat
[Mon May 11 02:32:52.925657 2015] [:error] [pid 7296:tid 692] [client 207.46.13.66:7971] script 'E:/nuevo/htdocs/Fabiss.php' not found or unable to stat
[Mon May 11 02:39:41.349975 2015] [mpm_winnt:warn] [pid 7296:tid 2800] (OS 64)The specified network name is no longer available.  : AH00341: winnt_accept: Asynchronous AcceptEx failed.
[Mon May 11 03:25:31.713805 2015] [access_compat:error] [pid 7296:tid 1836] [client 84.14.101.25:60027] AH01797: client denied by server configuration: E:/nuevo/phpMyAdmin/index.php
[Mon May 11 03:25:31.901006 2015] [access_compat:error] [pid 7296:tid 1836] [client 84.14.101.25:60027] AH01797: client denied by server configuration: E:/nuevo/phpMyAdmin/index.php, referer: http://190.27.245.106/phpmyadmin/index.php\r
[Mon May 11 04:43:36.466506 2015] [mpm_winnt:warn] [pid 7296:tid 2800] (OS 64)The specified network name is no longer available.  : AH00341: winnt_accept: Asynchronous AcceptEx failed.
[Mon May 11 05:15:20.825251 2015] [mpm_winnt:warn] [pid 7296:tid 2800] (OS 64)The specified network name is no longer available.  : AH00341: winnt_accept: Asynchronous AcceptEx failed.
[Mon May 11 05:23:46.500139 2015] [mpm_winnt:warn] [pid 7296:tid 2800] (OS 64)The specified network name is no longer available.  : AH00341: winnt_accept: Asynchronous AcceptEx failed.
[Mon May 11 06:39:04.347075 2015] [mpm_winnt:warn] [pid 7296:tid 2800] (OS 64)The specified network name is no longer available.  : AH00341: winnt_accept: Asynchronous AcceptEx failed.
[Mon May 11 07:36:08.616489 2015] [mpm_winnt:warn] [pid 7296:tid 2800] (OS 64)The specified network name is no longer available.  : AH00341: winnt_accept: Asynchronous AcceptEx failed.
[Mon May 11 07:50:58.068651 2015] [proxy_http:error] [pid 7296:tid 1692] (OS 10054)An existing connection was forcibly closed by the remote host.  : [client 201.245.192.253:32206] AH01102: error reading status line from remote server 172.22.1.31:80, referer: http://190.27.245.106/isolucionsda/FrameSetGeneral.asp?Pagina1=FrameSetGeneral.asp&
[Mon May 11 07:50:58.068651 2015] [proxy:error] [pid 7296:tid 1692] [client 201.245.192.253:32206] AH00898: Error reading from remote server returned by /isolucionsda/MagazinHome.asp, referer: http://190.27.245.106/isolucionsda/FrameSetGeneral.asp?Pagina1=FrameSetGeneral.asp&
[Mon May 11 07:50:58.068651 2015] [proxy_http:error] [pid 7296:tid 680] (OS 10054)An existing connection was forcibly closed by the remote host.  : [client 201.245.192.253:32205] AH01102: error reading status line from remote server 172.22.1.31:80, referer: http://190.27.245.106/isolucionsda/FrameSetGeneral.asp?Pagina1=FrameSetGeneral.asp&
[Mon May 11 07:50:58.068651 2015] [proxy:error] [pid 7296:tid 680] [client 201.245.192.253:32205] AH00898: Error reading from remote server returned by /isolucionsda/BarraTitulos.asp, referer: http://190.27.245.106/isolucionsda/FrameSetGeneral.asp?Pagina1=FrameSetGeneral.asp&
[Mon May 11 07:56:40.489253 2015] [proxy_http:error] [pid 7296:tid 1356] (OS 10054)An existing connection was forcibly closed by the remote host.  : [client 201.245.192.253:58533] AH01102: error reading status line from remote server 172.22.1.31:80, referer: http://190.27.245.106/isolucionsda/FrameSetGeneral.asp?Pagina1=FrameSetGeneral.asp&
[Mon May 11 07:56:40.489253 2015] [proxy:error] [pid 7296:tid 1356] [client 201.245.192.253:58533] AH00898: Error reading from remote server returned by /isolucionsda/BarraFavoritos.asp, referer: http://190.27.245.106/isolucionsda/FrameSetGeneral.asp?Pagina1=FrameSetGeneral.asp&
[Mon May 11 08:25:35.149900 2015] [access_compat:error] [pid 7296:tid 680] [client 211.172.232.163:10598] AH01797: client denied by server configuration: E:/nuevo/htdocs/phpMyAdmin
[Mon May 11 08:25:35.695900 2015] [access_compat:error] [pid 7296:tid 1356] [client 211.172.232.163:11887] AH01797: client denied by server configuration: E:/nuevo/phpMyAdmin/scripts
[Mon May 11 08:27:26.768096 2015] [access_compat:error] [pid 7296:tid 992] [client 211.172.232.163:56777] AH01797: client denied by server configuration: E:/nuevo/htdocs/phpMyAdmin
[Mon May 11 08:27:27.282896 2015] [access_compat:error] [pid 7296:tid 1492] [client 211.172.232.163:57616] AH01797: client denied by server configuration: E:/nuevo/phpMyAdmin/scripts
[Mon May 11 09:18:58.819327 2015] [proxy_http:error] [pid 7296:tid 1772] (20014)Internal error: [client 201.245.192.253:58657] AH01102: error reading status line from remote server 172.22.1.47:80, referer: http://190.27.245.106/forest/usutareas.do?group_system_actual=3&codAct=916&numPro=3088443&codPro=95&fecTra=2015-05-04%2011:26:26.0&codInst=3130008&codTraEsc=18061035
[Mon May 11 09:27:12.497794 2015] [proxy_http:error] [pid 7296:tid 1444] (20014)Internal error: [client 201.245.192.253:56978] AH01102: error reading status line from remote server 172.22.1.47:80, referer: http://190.27.245.106/forest/misactividades.do?group_system_actual=3&codPro=95&_a=0.9836143919171237
[Mon May 11 09:27:12.716194 2015] [proxy_http:error] [pid 7296:tid 1492] (20014)Internal error: [client 201.245.192.253:56985] AH01102: error reading status line from remote server 172.22.1.47:80, referer: http://190.27.245.106/forest/misactividades.do?group_system_actual=3&codPro=95&_a=0.9836143919171237
[Mon May 11 09:27:12.716194 2015] [proxy:error] [pid 7296:tid 1492] [client 201.245.192.253:56985] AH00898: Error reading from remote server returned by /forest/system/document.jsp, referer: http://190.27.245.106/forest/misactividades.do?group_system_actual=3&codPro=95&_a=0.9836143919171237
[Mon May 11 09:37:50.274714 2015] [proxy_http:error] [pid 7296:tid 1396] (20014)Internal error: [client 201.245.192.253:48534] AH01102: error reading status line from remote server 172.22.1.47:80
[Mon May 11 09:37:50.274714 2015] [proxy:error] [pid 7296:tid 1396] [client 201.245.192.253:48534] AH00898: Error reading from remote server returned by /forest/skins/gdocs-jar/css/dialog.css
[Mon May 11 09:38:47.136814 2015] [proxy:error] [pid 7296:tid 1716] (OS 10061)No connection could be made because the target machine actively refused it.  : AH00957: HTTP: attempt to connect to 172.22.1.36:8080 (172.22.1.36) failed
[Mon May 11 09:38:47.136814 2015] [proxy:error] [pid 7296:tid 1716] AH00959: ap_proxy_connect_backend disabling worker for (172.22.1.36) for 60s
[Mon May 11 09:38:47.136814 2015] [proxy_http:error] [pid 7296:tid 1716] [client 201.245.192.253:49696] AH01114: HTTP: failed to make connection to backend: 172.22.1.36
[Mon May 11 09:40:42.670617 2015] [proxy_http:error] [pid 7296:tid 716] (20014)Internal error: [client 181.61.173.135:56242] AH01102: error reading status line from remote server 172.22.1.47:80, referer: http://190.27.245.106/forest/usutareas.do?_a=0.21209600754082203&group_system_actual=3
[Mon May 11 09:44:26.390610 2015] [proxy_http:error] [pid 7296:tid 1772] (20014)Internal error: [client 201.245.192.253:54866] AH01102: error reading status line from remote server 172.22.1.47:80, referer: http://190.27.245.106/forest/usutareas.do?_a=0.7556253620423377&group_system_actual=3
[Mon May 11 09:46:49.864062 2015] [proxy_http:error] [pid 7296:tid 1260] (20014)Internal error: [client 181.61.173.135:56398] AH01102: error reading status line from remote server 172.22.1.47:80, referer: http://190.27.245.106/forest/misactividades.do?group_system_actual=3&codPro=176&_a=0.2145148489514258
[Mon May 11 09:51:02.880906 2015] [proxy_http:error] [pid 7296:tid 1364] (20014)Internal error: [client 201.245.192.253:50313] AH01102: error reading status line from remote server 172.22.1.47:80
[Mon May 11 09:51:02.880906 2015] [proxy:error] [pid 7296:tid 1364] [client 201.245.192.253:50313] AH00898: Error reading from remote server returned by /forest/1ibre/1ibre.js
[Mon May 11 09:51:03.052506 2015] [proxy_http:error] [pid 7296:tid 1692] (20014)Internal error: [client 201.245.192.253:50327] AH01102: error reading status line from remote server 172.22.1.47:80
[Mon May 11 09:51:03.052506 2015] [proxy:error] [pid 7296:tid 1692] [client 201.245.192.253:50327] AH00898: Error reading from remote server returned by /forest/1ibre/images/minus.gif
[Mon May 11 09:52:48.695892 2015] [proxy_http:error] [pid 7296:tid 1644] (20014)Internal error: [client 201.245.192.253:52794] AH01102: error reading status line from remote server 172.22.1.47:80, referer: http://190.27.245.106/forest/usutareas.do?group_system_actual=3&codTraEsc=18105908&_a=0.881509394313798
[Mon May 11 09:52:50.677095 2015] [proxy_http:error] [pid 7296:tid 1556] (20014)Internal error: [client 201.245.192.253:52889] AH01102: error reading status line from remote server 172.22.1.47:80
[Mon May 11 09:52:50.677095 2015] [proxy:error] [pid 7296:tid 1556] [client 201.245.192.253:52889] AH00898: Error reading from remote server returned by /forest/css/index.css
[Mon May 11 09:52:50.677095 2015] [proxy_http:error] [pid 7296:tid 1532] (20014)Internal error: [client 201.245.192.253:52890] AH01102: error reading status line from remote server 172.22.1.47:80
[Mon May 11 09:52:50.677095 2015] [proxy:error] [pid 7296:tid 1532] [client 201.245.192.253:52890] AH00898: Error reading from remote server returned by /forest/1ibre/jscalendar/calendar-win2k-1.css
[Mon May 11 09:54:01.111219 2015] [proxy_http:error] [pid 7296:tid 1852] (20014)Internal error: [client 181.50.92.73:64622] AH01102: error reading status line from remote server 172.22.1.47:80, referer: http://190.27.245.106/forest/skins/gdocs-jar/css/menu.css?version=1503.161801
[Mon May 11 09:54:01.142419 2015] [proxy_http:error] [pid 7296:tid 1292] (20014)Internal error: [client 181.50.92.73:64624] AH01102: error reading status line from remote server 172.22.1.47:80, referer: http://190.27.245.106/forest/skins/gdocs-jar/css/menu.css?version=1503.161801
[Mon May 11 09:54:01.142419 2015] [proxy:error] [pid 7296:tid 1292] [client 181.50.92.73:64624] AH00898: Error reading from remote server returned by /forest/skins/gdocs-jar/img/splitter.gif, referer: http://190.27.245.106/forest/skins/gdocs-jar/css/menu.css?version=1503.161801
[Mon May 11 09:54:01.173619 2015] [proxy_http:error] [pid 7296:tid 716] (20014)Internal error: [client 181.50.92.73:64626] AH01102: error reading status line from remote server 172.22.1.47:80, referer: http://190.27.245.106/forest/usutareas.do?_a=0.4765684469603002&group_system_actual=3
[Mon May 11 09:54:01.173619 2015] [proxy:error] [pid 7296:tid 716] [client 181.50.92.73:64626] AH00898: Error reading from remote server returned by /forest/skins/gdocs-jar/img/grid-prev.gif, referer: http://190.27.245.106/forest/usutareas.do?_a=0.4765684469603002&group_system_actual=3
[Mon May 11 09:54:01.204819 2015] [proxy_http:error] [pid 7296:tid 1852] (20014)Internal error: [client 181.50.92.73:64623] AH01102: error reading status line from remote server 172.22.1.47:80, referer: http://190.27.245.106/forest/usutareas.do?_a=0.4765684469603002&group_system_actual=3
[Mon May 11 09:56:41.292300 2015] [proxy_http:error] [pid 7296:tid 1220] (20014)Internal error: [client 201.245.192.253:57914] AH01102: error reading status line from remote server 172.22.1.47:80, referer: http://190.27.245.106/forest/usutareas.do?group_system_actual=3&a=0.2880840306170285
[Mon May 11 09:56:41.292300 2015] [proxy:error] [pid 7296:tid 1220] [client 201.245.192.253:57914] AH00898: Error reading from remote server returned by /forest/session.jsp, referer: http://190.27.245.106/forest/usutareas.do?group_system_actual=3&a=0.2880840306170285
[Mon May 11 09:56:41.292300 2015] [negotiation:error] [pid 7296:tid 1220] [client 201.245.192.253:57914] AH00690: no acceptable variant: E:/nuevo/apache/error/HTTP_BAD_GATEWAY.html.var, referer: http://190.27.245.106/forest/usutareas.do?group_system_actual=3&a=0.2880840306170285
[Mon May 11 09:57:19.559168 2015] [proxy_http:error] [pid 7296:tid 716] (20014)Internal error: [client 201.245.192.253:59049] AH01102: error reading status line from remote server 172.22.1.47:80
[Mon May 11 09:57:19.559168 2015] [proxy:error] [pid 7296:tid 716] [client 201.245.192.253:59049] AH00898: Error reading from remote server returned by /forest/skins/gdocs-jar/img/folder.gif
[Mon May 11 10:04:23.411912 2015] [proxy_http:error] [pid 7296:tid 1220] (20014)Internal error: [client 201.245.192.253:58150] AH01102: error reading status line from remote server 172.22.1.47:80
[Mon May 11 10:04:23.411912 2015] [proxy:error] [pid 7296:tid 1220] [client 201.245.192.253:58150] AH00898: Error reading from remote server returned by /forest/skins/gdocs-jar/img/more_details.gif
[Mon May 11 10:09:52.494490 2015] [proxy_http:error] [pid 7296:tid 1124] (20014)Internal error: [client 181.50.92.73:64816] AH01102: error reading status line from remote server 172.22.1.47:80, referer: http://190.27.245.106/forest/usutareas.do?_a=0.15312512102536857&group_system_actual=3
[Mon May 11 10:11:39.229878 2015] [proxy_http:error] [pid 7296:tid 760] (OS 10054)An existing connection was forcibly closed by the remote host.  : [client 172.22.2.1:51919] AH01102: error reading status line from remote server 172.22.1.31:80, referer: http://190.27.245.106/isolucionsda/FrameSetGeneral.asp?Pagina1=FrameSetGeneral.asp&
[Mon May 11 10:11:39.229878 2015] [proxy:error] [pid 7296:tid 760] [client 172.22.2.1:51919] AH00898: Error reading from remote server returned by /isolucionsda/MagazinHome.asp, referer: http://190.27.245.106/isolucionsda/FrameSetGeneral.asp?Pagina1=FrameSetGeneral.asp&
[Mon May 11 10:12:54.078809 2015] [proxy_http:error] [pid 7296:tid 1604] (OS 10054)An existing connection was forcibly closed by the remote host.  : [client 201.245.192.253:54783] AH01102: error reading status line from remote server 172.22.1.31:80, referer: http://190.27.245.106/isolucionsda/FrameSetGeneral.asp?Pagina=Administracion/SalaEdicion/Magazines.asp
[Mon May 11 10:16:14.086760 2015] [proxy_http:error] [pid 7296:tid 992] (20014)Internal error: [client 201.245.192.253:57943] AH01102: error reading status line from remote server 172.22.1.47:80
[Mon May 11 10:16:14.086760 2015] [proxy:error] [pid 7296:tid 992] [client 201.245.192.253:57943] AH00898: Error reading from remote server returned by /forest/skins/gdocs-jar/js/formsBase.js
[Mon May 11 10:18:06.812558 2015] [proxy_http:error] [pid 7296:tid 1188] (20014)Internal error: [client 201.245.192.253:59578] AH01102: error reading status line from remote server 172.22.1.47:80
[Mon May 11 10:18:06.812558 2015] [proxy:error] [pid 7296:tid 1188] [client 201.245.192.253:59578] AH00898: Error reading from remote server returned by /forest/skins/gdocs-jar/js/autocompletar2.js
[Mon May 11 10:18:18.044578 2015] [proxy_http:error] [pid 7296:tid 1772] (20014)Internal error: [client 201.245.192.253:59770] AH01102: error reading status line from remote server 172.22.1.47:80, referer: http://190.27.245.106/forest/usutareas.do?_a=0.6678600464897043&group_system_actual=3
[Mon May 11 10:18:18.044578 2015] [proxy:error] [pid 7296:tid 1772] [client 201.245.192.253:59770] AH00898: Error reading from remote server returned by /forest/session.jsp, referer: http://190.27.245.106/forest/usutareas.do?_a=0.6678600464897043&group_system_actual=3
[Mon May 11 10:18:18.044578 2015] [negotiation:error] [pid 7296:tid 1772] [client 201.245.192.253:59770] AH00690: no acceptable variant: E:/nuevo/apache/error/HTTP_BAD_GATEWAY.html.var, referer: http://190.27.245.106/forest/usutareas.do?_a=0.6678600464897043&group_system_actual=3
[Mon May 11 10:18:39.822216 2015] [proxy_http:error] [pid 7296:tid 760] (20014)Internal error: [client 181.50.97.189:49527] AH01102: error reading status line from remote server 172.22.1.47:80, referer: http://190.27.245.106/forest/usutareas.do?_a=0.497826382284984&group_system_actual=3
[Mon May 11 10:18:48.901432 2015] [proxy_http:error] [pid 7296:tid 1580] (20014)Internal error: [client 181.50.97.189:49534] AH01102: error reading status line from remote server 172.22.1.47:80, referer: http://190.27.245.106/forest/usutareas.do?_a=0.497826382284984&group_system_actual=3
[Mon May 11 10:18:53.409840 2015] [proxy_http:error] [pid 7296:tid 1044] (20014)Internal error: [client 181.50.97.189:49540] AH01102: error reading status line from remote server 172.22.1.47:80, referer: http://190.27.245.106/forest/misactividades.do?group_system_actual=3&codPro=95&_a=0.6770948228287681
[Mon May 11 10:19:34.703113 2015] [proxy_http:error] [pid 7296:tid 1852] (20014)Internal error: [client 201.245.192.253:48623] AH01102: error reading status line from remote server 172.22.1.47:80, referer: http://190.27.245.106/forest/index2.jsp?group_system_actual=5&a=0.2658494240604341
[Mon May 11 10:19:42.097526 2015] [proxy_http:error] [pid 7296:tid 1484] (20014)Internal error: [client 201.245.192.253:48784] AH01102: error reading status line from remote server 172.22.1.47:80
[Mon May 11 10:19:42.097526 2015] [proxy:error] [pid 7296:tid 1484] [client 201.245.192.253:48784] AH00898: Error reading from remote server returned by /forest/skins/gdocs-jar/js/graphicForm.js
[Mon May 11 10:20:22.236396 2015] [proxy_http:error] [pid 7296:tid 1836] (20014)Internal error: [client 201.245.192.253:49384] AH01102: error reading status line from remote server 172.22.1.47:80
[Mon May 11 10:20:22.236396 2015] [proxy:error] [pid 7296:tid 1836] [client 201.245.192.253:49384] AH00898: Error reading from remote server returned by /forest/skins/gdocs-jar/js/swfobject.js
[Mon May 11 10:21:14.496488 2015] [proxy_http:error] [pid 7296:tid 1220] (20014)Internal error: [client 201.245.192.253:50334] AH01102: error reading status line from remote server 172.22.1.47:80, referer: http://190.27.245.106/forest/usutareas.do?_a=0.8142275393226693&group_system_actual=3
[Mon May 11 10:22:49.173054 2015] [proxy_http:error] [pid 7296:tid 1580] (20014)Internal error: [client 181.61.173.135:49234] AH01102: error reading status line from remote server 172.22.1.47:80, referer: http://190.27.245.106/forest/login.do
[Mon May 11 10:22:49.173054 2015] [proxy:error] [pid 7296:tid 1580] [client 181.61.173.135:49234] AH00898: Error reading from remote server returned by /forest/css/escritorio.css, referer: http://190.27.245.106/forest/login.do
[Mon May 11 10:23:00.919875 2015] [proxy_http:error] [pid 7296:tid 1244] (20014)Internal error: [client 181.50.97.189:49557] AH01102: error reading status line from remote server 172.22.1.47:80, referer: http://190.27.245.106/forest/misactividades.do?group_system_actual=3&codPro=95&_a=0.3501801595009536
[Mon May 11 10:23:50.371962 2015] [proxy_http:error] [pid 7296:tid 968] (20014)Internal error: [client 181.50.97.189:49561] AH01102: error reading status line from remote server 172.22.1.47:80, referer: http://190.27.245.106/forest/buscar.do?type=documentos
[Mon May 11 10:23:50.371962 2015] [proxy:error] [pid 7296:tid 968] [client 181.50.97.189:49561] AH00898: Error reading from remote server returned by /forest/skins/gdocs-jar/css/tree.css, referer: http://190.27.245.106/forest/buscar.do?type=documentos
[Mon May 11 10:25:20.306120 2015] [proxy_http:error] [pid 7296:tid 752] (OS 10054)An existing connection was forcibly closed by the remote host.  : [client 172.22.2.1:52031] AH01102: error reading status line from remote server 172.22.1.31:80, referer: http://190.27.245.106/isolucionsda/MagazinHome.asp
[Mon May 11 10:33:39.086796 2015] [proxy_http:error] [pid 7296:tid 716] (20014)Internal error: [client 201.245.192.253:54410] AH01102: error reading status line from remote server 172.22.1.47:80, referer: http://190.27.245.106/forest/usutareas.do?group_system_actual=3&a=0.3593385345302522
[Mon May 11 10:35:30.611392 2015] [proxy_http:error] [pid 7296:tid 1260] (20014)Internal error: [client 201.245.192.253:57998] AH01102: error reading status line from remote server 172.22.1.47:80
[Mon May 11 10:35:30.611392 2015] [proxy:error] [pid 7296:tid 1260] [client 201.245.192.253:57998] AH00898: Error reading from remote server returned by /forest/skins/gdocs-jar/css/forms.css
[Mon May 11 10:36:13.776668 2015] [proxy_http:error] [pid 7296:tid 1524] (OS 10054)An existing connection was forcibly closed by the remote host.  : [client 201.245.192.253:59293] AH01102: error reading status line from remote server 172.22.1.31:80, referer: http://190.27.245.106/isolucionsda/FrameSetGeneral.asp?Pagina=SucursalSeleccion.asp&CargaPagina=ModuloProcesos&IdModulo=3
[Mon May 11 10:36:13.776668 2015] [proxy:error] [pid 7296:tid 1524] [client 201.245.192.253:59293] AH00898: Error reading from remote server returned by /isolucionsda/SucursalSeleccion.asp, referer: http://190.27.245.106/isolucionsda/FrameSetGeneral.asp?Pagina=SucursalSeleccion.asp&CargaPagina=ModuloProcesos&IdModulo=3
[Mon May 11 10:50:23.603760 2015] [proxy_http:error] [pid 7296:tid 1748] (20014)Internal error: [client 201.245.192.253:48817] AH01102: error reading status line from remote server 172.22.1.47:80, referer: http://190.27.245.106/forest/usutareas.do?_a=0.26691610049260805&group_system_actual=3
[Mon May 11 10:50:23.603760 2015] [proxy:error] [pid 7296:tid 1748] [client 201.245.192.253:48817] AH00898: Error reading from remote server returned by /forest/session.jsp, referer: http://190.27.245.106/forest/usutareas.do?_a=0.26691610049260805&group_system_actual=3
[Mon May 11 10:50:23.603760 2015] [negotiation:error] [pid 7296:tid 1748] [client 201.245.192.253:48817] AH00690: no acceptable variant: E:/nuevo/apache/error/HTTP_BAD_GATEWAY.html.var, referer: http://190.27.245.106/forest/usutareas.do?_a=0.26691610049260805&group_system_actual=3
[Mon May 11 10:52:18.747562 2015] [proxy_http:error] [pid 7296:tid 892] (20014)Internal error: [client 181.128.198.5:20770] AH01102: error reading status line from remote server 172.22.1.47:80, referer: http://190.27.245.106/forest/usutareas.do?group_system_actual=3&a=0.9002891033887863
[Mon May 11 10:58:03.211767 2015] [proxy_http:error] [pid 7296:tid 1180] (20014)Internal error: [client 201.245.192.253:47604] AH01102: error reading status line from remote server 172.22.1.47:80
[Mon May 11 10:58:03.211767 2015] [proxy:error] [pid 7296:tid 1180] [client 201.245.192.253:47604] AH00898: Error reading from remote server returned by /forest/img/panel/downloads.gif
[Mon May 11 11:00:49.149259 2015] [proxy_http:error] [pid 7296:tid 1668] (20014)Internal error: [client 201.245.192.253:50743] AH01102: error reading status line from remote server 172.22.1.47:80
[Mon May 11 11:00:49.149259 2015] [proxy:error] [pid 7296:tid 1668] [client 201.245.192.253:50743] AH00898: Error reading from remote server returned by /forest/skins/gdocs-jar/js/xml_utilities.js
[Mon May 11 11:02:19.551418 2015] [proxy_http:error] [pid 7296:tid 1472] (20014)Internal error: [client 201.245.192.253:52769] AH01102: error reading status line from remote server 172.22.1.47:80, referer: http://190.27.245.106/forest/usutareas.do?group_system_actual=3&a=0.18029420566745102
[Mon May 11 11:02:38.879852 2015] [proxy_http:error] [pid 7296:tid 1244] (20014)Internal error: [client 201.245.192.253:53760] AH01102: error reading status line from remote server 172.22.1.47:80
[Mon May 11 11:02:38.879852 2015] [proxy:error] [pid 7296:tid 1244] [client 201.245.192.253:53760] AH00898: Error reading from remote server returned by /forest/skins/gdocs-jar/css/forest.css
[Mon May 11 11:03:12.357510 2015] [proxy_http:error] [pid 7296:tid 1716] (20014)Internal error: [client 201.245.192.253:54741] AH01102: error reading status line from remote server 172.22.1.47:80
[Mon May 11 11:03:12.357510 2015] [proxy:error] [pid 7296:tid 1716] [client 201.245.192.253:54741] AH00898: Error reading from remote server returned by /forest/css/escritorio.css
[Mon May 11 11:03:12.357510 2015] [proxy_http:error] [pid 7296:tid 1668] (20014)Internal error: [client 201.245.192.253:54745] AH01102: error reading status line from remote server 172.22.1.47:80
[Mon May 11 11:03:12.357510 2015] [proxy:error] [pid 7296:tid 1668] [client 201.245.192.253:54745] AH00898: Error reading from remote server returned by /forest/img/forestIcon.gif
[Mon May 11 11:03:15.493116 2015] [proxy_http:error] [pid 7296:tid 1668] (20014)Internal error: [client 201.245.192.253:54747] AH01102: error reading status line from remote server 172.22.1.47:80, referer: http://190.27.245.106/forest/usutareas.do?_a=0.9759045131935893&group_system_actual=3
[Mon May 11 11:03:15.727116 2015] [proxy_http:error] [pid 7296:tid 696] (20014)Internal error: [client 181.128.198.5:20946] AH01102: error reading status line from remote server 172.22.1.47:80, referer: http://190.27.245.106/forest/index2.jsp?_a=0.010079443221911788
[Mon May 11 11:03:15.820716 2015] [proxy_http:error] [pid 7296:tid 696] (20014)Internal error: [client 181.128.198.5:20949] AH01102: error reading status line from remote server 172.22.1.47:80, referer: http://190.27.245.106/forest/index2.jsp?_a=0.010079443221911788
[Mon May 11 11:03:15.820716 2015] [proxy:error] [pid 7296:tid 696] [client 181.128.198.5:20949] AH00898: Error reading from remote server returned by /forest/actions/forms.getList, referer: http://190.27.245.106/forest/index2.jsp?_a=0.010079443221911788
[Mon May 11 11:03:15.820716 2015] [negotiation:error] [pid 7296:tid 696] [client 181.128.198.5:20949] AH00690: no acceptable variant: E:/nuevo/apache/error/HTTP_BAD_GATEWAY.html.var, referer: http://190.27.245.106/forest/index2.jsp?_a=0.010079443221911788
[Mon May 11 11:03:18.332321 2015] [proxy_http:error] [pid 7296:tid 1188] (20014)Internal error: [client 201.245.192.253:54852] AH01102: error reading status line from remote server 172.22.1.47:80, referer: http://190.27.245.106/forest/usutareas.do?_a=0.8628168336581439&group_system_actual=3
[Mon May 11 11:03:40.827560 2015] [proxy_http:error] [pid 7296:tid 1116] (20014)Internal error: [client 201.245.192.253:55181] AH01102: error reading status line from remote server 172.22.1.47:80, referer: http://190.27.245.106/forest/usutareas.do?_a=0.5232356201474969&group_system_actual=3
[Mon May 11 11:05:46.953782 2015] [proxy_http:error] [pid 7296:tid 1716] (20014)Internal error: [client 181.128.198.5:20972] AH01102: error reading status line from remote server 172.22.1.47:80, referer: http://190.27.245.106/forest/usutareas.do?group_system_actual=3&codTraEsc=18117639&_a=0.8748044816948501
[Mon May 11 11:05:46.953782 2015] [proxy:error] [pid 7296:tid 1716] [client 181.128.198.5:20972] AH00898: Error reading from remote server returned by /forest/usutareas.do, referer: http://190.27.245.106/forest/usutareas.do?group_system_actual=3&codTraEsc=18117639&_a=0.8748044816948501
[Mon May 11 11:05:50.120587 2015] [proxy_http:error] [pid 7296:tid 1876] (20014)Internal error: [client 201.245.192.253:59638] AH01102: error reading status line from remote server 172.22.1.47:80, referer: http://190.27.245.106/forest/usutareas.do?codTraEsc=18091581
[Mon May 11 11:05:53.224993 2015] [proxy_http:error] [pid 7296:tid 1092] (20014)Internal error: [client 201.245.192.253:59823] AH01102: error reading status line from remote server 172.22.1.47:80, referer: http://190.27.245.106/forest/usutareas.do?codTraEsc=18091581
[Mon May 11 11:05:53.224993 2015] [proxy:error] [pid 7296:tid 1092] [client 201.245.192.253:59823] AH00898: Error reading from remote server returned by /forest/documentos/2068399/2015ER76026.pdf, referer: http://190.27.245.106/forest/usutareas.do?codTraEsc=18091581
[Mon May 11 11:05:57.764601 2015] [proxy_http:error] [pid 7296:tid 1092] (20014)Internal error: [client 201.245.192.253:59823] AH01102: error reading status line from remote server 172.22.1.47:80, referer: http://190.27.245.106/forest/usutareas.do?codTraEsc=18091581
[Mon May 11 11:05:58.139002 2015] [proxy_http:error] [pid 7296:tid 1716] (20014)Internal error: [client 181.128.198.5:20972] AH01102: error reading status line from remote server 172.22.1.47:80, referer: http://190.27.245.106/forest/usutareas.do?group_system_actual=3&a=0.011039424687623978
[Mon May 11 11:08:16.074444 2015] [proxy_http:error] [pid 7296:tid 1108] (20014)Internal error: [client 201.245.192.253:49897] AH01102: error reading status line from remote server 172.22.1.47:80, referer: http://190.27.245.106/forest/usutareas.do?group_system_actual=3&codAct=916&numPro=3092760&codPro=95&fecTra=2015-05-07%2015:38:16.0&codInst=3134536&codTraEsc=18097536
[Mon May 11 11:08:16.074444 2015] [proxy:error] [pid 7296:tid 1108] [client 201.245.192.253:49897] AH00898: Error reading from remote server returned by /ForestMSG_SDA/channelAsync/template_word_18097536, referer: http://190.27.245.106/forest/usutareas.do?group_system_actual=3&codAct=916&numPro=3092760&codPro=95&fecTra=2015-05-07%2015:38:16.0&codInst=3134536&codTraEsc=18097536
[Mon May 11 11:09:43.356597 2015] [proxy_http:error] [pid 7296:tid 1668] (20014)Internal error: [client 181.128.198.5:21017] AH01102: error reading status line from remote server 172.22.1.47:80, referer: http://190.27.245.106/forest/index2.jsp?_a=0.02487408579327166
[Mon May 11 11:13:23.426184 2015] [proxy_http:error] [pid 7296:tid 1692] (20014)Internal error: [client 201.245.192.253:55400] AH01102: error reading status line from remote server 172.22.1.47:80, referer: http://190.27.245.106/forest/usutareas.do?_a=0.6164893114473671&group_system_actual=3
[Mon May 11 11:15:55.432851 2015] [proxy_http:error] [pid 7296:tid 1244] (20014)Internal error: [client 201.245.192.253:59252] AH01102: error reading status line from remote server 172.22.1.47:80, referer: http://190.27.245.106/forest/usutareas.do?_a=0.3549347929507298&group_system_actual=3
[Mon May 11 11:15:55.432851 2015] [proxy:error] [pid 7296:tid 1244] [client 201.245.192.253:59252] AH00898: Error reading from remote server returned by /forest/json.do, referer: http://190.27.245.106/forest/usutareas.do?_a=0.3549347929507298&group_system_actual=3
[Mon May 11 11:15:55.432851 2015] [negotiation:error] [pid 7296:tid 1244] [client 201.245.192.253:59252] AH00690: no acceptable variant: E:/nuevo/apache/error/HTTP_BAD_GATEWAY.html.var, referer: http://190.27.245.106/forest/usutareas.do?_a=0.3549347929507298&group_system_actual=3
[Mon May 11 11:16:57.614560 2015] [proxy_http:error] [pid 7296:tid 1460] (20014)Internal error: [client 201.245.192.253:48213] AH01102: error reading status line from remote server 172.22.1.47:80, referer: http://190.27.245.106/forest/usutareas.do?group_system_actual=3&a=0.46217889104396237
[Mon May 11 11:16:58.191761 2015] [proxy_http:error] [pid 7296:tid 1324] (20014)Internal error: [client 201.245.192.253:48249] AH01102: error reading status line from remote server 172.22.1.47:80, referer: http://190.27.245.106/forest/misactividades.do?_a=0.6288727286245583&group_system_actual=3
[Mon May 11 11:16:58.191761 2015] [proxy:error] [pid 7296:tid 1324] [client 201.245.192.253:48249] AH00898: Error reading from remote server returned by /forest/session.jsp, referer: http://190.27.245.106/forest/misactividades.do?_a=0.6288727286245583&group_system_actual=3
[Mon May 11 11:16:58.191761 2015] [negotiation:error] [pid 7296:tid 1324] [client 201.245.192.253:48249] AH00690: no acceptable variant: E:/nuevo/apache/error/HTTP_BAD_GATEWAY.html.var, referer: http://190.27.245.106/forest/misactividades.do?_a=0.6288727286245583&group_system_actual=3
[Mon May 11 11:18:03.540276 2015] [proxy_http:error] [pid 7296:tid 1396] (20014)Internal error: [client 201.245.192.253:50004] AH01102: error reading status line from remote server 172.22.1.47:80, referer: http://190.27.245.106/forest/index2.jsp?_a=0.5534049242269248
[Mon May 11 11:21:21.177023 2015] [proxy_http:error] [pid 7296:tid 1188] (20014)Internal error: [client 201.245.192.253:55395] AH01102: error reading status line from remote server 172.22.1.47:80
[Mon May 11 11:21:21.177023 2015] [proxy:error] [pid 7296:tid 1188] [client 201.245.192.253:55395] AH00898: Error reading from remote server returned by /forest/js/jquery/jquery.layout-latest.js
[Mon May 11 11:21:21.473423 2015] [proxy_http:error] [pid 7296:tid 768] (20014)Internal error: [client 201.245.192.253:55407] AH01102: error reading status line from remote server 172.22.1.47:80
[Mon May 11 11:21:21.473423 2015] [proxy:error] [pid 7296:tid 768] [client 201.245.192.253:55407] AH00898: Error reading from remote server returned by /forest/skins/gdocs-jar/img/priority.gif
[Mon May 11 11:23:03.701403 2015] [proxy_http:error] [pid 7296:tid 968] (20014)Internal error: [client 201.245.192.253:57339] AH01102: error reading status line from remote server 172.22.1.47:80, referer: http://190.27.245.106/forest/index2.jsp?_a=0.5534049242269248
[Mon May 11 11:23:03.701403 2015] [proxy:error] [pid 7296:tid 968] [client 201.245.192.253:57339] AH00898: Error reading from remote server returned by /forest/session.jsp, referer: http://190.27.245.106/forest/index2.jsp?_a=0.5534049242269248
[Mon May 11 11:23:03.701403 2015] [negotiation:error] [pid 7296:tid 968] [client 201.245.192.253:57339] AH00690: no acceptable variant: E:/nuevo/apache/error/HTTP_BAD_GATEWAY.html.var, referer: http://190.27.245.106/forest/index2.jsp?_a=0.5534049242269248
[Mon May 11 11:27:16.094246 2015] [proxy_http:error] [pid 7296:tid 1492] (20014)Internal error: [client 201.245.192.253:48748] AH01102: error reading status line from remote server 172.22.1.47:80, referer: http://190.27.245.106/forest/buscar.do?type=documentos
[Mon May 11 11:27:16.250247 2015] [proxy_http:error] [pid 7296:tid 1652] (20014)Internal error: [client 201.245.192.253:48744] AH01102: error reading status line from remote server 172.22.1.47:80, referer: http://190.27.245.106/forest/buscar.do?type=documentos
[Mon May 11 11:32:55.301242 2015] [proxy_http:error] [pid 7296:tid 1652] (20014)Internal error: [client 201.245.192.253:56417] AH01102: error reading status line from remote server 172.22.1.47:80
[Mon May 11 11:32:55.301242 2015] [proxy:error] [pid 7296:tid 1652] [client 201.245.192.253:56417] AH00898: Error reading from remote server returned by /forest/img/nav_last.gif
[Mon May 11 11:34:26.779803 2015] [proxy_http:error] [pid 7296:tid 1324] (20014)Internal error: [client 201.245.192.253:58438] AH01102: error reading status line from remote server 172.22.1.47:80, referer: http://190.27.245.106/forest/usutareas.do?group_system_actual=3&a=0.993147637111605
[Mon May 11 11:34:26.779803 2015] [proxy:error] [pid 7296:tid 1324] [client 201.245.192.253:58438] AH00898: Error reading from remote server returned by /forest/session.jsp, referer: http://190.27.245.106/forest/usutareas.do?group_system_actual=3&a=0.993147637111605
[Mon May 11 11:34:26.779803 2015] [negotiation:error] [pid 7296:tid 1324] [client 201.245.192.253:58438] AH00690: no acceptable variant: E:/nuevo/apache/error/HTTP_BAD_GATEWAY.html.var, referer: http://190.27.245.106/forest/usutareas.do?group_system_actual=3&a=0.993147637111605
[Mon May 11 11:36:17.368397 2015] [proxy_http:error] [pid 7296:tid 1780] (20014)Internal error: [client 201.245.192.253:48665] AH01102: error reading status line from remote server 172.22.1.47:80, referer: http://190.27.245.106/forest/buscar.do?type=procesos
[Mon May 11 11:36:17.368397 2015] [proxy:error] [pid 7296:tid 1780] [client 201.245.192.253:48665] AH00898: Error reading from remote server returned by /forest/json.do, referer: http://190.27.245.106/forest/buscar.do?type=procesos
[Mon May 11 11:36:17.368397 2015] [negotiation:error] [pid 7296:tid 1780] [client 201.245.192.253:48665] AH00690: no acceptable variant: E:/nuevo/apache/error/HTTP_BAD_GATEWAY.html.var, referer: http://190.27.245.106/forest/buscar.do?type=procesos
[Mon May 11 11:36:35.698429 2015] [proxy_http:error] [pid 7296:tid 752] (20014)Internal error: [client 181.50.92.73:49833] AH01102: error reading status line from remote server 172.22.1.47:80, referer: http://190.27.245.106/forest/misactividades.do?group_system_actual=3&codPro=95&_a=0.4912817444319191
[Mon May 11 11:40:10.214406 2015] [proxy_http:error] [pid 7296:tid 1724] (20014)Internal error: [client 201.245.192.253:54112] AH01102: error reading status line from remote server 172.22.1.47:80
[Mon May 11 11:40:10.214406 2015] [proxy:error] [pid 7296:tid 1724] [client 201.245.192.253:54112] AH00898: Error reading from remote server returned by /forest/img/inicio/3.gif
[Mon May 11 11:40:10.308006 2015] [proxy_http:error] [pid 7296:tid 1036] (20014)Internal error: [client 201.245.192.253:54124] AH01102: error reading status line from remote server 172.22.1.47:80
[Mon May 11 11:40:10.308006 2015] [proxy:error] [pid 7296:tid 1036] [client 201.245.192.253:54124] AH00898: Error reading from remote server returned by /forest/1ibre/1ibre.css
[Mon May 11 11:41:16.904523 2015] [proxy_http:error] [pid 7296:tid 892] (OS 10054)An existing connection was forcibly closed by the remote host.  : [client 201.245.192.253:55521] AH01102: error reading status line from remote server 172.22.1.31:80, referer: http://190.27.245.106/isolucionsda/FrameSetGeneral.asp?Pagina=Administracion/SalaEdicion/Magazines.asp
[Mon May 11 11:42:03.626605 2015] [proxy_http:error] [pid 7296:tid 1780] (20014)Internal error: [client 201.245.192.253:56258] AH01102: error reading status line from remote server 172.22.1.47:80, referer: http://190.27.245.106/forest/index2.jsp?_a=0.07765244971960783
[Mon May 11 11:42:05.732609 2015] [proxy_http:error] [pid 7296:tid 1492] (20014)Internal error: [client 181.128.198.5:21421] AH01102: error reading status line from remote server 172.22.1.47:80, referer: http://190.27.245.106/forest/usutareas.do?group_system_actual=3&a=0.9728824140038341
[Mon May 11 11:43:01.377907 2015] [proxy_http:error] [pid 7296:tid 1876] (20014)Internal error: [client 181.128.198.5:21436] AH01102: error reading status line from remote server 172.22.1.47:80, referer: http://190.27.245.106/forest/index2.jsp?_a=0.6295142229646444
[Mon May 11 11:43:12.032725 2015] [proxy_http:error] [pid 7296:tid 1036] (20014)Internal error: [client 181.128.198.5:21440] AH01102: error reading status line from remote server 172.22.1.47:80, referer: http://190.27.245.106/forest/index2.jsp?_a=0.6295142229646444
[Mon May 11 11:47:02.710330 2015] [proxy_http:error] [pid 7296:tid 1784] (20014)Internal error: [client 181.128.198.5:21502] AH01102: error reading status line from remote server 172.22.1.47:80, referer: http://190.27.245.106/forest/usutareas.do?group_system_actual=3&a=0.18951642606407404
[Mon May 11 11:47:02.944331 2015] [proxy_http:error] [pid 7296:tid 1784] (20014)Internal error: [client 181.128.198.5:21504] AH01102: error reading status line from remote server 172.22.1.47:80, referer: http://190.27.245.106/forest/usutareas.do?group_system_actual=3&a=0.18951642606407404
[Mon May 11 11:52:30.217306 2015] [proxy_http:error] [pid 7296:tid 1784] (20014)Internal error: [client 201.245.192.253:54773] AH01102: error reading status line from remote server 172.22.1.47:80
[Mon May 11 11:52:30.217306 2015] [proxy:error] [pid 7296:tid 1784] [client 201.245.192.253:54773] AH00898: Error reading from remote server returned by /forest/skins/gdocs-jar/js/number-functions.js
[Mon May 11 11:52:32.167309 2015] [proxy_http:error] [pid 7296:tid 1692] (20014)Internal error: [client 172.22.2.1:52495] AH01102: error reading status line from remote server 172.22.1.47:80, referer: http://190.27.245.106/forest/skins/gdocs-jar/popup/showformtocrudtwo.jsp?codForm=CREAR_COMPARENDO_AMBIENTAL&numPro=&codInst=&codTraEsc=&schema=MULTA_AMBIENTAL&table=COMPARENDOS&column=NO_COMPARENDO
[Mon May 11 11:52:42.026526 2015] [proxy_http:error] [pid 7296:tid 1836] (20014)Internal error: [client 201.245.192.253:54919] AH01102: error reading status line from remote server 172.22.1.47:80, referer: http://190.27.245.106/forest/
[Mon May 11 11:52:42.026526 2015] [proxy:error] [pid 7296:tid 1836] [client 201.245.192.253:54919] AH00898: Error reading from remote server returned by /forest/img/base/bsc2_r1_c3.gif, referer: http://190.27.245.106/forest/
[Mon May 11 11:52:54.646949 2015] [proxy_http:error] [pid 7296:tid 1148] (20014)Internal error: [client 201.245.192.253:55133] AH01102: error reading status line from remote server 172.22.1.47:80
[Mon May 11 11:52:54.646949 2015] [proxy:error] [pid 7296:tid 1148] [client 201.245.192.253:55133] AH00898: Error reading from remote server returned by /forest/img/panel/menu/hoy.png
[Mon May 11 11:57:34.901441 2015] [proxy_http:error] [pid 7296:tid 1784] (20014)Internal error: [client 201.245.192.253:48928] AH01102: error reading status line from remote server 172.22.1.47:80, referer: http://190.27.245.106/forest/index2.jsp?_a=0.5637806262820959
[Mon May 11 11:57:34.901441 2015] [proxy:error] [pid 7296:tid 1784] [client 201.245.192.253:48928] AH00898: Error reading from remote server returned by /forest/usudocumentos.do, referer: http://190.27.245.106/forest/index2.jsp?_a=0.5637806262820959
[Mon May 11 11:59:33.914050 2015] [proxy_http:error] [pid 7296:tid 1212] (20014)Internal error: [client 186.154.253.106:49779] AH01102: error reading status line from remote server 172.22.1.47:80, referer: http://190.27.245.106/forest/login.do
[Mon May 11 12:02:27.027554 2015] [proxy_http:error] [pid 7296:tid 1836] (20014)Internal error: [client 201.245.192.253:54371] AH01102: error reading status line from remote server 172.22.1.47:80, referer: http://190.27.245.106/forest/index2.jsp?_a=0.5637806262820959
[Mon May 11 12:02:27.027554 2015] [proxy:error] [pid 7296:tid 1836] [client 201.245.192.253:54371] AH00898: Error reading from remote server returned by /forest/skins/gdocs-jar/popup/popup.jsp, referer: http://190.27.245.106/forest/index2.jsp?_a=0.5637806262820959
[Mon May 11 12:03:49.957300 2015] [proxy_http:error] [pid 7296:tid 1244] (20014)Internal error: [client 201.245.192.253:56078] AH01102: error reading status line from remote server 172.22.1.47:80, referer: http://190.27.245.106/forest/usutareas.do?group_system_actual=3&codTraEsc=18119167&_a=0.2323300997393738
[Mon May 11 12:03:49.957300 2015] [proxy:error] [pid 7296:tid 1244] [client 201.245.192.253:56078] AH00898: Error reading from remote server returned by /forest/skins/gdocs-jar/img/bola.gif, referer: http://190.27.245.106/forest/usutareas.do?group_system_actual=3&codTraEsc=18119167&_a=0.2323300997393738
[Mon May 11 12:03:49.972900 2015] [proxy_http:error] [pid 7296:tid 1628] (20014)Internal error: [client 201.245.192.253:56082] AH01102: error reading status line from remote server 172.22.1.47:80
[Mon May 11 12:03:49.972900 2015] [proxy:error] [pid 7296:tid 1628] [client 201.245.192.253:56082] AH00898: Error reading from remote server returned by /forest/skins/gdocs-jar/img/spacer.gif
[Mon May 11 12:04:41.296990 2015] [proxy_http:error] [pid 7296:tid 1260] (20014)Internal error: [client 201.245.192.253:56984] AH01102: error reading status line from remote server 172.22.1.47:80, referer: http://190.27.245.106/forest/usutareas.do?group_system_actual=3&a=0.8158931562211365
[Mon May 11 12:07:00.823635 2015] [proxy_http:error] [pid 7296:tid 1716] (20014)Internal error: [client 201.245.192.253:47709] AH01102: error reading status line from remote server 172.22.1.47:80, referer: http://190.27.245.106/forest/usutareas.do?group_system_actual=3&codTraEsc=17807448&_a=0.0924059800559377
[Mon May 11 12:07:35.346495 2015] [proxy_http:error] [pid 7296:tid 1472] (20014)Internal error: [client 201.245.192.253:48378] AH01102: error reading status line from remote server 172.22.1.47:80, referer: http://190.27.245.106/forest/documentos/2072276/2015ER79903.html
[Mon May 11 12:11:10.658074 2015] [proxy_http:error] [pid 7296:tid 1484] (20014)Internal error: [client 201.245.192.253:53112] AH01102: error reading status line from remote server 172.22.1.47:80
[Mon May 11 12:11:10.658074 2015] [proxy:error] [pid 7296:tid 1484] [client 201.245.192.253:53112] AH00898: Error reading from remote server returned by /forest/skins/gdocs-jar/js/tareas.js
[Mon May 11 12:12:44.476638 2015] [proxy_http:error] [pid 7296:tid 1716] (20014)Internal error: [client 201.245.192.253:55128] AH01102: error reading status line from remote server 172.22.1.47:80
[Mon May 11 12:12:44.476638 2015] [proxy:error] [pid 7296:tid 1716] [client 201.245.192.253:55128] AH00898: Error reading from remote server returned by /forest/img/lapiz.gif
[Mon May 11 12:12:44.507838 2015] [proxy_http:error] [pid 7296:tid 1276] (20014)Internal error: [client 201.245.192.253:55132] AH01102: error reading status line from remote server 172.22.1.47:80
[Mon May 11 12:12:44.507838 2015] [proxy:error] [pid 7296:tid 1276] [client 201.245.192.253:55132] AH00898: Error reading from remote server returned by /forest/img/adduser.gif
[Mon May 11 12:13:18.297498 2015] [proxy_http:error] [pid 7296:tid 1532] (20014)Internal error: [client 201.245.192.253:55534] AH01102: error reading status line from remote server 172.22.1.47:80, referer: http://190.27.245.106/forest/misactividades.do?group_system_actual=3&codPro=176&_a=0.6264182102122701
[Mon May 11 12:13:26.924313 2015] [proxy_http:error] [pid 7296:tid 1228] (20014)Internal error: [client 201.245.192.253:55862] AH01102: error reading status line from remote server 172.22.1.47:80, referer: http://190.27.245.106/forest/usutareas.do?group_system_actual=3&a=0.5586780194545562
[Mon May 11 12:13:26.924313 2015] [proxy:error] [pid 7296:tid 1228] [client 201.245.192.253:55862] AH00898: Error reading from remote server returned by /forest/actions/forms.getList, referer: http://190.27.245.106/forest/usutareas.do?group_system_actual=3&a=0.5586780194545562
[Mon May 11 12:13:26.924313 2015] [negotiation:error] [pid 7296:tid 1228] [client 201.245.192.253:55862] AH00690: no acceptable variant: E:/nuevo/apache/error/HTTP_BAD_GATEWAY.html.var, referer: http://190.27.245.106/forest/usutareas.do?group_system_actual=3&a=0.5586780194545562
[Mon May 11 12:13:37.111131 2015] [proxy_http:error] [pid 7296:tid 824] (20014)Internal error: [client 201.245.192.253:55931] AH01102: error reading status line from remote server 172.22.1.47:80, referer: http://190.27.245.106/forest/usutareas.do?group_system_actual=3&a=0.5586780194545562
[Mon May 11 12:14:57.622872 2015] [proxy_http:error] [pid 7296:tid 824] (20014)Internal error: [client 201.245.192.253:57685] AH01102: error reading status line from remote server 172.22.1.47:80
[Mon May 11 12:14:57.622872 2015] [proxy:error] [pid 7296:tid 824] [client 201.245.192.253:57685] AH00898: Error reading from remote server returned by /forest/js/load_func.js
[Mon May 11 12:29:28.745002 2015] [proxy_http:error] [pid 7296:tid 1472] (20014)Internal error: [client 191.95.245.123:29007] AH01102: error reading status line from remote server 172.22.1.47:80, referer: http://190.27.245.106/forest/misactividades.do?_a=0.7420014252420515&group_system_actual=3
[Mon May 11 12:29:28.745002 2015] [proxy:error] [pid 7296:tid 1472] [client 191.95.245.123:29007] AH00898: Error reading from remote server returned by /forest/js/jquery/jquery-ui-latest.js, referer: http://190.27.245.106/forest/misactividades.do?_a=0.7420014252420515&group_system_actual=3
[Mon May 11 12:34:38.967147 2015] [proxy_http:error] [pid 7296:tid 736] (20014)Internal error: [client 181.50.92.73:50434] AH01102: error reading status line from remote server 172.22.1.47:80, referer: http://190.27.245.106/forest/usutareas.do?_a=0.14151320978999138&group_system_actual=3
[Mon May 11 13:32:01.550994 2015] [proxy_http:error] [pid 7296:tid 1628] (OS 10054)An existing connection was forcibly closed by the remote host.  : [client 201.245.192.253:58457] AH01102: error reading status line from remote server 172.22.1.31:80, referer: http://190.27.245.106/isolucionsda/FrameSetGeneral.asp?Pagina1=FrameSetGeneral.asp&
[Mon May 11 13:32:01.550994 2015] [proxy:error] [pid 7296:tid 1628] [client 201.245.192.253:58457] AH00898: Error reading from remote server returned by /isolucionsda/BarraFavoritos.asp, referer: http://190.27.245.106/isolucionsda/FrameSetGeneral.asp?Pagina1=FrameSetGeneral.asp&
[Mon May 11 14:07:20.035715 2015] [proxy_http:error] [pid 7296:tid 1548] (20014)Internal error: [client 201.245.192.253:59007] AH01102: error reading status line from remote server 172.22.1.47:80, referer: http://190.27.245.106/forest/buscar.do?type=documentos
[Mon May 11 14:08:11.562605 2015] [proxy_http:error] [pid 7296:tid 1844] (20014)Internal error: [client 181.54.152.170:49911] AH01102: error reading status line from remote server 172.22.1.47:80, referer: http://190.27.245.106/forest/usudocumentos.do?_a=0.14604185265488923&group_system_actual=3
[Mon May 11 14:08:30.251438 2015] [proxy_http:error] [pid 7296:tid 1460] (20014)Internal error: [client 181.54.152.170:49912] AH01102: error reading status line from remote server 172.22.1.47:80, referer: http://190.27.245.106/forest/usutareas.do?group_system_actual=3&a=0.9537356668151915
[Mon May 11 14:14:42.468092 2015] [proxy_http:error] [pid 7296:tid 1220] (20014)Internal error: [client 201.245.192.253:56255] AH01102: error reading status line from remote server 172.22.1.47:80, referer: http://190.27.245.106/forest/index2.jsp?group_system_actual=5&a=0.6872928137890995
