!C99Shell v. 1.0 pre-release build #13!

Software: Apache. PHP/5.5.15 

uname -a: Windows NT SVR-DMZ 6.1 build 7600 (Windows Server 2008 R2 Enterprise Edition) i586 

SYSTEM 

Safe-mode: OFF (not secure)

E:\nuevo\apache\logs\   drwxrwxrwx
Free 7.33 GB of 239.26 GB (3.07%)
Detected drives: [ a ] [ c ] [ d ] [ e ] [ f ]
Home    Back    Forward    UPDIR    Refresh    Search    Buffer    Encoder    Tools    Proc.    FTP brute    Sec.    SQL    PHP-code    Update    Feedback    Self remove    Logout    


Viewing file:     error.2015.05.15.log (78.09 KB)      -rw-rw-rw-
Select action/file-type:
(+) | (+) | (+) | Code (+) | Session (+) | (+) | SDB (+) | (+) | (+) | (+) | (+) | (+) |
[Fri May 15 00:29:59.070999 2015] [mpm_winnt:warn] [pid 7296:tid 2800] (OS 64)The specified network name is no longer available.  : AH00341: winnt_accept: Asynchronous AcceptEx failed.
[Fri May 15 01:13:27.693981 2015] [cgi:error] [pid 7296:tid 1716] [client 67.159.16.2:65535] script not found or unable to stat: E:/nuevo/cgi-bin/rtpd.cgi
[Fri May 15 02:18:07.219996 2015] [mpm_winnt:warn] [pid 7296:tid 2800] (OS 64)The specified network name is no longer available.  : AH00341: winnt_accept: Asynchronous AcceptEx failed.
[Fri May 15 05:17:12.665269 2015] [access_compat:error] [pid 7296:tid 1500] [client 211.141.109.83:60275] AH01797: client denied by server configuration: E:/nuevo/htdocs/phpMyAdmin
[Fri May 15 08:03:14.739567 2015] [proxy_http:error] [pid 7296:tid 1876] (OS 10054)An existing connection was forcibly closed by the remote host.  : [client 201.245.192.253:32164] AH01102: error reading status line from remote server 172.22.1.31:80, referer: http://190.27.245.106/isolucionsda/FrameSetGeneral.asp?Pagina1=FrameSetGeneral.asp&
[Fri May 15 08:03:14.739567 2015] [proxy:error] [pid 7296:tid 1876] [client 201.245.192.253:32164] AH00898: Error reading from remote server returned by /isolucionsda/MagazinHome.asp, referer: http://190.27.245.106/isolucionsda/FrameSetGeneral.asp?Pagina1=FrameSetGeneral.asp&
[Fri May 15 08:03:14.739567 2015] [proxy_http:error] [pid 7296:tid 1852] (OS 10054)An existing connection was forcibly closed by the remote host.  : [client 201.245.192.253:32163] AH01102: error reading status line from remote server 172.22.1.31:80, referer: http://190.27.245.106/isolucionsda/FrameSetGeneral.asp?Pagina1=FrameSetGeneral.asp&
[Fri May 15 08:03:14.739567 2015] [proxy:error] [pid 7296:tid 1852] [client 201.245.192.253:32163] AH00898: Error reading from remote server returned by /isolucionsda/BarraTitulos.asp, referer: http://190.27.245.106/isolucionsda/FrameSetGeneral.asp?Pagina1=FrameSetGeneral.asp&
[Fri May 15 08:32:56.124296 2015] [proxy_http:error] [pid 7296:tid 1784] (OS 10054)An existing connection was forcibly closed by the remote host.  : [client 201.245.192.253:27767] AH01102: error reading status line from remote server 172.22.1.31:80, referer: http://190.27.245.106/isolucionsda/Administracion/SalaEdicion/Articulo.asp?Id_Articulo=8406
[Fri May 15 08:32:56.124296 2015] [proxy:error] [pid 7296:tid 1784] [client 201.245.192.253:27767] AH00898: Error reading from remote server returned by /isolucionsda/Administracion/SalaEdicion/ArticuloSeleccion.asp, referer: http://190.27.245.106/isolucionsda/Administracion/SalaEdicion/Articulo.asp?Id_Articulo=8406
[Fri May 15 08:59:35.922706 2015] [core:error] [pid 7296:tid 1284] (20024)The given path is misformatted or contained invalid characters: [client 37.187.157.108:40216] AH00127: Cannot map HEAD /BLA/resoluciones/AUTOS%202009/0731.pdfhttp://190.27.245.106/BLA/resoluciones/RESOLUCIONES%202009/0759.pdf HTTP/1.1 to file
[Fri May 15 09:17:03.310546 2015] [proxy_http:error] [pid 7296:tid 1636] (20014)Internal error: [client 201.245.192.253:49123] AH01102: error reading status line from remote server 172.22.1.47:80, referer: http://190.27.245.106/forest/buscar.do?type=procesos
[Fri May 15 09:17:03.310546 2015] [proxy:error] [pid 7296:tid 1636] [client 201.245.192.253:49123] AH00898: Error reading from remote server returned by /forest/json.do, referer: http://190.27.245.106/forest/buscar.do?type=procesos
[Fri May 15 09:17:03.310546 2015] [negotiation:error] [pid 7296:tid 1636] [client 201.245.192.253:49123] AH00690: no acceptable variant: E:/nuevo/apache/error/HTTP_BAD_GATEWAY.html.var, referer: http://190.27.245.106/forest/buscar.do?type=procesos
[Fri May 15 09:20:28.778507 2015] [proxy_http:error] [pid 7296:tid 1108] (20014)Internal error: [client 66.102.8.223:52519] AH01102: error reading status line from remote server 172.22.1.47:80, referer: http://190.27.245.106/forest/index2.jsp?a=0.0876282491917042
[Fri May 15 09:20:28.778507 2015] [proxy:error] [pid 7296:tid 1108] [client 66.102.8.223:52519] AH00898: Error reading from remote server returned by /forest/buscar.do, referer: http://190.27.245.106/forest/index2.jsp?a=0.0876282491917042
[Fri May 15 10:08:08.811530 2015] [proxy_http:error] [pid 7296:tid 1604] (20014)Internal error: [client 201.245.192.253:25724] AH01102: error reading status line from remote server 172.22.1.47:80
[Fri May 15 10:08:08.811530 2015] [proxy:error] [pid 7296:tid 1604] [client 201.245.192.253:25724] AH00898: Error reading from remote server returned by /forest/img/buscar_documentos.gif
[Fri May 15 10:08:08.842730 2015] [proxy_http:error] [pid 7296:tid 1876] (20014)Internal error: [client 201.245.192.253:25727] AH01102: error reading status line from remote server 172.22.1.47:80
[Fri May 15 10:08:08.842730 2015] [proxy:error] [pid 7296:tid 1876] [client 201.245.192.253:25727] AH00898: Error reading from remote server returned by /forest/img/close.gif
[Fri May 15 10:20:06.506391 2015] [proxy_http:error] [pid 7296:tid 1716] (20014)Internal error: [client 201.245.192.253:31858] AH01102: error reading status line from remote server 172.22.1.47:80, referer: http://190.27.245.106/forest/index2.jsp?a=0.8188168985266538
[Fri May 15 10:21:43.803761 2015] [proxy_http:error] [pid 7296:tid 1052] (20014)Internal error: [client 201.245.192.253:32602] AH01102: error reading status line from remote server 172.22.1.47:80, referer: http://190.27.245.106/forest/buscar.do?type=procesos
[Fri May 15 10:21:44.692963 2015] [:error] [pid 7296:tid 1428] [client 66.249.65.233:62524] script 'E:/nuevo/htdocs/dama.php' not found or unable to stat
[Fri May 15 10:22:22.616630 2015] [proxy_http:error] [pid 7296:tid 1692] (20014)Internal error: [client 201.245.192.253:33193] AH01102: error reading status line from remote server 172.22.1.47:80
[Fri May 15 10:22:22.616630 2015] [proxy:error] [pid 7296:tid 1692] [client 201.245.192.253:33193] AH00898: Error reading from remote server returned by /forest/skins/gdocs-jar/js/xml_utilities.js
[Fri May 15 10:23:19.322729 2015] [proxy_http:error] [pid 7296:tid 1148] (20014)Internal error: [client 201.245.192.253:33824] AH01102: error reading status line from remote server 172.22.1.47:80
[Fri May 15 10:23:19.322729 2015] [proxy:error] [pid 7296:tid 1148] [client 201.245.192.253:33824] AH00898: Error reading from remote server returned by /forest/css/escritorio.css
[Fri May 15 10:23:27.169543 2015] [proxy_http:error] [pid 7296:tid 1716] (20014)Internal error: [client 201.245.192.253:33901] AH01102: error reading status line from remote server 172.22.1.47:80, referer: http://190.27.245.106/forest/buscar.do?type=procesos
[Fri May 15 10:25:26.899753 2015] [proxy_http:error] [pid 7296:tid 1236] (20014)Internal error: [client 201.245.192.253:34803] AH01102: error reading status line from remote server 172.22.1.47:80
[Fri May 15 10:25:26.899753 2015] [proxy:error] [pid 7296:tid 1236] [client 201.245.192.253:34803] AH00898: Error reading from remote server returned by /forest/img/mplogo.gif
[Fri May 15 10:25:30.971360 2015] [proxy_http:error] [pid 7296:tid 1604] (20014)Internal error: [client 201.245.192.253:34888] AH01102: error reading status line from remote server 172.22.1.47:80
[Fri May 15 10:25:30.971360 2015] [proxy:error] [pid 7296:tid 1604] [client 201.245.192.253:34888] AH00898: Error reading from remote server returned by /forest/js/jquery/plugins/grid.setcolumns.js
[Fri May 15 10:25:39.348575 2015] [proxy_http:error] [pid 7296:tid 1236] (20014)Internal error: [client 201.245.192.253:34979] AH01102: error reading status line from remote server 172.22.1.47:80
[Fri May 15 10:25:39.348575 2015] [proxy:error] [pid 7296:tid 1236] [client 201.245.192.253:34979] AH00898: Error reading from remote server returned by /forest/js/internJS.js
[Fri May 15 10:42:50.603986 2015] [proxy_http:error] [pid 7296:tid 1108] (20014)Internal error: [client 201.245.192.253:51166] AH01102: error reading status line from remote server 172.22.1.47:80
[Fri May 15 10:42:50.603986 2015] [proxy:error] [pid 7296:tid 1108] [client 201.245.192.253:51166] AH00898: Error reading from remote server returned by /forest/skins/gdocs-jar/img/grid-prev.gif
[Fri May 15 10:42:50.603986 2015] [proxy_http:error] [pid 7296:tid 1460] (20014)Internal error: [client 201.245.192.253:51168] AH01102: error reading status line from remote server 172.22.1.47:80
[Fri May 15 10:42:50.603986 2015] [proxy:error] [pid 7296:tid 1460] [client 201.245.192.253:51168] AH00898: Error reading from remote server returned by /forest/skins/gdocs-jar/img/grid-next.gif
[Fri May 15 10:42:58.903201 2015] [proxy_http:error] [pid 7296:tid 1724] (20014)Internal error: [client 201.245.192.253:51319] AH01102: error reading status line from remote server 172.22.1.47:80, referer: http://190.27.245.106/forest/index2.jsp?a=0.24225916456634333
[Fri May 15 10:42:58.934401 2015] [proxy_http:error] [pid 7296:tid 1324] (20014)Internal error: [client 201.245.192.253:51355] AH01102: error reading status line from remote server 172.22.1.47:80
[Fri May 15 10:42:58.934401 2015] [proxy:error] [pid 7296:tid 1324] [client 201.245.192.253:51355] AH00898: Error reading from remote server returned by /forest/skins/gdocs-jar/img/contraido.gif
[Fri May 15 10:43:27.435651 2015] [proxy_http:error] [pid 7296:tid 1500] (20014)Internal error: [client 201.245.192.253:52161] AH01102: error reading status line from remote server 172.22.1.47:80
[Fri May 15 10:43:27.435651 2015] [proxy:error] [pid 7296:tid 1500] [client 201.245.192.253:52161] AH00898: Error reading from remote server returned by /forest/img/jquery/ui-bg_inset-hard_100_fcfdfd_1x100.png
[Fri May 15 10:43:46.654885 2015] [proxy_http:error] [pid 7296:tid 1508] (20014)Internal error: [client 201.245.192.253:52587] AH01102: error reading status line from remote server 172.22.1.47:80
[Fri May 15 10:43:46.654885 2015] [proxy:error] [pid 7296:tid 1508] [client 201.245.192.253:52587] AH00898: Error reading from remote server returned by /forest/js/escritorio/escritorio.js
[Fri May 15 10:46:11.095539 2015] [proxy_http:error] [pid 7296:tid 1684] (20014)Internal error: [client 201.245.192.253:57436] AH01102: error reading status line from remote server 172.22.1.47:80
[Fri May 15 10:46:11.095539 2015] [proxy:error] [pid 7296:tid 1684] [client 201.245.192.253:57436] AH00898: Error reading from remote server returned by /forest/img/panel/menu/add.png
[Fri May 15 10:46:11.111139 2015] [proxy_http:error] [pid 7296:tid 828] (20014)Internal error: [client 201.245.192.253:57439] AH01102: error reading status line from remote server 172.22.1.47:80
[Fri May 15 10:46:11.111139 2015] [proxy:error] [pid 7296:tid 828] [client 201.245.192.253:57439] AH00898: Error reading from remote server returned by /forest/img/panel/menu/folder.png
[Fri May 15 10:46:11.235939 2015] [proxy_http:error] [pid 7296:tid 1236] (20014)Internal error: [client 201.245.192.253:57447] AH01102: error reading status line from remote server 172.22.1.47:80
[Fri May 15 10:46:11.235939 2015] [proxy:error] [pid 7296:tid 1236] [client 201.245.192.253:57447] AH00898: Error reading from remote server returned by /forest/js/inicio.js
[Fri May 15 10:48:01.886933 2015] [proxy_http:error] [pid 7296:tid 1300] (20014)Internal error: [client 201.245.192.253:48957] AH01102: error reading status line from remote server 172.22.1.47:80
[Fri May 15 10:48:01.886933 2015] [proxy:error] [pid 7296:tid 1300] [client 201.245.192.253:48957] AH00898: Error reading from remote server returned by /forest/skins/gdocs-jar/js/formsBase.js
[Fri May 15 10:51:43.781723 2015] [proxy_http:error] [pid 7296:tid 1472] (20014)Internal error: [client 201.245.192.253:55177] AH01102: error reading status line from remote server 172.22.1.47:80, referer: http://190.27.245.106/forest/index2.jsp?_a=0.5644821601454169
[Fri May 15 10:52:23.904993 2015] [proxy_http:error] [pid 7296:tid 828] (20014)Internal error: [client 201.245.192.253:55998] AH01102: error reading status line from remote server 172.22.1.47:80, referer: http://190.27.245.106/forest/usutareas.do?codTraEsc=18097897
[Fri May 15 10:54:32.777820 2015] [proxy_http:error] [pid 7296:tid 1116] (20014)Internal error: [client 172.22.2.1:14538] AH01102: error reading status line from remote server 172.22.1.47:80, referer: http://190.27.245.106/forest/radicacion.do?codMod=11&group_system_actual=4&_a=0.9035308803842099
[Fri May 15 10:54:32.777820 2015] [proxy_http:error] [pid 7296:tid 1108] (20014)Internal error: [client 172.22.2.1:14542] AH01102: error reading status line from remote server 172.22.1.47:80, referer: http://190.27.245.106/forest/radicacion.do?codMod=11&group_system_actual=4&_a=0.9035308803842099
[Fri May 15 10:54:32.871420 2015] [proxy_http:error] [pid 7296:tid 1180] (20014)Internal error: [client 172.22.2.1:14543] AH01102: error reading status line from remote server 172.22.1.47:80, referer: http://190.27.245.106/forest/radicacion.do?codMod=11&group_system_actual=4&_a=0.9035308803842099
[Fri May 15 10:54:32.918220 2015] [proxy_http:error] [pid 7296:tid 1228] (20014)Internal error: [client 172.22.2.1:14539] AH01102: error reading status line from remote server 172.22.1.47:80, referer: http://190.27.245.106/forest/radicacion.do?codMod=11&group_system_actual=4&_a=0.9035308803842099
[Fri May 15 10:54:32.980620 2015] [proxy_http:error] [pid 7296:tid 912] (20014)Internal error: [client 172.22.2.1:14541] AH01102: error reading status line from remote server 172.22.1.47:80, referer: http://190.27.245.106/forest/radicacion.do?codMod=11&group_system_actual=4&_a=0.9035308803842099
[Fri May 15 10:57:35.018340 2015] [proxy_http:error] [pid 7296:tid 1148] (OS 10060)A connection attempt failed because the connected party did not properly respond after a period of time, or established connection failed because connected host has failed to respond.  : [client 201.245.192.253:56194] AH01095: prefetch request body failed to 172.22.1.47:80 (172.22.1.47) from 201.245.192.253 (), referer: http://190.27.245.106/forest/usutareas.do?codTraEsc=18097897
[Fri May 15 11:00:34.886656 2015] [proxy_http:error] [pid 7296:tid 1420] (20014)Internal error: [client 201.245.192.253:58789] AH01102: error reading status line from remote server 172.22.1.47:80, referer: http://190.27.245.106/forest/suactividades.do?group_system_actual=3
[Fri May 15 11:01:03.278706 2015] [proxy_http:error] [pid 7296:tid 1484] (20014)Internal error: [client 201.245.192.253:47904] AH01102: error reading status line from remote server 172.22.1.47:80
[Fri May 15 11:01:03.278706 2015] [proxy:error] [pid 7296:tid 1484] [client 201.245.192.253:47904] AH00898: Error reading from remote server returned by /forest/skins/gdocs-jar/css/tree.css
[Fri May 15 11:01:03.512706 2015] [proxy_http:error] [pid 7296:tid 1508] (20014)Internal error: [client 201.245.192.253:47918] AH01102: error reading status line from remote server 172.22.1.47:80
[Fri May 15 11:01:03.512706 2015] [proxy:error] [pid 7296:tid 1508] [client 201.245.192.253:47918] AH00898: Error reading from remote server returned by /forest/js/jquery/i18n/grid.locale-en.js
[Fri May 15 11:01:21.858338 2015] [proxy_http:error] [pid 7296:tid 828] (20014)Internal error: [client 201.245.192.253:48227] AH01102: error reading status line from remote server 172.22.1.47:80, referer: http://190.27.245.106/forest/suactividades.do?group_system_actual=3
[Fri May 15 11:01:36.849965 2015] [proxy_http:error] [pid 7296:tid 1420] (20014)Internal error: [client 201.245.192.253:48884] AH01102: error reading status line from remote server 172.22.1.47:80
[Fri May 15 11:01:36.849965 2015] [proxy:error] [pid 7296:tid 1420] [client 201.245.192.253:48884] AH00898: Error reading from remote server returned by /forest/skins/gdocs-jar/img/clip.gif
[Fri May 15 11:01:57.301601 2015] [proxy_http:error] [pid 7296:tid 1636] (20014)Internal error: [client 201.245.192.253:49424] AH01102: error reading status line from remote server 172.22.1.47:80
[Fri May 15 11:01:57.301601 2015] [proxy:error] [pid 7296:tid 1636] [client 201.245.192.253:49424] AH00898: Error reading from remote server returned by /forest/css/escritorio.css
[Fri May 15 11:01:57.395201 2015] [proxy_http:error] [pid 7296:tid 1876] (20014)Internal error: [client 201.245.192.253:49435] AH01102: error reading status line from remote server 172.22.1.47:80, referer: http://190.27.245.106/forest/buscar.do?type=documentos
[Fri May 15 11:01:57.395201 2015] [proxy:error] [pid 7296:tid 1876] [client 201.245.192.253:49435] AH00898: Error reading from remote server returned by /forest/1ibre/jscalendar/calendar.js, referer: http://190.27.245.106/forest/buscar.do?type=documentos
[Fri May 15 11:01:57.769601 2015] [proxy_http:error] [pid 7296:tid 696] (20014)Internal error: [client 201.245.192.253:49453] AH01102: error reading status line from remote server 172.22.1.47:80
[Fri May 15 11:01:57.769601 2015] [proxy:error] [pid 7296:tid 696] [client 201.245.192.253:49453] AH00898: Error reading from remote server returned by /forest/1ibre/images/minus.gif
[Fri May 15 11:01:59.080004 2015] [proxy_http:error] [pid 7296:tid 712] (20014)Internal error: [client 201.245.192.253:49511] AH01102: error reading status line from remote server 172.22.1.47:80
[Fri May 15 11:01:59.080004 2015] [proxy:error] [pid 7296:tid 712] [client 201.245.192.253:49511] AH00898: Error reading from remote server returned by /forest/skins/gdocs-jar/js/misprocesos.js
[Fri May 15 11:02:01.888009 2015] [proxy_http:error] [pid 7296:tid 1428] (20014)Internal error: [client 201.245.192.253:49626] AH01102: error reading status line from remote server 172.22.1.47:80
[Fri May 15 11:02:01.888009 2015] [proxy:error] [pid 7296:tid 1428] [client 201.245.192.253:49626] AH00898: Error reading from remote server returned by /forest/skins/gdocs-jar/js/graphicForm.js
[Fri May 15 11:04:35.922679 2015] [proxy_http:error] [pid 7296:tid 1500] (20014)Internal error: [client 190.0.243.132:24315] AH01102: error reading status line from remote server 172.22.1.47:80, referer: http://190.27.245.106/forest/
[Fri May 15 11:05:35.967185 2015] [proxy_http:error] [pid 7296:tid 1484] (20014)Internal error: [client 201.245.192.253:56100] AH01102: error reading status line from remote server 172.22.1.47:80
[Fri May 15 11:05:35.967185 2015] [proxy:error] [pid 7296:tid 1484] [client 201.245.192.253:56100] AH00898: Error reading from remote server returned by /forest/skins/gdocs-jar/css/forest.css
[Fri May 15 11:05:35.967185 2015] [proxy_http:error] [pid 7296:tid 1784] (20014)Internal error: [client 201.245.192.253:56103] AH01102: error reading status line from remote server 172.22.1.47:80
[Fri May 15 11:05:35.967185 2015] [proxy:error] [pid 7296:tid 1784] [client 201.245.192.253:56103] AH00898: Error reading from remote server returned by /forest/skins/gdocs-jar/css/autocomplete.css
[Fri May 15 11:05:35.982785 2015] [proxy_http:error] [pid 7296:tid 1300] (20014)Internal error: [client 201.245.192.253:56109] AH01102: error reading status line from remote server 172.22.1.47:80
[Fri May 15 11:05:35.982785 2015] [proxy:error] [pid 7296:tid 1300] [client 201.245.192.253:56109] AH00898: Error reading from remote server returned by /forest/img/inicio/3.gif
[Fri May 15 11:06:29.880879 2015] [proxy_http:error] [pid 7296:tid 1636] (20014)Internal error: [client 201.245.192.253:57781] AH01102: error reading status line from remote server 172.22.1.47:80
[Fri May 15 11:06:29.880879 2015] [proxy:error] [pid 7296:tid 1636] [client 201.245.192.253:57781] AH00898: Error reading from remote server returned by /forest/img/users/3.gif
[Fri May 15 11:06:29.896479 2015] [proxy_http:error] [pid 7296:tid 1044] (20014)Internal error: [client 201.245.192.253:57788] AH01102: error reading status line from remote server 172.22.1.47:80
[Fri May 15 11:06:29.896479 2015] [proxy:error] [pid 7296:tid 1044] [client 201.245.192.253:57788] AH00898: Error reading from remote server returned by /forest/img/salir3.gif
[Fri May 15 11:06:42.579302 2015] [proxy_http:error] [pid 7296:tid 1236] (20014)Internal error: [client 201.245.192.253:58276] AH01102: error reading status line from remote server 172.22.1.47:80
[Fri May 15 11:06:42.579302 2015] [proxy:error] [pid 7296:tid 1236] [client 201.245.192.253:58276] AH00898: Error reading from remote server returned by /forest/skins/gdocs-jar/img/edit.gif
[Fri May 15 11:06:42.594902 2015] [proxy_http:error] [pid 7296:tid 1300] (20014)Internal error: [client 201.245.192.253:58279] AH01102: error reading status line from remote server 172.22.1.47:80
[Fri May 15 11:06:42.594902 2015] [proxy:error] [pid 7296:tid 1300] [client 201.245.192.253:58279] AH00898: Error reading from remote server returned by /forest/skins/gdocs-jar/img/cut.gif
[Fri May 15 11:06:42.735302 2015] [proxy_http:error] [pid 7296:tid 1628] (20014)Internal error: [client 201.245.192.253:58290] AH01102: error reading status line from remote server 172.22.1.47:80
[Fri May 15 11:06:42.735302 2015] [proxy:error] [pid 7296:tid 1628] [client 201.245.192.253:58290] AH00898: Error reading from remote server returned by /forest/skins/gdocs-jar/img/historial.gif
[Fri May 15 11:06:42.750902 2015] [proxy_http:error] [pid 7296:tid 1236] (20014)Internal error: [client 201.245.192.253:58292] AH01102: error reading status line from remote server 172.22.1.47:80
[Fri May 15 11:06:42.750902 2015] [proxy:error] [pid 7296:tid 1236] [client 201.245.192.253:58292] AH00898: Error reading from remote server returned by /forest/skins/gdocs-jar/img/files_exp.png
[Fri May 15 11:06:42.750902 2015] [proxy_http:error] [pid 7296:tid 1236] (20014)Internal error: [client 201.245.192.253:58295] AH01102: error reading status line from remote server 172.22.1.47:80
[Fri May 15 11:06:42.750902 2015] [proxy:error] [pid 7296:tid 1236] [client 201.245.192.253:58295] AH00898: Error reading from remote server returned by /forest/skins/gdocs-jar/js/grid.js
[Fri May 15 11:06:42.782102 2015] [proxy_http:error] [pid 7296:tid 1300] (20014)Internal error: [client 201.245.192.253:58298] AH01102: error reading status line from remote server 172.22.1.47:80
[Fri May 15 11:06:42.782102 2015] [proxy:error] [pid 7296:tid 1300] [client 201.245.192.253:58298] AH00898: Error reading from remote server returned by /forest/skins/gdocs-jar/img/more_details.gif
[Fri May 15 11:06:42.828902 2015] [proxy_http:error] [pid 7296:tid 1300] (20014)Internal error: [client 201.245.192.253:58302] AH01102: error reading status line from remote server 172.22.1.47:80
[Fri May 15 11:06:42.828902 2015] [proxy:error] [pid 7296:tid 1300] [client 201.245.192.253:58302] AH00898: Error reading from remote server returned by /forest/skins/gdocs-jar/img/grid-last.gif
[Fri May 15 11:08:06.710249 2015] [proxy_http:error] [pid 7296:tid 1052] (20014)Internal error: [client 201.245.192.253:48444] AH01102: error reading status line from remote server 172.22.1.47:80
[Fri May 15 11:08:06.710249 2015] [proxy:error] [pid 7296:tid 1052] [client 201.245.192.253:48444] AH00898: Error reading from remote server returned by /forest/js/jquery/jquery-1.5.2.min.js
[Fri May 15 11:08:06.725850 2015] [proxy_http:error] [pid 7296:tid 752] (20014)Internal error: [client 201.245.192.253:48459] AH01102: error reading status line from remote server 172.22.1.47:80
[Fri May 15 11:08:06.725850 2015] [proxy:error] [pid 7296:tid 752] [client 201.245.192.253:48459] AH00898: Error reading from remote server returned by /forest/skins/gdocs-jar/img/prev.gif
[Fri May 15 11:11:40.009424 2015] [proxy_http:error] [pid 7296:tid 1484] (20014)Internal error: [client 201.245.192.253:54534] AH01102: error reading status line from remote server 172.22.1.47:80, referer: http://190.27.245.106/forest/usutareas.do?group_system_actual=3&a=0.5320324568824546
[Fri May 15 11:11:56.358253 2015] [proxy_http:error] [pid 7296:tid 1180] (20014)Internal error: [client 201.245.192.253:55213] AH01102: error reading status line from remote server 172.22.1.47:80, referer: http://190.27.245.106/forest/misactividades.do?group_system_actual=3&codPro=95&_a=0.11202056871885357
[Fri May 15 11:15:39.251444 2015] [proxy_http:error] [pid 7296:tid 1636] (20014)Internal error: [client 201.245.192.253:48708] AH01102: error reading status line from remote server 172.22.1.47:80
[Fri May 15 11:15:39.251444 2015] [proxy:error] [pid 7296:tid 1636] [client 201.245.192.253:48708] AH00898: Error reading from remote server returned by /forest/js/jquery/css/jquery-ui-1.8.1.custom.css
[Fri May 15 11:15:47.925060 2015] [mpm_winnt:warn] [pid 7296:tid 2800] (OS 64)The specified network name is no longer available.  : AH00341: winnt_accept: Asynchronous AcceptEx failed.
[Fri May 15 11:18:25.766137 2015] [proxy_http:error] [pid 7296:tid 1716] (20014)Internal error: [client 172.22.2.1:14601] AH01102: error reading status line from remote server 172.22.1.47:80, referer: http://190.27.245.106/forest/radicacion.do?codMod=11&group_system_actual=4&_a=0.26875881129635026
[Fri May 15 11:19:00.663398 2015] [proxy_http:error] [pid 7296:tid 1460] (20014)Internal error: [client 172.22.2.1:14617] AH01102: error reading status line from remote server 172.22.1.47:80, referer: http://190.27.245.106/forest/frameset?
[Fri May 15 11:19:04.126604 2015] [proxy_http:error] [pid 7296:tid 1236] (20014)Internal error: [client 201.245.192.253:54841] AH01102: error reading status line from remote server 172.22.1.47:80, referer: http://190.27.245.106/forest/usutareas.do?_a=0.009125204153539346&group_system_actual=3
[Fri May 15 11:19:04.126604 2015] [proxy:error] [pid 7296:tid 1236] [client 201.245.192.253:54841] AH00898: Error reading from remote server returned by /forest/actions/forms.getList, referer: http://190.27.245.106/forest/usutareas.do?_a=0.009125204153539346&group_system_actual=3
[Fri May 15 11:19:04.126604 2015] [negotiation:error] [pid 7296:tid 1236] [client 201.245.192.253:54841] AH00690: no acceptable variant: E:/nuevo/apache/error/HTTP_BAD_GATEWAY.html.var, referer: http://190.27.245.106/forest/usutareas.do?_a=0.009125204153539346&group_system_actual=3
[Fri May 15 11:19:44.359075 2015] [proxy_http:error] [pid 7296:tid 712] (20014)Internal error: [client 201.245.192.253:55669] AH01102: error reading status line from remote server 172.22.1.47:80
[Fri May 15 11:19:44.359075 2015] [proxy:error] [pid 7296:tid 712] [client 201.245.192.253:55669] AH00898: Error reading from remote server returned by /forest/skins/gdocs-jar/css/dialog.css
[Fri May 15 11:19:44.374675 2015] [proxy_http:error] [pid 7296:tid 1236] (20014)Internal error: [client 201.245.192.253:55673] AH01102: error reading status line from remote server 172.22.1.47:80
[Fri May 15 11:19:44.374675 2015] [proxy:error] [pid 7296:tid 1236] [client 201.245.192.253:55673] AH00898: Error reading from remote server returned by /forest/skins/gdocs-jar/js/number-functions.js
[Fri May 15 11:22:59.063017 2015] [proxy_http:error] [pid 7296:tid 1044] (20014)Internal error: [client 201.245.192.253:48749] AH01102: error reading status line from remote server 172.22.1.47:80, referer: http://190.27.245.106/forest/buscar.do?type=procesos
[Fri May 15 11:23:17.580249 2015] [proxy_http:error] [pid 7296:tid 1876] (20014)Internal error: [client 201.245.192.253:49481] AH01102: error reading status line from remote server 172.22.1.47:80
[Fri May 15 11:23:17.580249 2015] [proxy:error] [pid 7296:tid 1876] [client 201.245.192.253:49481] AH00898: Error reading from remote server returned by /forest/img/nav_prev.gif
[Fri May 15 11:23:45.691499 2015] [proxy_http:error] [pid 7296:tid 1180] (20014)Internal error: [client 201.245.192.253:50125] AH01102: error reading status line from remote server 172.22.1.47:80
[Fri May 15 11:23:45.691499 2015] [proxy:error] [pid 7296:tid 1180] [client 201.245.192.253:50125] AH00898: Error reading from remote server returned by /forest/img/panel/menu/hoy.png
[Fri May 15 11:24:06.860736 2015] [proxy_http:error] [pid 7296:tid 1228] (20014)Internal error: [client 201.245.192.253:50519] AH01102: error reading status line from remote server 172.22.1.47:80, referer: http://190.27.245.106/forest/usutareas.do?codTraEsc=18157768
[Fri May 15 11:25:05.594839 2015] [proxy_http:error] [pid 7296:tid 948] (20014)Internal error: [client 201.245.192.253:52628] AH01102: error reading status line from remote server 172.22.1.47:80
[Fri May 15 11:25:05.594839 2015] [proxy:error] [pid 7296:tid 948] [client 201.245.192.253:52628] AH00898: Error reading from remote server returned by /forest/skins/gdocs-jar/css/menu.css
[Fri May 15 11:25:05.594839 2015] [proxy_http:error] [pid 7296:tid 752] (20014)Internal error: [client 201.245.192.253:52639] AH01102: error reading status line from remote server 172.22.1.47:80
[Fri May 15 11:25:05.594839 2015] [proxy:error] [pid 7296:tid 752] [client 201.245.192.253:52639] AH00898: Error reading from remote server returned by /forest/img/users/5.gif
[Fri May 15 11:25:05.610439 2015] [proxy_http:error] [pid 7296:tid 1052] (20014)Internal error: [client 201.245.192.253:52646] AH01102: error reading status line from remote server 172.22.1.47:80
[Fri May 15 11:25:05.610439 2015] [proxy:error] [pid 7296:tid 1052] [client 201.245.192.253:52646] AH00898: Error reading from remote server returned by /forest/img/ayuda.gif
[Fri May 15 11:25:05.626039 2015] [proxy_http:error] [pid 7296:tid 1292] (20014)Internal error: [client 201.245.192.253:52655] AH01102: error reading status line from remote server 172.22.1.47:80
[Fri May 15 11:25:05.626039 2015] [proxy:error] [pid 7296:tid 1292] [client 201.245.192.253:52655] AH00898: Error reading from remote server returned by /forest/img/base/bsc2_r1_c1.gif
[Fri May 15 11:28:21.109982 2015] [proxy_http:error] [pid 7296:tid 1420] (20014)Internal error: [client 201.245.192.253:59149] AH01102: error reading status line from remote server 172.22.1.47:80, referer: http://190.27.245.106/forest/buscar.do?type=procesos
[Fri May 15 11:28:21.109982 2015] [proxy:error] [pid 7296:tid 1420] [client 201.245.192.253:59149] AH00898: Error reading from remote server returned by /forest/json.do, referer: http://190.27.245.106/forest/buscar.do?type=procesos
[Fri May 15 11:28:21.125582 2015] [negotiation:error] [pid 7296:tid 1420] [client 201.245.192.253:59149] AH00690: no acceptable variant: E:/nuevo/apache/error/HTTP_BAD_GATEWAY.html.var, referer: http://190.27.245.106/forest/buscar.do?type=procesos
[Fri May 15 11:29:18.190483 2015] [proxy_http:error] [pid 7296:tid 1228] (20014)Internal error: [client 201.245.192.253:48684] AH01102: error reading status line from remote server 172.22.1.47:80, referer: http://190.27.245.106/forest/usutareas.do?group_system_actual=3&a=0.04346159799024463
[Fri May 15 11:29:18.190483 2015] [proxy:error] [pid 7296:tid 1228] [client 201.245.192.253:48684] AH00898: Error reading from remote server returned by /forest/session.jsp, referer: http://190.27.245.106/forest/usutareas.do?group_system_actual=3&a=0.04346159799024463
[Fri May 15 11:29:18.190483 2015] [negotiation:error] [pid 7296:tid 1228] [client 201.245.192.253:48684] AH00690: no acceptable variant: E:/nuevo/apache/error/HTTP_BAD_GATEWAY.html.var, referer: http://190.27.245.106/forest/usutareas.do?group_system_actual=3&a=0.04346159799024463
[Fri May 15 11:32:19.868402 2015] [proxy_http:error] [pid 7296:tid 968] (20014)Internal error: [client 201.245.192.253:53344] AH01102: error reading status line from remote server 172.22.1.47:80
[Fri May 15 11:32:19.868402 2015] [proxy:error] [pid 7296:tid 968] [client 201.245.192.253:53344] AH00898: Error reading from remote server returned by /forest/img/misdocumentos.gif
[Fri May 15 11:32:22.302006 2015] [proxy_http:error] [pid 7296:tid 1508] (20014)Internal error: [client 201.245.192.253:53389] AH01102: error reading status line from remote server 172.22.1.47:80
[Fri May 15 11:32:22.302006 2015] [proxy:error] [pid 7296:tid 1508] [client 201.245.192.253:53389] AH00898: Error reading from remote server returned by /forest/js/jquery/grid/css/ui.jqgrid.css
[Fri May 15 11:32:40.304438 2015] [proxy_http:error] [pid 7296:tid 1604] (20014)Internal error: [client 201.245.192.253:53731] AH01102: error reading status line from remote server 172.22.1.47:80, referer: http://190.27.245.106/forest/suactividades.do?group_system_actual=3
[Fri May 15 11:32:40.351238 2015] [proxy_http:error] [pid 7296:tid 1300] (20014)Internal error: [client 201.245.192.253:53747] AH01102: error reading status line from remote server 172.22.1.47:80
[Fri May 15 11:32:40.351238 2015] [proxy:error] [pid 7296:tid 1300] [client 201.245.192.253:53747] AH00898: Error reading from remote server returned by /forest/js/jquery/plugins/jquery.ui.selectmenu.js
[Fri May 15 11:36:27.690437 2015] [proxy_http:error] [pid 7296:tid 1356] (20014)Internal error: [client 201.245.192.253:58191] AH01102: error reading status line from remote server 172.22.1.47:80, referer: http://190.27.245.106/forest/buscar.do?type=documentos
[Fri May 15 11:36:55.177685 2015] [proxy_http:error] [pid 7296:tid 912] (20014)Internal error: [client 201.245.192.253:58654] AH01102: error reading status line from remote server 172.22.1.47:80, referer: http://190.27.245.106/forest/buscar.do
[Fri May 15 11:37:13.039717 2015] [proxy_http:error] [pid 7296:tid 752] (20014)Internal error: [client 201.245.192.253:59282] AH01102: error reading status line from remote server 172.22.1.47:80
[Fri May 15 11:37:13.039717 2015] [proxy:error] [pid 7296:tid 752] [client 201.245.192.253:59282] AH00898: Error reading from remote server returned by /forestReports/webcontent/birt/ajax/core/BirtDndManager.js
[Fri May 15 11:37:13.117717 2015] [proxy_http:error] [pid 7296:tid 1228] (20014)Internal error: [client 201.245.192.253:59293] AH01102: error reading status line from remote server 172.22.1.47:80
[Fri May 15 11:37:13.117717 2015] [proxy:error] [pid 7296:tid 1228] [client 201.245.192.253:59293] AH00898: Error reading from remote server returned by /forestReports/webcontent/birt/ajax/ui/app/BirtNavigationBar.js
[Fri May 15 11:37:13.133317 2015] [proxy_http:error] [pid 7296:tid 752] (20014)Internal error: [client 201.245.192.253:59298] AH01102: error reading status line from remote server 172.22.1.47:80
[Fri May 15 11:37:13.133317 2015] [proxy:error] [pid 7296:tid 752] [client 201.245.192.253:59298] AH00898: Error reading from remote server returned by /forestReports/webcontent/birt/ajax/ui/report/AbstractBaseReportDocument.js
[Fri May 15 11:37:13.133317 2015] [proxy_http:error] [pid 7296:tid 1116] (20014)Internal error: [client 201.245.192.253:59299] AH01102: error reading status line from remote server 172.22.1.47:80
[Fri May 15 11:37:13.133317 2015] [proxy:error] [pid 7296:tid 1116] [client 201.245.192.253:59299] AH00898: Error reading from remote server returned by /forestReports/webcontent/birt/ajax/ui/dialog/AbstractBaseDialog.js
[Fri May 15 11:37:13.148917 2015] [proxy_http:error] [pid 7296:tid 1460] (20014)Internal error: [client 201.245.192.253:59306] AH01102: error reading status line from remote server 172.22.1.47:80
[Fri May 15 11:37:13.148917 2015] [proxy:error] [pid 7296:tid 1460] [client 201.245.192.253:59306] AH00898: Error reading from remote server returned by /forestReports/webcontent/birt/ajax/ui/dialog/BirtPrintReportDialog.js
[Fri May 15 11:37:18.640127 2015] [proxy_http:error] [pid 7296:tid 1356] (20014)Internal error: [client 201.245.192.253:59343] AH01102: error reading status line from remote server 172.22.1.47:80, referer: http://190.27.245.106/forest/buscar.do
[Fri May 15 11:37:29.528946 2015] [proxy_http:error] [pid 7296:tid 1876] (20014)Internal error: [client 201.245.192.253:59673] AH01102: error reading status line from remote server 172.22.1.47:80
[Fri May 15 11:37:29.528946 2015] [proxy:error] [pid 7296:tid 1876] [client 201.245.192.253:59673] AH00898: Error reading from remote server returned by /forest/js/jquery/css/jquery-ui-selectmenu.css
[Fri May 15 11:37:35.706557 2015] [proxy_http:error] [pid 7296:tid 1628] (20014)Internal error: [client 201.245.192.253:59728] AH01102: error reading status line from remote server 172.22.1.47:80, referer: http://190.27.245.106/forest/buscar.do
[Fri May 15 11:38:10.635018 2015] [proxy_http:error] [pid 7296:tid 1472] (20014)Internal error: [client 201.245.192.253:48391] AH01102: error reading status line from remote server 172.22.1.47:80, referer: http://190.27.245.106/forest/misactividades.do?_a=0.4555620306637138&group_system_actual=3
[Fri May 15 11:38:23.598641 2015] [proxy_http:error] [pid 7296:tid 1428] (20014)Internal error: [client 201.245.192.253:48681] AH01102: error reading status line from remote server 172.22.1.47:80, referer: http://190.27.245.106/forest/usutareas.do?_a=0.21492643817327917&group_system_actual=3
[Fri May 15 11:38:23.785841 2015] [proxy_http:error] [pid 7296:tid 1428] (20014)Internal error: [client 201.245.192.253:48714] AH01102: error reading status line from remote server 172.22.1.47:80, referer: http://190.27.245.106/forest/usutareas.do?_a=0.21492643817327917&group_system_actual=3
[Fri May 15 11:38:23.785841 2015] [proxy:error] [pid 7296:tid 1428] [client 201.245.192.253:48714] AH00898: Error reading from remote server returned by /forest/actions/forms.getList, referer: http://190.27.245.106/forest/usutareas.do?_a=0.21492643817327917&group_system_actual=3
[Fri May 15 11:38:23.785841 2015] [negotiation:error] [pid 7296:tid 1428] [client 201.245.192.253:48714] AH00690: no acceptable variant: E:/nuevo/apache/error/HTTP_BAD_GATEWAY.html.var, referer: http://190.27.245.106/forest/usutareas.do?_a=0.21492643817327917&group_system_actual=3
[Fri May 15 11:38:26.110245 2015] [proxy_http:error] [pid 7296:tid 1116] (20014)Internal error: [client 66.102.8.228:39965] AH01102: error reading status line from remote server 172.22.1.47:80, referer: http://190.27.245.106/forest/index2.jsp?a=0.7662659717929479
[Fri May 15 11:40:47.399693 2015] [proxy_http:error] [pid 7296:tid 1148] (20014)Internal error: [client 201.245.192.253:52999] AH01102: error reading status line from remote server 172.22.1.47:80, referer: http://190.27.245.106/forest/usutareas.do?_a=0.37582346216417095&group_system_actual=3
[Fri May 15 11:40:55.995308 2015] [proxy_http:error] [pid 7296:tid 1604] (20014)Internal error: [client 201.245.192.253:53205] AH01102: error reading status line from remote server 172.22.1.47:80
[Fri May 15 11:40:55.995308 2015] [proxy:error] [pid 7296:tid 1604] [client 201.245.192.253:53205] AH00898: Error reading from remote server returned by /forest/css/index.css
[Fri May 15 11:41:11.564136 2015] [proxy_http:error] [pid 7296:tid 1604] (20014)Internal error: [client 201.245.192.253:53484] AH01102: error reading status line from remote server 172.22.1.47:80
[Fri May 15 11:41:11.564136 2015] [proxy:error] [pid 7296:tid 1604] [client 201.245.192.253:53484] AH00898: Error reading from remote server returned by /forest/js/jquery/grid/css/ui.multiselect.css
[Fri May 15 11:45:36.733401 2015] [proxy_http:error] [pid 7296:tid 1684] (20014)Internal error: [client 201.245.192.253:59770] AH01102: error reading status line from remote server 172.22.1.47:80, referer: http://190.27.245.106/forest/usutareas.do?group_system_actual=3&codAct=2131&numPro=3085288&codPro=176&fecTra=2015-05-15%2011:19:30.0&codInst=3126779&codTraEsc=18109061
[Fri May 15 11:45:41.195009 2015] [proxy_http:error] [pid 7296:tid 1108] (20014)Internal error: [client 172.22.2.1:14694] AH01102: error reading status line from remote server 172.22.1.47:80, referer: http://190.27.245.106/forest/frameset?
[Fri May 15 11:46:13.424666 2015] [proxy_http:error] [pid 7296:tid 828] (20014)Internal error: [client 172.22.2.1:14705] AH01102: error reading status line from remote server 172.22.1.47:80, referer: http://190.27.245.106/forest/index2.jsp?_a=0.6802119800594637
[Fri May 15 11:46:13.440266 2015] [proxy_http:error] [pid 7296:tid 1428] (20014)Internal error: [client 172.22.2.1:14707] AH01102: error reading status line from remote server 172.22.1.47:80, referer: http://190.27.245.106/forest/index2.jsp?_a=0.6802119800594637
[Fri May 15 11:46:31.567498 2015] [proxy_http:error] [pid 7296:tid 1460] (20014)Internal error: [client 201.245.192.253:48551] AH01102: error reading status line from remote server 172.22.1.47:80, referer: http://190.27.245.106/forest/usutareas.do?_a=0.22676021537856517&group_system_actual=3
[Fri May 15 11:46:32.082299 2015] [proxy_http:error] [pid 7296:tid 828] (20014)Internal error: [client 201.245.192.253:48602] AH01102: error reading status line from remote server 172.22.1.47:80
[Fri May 15 11:46:32.082299 2015] [proxy:error] [pid 7296:tid 828] [client 201.245.192.253:48602] AH00898: Error reading from remote server returned by /forest/1ibre/jscalendar/calendar-setup.js
[Fri May 15 11:46:32.082299 2015] [proxy_http:error] [pid 7296:tid 1876] (20014)Internal error: [client 201.245.192.253:48606] AH01102: error reading status line from remote server 172.22.1.47:80
[Fri May 15 11:46:32.082299 2015] [proxy:error] [pid 7296:tid 1876] [client 201.245.192.253:48606] AH00898: Error reading from remote server returned by /forest/js/dialog.js
[Fri May 15 11:46:32.129099 2015] [proxy_http:error] [pid 7296:tid 1292] (20014)Internal error: [client 201.245.192.253:48609] AH01102: error reading status line from remote server 172.22.1.47:80
[Fri May 15 11:46:32.129099 2015] [proxy:error] [pid 7296:tid 1292] [client 201.245.192.253:48609] AH00898: Error reading from remote server returned by /forest/skins/gdocs-jar/img/user_search.gif
[Fri May 15 11:47:42.079622 2015] [proxy_http:error] [pid 7296:tid 1484] (20014)Internal error: [client 201.245.192.253:50327] AH01102: error reading status line from remote server 172.22.1.47:80, referer: http://190.27.245.106/forest/usutareas.do?group_system_actual=3&codAct=2131&numPro=3085288&codPro=176&fecTra=2015-05-15%2011:19:30.0&codInst=3126779&codTraEsc=18109061
[Fri May 15 11:48:31.141708 2015] [core:error] [pid 7296:tid 1428] (20024)The given path is misformatted or contained invalid characters: [client 190.27.188.42:28916] AH00127: Cannot map GET /galeria/carrusel/Carrusel/jquery-ui-%0A%0A1.8.13.custom.min.js HTTP/1.1 to file, referer: http://www.ambientebogota.gov.co/
[Fri May 15 11:50:45.958145 2015] [proxy_http:error] [pid 7296:tid 1444] (20014)Internal error: [client 201.245.192.253:55429] AH01102: error reading status line from remote server 172.22.1.47:80
[Fri May 15 11:50:45.958145 2015] [proxy:error] [pid 7296:tid 1444] [client 201.245.192.253:55429] AH00898: Error reading from remote server returned by /forest/js/sarissa.js
[Fri May 15 11:54:31.691541 2015] [proxy_http:error] [pid 7296:tid 1180] (OS 10054)An existing connection was forcibly closed by the remote host.  : [client 201.245.192.253:50507] AH01102: error reading status line from remote server 172.22.1.31:80, referer: http://190.27.245.106/isolucionsda/FrameSetGeneral.asp?Pagina=MagazinHome.asp
[Fri May 15 11:54:31.691541 2015] [proxy:error] [pid 7296:tid 1180] [client 201.245.192.253:50507] AH00898: Error reading from remote server returned by /isolucionsda/MagazinHome.asp, referer: http://190.27.245.106/isolucionsda/FrameSetGeneral.asp?Pagina=MagazinHome.asp
[Fri May 15 12:03:56.022532 2015] [proxy_http:error] [pid 7296:tid 1628] (20014)Internal error: [client 201.245.192.253:54349] AH01102: error reading status line from remote server 172.22.1.47:80, referer: http://190.27.245.106/forest/misactividades.do?_a=0.5536942535545677&group_system_actual=3
[Fri May 15 12:07:03.238461 2015] [proxy_http:error] [pid 7296:tid 1428] (OS 10054)An existing connection was forcibly closed by the remote host.  : [client 201.245.192.253:58673] AH01102: error reading status line from remote server 172.22.1.31:80, referer: http://190.27.245.106/isolucionsda/FrameSetGeneral.asp?Pagina=Menu.asp&IdModulo=5
[Fri May 15 12:07:03.238461 2015] [proxy:error] [pid 7296:tid 1428] [client 201.245.192.253:58673] AH00898: Error reading from remote server returned by /isolucionsda/BarraFavoritos.asp, referer: http://190.27.245.106/isolucionsda/FrameSetGeneral.asp?Pagina=Menu.asp&IdModulo=5
[Fri May 15 12:11:32.167334 2015] [proxy_http:error] [pid 7296:tid 1284] (20014)Internal error: [client 201.245.192.253:51836] AH01102: error reading status line from remote server 172.22.1.47:80, referer: http://190.27.245.106/forest/index2.jsp?_a=0.012490373104810715
[Fri May 15 12:11:38.220144 2015] [proxy_http:error] [pid 7296:tid 712] (20014)Internal error: [client 201.245.192.253:52086] AH01102: error reading status line from remote server 172.22.1.47:80, referer: http://190.27.245.106/forest/usutareas.do?group_system_actual=3&a=0.49380824412219226
[Fri May 15 12:22:15.013263 2015] [proxy_http:error] [pid 7296:tid 1500] (20014)Internal error: [client 201.245.192.253:54766] AH01102: error reading status line from remote server 172.22.1.47:80
[Fri May 15 12:22:15.013263 2015] [proxy:error] [pid 7296:tid 1500] [client 201.245.192.253:54766] AH00898: Error reading from remote server returned by /forest/js/jquery/jquery-ui-latest.js
[Fri May 15 12:27:01.476566 2015] [proxy_http:error] [pid 7296:tid 1052] (20014)Internal error: [client 201.245.192.253:49241] AH01102: error reading status line from remote server 172.22.1.47:80, referer: http://190.27.245.106/forest/usudocumentos.do?_a=0.9219334803957321&group_system_actual=3
[Fri May 15 12:31:59.171889 2015] [proxy_http:error] [pid 7296:tid 1300] (20014)Internal error: [client 201.245.192.253:55291] AH01102: error reading status line from remote server 172.22.1.47:80, referer: http://190.27.245.106/forest/usutareas.do?_a=0.20746370101956746&group_system_actual=3
[Fri May 15 12:31:59.171889 2015] [proxy:error] [pid 7296:tid 1300] [client 201.245.192.253:55291] AH00898: Error reading from remote server returned by /forest/session.jsp, referer: http://190.27.245.106/forest/usutareas.do?_a=0.20746370101956746&group_system_actual=3
[Fri May 15 12:31:59.171889 2015] [negotiation:error] [pid 7296:tid 1300] [client 201.245.192.253:55291] AH00690: no acceptable variant: E:/nuevo/apache/error/HTTP_BAD_GATEWAY.html.var, referer: http://190.27.245.106/forest/usutareas.do?_a=0.20746370101956746&group_system_actual=3
[Fri May 15 13:15:38.278089 2015] [proxy_http:error] [pid 7296:tid 1060] (OS 10054)An existing connection was forcibly closed by the remote host.  : [client 201.245.192.253:55281] AH01102: error reading status line from remote server 172.22.1.31:80, referer: http://190.27.245.106/isolucionsda/FrameSetGeneral.asp?Pagina=Menu.asp&IdModulo=5
[Fri May 15 13:15:38.278089 2015] [proxy:error] [pid 7296:tid 1060] [client 201.245.192.253:55281] AH00898: Error reading from remote server returned by /isolucionsda/BarraFavoritos.asp, referer: http://190.27.245.106/isolucionsda/FrameSetGeneral.asp?Pagina=Menu.asp&IdModulo=5
[Fri May 15 13:22:15.938387 2015] [proxy_http:error] [pid 7296:tid 1876] (20014)Internal error: [client 201.245.192.253:47662] AH01102: error reading status line from remote server 172.22.1.47:80, referer: http://190.27.245.106/forest/suactividades.do?group_system_actual=3
[Fri May 15 13:28:43.287068 2015] [proxy_http:error] [pid 7296:tid 1060] (OS 10054)An existing connection was forcibly closed by the remote host.  : [client 201.245.192.253:53245] AH01102: error reading status line from remote server 172.22.1.31:80, referer: http://190.27.245.106/isolucionsda/FrameSetGeneral.asp?Pagina=Menu.asp&IdModulo=5
[Fri May 15 13:28:43.287068 2015] [proxy:error] [pid 7296:tid 1060] [client 201.245.192.253:53245] AH00898: Error reading from remote server returned by /isolucionsda/BarraTitulos.asp, referer: http://190.27.245.106/isolucionsda/FrameSetGeneral.asp?Pagina=Menu.asp&IdModulo=5
[Fri May 15 13:28:48.653477 2015] [proxy_http:error] [pid 7296:tid 1060] (OS 10054)An existing connection was forcibly closed by the remote host.  : [client 201.245.192.253:53245] AH01102: error reading status line from remote server 172.22.1.31:80, referer: http://190.27.245.106/isolucionsda/FrameSetGeneral.asp?Pagina=Administracion/CatalogoIndicador.asp
[Fri May 15 13:58:07.620967 2015] [proxy_http:error] [pid 7296:tid 1784] (OS 10054)An existing connection was forcibly closed by the remote host.  : [client 201.245.192.253:56022] AH01102: error reading status line from remote server 172.22.1.31:80, referer: http://190.27.245.106/isolucionsda/FrameSetGeneral.asp?Pagina1=FrameSetGeneral.asp&
[Fri May 15 13:58:07.620967 2015] [proxy:error] [pid 7296:tid 1784] [client 201.245.192.253:56022] AH00898: Error reading from remote server returned by /isolucionsda/BarraTitulos.asp, referer: http://190.27.245.106/isolucionsda/FrameSetGeneral.asp?Pagina1=FrameSetGeneral.asp&
[Fri May 15 13:58:07.620967 2015] [proxy_http:error] [pid 7296:tid 1116] (OS 10054)An existing connection was forcibly closed by the remote host.  : [client 201.245.192.253:56023] AH01102: error reading status line from remote server 172.22.1.31:80, referer: http://190.27.245.106/isolucionsda/FrameSetGeneral.asp?Pagina1=FrameSetGeneral.asp&
[Fri May 15 13:58:07.620967 2015] [proxy:error] [pid 7296:tid 1116] [client 201.245.192.253:56023] AH00898: Error reading from remote server returned by /isolucionsda/BarraFavoritos.asp, referer: http://190.27.245.106/isolucionsda/FrameSetGeneral.asp?Pagina1=FrameSetGeneral.asp&
