[Tue May 26 11:26:19.214490 2015] [proxy:error] [pid 7296:tid 1572] [client 186.155.238.196:24971] AH00898: Error reading from remote server returned by /forest/skins/gdocs-jar/css/autocomplete.css, referer: http://190.27.245.106/forest/
[Tue May 26 11:26:19.261290 2015] [proxy_http:error] [pid 7296:tid 1428] (20014)Internal error: [client 186.155.238.196:32309] AH01102: error reading status line from remote server 172.22.1.47:80, referer: http://190.27.245.106/forest/
[Tue May 26 11:26:19.713691 2015] [proxy_http:error] [pid 7296:tid 1492] (20014)Internal error: [client 186.155.238.196:8911] AH01102: error reading status line from remote server 172.22.1.47:80, referer: http://190.27.245.106/forest/
[Tue May 26 11:26:30.961310 2015] [proxy_http:error] [pid 7296:tid 1324] (20014)Internal error: [client 186.155.238.196:9517] AH01102: error reading status line from remote server 172.22.1.47:80, referer: http://190.27.245.106/forest/misactividades.do?group_system_actual=3&codPro=176&_a=0.5128227353335447
[Tue May 26 11:26:31.663312 2015] [proxy_http:error] [pid 7296:tid 1700] (20014)Internal error: [client 186.155.238.196:3339] AH01102: error reading status line from remote server 172.22.1.47:80, referer: http://190.27.245.106/forest/js/jquery/css/jquery-ui-1.8.1.custom.css
[Tue May 26 11:26:43.378932 2015] [proxy_http:error] [pid 7296:tid 1420] (20014)Internal error: [client 201.245.192.253:28214] AH01102: error reading status line from remote server 172.22.1.47:80, referer: http://190.27.245.106/forest/buscar.do?type=procesos
[Tue May 26 11:27:14.656987 2015] [proxy_http:error] [pid 7296:tid 1284] (20014)Internal error: [client 186.155.238.196:4255] AH01102: error reading status line from remote server 172.22.1.47:80, referer: http://190.27.245.106/forest/buscar.do?type=documentos
[Tue May 26 11:27:14.656987 2015] [proxy_http:error] [pid 7296:tid 1148] (20014)Internal error: [client 186.155.238.196:9784] AH01102: error reading status line from remote server 172.22.1.47:80, referer: http://190.27.245.106/forest/buscar.do?type=documentos
[Tue May 26 11:27:37.401827 2015] [proxy_http:error] [pid 7296:tid 1228] (20014)Internal error: [client 201.245.192.253:28813] AH01102: error reading status line from remote server 172.22.1.47:80, referer: http://190.27.245.106/forest/suactividades.do?group_system_actual=3&_a=0.9332104489929368
[Tue May 26 11:27:44.468640 2015] [proxy_http:error] [pid 7296:tid 1340] (20014)Internal error: [client 201.245.192.253:28885] AH01102: error reading status line from remote server 172.22.1.47:80, referer: http://190.27.245.106/forest/usutareas.do?group_system_actual=3&codAct=1477&numPro=2947096&codPro=134&fecTra=2015-05-20%2014:11:41.0&codInst=3129143&codTraEsc=18188230
[Tue May 26 11:27:47.994246 2015] [proxy_http:error] [pid 7296:tid 1556] (20014)Internal error: [client 201.245.192.253:28927] AH01102: error reading status line from remote server 172.22.1.47:80
[Tue May 26 11:27:47.994246 2015] [proxy:error] [pid 7296:tid 1556] [client 201.245.192.253:28927] AH00898: Error reading from remote server returned by /forest/skins/gdocs-jar/js/xml_utilities.js
[Tue May 26 11:28:17.072697 2015] [proxy_http:error] [pid 7296:tid 1748] (20014)Internal error: [client 186.155.238.196:5613] AH01102: error reading status line from remote server 172.22.1.47:80, referer: http://190.27.245.106/forest/usutareas.do?_a=0.6448298036120832&group_system_actual=3
[Tue May 26 11:28:28.757117 2015] [proxy_http:error] [pid 7296:tid 1092] (20014)Internal error: [client 201.245.192.253:29236] AH01102: error reading status line from remote server 172.22.1.47:80
[Tue May 26 11:28:28.757117 2015] [proxy:error] [pid 7296:tid 1092] [client 201.245.192.253:29236] AH00898: Error reading from remote server returned by /forest/js/json3.js
[Tue May 26 11:29:36.726437 2015] [proxy_http:error] [pid 7296:tid 1556] (20014)Internal error: [client 201.245.192.253:28934] AH01102: error reading status line from remote server 172.22.1.47:80, referer: http://190.27.245.106/forest/usutareas.do?_a=0.32053978066481403&group_system_actual=3
[Tue May 26 11:31:52.463275 2015] [proxy_http:error] [pid 7296:tid 1876] (20014)Internal error: [client 201.245.192.253:30949] AH01102: error reading status line from remote server 172.22.1.47:80, referer: http://190.27.245.106/forest/reportes.do?menu=1&group_system_actual=5
[Tue May 26 11:33:26.796641 2015] [proxy_http:error] [pid 7296:tid 1816] (20014)Internal error: [client 201.245.192.253:31406] AH01102: error reading status line from remote server 172.22.1.47:80, referer: http://190.27.245.106/forest/usutareas.do?group_system_actual=3&codAct=1477&numPro=2881116&codPro=134&fecTra=2015-03-24%2011:59:39.503&codInst=2908684&codTraEsc=17773030
[Tue May 26 11:33:28.840244 2015] [proxy_http:error] [pid 7296:tid 1092] (20014)Internal error: [client 201.245.192.253:31608] AH01102: error reading status line from remote server 172.22.1.47:80, referer: http://190.27.245.106/forest/usutareas.do?_a=0.9154614271781386&group_system_actual=3
[Tue May 26 11:39:19.591261 2015] [proxy_http:error] [pid 7296:tid 1356] (20014)Internal error: [client 201.245.192.253:34383] AH01102: error reading status line from remote server 172.22.1.47:80, referer: http://190.27.245.106/forest/usutareas.do?group_system_actual=3&a=0.8929399354383349
[Tue May 26 11:41:59.117141 2015] [proxy_http:error] [pid 7296:tid 1784] (20014)Internal error: [client 201.245.192.253:22955] AH01102: error reading status line from remote server 172.22.1.47:80
[Tue May 26 11:41:59.117141 2015] [proxy:error] [pid 7296:tid 1784] [client 201.245.192.253:22955] AH00898: Error reading from remote server returned by /forest/1ibre/protoaculous.js
[Tue May 26 11:48:17.230605 2015] [proxy_http:error] [pid 7296:tid 1160] (20014)Internal error: [client 201.245.192.253:26204] AH01102: error reading status line from remote server 172.22.1.47:80, referer: http://190.27.245.106/forest/usutareas.do?group_system_actual=3&codTraEsc=18205362&_a=0.418728603412051
[Tue May 26 11:48:17.230605 2015] [proxy:error] [pid 7296:tid 1160] [client 201.245.192.253:26204] AH00898: Error reading from remote server returned by /forest/actions/forms.getMappedValues, referer: http://190.27.245.106/forest/usutareas.do?group_system_actual=3&codTraEsc=18205362&_a=0.418728603412051
[Tue May 26 11:48:17.230605 2015] [negotiation:error] [pid 7296:tid 1160] [client 201.245.192.253:26204] AH00690: no acceptable variant: E:/nuevo/apache/error/HTTP_BAD_GATEWAY.html.var, referer: http://190.27.245.106/forest/usutareas.do?group_system_actual=3&codTraEsc=18205362&_a=0.418728603412051
[Tue May 26 11:48:46.496256 2015] [proxy_http:error] [pid 7296:tid 1204] (20014)Internal error: [client 201.245.192.253:26472] AH01102: error reading status line from remote server 172.22.1.47:80, referer: http://190.27.245.106/forest/misactividades.do?_a=0.6596805225126445&group_system_actual=3
[Tue May 26 11:48:48.368260 2015] [proxy_http:error] [pid 7296:tid 1340] (20014)Internal error: [client 201.245.192.253:26618] AH01102: error reading status line from remote server 172.22.1.47:80
[Tue May 26 11:48:48.368260 2015] [proxy:error] [pid 7296:tid 1340] [client 201.245.192.253:26618] AH00898: Error reading from remote server returned by /forest/img/inicio/1.gif
[Tue May 26 11:48:48.789460 2015] [proxy_http:error] [pid 7296:tid 1204] (20014)Internal error: [client 201.245.192.253:26628] AH01102: error reading status line from remote server 172.22.1.47:80
[Tue May 26 11:48:48.789460 2015] [proxy:error] [pid 7296:tid 1204] [client 201.245.192.253:26628] AH00898: Error reading from remote server returned by /forest/img/inicio/2.gif
[Tue May 26 11:49:40.378751 2015] [proxy_http:error] [pid 7296:tid 1540] (20014)Internal error: [client 201.245.192.253:27470] AH01102: error reading status line from remote server 172.22.1.47:80
[Tue May 26 11:49:40.378751 2015] [proxy:error] [pid 7296:tid 1540] [client 201.245.192.253:27470] AH00898: Error reading from remote server returned by /forest/skins/gdocs-jar/img/control-double.png
[Tue May 26 11:49:47.164763 2015] [proxy_http:error] [pid 7296:tid 1116] (20014)Internal error: [client 201.245.192.253:27534] AH01102: error reading status line from remote server 172.22.1.47:80, referer: http://190.27.245.106/forest/usutareas.do?group_system_actual=3&codTraEsc=18116671&_a=0.49947719744499985
[Tue May 26 11:49:47.164763 2015] [proxy:error] [pid 7296:tid 1116] [client 201.245.192.253:27534] AH00898: Error reading from remote server returned by /forest/actions/forms.getMappedValues, referer: http://190.27.245.106/forest/usutareas.do?group_system_actual=3&codTraEsc=18116671&_a=0.49947719744499985
[Tue May 26 11:49:47.164763 2015] [negotiation:error] [pid 7296:tid 1116] [client 201.245.192.253:27534] AH00690: no acceptable variant: E:/nuevo/apache/error/HTTP_BAD_GATEWAY.html.var, referer: http://190.27.245.106/forest/usutareas.do?group_system_actual=3&codTraEsc=18116671&_a=0.49947719744499985
[Tue May 26 11:53:38.934370 2015] [proxy_http:error] [pid 7296:tid 1228] (20014)Internal error: [client 201.245.192.253:29845] AH01102: error reading status line from remote server 172.22.1.47:80, referer: http://190.27.245.106/forest/index2.jsp?_a=0.7524740200024098
[Tue May 26 11:54:25.718852 2015] [proxy_http:error] [pid 7296:tid 1612] (20014)Internal error: [client 181.61.173.135:49894] AH01102: error reading status line from remote server 172.22.1.47:80, referer: http://190.27.245.106/forest/skins/gdocs-jar/popup/FileViewerTree.jsp?coddoc=2063598&ext=pdf&numpro=3083660&nombre=2015ER71225.pdf&codfile=-1&rootPath=/forest/
[Tue May 26 11:55:31.909768 2015] [proxy_http:error] [pid 7296:tid 1524] (20014)Internal error: [client 201.245.192.253:31031] AH01102: error reading status line from remote server 172.22.1.47:80, referer: http://190.27.245.106/forest/usugrafico.do?_a=0.44355519325472414&group_system_actual=3
[Tue May 26 11:55:37.931379 2015] [core:error] [pid 7296:tid 1340] (22)Invalid argument: [client 190.145.60.10:47226] AH00127: Cannot map GET /SIG/Planeaci\xf3n%20Ambiental/126PM02-PR07.pdf HTTP/1.0 to file
[Tue May 26 11:55:37.946979 2015] [core:error] [pid 7296:tid 1340] (22)Invalid argument: [client 190.145.60.10:49070] AH00127: Cannot map GET /SIG/Planeaci\xf3n%20Ambiental/126PM02-PR07.pdf HTTP/1.0 to file
[Tue May 26 11:56:51.735109 2015] [proxy_http:error] [pid 7296:tid 1188] (20014)Internal error: [client 201.245.192.253:31763] AH01102: error reading status line from remote server 172.22.1.47:80, referer: http://190.27.245.106/forest/buscar.do?type=procesos
[Tue May 26 11:56:56.961118 2015] [proxy_http:error] [pid 7296:tid 1748] (20014)Internal error: [client 201.245.192.253:31817] AH01102: error reading status line from remote server 172.22.1.47:80, referer: http://190.27.245.106/forest/usutareas.do?_a=0.6008696243629111&group_system_actual=3
[Tue May 26 11:56:57.366718 2015] [proxy_http:error] [pid 7296:tid 1484] (20014)Internal error: [client 201.245.192.253:31762] AH01102: error reading status line from remote server 172.22.1.47:80, referer: http://190.27.245.106/forest/usutareas.do?_a=0.6008696243629111&group_system_actual=3
[Tue May 26 11:56:59.113922 2015] [proxy_http:error] [pid 7296:tid 1148] (20014)Internal error: [client 201.245.192.253:31816] AH01102: error reading status line from remote server 172.22.1.47:80, referer: http://190.27.245.106/forest/usutareas.do?_a=0.6008696243629111&group_system_actual=3
[Tue May 26 12:00:52.163731 2015] [proxy_http:error] [pid 7296:tid 1228] (20014)Internal error: [client 201.245.192.253:33912] AH01102: error reading status line from remote server 172.22.1.47:80, referer: http://190.27.245.106/forest/usutareas.do?_a=0.6455658718371229&group_system_actual=3
[Tue May 26 12:01:34.439805 2015] [proxy_http:error] [pid 7296:tid 1348] (20014)Internal error: [client 201.245.192.253:34569] AH01102: error reading status line from remote server 172.22.1.47:80
[Tue May 26 12:01:34.439805 2015] [proxy:error] [pid 7296:tid 1348] [client 201.245.192.253:34569] AH00898: Error reading from remote server returned by /forest/img/forestIcon.gif
[Tue May 26 12:03:57.850857 2015] [proxy_http:error] [pid 7296:tid 1572] (20014)Internal error: [client 201.245.192.253:23036] AH01102: error reading status line from remote server 172.22.1.47:80, referer: http://190.27.245.106/forest/index2.jsp?_a=0.9423043841961771
[Tue May 26 12:05:41.606639 2015] [proxy_http:error] [pid 7296:tid 1420] (20014)Internal error: [client 201.245.192.253:22774] AH01102: error reading status line from remote server 172.22.1.47:80, referer: http://190.27.245.106/forest/usutareas.do?_a=0.047720660688355565&group_system_actual=3
[Tue May 26 12:05:41.809440 2015] [proxy_http:error] [pid 7296:tid 736] (20014)Internal error: [client 201.245.192.253:23967] AH01102: error reading status line from remote server 172.22.1.47:80
[Tue May 26 12:05:41.809440 2015] [proxy:error] [pid 7296:tid 736] [client 201.245.192.253:23967] AH00898: Error reading from remote server returned by /forest/skins/gdocs-jar/img/files_numpro.png
[Tue May 26 12:05:41.809440 2015] [proxy_http:error] [pid 7296:tid 1420] (20014)Internal error: [client 201.245.192.253:23968] AH01102: error reading status line from remote server 172.22.1.47:80
[Tue May 26 12:05:41.809440 2015] [proxy:error] [pid 7296:tid 1420] [client 201.245.192.253:23968] AH00898: Error reading from remote server returned by /forest/skins/gdocs-jar/img/sendmail.gif
[Tue May 26 12:05:41.840640 2015] [proxy_http:error] [pid 7296:tid 704] (20014)Internal error: [client 201.245.192.253:23983] AH01102: error reading status line from remote server 172.22.1.47:80
[Tue May 26 12:05:41.840640 2015] [proxy:error] [pid 7296:tid 704] [client 201.245.192.253:23983] AH00898: Error reading from remote server returned by /forest/skins/gdocs-jar/img/more_details.gif
[Tue May 26 12:07:49.012063 2015] [proxy_http:error] [pid 7296:tid 1876] (20014)Internal error: [client 201.245.192.253:25009] AH01102: error reading status line from remote server 172.22.1.47:80, referer: http://190.27.245.106/forest/index2.jsp?_a=0.9423043841961771
[Tue May 26 12:08:38.464150 2015] [proxy_http:error] [pid 7296:tid 1036] (20014)Internal error: [client 201.245.239.196:14719] AH01102: error reading status line from remote server 172.22.1.47:80, referer: http://190.27.245.106/forest/usutareas.do?group_system_actual=3&a=0.5520798729266971
[Tue May 26 12:09:31.051842 2015] [proxy_http:error] [pid 7296:tid 1380] (20014)Internal error: [client 201.245.192.253:25360] AH01102: error reading status line from remote server 172.22.1.47:80, referer: http://190.27.245.106/forest/usutareas.do?_a=0.5733026814941412&group_system_actual=3
[Tue May 26 12:14:31.679970 2015] [proxy_http:error] [pid 7296:tid 1092] (20014)Internal error: [client 201.245.192.253:32145] AH01102: error reading status line from remote server 172.22.1.47:80, referer: http://190.27.245.106/forest/usutareas.do?group_system_actual=3&a=0.6952149684075266
[Tue May 26 12:16:17.089355 2015] [proxy_http:error] [pid 7296:tid 1380] (20014)Internal error: [client 201.245.192.253:33759] AH01102: error reading status line from remote server 172.22.1.47:80
[Tue May 26 12:16:17.089355 2015] [proxy:error] [pid 7296:tid 1380] [client 201.245.192.253:33759] AH00898: Error reading from remote server returned by /forest/css/index.css
[Tue May 26 12:16:17.962957 2015] [proxy_http:error] [pid 7296:tid 1428] (20014)Internal error: [client 201.245.192.253:33760] AH01102: error reading status line from remote server 172.22.1.47:80, referer: http://190.27.245.106/forest/usutareas.do?group_system_actual=3&a=0.6952149684075266
[Tue May 26 12:16:21.036162 2015] [proxy_http:error] [pid 7296:tid 1428] (20014)Internal error: [client 201.245.192.253:33785] AH01102: error reading status line from remote server 172.22.1.47:80, referer: http://190.27.245.106/forest/usutareas.do?_a=0.3083417054731399&group_system_actual=3
[Tue May 26 12:16:21.098562 2015] [proxy_http:error] [pid 7296:tid 1428] (20014)Internal error: [client 201.245.192.253:33798] AH01102: error reading status line from remote server 172.22.1.47:80, referer: http://190.27.245.106/forest/usutareas.do?group_system_actual=3&a=0.6952149684075266
[Tue May 26 12:16:21.098562 2015] [proxy:error] [pid 7296:tid 1428] [client 201.245.192.253:33798] AH00898: Error reading from remote server returned by /forest/usutareas.do, referer: http://190.27.245.106/forest/usutareas.do?group_system_actual=3&a=0.6952149684075266
[Tue May 26 12:17:16.821860 2015] [proxy_http:error] [pid 7296:tid 1284] (20014)Internal error: [client 201.245.192.253:34334] AH01102: error reading status line from remote server 172.22.1.47:80, referer: http://190.27.245.106/forest/misactividades.do?_a=0.9409151261096027&group_system_actual=3
[Tue May 26 12:17:16.821860 2015] [proxy:error] [pid 7296:tid 1284] [client 201.245.192.253:34334] AH00898: Error reading from remote server returned by /forest/misactividades.do, referer: http://190.27.245.106/forest/misactividades.do?_a=0.9409151261096027&group_system_actual=3
[Tue May 26 12:17:22.437870 2015] [proxy_http:error] [pid 7296:tid 1284] (20014)Internal error: [client 201.245.192.253:34334] AH01102: error reading status line from remote server 172.22.1.47:80, referer: http://190.27.245.106/forest/index2.jsp?_a=0.5885155329163697
[Tue May 26 12:17:26.259877 2015] [proxy_http:error] [pid 7296:tid 1276] (20014)Internal error: [client 201.245.192.253:34402] AH01102: error reading status line from remote server 172.22.1.47:80, referer: http://190.27.245.106/forest/index2.jsp?_a=0.5885155329163697
[Tue May 26 12:20:54.130242 2015] [proxy_http:error] [pid 7296:tid 1572] (20014)Internal error: [client 201.245.192.253:23601] AH01102: error reading status line from remote server 172.22.1.47:80, referer: http://190.27.245.106/forest/usutareas.do?group_system_actual=3&codTraEsc=18230433&_a=0.3183993377849412
[Tue May 26 12:21:15.954680 2015] [proxy_http:error] [pid 7296:tid 1748] (20014)Internal error: [client 201.245.192.253:23769] AH01102: error reading status line from remote server 172.22.1.47:80, referer: http://190.27.245.106/forest/reportes.do?menu=1&group_system_actual=5
[Tue May 26 12:24:14.231793 2015] [proxy_http:error] [pid 7296:tid 1572] (20014)Internal error: [client 201.245.192.253:25568] AH01102: error reading status line from remote server 172.22.1.47:80
[Tue May 26 12:24:14.231793 2015] [proxy:error] [pid 7296:tid 1572] [client 201.245.192.253:25568] AH00898: Error reading from remote server returned by /forest/skins/gdocs-jar/css/autocomplete.css
[Tue May 26 12:26:17.254610 2015] [proxy_http:error] [pid 7296:tid 1092] (20014)Internal error: [client 201.245.192.253:27143] AH01102: error reading status line from remote server 172.22.1.47:80, referer: http://190.27.245.106/forest/usutareas.do?group_system_actual=3&a=0.1153270339442567
[Tue May 26 12:29:41.661769 2015] [proxy_http:error] [pid 7296:tid 1092] (OS 10054)An existing connection was forcibly closed by the remote host.  : [client 200.93.168.186:57724] AH01102: error reading status line from remote server 172.22.1.31:80, referer: http://190.27.245.106/isolucionsda/DetalleTareas.aspx?Number=54676769576550514549
[Tue May 26 12:29:46.544577 2015] [proxy_http:error] [pid 7296:tid 828] (20014)Internal error: [client 201.245.192.253:29132] AH01102: error reading status line from remote server 172.22.1.47:80, referer: http://190.27.245.106/forest/reportes.do?menu=1&group_system_actual=5
[Tue May 26 12:32:40.516083 2015] [proxy_http:error] [pid 7296:tid 1036] (20014)Internal error: [client 201.245.239.196:16220] AH01102: error reading status line from remote server 172.22.1.47:80, referer: http://190.27.245.106/forest/usutareas.do?group_system_actual=3&a=0.5520798729266971
[Tue May 26 12:33:01.295319 2015] [proxy_http:error] [pid 7296:tid 828] (20014)Internal error: [client 201.245.192.253:30559] AH01102: error reading status line from remote server 172.22.1.47:80
[Tue May 26 12:33:01.295319 2015] [proxy:error] [pid 7296:tid 828] [client 201.245.192.253:30559] AH00898: Error reading from remote server returned by /forest/js/jquery/i18n/grid.locale-en.js
[Tue May 26 12:33:01.622920 2015] [proxy_http:error] [pid 7296:tid 828] (20014)Internal error: [client 201.245.192.253:30566] AH01102: error reading status line from remote server 172.22.1.47:80
[Tue May 26 12:33:01.622920 2015] [proxy:error] [pid 7296:tid 828] [client 201.245.192.253:30566] AH00898: Error reading from remote server returned by /forest/js/jquery/plugins/ui.multiselect.js
[Tue May 26 12:33:04.150124 2015] [proxy_http:error] [pid 7296:tid 1204] (20014)Internal error: [client 201.245.192.253:30589] AH01102: error reading status line from remote server 172.22.1.47:80
[Tue May 26 12:33:04.150124 2015] [proxy:error] [pid 7296:tid 1204] [client 201.245.192.253:30589] AH00898: Error reading from remote server returned by /forest/img/jquery/ui-icons_6da8d5_256x240.png
[Tue May 26 12:46:18.815520 2015] [proxy_http:error] [pid 7296:tid 1492] (20014)Internal error: [client 201.245.192.253:22573] AH01102: error reading status line from remote server 172.22.1.47:80, referer: http://190.27.245.106/forest/suactividades.do?group_system_actual=3&_a=0.9332104489929368
[Tue May 26 12:55:35.440098 2015] [core:warn] [pid 7736:tid 300] AH00098: pid file E:/nuevo/apache/logs/httpd.pid overwritten -- Unclean shutdown of previous Apache run?
[Tue May 26 12:55:35.440098 2015] [auth_digest:notice] [pid 7736:tid 300] AH01757: generating secret for digest authentication ...
[Tue May 26 12:55:35.845698 2015] [mpm_winnt:notice] [pid 7736:tid 300] AH00455: Apache/2.4.10 (Win32) OpenSSL/1.0.1i PHP/5.5.15 configured -- resuming normal operations
[Tue May 26 12:55:35.845698 2015] [mpm_winnt:notice] [pid 7736:tid 300] AH00456: Apache Lounge VC11 Server built: Jul 17 2014 11:50:08
[Tue May 26 12:55:35.845698 2015] [core:notice] [pid 7736:tid 300] AH00094: Command line: 'e:\\nuevo\\apache\\bin\\httpd.exe -d E:/nuevo/apache'
[Tue May 26 12:55:35.845698 2015] [mpm_winnt:notice] [pid 7736:tid 300] AH00418: Parent: Created child process 7472
[Tue May 26 12:55:36.547700 2015] [auth_digest:notice] [pid 7472:tid 312] AH01757: generating secret for digest authentication ...
[Tue May 26 12:55:36.797300 2015] [mpm_winnt:notice] [pid 7472:tid 312] AH00354: Child: Starting 150 worker threads.
[Tue May 26 13:15:57.765645 2015] [proxy_http:error] [pid 7472:tid 1832] (OS 10060)A connection attempt failed because the connected party did not properly respond after a period of time, or established connection failed because connected host has failed to respond.  : [client 201.245.192.253:32232] AH01102: error reading status line from remote server 172.22.1.47:80, referer: http://190.27.245.106/forest/buscar.do?type=documentos
[Tue May 26 13:15:57.765645 2015] [proxy:error] [pid 7472:tid 1832] [client 201.245.192.253:32232] AH00898: Error reading from remote server returned by /forest/buscar.do, referer: http://190.27.245.106/forest/buscar.do?type=documentos
[Tue May 26 13:17:09.478971 2015] [proxy_http:error] [pid 7472:tid 1824] (OS 10054)An existing connection was forcibly closed by the remote host.  : [client 201.245.192.253:26433] AH01102: error reading status line from remote server 172.22.1.31:80, referer: http://190.27.245.106/isolucionsda/FrameSetGeneral.asp?Pagina=Menu.asp&IdModulo=4
[Tue May 26 13:17:09.494571 2015] [proxy:error] [pid 7472:tid 1824] [client 201.245.192.253:26433] AH00898: Error reading from remote server returned by /isolucionsda/Menu.asp, referer: http://190.27.245.106/isolucionsda/FrameSetGeneral.asp?Pagina=Menu.asp&IdModulo=4
[Tue May 26 13:31:47.964314 2015] [proxy_http:error] [pid 7472:tid 1592] (OS 10054)An existing connection was forcibly closed by the remote host.  : [client 201.245.192.253:33427] AH01102: error reading status line from remote server 172.22.1.31:80, referer: http://190.27.245.106/isolucionsda/FrameSetGeneral.asp?Pagina=Menu.asp&IdModulo=4
[Tue May 26 13:31:47.964314 2015] [proxy:error] [pid 7472:tid 1592] [client 201.245.192.253:33427] AH00898: Error reading from remote server returned by /isolucionsda/BarraFavoritos.asp, referer: http://190.27.245.106/isolucionsda/FrameSetGeneral.asp?Pagina=Menu.asp&IdModulo=4
[Tue May 26 13:31:47.964314 2015] [proxy_http:error] [pid 7472:tid 1736] (OS 10054)An existing connection was forcibly closed by the remote host.  : [client 201.245.192.253:33428] AH01102: error reading status line from remote server 172.22.1.31:80, referer: http://190.27.245.106/isolucionsda/FrameSetGeneral.asp?Pagina=Menu.asp&IdModulo=4
[Tue May 26 13:31:47.964314 2015] [proxy:error] [pid 7472:tid 1736] [client 201.245.192.253:33428] AH00898: Error reading from remote server returned by /isolucionsda/Menu.asp, referer: http://190.27.245.106/isolucionsda/FrameSetGeneral.asp?Pagina=Menu.asp&IdModulo=4
[Tue May 26 13:40:51.406868 2015] [proxy_http:error] [pid 7472:tid 1752] (OS 10054)An existing connection was forcibly closed by the remote host.  : [client 201.245.192.253:26821] AH01102: error reading status line from remote server 172.22.1.31:80, referer: http://190.27.245.106/isolucionsda/FrameSetGeneral.asp?Pagina=Menu.asp&IdModulo=4
[Tue May 26 13:40:51.406868 2015] [proxy:error] [pid 7472:tid 1752] [client 201.245.192.253:26821] AH00898: Error reading from remote server returned by /isolucionsda/BarraTitulos.asp, referer: http://190.27.245.106/isolucionsda/FrameSetGeneral.asp?Pagina=Menu.asp&IdModulo=4
[Tue May 26 13:45:39.461374 2015] [proxy_http:error] [pid 7472:tid 1776] (20014)Internal error: [client 190.157.172.223:49625] AH01102: error reading status line from remote server 172.22.1.47:80, referer: http://190.27.245.106/forest/usutareas.do?group_system_actual=3&a=0.7756336505990475
[Tue May 26 13:59:16.825810 2015] [proxy_http:error] [pid 7472:tid 1488] (20014)Internal error: [client 201.245.192.253:23771] AH01102: error reading status line from remote server 172.22.1.47:80, referer: http://190.27.245.106/forest/usutareas.do?group_system_actual=3&a=0.25081075646177786
[Tue May 26 13:59:23.112621 2015] [proxy_http:error] [pid 7472:tid 1728] (20014)Internal error: [client 201.245.192.253:23922] AH01102: error reading status line from remote server 172.22.1.47:80, referer: http://190.27.245.106/forest/usutareas.do?group_system_actual=3&a=0.25081075646177786
[Tue May 26 13:59:23.253021 2015] [proxy_http:error] [pid 7472:tid 1728] (20014)Internal error: [client 201.245.192.253:23954] AH01102: error reading status line from remote server 172.22.1.47:80
[Tue May 26 13:59:23.253021 2015] [proxy:error] [pid 7472:tid 1728] [client 201.245.192.253:23954] AH00898: Error reading from remote server returned by /forest/skins/gdocs-jar/css/menu.css
[Tue May 26 14:12:45.765231 2015] [proxy_http:error] [pid 7472:tid 1808] (OS 10054)An existing connection was forcibly closed by the remote host.  : [client 201.245.192.253:33721] AH01102: error reading status line from remote server 172.22.1.31:80, referer: http://190.27.245.106/isolucionsda/FrameSetGeneral.asp?Pagina=Menu.asp&IdModulo=4
[Tue May 26 14:12:45.765231 2015] [proxy:error] [pid 7472:tid 1808] [client 201.245.192.253:33721] AH00898: Error reading from remote server returned by /isolucionsda/Menu.asp, referer: http://190.27.245.106/isolucionsda/FrameSetGeneral.asp?Pagina=Menu.asp&IdModulo=4
[Tue May 26 14:19:57.496989 2015] [proxy_http:error] [pid 7472:tid 1600] (OS 10054)An existing connection was forcibly closed by the remote host.  : [client 201.245.192.253:27482] AH01102: error reading status line from remote server 172.22.1.31:80, referer: http://www.ambientebogota.gov.co/web/intranet/aplicaciones-para-acceder-fuera-de-la-sda
[Tue May 26 14:26:44.174103 2015] [proxy_http:error] [pid 7472:tid 1800] (20014)Internal error: [client 201.245.192.253:33802] AH01102: error reading status line from remote server 172.22.1.47:80
[Tue May 26 14:26:44.174103 2015] [proxy:error] [pid 7472:tid 1800] [client 201.245.192.253:33802] AH00898: Error reading from remote server returned by /forest/skins/gdocs-jar/js/tareas.js
[Tue May 26 14:27:41.317004 2015] [proxy_http:error] [pid 7472:tid 1856] (20014)Internal error: [client 201.245.192.253:34602] AH01102: error reading status line from remote server 172.22.1.47:80
[Tue May 26 14:27:41.317004 2015] [proxy:error] [pid 7472:tid 1856] [client 201.245.192.253:34602] AH00898: Error reading from remote server returned by /forest/skins/gdocs-jar/img/expandido.gif
[Tue May 26 14:27:41.348204 2015] [proxy_http:error] [pid 7472:tid 1688] (20014)Internal error: [client 201.245.192.253:34574] AH01102: error reading status line from remote server 172.22.1.47:80, referer: http://190.27.245.106/forest/usutareas.do?group_system_actual=3&codAct=914&numPro=3102862&codPro=95&fecTra=2015-05-26%2012:47:10.815&codInst=3145062&codTraEsc=18235925
[Tue May 26 14:28:17.665067 2015] [proxy_http:error] [pid 7472:tid 1656] (20014)Internal error: [client 201.245.192.253:34964] AH01102: error reading status line from remote server 172.22.1.47:80, referer: http://190.27.245.106/forest/js/jquery/css/jquery-ui-1.8.1.custom.css
[Tue May 26 14:28:17.711868 2015] [proxy_http:error] [pid 7472:tid 1656] (20014)Internal error: [client 201.245.192.253:34973] AH01102: error reading status line from remote server 172.22.1.47:80
[Tue May 26 14:28:17.711868 2015] [proxy:error] [pid 7472:tid 1656] [client 201.245.192.253:34973] AH00898: Error reading from remote server returned by /forest/img/jquery/quitarfiltrar.gif
[Tue May 26 14:28:56.524736 2015] [proxy_http:error] [pid 7472:tid 1672] (20014)Internal error: [client 201.245.192.253:22784] AH01102: error reading status line from remote server 172.22.1.47:80, referer: http://190.27.245.106/forest/usutareas.do?group_system_actual=3&codTraEsc=18177824&_a=0.5062347692052346
[Tue May 26 14:29:35.400004 2015] [proxy_http:error] [pid 7472:tid 1568] (20014)Internal error: [client 201.245.192.253:23194] AH01102: error reading status line from remote server 172.22.1.47:80, referer: http://190.27.245.106/forest/usutareas.do?codTraEsc=18235710
[Tue May 26 14:29:35.400004 2015] [proxy:error] [pid 7472:tid 1568] [client 201.245.192.253:23194] AH00898: Error reading from remote server returned by /forest/system/document.jsp, referer: http://190.27.245.106/forest/usutareas.do?codTraEsc=18235710
[Tue May 26 14:30:39.781317 2015] [proxy_http:error] [pid 7472:tid 1560] (20014)Internal error: [client 201.245.192.253:23885] AH01102: error reading status line from remote server 172.22.1.47:80, referer: http://190.27.245.106/forest/index2.jsp?_a=0.7837274286430329
[Tue May 26 14:30:44.976126 2015] [proxy_http:error] [pid 7472:tid 1560] (20014)Internal error: [client 181.61.173.135:50136] AH01102: error reading status line from remote server 172.22.1.47:80, referer: http://190.27.245.106/forest/usutareas.do?group_system_actual=3&codTraEsc=18172577&_a=0.6053034099688079
[Tue May 26 14:30:44.976126 2015] [proxy:error] [pid 7472:tid 1560] [client 181.61.173.135:50136] AH00898: Error reading from remote server returned by /forest/skins/gdocs-jar/popup/popup.jsp, referer: http://190.27.245.106/forest/usutareas.do?group_system_actual=3&codTraEsc=18172577&_a=0.6053034099688079
[Tue May 26 14:30:47.331730 2015] [proxy_http:error] [pid 7472:tid 1736] (20014)Internal error: [client 201.245.192.253:23937] AH01102: error reading status line from remote server 172.22.1.47:80, referer: http://190.27.245.106/forest/reportes.do?menu=1&group_system_actual=5
[Tue May 26 14:33:51.490054 2015] [proxy_http:error] [pid 7472:tid 1840] (20014)Internal error: [client 181.61.173.135:50143] AH01102: error reading status line from remote server 172.22.1.47:80, referer: http://190.27.245.106/forest/usutareas.do?group_system_actual=3&codTraEsc=18172577&_a=0.9321655560057615
[Tue May 26 14:33:51.490054 2015] [proxy:error] [pid 7472:tid 1840] [client 181.61.173.135:50143] AH00898: Error reading from remote server returned by /forest/usudocumentos.do, referer: http://190.27.245.106/forest/usutareas.do?group_system_actual=3&codTraEsc=18172577&_a=0.9321655560057615
[Tue May 26 14:33:58.884467 2015] [proxy_http:error] [pid 7472:tid 1840] (20014)Internal error: [client 181.61.173.135:50143] AH01102: error reading status line from remote server 172.22.1.47:80, referer: http://190.27.245.106/forest/usutareas.do?group_system_actual=3&codTraEsc=18172577&_a=0.9321655560057615
[Tue May 26 14:34:44.467747 2015] [proxy_http:error] [pid 7472:tid 1744] (20014)Internal error: [client 201.245.192.253:25991] AH01102: error reading status line from remote server 172.22.1.47:80, referer: http://190.27.245.106/forest/reportes.do?menu=1&group_system_actual=5
[Tue May 26 14:35:14.029799 2015] [proxy_http:error] [pid 7472:tid 1560] (20014)Internal error: [client 201.245.192.253:26365] AH01102: error reading status line from remote server 172.22.1.47:80, referer: http://190.27.245.106/forest/usutareas.do?_a=0.17835478601045907&group_system_actual=3
[Tue May 26 14:35:14.029799 2015] [proxy:error] [pid 7472:tid 1560] [client 201.245.192.253:26365] AH00898: Error reading from remote server returned by /forest/session.jsp, referer: http://190.27.245.106/forest/usutareas.do?_a=0.17835478601045907&group_system_actual=3
[Tue May 26 14:35:14.029799 2015] [negotiation:error] [pid 7472:tid 1560] [client 201.245.192.253:26365] AH00690: no acceptable variant: E:/nuevo/apache/error/HTTP_BAD_GATEWAY.html.var, referer: http://190.27.245.106/forest/usutareas.do?_a=0.17835478601045907&group_system_actual=3
[Tue May 26 14:37:10.406003 2015] [proxy_http:error] [pid 7472:tid 1672] (20014)Internal error: [client 201.245.192.253:27378] AH01102: error reading status line from remote server 172.22.1.47:80
[Tue May 26 14:37:10.406003 2015] [proxy:error] [pid 7472:tid 1672] [client 201.245.192.253:27378] AH00898: Error reading from remote server returned by /forestReports/webcontent/birt/ajax/core/BirtDndManager.js
[Tue May 26 14:40:03.566307 2015] [mpm_winnt:warn] [pid 7472:tid 3048] (OS 64)The specified network name is no longer available.  : AH00341: winnt_accept: Asynchronous AcceptEx failed.
[Tue May 26 14:40:46.965584 2015] [proxy_http:error] [pid 7472:tid 1760] (OS 10054)An existing connection was forcibly closed by the remote host.  : [client 201.245.192.253:29507] AH01102: error reading status line from remote server 172.22.1.31:80, referer: http://190.27.245.106/isolucionsda/FrameSetGeneral.asp?Pagina=Menu.asp&IdModulo=5
[Tue May 26 14:40:46.965584 2015] [proxy:error] [pid 7472:tid 1760] [client 201.245.192.253:29507] AH00898: Error reading from remote server returned by /isolucionsda/BarraTitulos.asp, referer: http://190.27.245.106/isolucionsda/FrameSetGeneral.asp?Pagina=Menu.asp&IdModulo=5
[Tue May 26 14:41:55.309304 2015] [proxy_http:error] [pid 7472:tid 1504] (20014)Internal error: [client 201.245.192.253:30118] AH01102: error reading status line from remote server 172.22.1.47:80, referer: http://190.27.245.106/forest/usutareas.do?_a=0.6507889988817358&group_system_actual=3
[Tue May 26 14:42:12.734534 2015] [proxy_http:error] [pid 7472:tid 1536] (20014)Internal error: [client 181.61.173.135:50177] AH01102: error reading status line from remote server 172.22.1.47:80, referer: http://190.27.245.106/forest/usudocumentos.do?_a=0.43783489940688014&group_system_actual=3
[Tue May 26 14:42:12.734534 2015] [proxy:error] [pid 7472:tid 1536] [client 181.61.173.135:50177] AH00898: Error reading from remote server returned by /forest/skins/gdocs-jar/popup/escritorio/asociardoc.jsp, referer: http://190.27.245.106/forest/usudocumentos.do?_a=0.43783489940688014&group_system_actual=3
[Tue May 26 14:43:25.399462 2015] [proxy_http:error] [pid 7472:tid 1616] (20014)Internal error: [client 190.84.185.167:49455] AH01102: error reading status line from remote server 172.22.1.47:80, referer: http://190.27.245.106/forest/index2.jsp?a=0.6631151558415995
[Tue May 26 14:43:52.091109 2015] [proxy_http:error] [pid 7472:tid 1816] (OS 10054)An existing connection was forcibly closed by the remote host.  : [client 201.245.192.253:31199] AH01102: error reading status line from remote server 172.22.1.31:80, referer: http://190.27.245.106/isolucionsda/FrameSetGeneral.asp?Pagina=Menu.asp&IdModulo=15
[Tue May 26 14:43:52.091109 2015] [proxy:error] [pid 7472:tid 1816] [client 201.245.192.253:31199] AH00898: Error reading from remote server returned by /isolucionsda/Menu.asp, referer: http://190.27.245.106/isolucionsda/FrameSetGeneral.asp?Pagina=Menu.asp&IdModulo=15
[Tue May 26 14:44:26.099168 2015] [proxy_http:error] [pid 7472:tid 1672] (20014)Internal error: [client 181.55.137.12:49792] AH01102: error reading status line from remote server 172.22.1.47:80, referer: http://190.27.245.106/forest/usudocumentos.do?_a=0.5903430441394448&group_system_actual=3
[Tue May 26 14:44:35.069184 2015] [proxy_http:error] [pid 7472:tid 1616] (20014)Internal error: [client 181.55.137.12:49800] AH01102: error reading status line from remote server 172.22.1.47:80, referer: http://190.27.245.106/forest/misactividades.do?_a=0.5172305435407907&group_system_actual=3
[Tue May 26 14:45:06.581240 2015] [proxy_http:error] [pid 7472:tid 1480] (20014)Internal error: [client 201.245.192.253:31693] AH01102: error reading status line from remote server 172.22.1.47:80, referer: http://190.27.245.106/forest/usutareas.do?group_system_actual=3&a=0.010775501618297212
[Tue May 26 14:45:06.581240 2015] [proxy:error] [pid 7472:tid 1480] [client 201.245.192.253:31693] AH00898: Error reading from remote server returned by /forest/img/spacer.gif, referer: http://190.27.245.106/forest/usutareas.do?group_system_actual=3&a=0.010775501618297212
[Tue May 26 14:45:06.846440 2015] [proxy_http:error] [pid 7472:tid 1688] (20014)Internal error: [client 201.245.192.253:31703] AH01102: error reading status line from remote server 172.22.1.47:80, referer: http://190.27.245.106/forest/usutareas.do?group_system_actual=3&a=0.010775501618297212
[Tue May 26 14:45:06.846440 2015] [proxy_http:error] [pid 7472:tid 1688] (20014)Internal error: [client 201.245.192.253:31708] AH01102: error reading status line from remote server 172.22.1.47:80
[Tue May 26 14:45:06.846440 2015] [proxy:error] [pid 7472:tid 1688] [client 201.245.192.253:31708] AH00898: Error reading from remote server returned by /forest/img/buscar_procesos.gif
[Tue May 26 14:45:09.280044 2015] [proxy_http:error] [pid 7472:tid 1848] (20014)Internal error: [client 201.245.192.253:31726] AH01102: error reading status line from remote server 172.22.1.47:80, referer: http://190.27.245.106/forest/reportes.do?menu=1&group_system_actual=5
[Tue May 26 14:45:09.280044 2015] [proxy:error] [pid 7472:tid 1848] [client 201.245.192.253:31726] AH00898: Error reading from remote server returned by /forest/session.jsp, referer: http://190.27.245.106/forest/reportes.do?menu=1&group_system_actual=5
[Tue May 26 14:45:09.280044 2015] [negotiation:error] [pid 7472:tid 1848] [client 201.245.192.253:31726] AH00690: no acceptable variant: E:/nuevo/apache/error/HTTP_BAD_GATEWAY.html.var, referer: http://190.27.245.106/forest/reportes.do?menu=1&group_system_actual=5
[Tue May 26 14:47:33.082097 2015] [proxy_http:error] [pid 7472:tid 1528] (20014)Internal error: [client 201.245.192.253:33361] AH01102: error reading status line from remote server 172.22.1.47:80
[Tue May 26 14:47:33.082097 2015] [proxy:error] [pid 7472:tid 1528] [client 201.245.192.253:33361] AH00898: Error reading from remote server returned by /forest/skins/gdocs-jar/img/prev.gif
[Tue May 26 14:47:36.389303 2015] [proxy_http:error] [pid 7472:tid 1496] (20014)Internal error: [client 181.61.173.135:50209] AH01102: error reading status line from remote server 172.22.1.47:80, referer: http://190.27.245.106/forest/misactividades.do?_a=0.04981498490087688&group_system_actual=3
[Tue May 26 14:47:36.389303 2015] [proxy:error] [pid 7472:tid 1496] [client 181.61.173.135:50209] AH00898: Error reading from remote server returned by /forest/usutareas.do, referer: http://190.27.245.106/forest/misactividades.do?_a=0.04981498490087688&group_system_actual=3
[Tue May 26 14:48:48.087029 2015] [proxy_http:error] [pid 7472:tid 1584] (20014)Internal error: [client 181.55.137.12:49821] AH01102: error reading status line from remote server 172.22.1.47:80, referer: http://190.27.245.106/forest/index2.jsp?_a=0.15148922055959702
[Tue May 26 14:48:50.863834 2015] [proxy_http:error] [pid 7472:tid 1584] (20014)Internal error: [client 181.55.137.12:49822] AH01102: error reading status line from remote server 172.22.1.47:80, referer: http://190.27.245.106/forest/index2.jsp?_a=0.15148922055959702
[Tue May 26 14:49:24.840693 2015] [proxy_http:error] [pid 7472:tid 1704] (20014)Internal error: [client 201.245.192.253:34575] AH01102: error reading status line from remote server 172.22.1.47:80, referer: http://190.27.245.106/forest/usutareas.do?_a=0.14453623560257256&group_system_actual=3
[Tue May 26 14:50:40.578826 2015] [proxy_http:error] [pid 7472:tid 1568] (20014)Internal error: [client 201.245.192.253:22618] AH01102: error reading status line from remote server 172.22.1.47:80, referer: http://190.27.245.106/forest/usutareas.do?group_system_actual=3&codTraEsc=18193185&_a=0.40469931644924806
[Tue May 26 14:50:40.625626 2015] [proxy_http:error] [pid 7472:tid 1784] (20014)Internal error: [client 201.245.192.253:22870] AH01102: error reading status line from remote server 172.22.1.47:80, referer: http://190.27.245.106/forest/usutareas.do?group_system_actual=3&codTraEsc=18193185&_a=0.40469931644924806
[Tue May 26 14:51:18.533693 2015] [proxy_http:error] [pid 7472:tid 1824] (20014)Internal error: [client 201.245.192.253:23319] AH01102: error reading status line from remote server 172.22.1.47:80, referer: http://190.27.245.106/forest/usutareas.do?group_system_actual=3&codTraEsc=18193185&_a=0.40469931644924806
[Tue May 26 14:51:18.580493 2015] [proxy_http:error] [pid 7472:tid 1600] (20014)Internal error: [client 201.245.192.253:23321] AH01102: error reading status line from remote server 172.22.1.47:80, referer: http://190.27.245.106/forest/usutareas.do?group_system_actual=3&codTraEsc=18193185&_a=0.40469931644924806
[Tue May 26 14:52:10.809385 2015] [proxy_http:error] [pid 7472:tid 1520] (OS 10054)An existing connection was forcibly closed by the remote host.  : [client 201.245.192.253:23909] AH01102: error reading status line from remote server 172.22.1.31:80, referer: http://190.27.245.106/isolucionsda/FrameSetGeneral.asp?Pagina=Menu.asp&IdModulo=15
[Tue May 26 14:52:10.809385 2015] [proxy:error] [pid 7472:tid 1520] [client 201.245.192.253:23909] AH00898: Error reading from remote server returned by /isolucionsda/BarraFavoritos.asp, referer: http://190.27.245.106/isolucionsda/FrameSetGeneral.asp?Pagina=Menu.asp&IdModulo=15
[Tue May 26 14:53:36.313135 2015] [proxy_http:error] [pid 7472:tid 1592] (20014)Internal error: [client 201.245.192.253:24839] AH01102: error reading status line from remote server 172.22.1.47:80
[Tue May 26 14:53:36.313135 2015] [proxy:error] [pid 7472:tid 1592] [client 201.245.192.253:24839] AH00898: Error reading from remote server returned by /forest/img/panel/view_icon.gif
[Tue May 26 14:56:15.948215 2015] [proxy_http:error] [pid 7472:tid 1512] (20014)Internal error: [client 190.157.172.223:50133] AH01102: error reading status line from remote server 172.22.1.47:80, referer: http://190.27.245.106/forest/usutareas.do?group_system_actual=3&a=0.9888430561404675
[Tue May 26 14:57:03.325498 2015] [proxy_http:error] [pid 7472:tid 1744] (20014)Internal error: [client 172.22.2.1:34879] AH01102: error reading status line from remote server 172.22.1.47:80, referer: http://190.27.245.106/forest/frameset?
[Tue May 26 14:57:03.325498 2015] [proxy_http:error] [pid 7472:tid 1568] (20014)Internal error: [client 172.22.2.1:34877] AH01102: error reading status line from remote server 172.22.1.47:80, referer: http://190.27.245.106/forest/frameset?
[Tue May 26 14:58:37.627664 2015] [proxy_http:error] [pid 7472:tid 1744] (20014)Internal error: [client 201.245.192.253:27380] AH01102: error reading status line from remote server 172.22.1.47:80, referer: http://190.27.245.106/forest/reportes.do?menu=1&group_system_actual=5
[Tue May 26 15:01:26.466761 2015] [proxy_http:error] [pid 7472:tid 1496] (20014)Internal error: [client 201.245.192.253:28555] AH01102: error reading status line from remote server 172.22.1.47:80
[Tue May 26 15:01:26.466761 2015] [proxy:error] [pid 7472:tid 1496] [client 201.245.192.253:28555] AH00898: Error reading from remote server returned by /forest/img/historial.gif
[Tue May 26 15:02:17.806451 2015] [proxy_http:error] [pid 7472:tid 1672] (20014)Internal error: [client 172.22.2.1:34973] AH01102: error reading status line from remote server 172.22.1.47:80, referer: http://190.27.245.106/forest/buscar.do?type=documentos
[Tue May 26 15:04:24.619074 2015] [proxy_http:error] [pid 7472:tid 1848] (20014)Internal error: [client 201.245.192.253:29715] AH01102: error reading status line from remote server 172.22.1.47:80, referer: http://190.27.245.106/forest/usutareas.do?group_system_actual=3&codAct=3218&numPro=2986145&codPro=235&fecTra=2015-05-26%2009:31:22.0&codInst=3022352&codTraEsc=18231742
[Tue May 26 15:05:31.808392 2015] [proxy_http:error] [pid 7472:tid 1488] (20014)Internal error: [client 201.245.192.253:30288] AH01102: error reading status line from remote server 172.22.1.47:80, referer: http://190.27.245.106/forest/usutareas.do?group_system_actual=3&a=0.256185389499727
[Tue May 26 15:05:41.761209 2015] [proxy_http:error] [pid 7472:tid 1768] (20014)Internal error: [client 201.245.192.253:30372] AH01102: error reading status line from remote server 172.22.1.47:80, referer: http://190.27.245.106/forest/usutareas.do?group_system_actual=3&a=0.0018702794332057238
[Tue May 26 15:05:41.761209 2015] [proxy:error] [pid 7472:tid 1768] [client 201.245.192.253:30372] AH00898: Error reading from remote server returned by /forest/session.jsp, referer: http://190.27.245.106/forest/usutareas.do?group_system_actual=3&a=0.0018702794332057238
[Tue May 26 15:05:41.761209 2015] [negotiation:error] [pid 7472:tid 1768] [client 201.245.192.253:30372] AH00690: no acceptable variant: E:/nuevo/apache/error/HTTP_BAD_GATEWAY.html.var, referer: http://190.27.245.106/forest/usutareas.do?group_system_actual=3&a=0.0018702794332057238
[Tue May 26 15:06:02.228445 2015] [proxy_http:error] [pid 7472:tid 1776] (20014)Internal error: [client 201.245.192.253:30519] AH01102: error reading status line from remote server 172.22.1.47:80, referer: http://190.27.245.106/forest/usutareas.do?group_system_actual=3&a=0.0018702794332057238
[Tue May 26 15:06:36.673306 2015] [proxy_http:error] [pid 7472:tid 1672] (20014)Internal error: [client 201.245.192.253:30872] AH01102: error reading status line from remote server 172.22.1.47:80, referer: http://190.27.245.106/forest/usutareas.do?group_system_actual=3&a=0.11903838367121133
[Tue May 26 15:06:46.906923 2015] [proxy_http:error] [pid 7472:tid 1528] (20014)Internal error: [client 201.245.192.253:56623] AH01102: error reading status line from remote server 172.22.1.47:80, referer: http://190.27.245.106/forest/index2.jsp?a=0.5274534284679199
[Tue May 26 15:06:47.109724 2015] [proxy_http:error] [pid 7472:tid 1584] (20014)Internal error: [client 201.245.192.253:56625] AH01102: error reading status line from remote server 172.22.1.47:80, referer: http://190.27.245.106/forest/index2.jsp?a=0.5274534284679199
[Tue May 26 15:06:59.652146 2015] [proxy_http:error] [pid 7472:tid 1680] (20014)Internal error: [client 201.245.192.253:31007] AH01102: error reading status line from remote server 172.22.1.47:80, referer: http://190.27.245.106/forest/usutareas.do?group_system_actual=3&a=0.6291770790703595
[Tue May 26 15:07:11.242966 2015] [proxy_http:error] [pid 7472:tid 1688] (20014)Internal error: [client 201.245.192.253:56960] AH01102: error reading status line from remote server 172.22.1.47:80, referer: http://190.27.245.106/forest/reportes.do?menu=1&group_system_actual=5
[Tue May 26 15:07:23.691788 2015] [proxy_http:error] [pid 7472:tid 1768] (OS 10054)An existing connection was forcibly closed by the remote host.  : [client 201.245.192.253:31186] AH01102: error reading status line from remote server 172.22.1.31:80, referer: http://190.27.245.106/isolucionsda/FrameSetGeneral.asp?Pagina=BancoConocimiento/M/MECINuevo/MECINuevo.asp&IdModulo=16
[Tue May 26 15:10:14.481888 2015] [proxy_http:error] [pid 7472:tid 1688] (20014)Internal error: [client 201.245.192.253:32670] AH01102: error reading status line from remote server 172.22.1.47:80
[Tue May 26 15:10:14.481888 2015] [proxy:error] [pid 7472:tid 1688] [client 201.245.192.253:32670] AH00898: Error reading from remote server returned by /forest/img/instanciar.gif
[Tue May 26 15:10:20.409899 2015] [proxy_http:error] [pid 7472:tid 1536] (20014)Internal error: [client 201.245.192.253:59862] AH01102: error reading status line from remote server 172.22.1.47:80, referer: http://190.27.245.106/forest/misactividades.do?group_system_actual=3&codPro=134&_a=0.621693438195875
[Tue May 26 15:11:32.435225 2015] [proxy_http:error] [pid 7472:tid 1528] (20014)Internal error: [client 201.245.192.253:49137] AH01102: error reading status line from remote server 172.22.1.47:80, referer: http://190.27.245.106/forest/usutareas.do?group_system_actual=3&codTraEsc=18183827&_a=0.14562704746751776
[Tue May 26 15:11:32.591225 2015] [proxy_http:error] [pid 7472:tid 1528] (20014)Internal error: [client 201.245.192.253:49148] AH01102: error reading status line from remote server 172.22.1.47:80, referer: http://190.27.245.106/forest/login.do
[Tue May 26 15:14:21.211921 2015] [proxy_http:error] [pid 7472:tid 1528] (20014)Internal error: [client 201.245.192.253:23294] AH01102: error reading status line from remote server 172.22.1.47:80
