[Tue May 26 15:14:21.211921 2015] [proxy:error] [pid 7472:tid 1528] [client 201.245.192.253:23294] AH00898: Error reading from remote server returned by /forest/1ibre/jscalendar/img.gif
[Tue May 26 15:15:26.388836 2015] [proxy_http:error] [pid 7472:tid 1688] (20014)Internal error: [client 201.245.192.253:23911] AH01102: error reading status line from remote server 172.22.1.47:80
[Tue May 26 15:15:26.388836 2015] [proxy:error] [pid 7472:tid 1688] [client 201.245.192.253:23911] AH00898: Error reading from remote server returned by /forest/skins/gdocs-jar/js/swfobject.js
[Tue May 26 15:17:03.873407 2015] [proxy_http:error] [pid 7472:tid 1688] (20014)Internal error: [client 201.245.192.253:24622] AH01102: error reading status line from remote server 172.22.1.47:80, referer: http://190.27.245.106/forest/usutareas.do?group_system_actual=3&a=0.6924313977360725
[Tue May 26 15:17:03.873407 2015] [proxy:error] [pid 7472:tid 1688] [client 201.245.192.253:24622] AH00898: Error reading from remote server returned by /forest/usutareas.do, referer: http://190.27.245.106/forest/usutareas.do?group_system_actual=3&a=0.6924313977360725
[Tue May 26 15:18:40.359577 2015] [proxy_http:error] [pid 7472:tid 1776] (20014)Internal error: [client 201.245.192.253:25330] AH01102: error reading status line from remote server 172.22.1.47:80, referer: http://190.27.245.106/forest/suactividades.do?_a=0.6705613258892047&group_system_actual=3
[Tue May 26 15:19:16.676440 2015] [proxy_http:error] [pid 7472:tid 1800] (20014)Internal error: [client 201.245.192.253:25658] AH01102: error reading status line from remote server 172.22.1.47:80
[Tue May 26 15:19:16.676440 2015] [proxy:error] [pid 7472:tid 1800] [client 201.245.192.253:25658] AH00898: Error reading from remote server returned by /forest/js/jquery/plugins/jquery.tablednd.js
[Tue May 26 15:19:57.532912 2015] [proxy_http:error] [pid 7472:tid 1848] (20014)Internal error: [client 201.245.192.253:25966] AH01102: error reading status line from remote server 172.22.1.47:80, referer: http://190.27.245.106/forest/reportes.do?menu=1&group_system_actual=5
[Tue May 26 15:19:57.532912 2015] [proxy:error] [pid 7472:tid 1848] [client 201.245.192.253:25966] AH00898: Error reading from remote server returned by /forest/session.jsp, referer: http://190.27.245.106/forest/reportes.do?menu=1&group_system_actual=5
[Tue May 26 15:19:57.532912 2015] [negotiation:error] [pid 7472:tid 1848] [client 201.245.192.253:25966] AH00690: no acceptable variant: E:/nuevo/apache/error/HTTP_BAD_GATEWAY.html.var, referer: http://190.27.245.106/forest/reportes.do?menu=1&group_system_actual=5
[Tue May 26 15:21:13.224245 2015] [proxy_http:error] [pid 7472:tid 1736] (20014)Internal error: [client 172.22.2.1:35070] AH01102: error reading status line from remote server 172.22.1.47:80, referer: http://190.27.245.106/forest/login.do
[Tue May 26 15:21:13.224245 2015] [proxy:error] [pid 7472:tid 1736] [client 172.22.2.1:35070] AH00898: Error reading from remote server returned by /forest/index2.jsp, referer: http://190.27.245.106/forest/login.do
[Tue May 26 15:21:17.233452 2015] [proxy_http:error] [pid 7472:tid 1544] (20014)Internal error: [client 172.22.2.1:35073] AH01102: error reading status line from remote server 172.22.1.47:80, referer: http://190.27.245.106/forest/index2.jsp?a=0.7558370369794101
[Tue May 26 15:21:17.233452 2015] [proxy:error] [pid 7472:tid 1544] [client 172.22.2.1:35073] AH00898: Error reading from remote server returned by /forest/skins/gdocs-jar/css/autocomplete.css, referer: http://190.27.245.106/forest/index2.jsp?a=0.7558370369794101
[Tue May 26 15:21:17.249052 2015] [proxy_http:error] [pid 7472:tid 1592] (20014)Internal error: [client 172.22.2.1:35071] AH01102: error reading status line from remote server 172.22.1.47:80, referer: http://190.27.245.106/forest/index2.jsp?a=0.7558370369794101
[Tue May 26 15:21:17.249052 2015] [proxy_http:error] [pid 7472:tid 1736] (20014)Internal error: [client 172.22.2.1:35070] AH01102: error reading status line from remote server 172.22.1.47:80, referer: http://190.27.245.106/forest/index2.jsp?a=0.7558370369794101
[Tue May 26 15:21:17.295852 2015] [proxy_http:error] [pid 7472:tid 1544] (20014)Internal error: [client 172.22.2.1:35073] AH01102: error reading status line from remote server 172.22.1.47:80, referer: http://190.27.245.106/forest/index2.jsp?a=0.7558370369794101
[Tue May 26 15:21:20.868259 2015] [proxy_http:error] [pid 7472:tid 1544] (20014)Internal error: [client 172.22.2.1:35075] AH01102: error reading status line from remote server 172.22.1.47:80, referer: http://190.27.245.106/forest/radicacion.do?codMod=11&group_system_actual=4&_a=0.6893052260694361
[Tue May 26 15:21:52.551914 2015] [proxy_http:error] [pid 7472:tid 1776] (20014)Internal error: [client 201.245.192.253:26711] AH01102: error reading status line from remote server 172.22.1.47:80, referer: http://190.27.245.106/forest/usutareas.do?group_system_actual=3&codAct=916&numPro=3108309&codPro=95&fecTra=2015-05-25%2015:54:13.0&codInst=3150639&codTraEsc=18226535
[Tue May 26 15:22:14.672753 2015] [proxy_http:error] [pid 7472:tid 1624] (20014)Internal error: [client 201.245.192.253:26156] AH01102: error reading status line from remote server 172.22.1.47:80, referer: http://190.27.245.106/forest/misactividades.do?_a=0.7959206234663725&group_system_actual=3
[Tue May 26 15:22:29.695579 2015] [proxy_http:error] [pid 7472:tid 1624] (20014)Internal error: [client 201.245.192.253:26858] AH01102: error reading status line from remote server 172.22.1.47:80, referer: http://190.27.245.106/forest/usutareas.do?_a=0.23119883588515222&group_system_actual=3
[Tue May 26 15:24:39.409807 2015] [proxy_http:error] [pid 7472:tid 1664] (OS 10054)An existing connection was forcibly closed by the remote host.  : [client 201.245.192.253:27570] AH01102: error reading status line from remote server 172.22.1.31:80, referer: http://www.ambientebogota.gov.co/web/intranet/aplicaciones-para-acceder-fuera-de-la-sda
[Tue May 26 15:24:40.985410 2015] [proxy_http:error] [pid 7472:tid 1664] (20014)Internal error: [client 201.245.192.253:27587] AH01102: error reading status line from remote server 172.22.1.47:80, referer: http://190.27.245.106/forest/usutareas.do?group_system_actual=3&codTraEsc=18135325&_a=0.10013800269834927
[Tue May 26 15:24:40.985410 2015] [proxy:error] [pid 7472:tid 1664] [client 201.245.192.253:27587] AH00898: Error reading from remote server returned by /forest/session.jsp, referer: http://190.27.245.106/forest/usutareas.do?group_system_actual=3&codTraEsc=18135325&_a=0.10013800269834927
[Tue May 26 15:24:40.985410 2015] [negotiation:error] [pid 7472:tid 1664] [client 201.245.192.253:27587] AH00690: no acceptable variant: E:/nuevo/apache/error/HTTP_BAD_GATEWAY.html.var, referer: http://190.27.245.106/forest/usutareas.do?group_system_actual=3&codTraEsc=18135325&_a=0.10013800269834927
[Tue May 26 15:25:23.214684 2015] [proxy_http:error] [pid 7472:tid 1824] (OS 10054)An existing connection was forcibly closed by the remote host.  : [client 201.245.192.253:27878] AH01102: error reading status line from remote server 172.22.1.31:80, referer: http://190.27.245.106/isolucionsda/FrameSetGeneral.asp?Pagina1=FrameSetGeneral.asp&
[Tue May 26 15:26:19.031582 2015] [proxy_http:error] [pid 7472:tid 1496] (20014)Internal error: [client 201.245.192.253:53988] AH01102: error reading status line from remote server 172.22.1.47:80
[Tue May 26 15:38:47.770497 2015] [proxy_http:error] [pid 7472:tid 1488] (20014)Internal error: [client 201.245.192.253:25039] AH01102: error reading status line from remote server 172.22.1.47:80
[Tue May 26 15:38:47.770497 2015] [proxy:error] [pid 7472:tid 1488] [client 201.245.192.253:25039] AH00898: Error reading from remote server returned by /forestReports/webcontent/birt/ajax/utility/Debug.js
[Tue May 26 15:38:47.832897 2015] [proxy_http:error] [pid 7472:tid 1584] (20014)Internal error: [client 201.245.192.253:25049] AH01102: error reading status line from remote server 172.22.1.47:80
[Tue May 26 15:38:47.832897 2015] [proxy:error] [pid 7472:tid 1584] [client 201.245.192.253:25049] AH00898: Error reading from remote server returned by /forestReports/webcontent/birt/ajax/core/BirtEvent.js
[Tue May 26 15:43:03.190746 2015] [proxy_http:error] [pid 7472:tid 1688] (20014)Internal error: [client 201.245.192.253:27022] AH01102: error reading status line from remote server 172.22.1.47:80, referer: http://190.27.245.106/forest/usutareas.do?group_system_actual=3&codAct=916&numPro=2874518&codPro=95&fecTra=2015-05-22%2018:53:44.0&codInst=2901470&codTraEsc=18213680
[Tue May 26 15:50:27.011526 2015] [proxy_http:error] [pid 7472:tid 1864] (20014)Internal error: [client 201.245.192.253:30505] AH01102: error reading status line from remote server 172.22.1.47:80, referer: http://190.27.245.106/forest/usutareas.do?group_system_actual=3&codAct=916&numPro=2874518&codPro=95&fecTra=2015-05-22%2018:53:44.0&codInst=2901470&codTraEsc=18213680
[Tue May 26 15:51:20.753620 2015] [proxy_http:error] [pid 7472:tid 1536] (20014)Internal error: [client 186.84.130.177:54049] AH01102: error reading status line from remote server 172.22.1.47:80, referer: http://190.27.245.106/forest/
[Tue May 26 15:51:20.816020 2015] [proxy_http:error] [pid 7472:tid 1728] (20014)Internal error: [client 186.84.130.177:54052] AH01102: error reading status line from remote server 172.22.1.47:80, referer: http://190.27.245.106/forest/
[Tue May 26 15:54:03.477506 2015] [proxy_http:error] [pid 7472:tid 1752] (20014)Internal error: [client 190.157.172.223:50672] AH01102: error reading status line from remote server 172.22.1.47:80, referer: http://190.27.245.106/forest/buscar.do
[Tue May 26 15:56:26.904158 2015] [proxy_http:error] [pid 7472:tid 1720] (20014)Internal error: [client 201.245.192.253:34282] AH01102: error reading status line from remote server 172.22.1.47:80, referer: http://190.27.245.106/forest/system/process.jsp?numPro=317378
[Tue May 26 15:56:57.729812 2015] [proxy_http:error] [pid 7472:tid 1504] (20014)Internal error: [client 201.245.192.253:34500] AH01102: error reading status line from remote server 172.22.1.47:80
[Tue May 26 15:56:57.729812 2015] [proxy:error] [pid 7472:tid 1504] [client 201.245.192.253:34500] AH00898: Error reading from remote server returned by /forest/img/icons/pdf.gif
[Tue May 26 16:02:09.059559 2015] [proxy_http:error] [pid 7472:tid 1576] (20014)Internal error: [client 201.245.192.253:23604] AH01102: error reading status line from remote server 172.22.1.47:80, referer: http://190.27.245.106/forest/usutareas.do?group_system_actual=3&codTraEsc=17627335&_a=0.0661914752647399
[Tue May 26 16:02:44.487221 2015] [proxy_http:error] [pid 7472:tid 1600] (20014)Internal error: [client 201.245.192.253:23861] AH01102: error reading status line from remote server 172.22.1.47:80, referer: http://190.27.245.106/forest/reportes.do?menu=1&group_system_actual=5
[Tue May 26 16:02:50.306031 2015] [proxy_http:error] [pid 7472:tid 1440] (20014)Internal error: [client 201.245.192.253:23864] AH01102: error reading status line from remote server 172.22.1.47:80, referer: http://190.27.245.106/forest/index2.jsp?a=0.23442630015910837
[Tue May 26 16:03:14.642074 2015] [proxy_http:error] [pid 7472:tid 1792] (20014)Internal error: [client 201.245.192.253:24033] AH01102: error reading status line from remote server 172.22.1.47:80, referer: http://190.27.245.106/forest/buscar.do?type=documentos
[Tue May 26 16:05:13.078482 2015] [proxy_http:error] [pid 7472:tid 1608] (20014)Internal error: [client 201.245.192.253:25225] AH01102: error reading status line from remote server 172.22.1.47:80, referer: http://190.27.245.106/forest/system/process.jsp?numPro=326443
[Tue May 26 16:08:18.500408 2015] [proxy_http:error] [pid 7472:tid 1600] (20014)Internal error: [client 201.245.192.253:27603] AH01102: error reading status line from remote server 172.22.1.47:80
[Tue May 26 16:08:18.500408 2015] [proxy:error] [pid 7472:tid 1600] [client 201.245.192.253:27603] AH00898: Error reading from remote server returned by /forest/img/users/5.gif
[Tue May 26 16:08:18.562808 2015] [proxy_http:error] [pid 7472:tid 1808] (20014)Internal error: [client 201.245.192.253:27613] AH01102: error reading status line from remote server 172.22.1.47:80
[Tue May 26 16:08:18.562808 2015] [proxy:error] [pid 7472:tid 1808] [client 201.245.192.253:27613] AH00898: Error reading from remote server returned by /forest/img/ayuda.gif
[Tue May 26 16:08:18.578408 2015] [proxy_http:error] [pid 7472:tid 1552] (20014)Internal error: [client 201.245.192.253:27617] AH01102: error reading status line from remote server 172.22.1.47:80
[Tue May 26 16:08:18.578408 2015] [proxy:error] [pid 7472:tid 1552] [client 201.245.192.253:27617] AH00898: Error reading from remote server returned by /forest/skins/gdocs-jar/img/icons/docx.gif
[Tue May 26 16:08:18.594008 2015] [proxy_http:error] [pid 7472:tid 1808] (20014)Internal error: [client 201.245.192.253:27621] AH01102: error reading status line from remote server 172.22.1.47:80
[Tue May 26 16:08:18.594008 2015] [proxy:error] [pid 7472:tid 1808] [client 201.245.192.253:27621] AH00898: Error reading from remote server returned by /forest/img/panel/menu/danger2.png
[Tue May 26 16:08:20.325611 2015] [proxy_http:error] [pid 7472:tid 1456] (20014)Internal error: [client 201.245.192.253:27635] AH01102: error reading status line from remote server 172.22.1.47:80, referer: http://190.27.245.106/forest/index2.jsp?a=0.19198626504707594
[Tue May 26 16:08:20.559611 2015] [proxy_http:error] [pid 7472:tid 1800] (20014)Internal error: [client 201.245.192.253:27650] AH01102: error reading status line from remote server 172.22.1.47:80
[Tue May 26 16:08:20.559611 2015] [proxy:error] [pid 7472:tid 1800] [client 201.245.192.253:27650] AH00898: Error reading from remote server returned by /forest/img/inicio/5.gif
[Tue May 26 16:08:59.060479 2015] [proxy_http:error] [pid 7472:tid 1752] (20014)Internal error: [client 190.84.185.167:49650] AH01102: error reading status line from remote server 172.22.1.47:80, referer: http://190.27.245.106/forest/misactividades.do?group_system_actual=3&codPro=233&_a=0.631002380085975
[Tue May 26 16:08:59.060479 2015] [proxy:error] [pid 7472:tid 1752] [client 190.84.185.167:49650] AH00898: Error reading from remote server returned by /forest/session.jsp, referer: http://190.27.245.106/forest/misactividades.do?group_system_actual=3&codPro=233&_a=0.631002380085975
[Tue May 26 16:08:59.060479 2015] [negotiation:error] [pid 7472:tid 1752] [client 190.84.185.167:49650] AH00690: no acceptable variant: E:/nuevo/apache/error/HTTP_BAD_GATEWAY.html.var, referer: http://190.27.245.106/forest/misactividades.do?group_system_actual=3&codPro=233&_a=0.631002380085975
[Tue May 26 16:10:16.436615 2015] [proxy_http:error] [pid 7472:tid 1688] (20014)Internal error: [client 201.245.192.253:51973] AH01102: error reading status line from remote server 172.22.1.47:80, referer: http://190.27.245.106/forest/reportes.do?menu=1&group_system_actual=5
[Tue May 26 16:10:16.436615 2015] [proxy:error] [pid 7472:tid 1688] [client 201.245.192.253:51973] AH00898: Error reading from remote server returned by /forest/css/index.css, referer: http://190.27.245.106/forest/reportes.do?menu=1&group_system_actual=5
[Tue May 26 16:12:29.411248 2015] [proxy_http:error] [pid 7472:tid 1528] (20014)Internal error: [client 201.245.239.196:20897] AH01102: error reading status line from remote server 172.22.1.47:80, referer: http://190.27.245.106/forest/index2.jsp?_a=0.11509163049049675
[Tue May 26 16:12:36.025660 2015] [proxy_http:error] [pid 7472:tid 1800] (20014)Internal error: [client 201.245.239.196:20899] AH01102: error reading status line from remote server 172.22.1.47:80, referer: http://190.27.245.106/forest/index2.jsp?_a=0.11509163049049675
[Tue May 26 16:12:38.100464 2015] [proxy_http:error] [pid 7472:tid 1512] (20014)Internal error: [client 201.245.239.196:20892] AH01102: error reading status line from remote server 172.22.1.47:80, referer: http://190.27.245.106/forest/index2.jsp?_a=0.11509163049049675
[Tue May 26 16:15:37.407179 2015] [proxy_http:error] [pid 7472:tid 1472] (20014)Internal error: [client 201.245.192.253:32231] AH01102: error reading status line from remote server 172.22.1.47:80, referer: http://190.27.245.106/forest/usutareas.do?_a=0.6469255428686105&group_system_actual=3
[Tue May 26 16:19:17.242765 2015] [proxy_http:error] [pid 7472:tid 1640] (20014)Internal error: [client 201.245.192.253:33695] AH01102: error reading status line from remote server 172.22.1.47:80, referer: http://190.27.245.106/forest/skins/gdocs-jar/popup/showformtocrudtwo.jsp?codForm=solicitar_correccion&numPro=2874518&codInst=2901470&codTraEsc=18213680&schema=&table=&column=
[Tue May 26 16:19:18.178766 2015] [proxy_http:error] [pid 7472:tid 1640] (20014)Internal error: [client 201.245.192.253:33699] AH01102: error reading status line from remote server 172.22.1.47:80, referer: http://190.27.245.106/forest/usutareas.do?group_system_actual=3&a=0.5078258239664137
[Tue May 26 16:19:26.977182 2015] [proxy_http:error] [pid 7472:tid 1672] (20014)Internal error: [client 201.245.192.253:33389] AH01102: error reading status line from remote server 172.22.1.47:80, referer: http://190.27.245.106/forest/usutareas.do?group_system_actual=3&a=0.5078258239664137
[Tue May 26 16:19:46.960817 2015] [proxy_http:error] [pid 7472:tid 1704] (20014)Internal error: [client 201.245.192.253:33816] AH01102: error reading status line from remote server 172.22.1.47:80, referer: http://190.27.245.106/forest/usutareas.do?group_system_actual=3&a=0.9242997218389064
[Tue May 26 16:20:09.783657 2015] [proxy_http:error] [pid 7472:tid 1616] (20014)Internal error: [client 201.245.192.253:34003] AH01102: error reading status line from remote server 172.22.1.47:80, referer: http://190.27.245.106/forest/usutareas.do?group_system_actual=3&a=0.752452211920172
[Tue May 26 16:20:30.469293 2015] [proxy_http:error] [pid 7472:tid 1784] (20014)Internal error: [client 201.245.192.253:34206] AH01102: error reading status line from remote server 172.22.1.47:80
[Tue May 26 16:20:30.469293 2015] [proxy:error] [pid 7472:tid 1784] [client 201.245.192.253:34206] AH00898: Error reading from remote server returned by /forest/js/jquery/jquery-ui-latest.js
[Tue May 26 16:20:58.471342 2015] [proxy_http:error] [pid 7472:tid 1544] (20014)Internal error: [client 201.245.192.253:34500] AH01102: error reading status line from remote server 172.22.1.47:80
[Tue May 26 16:20:58.471342 2015] [proxy:error] [pid 7472:tid 1544] [client 201.245.192.253:34500] AH00898: Error reading from remote server returned by /forest/img/jquery/ui-bg_glass_85_dfeffc_1x400.png
[Tue May 26 16:25:51.923458 2015] [proxy_http:error] [pid 7472:tid 1488] (20014)Internal error: [client 201.245.192.253:25388] AH01102: error reading status line from remote server 172.22.1.47:80, referer: http://190.27.245.106/forest/reportes.do?menu=1&group_system_actual=5}
[Tue May 26 16:25:51.954658 2015] [proxy_http:error] [pid 7472:tid 1656] (20014)Internal error: [client 201.245.192.253:25406] AH01102: error reading status line from remote server 172.22.1.47:80
[Tue May 26 16:25:51.954658 2015] [proxy:error] [pid 7472:tid 1656] [client 201.245.192.253:25406] AH00898: Error reading from remote server returned by /forest/img/inicio/3.gif
[Tue May 26 16:25:52.485059 2015] [proxy_http:error] [pid 7472:tid 1840] (20014)Internal error: [client 201.245.192.253:25417] AH01102: error reading status line from remote server 172.22.1.47:80
[Tue May 26 16:25:52.485059 2015] [proxy:error] [pid 7472:tid 1840] [client 201.245.192.253:25417] AH00898: Error reading from remote server returned by /forest/img/base/bsc2_r1_c2.gif
[Tue May 26 16:26:07.819886 2015] [proxy_http:error] [pid 7472:tid 1736] (20014)Internal error: [client 201.245.192.253:25543] AH01102: error reading status line from remote server 172.22.1.47:80
[Tue May 26 16:26:07.819886 2015] [proxy:error] [pid 7472:tid 1736] [client 201.245.192.253:25543] AH00898: Error reading from remote server returned by /forest/skins/gdocs-jar/img/asociarUserOtraDependencia.gif
[Tue May 26 16:26:15.510699 2015] [proxy_http:error] [pid 7472:tid 1736] (20014)Internal error: [client 201.245.192.253:25599] AH01102: error reading status line from remote server 172.22.1.47:80, referer: http://190.27.245.106/forest/usutareas.do?group_system_actual=3&codTraEsc=18239556&_a=0.30133732304138416
[Tue May 26 16:26:15.510699 2015] [proxy:error] [pid 7472:tid 1736] [client 201.245.192.253:25599] AH00898: Error reading from remote server returned by /forest/session.jsp, referer: http://190.27.245.106/forest/usutareas.do?group_system_actual=3&codTraEsc=18239556&_a=0.30133732304138416
[Tue May 26 16:26:15.510699 2015] [negotiation:error] [pid 7472:tid 1736] [client 201.245.192.253:25599] AH00690: no acceptable variant: E:/nuevo/apache/error/HTTP_BAD_GATEWAY.html.var, referer: http://190.27.245.106/forest/usutareas.do?group_system_actual=3&codTraEsc=18239556&_a=0.30133732304138416
[Tue May 26 16:26:32.187129 2015] [proxy_http:error] [pid 7472:tid 1736] (20014)Internal error: [client 201.245.192.253:25664] AH01102: error reading status line from remote server 172.22.1.47:80, referer: http://190.27.245.106/forest/usutareas.do?_a=0.34113589534536004&group_system_actual=3
[Tue May 26 16:27:07.302790 2015] [proxy_http:error] [pid 7472:tid 1464] (20014)Internal error: [client 201.245.192.253:25926] AH01102: error reading status line from remote server 172.22.1.47:80
[Tue May 26 16:27:07.302790 2015] [proxy:error] [pid 7472:tid 1464] [client 201.245.192.253:25926] AH00898: Error reading from remote server returned by /forest/skins/gdocs-jar/img/ok.gif
[Tue May 26 16:27:09.564794 2015] [proxy_http:error] [pid 7472:tid 1504] (20014)Internal error: [client 201.245.192.253:25938] AH01102: error reading status line from remote server 172.22.1.47:80
[Tue May 26 16:27:09.564794 2015] [proxy:error] [pid 7472:tid 1504] [client 201.245.192.253:25938] AH00898: Error reading from remote server returned by /forest/js/inicio.js
[Tue May 26 16:32:49.473791 2015] [proxy_http:error] [pid 7472:tid 1728] (20014)Internal error: [client 201.245.192.253:52561] AH01102: error reading status line from remote server 172.22.1.47:80, referer: http://190.27.245.106/forest/frameset?
[Tue May 26 16:38:16.139365 2015] [proxy_http:error] [pid 7472:tid 1616] (20014)Internal error: [client 201.245.192.253:31555] AH01102: error reading status line from remote server 172.22.1.47:80, referer: http://190.27.245.106/forest/usutareas.do?group_system_actual=3&a=0.4446430673675772
[Tue May 26 16:46:09.319396 2015] [proxy_http:error] [pid 7472:tid 1840] (20014)Internal error: [client 181.61.173.135:50254] AH01102: error reading status line from remote server 172.22.1.47:80, referer: http://190.27.245.106/forest/login.do
[Tue May 26 16:46:09.600197 2015] [proxy_http:error] [pid 7472:tid 1840] (20014)Internal error: [client 181.61.173.135:50255] AH01102: error reading status line from remote server 172.22.1.47:80, referer: http://190.27.245.106/forest/index2.jsp?a=0.6899616647452337
[Tue May 26 16:50:43.801878 2015] [proxy_http:error] [pid 7472:tid 1504] (20014)Internal error: [client 190.157.172.223:51745] AH01102: error reading status line from remote server 172.22.1.47:80, referer: http://190.27.245.106/forest/index2.jsp?_a=0.7842132260557264
[Tue May 26 16:52:42.970488 2015] [proxy_http:error] [pid 7472:tid 1440] (20014)Internal error: [client 181.61.173.135:50272] AH01102: error reading status line from remote server 172.22.1.47:80, referer: http://190.27.245.106/forest/usutareas.do?_a=0.5738763238769025&group_system_actual=3
[Tue May 26 16:52:42.970488 2015] [proxy:error] [pid 7472:tid 1440] [client 181.61.173.135:50272] AH00898: Error reading from remote server returned by /forest/session.jsp, referer: http://190.27.245.106/forest/usutareas.do?_a=0.5738763238769025&group_system_actual=3
[Tue May 26 16:52:42.970488 2015] [negotiation:error] [pid 7472:tid 1440] [client 181.61.173.135:50272] AH00690: no acceptable variant: E:/nuevo/apache/error/HTTP_BAD_GATEWAY.html.var, referer: http://190.27.245.106/forest/usutareas.do?_a=0.5738763238769025&group_system_actual=3
[Tue May 26 16:56:53.350927 2015] [proxy_http:error] [pid 7472:tid 1800] (20014)Internal error: [client 201.245.192.253:30982] AH01102: error reading status line from remote server 172.22.1.47:80, referer: http://190.27.245.106/forest/usutareas.do?group_system_actual=3&codTraEsc=18191828&_a=0.558244043217097
[Tue May 26 17:12:01.101922 2015] [proxy_http:error] [pid 7472:tid 1648] (20014)Internal error: [client 201.245.239.196:22264] AH01102: error reading status line from remote server 172.22.1.47:80, referer: http://190.27.245.106/forest/usudocumentos.do?_a=0.32600352447479963&group_system_actual=3
[Tue May 26 17:34:25.310483 2015] [proxy_http:error] [pid 7472:tid 1776] (OS 10054)An existing connection was forcibly closed by the remote host.  : [client 201.245.192.253:29191] AH01102: error reading status line from remote server 172.22.1.31:80, referer: http://190.27.245.106/isolucionsda/FrameSetGeneral.asp?Pagina=BancoConocimiento/M/MECINuevo/MECINuevo.asp&IdModulo=16
[Tue May 26 18:28:35.188191 2015] [proxy_http:error] [pid 7472:tid 1656] (OS 10054)An existing connection was forcibly closed by the remote host.  : [client 201.245.192.253:26847] AH01102: error reading status line from remote server 172.22.1.31:80, referer: http://190.27.245.106/isolucionsda/FrameSetGeneral.asp?Pagina1=FrameSetGeneral.asp&
[Tue May 26 18:28:35.188191 2015] [proxy:error] [pid 7472:tid 1656] [client 201.245.192.253:26847] AH00898: Error reading from remote server returned by /isolucionsda/BarraFavoritos.asp, referer: http://190.27.245.106/isolucionsda/FrameSetGeneral.asp?Pagina1=FrameSetGeneral.asp&
[Tue May 26 18:28:36.872994 2015] [proxy_http:error] [pid 7472:tid 1584] (OS 10054)An existing connection was forcibly closed by the remote host.  : [client 201.245.192.253:26846] AH01102: error reading status line from remote server 172.22.1.31:80, referer: http://190.27.245.106/isolucionsda/DetalleTareas.aspx?Number=49505248655666574552
[Tue May 26 18:56:23.596521 2015] [core:error] [pid 7472:tid 1440] [client 190.156.122.228:50295] AH00038: Forbidden: E:/nuevo/htdocs/lpt9 doesn't point to a file or directory
[Tue May 26 18:59:07.334409 2015] [core:error] [pid 7472:tid 1512] [client 190.156.122.228:50357] AH00038: Forbidden: E:/nuevo/htdocs/lpt9 doesn't point to a file or directory
[Tue May 26 19:01:18.281039 2015] [mpm_winnt:warn] [pid 7472:tid 3048] (OS 64)The specified network name is no longer available.  : AH00341: winnt_accept: Asynchronous AcceptEx failed.
[Tue May 26 19:01:19.763042 2015] [mpm_winnt:warn] [pid 7472:tid 3048] (OS 64)The specified network name is no longer available.  : AH00341: winnt_accept: Asynchronous AcceptEx failed.
[Tue May 26 19:07:24.741283 2015] [mpm_winnt:warn] [pid 7472:tid 3048] (OS 64)The specified network name is no longer available.  : AH00341: winnt_accept: Asynchronous AcceptEx failed.
[Tue May 26 19:56:12.525225 2015] [:error] [pid 7472:tid 1472] [client 190.156.122.228:52907] script 'E:/nuevo/htdocs/index.php' not found or unable to stat
[Tue May 26 19:57:57.747410 2015] [cgi:error] [pid 7472:tid 1504] [client 190.156.122.228:52967] attempt to invoke directory as script: E:/nuevo/cgi-bin/
[Tue May 26 20:35:44.993369 2015] [access_compat:error] [pid 7472:tid 1648] [client 190.156.122.228:53445] AH01797: client denied by server configuration: E:/nuevo/htdocs/xampp/
[Tue May 26 20:39:19.041345 2015] [access_compat:error] [pid 7472:tid 1680] [client 190.156.122.228:53487] AH01797: client denied by server configuration: E:/nuevo/htdocs/xampp/phpinfo.php
[Tue May 26 20:39:24.516955 2015] [access_compat:error] [pid 7472:tid 1680] [client 190.156.122.228:53487] AH01797: client denied by server configuration: E:/nuevo/htdocs/xampp/phpinfo.php
[Tue May 26 21:09:20.908910 2015] [:error] [pid 7472:tid 1496] [client 201.221.186.33:50799] script 'E:/nuevo/htdocs/BLA/boletinlegal/norma-menu.php' not found or unable to stat
[Tue May 26 21:55:11.289341 2015] [proxy_http:error] [pid 7472:tid 1872] (OS 10054)An existing connection was forcibly closed by the remote host.  : [client 190.25.116.206:19612] AH01102: error reading status line from remote server 172.22.1.31:80, referer: http://190.27.245.106/isolucionsda/IdentificaUsuario.asp?Pagina1=FrameSetGeneral.asp&
[Tue May 26 21:55:11.289341 2015] [proxy:error] [pid 7472:tid 1872] [client 190.25.116.206:19612] AH00898: Error reading from remote server returned by /isolucionsda/g/Img_LogoIsoCabezote.jpg, referer: http://190.27.245.106/isolucionsda/IdentificaUsuario.asp?Pagina1=FrameSetGeneral.asp&
[Tue May 26 22:02:44.797738 2015] [core:error] [pid 7472:tid 1520] (20024)The given path is misformatted or contained invalid characters: [client 191.238.8.154:40737] AH00127: Cannot map GET /galeria/carrusel/Carrusel/jquery-ui-%0A%0A1.8.13.custom.min.js HTTP/1.1 to file
[Tue May 26 22:28:00.090799 2015] [negotiation:error] [pid 7472:tid 1464] [client 177.252.129.137:23455] AH00690: no acceptable variant: E:/nuevo/apache/error/HTTP_NOT_FOUND.html.var, referer: http://190.27.245.106/sia/
[Tue May 26 22:28:00.121999 2015] [negotiation:error] [pid 7472:tid 1640] [client 177.252.129.137:23201] AH00690: no acceptable variant: E:/nuevo/apache/error/HTTP_NOT_FOUND.html.var, referer: http://190.27.245.106/sia/
[Tue May 26 22:28:00.199999 2015] [negotiation:error] [pid 7472:tid 1464] [client 177.252.129.137:23455] AH00690: no acceptable variant: E:/nuevo/apache/error/HTTP_NOT_FOUND.html.var, referer: http://190.27.245.106/sia/
[Tue May 26 22:28:00.215599 2015] [negotiation:error] [pid 7472:tid 1640] [client 177.252.129.137:23201] AH00690: no acceptable variant: E:/nuevo/apache/error/HTTP_NOT_FOUND.html.var, referer: http://190.27.245.106/sia/
[Tue May 26 22:29:27.123352 2015] [proxy_http:error] [pid 7472:tid 1816] (OS 10054)An existing connection was forcibly closed by the remote host.  : [client 190.25.116.206:20665] AH01102: error reading status line from remote server 172.22.1.31:80, referer: http://190.27.245.106/isolucionsda/bancoconocimiento/C/CONTROLYMEJORA_v7/CONTROLYMEJORA_v7.asp?IdArticulo=7837
[Tue May 26 22:29:27.123352 2015] [proxy:error] [pid 7472:tid 1816] [client 190.25.116.206:20665] AH00898: Error reading from remote server returned by /isolucionsda/bancoconocimiento/P/PlandeMejoramientoInstitucional_v1/PlandeMejoramientoInstitucional_v1.asp, referer: http://190.27.245.106/isolucionsda/bancoconocimiento/C/CONTROLYMEJORA_v7/CONTROLYMEJORA_v7.asp?IdArticulo=7837
[Tue May 26 22:30:25.529855 2015] [proxy_http:error] [pid 7472:tid 1864] (OS 10054)An existing connection was forcibly closed by the remote host.  : [client 190.25.116.206:20678] AH01102: error reading status line from remote server 172.22.1.31:80, referer: http://190.27.245.106/isolucionsda/FrameSetGeneral.asp?Pagina1=FrameSetGeneral.asp&
[Tue May 26 22:30:25.529855 2015] [proxy:error] [pid 7472:tid 1864] [client 190.25.116.206:20678] AH00898: Error reading from remote server returned by /isolucionsda/MagazinHome.asp, referer: http://190.27.245.106/isolucionsda/FrameSetGeneral.asp?Pagina1=FrameSetGeneral.asp&
[Tue May 26 22:43:03.800386 2015] [mpm_winnt:warn] [pid 7472:tid 3048] (OS 64)The specified network name is no longer available.  : AH00341: winnt_accept: Asynchronous AcceptEx failed.
[Tue May 26 22:43:25.562425 2015] [mpm_winnt:warn] [pid 7472:tid 3048] (OS 64)The specified network name is no longer available.  : AH00341: winnt_accept: Asynchronous AcceptEx failed.

:: Command execute ::

Enter:
 
Select:
 

:: Search ::
regexp 

:: Upload ::
 
[ ok ]

:: Make Dir ::
 
[ ok ]
:: Make File ::
 
[ ok ]

:: Go Dir ::
 
:: Go File ::
 

--[ c99shell v. 1.0 pre-release build #13 powered by Captain Crunch Security Team | http://ccteam.ru | Generation time: 0.0624 ]--