!C99Shell v. 1.0 pre-release build #13!

Software: Apache. PHP/5.5.15 

uname -a: Windows NT SVR-DMZ 6.1 build 7600 (Windows Server 2008 R2 Enterprise Edition) i586 

SYSTEM 

Safe-mode: OFF (not secure)

E:\nuevo\apache\logs\   drwxrwxrwx
Free 7.33 GB of 239.26 GB (3.07%)
Detected drives: [ a ] [ c ] [ d ] [ e ] [ f ]
Home    Back    Forward    UPDIR    Refresh    Search    Buffer    Encoder    Tools    Proc.    FTP brute    Sec.    SQL    PHP-code    Update    Feedback    Self remove    Logout    


Viewing file:     error.2015.05.28.log (174.04 KB)      -rw-rw-rw-
Select action/file-type:
(+) | (+) | (+) | Code (+) | Session (+) | (+) | SDB (+) | (+) | (+) | (+) | (+) | (+) |
[Thu May 28 00:39:35.091623 2015] [proxy_http:error] [pid 7472:tid 1608] (OS 10054)An existing connection was forcibly closed by the remote host.  : [client 190.252.235.22:52756] AH01102: error reading status line from remote server 172.22.1.31:80, referer: http://190.27.245.106/isolucionsda/Encabezado.asp?Pagina1=FrameSetGeneral.asp&&Pagina=MagazinHome.asp
[Thu May 28 00:39:35.091623 2015] [proxy:error] [pid 7472:tid 1608] [client 190.252.235.22:52756] AH00898: Error reading from remote server returned by /isolucionsda/FrameSetGeneral.asp, referer: http://190.27.245.106/isolucionsda/Encabezado.asp?Pagina1=FrameSetGeneral.asp&&Pagina=MagazinHome.asp
[Thu May 28 00:43:32.664440 2015] [proxy_http:error] [pid 7472:tid 1536] (70008)Partial results are valid but processing is incomplete: [client 190.252.235.22:52875] AH02609: read request body failed to 172.22.1.31:80 (172.22.1.31) from 190.252.235.22 (), referer: http://190.27.245.106/isolucionsda//Administracion/Upload/Upload.asp?Id_Articulo=8533&UPLDQuerystring=Id_Articulo=8533&UPLDMODO=SubirArchivoADocumento&UPLDRuta=C:\\ISOlucion\\Web\\BancoConocimiento\\E\\Evaluacionauditoreslideresyacompannantes2013\\&UPLDAtras=http://190.27.245.106/isolucionsda/Administracion/SalaEdicion/Articulo.asp&UPLDAdelante=http://190.27.245.106/isolucionsda/Administracion/SalaEdicion/Articulo.asp
[Thu May 28 00:43:32.664440 2015] [proxy_http:error] [pid 7472:tid 1536] [client 190.252.235.22:52875] AH01097: pass request body failed to 172.22.1.31:80 (172.22.1.31) from 190.252.235.22 (), referer: http://190.27.245.106/isolucionsda//Administracion/Upload/Upload.asp?Id_Articulo=8533&UPLDQuerystring=Id_Articulo=8533&UPLDMODO=SubirArchivoADocumento&UPLDRuta=C:\\ISOlucion\\Web\\BancoConocimiento\\E\\Evaluacionauditoreslideresyacompannantes2013\\&UPLDAtras=http://190.27.245.106/isolucionsda/Administracion/SalaEdicion/Articulo.asp&UPLDAdelante=http://190.27.245.106/isolucionsda/Administracion/SalaEdicion/Articulo.asp
[Thu May 28 00:43:40.433254 2015] [proxy_http:error] [pid 7472:tid 1720] (70008)Partial results are valid but processing is incomplete: [client 190.252.235.22:52895] AH02609: read request body failed to 172.22.1.31:80 (172.22.1.31) from 190.252.235.22 (), referer: http://190.27.245.106/isolucionsda//Administracion/Upload/Upload.asp?Id_Articulo=8533&UPLDQuerystring=Id_Articulo=8533&UPLDMODO=SubirArchivoADocumento&UPLDRuta=C:\\ISOlucion\\Web\\BancoConocimiento\\E\\Evaluacionauditoreslideresyacompannantes2013\\&UPLDAtras=http://190.27.245.106/isolucionsda/Administracion/SalaEdicion/Articulo.asp&UPLDAdelante=http://190.27.245.106/isolucionsda/Administracion/SalaEdicion/Articulo.asp
[Thu May 28 00:43:40.433254 2015] [proxy_http:error] [pid 7472:tid 1720] [client 190.252.235.22:52895] AH01097: pass request body failed to 172.22.1.31:80 (172.22.1.31) from 190.252.235.22 (), referer: http://190.27.245.106/isolucionsda//Administracion/Upload/Upload.asp?Id_Articulo=8533&UPLDQuerystring=Id_Articulo=8533&UPLDMODO=SubirArchivoADocumento&UPLDRuta=C:\\ISOlucion\\Web\\BancoConocimiento\\E\\Evaluacionauditoreslideresyacompannantes2013\\&UPLDAtras=http://190.27.245.106/isolucionsda/Administracion/SalaEdicion/Articulo.asp&UPLDAdelante=http://190.27.245.106/isolucionsda/Administracion/SalaEdicion/Articulo.asp
[Thu May 28 00:47:23.732046 2015] [proxy_http:error] [pid 7472:tid 1464] (OS 10054)An existing connection was forcibly closed by the remote host.  : [client 190.252.235.22:52982] AH01102: error reading status line from remote server 172.22.1.31:80, referer: http://190.27.245.106/isolucionsda/Menu.asp?Pagina=Menu.asp&IdModulo=4
[Thu May 28 00:47:23.732046 2015] [proxy:error] [pid 7472:tid 1464] [client 190.252.235.22:52982] AH00898: Error reading from remote server returned by /isolucionsda/FrameSetGeneral.asp, referer: http://190.27.245.106/isolucionsda/Menu.asp?Pagina=Menu.asp&IdModulo=4
[Thu May 28 00:47:25.120448 2015] [proxy_http:error] [pid 7472:tid 1664] (OS 10054)An existing connection was forcibly closed by the remote host.  : [client 190.252.235.22:52983] AH01102: error reading status line from remote server 172.22.1.31:80, referer: http://190.27.245.106/isolucionsda/Menu.asp?Pagina=Menu.asp&IdModulo=4
[Thu May 28 00:47:25.120448 2015] [proxy:error] [pid 7472:tid 1664] [client 190.252.235.22:52983] AH00898: Error reading from remote server returned by /isolucionsda/FrameSetGeneral.asp, referer: http://190.27.245.106/isolucionsda/Menu.asp?Pagina=Menu.asp&IdModulo=4
[Thu May 28 00:47:25.650849 2015] [proxy_http:error] [pid 7472:tid 1720] (OS 10054)An existing connection was forcibly closed by the remote host.  : [client 190.252.235.22:52984] AH01102: error reading status line from remote server 172.22.1.31:80, referer: http://190.27.245.106/isolucionsda/Menu.asp?Pagina=Menu.asp&IdModulo=4
[Thu May 28 00:47:25.650849 2015] [proxy:error] [pid 7472:tid 1720] [client 190.252.235.22:52984] AH00898: Error reading from remote server returned by /isolucionsda/FrameSetGeneral.asp, referer: http://190.27.245.106/isolucionsda/Menu.asp?Pagina=Menu.asp&IdModulo=4
[Thu May 28 01:02:03.245991 2015] [mpm_winnt:warn] [pid 7472:tid 3048] (OS 64)The specified network name is no longer available.  : AH00341: winnt_accept: Asynchronous AcceptEx failed.
[Thu May 28 01:10:19.826063 2015] [access_compat:error] [pid 7472:tid 1664] [client 190.156.122.228:54240] AH01797: client denied by server configuration: E:/nuevo/htdocs/xampp/
[Thu May 28 01:10:36.003291 2015] [access_compat:error] [pid 7472:tid 1792] [client 190.156.122.228:54244] AH01797: client denied by server configuration: E:/nuevo/htdocs/xampp/phonebook.php
[Thu May 28 02:11:53.118950 2015] [:error] [pid 7472:tid 1584] [client 106.39.95.194:58954] script 'E:/nuevo/htdocs/moadmin.php' not found or unable to stat
[Thu May 28 07:42:39.346409 2015] [proxy_http:error] [pid 7472:tid 1872] (OS 10054)An existing connection was forcibly closed by the remote host.  : [client 181.63.10.43:62113] AH01102: error reading status line from remote server 172.22.1.31:80, referer: http://190.27.245.106/isolucionsda/IdentificaUsuario.asp?Pagina1=FrameSetGeneral.asp&
[Thu May 28 07:42:39.346409 2015] [proxy:error] [pid 7472:tid 1872] [client 181.63.10.43:62113] AH00898: Error reading from remote server returned by /isolucionsda/g/Img_LogoIsoCabezote.jpg, referer: http://190.27.245.106/isolucionsda/IdentificaUsuario.asp?Pagina1=FrameSetGeneral.asp&
[Thu May 28 08:16:35.509785 2015] [proxy_http:error] [pid 7472:tid 1840] (OS 10054)An existing connection was forcibly closed by the remote host.  : [client 201.245.192.253:24254] AH01102: error reading status line from remote server 172.22.1.31:80, referer: http://www.ambientebogota.gov.co/web/intranet/aplicaciones-para-acceder-fuera-de-la-sda
[Thu May 28 08:36:40.970702 2015] [proxy_http:error] [pid 7472:tid 1424] (OS 10054)An existing connection was forcibly closed by the remote host.  : [client 172.22.2.1:38936] AH01102: error reading status line from remote server 172.22.1.31:80, referer: http://190.27.245.106/isolucionsda/IdentificaUsuario.asp?Pagina1=FrameSetGeneral.asp&
[Thu May 28 08:36:40.970702 2015] [proxy:error] [pid 7472:tid 1424] [client 172.22.2.1:38936] AH00898: Error reading from remote server returned by /isolucionsda/g/shim.gif, referer: http://190.27.245.106/isolucionsda/IdentificaUsuario.asp?Pagina1=FrameSetGeneral.asp&
[Thu May 28 08:56:15.795166 2015] [proxy_http:error] [pid 7472:tid 1464] (OS 10054)An existing connection was forcibly closed by the remote host.  : [client 201.245.192.253:22983] AH01102: error reading status line from remote server 172.22.1.31:80, referer: http://190.27.245.106/isolucionsda/FrameSetArticulo.asp?Pagina=/isolucionsda/bancoconocimiento/L/Listadechequeodeactividadesdemantenimientodehardware_v4_0/Listadechequeodeactividadesdemantenimientodehardware_v4_0.asp?IdArticulo=6550
[Thu May 28 08:56:15.795166 2015] [proxy:error] [pid 7472:tid 1464] [client 201.245.192.253:22983] AH00898: Error reading from remote server returned by /isolucionsda/bancoconocimiento/L/Listadechequeodeactividadesdemantenimientodehardware_v4_0/Listadechequeodeactividadesdemantenimientodehardware_v4_0.asp, referer: http://190.27.245.106/isolucionsda/FrameSetArticulo.asp?Pagina=/isolucionsda/bancoconocimiento/L/Listadechequeodeactividadesdemantenimientodehardware_v4_0/Listadechequeodeactividadesdemantenimientodehardware_v4_0.asp?IdArticulo=6550
[Thu May 28 09:00:03.571166 2015] [proxy_http:error] [pid 7472:tid 1672] (OS 10054)An existing connection was forcibly closed by the remote host.  : [client 201.245.192.253:25924] AH01102: error reading status line from remote server 172.22.1.31:80
[Thu May 28 09:00:03.571166 2015] [proxy:error] [pid 7472:tid 1672] [client 201.245.192.253:25924] AH00898: Error reading from remote server returned by /isolucionsda/g/Bgr_BarraInferior.jpg
[Thu May 28 09:09:48.384993 2015] [core:error] [pid 7472:tid 1496] (20024)The given path is misformatted or contained invalid characters: [client 37.187.157.108:53748] AH00127: Cannot map HEAD /BLA/resoluciones/AUTOS%202009/0731.pdfhttp://190.27.245.106/BLA/resoluciones/RESOLUCIONES%202009/0759.pdf HTTP/1.1 to file
[Thu May 28 09:14:33.459894 2015] [proxy_http:error] [pid 7472:tid 1560] (20014)Internal error: [client 190.27.6.18:19704] AH01102: error reading status line from remote server 172.22.1.47:80, referer: http://190.27.245.106/forest/usutareas.do?group_system_actual=3&a=0.19988457206636667
[Thu May 28 09:16:11.428066 2015] [proxy_http:error] [pid 7472:tid 1872] (OS 10054)An existing connection was forcibly closed by the remote host.  : [client 201.245.192.253:26939] AH01102: error reading status line from remote server 172.22.1.31:80, referer: http://190.27.245.106/isolucionsda/FramesetArticulo.asp?Pagina=bancoconocimiento%2FG%2FGestionyAdministraciondeIndicadoresyvariablesenelObservatorioAmbientaldeBogotaOAB%5Fv3%2FGestionyAdministraciondeIndicadoresyvariablesenelObservatorioAmbientaldeBogotaOAB%5Fv3%2Easp&IdArticulo=5818
[Thu May 28 09:16:11.428066 2015] [proxy:error] [pid 7472:tid 1872] [client 201.245.192.253:26939] AH00898: Error reading from remote server returned by /isolucionsda/bancoconocimiento/G/GestionyAdministraciondeIndicadoresyvariablesenelObservatorioAmbientaldeBogotaOAB_v3/GestionyAdministraciondeIndicadoresyvariablesenelObservatorioAmbientaldeBogotaOAB_v3.asp, referer: http://190.27.245.106/isolucionsda/FramesetArticulo.asp?Pagina=bancoconocimiento%2FG%2FGestionyAdministraciondeIndicadoresyvariablesenelObservatorioAmbientaldeBogotaOAB%5Fv3%2FGestionyAdministraciondeIndicadoresyvariablesenelObservatorioAmbientaldeBogotaOAB%5Fv3%2Easp&IdArticulo=5818
[Thu May 28 09:30:43.079597 2015] [proxy_http:error] [pid 7472:tid 1664] (OS 10054)An existing connection was forcibly closed by the remote host.  : [client 201.245.192.253:25970] AH01102: error reading status line from remote server 172.22.1.31:80, referer: http://190.27.245.106/isolucionsda/Encabezado.asp?Pagina=BancoConocimiento/M/MECINuevo/MECINuevo.asp&IdModulo=16
[Thu May 28 09:30:43.079597 2015] [proxy:error] [pid 7472:tid 1664] [client 201.245.192.253:25970] AH00898: Error reading from remote server returned by /isolucionsda/FrameSetGeneral.asp, referer: http://190.27.245.106/isolucionsda/Encabezado.asp?Pagina=BancoConocimiento/M/MECINuevo/MECINuevo.asp&IdModulo=16
[Thu May 28 09:42:54.691682 2015] [proxy_http:error] [pid 7472:tid 1656] (20014)Internal error: [client 201.245.192.253:33201] AH01102: error reading status line from remote server 172.22.1.47:80, referer: http://190.27.245.106/forest/usutareas.do?_a=0.17769121904687035&group_system_actual=3
[Thu May 28 09:42:54.691682 2015] [proxy:error] [pid 7472:tid 1656] [client 201.245.192.253:33201] AH00898: Error reading from remote server returned by /forest/session.jsp, referer: http://190.27.245.106/forest/usutareas.do?_a=0.17769121904687035&group_system_actual=3
[Thu May 28 09:42:54.691682 2015] [negotiation:error] [pid 7472:tid 1656] [client 201.245.192.253:33201] AH00690: no acceptable variant: E:/nuevo/apache/error/HTTP_BAD_GATEWAY.html.var, referer: http://190.27.245.106/forest/usutareas.do?_a=0.17769121904687035&group_system_actual=3
[Thu May 28 09:44:01.849800 2015] [proxy_http:error] [pid 7472:tid 1720] (20014)Internal error: [client 201.245.192.253:33786] AH01102: error reading status line from remote server 172.22.1.47:80, referer: http://190.27.245.106/forest/usutareas.do?_a=0.27379734373268483&group_system_actual=3
[Thu May 28 09:44:01.849800 2015] [proxy_http:error] [pid 7472:tid 1720] (20014)Internal error: [client 201.245.192.253:33788] AH01102: error reading status line from remote server 172.22.1.47:80, referer: http://190.27.245.106/forest/usutareas.do?_a=0.27379734373268483&group_system_actual=3
[Thu May 28 09:44:01.849800 2015] [proxy:error] [pid 7472:tid 1720] [client 201.245.192.253:33788] AH00898: Error reading from remote server returned by /forest/json.do, referer: http://190.27.245.106/forest/usutareas.do?_a=0.27379734373268483&group_system_actual=3
[Thu May 28 09:44:01.849800 2015] [negotiation:error] [pid 7472:tid 1720] [client 201.245.192.253:33788] AH00690: no acceptable variant: E:/nuevo/apache/error/HTTP_BAD_GATEWAY.html.var, referer: http://190.27.245.106/forest/usutareas.do?_a=0.27379734373268483&group_system_actual=3
[Thu May 28 09:44:23.955039 2015] [proxy_http:error] [pid 7472:tid 1544] (20014)Internal error: [client 201.245.192.253:34042] AH01102: error reading status line from remote server 172.22.1.47:80
[Thu May 28 09:44:23.955039 2015] [proxy:error] [pid 7472:tid 1544] [client 201.245.192.253:34042] AH00898: Error reading from remote server returned by /forest/1ibre/jscalendar/calendar-win2k-1.css
[Thu May 28 09:44:50.459485 2015] [proxy_http:error] [pid 7472:tid 1800] (20014)Internal error: [client 201.245.192.253:34314] AH01102: error reading status line from remote server 172.22.1.47:80
[Thu May 28 09:44:50.459485 2015] [proxy:error] [pid 7472:tid 1800] [client 201.245.192.253:34314] AH00898: Error reading from remote server returned by /forest/img/forestIcon.gif
[Thu May 28 09:44:50.459485 2015] [proxy_http:error] [pid 7472:tid 1664] (20014)Internal error: [client 201.245.192.253:34319] AH01102: error reading status line from remote server 172.22.1.47:80
[Thu May 28 09:44:50.459485 2015] [proxy:error] [pid 7472:tid 1664] [client 201.245.192.253:34319] AH00898: Error reading from remote server returned by /forest/skins/gdocs-jar/js/swfobject.js
[Thu May 28 09:46:32.249664 2015] [proxy_http:error] [pid 7472:tid 1440] (20014)Internal error: [client 201.245.192.253:22738] AH01102: error reading status line from remote server 172.22.1.47:80, referer: http://190.27.245.106/forest/usutareas.do?_a=0.3069008427894725&group_system_actual=3
[Thu May 28 09:46:32.374464 2015] [proxy_http:error] [pid 7472:tid 1440] (20014)Internal error: [client 201.245.192.253:22741] AH01102: error reading status line from remote server 172.22.1.47:80, referer: http://190.27.245.106/forest/usutareas.do?_a=0.3069008427894725&group_system_actual=3
[Thu May 28 09:46:32.374464 2015] [proxy:error] [pid 7472:tid 1440] [client 201.245.192.253:22741] AH00898: Error reading from remote server returned by /forest/actions/forms.getList, referer: http://190.27.245.106/forest/usutareas.do?_a=0.3069008427894725&group_system_actual=3
[Thu May 28 09:46:32.374464 2015] [negotiation:error] [pid 7472:tid 1440] [client 201.245.192.253:22741] AH00690: no acceptable variant: E:/nuevo/apache/error/HTTP_BAD_GATEWAY.html.var, referer: http://190.27.245.106/forest/usutareas.do?_a=0.3069008427894725&group_system_actual=3
[Thu May 28 09:54:40.109321 2015] [proxy_http:error] [pid 7472:tid 1864] (OS 10054)An existing connection was forcibly closed by the remote host.  : [client 201.245.192.253:29438] AH01102: error reading status line from remote server 172.22.1.31:80
[Thu May 28 09:54:40.109321 2015] [proxy:error] [pid 7472:tid 1864] [client 201.245.192.253:29438] AH00898: Error reading from remote server returned by /isolucionsda/g/Bot_Cerrar.jpg
[Thu May 28 10:11:36.591506 2015] [proxy_http:error] [pid 7472:tid 1472] (OS 10054)An existing connection was forcibly closed by the remote host.  : [client 201.245.192.253:34712] AH01102: error reading status line from remote server 172.22.1.31:80, referer: http://190.27.245.106/isolucionsda/FrameSetGeneral.asp?Pagina1=FrameSetGeneral.asp&
[Thu May 28 10:11:36.591506 2015] [proxy:error] [pid 7472:tid 1472] [client 201.245.192.253:34712] AH00898: Error reading from remote server returned by /isolucionsda/MagazinHome.asp, referer: http://190.27.245.106/isolucionsda/FrameSetGeneral.asp?Pagina1=FrameSetGeneral.asp&
[Thu May 28 10:11:36.591506 2015] [proxy_http:error] [pid 7472:tid 1464] (OS 10054)An existing connection was forcibly closed by the remote host.  : [client 201.245.192.253:34711] AH01102: error reading status line from remote server 172.22.1.31:80, referer: http://190.27.245.106/isolucionsda/FrameSetGeneral.asp?Pagina1=FrameSetGeneral.asp&
[Thu May 28 10:11:36.591506 2015] [proxy:error] [pid 7472:tid 1464] [client 201.245.192.253:34711] AH00898: Error reading from remote server returned by /isolucionsda/BarraTitulos.asp, referer: http://190.27.245.106/isolucionsda/FrameSetGeneral.asp?Pagina1=FrameSetGeneral.asp&
[Thu May 28 10:12:50.676037 2015] [proxy_http:error] [pid 7472:tid 1560] (20014)Internal error: [client 201.245.192.253:24254] AH01102: error reading status line from remote server 172.22.1.47:80
[Thu May 28 10:12:50.676037 2015] [proxy:error] [pid 7472:tid 1560] [client 201.245.192.253:24254] AH00898: Error reading from remote server returned by /forest/img/buscar_procesos.gif
[Thu May 28 10:13:59.612558 2015] [proxy_http:error] [pid 7472:tid 1432] (20014)Internal error: [client 201.245.192.253:24940] AH01102: error reading status line from remote server 172.22.1.47:80, referer: http://190.27.245.106/forest/buscar.do?type=documentos
[Thu May 28 10:19:17.135515 2015] [proxy_http:error] [pid 7472:tid 1640] (20014)Internal error: [client 201.245.192.253:29167] AH01102: error reading status line from remote server 172.22.1.47:80, referer: http://190.27.245.106/forest/index2.jsp?a=0.9331706191280191
[Thu May 28 10:19:17.478716 2015] [proxy_http:error] [pid 7472:tid 1640] (20014)Internal error: [client 201.245.192.253:29174] AH01102: error reading status line from remote server 172.22.1.47:80
[Thu May 28 10:19:17.478716 2015] [proxy:error] [pid 7472:tid 1640] [client 201.245.192.253:29174] AH00898: Error reading from remote server returned by /forest/css/autocomplete.css
[Thu May 28 10:19:17.509916 2015] [proxy_http:error] [pid 7472:tid 1464] (20014)Internal error: [client 201.245.192.253:29189] AH01102: error reading status line from remote server 172.22.1.47:80
[Thu May 28 10:19:17.509916 2015] [proxy:error] [pid 7472:tid 1464] [client 201.245.192.253:29189] AH00898: Error reading from remote server returned by /forest/skins/gdocs-jar/img/top-search-icon.gif
[Thu May 28 10:19:17.650316 2015] [proxy_http:error] [pid 7472:tid 1864] (20014)Internal error: [client 201.245.192.253:29201] AH01102: error reading status line from remote server 172.22.1.47:80
[Thu May 28 10:19:17.650316 2015] [proxy:error] [pid 7472:tid 1864] [client 201.245.192.253:29201] AH00898: Error reading from remote server returned by /forest/skins/gdocs-jar/img/dependencia-tree.gif
[Thu May 28 10:19:17.665916 2015] [proxy_http:error] [pid 7472:tid 1680] (20014)Internal error: [client 201.245.192.253:29207] AH01102: error reading status line from remote server 172.22.1.47:80, referer: http://190.27.245.106/forest/buscar.do?type=procesos
[Thu May 28 10:19:17.665916 2015] [proxy:error] [pid 7472:tid 1680] [client 201.245.192.253:29207] AH00898: Error reading from remote server returned by /forest/json.do, referer: http://190.27.245.106/forest/buscar.do?type=procesos
[Thu May 28 10:19:17.665916 2015] [negotiation:error] [pid 7472:tid 1680] [client 201.245.192.253:29207] AH00690: no acceptable variant: E:/nuevo/apache/error/HTTP_BAD_GATEWAY.html.var, referer: http://190.27.245.106/forest/buscar.do?type=procesos
[Thu May 28 10:19:17.728316 2015] [proxy_http:error] [pid 7472:tid 1680] (20014)Internal error: [client 201.245.192.253:29207] AH01102: error reading status line from remote server 172.22.1.47:80, referer: http://190.27.245.106/forest/buscar.do?type=procesos
[Thu May 28 10:19:27.088333 2015] [proxy_http:error] [pid 7472:tid 1848] (20014)Internal error: [client 201.245.192.253:29310] AH01102: error reading status line from remote server 172.22.1.47:80
[Thu May 28 10:19:27.088333 2015] [proxy:error] [pid 7472:tid 1848] [client 201.245.192.253:29310] AH00898: Error reading from remote server returned by /forest/skins/gdocs-jar/js/tareas.js
[Thu May 28 10:19:27.088333 2015] [proxy_http:error] [pid 7472:tid 1640] (20014)Internal error: [client 201.245.192.253:29312] AH01102: error reading status line from remote server 172.22.1.47:80
[Thu May 28 10:19:27.088333 2015] [proxy:error] [pid 7472:tid 1640] [client 201.245.192.253:29312] AH00898: Error reading from remote server returned by /forest/img/asociarUser.gif
[Thu May 28 10:19:27.306733 2015] [proxy_http:error] [pid 7472:tid 1752] (20014)Internal error: [client 201.245.192.253:29333] AH01102: error reading status line from remote server 172.22.1.47:80
[Thu May 28 10:19:27.306733 2015] [proxy:error] [pid 7472:tid 1752] [client 201.245.192.253:29333] AH00898: Error reading from remote server returned by /forest/skins/gdocs-jar/img/close.gif
[Thu May 28 10:19:38.491953 2015] [proxy_http:error] [pid 7472:tid 1680] (OS 10054)An existing connection was forcibly closed by the remote host.  : [client 201.245.192.253:29416] AH01102: error reading status line from remote server 172.22.1.31:80, referer: http://190.27.245.106/isolucionsda/FrameSetGeneral.asp?Pagina=Administracion/SalaEdicion/MagazinArticuloPublicar.asp
[Thu May 28 10:23:03.601113 2015] [proxy_http:error] [pid 7472:tid 1448] (20014)Internal error: [client 201.245.192.253:13857] AH01102: error reading status line from remote server 172.22.1.47:80, referer: http://190.27.245.106/forest/index2.jsp?a=0.6282273278775922
[Thu May 28 10:25:54.655414 2015] [proxy_http:error] [pid 7472:tid 1800] (20014)Internal error: [client 201.245.192.253:32528] AH01102: error reading status line from remote server 172.22.1.47:80
[Thu May 28 10:25:54.655414 2015] [proxy:error] [pid 7472:tid 1800] [client 201.245.192.253:32528] AH00898: Error reading from remote server returned by /forest/skins/gdocs-jar/img/icons/docx.gif
[Thu May 28 10:27:58.896032 2015] [proxy_http:error] [pid 7472:tid 1568] (20014)Internal error: [client 201.245.192.253:33444] AH01102: error reading status line from remote server 172.22.1.47:80
[Thu May 28 10:27:58.896032 2015] [proxy:error] [pid 7472:tid 1568] [client 201.245.192.253:33444] AH00898: Error reading from remote server returned by /forest/skins/gdocs-jar/img/ok.gif
[Thu May 28 10:33:24.858604 2015] [proxy_http:error] [pid 7472:tid 1552] (20014)Internal error: [client 201.245.192.253:55663] AH01102: error reading status line from remote server 172.22.1.47:80, referer: http://190.27.245.106/forest/index2.jsp?a=0.299484814640245
[Thu May 28 10:33:24.858604 2015] [proxy:error] [pid 7472:tid 1552] [client 201.245.192.253:55663] AH00898: Error reading from remote server returned by /forest/suactividades.do, referer: http://190.27.245.106/forest/index2.jsp?a=0.299484814640245
[Thu May 28 10:36:51.683768 2015] [proxy_http:error] [pid 7472:tid 1440] (20014)Internal error: [client 201.245.192.253:58281] AH01102: error reading status line from remote server 172.22.1.47:80, referer: http://190.27.245.106/forest/skins/gdocs-jar/popup/FileViewerTree.jsp?coddoc=1980539&ext=docx&numpro=2980258&nombre=MEMO SOLICITUD DE PRUEBAS FOREST.docx&codfile=-1&rootPath=/forest/
[Thu May 28 10:38:25.143532 2015] [proxy_http:error] [pid 7472:tid 1800] (20014)Internal error: [client 181.50.92.73:58828] AH01102: error reading status line from remote server 172.22.1.47:80, referer: http://190.27.245.106/forest/index2.jsp?a=0.8028618039499412
[Thu May 28 10:38:25.564733 2015] [proxy_http:error] [pid 7472:tid 1688] (20014)Internal error: [client 181.50.92.73:58830] AH01102: error reading status line from remote server 172.22.1.47:80, referer: http://190.27.245.106/forest/index2.jsp?a=0.8028618039499412
[Thu May 28 10:38:51.523178 2015] [proxy_http:error] [pid 7472:tid 1632] (20014)Internal error: [client 201.245.192.253:59983] AH01102: error reading status line from remote server 172.22.1.47:80, referer: http://190.27.245.106/forest/reportes.do?menu=1&group_system_actual=5
[Thu May 28 10:38:51.538778 2015] [proxy_http:error] [pid 7472:tid 1840] (20014)Internal error: [client 201.245.192.253:59975] AH01102: error reading status line from remote server 172.22.1.47:80, referer: http://190.27.245.106/forest/reportes.do?menu=1&group_system_actual=5
[Thu May 28 10:38:51.663578 2015] [proxy_http:error] [pid 7472:tid 1840] (20014)Internal error: [client 201.245.192.253:47640] AH01102: error reading status line from remote server 172.22.1.47:80, referer: http://190.27.245.106/forest/reportes.do?menu=1&group_system_actual=5
[Thu May 28 10:38:51.663578 2015] [proxy:error] [pid 7472:tid 1840] [client 201.245.192.253:47640] AH00898: Error reading from remote server returned by /forest/img/users/3.gif, referer: http://190.27.245.106/forest/reportes.do?menu=1&group_system_actual=5
[Thu May 28 10:38:51.866379 2015] [proxy_http:error] [pid 7472:tid 1632] (20014)Internal error: [client 201.245.192.253:47641] AH01102: error reading status line from remote server 172.22.1.47:80, referer: http://190.27.245.106/forest/reportes.do?menu=1&group_system_actual=5
[Thu May 28 10:39:55.826491 2015] [proxy_http:error] [pid 7472:tid 1440] (20014)Internal error: [client 201.245.192.253:48712] AH01102: error reading status line from remote server 172.22.1.47:80, referer: http://190.27.245.106/forest/frameset?
[Thu May 28 10:42:29.049960 2015] [proxy_http:error] [pid 7472:tid 1632] (20014)Internal error: [client 201.245.192.253:28500] AH01102: error reading status line from remote server 172.22.1.47:80
[Thu May 28 10:42:29.049960 2015] [proxy:error] [pid 7472:tid 1632] [client 201.245.192.253:28500] AH00898: Error reading from remote server returned by /forest/js/jquery/css/jquery-ui-selectmenu.css
[Thu May 28 10:45:49.479112 2015] [proxy_http:error] [pid 7472:tid 1672] (20014)Internal error: [client 201.245.192.253:30450] AH01102: error reading status line from remote server 172.22.1.47:80, referer: http://190.27.245.106/forest/index2.jsp?_a=0.011166456388309598
[Thu May 28 10:48:44.059019 2015] [proxy_http:error] [pid 7472:tid 1576] (20014)Internal error: [client 186.147.93.25:1720] AH01102: error reading status line from remote server 172.22.1.47:80, referer: http://190.27.245.106/forest/usutareas.do?_a=0.9251817333890664&group_system_actual=3
[Thu May 28 10:48:44.059019 2015] [proxy:error] [pid 7472:tid 1576] [client 186.147.93.25:1720] AH00898: Error reading from remote server returned by /forest/skins/gdocs-jar/css/menu.css, referer: http://190.27.245.106/forest/usutareas.do?_a=0.9251817333890664&group_system_actual=3
[Thu May 28 10:49:17.864278 2015] [proxy_http:error] [pid 7472:tid 1496] (20014)Internal error: [client 186.147.93.25:1736] AH01102: error reading status line from remote server 172.22.1.47:80, referer: http://190.27.245.106/forest/usutareas.do?group_system_actual=3&a=0.2334387664531158
[Thu May 28 10:49:17.864278 2015] [proxy:error] [pid 7472:tid 1496] [client 186.147.93.25:1736] AH00898: Error reading from remote server returned by /forest/css/index.css, referer: http://190.27.245.106/forest/usutareas.do?group_system_actual=3&a=0.2334387664531158
[Thu May 28 10:50:12.620374 2015] [proxy_http:error] [pid 7472:tid 1712] (OS 10054)An existing connection was forcibly closed by the remote host.  : [client 191.95.249.135:25175] AH01102: error reading status line from remote server 172.22.1.31:80
[Thu May 28 10:50:12.620374 2015] [proxy:error] [pid 7472:tid 1712] [client 191.95.249.135:25175] AH00898: Error reading from remote server returned by /isolucionsda/FrameSetGeneral.asp
[Thu May 28 10:50:18.953986 2015] [mpm_winnt:warn] [pid 7472:tid 3048] (OS 64)The specified network name is no longer available.  : AH00341: winnt_accept: Asynchronous AcceptEx failed.
[Thu May 28 10:50:49.561239 2015] [proxy_http:error] [pid 7472:tid 1840] (20014)Internal error: [client 186.147.93.25:1765] AH01102: error reading status line from remote server 172.22.1.47:80, referer: http://190.27.245.106/forest/misactividades.do?group_system_actual=3&_a=0.7094866029028025
[Thu May 28 10:52:04.862572 2015] [proxy_http:error] [pid 7472:tid 1856] (20014)Internal error: [client 201.245.192.253:34303] AH01102: error reading status line from remote server 172.22.1.47:80
[Thu May 28 10:52:04.862572 2015] [proxy:error] [pid 7472:tid 1856] [client 201.245.192.253:34303] AH00898: Error reading from remote server returned by /forest/skins/gdocs-jar/img/copy.gif
[Thu May 28 10:52:04.909372 2015] [proxy_http:error] [pid 7472:tid 1776] (20014)Internal error: [client 201.245.192.253:34307] AH01102: error reading status line from remote server 172.22.1.47:80, referer: http://190.27.245.106/forest/usudocumentos.do?_a=0.3877880189102143&group_system_actual=3
[Thu May 28 10:52:04.909372 2015] [proxy:error] [pid 7472:tid 1776] [client 201.245.192.253:34307] AH00898: Error reading from remote server returned by /forest/skins/gdocs-jar/img/edit.gif, referer: http://190.27.245.106/forest/usudocumentos.do?_a=0.3877880189102143&group_system_actual=3
[Thu May 28 10:52:11.476983 2015] [proxy_http:error] [pid 7472:tid 1736] (OS 10054)An existing connection was forcibly closed by the remote host.  : [client 201.245.192.253:34364] AH01102: error reading status line from remote server 172.22.1.31:80, referer: http://190.27.245.106/isolucionsda/FrameSetGeneral.asp?Pagina=BancoConocimiento/M/MECINuevo/MECINuevo.asp&IdModulo=16
[Thu May 28 10:52:11.476983 2015] [proxy:error] [pid 7472:tid 1736] [client 201.245.192.253:34364] AH00898: Error reading from remote server returned by /isolucionsda/BarraTitulos.asp, referer: http://190.27.245.106/isolucionsda/FrameSetGeneral.asp?Pagina=BancoConocimiento/M/MECINuevo/MECINuevo.asp&IdModulo=16
[Thu May 28 10:52:16.718592 2015] [proxy_http:error] [pid 7472:tid 1504] (20014)Internal error: [client 201.245.192.253:34423] AH01102: error reading status line from remote server 172.22.1.47:80
[Thu May 28 10:52:16.718592 2015] [proxy:error] [pid 7472:tid 1504] [client 201.245.192.253:34423] AH00898: Error reading from remote server returned by /forest/skins/gdocs-jar/img/control-double.png
[Thu May 28 10:52:31.632219 2015] [proxy_http:error] [pid 7472:tid 1632] (20014)Internal error: [client 186.147.93.25:1793] AH01102: error reading status line from remote server 172.22.1.47:80, referer: http://190.27.245.106/forest/usudocumentos.do?_a=0.42918683328356466&group_system_actual=3
[Thu May 28 10:52:31.632219 2015] [proxy:error] [pid 7472:tid 1632] [client 186.147.93.25:1793] AH00898: Error reading from remote server returned by /forest/skins/gdocs-jar/css/autocomplete.css, referer: http://190.27.245.106/forest/usudocumentos.do?_a=0.42918683328356466&group_system_actual=3
[Thu May 28 10:52:32.864621 2015] [proxy_http:error] [pid 7472:tid 1592] (20014)Internal error: [client 186.147.93.25:1795] AH01102: error reading status line from remote server 172.22.1.47:80, referer: http://190.27.245.106/forest/usudocumentos.do?_a=0.42918683328356466&group_system_actual=3
[Thu May 28 10:53:50.069156 2015] [proxy_http:error] [pid 7472:tid 1560] (20014)Internal error: [client 186.147.93.25:1823] AH01102: error reading status line from remote server 172.22.1.47:80, referer: http://190.27.245.106/forest/usutareas.do?_a=0.45912593328305884&group_system_actual=3
[Thu May 28 10:53:50.209557 2015] [proxy_http:error] [pid 7472:tid 1568] (20014)Internal error: [client 186.147.93.25:1830] AH01102: error reading status line from remote server 172.22.1.47:80, referer: http://190.27.245.106/forest/usutareas.do?_a=0.45912593328305884&group_system_actual=3
[Thu May 28 10:53:50.412357 2015] [proxy_http:error] [pid 7472:tid 1800] (20014)Internal error: [client 186.147.93.25:1833] AH01102: error reading status line from remote server 172.22.1.47:80, referer: http://190.27.245.106/forest/usutareas.do?_a=0.45912593328305884&group_system_actual=3
[Thu May 28 10:55:20.159315 2015] [proxy_http:error] [pid 7472:tid 1512] (20014)Internal error: [client 190.157.153.111:49370] AH01102: error reading status line from remote server 172.22.1.47:80, referer: http://190.27.245.106/forest/buscar.do?type=procesos
[Thu May 28 10:57:05.896300 2015] [proxy_http:error] [pid 7472:tid 1624] (20014)Internal error: [client 201.245.192.253:23974] AH01102: error reading status line from remote server 172.22.1.47:80, referer: http://190.27.245.106/forest/index2.jsp?_a=0.7415288058109581
[Thu May 28 10:57:05.896300 2015] [proxy:error] [pid 7472:tid 1624] [client 201.245.192.253:23974] AH00898: Error reading from remote server returned by /forest/session.jsp, referer: http://190.27.245.106/forest/index2.jsp?_a=0.7415288058109581
[Thu May 28 10:57:05.896300 2015] [negotiation:error] [pid 7472:tid 1624] [client 201.245.192.253:23974] AH00690: no acceptable variant: E:/nuevo/apache/error/HTTP_BAD_GATEWAY.html.var, referer: http://190.27.245.106/forest/index2.jsp?_a=0.7415288058109581
[Thu May 28 10:58:35.066057 2015] [proxy_http:error] [pid 7472:tid 1664] (20014)Internal error: [client 190.157.153.111:49382] AH01102: error reading status line from remote server 172.22.1.47:80, referer: http://190.27.245.106/forest/usutareas.do?group_system_actual=3&a=0.5049780204426497
[Thu May 28 10:58:55.564493 2015] [proxy_http:error] [pid 7472:tid 1624] (20014)Internal error: [client 201.245.192.253:17783] AH01102: error reading status line from remote server 172.22.1.47:80, referer: http://190.27.245.106/forest/buscar.do?type=documentos
[Thu May 28 10:58:55.595693 2015] [proxy_http:error] [pid 7472:tid 1872] (20014)Internal error: [client 201.245.192.253:17796] AH01102: error reading status line from remote server 172.22.1.47:80, referer: http://190.27.245.106/forest/buscar.do?type=documentos
[Thu May 28 10:58:55.595693 2015] [proxy:error] [pid 7472:tid 1872] [client 201.245.192.253:17796] AH00898: Error reading from remote server returned by /forest/json.do, referer: http://190.27.245.106/forest/buscar.do?type=documentos
[Thu May 28 10:58:55.595693 2015] [negotiation:error] [pid 7472:tid 1872] [client 201.245.192.253:17796] AH00690: no acceptable variant: E:/nuevo/apache/error/HTTP_BAD_GATEWAY.html.var, referer: http://190.27.245.106/forest/buscar.do?type=documentos
[Thu May 28 10:59:23.831743 2015] [proxy_http:error] [pid 7472:tid 1848] (20014)Internal error: [client 190.157.153.111:49389] AH01102: error reading status line from remote server 172.22.1.47:80, referer: http://190.27.245.106/forest/usutareas.do?group_system_actual=3&a=0.22478969069197774
[Thu May 28 10:59:25.282545 2015] [proxy_http:error] [pid 7472:tid 1448] (20014)Internal error: [client 201.245.192.253:54560] AH01102: error reading status line from remote server 172.22.1.47:80, referer: http://190.27.245.106/forest/index2.jsp?_a=0.3251410652001688
[Thu May 28 10:59:25.282545 2015] [proxy:error] [pid 7472:tid 1448] [client 201.245.192.253:54560] AH00898: Error reading from remote server returned by /forest/skins/gdocs-jar/css/forest.css, referer: http://190.27.245.106/forest/index2.jsp?_a=0.3251410652001688
[Thu May 28 10:59:25.438545 2015] [proxy_http:error] [pid 7472:tid 1632] (20014)Internal error: [client 201.245.192.253:54566] AH01102: error reading status line from remote server 172.22.1.47:80, referer: http://190.27.245.106/forest/index2.jsp?_a=0.3251410652001688
[Thu May 28 10:59:25.438545 2015] [proxy:error] [pid 7472:tid 1632] [client 201.245.192.253:54566] AH00898: Error reading from remote server returned by /forest/skins/gdocs-jar/css/menu.css, referer: http://190.27.245.106/forest/index2.jsp?_a=0.3251410652001688
[Thu May 28 10:59:25.454145 2015] [proxy_http:error] [pid 7472:tid 1448] (20014)Internal error: [client 201.245.192.253:54565] AH01102: error reading status line from remote server 172.22.1.47:80, referer: http://190.27.245.106/forest/index2.jsp?_a=0.3251410652001688
[Thu May 28 10:59:25.454145 2015] [proxy:error] [pid 7472:tid 1448] [client 201.245.192.253:54565] AH00898: Error reading from remote server returned by /forest/css/escritorio.css, referer: http://190.27.245.106/forest/index2.jsp?_a=0.3251410652001688
[Thu May 28 10:59:26.530547 2015] [proxy_http:error] [pid 7472:tid 1800] (20014)Internal error: [client 201.245.192.253:54576] AH01102: error reading status line from remote server 172.22.1.47:80, referer: http://190.27.245.106/forest/index2.jsp?_a=0.3251410652001688
[Thu May 28 10:59:26.530547 2015] [proxy:error] [pid 7472:tid 1800] [client 201.245.192.253:54576] AH00898: Error reading from remote server returned by /forest/img/base/bsc2_r1_c2.gif, referer: http://190.27.245.106/forest/index2.jsp?_a=0.3251410652001688
[Thu May 28 10:59:26.530547 2015] [proxy_http:error] [pid 7472:tid 1632] (20014)Internal error: [client 201.245.192.253:54574] AH01102: error reading status line from remote server 172.22.1.47:80, referer: http://190.27.245.106/forest/index2.jsp?_a=0.3251410652001688
[Thu May 28 10:59:26.577347 2015] [proxy_http:error] [pid 7472:tid 1672] (20014)Internal error: [client 201.245.192.253:54562] AH01102: error reading status line from remote server 172.22.1.47:80, referer: http://190.27.245.106/forest/index2.jsp?_a=0.3251410652001688
[Thu May 28 10:59:26.577347 2015] [proxy_http:error] [pid 7472:tid 1632] (20014)Internal error: [client 201.245.192.253:54580] AH01102: error reading status line from remote server 172.22.1.47:80, referer: http://190.27.245.106/forest/index2.jsp?_a=0.3251410652001688
[Thu May 28 10:59:26.577347 2015] [proxy:error] [pid 7472:tid 1632] [client 201.245.192.253:54580] AH00898: Error reading from remote server returned by /forest/img/pantalla.gif, referer: http://190.27.245.106/forest/index2.jsp?_a=0.3251410652001688
[Thu May 28 10:59:27.934550 2015] [proxy_http:error] [pid 7472:tid 1848] (20014)Internal error: [client 190.157.153.111:49390] AH01102: error reading status line from remote server 172.22.1.47:80, referer: http://190.27.245.106/forest/usudocumentos.do?_a=0.34726647404022515&group_system_actual=3
[Thu May 28 11:00:02.051810 2015] [proxy_http:error] [pid 7472:tid 1440] (20014)Internal error: [client 201.245.192.253:55369] AH01102: error reading status line from remote server 172.22.1.47:80, referer: http://190.27.245.106/forest/frameset?
[Thu May 28 11:00:02.301410 2015] [proxy_http:error] [pid 7472:tid 1840] (20014)Internal error: [client 201.245.192.253:55261] AH01102: error reading status line from remote server 172.22.1.47:80, referer: http://190.27.245.106/forest/frameset?
[Thu May 28 11:00:11.817427 2015] [proxy_http:error] [pid 7472:tid 1688] (20014)Internal error: [client 201.245.192.253:55530] AH01102: error reading status line from remote server 172.22.1.47:80, referer: http://190.27.245.106/forest/frameset?
[Thu May 28 11:00:11.817427 2015] [proxy:error] [pid 7472:tid 1688] [client 201.245.192.253:55530] AH00898: Error reading from remote server returned by /forestReports/webcontent/birt/images/AddAll.gif, referer: http://190.27.245.106/forest/frameset?
[Thu May 28 11:00:55.107503 2015] [proxy_http:error] [pid 7472:tid 1432] (20014)Internal error: [client 186.147.93.25:1848] AH01102: error reading status line from remote server 172.22.1.47:80, referer: http://190.27.245.106/forest/usutareas.do?_a=0.45912593328305884&group_system_actual=3
[Thu May 28 11:00:55.107503 2015] [proxy:error] [pid 7472:tid 1432] [client 186.147.93.25:1848] AH00898: Error reading from remote server returned by /forest/usutareas.do, referer: http://190.27.245.106/forest/usutareas.do?_a=0.45912593328305884&group_system_actual=3
[Thu May 28 11:00:56.792306 2015] [proxy_http:error] [pid 7472:tid 1776] (20014)Internal error: [client 190.157.153.111:49402] AH01102: error reading status line from remote server 172.22.1.47:80, referer: http://190.27.245.106/forest/usutareas.do?group_system_actual=3&a=0.4833695937413722
[Thu May 28 11:04:37.891494 2015] [proxy_http:error] [pid 7472:tid 1688] (20014)Internal error: [client 186.147.93.25:1878] AH01102: error reading status line from remote server 172.22.1.47:80, referer: http://190.27.245.106/forest/index2.jsp?_a=0.9246459761644007
[Thu May 28 11:04:37.891494 2015] [proxy:error] [pid 7472:tid 1688] [client 186.147.93.25:1878] AH00898: Error reading from remote server returned by /forest/skins/gdocs-jar/css/menu.css, referer: http://190.27.245.106/forest/index2.jsp?_a=0.9246459761644007
[Thu May 28 11:06:23.191679 2015] [proxy_http:error] [pid 7472:tid 1432] (20014)Internal error: [client 201.245.192.253:29714] AH01102: error reading status line from remote server 172.22.1.47:80, referer: http://190.27.245.106/forest/usutareas.do?group_system_actual=3&a=0.9723413097672164
[Thu May 28 11:06:24.486481 2015] [proxy_http:error] [pid 7472:tid 1432] (20014)Internal error: [client 201.245.192.253:29728] AH01102: error reading status line from remote server 172.22.1.47:80, referer: http://190.27.245.106/forest/usutareas.do?group_system_actual=3&a=0.9723413097672164
[Thu May 28 11:06:24.486481 2015] [proxy:error] [pid 7472:tid 1432] [client 201.245.192.253:29728] AH00898: Error reading from remote server returned by /forest/misactividades.do, referer: http://190.27.245.106/forest/usutareas.do?group_system_actual=3&a=0.9723413097672164
[Thu May 28 11:07:37.198209 2015] [proxy_http:error] [pid 7472:tid 1744] (20014)Internal error: [client 201.245.192.253:30768] AH01102: error reading status line from remote server 172.22.1.47:80, referer: http://190.27.245.106/forest/buscar.do?type=procesos
[Thu May 28 11:07:37.198209 2015] [proxy:error] [pid 7472:tid 1744] [client 201.245.192.253:30768] AH00898: Error reading from remote server returned by /forest/json.do, referer: http://190.27.245.106/forest/buscar.do?type=procesos
[Thu May 28 11:07:37.198209 2015] [negotiation:error] [pid 7472:tid 1744] [client 201.245.192.253:30768] AH00690: no acceptable variant: E:/nuevo/apache/error/HTTP_BAD_GATEWAY.html.var, referer: http://190.27.245.106/forest/buscar.do?type=procesos
[Thu May 28 11:09:14.776381 2015] [proxy_http:error] [pid 7472:tid 1568] (20014)Internal error: [client 201.245.192.253:31614] AH01102: error reading status line from remote server 172.22.1.47:80
[Thu May 28 11:09:14.776381 2015] [proxy:error] [pid 7472:tid 1568] [client 201.245.192.253:31614] AH00898: Error reading from remote server returned by /forest/skins/gdocs-jar/img/expandido.gif
[Thu May 28 11:09:39.065623 2015] [proxy_http:error] [pid 7472:tid 1800] (20014)Internal error: [client 186.147.93.25:1922] AH01102: error reading status line from remote server 172.22.1.47:80, referer: http://190.27.245.106/forest/usutareas.do?group_system_actual=3&a=0.15914589814903313
[Thu May 28 11:09:39.065623 2015] [proxy:error] [pid 7472:tid 1800] [client 186.147.93.25:1922] AH00898: Error reading from remote server returned by /forest/skins/gdocs-jar/css/dialog.css, referer: http://190.27.245.106/forest/usutareas.do?group_system_actual=3&a=0.15914589814903313
[Thu May 28 11:11:25.489010 2015] [proxy_http:error] [pid 7472:tid 1416] (20014)Internal error: [client 186.147.93.25:1944] AH01102: error reading status line from remote server 172.22.1.47:80, referer: http://190.27.245.106/forest/usutareas.do?_a=0.7942851771776689&group_system_actual=3
[Thu May 28 11:11:25.489010 2015] [proxy:error] [pid 7472:tid 1416] [client 186.147.93.25:1944] AH00898: Error reading from remote server returned by /forest/css/index.css, referer: http://190.27.245.106/forest/usutareas.do?_a=0.7942851771776689&group_system_actual=3
[Thu May 28 11:12:35.033932 2015] [proxy_http:error] [pid 7472:tid 1496] (20014)Internal error: [client 186.147.93.25:1998] AH01102: error reading status line from remote server 172.22.1.47:80, referer: http://190.27.245.106/forest/usudocumentos.do?group_system_actual=3&a=0.18863582512181865
[Thu May 28 11:12:35.033932 2015] [proxy:error] [pid 7472:tid 1496] [client 186.147.93.25:1998] AH00898: Error reading from remote server returned by /forest/css/index.css, referer: http://190.27.245.106/forest/usudocumentos.do?group_system_actual=3&a=0.18863582512181865
[Thu May 28 11:12:35.642333 2015] [proxy_http:error] [pid 7472:tid 1568] (20014)Internal error: [client 186.147.93.25:1997] AH01102: error reading status line from remote server 172.22.1.47:80, referer: http://190.27.245.106/forest/usudocumentos.do?group_system_actual=3&a=0.18863582512181865
[Thu May 28 11:12:35.704733 2015] [proxy_http:error] [pid 7472:tid 1496] (20014)Internal error: [client 186.147.93.25:1998] AH01102: error reading status line from remote server 172.22.1.47:80, referer: http://190.27.245.106/forest/usudocumentos.do?group_system_actual=3&a=0.18863582512181865
[Thu May 28 11:12:36.547135 2015] [proxy_http:error] [pid 7472:tid 1552] (20014)Internal error: [client 186.147.93.25:1993] AH01102: error reading status line from remote server 172.22.1.47:80, referer: http://190.27.245.106/forest/usudocumentos.do?group_system_actual=3&a=0.18863582512181865
[Thu May 28 11:12:49.339157 2015] [proxy_http:error] [pid 7472:tid 1448] (20014)Internal error: [client 186.147.93.25:2000] AH01102: error reading status line from remote server 172.22.1.47:80, referer: http://190.27.245.106/forest/usudocumentos.do?group_system_actual=3&a=0.18863582512181865
[Thu May 28 11:12:49.339157 2015] [proxy:error] [pid 7472:tid 1448] [client 186.147.93.25:2000] AH00898: Error reading from remote server returned by /forest/usudocumentos.do, referer: http://190.27.245.106/forest/usudocumentos.do?group_system_actual=3&a=0.18863582512181865
[Thu May 28 11:12:49.354757 2015] [negotiation:error] [pid 7472:tid 1448] [client 186.147.93.25:2000] AH00690: no acceptable variant: E:/nuevo/apache/error/HTTP_BAD_GATEWAY.html.var, referer: http://190.27.245.106/forest/usudocumentos.do?group_system_actual=3&a=0.18863582512181865
[Thu May 28 11:15:47.117070 2015] [proxy_http:error] [pid 7472:tid 1632] (20014)Internal error: [client 201.245.192.253:34497] AH01102: error reading status line from remote server 172.22.1.47:80
[Thu May 28 11:15:47.117070 2015] [proxy:error] [pid 7472:tid 1632] [client 201.245.192.253:34497] AH00898: Error reading from remote server returned by /forest/skins/gdocs-jar/js/autocompletar2.js
[Thu May 28 11:18:44.598581 2015] [proxy_http:error] [pid 7472:tid 1672] (20014)Internal error: [client 201.245.192.253:25380] AH01102: error reading status line from remote server 172.22.1.47:80
[Thu May 28 11:18:44.598581 2015] [proxy:error] [pid 7472:tid 1672] [client 201.245.192.253:25380] AH00898: Error reading from remote server returned by /forest/img/nav_first.gif
[Thu May 28 11:19:19.963843 2015] [proxy_http:error] [pid 7472:tid 1672] (20014)Internal error: [client 201.245.192.253:25691] AH01102: error reading status line from remote server 172.22.1.47:80
[Thu May 28 11:19:19.963843 2015] [proxy:error] [pid 7472:tid 1672] [client 201.245.192.253:25691] AH00898: Error reading from remote server returned by /forest/css/dialog.css
[Thu May 28 11:22:10.597943 2015] [proxy_http:error] [pid 7472:tid 1504] (20014)Internal error: [client 201.245.192.253:53464] AH01102: error reading status line from remote server 172.22.1.47:80, referer: http://190.27.245.106/forest/buscar.do?type=procesos
[Thu May 28 11:22:10.597943 2015] [proxy:error] [pid 7472:tid 1504] [client 201.245.192.253:53464] AH00898: Error reading from remote server returned by /forest/buscar.do, referer: http://190.27.245.106/forest/buscar.do?type=procesos
[Thu May 28 11:22:20.660961 2015] [proxy_http:error] [pid 7472:tid 1784] (20014)Internal error: [client 201.245.192.253:28423] AH01102: error reading status line from remote server 172.22.1.47:80, referer: http://190.27.245.106/forest/usutareas.do?_a=0.049678954059041436&group_system_actual=3
[Thu May 28 11:22:53.561419 2015] [proxy_http:error] [pid 7472:tid 1808] (20014)Internal error: [client 201.245.192.253:54095] AH01102: error reading status line from remote server 172.22.1.47:80, referer: http://190.27.245.106/forest/reportes.do?menu=1&group_system_actual=5
[Thu May 28 11:22:53.561419 2015] [proxy:error] [pid 7472:tid 1808] [client 201.245.192.253:54095] AH00898: Error reading from remote server returned by /forest/system/process.jsp, referer: http://190.27.245.106/forest/reportes.do?menu=1&group_system_actual=5
[Thu May 28 11:25:45.520521 2015] [proxy_http:error] [pid 7472:tid 1592] (20014)Internal error: [client 201.245.192.253:30200] AH01102: error reading status line from remote server 172.22.1.47:80
[Thu May 28 11:25:45.520521 2015] [proxy:error] [pid 7472:tid 1592] [client 201.245.192.253:30200] AH00898: Error reading from remote server returned by /forest/css/index.css
