[Mon Jul 13 11:48:20.931509 2015] [proxy:error] [pid 7436:tid 1644] [client 201.245.192.253:47338] AH00898: Error reading from remote server returned by /forest/system/process.jsp, referer: http://190.27.245.106/forest/reportes.do?menu=1&group_system_actual=5
[Mon Jul 13 11:49:12.115199 2015] [proxy_http:error] [pid 7436:tid 1340] (20014)Internal error: [client 181.61.173.135:49632] AH01102: error reading status line from remote server 172.22.1.47:80, referer: http://190.27.245.106/forest/usudocumentos.do?_a=0.3739679679274559&group_system_actual=3
[Mon Jul 13 11:49:35.484040 2015] [proxy_http:error] [pid 7436:tid 1844] (20014)Internal error: [client 201.245.192.253:25743] AH01102: error reading status line from remote server 172.22.1.47:80, referer: http://190.27.245.106/forest/buscar.do?type=procesos
[Mon Jul 13 11:49:35.484040 2015] [proxy:error] [pid 7436:tid 1844] [client 201.245.192.253:25743] AH00898: Error reading from remote server returned by /forest/skins/gdocs-jar/css/tree.css, referer: http://190.27.245.106/forest/buscar.do?type=procesos
[Mon Jul 13 11:49:35.484040 2015] [proxy_http:error] [pid 7436:tid 1308] (20014)Internal error: [client 201.245.192.253:25728] AH01102: error reading status line from remote server 172.22.1.47:80, referer: http://190.27.245.106/forest/buscar.do?type=procesos
[Mon Jul 13 11:49:35.499640 2015] [proxy_http:error] [pid 7436:tid 1044] (20014)Internal error: [client 201.245.192.253:25746] AH01102: error reading status line from remote server 172.22.1.47:80, referer: http://190.27.245.106/forest/buscar.do?type=procesos
[Mon Jul 13 11:49:35.515240 2015] [proxy_http:error] [pid 7436:tid 1204] (20014)Internal error: [client 201.245.192.253:25744] AH01102: error reading status line from remote server 172.22.1.47:80, referer: http://190.27.245.106/forest/buscar.do?type=procesos
[Mon Jul 13 11:49:36.451242 2015] [proxy_http:error] [pid 7436:tid 1820] (20014)Internal error: [client 181.63.84.188:51488] AH01102: error reading status line from remote server 172.22.1.47:80, referer: http://190.27.245.106/forest/skins/gdocs-jar/popup/showformtocrudtwo.jsp?codForm=solicitar_correccion&numPro=3158488&codInst=3203492&codTraEsc=18633966&schema=&table=&column=
[Mon Jul 13 11:50:10.646502 2015] [proxy_http:error] [pid 7436:tid 1044] (20014)Internal error: [client 190.60.94.206:60039] AH01102: error reading status line from remote server 172.22.1.47:80, referer: http://190.27.245.106/forest/buscar.do?type=documentos
[Mon Jul 13 11:50:23.906525 2015] [proxy_http:error] [pid 7436:tid 1636] (20014)Internal error: [client 201.245.192.253:39480] AH01102: error reading status line from remote server 172.22.1.47:80, referer: http://190.27.245.106/forest/buscar.do?type=procesos
[Mon Jul 13 11:50:23.906525 2015] [proxy_http:error] [pid 7436:tid 1044] (20014)Internal error: [client 201.245.192.253:39488] AH01102: error reading status line from remote server 172.22.1.47:80, referer: http://190.27.245.106/forest/buscar.do?type=procesos
[Mon Jul 13 11:50:23.906525 2015] [proxy:error] [pid 7436:tid 1044] [client 201.245.192.253:39488] AH00898: Error reading from remote server returned by /forest/js/escritorio/escritorio.js, referer: http://190.27.245.106/forest/buscar.do?type=procesos
[Mon Jul 13 11:50:23.922125 2015] [proxy_http:error] [pid 7436:tid 1420] (20014)Internal error: [client 201.245.192.253:39487] AH01102: error reading status line from remote server 172.22.1.47:80, referer: http://190.27.245.106/forest/buscar.do?type=procesos
[Mon Jul 13 11:50:23.922125 2015] [proxy_http:error] [pid 7436:tid 1796] (20014)Internal error: [client 201.245.192.253:39484] AH01102: error reading status line from remote server 172.22.1.47:80, referer: http://190.27.245.106/forest/buscar.do?type=procesos
[Mon Jul 13 11:50:53.998978 2015] [proxy_http:error] [pid 7436:tid 1388] (20014)Internal error: [client 181.63.84.188:51518] AH01102: error reading status line from remote server 172.22.1.47:80, referer: http://190.27.245.106/forest/misactividades.do?group_system_actual=3&codPro=95&_a=0.14250803787139954
[Mon Jul 13 11:50:53.998978 2015] [proxy:error] [pid 7436:tid 1388] [client 181.63.84.188:51518] AH00898: Error reading from remote server returned by /forest/usutareas.do, referer: http://190.27.245.106/forest/misactividades.do?group_system_actual=3&codPro=95&_a=0.14250803787139954
[Mon Jul 13 11:51:01.128190 2015] [proxy_http:error] [pid 7436:tid 1572] (20014)Internal error: [client 190.60.94.206:60713] AH01102: error reading status line from remote server 172.22.1.47:80, referer: http://190.27.245.106/forest/index2.jsp?a=0.25797116463376346
[Mon Jul 13 11:51:01.689791 2015] [proxy_http:error] [pid 7436:tid 1044] (20014)Internal error: [client 181.63.84.188:51526] AH01102: error reading status line from remote server 172.22.1.47:80, referer: http://190.27.245.106/forest/index2.jsp?_a=0.2118060057229757
[Mon Jul 13 11:51:01.689791 2015] [proxy:error] [pid 7436:tid 1044] [client 181.63.84.188:51526] AH00898: Error reading from remote server returned by /forest/css/index.css, referer: http://190.27.245.106/forest/index2.jsp?_a=0.2118060057229757
[Mon Jul 13 11:51:01.892592 2015] [proxy_http:error] [pid 7436:tid 1796] (20014)Internal error: [client 181.63.84.188:51525] AH01102: error reading status line from remote server 172.22.1.47:80
[Mon Jul 13 11:51:01.892592 2015] [proxy_http:error] [pid 7436:tid 1572] (20014)Internal error: [client 181.63.84.188:51527] AH01102: error reading status line from remote server 172.22.1.47:80, referer: http://190.27.245.106/forest/index2.jsp?_a=0.2118060057229757
[Mon Jul 13 11:51:38.334256 2015] [proxy_http:error] [pid 7436:tid 1652] (20014)Internal error: [client 201.245.192.253:55911] AH01102: error reading status line from remote server 172.22.1.47:80, referer: http://190.27.245.106/forest/index2.jsp?a=0.17322812229718376
[Mon Jul 13 11:51:38.334256 2015] [proxy:error] [pid 7436:tid 1652] [client 201.245.192.253:55911] AH00898: Error reading from remote server returned by /forest/session.jsp, referer: http://190.27.245.106/forest/index2.jsp?a=0.17322812229718376
[Mon Jul 13 11:51:38.334256 2015] [negotiation:error] [pid 7436:tid 1652] [client 201.245.192.253:55911] AH00690: no acceptable variant: E:/nuevo/apache/error/HTTP_BAD_GATEWAY.html.var, referer: http://190.27.245.106/forest/index2.jsp?a=0.17322812229718376
[Mon Jul 13 11:52:39.174363 2015] [proxy_http:error] [pid 7436:tid 1388] (20014)Internal error: [client 181.63.84.188:51548] AH01102: error reading status line from remote server 172.22.1.47:80, referer: http://190.27.245.106/forest/usutareas.do?codTraEsc=18639032
[Mon Jul 13 11:52:39.174363 2015] [proxy:error] [pid 7436:tid 1388] [client 181.63.84.188:51548] AH00898: Error reading from remote server returned by /forest/index2.jsp, referer: http://190.27.245.106/forest/usutareas.do?codTraEsc=18639032
[Mon Jul 13 11:53:02.262403 2015] [proxy_http:error] [pid 7436:tid 1068] (20014)Internal error: [client 201.245.192.253:45934] AH01102: error reading status line from remote server 172.22.1.47:80, referer: http://190.27.245.106/forest/login.do
[Mon Jul 13 11:53:02.262403 2015] [proxy:error] [pid 7436:tid 1068] [client 201.245.192.253:45934] AH00898: Error reading from remote server returned by /forest/css/index.css, referer: http://190.27.245.106/forest/login.do
[Mon Jul 13 11:53:24.570442 2015] [proxy_http:error] [pid 7436:tid 1540] (20014)Internal error: [client 201.245.192.253:29301] AH01102: error reading status line from remote server 172.22.1.47:80, referer: http://190.27.245.106/forest/buscar.do?type=procesos
[Mon Jul 13 11:54:01.573707 2015] [proxy_http:error] [pid 7436:tid 1676] (20014)Internal error: [client 201.245.192.253:35457] AH01102: error reading status line from remote server 172.22.1.47:80, referer: http://190.27.245.106/forest/buscar.do?type=procesos
[Mon Jul 13 11:54:01.589307 2015] [proxy_http:error] [pid 7436:tid 1124] (20014)Internal error: [client 201.245.192.253:35459] AH01102: error reading status line from remote server 172.22.1.47:80, referer: http://190.27.245.106/forest/buscar.do?type=procesos
[Mon Jul 13 11:54:16.986534 2015] [proxy_http:error] [pid 7436:tid 1804] (20014)Internal error: [client 201.245.192.253:35844] AH01102: error reading status line from remote server 172.22.1.47:80, referer: http://190.27.245.106/forest/buscar.do?type=procesos
[Mon Jul 13 11:54:56.657404 2015] [proxy_http:error] [pid 7436:tid 1124] (20014)Internal error: [client 201.245.192.253:36750] AH01102: error reading status line from remote server 172.22.1.47:80, referer: http://190.27.245.106/forest/reportes.do?group_system_actual=5&menu=1&tab=3
[Mon Jul 13 11:54:56.657404 2015] [proxy:error] [pid 7436:tid 1124] [client 201.245.192.253:36750] AH00898: Error reading from remote server returned by /forest/frameset, referer: http://190.27.245.106/forest/reportes.do?group_system_actual=5&menu=1&tab=3
[Mon Jul 13 11:56:01.896719 2015] [proxy_http:error] [pid 7436:tid 1204] (20014)Internal error: [client 201.245.192.253:38961] AH01102: error reading status line from remote server 172.22.1.47:80, referer: http://190.27.245.106/forest/buscar.do?type=procesos
[Mon Jul 13 11:56:02.863920 2015] [proxy_http:error] [pid 7436:tid 1388] (20014)Internal error: [client 201.245.192.253:38992] AH01102: error reading status line from remote server 172.22.1.47:80, referer: http://190.27.245.106/forest/usutareas.do?_a=0.8912662687658394&group_system_actual=3
[Mon Jul 13 11:56:04.236723 2015] [proxy_http:error] [pid 7436:tid 1044] (20014)Internal error: [client 201.245.192.253:38950] AH01102: error reading status line from remote server 172.22.1.47:80, referer: http://190.27.245.106/forest/buscar.do?type=procesos
[Mon Jul 13 11:56:14.158340 2015] [proxy_http:error] [pid 7436:tid 1160] (20014)Internal error: [client 201.245.192.253:39292] AH01102: error reading status line from remote server 172.22.1.47:80, referer: http://190.27.245.106/forest/buscar.do?type=procesos
[Mon Jul 13 11:56:14.361141 2015] [proxy_http:error] [pid 7436:tid 1160] (20014)Internal error: [client 201.245.192.253:39293] AH01102: error reading status line from remote server 172.22.1.47:80, referer: http://190.27.245.106/forest/buscar.do?type=procesos
[Mon Jul 13 11:56:14.361141 2015] [proxy:error] [pid 7436:tid 1160] [client 201.245.192.253:39293] AH00898: Error reading from remote server returned by /forest/json.do, referer: http://190.27.245.106/forest/buscar.do?type=procesos
[Mon Jul 13 11:56:14.361141 2015] [negotiation:error] [pid 7436:tid 1160] [client 201.245.192.253:39293] AH00690: no acceptable variant: E:/nuevo/apache/error/HTTP_BAD_GATEWAY.html.var, referer: http://190.27.245.106/forest/buscar.do?type=procesos
[Mon Jul 13 11:56:16.654345 2015] [proxy_http:error] [pid 7436:tid 1820] (20014)Internal error: [client 201.245.192.253:32861] AH01102: error reading status line from remote server 172.22.1.47:80, referer: http://190.27.245.106/forest/buscar.do?type=procesos
[Mon Jul 13 11:56:16.669945 2015] [proxy_http:error] [pid 7436:tid 1188] (20014)Internal error: [client 201.245.192.253:32863] AH01102: error reading status line from remote server 172.22.1.47:80, referer: http://190.27.245.106/forest/buscar.do?type=procesos
[Mon Jul 13 11:56:24.906759 2015] [proxy_http:error] [pid 7436:tid 1160] (20014)Internal error: [client 201.245.192.253:39513] AH01102: error reading status line from remote server 172.22.1.47:80, referer: http://190.27.245.106/forest/usutareas.do?group_system_actual=3&a=0.9337804267925559
[Mon Jul 13 11:56:24.906759 2015] [proxy:error] [pid 7436:tid 1160] [client 201.245.192.253:39513] AH00898: Error reading from remote server returned by /forest/1ibre/jscalendar/calendar-win2k-1.css, referer: http://190.27.245.106/forest/usutareas.do?group_system_actual=3&a=0.9337804267925559
[Mon Jul 13 11:56:24.953559 2015] [proxy_http:error] [pid 7436:tid 1812] (20014)Internal error: [client 201.245.192.253:39428] AH01102: error reading status line from remote server 172.22.1.47:80, referer: http://190.27.245.106/forest/usutareas.do?group_system_actual=3&a=0.9337804267925559
[Mon Jul 13 11:56:30.054768 2015] [proxy_http:error] [pid 7436:tid 1052] (20014)Internal error: [client 201.245.192.253:39430] AH01102: error reading status line from remote server 172.22.1.47:80, referer: http://190.27.245.106/forest/misactividades.do?_a=0.4283606894322677&group_system_actual=3
[Mon Jul 13 11:56:30.070368 2015] [proxy_http:error] [pid 7436:tid 1676] (20014)Internal error: [client 201.245.192.253:39431] AH01102: error reading status line from remote server 172.22.1.47:80, referer: http://190.27.245.106/forest/misactividades.do?_a=0.4283606894322677&group_system_actual=3
[Mon Jul 13 11:56:30.226369 2015] [proxy_http:error] [pid 7436:tid 1804] (20014)Internal error: [client 201.245.192.253:39427] AH01102: error reading status line from remote server 172.22.1.47:80, referer: http://190.27.245.106/forest/misactividades.do?_a=0.4283606894322677&group_system_actual=3
[Mon Jul 13 11:56:30.335569 2015] [proxy_http:error] [pid 7436:tid 1160] (20014)Internal error: [client 201.245.192.253:39513] AH01102: error reading status line from remote server 172.22.1.47:80, referer: http://190.27.245.106/forest/misactividades.do?_a=0.4283606894322677&group_system_actual=3
[Mon Jul 13 11:56:30.709969 2015] [proxy_http:error] [pid 7436:tid 1060] (20014)Internal error: [client 201.245.192.253:39524] AH01102: error reading status line from remote server 172.22.1.47:80, referer: http://190.27.245.106/forest/usutareas.do?group_system_actual=3&codTraEsc=18639276&_a=0.7077833142914016
[Mon Jul 13 11:56:35.452378 2015] [proxy_http:error] [pid 7436:tid 1204] (20014)Internal error: [client 201.245.192.253:39799] AH01102: error reading status line from remote server 172.22.1.47:80, referer: http://190.27.245.106/forest/usutareas.do?_a=0.636576406595459&group_system_actual=3
[Mon Jul 13 11:56:35.452378 2015] [proxy_http:error] [pid 7436:tid 1812] (20014)Internal error: [client 201.245.192.253:39798] AH01102: error reading status line from remote server 172.22.1.47:80, referer: http://190.27.245.106/forest/usutareas.do?_a=0.636576406595459&group_system_actual=3
[Mon Jul 13 11:56:35.467978 2015] [proxy_http:error] [pid 7436:tid 1452] (20014)Internal error: [client 201.245.192.253:39797] AH01102: error reading status line from remote server 172.22.1.47:80, referer: http://190.27.245.106/forest/usutareas.do?_a=0.636576406595459&group_system_actual=3
[Mon Jul 13 11:56:35.857978 2015] [proxy_http:error] [pid 7436:tid 1796] (20014)Internal error: [client 201.245.192.253:39800] AH01102: error reading status line from remote server 172.22.1.47:80, referer: http://190.27.245.106/forest/usutareas.do?_a=0.636576406595459&group_system_actual=3
[Mon Jul 13 11:56:36.091979 2015] [proxy_http:error] [pid 7436:tid 1156] (20014)Internal error: [client 181.63.84.188:51583] AH01102: error reading status line from remote server 172.22.1.47:80, referer: http://190.27.245.106/forest/usutareas.do?codTraEsc=18634042
[Mon Jul 13 11:56:56.309614 2015] [proxy_http:error] [pid 7436:tid 1308] (20014)Internal error: [client 201.245.192.253:33498] AH01102: error reading status line from remote server 172.22.1.47:80, referer: http://190.27.245.106/forest/buscar.do?
[Mon Jul 13 11:56:56.309614 2015] [proxy:error] [pid 7436:tid 1308] [client 201.245.192.253:33498] AH00898: Error reading from remote server returned by /forest/buscar.do, referer: http://190.27.245.106/forest/buscar.do?
[Mon Jul 13 11:57:20.224456 2015] [proxy_http:error] [pid 7436:tid 1340] (20014)Internal error: [client 201.245.192.253:41114] AH01102: error reading status line from remote server 172.22.1.47:80, referer: http://190.27.245.106/forest/buscar.do
[Mon Jul 13 11:58:43.123002 2015] [proxy_http:error] [pid 7436:tid 1180] (20014)Internal error: [client 181.61.173.135:49843] AH01102: error reading status line from remote server 172.22.1.47:80, referer: http://190.27.245.106/forest/usutareas.do?group_system_actual=3&a=0.5868219293188304
[Mon Jul 13 11:58:45.291406 2015] [proxy_http:error] [pid 7436:tid 1140] (20014)Internal error: [client 181.63.84.188:51597] AH01102: error reading status line from remote server 172.22.1.47:80, referer: http://190.27.245.106/forest/usutareas.do?codTraEsc=18639032
[Mon Jul 13 12:01:14.505668 2015] [proxy_http:error] [pid 7436:tid 1100] (20014)Internal error: [client 201.245.192.253:47030] AH01102: error reading status line from remote server 172.22.1.47:80, referer: http://190.27.245.106/forest/usutareas.do?group_system_actual=3&codTraEsc=18630336&_a=0.3123294545938592
[Mon Jul 13 12:03:16.326282 2015] [core:warn] [pid 2728:tid 312] AH00098: pid file E:/nuevo/apache/logs/httpd.pid overwritten -- Unclean shutdown of previous Apache run?
[Mon Jul 13 12:03:16.326282 2015] [auth_digest:notice] [pid 2728:tid 312] AH01757: generating secret for digest authentication ...
[Mon Jul 13 12:03:16.716282 2015] [mpm_winnt:notice] [pid 2728:tid 312] AH00455: Apache/2.4.10 (Win32) OpenSSL/1.0.1i PHP/5.5.15 configured -- resuming normal operations
[Mon Jul 13 12:03:16.716282 2015] [mpm_winnt:notice] [pid 2728:tid 312] AH00456: Apache Lounge VC11 Server built: Jul 17 2014 11:50:08
[Mon Jul 13 12:03:16.716282 2015] [core:notice] [pid 2728:tid 312] AH00094: Command line: 'e:\\nuevo\\apache\\bin\\httpd.exe -d E:/nuevo/apache'
[Mon Jul 13 12:03:16.716282 2015] [mpm_winnt:notice] [pid 2728:tid 312] AH00418: Parent: Created child process 1196
AH00548: NameVirtualHost has no effect and will be removed in the next release E:/nuevo/apache/conf/extra/httpd-vhosts.conf:44
[Mon Jul 13 12:03:17.418284 2015] [auth_digest:notice] [pid 1196:tid 324] AH01757: generating secret for digest authentication ...
[Mon Jul 13 12:03:17.667884 2015] [mpm_winnt:notice] [pid 1196:tid 324] AH00354: Child: Starting 150 worker threads.
[Mon Jul 13 12:03:19.368287 2015] [proxy_http:error] [pid 1196:tid 1608] (20014)Internal error: [client 201.245.192.253:25107] AH01102: error reading status line from remote server 172.22.1.47:80, referer: http://190.27.245.106/forest/buscar.do?type=procesos
[Mon Jul 13 12:05:34.433324 2015] [proxy_http:error] [pid 1196:tid 1560] (20014)Internal error: [client 201.245.192.253:26428] AH01102: error reading status line from remote server 172.22.1.47:80, referer: http://190.27.245.106/forest/index2.jsp?_a=0.07537029228032299
[Mon Jul 13 12:05:34.433324 2015] [proxy:error] [pid 1196:tid 1560] [client 201.245.192.253:26428] AH00898: Error reading from remote server returned by /forest/actions/forms.getList, referer: http://190.27.245.106/forest/index2.jsp?_a=0.07537029228032299
[Mon Jul 13 12:05:34.433324 2015] [negotiation:error] [pid 1196:tid 1560] [client 201.245.192.253:26428] AH00690: no acceptable variant: E:/nuevo/apache/error/HTTP_BAD_GATEWAY.html.var, referer: http://190.27.245.106/forest/index2.jsp?_a=0.07537029228032299
[Mon Jul 13 12:05:46.289345 2015] [proxy_http:error] [pid 1196:tid 1616] (20014)Internal error: [client 201.245.192.253:26417] AH01102: error reading status line from remote server 172.22.1.47:80, referer: http://190.27.245.106/forest/index2.jsp?_a=0.07537029228032299
[Mon Jul 13 12:07:45.052354 2015] [proxy_http:error] [pid 1196:tid 1688] (20014)Internal error: [client 201.245.192.253:46467] AH01102: error reading status line from remote server 172.22.1.47:80, referer: http://190.27.245.106/forest/usutareas.do?_a=0.4198586577922395&group_system_actual=3
[Mon Jul 13 12:08:13.865604 2015] [proxy_http:error] [pid 1196:tid 1720] (20014)Internal error: [client 201.245.192.253:47179] AH01102: error reading status line from remote server 172.22.1.47:80, referer: http://190.27.245.106/forest/usutareas.do?codTraEsc=18639576&_a=0.09854972494271674
[Mon Jul 13 12:08:13.865604 2015] [proxy:error] [pid 1196:tid 1720] [client 201.245.192.253:47179] AH00898: Error reading from remote server returned by /forest/img/pantalla.gif, referer: http://190.27.245.106/forest/usutareas.do?codTraEsc=18639576&_a=0.09854972494271674
[Mon Jul 13 12:08:21.806018 2015] [proxy_http:error] [pid 1196:tid 1584] (20014)Internal error: [client 201.245.192.253:35027] AH01102: error reading status line from remote server 172.22.1.47:80, referer: http://190.27.245.106/forest/frameset?
[Mon Jul 13 12:08:21.837218 2015] [proxy_http:error] [pid 1196:tid 1584] (20014)Internal error: [client 201.245.192.253:35080] AH01102: error reading status line from remote server 172.22.1.47:80, referer: http://190.27.245.106/forest/frameset?
[Mon Jul 13 12:08:21.837218 2015] [proxy:error] [pid 1196:tid 1584] [client 201.245.192.253:35080] AH00898: Error reading from remote server returned by /forestReports/webcontent/birt/ajax/core/Mask.js, referer: http://190.27.245.106/forest/frameset?
[Mon Jul 13 12:08:21.852818 2015] [proxy_http:error] [pid 1196:tid 1672] (20014)Internal error: [client 201.245.192.253:35082] AH01102: error reading status line from remote server 172.22.1.47:80, referer: http://190.27.245.106/forest/frameset?
[Mon Jul 13 12:08:21.852818 2015] [proxy:error] [pid 1196:tid 1672] [client 201.245.192.253:35082] AH00898: Error reading from remote server returned by /forestReports/webcontent/birt/ajax/utility/Constants.js, referer: http://190.27.245.106/forest/frameset?
[Mon Jul 13 12:08:21.884018 2015] [proxy_http:error] [pid 1196:tid 1672] (20014)Internal error: [client 201.245.192.253:35082] AH01102: error reading status line from remote server 172.22.1.47:80, referer: http://190.27.245.106/forest/frameset?
[Mon Jul 13 12:10:16.965421 2015] [proxy_http:error] [pid 1196:tid 1624] (20014)Internal error: [client 201.245.192.253:38542] AH01102: error reading status line from remote server 172.22.1.47:80, referer: http://190.27.245.106/forest/usutareas.do?_a=0.539518083318478&group_system_actual=3
[Mon Jul 13 12:10:16.965421 2015] [proxy:error] [pid 1196:tid 1624] [client 201.245.192.253:38542] AH00898: Error reading from remote server returned by /forest/actions/manager.fechaSumaDias, referer: http://190.27.245.106/forest/usutareas.do?_a=0.539518083318478&group_system_actual=3
[Mon Jul 13 12:10:16.965421 2015] [negotiation:error] [pid 1196:tid 1624] [client 201.245.192.253:38542] AH00690: no acceptable variant: E:/nuevo/apache/error/HTTP_BAD_GATEWAY.html.var, referer: http://190.27.245.106/forest/usutareas.do?_a=0.539518083318478&group_system_actual=3
[Mon Jul 13 12:10:20.818627 2015] [proxy_http:error] [pid 1196:tid 1808] (20014)Internal error: [client 201.245.192.253:29436] AH01102: error reading status line from remote server 172.22.1.47:80, referer: http://190.27.245.106/forest/index2.jsp?_a=0.07537029228032299
[Mon Jul 13 12:10:20.818627 2015] [proxy:error] [pid 1196:tid 1808] [client 201.245.192.253:29436] AH00898: Error reading from remote server returned by /forest/session.jsp, referer: http://190.27.245.106/forest/index2.jsp?_a=0.07537029228032299
[Mon Jul 13 12:10:20.818627 2015] [negotiation:error] [pid 1196:tid 1808] [client 201.245.192.253:29436] AH00690: no acceptable variant: E:/nuevo/apache/error/HTTP_BAD_GATEWAY.html.var, referer: http://190.27.245.106/forest/index2.jsp?_a=0.07537029228032299
[Mon Jul 13 12:10:20.865427 2015] [proxy_http:error] [pid 1196:tid 1624] (20014)Internal error: [client 201.245.192.253:38542] AH01102: error reading status line from remote server 172.22.1.47:80, referer: http://190.27.245.106/forest/usutareas.do?_a=0.539518083318478&group_system_actual=3
[Mon Jul 13 12:10:21.255428 2015] [proxy_http:error] [pid 1196:tid 1624] (20014)Internal error: [client 201.245.192.253:38638] AH01102: error reading status line from remote server 172.22.1.47:80, referer: http://190.27.245.106/forest/usutareas.do?_a=0.539518083318478&group_system_actual=3
[Mon Jul 13 12:10:50.396279 2015] [proxy_http:error] [pid 1196:tid 1832] (20014)Internal error: [client 201.245.192.253:39519] AH01102: error reading status line from remote server 172.22.1.47:80, referer: http://190.27.245.106/forest/buscar.do?type=documentos
[Mon Jul 13 12:10:50.396279 2015] [proxy:error] [pid 1196:tid 1832] [client 201.245.192.253:39519] AH00898: Error reading from remote server returned by /forest/skins/gdocs-jar/css/tree.css, referer: http://190.27.245.106/forest/buscar.do?type=documentos
[Mon Jul 13 12:14:55.503910 2015] [proxy_http:error] [pid 1196:tid 1808] (20014)Internal error: [client 201.245.192.253:45724] AH01102: error reading status line from remote server 172.22.1.47:80, referer: http://190.27.245.106/forest/usutareas.do?group_system_actual=3&a=0.47824761550111383
[Mon Jul 13 12:14:55.597510 2015] [proxy_http:error] [pid 1196:tid 1624] (20014)Internal error: [client 201.245.192.253:45735] AH01102: error reading status line from remote server 172.22.1.47:80, referer: http://190.27.245.106/forest/usutareas.do?group_system_actual=3&a=0.47824761550111383
[Mon Jul 13 12:15:16.158346 2015] [proxy_http:error] [pid 1196:tid 1584] (20014)Internal error: [client 201.245.192.253:46125] AH01102: error reading status line from remote server 172.22.1.47:80, referer: http://190.27.245.106/forest/usutareas.do?group_system_actual=3&a=0.2646700600757136
[Mon Jul 13 12:15:17.687149 2015] [proxy_http:error] [pid 1196:tid 1800] (20014)Internal error: [client 201.245.192.253:46141] AH01102: error reading status line from remote server 172.22.1.47:80, referer: http://190.27.245.106/forest/usutareas.do?group_system_actual=3&a=0.2646700600757136
[Mon Jul 13 12:15:27.156365 2015] [proxy_http:error] [pid 1196:tid 1752] (20014)Internal error: [client 201.245.192.253:46249] AH01102: error reading status line from remote server 172.22.1.47:80, referer: http://190.27.245.106/forest/usutareas.do?group_system_actual=3&codAct=1477&numPro=3124172&codPro=134&fecTra=2015-07-07%2007:50:18.0&codInst=3167175&codTraEsc=18584018
[Mon Jul 13 12:16:54.906520 2015] [proxy_http:error] [pid 1196:tid 1584] (20014)Internal error: [client 201.245.192.253:35600] AH01102: error reading status line from remote server 172.22.1.47:80, referer: http://190.27.245.106/forest/usutareas.do?_a=0.2205541111062762&group_system_actual=3
[Mon Jul 13 12:17:22.892969 2015] [proxy_http:error] [pid 1196:tid 1680] (20014)Internal error: [client 201.245.192.253:36436] AH01102: error reading status line from remote server 172.22.1.47:80, referer: http://190.27.245.106/forest/buscar.do?type=procesos
[Mon Jul 13 12:17:36.886193 2015] [proxy_http:error] [pid 1196:tid 1800] (20014)Internal error: [client 201.245.192.253:36701] AH01102: error reading status line from remote server 172.22.1.47:80, referer: http://190.27.245.106/forest/system/process.jsp?numPro=3152277
[Mon Jul 13 12:18:35.230296 2015] [proxy_http:error] [pid 1196:tid 1424] (20014)Internal error: [client 181.61.173.135:50191] AH01102: error reading status line from remote server 172.22.1.47:80, referer: http://190.27.245.106/forest/usutareas.do?codTraEsc=18568592
[Mon Jul 13 12:18:36.072697 2015] [proxy_http:error] [pid 1196:tid 1728] (20014)Internal error: [client 181.61.173.135:50193] AH01102: error reading status line from remote server 172.22.1.47:80, referer: http://190.27.245.106/forest/buscar.do?type=procesos
[Mon Jul 13 12:18:36.150697 2015] [proxy_http:error] [pid 1196:tid 1800] (20014)Internal error: [client 181.61.173.135:50195] AH01102: error reading status line from remote server 172.22.1.47:80, referer: http://190.27.245.106/forest/buscar.do?type=procesos
[Mon Jul 13 12:18:36.150697 2015] [proxy:error] [pid 1196:tid 1800] [client 181.61.173.135:50195] AH00898: Error reading from remote server returned by /forest/json.do, referer: http://190.27.245.106/forest/buscar.do?type=procesos
[Mon Jul 13 12:18:36.150697 2015] [negotiation:error] [pid 1196:tid 1800] [client 181.61.173.135:50195] AH00690: no acceptable variant: E:/nuevo/apache/error/HTTP_BAD_GATEWAY.html.var, referer: http://190.27.245.106/forest/buscar.do?type=procesos
[Mon Jul 13 12:18:36.181897 2015] [proxy_http:error] [pid 1196:tid 1800] (20014)Internal error: [client 181.61.173.135:50195] AH01102: error reading status line from remote server 172.22.1.47:80, referer: http://190.27.245.106/forest/buscar.do?type=procesos
[Mon Jul 13 12:18:36.244298 2015] [proxy_http:error] [pid 1196:tid 1800] (20014)Internal error: [client 201.245.192.253:38652] AH01102: error reading status line from remote server 172.22.1.47:80, referer: http://190.27.245.106/forest/usutareas.do?group_system_actual=3&a=0.8870087485678667
[Mon Jul 13 12:18:36.275498 2015] [proxy_http:error] [pid 1196:tid 1584] (20014)Internal error: [client 181.61.173.135:50199] AH01102: error reading status line from remote server 172.22.1.47:80, referer: http://190.27.245.106/forest/buscar.do?type=procesos
[Mon Jul 13 12:18:36.275498 2015] [proxy:error] [pid 1196:tid 1584] [client 181.61.173.135:50199] AH00898: Error reading from remote server returned by /forest/json.do, referer: http://190.27.245.106/forest/buscar.do?type=procesos
[Mon Jul 13 12:18:36.275498 2015] [negotiation:error] [pid 1196:tid 1584] [client 181.61.173.135:50199] AH00690: no acceptable variant: E:/nuevo/apache/error/HTTP_BAD_GATEWAY.html.var, referer: http://190.27.245.106/forest/buscar.do?type=procesos
[Mon Jul 13 12:18:36.415898 2015] [proxy_http:error] [pid 1196:tid 1800] (20014)Internal error: [client 201.245.192.253:38654] AH01102: error reading status line from remote server 172.22.1.47:80, referer: http://190.27.245.106/forest/buscar.do?type=procesos
[Mon Jul 13 12:18:52.936327 2015] [proxy_http:error] [pid 1196:tid 1728] (20014)Internal error: [client 201.245.192.253:39188] AH01102: error reading status line from remote server 172.22.1.47:80, referer: http://190.27.245.106/forest/buscar.do?
[Mon Jul 13 12:18:53.809928 2015] [proxy_http:error] [pid 1196:tid 1848] (20014)Internal error: [client 201.245.192.253:39189] AH01102: error reading status line from remote server 172.22.1.47:80, referer: http://190.27.245.106/forest/buscar.do?type=procesos
[Mon Jul 13 12:19:04.261947 2015] [proxy_http:error] [pid 1196:tid 1616] (20014)Internal error: [client 201.245.192.253:17129] AH01102: error reading status line from remote server 172.22.1.47:80, referer: http://190.27.245.106/forest/frameset?
[Mon Jul 13 12:19:07.116752 2015] [proxy_http:error] [pid 1196:tid 1752] (20014)Internal error: [client 201.245.192.253:39710] AH01102: error reading status line from remote server 172.22.1.47:80, referer: http://190.27.245.106/forest/buscar.do?type=procesos
[Mon Jul 13 12:19:07.147952 2015] [proxy_http:error] [pid 1196:tid 1544] (20014)Internal error: [client 201.245.192.253:39712] AH01102: error reading status line from remote server 172.22.1.47:80, referer: http://190.27.245.106/forest/buscar.do?type=procesos
[Mon Jul 13 12:19:07.428752 2015] [proxy_http:error] [pid 1196:tid 1496] (20014)Internal error: [client 201.245.192.253:39695] AH01102: error reading status line from remote server 172.22.1.47:80, referer: http://190.27.245.106/forest/buscar.do?type=procesos
[Mon Jul 13 12:19:07.662753 2015] [proxy_http:error] [pid 1196:tid 1752] (20014)Internal error: [client 201.245.192.253:39716] AH01102: error reading status line from remote server 172.22.1.47:80, referer: http://190.27.245.106/forest/buscar.do?type=procesos
[Mon Jul 13 12:19:07.662753 2015] [proxy:error] [pid 1196:tid 1752] [client 201.245.192.253:39716] AH00898: Error reading from remote server returned by /forest/1ibre/jscalendar/img.gif, referer: http://190.27.245.106/forest/buscar.do?type=procesos
[Mon Jul 13 12:19:10.002757 2015] [proxy_http:error] [pid 1196:tid 1848] (20014)Internal error: [client 201.245.192.253:39713] AH01102: error reading status line from remote server 172.22.1.47:80, referer: http://190.27.245.106/forest/buscar.do?
[Mon Jul 13 12:19:44.572418 2015] [proxy_http:error] [pid 1196:tid 1488] (20014)Internal error: [client 201.245.192.253:17328] AH01102: error reading status line from remote server 172.22.1.47:80, referer: http://190.27.245.106/forest/system/process.jsp?numPro=2557454
[Mon Jul 13 12:19:44.572418 2015] [proxy:error] [pid 1196:tid 1488] [client 201.245.192.253:17328] AH00898: Error reading from remote server returned by /forest/skins/gdocs-jar/img/eye.gif, referer: http://190.27.245.106/forest/system/process.jsp?numPro=2557454
[Mon Jul 13 12:20:54.741341 2015] [proxy_http:error] [pid 1196:tid 1464] (20014)Internal error: [client 201.245.192.253:41689] AH01102: error reading status line from remote server 172.22.1.47:80, referer: http://190.27.245.106/forest/buscar.do?type=procesos
[Mon Jul 13 12:21:23.117791 2015] [proxy_http:error] [pid 1196:tid 1784] (20014)Internal error: [client 201.245.192.253:54275] AH01102: error reading status line from remote server 172.22.1.47:80, referer: http://190.27.245.106/forest/usutareas.do?group_system_actual=3&a=0.971332311630249
[Mon Jul 13 12:21:23.117791 2015] [proxy:error] [pid 1196:tid 1784] [client 201.245.192.253:54275] AH00898: Error reading from remote server returned by /forest/usutareas.do, referer: http://190.27.245.106/forest/usutareas.do?group_system_actual=3&a=0.971332311630249
[Mon Jul 13 12:21:26.268996 2015] [proxy_http:error] [pid 1196:tid 1784] (20014)Internal error: [client 201.245.192.253:54275] AH01102: error reading status line from remote server 172.22.1.47:80, referer: http://190.27.245.106/forest/usutareas.do?group_system_actual=3&a=0.971332311630249
[Mon Jul 13 12:21:33.257808 2015] [proxy_http:error] [pid 1196:tid 1760] (20014)Internal error: [client 201.245.192.253:24718] AH01102: error reading status line from remote server 172.22.1.47:80, referer: http://190.27.245.106/forest/buscar.do?type=procesos
[Mon Jul 13 12:21:33.913010 2015] [proxy_http:error] [pid 1196:tid 1488] (20014)Internal error: [client 201.245.192.253:42211] AH01102: error reading status line from remote server 172.22.1.47:80, referer: http://190.27.245.106/forest/buscar.do?type=documentos
[Mon Jul 13 12:21:33.913010 2015] [proxy:error] [pid 1196:tid 1488] [client 201.245.192.253:42211] AH00898: Error reading from remote server returned by /forest/js/escritorio/escritorio.js, referer: http://190.27.245.106/forest/buscar.do?type=documentos
[Mon Jul 13 12:21:37.173415 2015] [proxy_http:error] [pid 1196:tid 1680] (20014)Internal error: [client 201.245.192.253:42209] AH01102: error reading status line from remote server 172.22.1.47:80, referer: http://190.27.245.106/forest/buscar.do?type=documentos
[Mon Jul 13 12:21:39.513419 2015] [proxy_http:error] [pid 1196:tid 1632] (20014)Internal error: [client 201.245.192.253:42353] AH01102: error reading status line from remote server 172.22.1.47:80, referer: http://190.27.245.106/forest/buscar.do?type=procesos
[Mon Jul 13 12:21:39.513419 2015] [proxy:error] [pid 1196:tid 1632] [client 201.245.192.253:42353] AH00898: Error reading from remote server returned by /forest/js/load_func.js, referer: http://190.27.245.106/forest/buscar.do?type=procesos
[Mon Jul 13 12:21:39.856620 2015] [proxy_http:error] [pid 1196:tid 1760] (20014)Internal error: [client 201.245.192.253:42341] AH01102: error reading status line from remote server 172.22.1.47:80, referer: http://190.27.245.106/forest/buscar.do?type=procesos
[Mon Jul 13 12:21:57.562651 2015] [proxy_http:error] [pid 1196:tid 1840] (20014)Internal error: [client 201.245.192.253:42537] AH01102: error reading status line from remote server 172.22.1.47:80, referer: http://190.27.245.106/forest/buscar.do?type=documentos
[Mon Jul 13 12:21:57.562651 2015] [proxy:error] [pid 1196:tid 1840] [client 201.245.192.253:42537] AH00898: Error reading from remote server returned by /forest/buscar.do, referer: http://190.27.245.106/forest/buscar.do?type=documentos
[Mon Jul 13 12:22:16.859885 2015] [proxy_http:error] [pid 1196:tid 1664] (20014)Internal error: [client 201.245.192.253:43192] AH01102: error reading status line from remote server 172.22.1.47:80, referer: http://190.27.245.106/forest/buscar.do?type=procesos
[Mon Jul 13 12:22:16.969085 2015] [proxy_http:error] [pid 1196:tid 1648] (20014)Internal error: [client 201.245.192.253:43204] AH01102: error reading status line from remote server 172.22.1.47:80, referer: http://190.27.245.106/forest/buscar.do?type=procesos
[Mon Jul 13 12:22:27.046703 2015] [proxy_http:error] [pid 1196:tid 1848] (20014)Internal error: [client 201.245.192.253:43405] AH01102: error reading status line from remote server 172.22.1.47:80, referer: http://190.27.245.106/forest/misactividades.do?_a=0.8295755235336301&group_system_actual=3
[Mon Jul 13 12:22:31.867111 2015] [proxy_http:error] [pid 1196:tid 1520] (20014)Internal error: [client 201.245.192.253:43447] AH01102: error reading status line from remote server 172.22.1.47:80, referer: http://190.27.245.106/forest/buscar.do?type=procesos
[Mon Jul 13 12:22:31.945112 2015] [proxy_http:error] [pid 1196:tid 1776] (20014)Internal error: [client 201.245.192.253:43461] AH01102: error reading status line from remote server 172.22.1.47:80, referer: http://190.27.245.106/forest/buscar.do?
[Mon Jul 13 12:22:40.369126 2015] [proxy_http:error] [pid 1196:tid 1472] (20014)Internal error: [client 201.245.192.253:43783] AH01102: error reading status line from remote server 172.22.1.47:80, referer: http://190.27.245.106/forest/buscar.do?type=procesos
[Mon Jul 13 12:22:40.369126 2015] [proxy:error] [pid 1196:tid 1472] [client 201.245.192.253:43783] AH00898: Error reading from remote server returned by /forest/css/autocomplete.css, referer: http://190.27.245.106/forest/buscar.do?type=procesos
[Mon Jul 13 12:23:00.274761 2015] [proxy_http:error] [pid 1196:tid 1824] (20014)Internal error: [client 181.61.173.135:50239] AH01102: error reading status line from remote server 172.22.1.47:80, referer: http://190.27.245.106/forest/usutareas.do?codTraEsc=18568592
[Mon Jul 13 12:23:00.383961 2015] [proxy_http:error] [pid 1196:tid 1808] (20014)Internal error: [client 181.61.173.135:50237] AH01102: error reading status line from remote server 172.22.1.47:80, referer: http://190.27.245.106/forest/usutareas.do?codTraEsc=18568592
[Mon Jul 13 12:23:03.550767 2015] [proxy_http:error] [pid 1196:tid 1536] (20014)Internal error: [client 201.245.192.253:55824] AH01102: error reading status line from remote server 172.22.1.47:80, referer: http://190.27.245.106/forest/index2.jsp?_a=0.683393771781974
[Mon Jul 13 12:23:03.550767 2015] [proxy:error] [pid 1196:tid 1536] [client 201.245.192.253:55824] AH00898: Error reading from remote server returned by /forest/js/inicio.js, referer: http://190.27.245.106/forest/index2.jsp?_a=0.683393771781974
[Mon Jul 13 12:23:54.952857 2015] [proxy_http:error] [pid 1196:tid 1768] (20014)Internal error: [client 201.245.192.253:18878] AH01102: error reading status line from remote server 172.22.1.47:80, referer: http://190.27.245.106/forest/reportes.do?menu=1&group_system_actual=5
[Mon Jul 13 12:23:54.952857 2015] [proxy:error] [pid 1196:tid 1768] [client 201.245.192.253:18878] AH00898: Error reading from remote server returned by /forest/session.jsp, referer: http://190.27.245.106/forest/reportes.do?menu=1&group_system_actual=5
[Mon Jul 13 12:23:54.952857 2015] [negotiation:error] [pid 1196:tid 1768] [client 201.245.192.253:18878] AH00690: no acceptable variant: E:/nuevo/apache/error/HTTP_BAD_GATEWAY.html.var, referer: http://190.27.245.106/forest/reportes.do?menu=1&group_system_actual=5
[Mon Jul 13 12:25:43.248248 2015] [proxy_http:error] [pid 1196:tid 1720] (20014)Internal error: [client 201.245.192.253:36669] AH01102: error reading status line from remote server 172.22.1.47:80, referer: http://190.27.245.106/forest/
[Mon Jul 13 12:25:43.248248 2015] [proxy:error] [pid 1196:tid 1720] [client 201.245.192.253:36669] AH00898: Error reading from remote server returned by /forest/skins/gdocs-jar/css/menu.css, referer: http://190.27.245.106/forest/
[Mon Jul 13 12:26:39.144146 2015] [proxy_http:error] [pid 1196:tid 1688] (20014)Internal error: [client 201.245.192.253:38243] AH01102: error reading status line from remote server 172.22.1.47:80, referer: http://190.27.245.106/forest/
[Mon Jul 13 12:26:39.144146 2015] [proxy:error] [pid 1196:tid 1688] [client 201.245.192.253:38243] AH00898: Error reading from remote server returned by /forest/img/ayuda.gif, referer: http://190.27.245.106/forest/
[Mon Jul 13 12:26:40.282948 2015] [proxy_http:error] [pid 1196:tid 1472] (20014)Internal error: [client 201.245.192.253:38144] AH01102: error reading status line from remote server 172.22.1.47:80, referer: http://190.27.245.106/forest/usutareas.do?_a=0.8493471518756784&group_system_actual=3
[Mon Jul 13 12:26:47.146960 2015] [proxy_http:error] [pid 1196:tid 1488] (20014)Internal error: [client 201.245.192.253:38424] AH01102: error reading status line from remote server 172.22.1.47:80, referer: http://190.27.245.106/forest/suactividades.do?group_system_actual=3&_a=0.2885923821685693
[Mon Jul 13 12:27:19.719817 2015] [proxy_http:error] [pid 1196:tid 1688] (20014)Internal error: [client 201.245.192.253:39251] AH01102: error reading status line from remote server 172.22.1.47:80, referer: http://190.27.245.106/forest/
[Mon Jul 13 12:27:19.719817 2015] [proxy:error] [pid 1196:tid 1688] [client 201.245.192.253:39251] AH00898: Error reading from remote server returned by /forest/skins/gdocs-jar/css/menu.css, referer: http://190.27.245.106/forest/
[Mon Jul 13 12:29:19.933628 2015] [proxy_http:error] [pid 1196:tid 1472] (20014)Internal error: [client 201.245.192.253:41067] AH01102: error reading status line from remote server 172.22.1.47:80, referer: http://190.27.245.106/forest/usutareas.do?group_system_actual=3&codAct=1477&numPro=3064281&codPro=134&fecTra=2015-07-10%2014:46:39.709&codInst=3104702&codTraEsc=18627626
[Mon Jul 13 12:35:26.721472 2015] [mpm_winnt:warn] [pid 1196:tid 3324] (OS 64)The specified network name is no longer available.  : AH00341: winnt_accept: Asynchronous AcceptEx failed.
[Mon Jul 13 12:41:55.879756 2015] [mpm_winnt:warn] [pid 1196:tid 3324] (OS 64)The specified network name is no longer available.  : AH00341: winnt_accept: Asynchronous AcceptEx failed.
[Mon Jul 13 12:42:20.871000 2015] [mpm_winnt:warn] [pid 1196:tid 3324] (OS 64)The specified network name is no longer available.  : AH00341: winnt_accept: Asynchronous AcceptEx failed.
[Mon Jul 13 12:43:40.899140 2015] [mpm_winnt:warn] [pid 1196:tid 3324] (OS 64)The specified network name is no longer available.  : AH00341: winnt_accept: Asynchronous AcceptEx failed.
[Mon Jul 13 12:44:05.890384 2015] [mpm_winnt:warn] [pid 1196:tid 3324] (OS 64)The specified network name is no longer available.  : AH00341: winnt_accept: Asynchronous AcceptEx failed.
[Mon Jul 13 12:45:04.764888 2015] [proxy_http:error] [pid 1196:tid 1816] (20014)Internal error: [client 201.245.192.253:24643] AH01102: error reading status line from remote server 172.22.1.47:80, referer: http://190.27.245.106/forest/buscar.do?type=procesos
[Mon Jul 13 12:56:25.206883 2015] [proxy_http:error] [pid 1196:tid 1584] (OS 10054)An existing connection was forcibly closed by the remote host.  : [client 201.245.192.253:57668] AH01102: error reading status line from remote server 172.22.1.31:80, referer: http://190.27.245.106/isolucionsda/FrameSetGeneral.asp?Pagina1=FrameSetGeneral.asp&
[Mon Jul 13 12:56:25.206883 2015] [proxy:error] [pid 1196:tid 1584] [client 201.245.192.253:57668] AH00898: Error reading from remote server returned by /isolucionsda/MagazinHome.asp, referer: http://190.27.245.106/isolucionsda/FrameSetGeneral.asp?Pagina1=FrameSetGeneral.asp&
[Mon Jul 13 12:57:42.442618 2015] [proxy_http:error] [pid 1196:tid 1584] (OS 10054)An existing connection was forcibly closed by the remote host.  : [client 201.245.192.253:30612] AH01102: error reading status line from remote server 172.22.1.31:80, referer: http://190.27.245.106/isolucionsda/FrameSetGeneral.asp?Pagina1=FrameSetGeneral.asp&
[Mon Jul 13 12:57:42.442618 2015] [proxy:error] [pid 1196:tid 1584] [client 201.245.192.253:30612] AH00898: Error reading from remote server returned by /isolucionsda/MagazinHome.asp, referer: http://190.27.245.106/isolucionsda/FrameSetGeneral.asp?Pagina1=FrameSetGeneral.asp&
[Mon Jul 13 13:14:26.319982 2015] [proxy_http:error] [pid 1196:tid 1528] (20014)Internal error: [client 201.245.192.253:39065] AH01102: error reading status line from remote server 172.22.1.47:80, referer: http://190.27.245.106/forest/misactividades.do?group_system_actual=3&codPro=95&_a=0.5162674035902375
[Mon Jul 13 13:14:26.319982 2015] [proxy:error] [pid 1196:tid 1528] [client 201.245.192.253:39065] AH00898: Error reading from remote server returned by /forest/skins/gdocs-jar/css/menu.css, referer: http://190.27.245.106/forest/misactividades.do?group_system_actual=3&codPro=95&_a=0.5162674035902375
[Mon Jul 13 13:14:40.141606 2015] [proxy_http:error] [pid 1196:tid 1568] (20014)Internal error: [client 201.245.192.253:39211] AH01102: error reading status line from remote server 172.22.1.47:80, referer: http://190.27.245.106/forest/buscar.do?type=procesos
[Mon Jul 13 13:14:40.141606 2015] [proxy:error] [pid 1196:tid 1568] [client 201.245.192.253:39211] AH00898: Error reading from remote server returned by /forest/skins/gdocs-jar/css/tree.css, referer: http://190.27.245.106/forest/buscar.do?type=procesos
[Mon Jul 13 13:14:43.823212 2015] [proxy_http:error] [pid 1196:tid 1824] (20014)Internal error: [client 201.245.192.253:39214] AH01102: error reading status line from remote server 172.22.1.47:80, referer: http://190.27.245.106/forest/buscar.do?
[Mon Jul 13 13:40:04.390083 2015] [proxy_http:error] [pid 1196:tid 1760] (20014)Internal error: [client 201.245.192.253:49246] AH01102: error reading status line from remote server 172.22.1.47:80, referer: http://190.27.245.106/forest/usutareas.do?group_system_actual=3&codTraEsc=18604743&_a=0.9867328449184111
[Mon Jul 13 13:40:04.390083 2015] [proxy:error] [pid 1196:tid 1760] [client 201.245.192.253:49246] AH00898: Error reading from remote server returned by /forest/session.jsp, referer: http://190.27.245.106/forest/usutareas.do?group_system_actual=3&codTraEsc=18604743&_a=0.9867328449184111
[Mon Jul 13 13:40:04.390083 2015] [negotiation:error] [pid 1196:tid 1760] [client 201.245.192.253:49246] AH00690: no acceptable variant: E:/nuevo/apache/error/HTTP_BAD_GATEWAY.html.var, referer: http://190.27.245.106/forest/usutareas.do?group_system_actual=3&codTraEsc=18604743&_a=0.9867328449184111
[Mon Jul 13 13:49:18.846257 2015] [proxy_http:error] [pid 1196:tid 1848] (20014)Internal error: [client 201.245.192.253:59537] AH01102: error reading status line from remote server 172.22.1.47:80, referer: http://190.27.245.106/forest/suactividades.do?group_system_actual=3&_a=0.041935877680335354
[Mon Jul 13 13:53:18.509478 2015] [proxy_http:error] [pid 1196:tid 1584] (OS 10060)A connection attempt failed because the connected party did not properly respond after a period of time, or established connection failed because connected host has failed to respond.  : [client 201.245.192.253:28881] AH01102: error reading status line from remote server 172.22.1.47:80, referer: http://190.27.245.106/forest/frameset?
[Mon Jul 13 13:53:18.509478 2015] [proxy:error] [pid 1196:tid 1584] [client 201.245.192.253:28881] AH00898: Error reading from remote server returned by /forest/frameset, referer: http://190.27.245.106/forest/frameset?
[Mon Jul 13 13:55:04.449264 2015] [proxy_http:error] [pid 1196:tid 1400] (20014)Internal error: [client 201.245.192.253:38000] AH01102: error reading status line from remote server 172.22.1.47:80, referer: http://190.27.245.106/forest/buscar.do?type=procesos
[Mon Jul 13 14:02:46.709276 2015] [proxy_http:error] [pid 1196:tid 1336] (20014)Internal error: [client 201.245.192.253:17576] AH01102: error reading status line from remote server 172.22.1.47:80, referer: http://190.27.245.106/forest/index2.jsp?a=0.8270939928339165
[Mon Jul 13 14:02:46.880876 2015] [proxy_http:error] [pid 1196:tid 1360] (20014)Internal error: [client 201.245.192.253:17573] AH01102: error reading status line from remote server 172.22.1.47:80, referer: http://190.27.245.106/forest/index2.jsp?a=0.8270939928339165
[Mon Jul 13 14:05:29.105561 2015] [proxy_http:error] [pid 1196:tid 1784] (20014)Internal error: [client 201.245.192.253:41250] AH01102: error reading status line from remote server 172.22.1.47:80, referer: http://190.27.245.106/forest/usutareas.do?group_system_actual=3&a=0.5167187381369397
[Mon Jul 13 14:05:29.105561 2015] [proxy:error] [pid 1196:tid 1784] [client 201.245.192.253:41250] AH00898: Error reading from remote server returned by /forest/css/escritorio.css, referer: http://190.27.245.106/forest/usutareas.do?group_system_actual=3&a=0.5167187381369397
[Mon Jul 13 14:07:56.650620 2015] [proxy_http:error] [pid 1196:tid 1728] (20014)Internal error: [client 201.245.192.253:25996] AH01102: error reading status line from remote server 172.22.1.47:80, referer: http://190.27.245.106/forest/usutareas.do?group_system_actual=3&a=0.6468900011386722
[Mon Jul 13 14:08:43.247902 2015] [proxy_http:error] [pid 1196:tid 1352] (20014)Internal error: [client 201.245.192.253:50632] AH01102: error reading status line from remote server 172.22.1.47:80, referer: http://190.27.245.106/forest/suactividades.do?group_system_actual=3&_a=0.0660299909566624
[Mon Jul 13 14:08:43.247902 2015] [proxy:error] [pid 1196:tid 1352] [client 201.245.192.253:50632] AH00898: Error reading from remote server returned by /forest/session.jsp, referer: http://190.27.245.106/forest/suactividades.do?group_system_actual=3&_a=0.0660299909566624
[Mon Jul 13 14:08:43.247902 2015] [negotiation:error] [pid 1196:tid 1352] [client 201.245.192.253:50632] AH00690: no acceptable variant: E:/nuevo/apache/error/HTTP_BAD_GATEWAY.html.var, referer: http://190.27.245.106/forest/suactividades.do?group_system_actual=3&_a=0.0660299909566624
