!C99Shell v. 1.0 pre-release build #13!

Software: Apache. PHP/5.5.15 

uname -a: Windows NT SVR-DMZ 6.1 build 7600 (Windows Server 2008 R2 Enterprise Edition) i586 

SYSTEM 

Safe-mode: OFF (not secure)

E:\nuevo\apache\logs\   drwxrwxrwx
Free 7.34 GB of 239.26 GB (3.07%)
Detected drives: [ a ] [ c ] [ d ] [ e ] [ f ]
Home    Back    Forward    UPDIR    Refresh    Search    Buffer    Encoder    Tools    Proc.    FTP brute    Sec.    SQL    PHP-code    Update    Feedback    Self remove    Logout    


Viewing file:     error.2015.07.13.log (507.39 KB)      -rw-rw-rw-
Select action/file-type:
(+) | (+) | (+) | Code (+) | Session (+) | (+) | SDB (+) | (+) | (+) | (+) | (+) | (+) |
[Mon Jul 13 00:06:46.727917 2015] [core:error] [pid 7436:tid 1772] (22)Invalid argument: [client 180.76.15.163:27819] AH00127: Cannot map GET /SIG/Gesti%F3n%20de%20Recursos%20F%EDsicos/126PA04-PR37.pdf HTTP/1.1 to file
[Mon Jul 13 00:31:40.539741 2015] [mpm_winnt:warn] [pid 7436:tid 4084] (OS 64)The specified network name is no longer available.  : AH00341: winnt_accept: Asynchronous AcceptEx failed.
[Mon Jul 13 00:32:05.530985 2015] [mpm_winnt:warn] [pid 7436:tid 4084] (OS 64)The specified network name is no longer available.  : AH00341: winnt_accept: Asynchronous AcceptEx failed.
[Mon Jul 13 00:56:53.634198 2015] [mpm_winnt:warn] [pid 7436:tid 4084] (OS 64)The specified network name is no longer available.  : AH00341: winnt_accept: Asynchronous AcceptEx failed.
[Mon Jul 13 00:57:18.656642 2015] [mpm_winnt:warn] [pid 7436:tid 4084] (OS 64)The specified network name is no longer available.  : AH00341: winnt_accept: Asynchronous AcceptEx failed.
[Mon Jul 13 01:27:02.426175 2015] [mpm_winnt:warn] [pid 7436:tid 4084] (OS 64)The specified network name is no longer available.  : AH00341: winnt_accept: Asynchronous AcceptEx failed.
[Mon Jul 13 01:27:27.417419 2015] [mpm_winnt:warn] [pid 7436:tid 4084] (OS 64)The specified network name is no longer available.  : AH00341: winnt_accept: Asynchronous AcceptEx failed.
[Mon Jul 13 01:34:12.987932 2015] [core:error] [pid 7436:tid 1700] (22)Invalid argument: [client 180.76.15.137:44982] AH00127: Cannot map GET /SIG/Gesti%F3n%20de%20Recursos%20F%EDsicos/126PA04-PR23.pdf HTTP/1.1 to file
[Mon Jul 13 02:46:12.246518 2015] [mpm_winnt:warn] [pid 7436:tid 4084] (OS 64)The specified network name is no longer available.  : AH00341: winnt_accept: Asynchronous AcceptEx failed.
[Mon Jul 13 02:46:37.237762 2015] [mpm_winnt:warn] [pid 7436:tid 4084] (OS 64)The specified network name is no longer available.  : AH00341: winnt_accept: Asynchronous AcceptEx failed.
[Mon Jul 13 02:47:00.918604 2015] [mpm_winnt:warn] [pid 7436:tid 4084] (OS 64)The specified network name is no longer available.  : AH00341: winnt_accept: Asynchronous AcceptEx failed.
[Mon Jul 13 02:47:25.909848 2015] [mpm_winnt:warn] [pid 7436:tid 4084] (OS 64)The specified network name is no longer available.  : AH00341: winnt_accept: Asynchronous AcceptEx failed.
[Mon Jul 13 02:47:47.983886 2015] [mpm_winnt:warn] [pid 7436:tid 4084] (OS 64)The specified network name is no longer available.  : AH00341: winnt_accept: Asynchronous AcceptEx failed.
[Mon Jul 13 02:48:12.990730 2015] [mpm_winnt:warn] [pid 7436:tid 4084] (OS 64)The specified network name is no longer available.  : AH00341: winnt_accept: Asynchronous AcceptEx failed.
[Mon Jul 13 02:58:41.359834 2015] [:error] [pid 7436:tid 1764] [client 151.80.31.127:50422] script 'E:/nuevo/htdocs/dama.php' not found or unable to stat
[Mon Jul 13 03:04:12.922816 2015] [core:error] [pid 7436:tid 1564] (22)Invalid argument: [client 180.76.15.159:51254] AH00127: Cannot map GET /SIG/Gesti%F3n%20de%20Recursos%20F%EDsicos/126PA04-PR39.pdf HTTP/1.1 to file
[Mon Jul 13 03:15:38.466020 2015] [mpm_winnt:warn] [pid 7436:tid 4084] (OS 64)The specified network name is no longer available.  : AH00341: winnt_accept: Asynchronous AcceptEx failed.
[Mon Jul 13 03:16:03.488464 2015] [mpm_winnt:warn] [pid 7436:tid 4084] (OS 64)The specified network name is no longer available.  : AH00341: winnt_accept: Asynchronous AcceptEx failed.
[Mon Jul 13 03:17:38.586231 2015] [mpm_winnt:warn] [pid 7436:tid 4084] (OS 64)The specified network name is no longer available.  : AH00341: winnt_accept: Asynchronous AcceptEx failed.
[Mon Jul 13 04:57:41.806376 2015] [core:error] [pid 7436:tid 1700] (22)Invalid argument: [client 180.76.15.142:56975] AH00127: Cannot map GET /SIG/Gesti%F3n%20de%20Recursos%20Inform%E1ticos%20y%20Tecnol%F3gicos/126PA03-PR07.pdf HTTP/1.1 to file
[Mon Jul 13 05:25:08.730525 2015] [mpm_winnt:warn] [pid 7436:tid 4084] (OS 64)The specified network name is no longer available.  : AH00341: winnt_accept: Asynchronous AcceptEx failed.
[Mon Jul 13 05:25:33.737369 2015] [mpm_winnt:warn] [pid 7436:tid 4084] (OS 64)The specified network name is no longer available.  : AH00341: winnt_accept: Asynchronous AcceptEx failed.
[Mon Jul 13 05:39:49.866873 2015] [core:error] [pid 7436:tid 1700] (22)Invalid argument: [client 180.76.15.151:44737] AH00127: Cannot map GET /SIG/Gesti%F3n%20de%20Recursos%20Inform%E1ticos%20y%20Tecnol%F3gicos/126PA03-PR05.pdf HTTP/1.1 to file
[Mon Jul 13 05:54:49.910454 2015] [core:error] [pid 7436:tid 1460] (22)Invalid argument: [client 180.76.15.151:52697] AH00127: Cannot map GET /SIG/Gesti%F3n%20de%20Recursos%20Inform%E1ticos%20y%20Tecnol%F3gicos/126PA03-PR12.pdf HTTP/1.1 to file
[Mon Jul 13 06:02:48.005493 2015] [mpm_winnt:warn] [pid 7436:tid 4084] (OS 64)The specified network name is no longer available.  : AH00341: winnt_accept: Asynchronous AcceptEx failed.
[Mon Jul 13 06:02:53.730703 2015] [mpm_winnt:warn] [pid 7436:tid 4084] (OS 64)The specified network name is no longer available.  : AH00341: winnt_accept: Asynchronous AcceptEx failed.
[Mon Jul 13 06:02:55.228306 2015] [mpm_winnt:warn] [pid 7436:tid 4084] (OS 64)The specified network name is no longer available.  : AH00341: winnt_accept: Asynchronous AcceptEx failed.
[Mon Jul 13 06:15:27.243227 2015] [mpm_winnt:warn] [pid 7436:tid 4084] (OS 64)The specified network name is no longer available.  : AH00341: winnt_accept: Asynchronous AcceptEx failed.
[Mon Jul 13 06:24:49.858215 2015] [core:error] [pid 7436:tid 1620] (22)Invalid argument: [client 180.76.15.142:22209] AH00127: Cannot map GET /SIG/Gesti%F3n%20de%20Recursos%20F%EDsicos/126PA04-PR04.pdf HTTP/1.1 to file
[Mon Jul 13 06:39:49.823796 2015] [core:error] [pid 7436:tid 1260] (22)Invalid argument: [client 180.76.15.158:36771] AH00127: Cannot map GET /SIG/Gesti%F3n%20de%20Recursos%20F%EDsicos/126PA04-PR28.pdf HTTP/1.1 to file
[Mon Jul 13 07:03:52.156529 2015] [mpm_winnt:warn] [pid 7436:tid 4084] (OS 64)The specified network name is no longer available.  : AH00341: winnt_accept: Asynchronous AcceptEx failed.
[Mon Jul 13 07:04:17.147773 2015] [mpm_winnt:warn] [pid 7436:tid 4084] (OS 64)The specified network name is no longer available.  : AH00341: winnt_accept: Asynchronous AcceptEx failed.
[Mon Jul 13 07:23:11.176165 2015] [proxy_http:error] [pid 7436:tid 1412] (OS 10054)An existing connection was forcibly closed by the remote host.  : [client 201.245.192.253:13260] AH01102: error reading status line from remote server 172.22.1.31:80
[Mon Jul 13 07:23:11.176165 2015] [proxy:error] [pid 7436:tid 1412] [client 201.245.192.253:13260] AH00898: Error reading from remote server returned by /isolucionsda/
[Mon Jul 13 07:23:15.388172 2015] [proxy_http:error] [pid 7436:tid 1580] (OS 10054)An existing connection was forcibly closed by the remote host.  : [client 201.245.192.253:13262] AH01102: error reading status line from remote server 172.22.1.31:80, referer: http://190.27.245.106/isolucionsda/IdentificaUsuario.asp?Pagina1=FrameSetGeneral.asp&
[Mon Jul 13 07:23:15.388172 2015] [proxy:error] [pid 7436:tid 1580] [client 201.245.192.253:13262] AH00898: Error reading from remote server returned by /isolucionsda/g/Img_LogoIsoCabezote.jpg, referer: http://190.27.245.106/isolucionsda/IdentificaUsuario.asp?Pagina1=FrameSetGeneral.asp&
[Mon Jul 13 07:23:15.856173 2015] [proxy_http:error] [pid 7436:tid 1508] (OS 10054)An existing connection was forcibly closed by the remote host.  : [client 201.245.192.253:13259] AH01102: error reading status line from remote server 172.22.1.31:80, referer: http://190.27.245.106/isolucionsda/IdentificaUsuario.asp?Pagina1=FrameSetGeneral.asp&
[Mon Jul 13 07:23:15.856173 2015] [proxy:error] [pid 7436:tid 1508] [client 201.245.192.253:13259] AH00898: Error reading from remote server returned by /isolucionsda/g/Bgr_BarraSuperior.jpg, referer: http://190.27.245.106/isolucionsda/IdentificaUsuario.asp?Pagina1=FrameSetGeneral.asp&
[Mon Jul 13 07:40:08.641152 2015] [proxy_http:error] [pid 7436:tid 1380] (OS 10054)An existing connection was forcibly closed by the remote host.  : [client 201.245.192.253:16636] AH01102: error reading status line from remote server 172.22.1.31:80, referer: http://190.27.245.106/isolucionsda/Menu.asp?Pagina=Menu.asp&IdModulo=4
[Mon Jul 13 07:40:35.910000 2015] [proxy_http:error] [pid 7436:tid 1276] (OS 10054)An existing connection was forcibly closed by the remote host.  : [client 201.245.192.253:16783] AH01102: error reading status line from remote server 172.22.1.31:80, referer: http://190.27.245.106/isolucionsda/FrameSetGeneral.asp?Pagina=ListadoMaestroDocumentos3.asp
[Mon Jul 13 07:40:35.910000 2015] [proxy:error] [pid 7436:tid 1276] [client 201.245.192.253:16783] AH00898: Error reading from remote server returned by /isolucionsda/BarraFavoritos.asp, referer: http://190.27.245.106/isolucionsda/FrameSetGeneral.asp?Pagina=ListadoMaestroDocumentos3.asp
[Mon Jul 13 07:52:24.635845 2015] [proxy_http:error] [pid 7436:tid 1836] (OS 10054)An existing connection was forcibly closed by the remote host.  : [client 201.245.192.253:13883] AH01102: error reading status line from remote server 172.22.1.31:80, referer: http://190.27.245.106/isolucionsda/FrameSetGeneral.asp?Pagina=Menu.asp&IdModulo=4
[Mon Jul 13 07:52:24.635845 2015] [proxy:error] [pid 7436:tid 1836] [client 201.245.192.253:13883] AH00898: Error reading from remote server returned by /isolucionsda/Menu.asp, referer: http://190.27.245.106/isolucionsda/FrameSetGeneral.asp?Pagina=Menu.asp&IdModulo=4
[Mon Jul 13 07:54:49.653699 2015] [core:error] [pid 7436:tid 1508] (22)Invalid argument: [client 180.76.15.163:35283] AH00127: Cannot map GET /SIG/Gesti%F3n%20de%20Recursos%20Inform%E1ticos%20y%20Tecnol%F3gicos/126PA03-PR06.pdf HTTP/1.1 to file
[Mon Jul 13 07:57:24.530771 2015] [:error] [pid 7436:tid 1388] [client 157.55.39.169:15783] script 'E:/nuevo/htdocs/autentica.php' not found or unable to stat
[Mon Jul 13 08:09:49.588080 2015] [core:error] [pid 7436:tid 1492] (22)Invalid argument: [client 180.76.15.150:39680] AH00127: Cannot map GET /SIG/Gesti%F3n%20de%20Recursos%20F%EDsicos/126PA04-PR30.pdf HTTP/1.1 to file
[Mon Jul 13 08:17:24.360079 2015] [mpm_winnt:warn] [pid 7436:tid 4084] (OS 64)The specified network name is no longer available.  : AH00341: winnt_accept: Asynchronous AcceptEx failed.
[Mon Jul 13 08:25:04.233287 2015] [proxy_http:error] [pid 7436:tid 1868] (OS 10054)An existing connection was forcibly closed by the remote host.  : [client 201.245.192.253:20547] AH01102: error reading status line from remote server 172.22.1.31:80, referer: http://190.27.245.106/isolucionsda/FrameSetGeneral.asp?Pagina=BancoConocimiento/s/SistemadeGestionAmbiental_v0/SistemadeGestionAmbiental_v0.asp?&IdModulo=19
[Mon Jul 13 08:25:04.233287 2015] [proxy:error] [pid 7436:tid 1868] [client 201.245.192.253:20547] AH00898: Error reading from remote server returned by /isolucionsda/BarraFavoritos.asp, referer: http://190.27.245.106/isolucionsda/FrameSetGeneral.asp?Pagina=BancoConocimiento/s/SistemadeGestionAmbiental_v0/SistemadeGestionAmbiental_v0.asp?&IdModulo=19
[Mon Jul 13 08:25:04.233287 2015] [proxy_http:error] [pid 7436:tid 1396] (OS 10054)An existing connection was forcibly closed by the remote host.  : [client 201.245.192.253:20546] AH01102: error reading status line from remote server 172.22.1.31:80, referer: http://190.27.245.106/isolucionsda/FrameSetGeneral.asp?Pagina=BancoConocimiento/s/SistemadeGestionAmbiental_v0/SistemadeGestionAmbiental_v0.asp?&IdModulo=19
[Mon Jul 13 08:25:04.233287 2015] [proxy:error] [pid 7436:tid 1396] [client 201.245.192.253:20546] AH00898: Error reading from remote server returned by /isolucionsda/BancoConocimiento/s/SistemadeGestionAmbiental_v0/SistemadeGestionAmbiental_v0.asp, referer: http://190.27.245.106/isolucionsda/FrameSetGeneral.asp?Pagina=BancoConocimiento/s/SistemadeGestionAmbiental_v0/SistemadeGestionAmbiental_v0.asp?&IdModulo=19
[Mon Jul 13 08:48:59.577208 2015] [proxy_http:error] [pid 7436:tid 1884] (OS 10054)An existing connection was forcibly closed by the remote host.  : [client 201.245.192.253:38959] AH01102: error reading status line from remote server 172.22.1.31:80, referer: http://190.27.245.106/isolucionsda/bancoconocimiento/E/EVALUACION_CONTROLYSEGUIMIENTO_v7/EVALUACION_CONTROLYSEGUIMIENTO_v7.asp?IdArticulo=6673
[Mon Jul 13 08:48:59.577208 2015] [proxy:error] [pid 7436:tid 1884] [client 201.245.192.253:38959] AH00898: Error reading from remote server returned by /isolucionsda/bancoconocimiento/E/EvaluaciondeestudiosderuidoparaplanesparcialesyotrosInstrumentosdeplaneamiento__v4/EvaluaciondeestudiosderuidoparaplanesparcialesyotrosInstrumentosdeplaneamiento__v4.asp, referer: http://190.27.245.106/isolucionsda/bancoconocimiento/E/EVALUACION_CONTROLYSEGUIMIENTO_v7/EVALUACION_CONTROLYSEGUIMIENTO_v7.asp?IdArticulo=6673
[Mon Jul 13 08:49:21.432846 2015] [proxy_http:error] [pid 7436:tid 1316] (OS 10054)An existing connection was forcibly closed by the remote host.  : [client 201.245.192.253:39733] AH01102: error reading status line from remote server 172.22.1.31:80, referer: http://190.27.245.106/isolucionsda/bancoconocimiento/E/EVALUACION_CONTROLYSEGUIMIENTO_v7/EVALUACION_CONTROLYSEGUIMIENTO_v7.asp?IdArticulo=6673
[Mon Jul 13 08:49:21.432846 2015] [proxy:error] [pid 7436:tid 1316] [client 201.245.192.253:39733] AH00898: Error reading from remote server returned by /isolucionsda/bancoconocimiento/E/EvaluaciondeestudiosderuidoparaplanesparcialesyotrosInstrumentosdeplaneamiento__v4/EvaluaciondeestudiosderuidoparaplanesparcialesyotrosInstrumentosdeplaneamiento__v4.asp, referer: http://190.27.245.106/isolucionsda/bancoconocimiento/E/EVALUACION_CONTROLYSEGUIMIENTO_v7/EVALUACION_CONTROLYSEGUIMIENTO_v7.asp?IdArticulo=6673
[Mon Jul 13 08:49:42.009282 2015] [proxy_http:error] [pid 7436:tid 1524] (OS 10054)An existing connection was forcibly closed by the remote host.  : [client 201.245.192.253:40212] AH01102: error reading status line from remote server 172.22.1.31:80, referer: http://190.27.245.106/isolucionsda/Encabezado.asp?Pagina=ListadoMaestroDocumentos3.asp
[Mon Jul 13 08:49:43.990486 2015] [proxy_http:error] [pid 7436:tid 1396] (OS 10054)An existing connection was forcibly closed by the remote host.  : [client 201.245.192.253:40562] AH01102: error reading status line from remote server 172.22.1.31:80, referer: http://190.27.245.106/isolucionsda/Encabezado.asp?Pagina=ListadoMaestroDocumentos3.asp
[Mon Jul 13 08:49:43.990486 2015] [proxy:error] [pid 7436:tid 1396] [client 201.245.192.253:40562] AH00898: Error reading from remote server returned by /isolucionsda/g/Bot_ProcesosOver_ESP.jpg, referer: http://190.27.245.106/isolucionsda/Encabezado.asp?Pagina=ListadoMaestroDocumentos3.asp
[Mon Jul 13 08:49:51.915300 2015] [proxy_http:error] [pid 7436:tid 1820] (OS 10054)An existing connection was forcibly closed by the remote host.  : [client 201.245.192.253:40880] AH01102: error reading status line from remote server 172.22.1.31:80, referer: http://190.27.245.106/isolucionsda/Encabezado.asp?Pagina=ListadoMaestroDocumentos3.asp
[Mon Jul 13 08:49:51.915300 2015] [proxy:error] [pid 7436:tid 1820] [client 201.245.192.253:40880] AH00898: Error reading from remote server returned by /isolucionsda/g/Bot_CerrarOver.jpg, referer: http://190.27.245.106/isolucionsda/Encabezado.asp?Pagina=ListadoMaestroDocumentos3.asp
[Mon Jul 13 08:50:44.346992 2015] [mpm_winnt:warn] [pid 7436:tid 4084] (OS 64)The specified network name is no longer available.  : AH00341: winnt_accept: Asynchronous AcceptEx failed.
[Mon Jul 13 08:51:09.338236 2015] [mpm_winnt:warn] [pid 7436:tid 4084] (OS 64)The specified network name is no longer available.  : AH00341: winnt_accept: Asynchronous AcceptEx failed.
[Mon Jul 13 08:51:34.298279 2015] [proxy_http:error] [pid 7436:tid 1844] (OS 10060)A connection attempt failed because the connected party did not properly respond after a period of time, or established connection failed because connected host has failed to respond.  : [client 201.245.192.253:49264] AH01102: error reading status line from remote server 172.22.1.31:80, referer: http://190.27.245.106/isolucionsda//Administracion/Upload/Upload.asp?Id_Articulo=8689&UPLDQuerystring=Id_Articulo=8689&UPLDMODO=SubirArchivoADocumento&UPLDRuta=C:\\ISOlucion\\Web\\BancoConocimiento\\A\\Anexo3_FormulariodeSolicituddeevaluaciondeplandecontingenciasparaactividadesy_oestable_v1\\&UPLDAtras=http://190.27.245.106/isolucionsda/Administracion/SalaEdicion/Articulo.asp&UPLDAdelante=http://190.27.245.106/isolucionsda/Administracion/SalaEdicion/Articulo.asp
[Mon Jul 13 08:51:34.298279 2015] [proxy:error] [pid 7436:tid 1844] [client 201.245.192.253:49264] AH00898: Error reading from remote server returned by /isolucionsda//Administracion/Upload/UploadArchivo.asp, referer: http://190.27.245.106/isolucionsda//Administracion/Upload/Upload.asp?Id_Articulo=8689&UPLDQuerystring=Id_Articulo=8689&UPLDMODO=SubirArchivoADocumento&UPLDRuta=C:\\ISOlucion\\Web\\BancoConocimiento\\A\\Anexo3_FormulariodeSolicituddeevaluaciondeplandecontingenciasparaactividadesy_oestable_v1\\&UPLDAtras=http://190.27.245.106/isolucionsda/Administracion/SalaEdicion/Articulo.asp&UPLDAdelante=http://190.27.245.106/isolucionsda/Administracion/SalaEdicion/Articulo.asp
[Mon Jul 13 08:53:57.678131 2015] [proxy_http:error] [pid 7436:tid 1516] (OS 10060)A connection attempt failed because the connected party did not properly respond after a period of time, or established connection failed because connected host has failed to respond.  : [client 201.245.192.253:38885] AH01102: error reading status line from remote server 172.22.1.31:80, referer: http://190.27.245.106/isolucionsda/bancoconocimiento/E/EVALUACION_CONTROLYSEGUIMIENTO_v7/EVALUACION_CONTROLYSEGUIMIENTO_v7.asp?IdArticulo=6673
[Mon Jul 13 08:53:57.678131 2015] [proxy:error] [pid 7436:tid 1516] [client 201.245.192.253:38885] AH00898: Error reading from remote server returned by /isolucionsda/bancoconocimiento/E/EvaluaciondeestudiosderuidoparaplanesparcialesyotrosInstrumentosdeplaneamiento__v4/EvaluaciondeestudiosderuidoparaplanesparcialesyotrosInstrumentosdeplaneamiento__v4.asp, referer: http://190.27.245.106/isolucionsda/bancoconocimiento/E/EVALUACION_CONTROLYSEGUIMIENTO_v7/EVALUACION_CONTROLYSEGUIMIENTO_v7.asp?IdArticulo=6673
[Mon Jul 13 08:54:21.670973 2015] [proxy_http:error] [pid 7436:tid 1468] (OS 10060)A connection attempt failed because the connected party did not properly respond after a period of time, or established connection failed because connected host has failed to respond.  : [client 201.245.192.253:39725] AH01102: error reading status line from remote server 172.22.1.31:80, referer: http://190.27.245.106/isolucionsda/bancoconocimiento/E/EVALUACION_CONTROLYSEGUIMIENTO_v7/EVALUACION_CONTROLYSEGUIMIENTO_v7.asp?IdArticulo=6673
[Mon Jul 13 08:54:21.670973 2015] [proxy:error] [pid 7436:tid 1468] [client 201.245.192.253:39725] AH00898: Error reading from remote server returned by /isolucionsda/bancoconocimiento/E/EvaluaciondeestudiosderuidoparaplanesparcialesyotrosInstrumentosdeplaneamiento__v4/EvaluaciondeestudiosderuidoparaplanesparcialesyotrosInstrumentosdeplaneamiento__v4.asp, referer: http://190.27.245.106/isolucionsda/bancoconocimiento/E/EVALUACION_CONTROLYSEGUIMIENTO_v7/EVALUACION_CONTROLYSEGUIMIENTO_v7.asp?IdArticulo=6673
[Mon Jul 13 08:54:40.391006 2015] [proxy_http:error] [pid 7436:tid 1812] (OS 10060)A connection attempt failed because the connected party did not properly respond after a period of time, or established connection failed because connected host has failed to respond.  : [client 201.245.192.253:40221] AH01102: error reading status line from remote server 172.22.1.31:80, referer: http://190.27.245.106/isolucionsda/Encabezado.asp?Pagina=ListadoMaestroDocumentos3.asp
[Mon Jul 13 08:54:40.391006 2015] [proxy:error] [pid 7436:tid 1812] [client 201.245.192.253:40221] AH00898: Error reading from remote server returned by /isolucionsda/FrameSetGeneral.asp, referer: http://190.27.245.106/isolucionsda/Encabezado.asp?Pagina=ListadoMaestroDocumentos3.asp
[Mon Jul 13 08:54:42.528210 2015] [proxy_http:error] [pid 7436:tid 1764] (OS 10060)A connection attempt failed because the connected party did not properly respond after a period of time, or established connection failed because connected host has failed to respond.  : [client 201.245.192.253:40219] AH01102: error reading status line from remote server 172.22.1.31:80, referer: http://190.27.245.106/isolucionsda/Encabezado.asp?Pagina=ListadoMaestroDocumentos3.asp
[Mon Jul 13 08:54:42.528210 2015] [proxy:error] [pid 7436:tid 1764] [client 201.245.192.253:40219] AH00898: Error reading from remote server returned by /isolucionsda/FrameSetGeneral.asp, referer: http://190.27.245.106/isolucionsda/Encabezado.asp?Pagina=ListadoMaestroDocumentos3.asp
[Mon Jul 13 08:54:49.532622 2015] [core:error] [pid 7436:tid 1388] (22)Invalid argument: [client 180.76.15.161:39111] AH00127: Cannot map GET /SIG/Gesti%F3n%20de%20Recursos%20F%EDsicos/126PA04-PR32.pdf HTTP/1.1 to file
[Mon Jul 13 08:54:51.155025 2015] [proxy_http:error] [pid 7436:tid 1732] (OS 10060)A connection attempt failed because the connected party did not properly respond after a period of time, or established connection failed because connected host has failed to respond.  : [client 201.245.192.253:40775] AH01102: error reading status line from remote server 172.22.1.31:80, referer: http://190.27.245.106/isolucionsda/Encabezado.asp?Pagina=ListadoMaestroDocumentos3.asp
[Mon Jul 13 08:54:51.155025 2015] [proxy:error] [pid 7436:tid 1732] [client 201.245.192.253:40775] AH00898: Error reading from remote server returned by /isolucionsda/FrameSetGeneral.asp, referer: http://190.27.245.106/isolucionsda/Encabezado.asp?Pagina=ListadoMaestroDocumentos3.asp
[Mon Jul 13 08:56:29.747198 2015] [proxy_http:error] [pid 7436:tid 1356] (20014)Internal error: [client 201.245.192.253:48095] AH01102: error reading status line from remote server 172.22.1.47:80, referer: http://190.27.245.106/forest/usutareas.do?group_system_actual=3&a=0.9903102941225553
[Mon Jul 13 08:57:14.628477 2015] [proxy_http:error] [pid 7436:tid 1284] (OS 10060)A connection attempt failed because the connected party did not properly respond after a period of time, or established connection failed because connected host has failed to respond.  : [client 201.245.192.253:50573] AH01102: error reading status line from remote server 172.22.1.31:80, referer: http://190.27.245.106/isolucionsda/Encabezado.asp?Pagina=Administracion/SalaEdicion/Magazines.asp
[Mon Jul 13 08:57:14.628477 2015] [proxy:error] [pid 7436:tid 1284] [client 201.245.192.253:50573] AH00898: Error reading from remote server returned by /isolucionsda/FrameSetGeneral.asp, referer: http://190.27.245.106/isolucionsda/Encabezado.asp?Pagina=Administracion/SalaEdicion/Magazines.asp
[Mon Jul 13 08:57:24.581295 2015] [proxy_http:error] [pid 7436:tid 1756] (OS 10060)A connection attempt failed because the connected party did not properly respond after a period of time, or established connection failed because connected host has failed to respond.  : [client 201.245.192.253:50847] AH01102: error reading status line from remote server 172.22.1.31:80, referer: http://190.27.245.106/isolucionsda/Encabezado.asp?Pagina=Administracion/SalaEdicion/Magazines.asp
[Mon Jul 13 08:57:24.581295 2015] [proxy:error] [pid 7436:tid 1756] [client 201.245.192.253:50847] AH00898: Error reading from remote server returned by /isolucionsda/FrameSetGeneral.asp, referer: http://190.27.245.106/isolucionsda/Encabezado.asp?Pagina=Administracion/SalaEdicion/Magazines.asp
[Mon Jul 13 08:57:26.546898 2015] [proxy_http:error] [pid 7436:tid 1844] (OS 10060)A connection attempt failed because the connected party did not properly respond after a period of time, or established connection failed because connected host has failed to respond.  : [client 201.245.192.253:50848] AH01102: error reading status line from remote server 172.22.1.31:80, referer: http://190.27.245.106/isolucionsda/Encabezado.asp?Pagina=Administracion/SalaEdicion/Magazines.asp
[Mon Jul 13 08:57:26.546898 2015] [proxy:error] [pid 7436:tid 1844] [client 201.245.192.253:50848] AH00898: Error reading from remote server returned by /isolucionsda/FrameSetGeneral.asp, referer: http://190.27.245.106/isolucionsda/Encabezado.asp?Pagina=Administracion/SalaEdicion/Magazines.asp
[Mon Jul 13 08:57:27.950901 2015] [proxy_http:error] [pid 7436:tid 1524] (OS 10060)A connection attempt failed because the connected party did not properly respond after a period of time, or established connection failed because connected host has failed to respond.  : [client 201.245.192.253:50991] AH01102: error reading status line from remote server 172.22.1.31:80, referer: http://190.27.245.106/isolucionsda/Encabezado.asp?Pagina=Administracion/SalaEdicion/Magazines.asp
[Mon Jul 13 08:57:27.950901 2015] [proxy:error] [pid 7436:tid 1524] [client 201.245.192.253:50991] AH00898: Error reading from remote server returned by /isolucionsda/FrameSetGeneral.asp, referer: http://190.27.245.106/isolucionsda/Encabezado.asp?Pagina=Administracion/SalaEdicion/Magazines.asp
[Mon Jul 13 08:58:28.323007 2015] [proxy_http:error] [pid 7436:tid 1844] (20014)Internal error: [client 201.245.192.253:37380] AH01102: error reading status line from remote server 172.22.1.47:80, referer: http://190.27.245.106/forest/usutareas.do?group_system_actual=3&a=0.4239307031966746
[Mon Jul 13 08:59:08.758278 2015] [proxy_http:error] [pid 7436:tid 1844] (20014)Internal error: [client 201.245.192.253:34190] AH01102: error reading status line from remote server 172.22.1.47:80, referer: http://190.27.245.106/forest/usutareas.do?group_system_actual=3&codTraEsc=18586805&_a=0.8669996882316574
[Mon Jul 13 09:03:30.183537 2015] [proxy_http:error] [pid 7436:tid 1484] (20014)Internal error: [client 201.245.192.253:25692] AH01102: error reading status line from remote server 172.22.1.47:80, referer: http://190.27.245.106/forest/usutareas.do?codTraEsc=18622139
[Mon Jul 13 09:03:30.183537 2015] [proxy_http:error] [pid 7436:tid 1276] (20014)Internal error: [client 201.245.192.253:25695] AH01102: error reading status line from remote server 172.22.1.47:80, referer: http://190.27.245.106/forest/usutareas.do?codTraEsc=18622139
[Mon Jul 13 09:07:20.205941 2015] [proxy_http:error] [pid 7436:tid 1396] (OS 10054)An existing connection was forcibly closed by the remote host.  : [client 201.245.192.253:29333] AH01102: error reading status line from remote server 172.22.1.31:80, referer: http://www.ambientebogota.gov.co/web/intranet/aplicaciones-para-acceder-fuera-de-la-sda
[Mon Jul 13 09:07:20.205941 2015] [proxy:error] [pid 7436:tid 1396] [client 201.245.192.253:29333] AH00898: Error reading from remote server returned by /isolucionsda/, referer: http://www.ambientebogota.gov.co/web/intranet/aplicaciones-para-acceder-fuera-de-la-sda
[Mon Jul 13 09:08:04.900019 2015] [access_compat:error] [pid 7436:tid 1764] [client 167.114.40.31:53660] AH01797: client denied by server configuration: E:/nuevo/htdocs/phpMyAdmin
[Mon Jul 13 09:12:00.070432 2015] [proxy_http:error] [pid 7436:tid 1332] (20014)Internal error: [client 201.245.192.253:32965] AH01102: error reading status line from remote server 172.22.1.47:80, referer: http://190.27.245.106/forest/usutareas.do?group_system_actual=3&codAct=1476&numPro=3075142&codPro=134&fecTra=2015-07-10%2011:20:12.158&codInst=3116232&codTraEsc=18624901
[Mon Jul 13 09:17:08.592174 2015] [:error] [pid 7436:tid 1532] [client 125.27.124.254:61467] script 'E:/nuevo/htdocs/wp-login.php' not found or unable to stat
[Mon Jul 13 09:18:07.685078 2015] [proxy_http:error] [pid 7436:tid 1332] (20014)Internal error: [client 186.29.216.77:11430] AH01102: error reading status line from remote server 172.22.1.47:80, referer: http://190.27.245.106/forest/reportes.do?menu=1&group_system_actual=5
[Mon Jul 13 09:18:07.685078 2015] [proxy:error] [pid 7436:tid 1332] [client 186.29.216.77:11430] AH00898: Error reading from remote server returned by /forest/index2.jsp, referer: http://190.27.245.106/forest/reportes.do?menu=1&group_system_actual=5
[Mon Jul 13 09:21:18.348613 2015] [proxy_http:error] [pid 7436:tid 1324] (20014)Internal error: [client 201.245.192.253:31768] AH01102: error reading status line from remote server 172.22.1.47:80, referer: http://190.27.245.106/forest/usutareas.do?codTraEsc=18513299
[Mon Jul 13 09:21:18.348613 2015] [proxy:error] [pid 7436:tid 1324] [client 201.245.192.253:31768] AH00898: Error reading from remote server returned by /forest/actions/forms.retreiveData, referer: http://190.27.245.106/forest/usutareas.do?codTraEsc=18513299
[Mon Jul 13 09:21:18.348613 2015] [negotiation:error] [pid 7436:tid 1324] [client 201.245.192.253:31768] AH00690: no acceptable variant: E:/nuevo/apache/error/HTTP_BAD_GATEWAY.html.var, referer: http://190.27.245.106/forest/usutareas.do?codTraEsc=18513299
[Mon Jul 13 09:21:21.219018 2015] [proxy_http:error] [pid 7436:tid 1444] (20014)Internal error: [client 201.245.192.253:39855] AH01102: error reading status line from remote server 172.22.1.47:80, referer: http://190.27.245.106/forest/system/process.jsp?numPro=2973523
[Mon Jul 13 09:23:18.952425 2015] [proxy_http:error] [pid 7436:tid 1764] (20014)Internal error: [client 201.245.192.253:33856] AH01102: error reading status line from remote server 172.22.1.47:80, referer: http://190.27.245.106/forest/usutareas.do?codTraEsc=18513299
[Mon Jul 13 09:23:18.983625 2015] [proxy_http:error] [pid 7436:tid 1788] (20014)Internal error: [client 201.245.192.253:47100] AH01102: error reading status line from remote server 172.22.1.47:80, referer: http://190.27.245.106/forest/buscar.do?type=procesos
[Mon Jul 13 09:23:18.983625 2015] [proxy:error] [pid 7436:tid 1788] [client 201.245.192.253:47100] AH00898: Error reading from remote server returned by /forest/skins/gdocs-jar/css/tree.css, referer: http://190.27.245.106/forest/buscar.do?type=procesos
[Mon Jul 13 09:23:35.769254 2015] [proxy_http:error] [pid 7436:tid 1420] (20014)Internal error: [client 201.245.192.253:35571] AH01102: error reading status line from remote server 172.22.1.47:80, referer: http://190.27.245.106/forest/index2.jsp?a=0.8410776451351017
[Mon Jul 13 09:23:35.769254 2015] [proxy:error] [pid 7436:tid 1420] [client 201.245.192.253:35571] AH00898: Error reading from remote server returned by /forest/session.jsp, referer: http://190.27.245.106/forest/index2.jsp?a=0.8410776451351017
[Mon Jul 13 09:23:35.769254 2015] [negotiation:error] [pid 7436:tid 1420] [client 201.245.192.253:35571] AH00690: no acceptable variant: E:/nuevo/apache/error/HTTP_BAD_GATEWAY.html.var, referer: http://190.27.245.106/forest/index2.jsp?a=0.8410776451351017
[Mon Jul 13 09:24:31.773353 2015] [proxy_http:error] [pid 7436:tid 1332] (20014)Internal error: [client 201.245.192.253:34795] AH01102: error reading status line from remote server 172.22.1.47:80, referer: http://190.27.245.106/forest/usutareas.do?codTraEsc=18547818
[Mon Jul 13 09:26:03.158313 2015] [proxy_http:error] [pid 7436:tid 1388] (20014)Internal error: [client 201.245.192.253:45595] AH01102: error reading status line from remote server 172.22.1.47:80, referer: http://190.27.245.106/forest/index2.jsp?a=0.6584897859927173
[Mon Jul 13 09:26:03.158313 2015] [proxy:error] [pid 7436:tid 1388] [client 201.245.192.253:45595] AH00898: Error reading from remote server returned by /forest/session.jsp, referer: http://190.27.245.106/forest/index2.jsp?a=0.6584897859927173
[Mon Jul 13 09:26:03.173913 2015] [negotiation:error] [pid 7436:tid 1388] [client 201.245.192.253:45595] AH00690: no acceptable variant: E:/nuevo/apache/error/HTTP_BAD_GATEWAY.html.var, referer: http://190.27.245.106/forest/index2.jsp?a=0.6584897859927173
[Mon Jul 13 09:28:03.294124 2015] [proxy_http:error] [pid 7436:tid 1492] (20014)Internal error: [client 201.245.192.253:24987] AH01102: error reading status line from remote server 172.22.1.47:80, referer: http://190.27.245.106/forest/buscar.do?type=documentos
[Mon Jul 13 09:28:21.093755 2015] [proxy_http:error] [pid 7436:tid 1532] (20014)Internal error: [client 201.245.192.253:58127] AH01102: error reading status line from remote server 172.22.1.47:80, referer: http://190.27.245.106/forest/index2.jsp?a=0.18672587364693882
[Mon Jul 13 09:28:21.093755 2015] [proxy_http:error] [pid 7436:tid 1572] (20014)Internal error: [client 201.245.192.253:58128] AH01102: error reading status line from remote server 172.22.1.47:80
[Mon Jul 13 09:28:33.214977 2015] [proxy_http:error] [pid 7436:tid 1868] (20014)Internal error: [client 201.245.192.253:25496] AH01102: error reading status line from remote server 172.22.1.47:80, referer: http://190.27.245.106/forest/usutareas.do?_a=0.8570289107024424&group_system_actual=3
[Mon Jul 13 09:29:27.971073 2015] [proxy_http:error] [pid 7436:tid 1668] (20014)Internal error: [client 201.245.192.253:26505] AH01102: error reading status line from remote server 172.22.1.47:80, referer: http://190.27.245.106/forest/usutareas.do?group_system_actual=3&codAct=879&numPro=2611641&codPro=90&fecTra=2015-07-10%2014:38:34.887&codInst=2625590&codTraEsc=18627459
[Mon Jul 13 09:29:27.971073 2015] [proxy:error] [pid 7436:tid 1668] [client 201.245.192.253:26505] AH00898: Error reading from remote server returned by /forest/css/index.css, referer: http://190.27.245.106/forest/usutareas.do?group_system_actual=3&codAct=879&numPro=2611641&codPro=90&fecTra=2015-07-10%2014:38:34.887&codInst=2625590&codTraEsc=18627459
[Mon Jul 13 09:30:06.643541 2015] [proxy_http:error] [pid 7436:tid 1356] (20014)Internal error: [client 181.63.84.188:50327] AH01102: error reading status line from remote server 172.22.1.47:80, referer: http://190.27.245.106/forest/usutareas.do?codTraEsc=18283339
[Mon Jul 13 09:30:06.643541 2015] [proxy:error] [pid 7436:tid 1356] [client 181.63.84.188:50327] AH00898: Error reading from remote server returned by /forest/skins/gdocs-jar/css/menu.css, referer: http://190.27.245.106/forest/usutareas.do?codTraEsc=18283339
[Mon Jul 13 09:30:06.705941 2015] [proxy_http:error] [pid 7436:tid 1684] (20014)Internal error: [client 181.63.84.188:50326] AH01102: error reading status line from remote server 172.22.1.47:80, referer: http://190.27.245.106/forest/usutareas.do?codTraEsc=18283339
[Mon Jul 13 09:30:06.705941 2015] [proxy_http:error] [pid 7436:tid 1620] (20014)Internal error: [client 201.245.192.253:27191] AH01102: error reading status line from remote server 172.22.1.47:80, referer: http://190.27.245.106/forest/login.do
[Mon Jul 13 09:30:06.705941 2015] [proxy:error] [pid 7436:tid 1620] [client 201.245.192.253:27191] AH00898: Error reading from remote server returned by /forest/1ibre/jscalendar/calendar-win2k-1.css, referer: http://190.27.245.106/forest/login.do
[Mon Jul 13 09:30:06.721541 2015] [proxy_http:error] [pid 7436:tid 1796] (20014)Internal error: [client 201.245.192.253:27190] AH01102: error reading status line from remote server 172.22.1.47:80, referer: http://190.27.245.106/forest/login.do
[Mon Jul 13 09:30:06.721541 2015] [proxy:error] [pid 7436:tid 1796] [client 201.245.192.253:27190] AH00898: Error reading from remote server returned by /forest/css/index.css, referer: http://190.27.245.106/forest/login.do
[Mon Jul 13 09:30:10.808748 2015] [proxy_http:error] [pid 7436:tid 1796] (20014)Internal error: [client 201.245.192.253:27190] AH01102: error reading status line from remote server 172.22.1.47:80, referer: http://190.27.245.106/forest/index2.jsp?a=0.5849249143964091
[Mon Jul 13 09:34:27.507199 2015] [proxy_http:error] [pid 7436:tid 1332] (20014)Internal error: [client 201.245.192.253:36466] AH01102: error reading status line from remote server 172.22.1.47:80, referer: http://190.27.245.106/forest/system/process.jsp?numPro=3110259
[Mon Jul 13 09:37:45.362346 2015] [proxy_http:error] [pid 7436:tid 1756] (20014)Internal error: [client 190.84.185.167:52226] AH01102: error reading status line from remote server 172.22.1.47:80, referer: http://190.27.245.106/forest/usutareas.do?group_system_actual=3&a=0.44451842615305903
[Mon Jul 13 09:38:02.662777 2015] [proxy_http:error] [pid 7436:tid 1820] (20014)Internal error: [client 190.84.185.167:52230] AH01102: error reading status line from remote server 172.22.1.47:80, referer: http://190.27.245.106/forest/usutareas.do?group_system_actual=3&a=0.07259462229382996
[Mon Jul 13 09:38:10.337990 2015] [proxy_http:error] [pid 7436:tid 1348] (20014)Internal error: [client 201.245.192.253:23731] AH01102: error reading status line from remote server 172.22.1.47:80, referer: http://190.27.245.106/forest/buscar.do?type=procesos
[Mon Jul 13 09:38:23.239213 2015] [proxy_http:error] [pid 7436:tid 1684] (20014)Internal error: [client 201.245.192.253:48391] AH01102: error reading status line from remote server 172.22.1.47:80, referer: http://190.27.245.106/forest/suactividades.do?group_system_actual=3
[Mon Jul 13 09:38:26.343618 2015] [proxy_http:error] [pid 7436:tid 1804] (20014)Internal error: [client 201.245.192.253:35077] AH01102: error reading status line from remote server 172.22.1.47:80, referer: http://190.27.245.106/forest/usutareas.do?group_system_actual=3&codTraEsc=18636050&_a=0.07006729733089845
[Mon Jul 13 09:38:37.918839 2015] [proxy_http:error] [pid 7436:tid 1380] (20014)Internal error: [client 201.245.192.253:35517] AH01102: error reading status line from remote server 172.22.1.47:80
[Mon Jul 13 09:38:37.996839 2015] [proxy_http:error] [pid 7436:tid 1732] (20014)Internal error: [client 201.245.192.253:35477] AH01102: error reading status line from remote server 172.22.1.47:80, referer: http://190.27.245.106/forest/usutareas.do?group_system_actual=3&a=0.8360858241826699
[Mon Jul 13 09:38:42.630047 2015] [proxy_http:error] [pid 7436:tid 1284] (20014)Internal error: [client 190.84.185.167:52247] AH01102: error reading status line from remote server 172.22.1.47:80, referer: http://190.27.245.106/forest/usutareas.do?group_system_actual=3&a=0.3616545220888524
[Mon Jul 13 09:38:43.425648 2015] [proxy_http:error] [pid 7436:tid 1732] (20014)Internal error: [client 201.245.192.253:35768] AH01102: error reading status line from remote server 172.22.1.47:80, referer: http://190.27.245.106/forest/buscar.do?type=procesos
[Mon Jul 13 09:38:50.164860 2015] [proxy_http:error] [pid 7436:tid 1700] (20014)Internal error: [client 201.245.192.253:36048] AH01102: error reading status line from remote server 172.22.1.47:80, referer: http://190.27.245.106/forest/index2.jsp?a=0.8410776451351017
[Mon Jul 13 09:38:50.164860 2015] [proxy:error] [pid 7436:tid 1700] [client 201.245.192.253:36048] AH00898: Error reading from remote server returned by /forest/session.jsp, referer: http://190.27.245.106/forest/index2.jsp?a=0.8410776451351017
[Mon Jul 13 09:38:50.164860 2015] [negotiation:error] [pid 7436:tid 1700] [client 201.245.192.253:36048] AH00690: no acceptable variant: E:/nuevo/apache/error/HTTP_BAD_GATEWAY.html.var, referer: http://190.27.245.106/forest/index2.jsp?a=0.8410776451351017
[Mon Jul 13 09:38:58.136474 2015] [proxy_http:error] [pid 7436:tid 1284] (20014)Internal error: [client 190.84.185.167:52258] AH01102: error reading status line from remote server 172.22.1.47:80, referer: http://190.27.245.106/forest/downloads.jsp?_a=0.6362915772486978
[Mon Jul 13 09:40:05.325792 2015] [proxy_http:error] [pid 7436:tid 1324] (20014)Internal error: [client 201.245.192.253:39160] AH01102: error reading status line from remote server 172.22.1.47:80, referer: http://190.27.245.106/forest/misactividades.do?group_system_actual=3&codPro=95&_a=0.6905442577628462
[Mon Jul 13 09:41:27.788537 2015] [proxy_http:error] [pid 7436:tid 1596] (20014)Internal error: [client 201.245.192.253:28458] AH01102: error reading status line from remote server 172.22.1.47:80, referer: http://190.27.245.106/forest/misactividades.do?_a=0.6984085700718268&group_system_actual=3
[Mon Jul 13 09:41:52.810981 2015] [proxy_http:error] [pid 7436:tid 1484] (20014)Internal error: [client 201.245.192.253:44402] AH01102: error reading status line from remote server 172.22.1.47:80, referer: http://190.27.245.106/forest/buscar.do?type=procesos
[Mon Jul 13 09:42:42.231868 2015] [proxy_http:error] [pid 7436:tid 1620] (20014)Internal error: [client 201.245.192.253:35076] AH01102: error reading status line from remote server 172.22.1.47:80, referer: http://190.27.245.106/forest/usutareas.do?group_system_actual=3&a=0.9094677220455977
[Mon Jul 13 09:42:48.861880 2015] [proxy_http:error] [pid 7436:tid 1516] (20014)Internal error: [client 201.245.192.253:30276] AH01102: error reading status line from remote server 172.22.1.47:80, referer: http://190.27.245.106/forest/usutareas.do?codTraEsc=17663394
[Mon Jul 13 09:44:50.760494 2015] [proxy_http:error] [pid 7436:tid 1612] (20014)Internal error: [client 201.245.192.253:43165] AH01102: error reading status line from remote server 172.22.1.47:80, referer: http://190.27.245.106/forest/buscar.do?type=procesos
[Mon Jul 13 09:45:37.700976 2015] [proxy_http:error] [pid 7436:tid 1628] (20014)Internal error: [client 201.245.192.253:45811] AH01102: error reading status line from remote server 172.22.1.47:80, referer: http://190.27.245.106/forest/js/jquery/css/jquery-ui-1.8.1.custom.css
[Mon Jul 13 09:45:41.070582 2015] [proxy_http:error] [pid 7436:tid 1532] (20014)Internal error: [client 201.245.192.253:56048] AH01102: error reading status line from remote server 172.22.1.47:80, referer: http://190.27.245.106/forest/index2.jsp?selected=tab_init&tab=1
[Mon Jul 13 09:45:42.505785 2015] [proxy_http:error] [pid 7436:tid 1604] (20014)Internal error: [client 186.28.181.86:17428] AH01102: error reading status line from remote server 172.22.1.47:80, referer: http://190.27.245.106/forest/system/process.jsp?numPro=2175883
[Mon Jul 13 09:47:44.482399 2015] [proxy_http:error] [pid 7436:tid 1332] (20014)Internal error: [client 201.245.192.253:39535] AH01102: error reading status line from remote server 172.22.1.47:80, referer: http://190.27.245.106/forest/usutareas.do?group_system_actual=3&codAct=879&numPro=2959049&codPro=90&fecTra=2015-07-12%2008:23:08.789&codInst=2993022&codTraEsc=18632994
[Mon Jul 13 09:47:44.513599 2015] [proxy_http:error] [pid 7436:tid 1500] (20014)Internal error: [client 201.245.192.253:39659] AH01102: error reading status line from remote server 172.22.1.47:80, referer: http://190.27.245.106/forest/usutareas.do?group_system_actual=3&codAct=879&numPro=2959049&codPro=90&fecTra=2015-07-12%2008:23:08.789&codInst=2993022&codTraEsc=18632994
[Mon Jul 13 09:48:05.495636 2015] [proxy_http:error] [pid 7436:tid 1660] (20014)Internal error: [client 201.245.192.253:23858] AH01102: error reading status line from remote server 172.22.1.47:80, referer: http://190.27.245.106/forest/usutareas.do?group_system_actual=3&a=0.2932236768344467
[Mon Jul 13 09:48:05.511236 2015] [proxy_http:error] [pid 7436:tid 1340] (20014)Internal error: [client 201.245.192.253:23855] AH01102: error reading status line from remote server 172.22.1.47:80, referer: http://190.27.245.106/forest/usutareas.do?group_system_actual=3&a=0.2932236768344467
[Mon Jul 13 09:48:05.589236 2015] [proxy_http:error] [pid 7436:tid 1436] (20014)Internal error: [client 201.245.192.253:23790] AH01102: error reading status line from remote server 172.22.1.47:80, referer: http://190.27.245.106/forest/usutareas.do?group_system_actual=3&a=0.2932236768344467
[Mon Jul 13 09:48:15.698054 2015] [proxy_http:error] [pid 7436:tid 1700] (20014)Internal error: [client 201.245.192.253:41090] AH01102: error reading status line from remote server 172.22.1.47:80, referer: http://190.27.245.106/forest/usutareas.do?group_system_actual=3&codAct=1476&numPro=3035534&codPro=134&fecTra=2015-07-13%2006:39:30.0&codInst=3074216&codTraEsc=18634441
[Mon Jul 13 09:48:16.103654 2015] [proxy_http:error] [pid 7436:tid 1668] (20014)Internal error: [client 201.245.192.253:41089] AH01102: error reading status line from remote server 172.22.1.47:80, referer: http://190.27.245.106/forest/usutareas.do?group_system_actual=3&codAct=1476&numPro=3035534&codPro=134&fecTra=2015-07-13%2006:39:30.0&codInst=3074216&codTraEsc=18634441
[Mon Jul 13 09:48:24.995670 2015] [proxy_http:error] [pid 7436:tid 1692] (20014)Internal error: [client 201.245.192.253:41497] AH01102: error reading status line from remote server 172.22.1.47:80, referer: http://190.27.245.106/forest/buscar.do?type=documentos
[Mon Jul 13 09:48:24.995670 2015] [proxy:error] [pid 7436:tid 1692] [client 201.245.192.253:41497] AH00898: Error reading from remote server returned by /forest/skins/gdocs-jar/css/tree.css, referer: http://190.27.245.106/forest/buscar.do?type=documentos
[Mon Jul 13 09:49:34.587392 2015] [proxy_http:error] [pid 7436:tid 1780] (20014)Internal error: [client 190.156.176.188:49344] AH01102: error reading status line from remote server 172.22.1.47:80, referer: http://190.27.245.106/forest/login.do
[Mon Jul 13 09:51:00.309543 2015] [proxy_http:error] [pid 7436:tid 1436] (20014)Internal error: [client 201.245.192.253:36689] AH01102: error reading status line from remote server 172.22.1.47:80, referer: http://190.27.245.106/forest/usutareas.do?group_system_actual=3&codTraEsc=18636220&_a=0.4330403199440198
[Mon Jul 13 09:51:14.474368 2015] [proxy_http:error] [pid 7436:tid 1428] (20014)Internal error: [client 201.245.192.253:59786] AH01102: error reading status line from remote server 172.22.1.47:80, referer: http://190.27.245.106/forest/index2.jsp?_a=0.7224071713211678
[Mon Jul 13 09:51:14.474368 2015] [proxy:error] [pid 7436:tid 1428] [client 201.245.192.253:59786] AH00898: Error reading from remote server returned by /forest/skins/gdocs-jar/css/autocomplete.css, referer: http://190.27.245.106/forest/index2.jsp?_a=0.7224071713211678
[Mon Jul 13 09:51:20.449178 2015] [proxy_http:error] [pid 7436:tid 1788] (20014)Internal error: [client 201.245.192.253:47571] AH01102: error reading status line from remote server 172.22.1.47:80, referer: http://190.27.245.106/forest/suactividades.do?group_system_actual=3&_a=0.39581692226509
[Mon Jul 13 09:51:20.449178 2015] [proxy:error] [pid 7436:tid 1788] [client 201.245.192.253:47571] AH00898: Error reading from remote server returned by /forest/skins/gdocs-jar/css/menu.css, referer: http://190.27.245.106/forest/suactividades.do?group_system_actual=3&_a=0.39581692226509
[Mon Jul 13 09:51:20.605178 2015] [proxy_http:error] [pid 7436:tid 1108] (20014)Internal error: [client 186.29.216.77:11980] AH01102: error reading status line from remote server 172.22.1.47:80, referer: http://190.27.245.106/forest/usutareas.do?group_system_actual=3&codTraEsc=18636170&_a=0.3287557121650502
[Mon Jul 13 09:51:20.605178 2015] [proxy:error] [pid 7436:tid 1108] [client 186.29.216.77:11980] AH00898: Error reading from remote server returned by /forest/documentos/2117091/2015ER124718.pdf, referer: http://190.27.245.106/forest/usutareas.do?group_system_actual=3&codTraEsc=18636170&_a=0.3287557121650502
[Mon Jul 13 09:51:35.409604 2015] [proxy_http:error] [pid 7436:tid 1076] (20014)Internal error: [client 190.84.185.167:52343] AH01102: error reading status line from remote server 172.22.1.47:80, referer: http://190.27.245.106/forest/index2.jsp?_a=0.4960660103978446
[Mon Jul 13 09:51:35.409604 2015] [proxy_http:error] [pid 7436:tid 1092] (20014)Internal error: [client 190.84.185.167:52344] AH01102: error reading status line from remote server 172.22.1.47:80, referer: http://190.27.245.106/forest/index2.jsp?_a=0.4960660103978446
[Mon Jul 13 09:51:35.456405 2015] [proxy_http:error] [pid 7436:tid 1100] (20014)Internal error: [client 190.84.185.167:52342] AH01102: error reading status line from remote server 172.22.1.47:80, referer: http://190.27.245.106/forest/index2.jsp?_a=0.4960660103978446
[Mon Jul 13 09:51:38.935211 2015] [proxy_http:error] [pid 7436:tid 1740] (20014)Internal error: [client 190.84.185.167:52340] AH01102: error reading status line from remote server 172.22.1.47:80, referer: http://190.27.245.106/forest/usutareas.do?group_system_actual=3&codTraEsc=18636071&_a=0.6564442178502038
[Mon Jul 13 09:52:32.349704 2015] [proxy_http:error] [pid 7436:tid 1516] (20014)Internal error: [client 201.245.192.253:30561] AH01102: error reading status line from remote server 172.22.1.47:80, referer: http://190.27.245.106/forest/usutareas.do?codTraEsc=18611001
[Mon Jul 13 09:52:35.251310 2015] [proxy_http:error] [pid 7436:tid 1684] (20014)Internal error: [client 201.245.192.253:19921] AH01102: error reading status line from remote server 172.22.1.47:80, referer: http://190.27.245.106/forest/index2.jsp?_a=0.012476806353728387
[Mon Jul 13 09:52:35.251310 2015] [proxy:error] [pid 7436:tid 1684] [client 201.245.192.253:19921] AH00898: Error reading from remote server returned by /forest/system/process.jsp, referer: http://190.27.245.106/forest/index2.jsp?_a=0.012476806353728387
[Mon Jul 13 09:53:57.057853 2015] [proxy_http:error] [pid 7436:tid 1476] (20014)Internal error: [client 201.245.192.253:46703] AH01102: error reading status line from remote server 172.22.1.47:80, referer: http://190.27.245.106/forest/buscar.do?
