[Wed Aug 12 12:28:20.494909 2015] [proxy_http:error] [pid 3472:tid 1228] (20014)Internal error: [client 201.245.192.253:18008] AH01102: error reading status line from remote server 172.22.1.47:80, referer: http://190.27.245.106/forest/index2.jsp?group_system_actual=3&a=0.8813821239920039
[Wed Aug 12 12:28:20.494909 2015] [proxy:error] [pid 3472:tid 1228] [client 201.245.192.253:18008] AH00898: Error reading from remote server returned by /forest/index2.jsp, referer: http://190.27.245.106/forest/index2.jsp?group_system_actual=3&a=0.8813821239920039
[Wed Aug 12 12:28:33.661332 2015] [proxy_http:error] [pid 3472:tid 1516] (20014)Internal error: [client 201.245.192.253:18068] AH01102: error reading status line from remote server 172.22.1.47:80, referer: http://190.27.245.106/forest/reportes.do?menu=1&group_system_actual=5
[Wed Aug 12 12:28:54.627768 2015] [proxy_http:error] [pid 3472:tid 1148] (20014)Internal error: [client 201.245.192.253:18189] AH01102: error reading status line from remote server 172.22.1.47:80, referer: http://190.27.245.106/forest/frameset?
[Wed Aug 12 12:30:35.731546 2015] [proxy_http:error] [pid 3472:tid 1812] (20014)Internal error: [client 201.245.192.253:18829] AH01102: error reading status line from remote server 172.22.1.47:80, referer: http://190.27.245.106/forest/index2.jsp?_a=0.7882603957470402
[Wed Aug 12 12:30:35.981146 2015] [proxy_http:error] [pid 3472:tid 1812] (20014)Internal error: [client 201.245.192.253:18830] AH01102: error reading status line from remote server 172.22.1.47:80, referer: http://190.27.245.106/forest/index2.jsp?_a=0.7882603957470402
[Wed Aug 12 12:30:43.765560 2015] [proxy_http:error] [pid 3472:tid 1396] (20014)Internal error: [client 201.245.192.253:26417] AH01102: error reading status line from remote server 172.22.1.47:80, referer: http://190.27.245.106/forest/index2.jsp?_a=0.6274429981131107
[Wed Aug 12 12:30:43.765560 2015] [proxy:error] [pid 3472:tid 1396] [client 201.245.192.253:26417] AH00898: Error reading from remote server returned by /forest/session.jsp, referer: http://190.27.245.106/forest/index2.jsp?_a=0.6274429981131107
[Wed Aug 12 12:30:43.765560 2015] [negotiation:error] [pid 3472:tid 1396] [client 201.245.192.253:26417] AH00690: no acceptable variant: E:/nuevo/apache/error/HTTP_BAD_GATEWAY.html.var, referer: http://190.27.245.106/forest/index2.jsp?_a=0.6274429981131107
[Wed Aug 12 12:30:44.529962 2015] [proxy_http:error] [pid 3472:tid 1396] (20014)Internal error: [client 201.245.192.253:26417] AH01102: error reading status line from remote server 172.22.1.47:80, referer: http://190.27.245.106/forest/index2.jsp?_a=0.6274429981131107
[Wed Aug 12 12:30:44.654762 2015] [proxy_http:error] [pid 3472:tid 1580] (20014)Internal error: [client 201.245.192.253:26434] AH01102: error reading status line from remote server 172.22.1.47:80, referer: http://190.27.245.106/forest/login.do
[Wed Aug 12 12:30:44.654762 2015] [proxy:error] [pid 3472:tid 1580] [client 201.245.192.253:26434] AH00898: Error reading from remote server returned by /forest/1ibre/jscalendar/calendar-win2k-1.css, referer: http://190.27.245.106/forest/login.do
[Wed Aug 12 12:30:44.701562 2015] [proxy_http:error] [pid 3472:tid 1356] (20014)Internal error: [client 201.245.192.253:26430] AH01102: error reading status line from remote server 172.22.1.47:80, referer: http://190.27.245.106/forest/login.do
[Wed Aug 12 12:30:44.701562 2015] [proxy_http:error] [pid 3472:tid 1396] (20014)Internal error: [client 201.245.192.253:26428] AH01102: error reading status line from remote server 172.22.1.47:80, referer: http://190.27.245.106/forest/login.do
[Wed Aug 12 12:30:44.717162 2015] [proxy_http:error] [pid 3472:tid 1324] (20014)Internal error: [client 201.245.192.253:26432] AH01102: error reading status line from remote server 172.22.1.47:80, referer: http://190.27.245.106/forest/login.do
[Wed Aug 12 12:30:44.748362 2015] [proxy_http:error] [pid 3472:tid 692] (20014)Internal error: [client 201.245.192.253:26433] AH01102: error reading status line from remote server 172.22.1.47:80, referer: http://190.27.245.106/forest/login.do
[Wed Aug 12 12:31:45.026868 2015] [proxy_http:error] [pid 3472:tid 1492] (20014)Internal error: [client 201.245.192.253:51141] AH01102: error reading status line from remote server 172.22.1.47:80, referer: http://190.27.245.106/forest/buscar.do?
[Wed Aug 12 12:31:45.026868 2015] [proxy:error] [pid 3472:tid 1492] [client 201.245.192.253:51141] AH00898: Error reading from remote server returned by /forest/img/nav_last.gif, referer: http://190.27.245.106/forest/buscar.do?
[Wed Aug 12 12:31:52.670881 2015] [proxy_http:error] [pid 3472:tid 1492] (20014)Internal error: [client 201.245.192.253:46309] AH01102: error reading status line from remote server 172.22.1.47:80, referer: http://190.27.245.106/forest/usutareas.do?group_system_actual=3&codTraEsc=15975615&_a=0.3549707236320878
[Wed Aug 12 12:31:52.717681 2015] [proxy_http:error] [pid 3472:tid 1444] (20014)Internal error: [client 201.245.192.253:51212] AH01102: error reading status line from remote server 172.22.1.47:80, referer: http://190.27.245.106/forest/buscar.do?type=documentos
[Wed Aug 12 12:31:52.733281 2015] [proxy_http:error] [pid 3472:tid 1860] (20014)Internal error: [client 201.245.192.253:46331] AH01102: error reading status line from remote server 172.22.1.47:80, referer: http://190.27.245.106/forest/usutareas.do?group_system_actual=3&codTraEsc=15975615&_a=0.3549707236320878
[Wed Aug 12 12:31:52.733281 2015] [proxy:error] [pid 3472:tid 1860] [client 201.245.192.253:46331] AH00898: Error reading from remote server returned by /forest/buscar.do, referer: http://190.27.245.106/forest/usutareas.do?group_system_actual=3&codTraEsc=15975615&_a=0.3549707236320878
[Wed Aug 12 12:31:52.873682 2015] [proxy_http:error] [pid 3472:tid 1836] (20014)Internal error: [client 201.245.192.253:51219] AH01102: error reading status line from remote server 172.22.1.47:80, referer: http://190.27.245.106/forest/buscar.do?type=documentos
[Wed Aug 12 12:31:52.936082 2015] [proxy_http:error] [pid 3472:tid 1076] (20014)Internal error: [client 201.245.192.253:51218] AH01102: error reading status line from remote server 172.22.1.47:80, referer: http://190.27.245.106/forest/buscar.do?type=documentos
[Wed Aug 12 12:31:53.700483 2015] [proxy_http:error] [pid 3472:tid 1836] (20014)Internal error: [client 201.245.192.253:26849] AH01102: error reading status line from remote server 172.22.1.47:80, referer: http://190.27.245.106/forest/misactividades.do?_a=0.33911694895984645&group_system_actual=3
[Wed Aug 12 12:31:53.700483 2015] [proxy:error] [pid 3472:tid 1836] [client 201.245.192.253:26849] AH00898: Error reading from remote server returned by /forest/session.jsp, referer: http://190.27.245.106/forest/misactividades.do?_a=0.33911694895984645&group_system_actual=3
[Wed Aug 12 12:31:53.700483 2015] [negotiation:error] [pid 3472:tid 1836] [client 201.245.192.253:26849] AH00690: no acceptable variant: E:/nuevo/apache/error/HTTP_BAD_GATEWAY.html.var, referer: http://190.27.245.106/forest/misactividades.do?_a=0.33911694895984645&group_system_actual=3
[Wed Aug 12 12:32:24.229737 2015] [proxy_http:error] [pid 3472:tid 1868] (20014)Internal error: [client 186.147.40.222:61557] AH01102: error reading status line from remote server 172.22.1.47:80, referer: http://190.27.245.106/forest/login.do
[Wed Aug 12 12:32:47.536178 2015] [proxy_http:error] [pid 3472:tid 1636] (20014)Internal error: [client 186.147.40.222:61569] AH01102: error reading status line from remote server 172.22.1.47:80, referer: http://190.27.245.106/forest/system/process.jsp?numPro=3156219
[Wed Aug 12 12:32:47.536178 2015] [proxy:error] [pid 3472:tid 1636] [client 186.147.40.222:61569] AH00898: Error reading from remote server returned by /forest/css/index.css, referer: http://190.27.245.106/forest/system/process.jsp?numPro=3156219
[Wed Aug 12 12:33:16.755029 2015] [proxy_http:error] [pid 3472:tid 1836] (20014)Internal error: [client 201.245.192.253:19597] AH01102: error reading status line from remote server 172.22.1.47:80, referer: http://190.27.245.106/forest/buscar.do?type=documentos
[Wed Aug 12 12:33:57.252700 2015] [proxy_http:error] [pid 3472:tid 1492] (20014)Internal error: [client 201.245.192.253:35486] AH01102: error reading status line from remote server 172.22.1.47:80, referer: http://190.27.245.106/forest/buscar.do?type=documentos
[Wed Aug 12 12:34:31.962761 2015] [proxy_http:error] [pid 3472:tid 888] (20014)Internal error: [client 190.84.185.167:50961] AH01102: error reading status line from remote server 172.22.1.47:80, referer: http://190.27.245.106/forest/usutareas.do?group_system_actual=3&a=0.4210704107282808
[Wed Aug 12 12:34:31.962761 2015] [proxy:error] [pid 3472:tid 888] [client 190.84.185.167:50961] AH00898: Error reading from remote server returned by /forest/1ibre/jscalendar/calendar-win2k-1.css, referer: http://190.27.245.106/forest/usutareas.do?group_system_actual=3&a=0.4210704107282808
[Wed Aug 12 12:35:14.706836 2015] [proxy_http:error] [pid 3472:tid 1492] (20014)Internal error: [client 201.245.192.253:36680] AH01102: error reading status line from remote server 172.22.1.47:80, referer: http://190.27.245.106/forest/reportes.do?menu=1&group_system_actual=5
[Wed Aug 12 12:35:24.456853 2015] [proxy_http:error] [pid 3472:tid 1148] (20014)Internal error: [client 201.245.192.253:36819] AH01102: error reading status line from remote server 172.22.1.47:80, referer: http://190.27.245.106/forest/radicacion.do?codMod=11&group_system_actual=4&_a=0.6732054179459231
[Wed Aug 12 12:35:24.550453 2015] [proxy_http:error] [pid 3472:tid 1148] (20014)Internal error: [client 201.245.192.253:36822] AH01102: error reading status line from remote server 172.22.1.47:80, referer: http://190.27.245.106/forest/radicacion.do?codMod=11&group_system_actual=4&_a=0.6732054179459231
[Wed Aug 12 12:37:25.559866 2015] [proxy_http:error] [pid 3472:tid 692] (20014)Internal error: [client 186.147.40.222:61627] AH01102: error reading status line from remote server 172.22.1.47:80, referer: http://190.27.245.106/forest/buscar.do?
[Wed Aug 12 12:37:32.891879 2015] [proxy_http:error] [pid 3472:tid 1716] (20014)Internal error: [client 201.245.192.253:38565] AH01102: error reading status line from remote server 172.22.1.47:80, referer: http://190.27.245.106/forest/buscar.do
[Wed Aug 12 12:37:32.891879 2015] [proxy:error] [pid 3472:tid 1716] [client 201.245.192.253:38565] AH00898: Error reading from remote server returned by /forest/1ibre/jscalendar/calendar.js, referer: http://190.27.245.106/forest/buscar.do
[Wed Aug 12 12:37:32.907479 2015] [proxy_http:error] [pid 3472:tid 1820] (20014)Internal error: [client 201.245.192.253:38563] AH01102: error reading status line from remote server 172.22.1.47:80, referer: http://190.27.245.106/forest/buscar.do
[Wed Aug 12 12:37:59.349525 2015] [proxy_http:error] [pid 3472:tid 1548] (20014)Internal error: [client 201.245.192.253:21141] AH01102: error reading status line from remote server 172.22.1.47:80, referer: http://190.27.245.106/forest/misactividades.do?group_system_actual=3&codPro=187&_a=0.3112955347077654
[Wed Aug 12 12:37:59.349525 2015] [proxy:error] [pid 3472:tid 1548] [client 201.245.192.253:21141] AH00898: Error reading from remote server returned by /forest/session.jsp, referer: http://190.27.245.106/forest/misactividades.do?group_system_actual=3&codPro=187&_a=0.3112955347077654
[Wed Aug 12 12:37:59.349525 2015] [negotiation:error] [pid 3472:tid 1548] [client 201.245.192.253:21141] AH00690: no acceptable variant: E:/nuevo/apache/error/HTTP_BAD_GATEWAY.html.var, referer: http://190.27.245.106/forest/misactividades.do?group_system_actual=3&codPro=187&_a=0.3112955347077654
[Wed Aug 12 12:38:01.549129 2015] [proxy_http:error] [pid 3472:tid 692] (20014)Internal error: [client 201.245.192.253:39003] AH01102: error reading status line from remote server 172.22.1.47:80, referer: http://190.27.245.106/forest/buscar.do?type=procesos
[Wed Aug 12 12:38:01.549129 2015] [proxy:error] [pid 3472:tid 692] [client 201.245.192.253:39003] AH00898: Error reading from remote server returned by /forest/buscar.do, referer: http://190.27.245.106/forest/buscar.do?type=procesos
[Wed Aug 12 12:38:12.812349 2015] [proxy_http:error] [pid 3472:tid 1548] (20014)Internal error: [client 201.245.192.253:39124] AH01102: error reading status line from remote server 172.22.1.47:80, referer: http://190.27.245.106/forest/usutareas.do?group_system_actual=3&codAct=1477&numPro=3008586&codPro=134&fecTra=2015-06-09%2011:23:47.0&codInst=3164698&codTraEsc=18336921
[Wed Aug 12 12:38:43.716003 2015] [proxy_http:error] [pid 3472:tid 1548] (20014)Internal error: [client 201.245.192.253:39535] AH01102: error reading status line from remote server 172.22.1.47:80, referer: http://190.27.245.106/forest/radicacion.do?codMod=11&group_system_actual=4&_a=0.6732054179459231
[Wed Aug 12 12:38:56.664026 2015] [proxy_http:error] [pid 3472:tid 1716] (20014)Internal error: [client 201.245.192.253:39779] AH01102: error reading status line from remote server 172.22.1.47:80
[Wed Aug 12 12:38:56.695226 2015] [proxy_http:error] [pid 3472:tid 1548] (20014)Internal error: [client 201.245.192.253:39571] AH01102: error reading status line from remote server 172.22.1.47:80, referer: http://190.27.245.106/forest/radicacion.do?codMod=11&group_system_actual=4&_a=0.6732054179459231
[Wed Aug 12 12:38:56.726426 2015] [proxy_http:error] [pid 3472:tid 1148] (20014)Internal error: [client 201.245.192.253:39789] AH01102: error reading status line from remote server 172.22.1.47:80, referer: http://190.27.245.106/forest/reportes.do?menu=1&group_system_actual=5
[Wed Aug 12 12:38:56.804426 2015] [proxy_http:error] [pid 3472:tid 1692] (20014)Internal error: [client 201.245.192.253:39787] AH01102: error reading status line from remote server 172.22.1.47:80, referer: http://190.27.245.106/forest/reportes.do?menu=1&group_system_actual=5
[Wed Aug 12 12:39:26.787679 2015] [proxy_http:error] [pid 3472:tid 1836] (20014)Internal error: [client 201.245.192.253:40110] AH01102: error reading status line from remote server 172.22.1.47:80, referer: http://190.27.245.106/forest/reportes.do?menu=1&group_system_actual=5
[Wed Aug 12 12:39:28.191681 2015] [proxy_http:error] [pid 3472:tid 1716] (20014)Internal error: [client 186.147.40.222:61655] AH01102: error reading status line from remote server 172.22.1.47:80, referer: http://190.27.245.106/forest/buscar.do
[Wed Aug 12 12:39:35.289694 2015] [proxy_http:error] [pid 3472:tid 1860] (20014)Internal error: [client 201.245.192.253:29678] AH01102: error reading status line from remote server 172.22.1.47:80, referer: http://190.27.245.106/forest/index2.jsp?_a=0.9075478499479088
[Wed Aug 12 12:39:35.305294 2015] [proxy_http:error] [pid 3472:tid 1636] (20014)Internal error: [client 201.245.192.253:29677] AH01102: error reading status line from remote server 172.22.1.47:80, referer: http://190.27.245.106/forest/index2.jsp?_a=0.9075478499479088
[Wed Aug 12 12:40:04.898546 2015] [proxy_http:error] [pid 3472:tid 984] (20014)Internal error: [client 201.245.192.253:29814] AH01102: error reading status line from remote server 172.22.1.47:80, referer: http://190.27.245.106/forest/usutareas.do?group_system_actual=3&codTraEsc=18862975&_a=0.7614526515894219
[Wed Aug 12 12:40:12.199359 2015] [proxy_http:error] [pid 3472:tid 1636] (20014)Internal error: [client 201.245.192.253:40934] AH01102: error reading status line from remote server 172.22.1.47:80, referer: http://190.27.245.106/forest/buscar.do?type=procesos
[Wed Aug 12 12:40:12.199359 2015] [proxy:error] [pid 3472:tid 1636] [client 201.245.192.253:40934] AH00898: Error reading from remote server returned by /forest/buscar.do, referer: http://190.27.245.106/forest/buscar.do?type=procesos
[Wed Aug 12 12:40:21.808975 2015] [proxy_http:error] [pid 3472:tid 1860] (20014)Internal error: [client 201.245.192.253:29931] AH01102: error reading status line from remote server 172.22.1.47:80, referer: http://190.27.245.106/forest/misactividades.do?_a=0.2632485220196229&group_system_actual=3
[Wed Aug 12 12:40:24.367380 2015] [proxy_http:error] [pid 3472:tid 1396] (20014)Internal error: [client 201.245.192.253:29933] AH01102: error reading status line from remote server 172.22.1.47:80, referer: http://190.27.245.106/forest/index2.jsp?_a=0.6285473206524893
[Wed Aug 12 12:40:24.367380 2015] [proxy_http:error] [pid 3472:tid 1868] (20014)Internal error: [client 201.245.192.253:29930] AH01102: error reading status line from remote server 172.22.1.47:80, referer: http://190.27.245.106/forest/index2.jsp?_a=0.6285473206524893
[Wed Aug 12 12:40:40.326208 2015] [proxy_http:error] [pid 3472:tid 984] (20014)Internal error: [client 201.245.192.253:30073] AH01102: error reading status line from remote server 172.22.1.47:80, referer: http://190.27.245.106/forest/usutareas.do?codTraEsc=18597710
[Wed Aug 12 12:41:18.000274 2015] [proxy_http:error] [pid 3472:tid 1716] (20014)Internal error: [client 190.84.185.167:51277] AH01102: error reading status line from remote server 172.22.1.47:80, referer: http://190.27.245.106/forest/usutareas.do?_a=0.7592313785092217&group_system_actual=3
[Wed Aug 12 12:41:20.387078 2015] [proxy_http:error] [pid 3472:tid 1580] (20014)Internal error: [client 201.245.192.253:41935] AH01102: error reading status line from remote server 172.22.1.47:80, referer: http://190.27.245.106/forest/buscar.do?type=documentos
[Wed Aug 12 12:41:20.387078 2015] [proxy:error] [pid 3472:tid 1580] [client 201.245.192.253:41935] AH00898: Error reading from remote server returned by /forest/skins/gdocs-jar/css/tree.css, referer: http://190.27.245.106/forest/buscar.do?type=documentos
[Wed Aug 12 12:41:29.450694 2015] [proxy_http:error] [pid 3472:tid 1580] (20014)Internal error: [client 190.84.185.167:51342] AH01102: error reading status line from remote server 172.22.1.47:80, referer: http://190.27.245.106/forest/usudocumentos.do?_a=0.22645941592325014&group_system_actual=3
[Wed Aug 12 12:42:25.189592 2015] [proxy_http:error] [pid 3472:tid 1764] (20014)Internal error: [client 186.147.40.222:61710] AH01102: error reading status line from remote server 172.22.1.47:80, referer: http://190.27.245.106/forest/buscar.do
[Wed Aug 12 12:54:20.513249 2015] [proxy_http:error] [pid 3472:tid 1396] (20014)Internal error: [client 201.245.192.253:40123] AH01102: error reading status line from remote server 172.22.1.47:80, referer: http://190.27.245.106/forest/buscar.do
[Wed Aug 12 12:54:20.513249 2015] [proxy:error] [pid 3472:tid 1396] [client 201.245.192.253:40123] AH00898: Error reading from remote server returned by /forest/js/sarissa.js, referer: http://190.27.245.106/forest/buscar.do
[Wed Aug 12 12:54:20.528849 2015] [proxy_http:error] [pid 3472:tid 1868] (20014)Internal error: [client 201.245.192.253:40122] AH01102: error reading status line from remote server 172.22.1.47:80, referer: http://190.27.245.106/forest/buscar.do
[Wed Aug 12 12:54:39.436082 2015] [proxy_http:error] [pid 3472:tid 1532] (20014)Internal error: [client 201.245.192.253:40347] AH01102: error reading status line from remote server 172.22.1.47:80, referer: http://190.27.245.106/forest/buscar.do
[Wed Aug 12 12:54:39.436082 2015] [proxy:error] [pid 3472:tid 1532] [client 201.245.192.253:40347] AH00898: Error reading from remote server returned by /forest/css/autocomplete.css, referer: http://190.27.245.106/forest/buscar.do
[Wed Aug 12 12:54:49.903700 2015] [proxy_http:error] [pid 3472:tid 692] (20014)Internal error: [client 201.245.192.253:40336] AH01102: error reading status line from remote server 172.22.1.47:80, referer: http://190.27.245.106/forest/buscar.do
[Wed Aug 12 12:54:49.997300 2015] [proxy_http:error] [pid 3472:tid 1316] (20014)Internal error: [client 201.245.192.253:40433] AH01102: error reading status line from remote server 172.22.1.47:80, referer: http://190.27.245.106/forest/buscar.do
[Wed Aug 12 12:55:01.244920 2015] [proxy_http:error] [pid 3472:tid 1764] (20014)Internal error: [client 201.245.192.253:40584] AH01102: error reading status line from remote server 172.22.1.47:80, referer: http://190.27.245.106/forest/buscar.do
[Wed Aug 12 12:55:01.260520 2015] [proxy_http:error] [pid 3472:tid 1116] (20014)Internal error: [client 201.245.192.253:40581] AH01102: error reading status line from remote server 172.22.1.47:80, referer: http://190.27.245.106/forest/buscar.do
[Wed Aug 12 12:55:01.541321 2015] [proxy_http:error] [pid 3472:tid 1692] (20014)Internal error: [client 201.245.192.253:40582] AH01102: error reading status line from remote server 172.22.1.47:80, referer: http://190.27.245.106/forest/buscar.do
[Wed Aug 12 13:07:09.594599 2015] [proxy_http:error] [pid 3472:tid 1028] (20014)Internal error: [client 201.245.192.253:25935] AH01102: error reading status line from remote server 172.22.1.47:80, referer: http://190.27.245.106/forest/usutareas.do?_a=0.9219409210018386&group_system_actual=3
[Wed Aug 12 13:07:09.594599 2015] [proxy:error] [pid 3472:tid 1028] [client 201.245.192.253:25935] AH00898: Error reading from remote server returned by /forest/css/escritorio.css, referer: http://190.27.245.106/forest/usutareas.do?_a=0.9219409210018386&group_system_actual=3
[Wed Aug 12 13:10:47.994983 2015] [proxy_http:error] [pid 3472:tid 1492] (20014)Internal error: [client 186.147.40.222:62298] AH01102: error reading status line from remote server 172.22.1.47:80, referer: http://190.27.245.106/forest/index2.jsp?_a=0.750178380170837
[Wed Aug 12 13:17:51.878927 2015] [core:error] [pid 3472:tid 1676] (20024)The given path is misformatted or contained invalid characters: [client 191.238.9.170:31754] AH00127: Cannot map GET /galeria/carrusel/Carrusel/jquery-ui-%0A%0A1.8.13.custom.min.js HTTP/1.1 to file
[Wed Aug 12 13:23:36.593733 2015] [proxy_http:error] [pid 3472:tid 692] (20014)Internal error: [client 201.245.192.253:35902] AH01102: error reading status line from remote server 172.22.1.47:80, referer: http://190.27.245.106/forest/login.do
[Wed Aug 12 13:50:21.150151 2015] [proxy_http:error] [pid 3472:tid 1516] (OS 10054)An existing connection was forcibly closed by the remote host.  : [client 201.245.192.253:42031] AH01102: error reading status line from remote server 172.22.1.31:80, referer: http://190.27.245.106/isolucionsda/FrameSetGeneral.asp?Pagina=Menu.asp&IdModulo=7
[Wed Aug 12 13:50:21.150151 2015] [proxy:error] [pid 3472:tid 1516] [client 201.245.192.253:42031] AH00898: Error reading from remote server returned by /isolucionsda/BarraFavoritos.asp, referer: http://190.27.245.106/isolucionsda/FrameSetGeneral.asp?Pagina=Menu.asp&IdModulo=7
[Wed Aug 12 14:04:22.865230 2015] [proxy_http:error] [pid 3472:tid 1444] (20014)Internal error: [client 201.245.192.253:32252] AH01102: error reading status line from remote server 172.22.1.47:80, referer: http://190.27.245.106/forest/usutareas.do?group_system_actual=3&codAct=879&numPro=2299451&codPro=90&fecTra=2015-08-10%2017:18:23.767&codInst=2300666&codTraEsc=18881657
[Wed Aug 12 14:04:34.190850 2015] [proxy_http:error] [pid 3472:tid 1708] (20014)Internal error: [client 186.29.51.249:25689] AH01102: error reading status line from remote server 172.22.1.47:80, referer: http://190.27.245.106/forest/usutareas.do?_a=0.6209241834003478&group_system_actual=3
[Wed Aug 12 14:04:34.190850 2015] [proxy:error] [pid 3472:tid 1708] [client 186.29.51.249:25689] AH00898: Error reading from remote server returned by /forest/skins/gdocs-jar/js/grid.js, referer: http://190.27.245.106/forest/usutareas.do?_a=0.6209241834003478&group_system_actual=3
[Wed Aug 12 14:07:41.281978 2015] [proxy_http:error] [pid 3472:tid 1284] (20014)Internal error: [client 201.245.192.253:45701] AH01102: error reading status line from remote server 172.22.1.47:80, referer: http://190.27.245.106/forest/buscar.do?
[Wed Aug 12 14:07:41.281978 2015] [proxy:error] [pid 3472:tid 1284] [client 201.245.192.253:45701] AH00898: Error reading from remote server returned by /forest/buscar.do, referer: http://190.27.245.106/forest/buscar.do?
[Wed Aug 12 14:07:56.507605 2015] [proxy_http:error] [pid 3472:tid 1028] (20014)Internal error: [client 201.245.192.253:45977] AH01102: error reading status line from remote server 172.22.1.47:80, referer: http://190.27.245.106/forest/buscar.do
[Wed Aug 12 14:08:06.257622 2015] [proxy_http:error] [pid 3472:tid 1148] (20014)Internal error: [client 201.245.192.253:46125] AH01102: error reading status line from remote server 172.22.1.47:80, referer: http://190.27.245.106/forest/buscar.do
[Wed Aug 12 14:08:39.220480 2015] [proxy_http:error] [pid 3472:tid 1500] (20014)Internal error: [client 201.245.192.253:51429] AH01102: error reading status line from remote server 172.22.1.47:80, referer: http://190.27.245.106/forest/usutareas.do?group_system_actual=3&a=0.6088069363031536
[Wed Aug 12 14:08:39.236080 2015] [proxy_http:error] [pid 3472:tid 888] (20014)Internal error: [client 201.245.192.253:51430] AH01102: error reading status line from remote server 172.22.1.47:80, referer: http://190.27.245.106/forest/usutareas.do?group_system_actual=3&a=0.6088069363031536
[Wed Aug 12 14:10:33.521881 2015] [mpm_winnt:warn] [pid 3472:tid 2644] (OS 64)The specified network name is no longer available.  : AH00341: winnt_accept: Asynchronous AcceptEx failed.
[Wed Aug 12 14:13:07.150951 2015] [proxy_http:error] [pid 3472:tid 1716] (20014)Internal error: [client 201.245.192.253:56343] AH01102: error reading status line from remote server 172.22.1.47:80, referer: http://190.27.245.106/forest/
[Wed Aug 12 14:13:07.182151 2015] [proxy_http:error] [pid 3472:tid 1652] (20014)Internal error: [client 201.245.192.253:56350] AH01102: error reading status line from remote server 172.22.1.47:80, referer: http://190.27.245.106/forest/
[Wed Aug 12 14:13:07.478551 2015] [proxy_http:error] [pid 3472:tid 1340] (20014)Internal error: [client 201.245.192.253:38558] AH01102: error reading status line from remote server 172.22.1.47:80, referer: http://190.27.245.106/forest/misactividades.do?group_system_actual=3&codPro=90&_a=0.588974815766863
[Wed Aug 12 14:14:08.178258 2015] [proxy_http:error] [pid 3472:tid 1652] (20014)Internal error: [client 186.29.51.249:25928] AH01102: error reading status line from remote server 172.22.1.47:80, referer: http://190.27.245.106/forest/usutareas.do?group_system_actual=3&a=0.5229474646039307
[Wed Aug 12 14:14:08.178258 2015] [proxy:error] [pid 3472:tid 1652] [client 186.29.51.249:25928] AH00898: Error reading from remote server returned by /forest/index2.jsp, referer: http://190.27.245.106/forest/usutareas.do?group_system_actual=3&a=0.5229474646039307
[Wed Aug 12 14:15:36.318413 2015] [proxy_http:error] [pid 3472:tid 1724] (20014)Internal error: [client 201.245.192.253:58359] AH01102: error reading status line from remote server 172.22.1.47:80, referer: http://190.27.245.106/forest/reportes.do?menu=1&group_system_actual=5
[Wed Aug 12 14:15:36.786413 2015] [proxy_http:error] [pid 3472:tid 976] (20014)Internal error: [client 201.245.192.253:58477] AH01102: error reading status line from remote server 172.22.1.47:80, referer: http://190.27.245.106/forest/buscar.do?type=procesos
[Wed Aug 12 14:15:36.786413 2015] [proxy:error] [pid 3472:tid 976] [client 201.245.192.253:58477] AH00898: Error reading from remote server returned by /forest/buscar.do, referer: http://190.27.245.106/forest/buscar.do?type=procesos
[Wed Aug 12 14:15:37.379214 2015] [proxy_http:error] [pid 3472:tid 1000] (20014)Internal error: [client 201.245.192.253:40952] AH01102: error reading status line from remote server 172.22.1.47:80, referer: http://190.27.245.106/forest/usutareas.do?group_system_actual=3&a=0.5444251974113286
[Wed Aug 12 14:15:37.379214 2015] [proxy:error] [pid 3472:tid 1000] [client 201.245.192.253:40952] AH00898: Error reading from remote server returned by /forest/skins/gdocs-jar/popup/popup.jsp, referer: http://190.27.245.106/forest/usutareas.do?group_system_actual=3&a=0.5444251974113286
[Wed Aug 12 14:18:57.559766 2015] [proxy_http:error] [pid 3472:tid 1356] (20014)Internal error: [client 201.245.192.253:44730] AH01102: error reading status line from remote server 172.22.1.47:80, referer: http://190.27.245.106/forest/js/jquery/css/jquery-ui-1.8.1.custom.css
[Wed Aug 12 14:19:05.188179 2015] [proxy_http:error] [pid 3472:tid 1636] (20014)Internal error: [client 201.245.192.253:25810] AH01102: error reading status line from remote server 172.22.1.47:80, referer: http://190.27.245.106/forest/index2.jsp?_a=0.13110382875094095
[Wed Aug 12 14:19:14.126995 2015] [proxy_http:error] [pid 3472:tid 1116] (20014)Internal error: [client 201.245.192.253:44953] AH01102: error reading status line from remote server 172.22.1.47:80, referer: http://190.27.245.106/forest/usutareas.do?group_system_actual=3&codAct=1477&numPro=3008586&codPro=134&fecTra=2015-06-09%2011:23:47.0&codInst=3164698&codTraEsc=18336921
[Wed Aug 12 14:19:14.126995 2015] [proxy:error] [pid 3472:tid 1116] [client 201.245.192.253:44953] AH00898: Error reading from remote server returned by /forest/borrador/1810396/Borrador juridico 2015-06-09.docx, referer: http://190.27.245.106/forest/usutareas.do?group_system_actual=3&codAct=1477&numPro=3008586&codPro=134&fecTra=2015-06-09%2011:23:47.0&codInst=3164698&codTraEsc=18336921
[Wed Aug 12 14:20:26.370722 2015] [proxy_http:error] [pid 3472:tid 1028] (20014)Internal error: [client 201.245.192.253:46197] AH01102: error reading status line from remote server 172.22.1.47:80, referer: http://190.27.245.106/forest/usutareas.do?_a=0.5430570697030991&group_system_actual=3
[Wed Aug 12 14:20:26.417522 2015] [proxy_http:error] [pid 3472:tid 1508] (20014)Internal error: [client 201.245.192.253:46192] AH01102: error reading status line from remote server 172.22.1.47:80, referer: http://190.27.245.106/forest/usutareas.do?_a=0.5430570697030991&group_system_actual=3
[Wed Aug 12 14:20:26.448722 2015] [proxy_http:error] [pid 3472:tid 1500] (20014)Internal error: [client 201.245.192.253:46199] AH01102: error reading status line from remote server 172.22.1.47:80, referer: http://190.27.245.106/forest/usutareas.do?_a=0.5430570697030991&group_system_actual=3
[Wed Aug 12 14:20:26.479922 2015] [proxy_http:error] [pid 3472:tid 1324] (20014)Internal error: [client 201.245.192.253:46194] AH01102: error reading status line from remote server 172.22.1.47:80, referer: http://190.27.245.106/forest/usutareas.do?_a=0.5430570697030991&group_system_actual=3
[Wed Aug 12 14:20:27.493924 2015] [proxy_http:error] [pid 3472:tid 1500] (20014)Internal error: [client 201.245.192.253:50608] AH01102: error reading status line from remote server 172.22.1.47:80, referer: http://190.27.245.106/forest/reportes.do?menu=1&group_system_actual=5
[Wed Aug 12 14:20:27.493924 2015] [proxy:error] [pid 3472:tid 1500] [client 201.245.192.253:50608] AH00898: Error reading from remote server returned by /forest/system/process.jsp, referer: http://190.27.245.106/forest/reportes.do?menu=1&group_system_actual=5
[Wed Aug 12 14:21:28.443231 2015] [proxy_http:error] [pid 3472:tid 1836] (20014)Internal error: [client 201.245.192.253:26652] AH01102: error reading status line from remote server 172.22.1.47:80, referer: http://190.27.245.106/forest/misactividades.do?_a=0.7323580187702512&group_system_actual=3
[Wed Aug 12 14:23:32.198248 2015] [proxy_http:error] [pid 3472:tid 984] (OS 10054)An existing connection was forcibly closed by the remote host.  : [client 201.245.192.253:20202] AH01102: error reading status line from remote server 172.22.1.31:80, referer: http://190.27.245.106/isolucionsda/Encabezado.asp?Pagina=Menu.asp&IdModulo=7
[Wed Aug 12 14:23:56.003890 2015] [proxy_http:error] [pid 3472:tid 1444] (20014)Internal error: [client 201.245.192.253:37713] AH01102: error reading status line from remote server 172.22.1.47:80, referer: http://190.27.245.106/forest/usutareas.do?group_system_actual=3&a=0.449298448073449
[Wed Aug 12 14:24:08.047111 2015] [proxy_http:error] [pid 3472:tid 1324] (20014)Internal error: [client 201.245.192.253:38013] AH01102: error reading status line from remote server 172.22.1.47:80, referer: http://190.27.245.106/forest/misactividades.do?_a=0.39162433550929054&group_system_actual=3
[Wed Aug 12 14:26:26.341354 2015] [proxy_http:error] [pid 3472:tid 1140] (20014)Internal error: [client 201.245.192.253:56055] AH01102: error reading status line from remote server 172.22.1.47:80, referer: http://190.27.245.106/forest/reportes.do?menu=1&group_system_actual=5
[Wed Aug 12 14:29:10.750043 2015] [proxy_http:error] [pid 3472:tid 1316] (20014)Internal error: [client 201.245.192.253:44133] AH01102: error reading status line from remote server 172.22.1.47:80, referer: http://190.27.245.106/forest/buscar.do
[Wed Aug 12 14:29:11.030844 2015] [proxy_http:error] [pid 3472:tid 1420] (20014)Internal error: [client 201.245.192.253:44128] AH01102: error reading status line from remote server 172.22.1.47:80, referer: http://190.27.245.106/forest/buscar.do
[Wed Aug 12 14:34:13.406175 2015] [proxy_http:error] [pid 3472:tid 1428] (20014)Internal error: [client 201.245.192.253:36707] AH01102: error reading status line from remote server 172.22.1.47:80, referer: http://190.27.245.106/forest/js/jquery/css/jquery-ui-1.8.1.custom.css
[Wed Aug 12 14:36:12.122383 2015] [proxy_http:error] [pid 3472:tid 1316] (OS 10054)An existing connection was forcibly closed by the remote host.  : [client 201.245.192.253:53042] AH01102: error reading status line from remote server 172.22.1.31:80, referer: http://190.27.245.106/isolucionsda/FrameSetGeneral.asp?Pagina1=FrameSetGeneral.asp&
[Wed Aug 12 14:36:12.122383 2015] [proxy:error] [pid 3472:tid 1316] [client 201.245.192.253:53042] AH00898: Error reading from remote server returned by /isolucionsda/MagazinHome.asp, referer: http://190.27.245.106/isolucionsda/FrameSetGeneral.asp?Pagina1=FrameSetGeneral.asp&
[Wed Aug 12 14:36:31.996818 2015] [proxy_http:error] [pid 3472:tid 1580] (20014)Internal error: [client 201.245.192.253:32525] AH01102: error reading status line from remote server 172.22.1.47:80, referer: http://190.27.245.106/forest/frameset?
[Wed Aug 12 14:36:32.012418 2015] [proxy_http:error] [pid 3472:tid 1116] (20014)Internal error: [client 201.245.192.253:32521] AH01102: error reading status line from remote server 172.22.1.47:80, referer: http://190.27.245.106/forest/frameset?
[Wed Aug 12 14:44:56.501704 2015] [proxy_http:error] [pid 3472:tid 1724] (20014)Internal error: [client 186.29.51.249:27308] AH01102: error reading status line from remote server 172.22.1.47:80, referer: http://190.27.245.106/forest/misactividades.do?group_system_actual=3&codPro=233&_a=0.16235238912377614
[Wed Aug 12 14:44:56.501704 2015] [proxy:error] [pid 3472:tid 1724] [client 186.29.51.249:27308] AH00898: Error reading from remote server returned by /forest/misactividades.do, referer: http://190.27.245.106/forest/misactividades.do?group_system_actual=3&codPro=233&_a=0.16235238912377614
[Wed Aug 12 14:47:11.426341 2015] [proxy_http:error] [pid 3472:tid 1812] (20014)Internal error: [client 201.245.192.253:52433] AH01102: error reading status line from remote server 172.22.1.47:80, referer: http://190.27.245.106/forest/reportes.do?menu=1&group_system_actual=5
[Wed Aug 12 14:48:36.649291 2015] [mpm_winnt:warn] [pid 3472:tid 2644] (OS 64)The specified network name is no longer available.  : AH00341: winnt_accept: Asynchronous AcceptEx failed.
[Wed Aug 12 14:48:55.275724 2015] [proxy_http:error] [pid 3472:tid 1724] (20014)Internal error: [client 201.245.192.253:42872] AH01102: error reading status line from remote server 172.22.1.47:80, referer: http://190.27.245.106/forest/buscar.do
[Wed Aug 12 14:49:12.139353 2015] [proxy_http:error] [pid 3472:tid 1396] (20014)Internal error: [client 201.245.192.253:43238] AH01102: error reading status line from remote server 172.22.1.47:80, referer: http://190.27.245.106/forest/system/process.jsp?numPro=2978655
[Wed Aug 12 14:49:22.435371 2015] [proxy_http:error] [pid 3472:tid 1716] (20014)Internal error: [client 201.245.192.253:55119] AH01102: error reading status line from remote server 172.22.1.47:80, referer: http://190.27.245.106/forest/usutareas.do?group_system_actual=3&a=0.7051505483191559
[Wed Aug 12 14:49:22.435371 2015] [proxy:error] [pid 3472:tid 1716] [client 201.245.192.253:55119] AH00898: Error reading from remote server returned by /forest/session.jsp, referer: http://190.27.245.106/forest/usutareas.do?group_system_actual=3&a=0.7051505483191559
[Wed Aug 12 14:49:22.435371 2015] [negotiation:error] [pid 3472:tid 1716] [client 201.245.192.253:55119] AH00690: no acceptable variant: E:/nuevo/apache/error/HTTP_BAD_GATEWAY.html.var, referer: http://190.27.245.106/forest/usutareas.do?group_system_actual=3&a=0.7051505483191559
[Wed Aug 12 14:49:46.412613 2015] [proxy_http:error] [pid 3472:tid 1364] (20014)Internal error: [client 201.245.192.253:43866] AH01102: error reading status line from remote server 172.22.1.47:80, referer: http://190.27.245.106/forest/misactividades.do?group_system_actual=3&codPro=176&_a=0.2945564702303054
[Wed Aug 12 14:49:46.412613 2015] [proxy:error] [pid 3472:tid 1364] [client 201.245.192.253:43866] AH00898: Error reading from remote server returned by /forest/skins/gdocs-jar/popup/popup.jsp, referer: http://190.27.245.106/forest/misactividades.do?group_system_actual=3&codPro=176&_a=0.2945564702303054
[Wed Aug 12 14:52:14.675274 2015] [proxy_http:error] [pid 3472:tid 976] (20014)Internal error: [client 186.29.51.249:27921] AH01102: error reading status line from remote server 172.22.1.47:80, referer: http://190.27.245.106/forest/usudocumentos.do?_a=0.39278331212699413&group_system_actual=3
[Wed Aug 12 14:53:59.335858 2015] [proxy_http:error] [pid 3472:tid 1692] (20014)Internal error: [client 186.29.51.249:28089] AH01102: error reading status line from remote server 172.22.1.47:80, referer: http://190.27.245.106/forest/usutareas.do?_a=0.0942222026642412&group_system_actual=3
[Wed Aug 12 14:54:50.129547 2015] [proxy_http:error] [pid 3472:tid 1036] (20014)Internal error: [client 190.27.106.249:12801] AH01102: error reading status line from remote server 172.22.1.47:80, referer: http://190.27.245.106/forest/buscar.do?type=procesos
[Wed Aug 12 14:59:06.079196 2015] [proxy:error] [pid 3472:tid 1444] (OS 10053)An established connection was aborted by the software in your host machine.  : [client 186.29.51.249:28483] AH01084: pass request body failed to 172.22.1.47:80 (172.22.1.47), referer: http://190.27.245.106/forest/usutareas.do?group_system_actual=3&a=0.5908311316743493
[Wed Aug 12 14:59:06.079196 2015] [proxy_http:error] [pid 3472:tid 1444] [client 186.29.51.249:28483] AH01097: pass request body failed to 172.22.1.47:80 (172.22.1.47) from 186.29.51.249 (), referer: http://190.27.245.106/forest/usutareas.do?group_system_actual=3&a=0.5908311316743493
[Wed Aug 12 15:00:58.212193 2015] [proxy:error] [pid 3472:tid 1060] (OS 10053)An established connection was aborted by the software in your host machine.  : [client 186.29.51.249:28584] AH01084: pass request body failed to 172.22.1.47:80 (172.22.1.47), referer: http://190.27.245.106/forest/usutareas.do?group_system_actual=3&a=0.5908311316743493
[Wed Aug 12 15:00:58.212193 2015] [proxy_http:error] [pid 3472:tid 1060] [client 186.29.51.249:28584] AH01097: pass request body failed to 172.22.1.47:80 (172.22.1.47) from 186.29.51.249 (), referer: http://190.27.245.106/forest/usutareas.do?group_system_actual=3&a=0.5908311316743493
[Wed Aug 12 15:07:04.095236 2015] [proxy_http:error] [pid 3472:tid 1820] (20014)Internal error: [client 186.147.40.222:63221] AH01102: error reading status line from remote server 172.22.1.47:80, referer: http://190.27.245.106/forest/usutareas.do?_a=0.8493903803173453&group_system_actual=3
[Wed Aug 12 15:07:27.105276 2015] [proxy_http:error] [pid 3472:tid 1740] (20014)Internal error: [client 201.245.192.253:34274] AH01102: error reading status line from remote server 172.22.1.47:80, referer: http://190.27.245.106/forest/buscar.do?type=procesos
[Wed Aug 12 15:08:20.972171 2015] [proxy_http:error] [pid 3472:tid 1188] (20014)Internal error: [client 201.245.192.253:34787] AH01102: error reading status line from remote server 172.22.1.47:80, referer: http://190.27.245.106/forest/buscar.do?type=procesos
[Wed Aug 12 15:08:20.972171 2015] [proxy:error] [pid 3472:tid 1188] [client 201.245.192.253:34787] AH00898: Error reading from remote server returned by /forest/buscar.do, referer: http://190.27.245.106/forest/buscar.do?type=procesos
[Wed Aug 12 15:08:27.867383 2015] [proxy_http:error] [pid 3472:tid 1724] (20014)Internal error: [client 201.245.192.253:34850] AH01102: error reading status line from remote server 172.22.1.47:80, referer: http://190.27.245.106/forest/buscar.do?type=procesos
[Wed Aug 12 15:08:34.934196 2015] [proxy_http:error] [pid 3472:tid 676] (20014)Internal error: [client 186.154.253.106:61837] AH01102: error reading status line from remote server 172.22.1.47:80, referer: http://190.27.245.106/forest/js/jquery/css/jquery-ui-1.8.1.custom.css
[Wed Aug 12 15:08:39.832604 2015] [proxy_http:error] [pid 3472:tid 1428] (20014)Internal error: [client 186.154.253.106:61840] AH01102: error reading status line from remote server 172.22.1.47:80, referer: http://190.27.245.106/forest/usutareas.do?codTraEsc=17819268
[Wed Aug 12 15:09:10.549058 2015] [proxy_http:error] [pid 3472:tid 1076] (20014)Internal error: [client 201.245.192.253:49892] AH01102: error reading status line from remote server 172.22.1.47:80, referer: http://190.27.245.106/forest/buscar.do?type=documentos
[Wed Aug 12 15:09:48.737925 2015] [proxy_http:error] [pid 3472:tid 1716] (20014)Internal error: [client 201.245.192.253:23045] AH01102: error reading status line from remote server 172.22.1.47:80, referer: http://190.27.245.106/forest/usutareas.do?group_system_actual=3&a=0.2328462129006078
[Wed Aug 12 15:09:55.523937 2015] [core:warn] [pid 8204:tid 300] AH00098: pid file E:/nuevo/apache/logs/httpd.pid overwritten -- Unclean shutdown of previous Apache run?
[Wed Aug 12 15:09:55.523937 2015] [auth_digest:notice] [pid 8204:tid 300] AH01757: generating secret for digest authentication ...
[Wed Aug 12 15:09:55.929538 2015] [mpm_winnt:notice] [pid 8204:tid 300] AH00455: Apache/2.4.10 (Win32) OpenSSL/1.0.1i PHP/5.5.15 configured -- resuming normal operations
[Wed Aug 12 15:09:55.929538 2015] [mpm_winnt:notice] [pid 8204:tid 300] AH00456: Apache Lounge VC11 Server built: Jul 17 2014 11:50:08
[Wed Aug 12 15:09:55.929538 2015] [core:notice] [pid 8204:tid 300] AH00094: Command line: 'e:\\nuevo\\apache\\bin\\httpd.exe -d E:/nuevo/apache'
[Wed Aug 12 15:09:55.929538 2015] [mpm_winnt:notice] [pid 8204:tid 300] AH00418: Parent: Created child process 6388
AH00548: NameVirtualHost has no effect and will be removed in the next release E:/nuevo/apache/conf/extra/httpd-vhosts.conf:44
[Wed Aug 12 15:09:56.631539 2015] [auth_digest:notice] [pid 6388:tid 312] AH01757: generating secret for digest authentication ...
[Wed Aug 12 15:09:56.881139 2015] [mpm_winnt:notice] [pid 6388:tid 312] AH00354: Child: Starting 150 worker threads.
[Wed Aug 12 15:10:23.260786 2015] [core:warn] [pid 7788:tid 300] AH00098: pid file E:/nuevo/apache/logs/httpd.pid overwritten -- Unclean shutdown of previous Apache run?
[Wed Aug 12 15:10:23.260786 2015] [auth_digest:notice] [pid 7788:tid 300] AH01757: generating secret for digest authentication ...
[Wed Aug 12 15:10:23.479186 2015] [mpm_winnt:notice] [pid 7788:tid 300] AH00455: Apache/2.4.10 (Win32) OpenSSL/1.0.1i PHP/5.5.15 configured -- resuming normal operations
[Wed Aug 12 15:10:23.479186 2015] [mpm_winnt:notice] [pid 7788:tid 300] AH00456: Apache Lounge VC11 Server built: Jul 17 2014 11:50:08
[Wed Aug 12 15:10:23.479186 2015] [core:notice] [pid 7788:tid 300] AH00094: Command line: 'e:\\nuevo\\apache\\bin\\httpd.exe -d E:/nuevo/apache'
[Wed Aug 12 15:10:23.479186 2015] [mpm_winnt:notice] [pid 7788:tid 300] AH00418: Parent: Created child process 8392
AH00548: NameVirtualHost has no effect and will be removed in the next release E:/nuevo/apache/conf/extra/httpd-vhosts.conf:44
[Wed Aug 12 15:10:24.181187 2015] [auth_digest:notice] [pid 8392:tid 312] AH01757: generating secret for digest authentication ...
[Wed Aug 12 15:10:24.399588 2015] [mpm_winnt:notice] [pid 8392:tid 312] AH00354: Child: Starting 150 worker threads.
[Wed Aug 12 15:10:45.506425 2015] [proxy:error] [pid 8392:tid 1640] (OS 10061)No connection could be made because the target machine actively refused it.  : AH00957: HTTP: attempt to connect to 172.22.1.61:8080 (172.22.1.61) failed
[Wed Aug 12 15:10:45.506425 2015] [proxy:error] [pid 8392:tid 1640] AH00959: ap_proxy_connect_backend disabling worker for (172.22.1.61) for 60s
[Wed Aug 12 15:10:45.506425 2015] [proxy_http:error] [pid 8392:tid 1640] [client 201.245.192.253:42825] AH01114: HTTP: failed to make connection to backend: 172.22.1.61
[Wed Aug 12 15:10:50.451634 2015] [proxy:error] [pid 8392:tid 1720] AH00940: HTTP: disabled connection for (172.22.1.61)
[Wed Aug 12 15:10:51.886836 2015] [proxy:error] [pid 8392:tid 1784] AH00940: HTTP: disabled connection for (172.22.1.61)
[Wed Aug 12 15:10:52.074036 2015] [proxy:error] [pid 8392:tid 1624] AH00940: HTTP: disabled connection for (172.22.1.61)
[Wed Aug 12 15:10:52.386037 2015] [proxy:error] [pid 8392:tid 1880] AH00940: HTTP: disabled connection for (172.22.1.61)
[Wed Aug 12 15:10:52.604437 2015] [proxy:error] [pid 8392:tid 1632] AH00940: HTTP: disabled connection for (172.22.1.61)
[Wed Aug 12 15:10:52.900838 2015] [proxy:error] [pid 8392:tid 1880] AH00940: HTTP: disabled connection for (172.22.1.61)
[Wed Aug 12 15:10:58.251647 2015] [proxy:error] [pid 8392:tid 1696] AH00940: HTTP: disabled connection for (172.22.1.61)
[Wed Aug 12 15:10:58.828848 2015] [proxy:error] [pid 8392:tid 1544] AH00940: HTTP: disabled connection for (172.22.1.61)
[Wed Aug 12 15:10:59.140849 2015] [proxy:error] [pid 8392:tid 1264] AH00940: HTTP: disabled connection for (172.22.1.61)
[Wed Aug 12 15:10:59.312449 2015] [proxy:error] [pid 8392:tid 1520] AH00940: HTTP: disabled connection for (172.22.1.61)
[Wed Aug 12 15:10:59.484049 2015] [proxy:error] [pid 8392:tid 1808] AH00940: HTTP: disabled connection for (172.22.1.61)
[Wed Aug 12 15:11:40.294721 2015] [proxy:error] [pid 8392:tid 1656] AH00940: HTTP: disabled connection for (172.22.1.61)
[Wed Aug 12 15:16:38.021244 2015] [proxy_http:error] [pid 8392:tid 1776] (20014)Internal error: [client 201.245.192.253:37729] AH01102: error reading status line from remote server 172.22.1.47:80, referer: http://190.27.245.106/forest/index2.jsp?_a=0.7787068210866571
[Wed Aug 12 15:16:38.036844 2015] [proxy_http:error] [pid 8392:tid 1720] (20014)Internal error: [client 201.245.192.253:37728] AH01102: error reading status line from remote server 172.22.1.47:80, referer: http://190.27.245.106/forest/index2.jsp?_a=0.7787068210866571
[Wed Aug 12 15:16:55.181274 2015] [proxy_http:error] [pid 8392:tid 1352] (20014)Internal error: [client 201.245.192.253:38025] AH01102: error reading status line from remote server 172.22.1.47:80, referer: http://190.27.245.106/forest/buscar.do?type=procesos
[Wed Aug 12 15:20:39.088467 2015] [proxy_http:error] [pid 8392:tid 1704] (20014)Internal error: [client 201.245.192.253:41820] AH01102: error reading status line from remote server 172.22.1.47:80, referer: http://190.27.245.106/forest/buscar.do?type=procesos
[Wed Aug 12 15:23:44.837994 2015] [proxy_http:error] [pid 8392:tid 1824] (20014)Internal error: [client 201.245.192.253:52089] AH01102: error reading status line from remote server 172.22.1.47:80, referer: http://190.27.245.106/forest/index2.jsp?a=0.3550124118108432
[Wed Aug 12 15:23:44.884794 2015] [proxy_http:error] [pid 8392:tid 1776] (20014)Internal error: [client 201.245.192.253:52088] AH01102: error reading status line from remote server 172.22.1.47:80, referer: http://190.27.245.106/forest/index2.jsp?a=0.3550124118108432
[Wed Aug 12 15:23:47.614799 2015] [proxy_http:error] [pid 8392:tid 1664] (20014)Internal error: [client 190.159.53.158:60689] AH01102: error reading status line from remote server 172.22.1.47:80, referer: http://190.27.245.106/forest/skins/gdocs-jar/popup/FileViewerTree.jsp?coddoc=2104277&ext=pdf&numpro=3139162&nombre=2015ER111904.pdf&codfile=-1&rootPath=/forest/
[Wed Aug 12 15:23:59.626820 2015] [proxy_http:error] [pid 8392:tid 1776] (20014)Internal error: [client 201.245.192.253:52326] AH01102: error reading status line from remote server 172.22.1.47:80, referer: http://190.27.245.106/forest/usutareas.do?group_system_actual=3&codTraEsc=18897612&_a=0.28873467276788956
[Wed Aug 12 15:23:59.626820 2015] [proxy:error] [pid 8392:tid 1776] [client 201.245.192.253:52326] AH00898: Error reading from remote server returned by /forest/1ibre/jscalendar/calendar-win2k-1.css, referer: http://190.27.245.106/forest/usutareas.do?group_system_actual=3&codTraEsc=18897612&_a=0.28873467276788956
[Wed Aug 12 15:25:05.973736 2015] [proxy_http:error] [pid 8392:tid 1368] (20014)Internal error: [client 201.245.192.253:53111] AH01102: error reading status line from remote server 172.22.1.47:80, referer: http://190.27.245.106/forest/misactividades.do?_a=0.7130055144607215&group_system_actual=3
[Wed Aug 12 15:27:16.686366 2015] [proxy_http:error] [pid 8392:tid 1832] (20014)Internal error: [client 201.245.192.253:30287] AH01102: error reading status line from remote server 172.22.1.47:80, referer: http://190.27.245.106/forest/usutareas.do?group_system_actual=3&codTraEsc=18904125&_a=0.79907949079501
[Wed Aug 12 15:27:34.064796 2015] [proxy_http:error] [pid 8392:tid 1272] (20014)Internal error: [client 190.26.56.103:13728] AH01102: error reading status line from remote server 172.22.1.47:80, referer: http://190.27.245.106/forest/reportes.do?group_system_actual=5&menu=1&tab=3
