[Thu Aug 13 12:34:00.401661 2015] [proxy_http:error] [pid 8392:tid 1568] (20014)Internal error: [client 201.245.192.253:32517] AH01102: error reading status line from remote server 172.22.1.47:80, referer: http://190.27.245.106/forest/buscar.do?
[Thu Aug 13 12:34:30.010513 2015] [proxy_http:error] [pid 8392:tid 1784] (20014)Internal error: [client 201.245.192.253:57964] AH01102: error reading status line from remote server 172.22.1.47:80, referer: http://190.27.245.106/forest/index2.jsp?a=0.7324795556574155
[Thu Aug 13 12:34:30.026113 2015] [proxy_http:error] [pid 8392:tid 1880] (20014)Internal error: [client 201.245.192.253:57967] AH01102: error reading status line from remote server 172.22.1.47:80, referer: http://190.27.245.106/forest/index2.jsp?a=0.7324795556574155
[Thu Aug 13 12:34:30.026113 2015] [proxy:error] [pid 8392:tid 1880] [client 201.245.192.253:57967] AH00898: Error reading from remote server returned by /forest/css/escritorio.css, referer: http://190.27.245.106/forest/index2.jsp?a=0.7324795556574155
[Thu Aug 13 12:34:30.041713 2015] [proxy_http:error] [pid 8392:tid 1816] (20014)Internal error: [client 201.245.192.253:57969] AH01102: error reading status line from remote server 172.22.1.47:80, referer: http://190.27.245.106/forest/index2.jsp?a=0.7324795556574155
[Thu Aug 13 12:34:30.041713 2015] [proxy:error] [pid 8392:tid 1816] [client 201.245.192.253:57969] AH00898: Error reading from remote server returned by /forest/1ibre/jscalendar/calendar-win2k-1.css, referer: http://190.27.245.106/forest/index2.jsp?a=0.7324795556574155
[Thu Aug 13 12:34:30.041713 2015] [proxy_http:error] [pid 8392:tid 1552] (20014)Internal error: [client 201.245.192.253:57965] AH01102: error reading status line from remote server 172.22.1.47:80, referer: http://190.27.245.106/forest/index2.jsp?a=0.7324795556574155
[Thu Aug 13 12:34:30.057313 2015] [proxy_http:error] [pid 8392:tid 1856] (20014)Internal error: [client 201.245.192.253:57968] AH01102: error reading status line from remote server 172.22.1.47:80, referer: http://190.27.245.106/forest/index2.jsp?a=0.7324795556574155
[Thu Aug 13 12:34:30.338113 2015] [proxy_http:error] [pid 8392:tid 1816] (20014)Internal error: [client 201.245.192.253:57969] AH01102: error reading status line from remote server 172.22.1.47:80, referer: http://190.27.245.106/forest/index2.jsp?a=0.7324795556574155
[Thu Aug 13 12:38:31.186936 2015] [proxy_http:error] [pid 8392:tid 1504] (20014)Internal error: [client 201.245.192.253:47816] AH01102: error reading status line from remote server 172.22.1.47:80, referer: http://190.27.245.106/forest/radicacion.do?codMod=80&_a=0.020517122508199592&group_system_actual=4
[Thu Aug 13 12:40:33.709551 2015] [proxy_http:error] [pid 8392:tid 1696] (20014)Internal error: [client 201.245.192.253:41878] AH01102: error reading status line from remote server 172.22.1.47:80, referer: http://190.27.245.106/forest/usutareas.do?group_system_actual=3&codAct=1508&numPro=2963412&codPro=136&fecTra=2015-07-01%2017:36:53.0&codInst=3057168&codTraEsc=18535730
[Thu Aug 13 12:40:33.709551 2015] [proxy:error] [pid 8392:tid 1696] [client 201.245.192.253:41878] AH00898: Error reading from remote server returned by /forest/skins/gdocs-jar/popup/popup.jsp, referer: http://190.27.245.106/forest/usutareas.do?group_system_actual=3&codAct=1508&numPro=2963412&codPro=136&fecTra=2015-07-01%2017:36:53.0&codInst=3057168&codTraEsc=18535730
[Thu Aug 13 12:40:37.266358 2015] [proxy_http:error] [pid 8392:tid 1368] (20014)Internal error: [client 201.245.192.253:41908] AH01102: error reading status line from remote server 172.22.1.47:80, referer: http://190.27.245.106/forest/buscar.do?type=procesos
[Thu Aug 13 12:40:37.266358 2015] [proxy:error] [pid 8392:tid 1368] [client 201.245.192.253:41908] AH00898: Error reading from remote server returned by /forest/css/autocomplete.css, referer: http://190.27.245.106/forest/buscar.do?type=procesos
[Thu Aug 13 12:40:37.266358 2015] [proxy_http:error] [pid 8392:tid 1696] (20014)Internal error: [client 201.245.192.253:41909] AH01102: error reading status line from remote server 172.22.1.47:80, referer: http://190.27.245.106/forest/buscar.do?type=procesos
[Thu Aug 13 12:40:37.266358 2015] [proxy_http:error] [pid 8392:tid 1352] (20014)Internal error: [client 201.245.192.253:41912] AH01102: error reading status line from remote server 172.22.1.47:80, referer: http://190.27.245.106/forest/buscar.do?type=procesos
[Thu Aug 13 12:40:37.281958 2015] [proxy_http:error] [pid 8392:tid 1464] (20014)Internal error: [client 201.245.192.253:41910] AH01102: error reading status line from remote server 172.22.1.47:80, referer: http://190.27.245.106/forest/buscar.do?type=procesos
[Thu Aug 13 12:40:37.297558 2015] [proxy_http:error] [pid 8392:tid 1368] (20014)Internal error: [client 201.245.192.253:41908] AH01102: error reading status line from remote server 172.22.1.47:80, referer: http://190.27.245.106/forest/buscar.do?type=procesos
[Thu Aug 13 12:40:40.823164 2015] [proxy_http:error] [pid 8392:tid 1488] (20014)Internal error: [client 201.245.192.253:41904] AH01102: error reading status line from remote server 172.22.1.47:80, referer: http://190.27.245.106/forest/usutareas.do?group_system_actual=3&codAct=1508&numPro=2963412&codPro=136&fecTra=2015-07-01%2017:36:53.0&codInst=3057168&codTraEsc=18535730
[Thu Aug 13 12:45:25.102463 2015] [proxy_http:error] [pid 8392:tid 1472] (OS 10054)An existing connection was forcibly closed by the remote host.  : [client 201.245.192.253:23593] AH01102: error reading status line from remote server 172.22.1.31:80, referer: http://190.27.245.106/isolucionsda/Session.asp
[Thu Aug 13 12:45:25.102463 2015] [proxy:error] [pid 8392:tid 1472] [client 201.245.192.253:23593] AH00898: Error reading from remote server returned by /isolucionsda/Session.asp, referer: http://190.27.245.106/isolucionsda/Session.asp
[Thu Aug 13 12:46:40.154195 2015] [proxy_http:error] [pid 8392:tid 1464] (OS 10054)An existing connection was forcibly closed by the remote host.  : [client 201.244.55.205:14719] AH01102: error reading status line from remote server 172.22.1.31:80, referer: http://190.27.245.106/isolucionsda/Encabezado.asp?Pagina=ListadoMaestroDocumentos3.asp
[Thu Aug 13 12:46:40.154195 2015] [proxy:error] [pid 8392:tid 1464] [client 201.244.55.205:14719] AH00898: Error reading from remote server returned by /isolucionsda/g/Bot_ManualOver_ESP.jpg, referer: http://190.27.245.106/isolucionsda/Encabezado.asp?Pagina=ListadoMaestroDocumentos3.asp
[Thu Aug 13 12:49:37.105306 2015] [proxy_http:error] [pid 8392:tid 1432] (20014)Internal error: [client 201.245.192.253:37311] AH01102: error reading status line from remote server 172.22.1.47:80, referer: http://190.27.245.106/forest/frameset?
[Thu Aug 13 12:49:37.105306 2015] [proxy:error] [pid 8392:tid 1432] [client 201.245.192.253:37311] AH00898: Error reading from remote server returned by /forest/preview, referer: http://190.27.245.106/forest/frameset?
[Thu Aug 13 12:51:37.116317 2015] [proxy_http:error] [pid 8392:tid 1536] (20014)Internal error: [client 201.245.192.253:38868] AH01102: error reading status line from remote server 172.22.1.47:80, referer: http://190.27.245.106/forest/buscar.do?type=procesos
[Thu Aug 13 12:51:48.332736 2015] [proxy_http:error] [pid 8392:tid 1592] (20014)Internal error: [client 201.245.192.253:38956] AH01102: error reading status line from remote server 172.22.1.47:80, referer: http://190.27.245.106/forest/usutareas.do?group_system_actual=3&codAct=1508&numPro=2963412&codPro=136&fecTra=2015-07-01%2017:36:53.0&codInst=3057168&codTraEsc=18535730
[Thu Aug 13 13:25:00.940836 2015] [mpm_winnt:warn] [pid 8392:tid 4344] (OS 64)The specified network name is no longer available.  : AH00341: winnt_accept: Asynchronous AcceptEx failed.
[Thu Aug 13 13:37:05.094108 2015] [proxy_http:error] [pid 8392:tid 1280] (OS 10054)An existing connection was forcibly closed by the remote host.  : [client 201.245.192.253:27496] AH01102: error reading status line from remote server 172.22.1.31:80
[Thu Aug 13 13:37:05.094108 2015] [proxy:error] [pid 8392:tid 1280] [client 201.245.192.253:27496] AH00898: Error reading from remote server returned by /isolucionsda/
[Thu Aug 13 13:39:23.419551 2015] [proxy_http:error] [pid 8392:tid 1752] (OS 10054)An existing connection was forcibly closed by the remote host.  : [client 201.245.192.253:49433] AH01102: error reading status line from remote server 172.22.1.31:80, referer: http://190.27.245.106/isolucionsda/FrameSetGeneral.asp?Pagina1=FrameSetGeneral.asp&
[Thu Aug 13 13:39:25.385154 2015] [proxy_http:error] [pid 8392:tid 1328] (OS 10054)An existing connection was forcibly closed by the remote host.  : [client 201.245.192.253:49520] AH01102: error reading status line from remote server 172.22.1.31:80, referer: http://190.27.245.106/isolucionsda/Encabezado.asp?Pagina1=FrameSetGeneral.asp&&Pagina=MagazinHome.asp
[Thu Aug 13 13:48:04.054865 2015] [proxy_http:error] [pid 8392:tid 1472] (20014)Internal error: [client 201.245.192.253:40155] AH01102: error reading status line from remote server 172.22.1.47:80, referer: http://190.27.245.106/forest/buscar.do?type=procesos
[Thu Aug 13 13:53:23.933427 2015] [proxy_http:error] [pid 8392:tid 1328] (OS 10054)An existing connection was forcibly closed by the remote host.  : [client 201.245.192.253:47831] AH01102: error reading status line from remote server 172.22.1.31:80, referer: http://190.27.245.106/isolucionsda//Administracion/Upload/Upload.asp?Id_Articulo=8887&UPLDQuerystring=Id_Articulo=8887&UPLDMODO=SubirArchivoADocumento&UPLDRuta=C:\\ISOlucion\\Web\\BancoConocimiento\\F\\FormularioSolicitudEvaluacionplandecontingenciaparaestablecimientoquealmacenanHidroarburos_v1\\&UPLDAtras=http://190.27.245.106/isolucionsda/Administracion/SalaEdicion/Articulo.asp&UPLDAdelante=http://190.27.245.106/isolucionsda/Administracion/SalaEdicion/Articulo.asp
[Thu Aug 13 13:53:23.933427 2015] [proxy:error] [pid 8392:tid 1328] [client 201.245.192.253:47831] AH00898: Error reading from remote server returned by /isolucionsda//Administracion/Upload/UploadArchivo.asp, referer: http://190.27.245.106/isolucionsda//Administracion/Upload/Upload.asp?Id_Articulo=8887&UPLDQuerystring=Id_Articulo=8887&UPLDMODO=SubirArchivoADocumento&UPLDRuta=C:\\ISOlucion\\Web\\BancoConocimiento\\F\\FormularioSolicitudEvaluacionplandecontingenciaparaestablecimientoquealmacenanHidroarburos_v1\\&UPLDAtras=http://190.27.245.106/isolucionsda/Administracion/SalaEdicion/Articulo.asp&UPLDAdelante=http://190.27.245.106/isolucionsda/Administracion/SalaEdicion/Articulo.asp
[Thu Aug 13 13:54:03.931898 2015] [proxy_http:error] [pid 8392:tid 1520] (OS 10054)An existing connection was forcibly closed by the remote host.  : [client 201.245.192.253:48408] AH01102: error reading status line from remote server 172.22.1.31:80, referer: http://190.27.245.106/isolucionsda//Administracion/Upload/Upload.asp?Id_Articulo=8887&UPLDQuerystring=Id_Articulo=8887&UPLDMODO=SubirArchivoADocumento&UPLDRuta=C:\\ISOlucion\\Web\\BancoConocimiento\\F\\FormularioSolicitudEvaluacionplandecontingenciaparaestablecimientoquealmacenanHidroarburos_v1\\&UPLDAtras=http://190.27.245.106/isolucionsda/Administracion/SalaEdicion/Articulo.asp&UPLDAdelante=http://190.27.245.106/isolucionsda/Administracion/SalaEdicion/Articulo.asp
[Thu Aug 13 13:54:03.931898 2015] [proxy:error] [pid 8392:tid 1520] [client 201.245.192.253:48408] AH00898: Error reading from remote server returned by /isolucionsda//Administracion/Upload/UploadArchivo.asp, referer: http://190.27.245.106/isolucionsda//Administracion/Upload/Upload.asp?Id_Articulo=8887&UPLDQuerystring=Id_Articulo=8887&UPLDMODO=SubirArchivoADocumento&UPLDRuta=C:\\ISOlucion\\Web\\BancoConocimiento\\F\\FormularioSolicitudEvaluacionplandecontingenciaparaestablecimientoquealmacenanHidroarburos_v1\\&UPLDAtras=http://190.27.245.106/isolucionsda/Administracion/SalaEdicion/Articulo.asp&UPLDAdelante=http://190.27.245.106/isolucionsda/Administracion/SalaEdicion/Articulo.asp
[Thu Aug 13 13:55:51.338086 2015] [proxy_http:error] [pid 8392:tid 1560] (20014)Internal error: [client 201.245.192.253:52053] AH01102: error reading status line from remote server 172.22.1.47:80, referer: http://190.27.245.106/forest/index2.jsp?a=0.7466215403454437
[Thu Aug 13 13:55:51.338086 2015] [proxy:error] [pid 8392:tid 1560] [client 201.245.192.253:52053] AH00898: Error reading from remote server returned by /forest/actions/manager.login, referer: http://190.27.245.106/forest/index2.jsp?a=0.7466215403454437
[Thu Aug 13 13:55:53.038489 2015] [proxy_http:error] [pid 8392:tid 1552] (OS 10060)A connection attempt failed because the connected party did not properly respond after a period of time, or established connection failed because connected host has failed to respond.  : [client 201.245.192.253:59570] AH01102: error reading status line from remote server 172.22.1.31:80, referer: http://190.27.245.106/isolucionsda//Administracion/Upload/Upload.asp?Id_Articulo=8887&UPLDQuerystring=Id_Articulo=8887&UPLDMODO=SubirArchivoADocumento&UPLDRuta=C:\\ISOlucion\\Web\\BancoConocimiento\\F\\FormularioSolicitudEvaluacionplandecontingenciaparaestablecimientoquealmacenanHidroarburos_v1\\&UPLDAtras=http://190.27.245.106/isolucionsda/Administracion/SalaEdicion/Articulo.asp&UPLDAdelante=http://190.27.245.106/isolucionsda/Administracion/SalaEdicion/Articulo.asp
[Thu Aug 13 13:55:53.038489 2015] [proxy:error] [pid 8392:tid 1552] [client 201.245.192.253:59570] AH00898: Error reading from remote server returned by /isolucionsda//Administracion/Upload/UploadArchivo.asp, referer: http://190.27.245.106/isolucionsda//Administracion/Upload/Upload.asp?Id_Articulo=8887&UPLDQuerystring=Id_Articulo=8887&UPLDMODO=SubirArchivoADocumento&UPLDRuta=C:\\ISOlucion\\Web\\BancoConocimiento\\F\\FormularioSolicitudEvaluacionplandecontingenciaparaestablecimientoquealmacenanHidroarburos_v1\\&UPLDAtras=http://190.27.245.106/isolucionsda/Administracion/SalaEdicion/Articulo.asp&UPLDAdelante=http://190.27.245.106/isolucionsda/Administracion/SalaEdicion/Articulo.asp
[Thu Aug 13 13:56:12.522923 2015] [proxy_http:error] [pid 8392:tid 1696] (OS 10060)A connection attempt failed because the connected party did not properly respond after a period of time, or established connection failed because connected host has failed to respond.  : [client 201.245.192.253:47807] AH01102: error reading status line from remote server 172.22.1.31:80, referer: http://190.27.245.106/isolucionsda/Encabezado.asp?Pagina=Administracion/SalaEdicion/Magazines.asp
[Thu Aug 13 13:56:12.522923 2015] [proxy:error] [pid 8392:tid 1696] [client 201.245.192.253:47807] AH00898: Error reading from remote server returned by /isolucionsda/FrameSetGeneral.asp, referer: http://190.27.245.106/isolucionsda/Encabezado.asp?Pagina=Administracion/SalaEdicion/Magazines.asp
[Thu Aug 13 13:56:54.486997 2015] [proxy_http:error] [pid 8392:tid 1840] (OS 10060)A connection attempt failed because the connected party did not properly respond after a period of time, or established connection failed because connected host has failed to respond.  : [client 201.245.192.253:48425] AH01102: error reading status line from remote server 172.22.1.31:80, referer: http://190.27.245.106/isolucionsda/Encabezado.asp?Pagina=Administracion/SalaEdicion/Magazines.asp
[Thu Aug 13 13:56:54.486997 2015] [proxy:error] [pid 8392:tid 1840] [client 201.245.192.253:48425] AH00898: Error reading from remote server returned by /isolucionsda/FrameSetGeneral.asp, referer: http://190.27.245.106/isolucionsda/Encabezado.asp?Pagina=Administracion/SalaEdicion/Magazines.asp
[Thu Aug 13 13:56:54.986198 2015] [proxy_http:error] [pid 8392:tid 1880] (OS 10060)A connection attempt failed because the connected party did not properly respond after a period of time, or established connection failed because connected host has failed to respond.  : [client 201.245.192.253:48431] AH01102: error reading status line from remote server 172.22.1.31:80, referer: http://190.27.245.106/isolucionsda/Encabezado.asp?Pagina=Administracion/SalaEdicion/Magazines.asp
[Thu Aug 13 13:56:54.986198 2015] [proxy:error] [pid 8392:tid 1880] [client 201.245.192.253:48431] AH00898: Error reading from remote server returned by /isolucionsda/FrameSetGeneral.asp, referer: http://190.27.245.106/isolucionsda/Encabezado.asp?Pagina=Administracion/SalaEdicion/Magazines.asp
[Thu Aug 13 13:56:56.203000 2015] [proxy_http:error] [pid 8392:tid 1336] (OS 10060)A connection attempt failed because the connected party did not properly respond after a period of time, or established connection failed because connected host has failed to respond.  : [client 201.245.192.253:48463] AH01102: error reading status line from remote server 172.22.1.31:80, referer: http://190.27.245.106/isolucionsda/Encabezado.asp?Pagina=Administracion/SalaEdicion/Magazines.asp
[Thu Aug 13 13:56:56.203000 2015] [proxy:error] [pid 8392:tid 1336] [client 201.245.192.253:48463] AH00898: Error reading from remote server returned by /isolucionsda/Logout.asp, referer: http://190.27.245.106/isolucionsda/Encabezado.asp?Pagina=Administracion/SalaEdicion/Magazines.asp
[Thu Aug 13 13:56:56.842601 2015] [proxy_http:error] [pid 8392:tid 1504] (OS 10060)A connection attempt failed because the connected party did not properly respond after a period of time, or established connection failed because connected host has failed to respond.  : [client 201.245.192.253:48466] AH01102: error reading status line from remote server 172.22.1.31:80, referer: http://190.27.245.106/isolucionsda/Encabezado.asp?Pagina=Administracion/SalaEdicion/Magazines.asp
[Thu Aug 13 13:56:56.842601 2015] [proxy:error] [pid 8392:tid 1504] [client 201.245.192.253:48466] AH00898: Error reading from remote server returned by /isolucionsda/Logout.asp, referer: http://190.27.245.106/isolucionsda/Encabezado.asp?Pagina=Administracion/SalaEdicion/Magazines.asp
[Thu Aug 13 13:57:38.401074 2015] [proxy_http:error] [pid 8392:tid 1280] (OS 10060)A connection attempt failed because the connected party did not properly respond after a period of time, or established connection failed because connected host has failed to respond.  : [client 201.245.192.253:49253] AH01102: error reading status line from remote server 172.22.1.31:80, referer: http://www.ambientebogota.gov.co/web/intranet/aplicaciones-para-acceder-fuera-de-la-sda
[Thu Aug 13 13:57:38.401074 2015] [proxy:error] [pid 8392:tid 1280] [client 201.245.192.253:49253] AH00898: Error reading from remote server returned by /isolucionsda/, referer: http://www.ambientebogota.gov.co/web/intranet/aplicaciones-para-acceder-fuera-de-la-sda
[Thu Aug 13 13:58:00.038312 2015] [proxy_http:error] [pid 8392:tid 1816] (OS 10060)A connection attempt failed because the connected party did not properly respond after a period of time, or established connection failed because connected host has failed to respond.  : [client 201.245.192.253:49611] AH01102: error reading status line from remote server 172.22.1.31:80, referer: http://www.ambientebogota.gov.co/web/intranet/aplicaciones-para-acceder-fuera-de-la-sda
[Thu Aug 13 13:58:00.038312 2015] [proxy:error] [pid 8392:tid 1816] [client 201.245.192.253:49611] AH00898: Error reading from remote server returned by /isolucionsda/, referer: http://www.ambientebogota.gov.co/web/intranet/aplicaciones-para-acceder-fuera-de-la-sda
[Thu Aug 13 13:58:03.719919 2015] [access_compat:error] [pid 8392:tid 1488] [client 181.138.79.21:49418] AH01797: client denied by server configuration: E:/nuevo/htdocs/phpmyadmin2
[Thu Aug 13 13:58:06.028723 2015] [access_compat:error] [pid 8392:tid 1488] [client 181.138.79.21:49418] AH01797: client denied by server configuration: E:/nuevo/phpMyAdmin/
[Thu Aug 13 13:58:19.117146 2015] [:error] [pid 8392:tid 1352] [client 181.138.79.21:49420] script 'E:/nuevo/htdocs/prueba2.php' not found or unable to stat
[Thu Aug 13 13:58:21.831551 2015] [:error] [pid 8392:tid 1352] [client 181.138.79.21:49420] script 'E:/nuevo/htdocs/prueba.php' not found or unable to stat
[Thu Aug 13 13:58:24.686356 2015] [:error] [pid 8392:tid 1352] [client 181.138.79.21:49420] script 'E:/nuevo/htdocs/info.php' not found or unable to stat
[Thu Aug 13 13:58:36.885577 2015] [:error] [pid 8392:tid 1616] [client 181.138.79.21:49423] script 'E:/nuevo/htdocs/index_xampp.php' not found or unable to stat
[Thu Aug 13 13:58:45.231592 2015] [:error] [pid 8392:tid 1312] [client 181.138.79.21:49424] script 'E:/nuevo/htdocs/Fabiss.php' not found or unable to stat
[Thu Aug 13 14:07:36.444725 2015] [proxy_http:error] [pid 8392:tid 1592] (20014)Internal error: [client 201.245.192.253:35571] AH01102: error reading status line from remote server 172.22.1.47:80, referer: http://190.27.245.106/forest/
[Thu Aug 13 14:07:36.444725 2015] [proxy:error] [pid 8392:tid 1592] [client 201.245.192.253:35571] AH00898: Error reading from remote server returned by /forest/skins/gdocs-jar/css/menu.css, referer: http://190.27.245.106/forest/
[Thu Aug 13 14:07:46.303942 2015] [proxy_http:error] [pid 8392:tid 1424] (20014)Internal error: [client 201.245.192.253:35751] AH01102: error reading status line from remote server 172.22.1.47:80, referer: http://190.27.245.106/forest/index2.jsp?a=0.4989901221434826
[Thu Aug 13 14:12:46.120869 2015] [proxy_http:error] [pid 8392:tid 1536] (20014)Internal error: [client 201.245.192.253:56913] AH01102: error reading status line from remote server 172.22.1.47:80, referer: http://190.27.245.106/forest/index2.jsp?_a=0.386509629432112
[Thu Aug 13 14:13:11.065312 2015] [proxy_http:error] [pid 8392:tid 1552] (20014)Internal error: [client 201.245.192.253:42829] AH01102: error reading status line from remote server 172.22.1.47:80, referer: http://190.27.245.106/forest/index2.jsp?a=0.9581808646643405
[Thu Aug 13 14:13:26.244139 2015] [:error] [pid 8392:tid 1664] [client 181.138.79.21:49609] script 'E:/nuevo/htdocs/index.php' not found or unable to stat
[Thu Aug 13 14:14:29.673851 2015] [proxy_http:error] [pid 8392:tid 1456] (20014)Internal error: [client 201.245.192.253:44459] AH01102: error reading status line from remote server 172.22.1.47:80, referer: http://190.27.245.106/forest/index2.jsp?a=0.21376512593825825
[Thu Aug 13 14:14:29.673851 2015] [proxy:error] [pid 8392:tid 1456] [client 201.245.192.253:44459] AH00898: Error reading from remote server returned by /forest/css/index.css, referer: http://190.27.245.106/forest/index2.jsp?a=0.21376512593825825
[Thu Aug 13 14:15:32.167560 2015] [proxy_http:error] [pid 8392:tid 1280] (20014)Internal error: [client 201.245.192.253:59908] AH01102: error reading status line from remote server 172.22.1.47:80, referer: http://190.27.245.106/forest/buscar.do?
[Thu Aug 13 14:17:56.577014 2015] [proxy_http:error] [pid 8392:tid 1488] (20014)Internal error: [client 201.245.192.253:36917] AH01102: error reading status line from remote server 172.22.1.47:80, referer: http://190.27.245.106/forest/buscar.do?type=procesos
[Thu Aug 13 14:17:56.577014 2015] [proxy:error] [pid 8392:tid 1488] [client 201.245.192.253:36917] AH00898: Error reading from remote server returned by /forest/skins/gdocs-jar/css/tree.css, referer: http://190.27.245.106/forest/buscar.do?type=procesos
[Thu Aug 13 14:18:24.922264 2015] [proxy_http:error] [pid 8392:tid 1600] (20014)Internal error: [client 201.245.192.253:37365] AH01102: error reading status line from remote server 172.22.1.47:80, referer: http://190.27.245.106/forest/usutareas.do?group_system_actual=3&codTraEsc=17627335&_a=0.0661914752647399
[Thu Aug 13 14:18:46.590702 2015] [proxy_http:error] [pid 8392:tid 1336] (20014)Internal error: [client 201.245.192.253:17710] AH01102: error reading status line from remote server 172.22.1.47:80, referer: http://190.27.245.106/forest/index2.jsp?a=0.5387026909059168
[Thu Aug 13 14:25:56.418257 2015] [proxy_http:error] [pid 8392:tid 1808] (20014)Internal error: [client 201.245.192.253:47475] AH01102: error reading status line from remote server 172.22.1.47:80, referer: http://190.27.245.106/forest/buscar.do?type=procesos
[Thu Aug 13 14:25:56.449457 2015] [proxy_http:error] [pid 8392:tid 1768] (20014)Internal error: [client 201.245.192.253:47477] AH01102: error reading status line from remote server 172.22.1.47:80, referer: http://190.27.245.106/forest/buscar.do?type=procesos
[Thu Aug 13 14:25:56.480657 2015] [proxy_http:error] [pid 8392:tid 1240] (20014)Internal error: [client 201.245.192.253:47449] AH01102: error reading status line from remote server 172.22.1.47:80, referer: http://190.27.245.106/forest/buscar.do?type=procesos
[Thu Aug 13 14:27:16.352797 2015] [proxy_http:error] [pid 8392:tid 1488] (20014)Internal error: [client 201.245.192.253:36669] AH01102: error reading status line from remote server 172.22.1.47:80, referer: http://190.27.245.106/forest/usutareas.do?group_system_actual=3&codAct=1477&numPro=3147385&codPro=134&fecTra=2015-08-05%2014:57:03.0&codInst=3191648&codTraEsc=18860860
[Thu Aug 13 14:34:06.415117 2015] [proxy_http:error] [pid 8392:tid 1792] (20014)Internal error: [client 201.245.192.253:44111] AH01102: error reading status line from remote server 172.22.1.47:80, referer: http://190.27.245.106/forest/index2.jsp?a=0.5311209587650778
[Thu Aug 13 14:34:06.461917 2015] [proxy_http:error] [pid 8392:tid 1840] (20014)Internal error: [client 201.245.192.253:44107] AH01102: error reading status line from remote server 172.22.1.47:80, referer: http://190.27.245.106/forest/index2.jsp?a=0.5311209587650778
[Thu Aug 13 14:34:32.685564 2015] [proxy_http:error] [pid 8392:tid 1360] (20014)Internal error: [client 201.245.192.253:44521] AH01102: error reading status line from remote server 172.22.1.47:80, referer: http://190.27.245.106/forest/index2.jsp?a=0.004643763377122689
[Thu Aug 13 14:34:32.701164 2015] [proxy_http:error] [pid 8392:tid 1840] (20014)Internal error: [client 201.245.192.253:44541] AH01102: error reading status line from remote server 172.22.1.47:80, referer: http://190.27.245.106/forest/index2.jsp?a=0.004643763377122689
[Thu Aug 13 14:34:38.020773 2015] [proxy_http:error] [pid 8392:tid 1360] (20014)Internal error: [client 201.245.192.253:44639] AH01102: error reading status line from remote server 172.22.1.47:80, referer: http://190.27.245.106/forest/misactividades.do?group_system_actual=3&codPro=95&_a=0.47070359879715484
[Thu Aug 13 14:34:38.020773 2015] [proxy:error] [pid 8392:tid 1360] [client 201.245.192.253:44639] AH00898: Error reading from remote server returned by /forest/skins/gdocs-jar/css/menu.css, referer: http://190.27.245.106/forest/misactividades.do?group_system_actual=3&codPro=95&_a=0.47070359879715484
[Thu Aug 13 14:34:38.020773 2015] [proxy_http:error] [pid 8392:tid 1712] (20014)Internal error: [client 201.245.192.253:44637] AH01102: error reading status line from remote server 172.22.1.47:80, referer: http://190.27.245.106/forest/misactividades.do?group_system_actual=3&codPro=95&_a=0.47070359879715484
[Thu Aug 13 14:34:38.020773 2015] [proxy:error] [pid 8392:tid 1712] [client 201.245.192.253:44637] AH00898: Error reading from remote server returned by /forest/skins/gdocs-jar/css/autocomplete.css, referer: http://190.27.245.106/forest/misactividades.do?group_system_actual=3&codPro=95&_a=0.47070359879715484
[Thu Aug 13 14:34:38.036373 2015] [proxy_http:error] [pid 8392:tid 1600] (20014)Internal error: [client 201.245.192.253:44638] AH01102: error reading status line from remote server 172.22.1.47:80, referer: http://190.27.245.106/forest/misactividades.do?group_system_actual=3&codPro=95&_a=0.47070359879715484
[Thu Aug 13 14:34:38.051973 2015] [proxy_http:error] [pid 8392:tid 1360] (20014)Internal error: [client 201.245.192.253:44639] AH01102: error reading status line from remote server 172.22.1.47:80, referer: http://190.27.245.106/forest/misactividades.do?group_system_actual=3&codPro=95&_a=0.47070359879715484
[Thu Aug 13 14:34:38.067573 2015] [proxy_http:error] [pid 8392:tid 1712] (20014)Internal error: [client 201.245.192.253:44637] AH01102: error reading status line from remote server 172.22.1.47:80, referer: http://190.27.245.106/forest/misactividades.do?group_system_actual=3&codPro=95&_a=0.47070359879715484
[Thu Aug 13 14:34:38.317173 2015] [proxy_http:error] [pid 8392:tid 1352] (20014)Internal error: [client 201.245.192.253:44635] AH01102: error reading status line from remote server 172.22.1.47:80, referer: http://190.27.245.106/forest/misactividades.do?group_system_actual=3&codPro=95&_a=0.47070359879715484
[Thu Aug 13 14:34:55.664404 2015] [proxy_http:error] [pid 8392:tid 1792] (20014)Internal error: [client 201.245.192.253:44943] AH01102: error reading status line from remote server 172.22.1.47:80, referer: http://190.27.245.106/forest/usutareas.do?_a=0.08647294457725163&group_system_actual=3
[Thu Aug 13 14:35:59.281316 2015] [proxy_http:error] [pid 8392:tid 1456] (20014)Internal error: [client 201.245.192.253:56655] AH01102: error reading status line from remote server 172.22.1.47:80, referer: http://190.27.245.106/forest/index2.jsp?_a=0.08100188025025734
[Thu Aug 13 14:39:08.915249 2015] [proxy_http:error] [pid 8392:tid 1424] (20014)Internal error: [client 201.245.192.253:59840] AH01102: error reading status line from remote server 172.22.1.47:80, referer: http://190.27.245.106/forest/index2.jsp?_a=0.08100188025025734
[Thu Aug 13 14:39:08.915249 2015] [proxy:error] [pid 8392:tid 1424] [client 201.245.192.253:59840] AH00898: Error reading from remote server returned by /forest/css/escritorio.css, referer: http://190.27.245.106/forest/index2.jsp?_a=0.08100188025025734
[Thu Aug 13 14:39:31.176488 2015] [proxy_http:error] [pid 8392:tid 1288] (20014)Internal error: [client 201.245.192.253:37413] AH01102: error reading status line from remote server 172.22.1.47:80, referer: http://190.27.245.106/forest/usutareas.do?group_system_actual=3&a=0.32592450300941955
[Thu Aug 13 14:39:31.176488 2015] [proxy_http:error] [pid 8392:tid 1504] (20014)Internal error: [client 201.245.192.253:37471] AH01102: error reading status line from remote server 172.22.1.47:80, referer: http://190.27.245.106/forest/usutareas.do?group_system_actual=3&a=0.32592450300941955
[Thu Aug 13 14:39:38.243300 2015] [proxy_http:error] [pid 8392:tid 1624] (20014)Internal error: [client 201.245.192.253:37592] AH01102: error reading status line from remote server 172.22.1.47:80, referer: http://190.27.245.106/forest/usutareas.do?group_system_actual=3&a=0.32592450300941955
[Thu Aug 13 14:39:40.442904 2015] [proxy_http:error] [pid 8392:tid 1800] (20014)Internal error: [client 201.245.192.253:37605] AH01102: error reading status line from remote server 172.22.1.47:80, referer: http://190.27.245.106/forest/usutareas.do?group_system_actual=3&a=0.32592450300941955
[Thu Aug 13 14:39:40.583304 2015] [proxy_http:error] [pid 8392:tid 1624] (20014)Internal error: [client 201.245.192.253:37604] AH01102: error reading status line from remote server 172.22.1.47:80, referer: http://190.27.245.106/forest/usutareas.do?group_system_actual=3&a=0.32592450300941955
[Thu Aug 13 14:42:44.523227 2015] [proxy_http:error] [pid 8392:tid 1352] (20014)Internal error: [client 201.245.192.253:50598] AH01102: error reading status line from remote server 172.22.1.47:80, referer: http://190.27.245.106/forest/usutareas.do?group_system_actual=3&a=0.918119242589428
[Thu Aug 13 14:44:16.188988 2015] [proxy_http:error] [pid 8392:tid 1568] (20014)Internal error: [client 201.245.192.253:51949] AH01102: error reading status line from remote server 172.22.1.47:80, referer: http://190.27.245.106/forest/usutareas.do?_a=0.16665724868405385&group_system_actual=3
[Thu Aug 13 14:44:16.188988 2015] [proxy:error] [pid 8392:tid 1568] [client 201.245.192.253:51949] AH00898: Error reading from remote server returned by /forest/1ibre/jscalendar/calendar-win2k-1.css, referer: http://190.27.245.106/forest/usutareas.do?_a=0.16665724868405385&group_system_actual=3
[Thu Aug 13 14:45:39.259134 2015] [proxy_http:error] [pid 8392:tid 1472] (20014)Internal error: [client 191.95.248.61:10727] AH01102: error reading status line from remote server 172.22.1.47:80, referer: http://190.27.245.106/forest/index2.jsp?a=0.45234446857320976
[Thu Aug 13 14:45:39.259134 2015] [proxy:error] [pid 8392:tid 1472] [client 191.95.248.61:10727] AH00898: Error reading from remote server returned by /forest/skins/gdocs-jar/popup/popup.jsp, referer: http://190.27.245.106/forest/index2.jsp?a=0.45234446857320976
[Thu Aug 13 14:45:39.477535 2015] [proxy_http:error] [pid 8392:tid 1328] (20014)Internal error: [client 186.84.45.7:54291] AH01102: error reading status line from remote server 172.22.1.47:80, referer: http://190.27.245.106/forest/usudocumentos.do?copyDoc=1&numRad=2015ER131712&codDoc=2124089&codAct=2121&numPro=3167139&codPro=176&codInst=3212555&fecTra=2015-07-22%2009:29:04.299&codTraEsc=18713928&tipo=copy&_a=0.7477067380677909
[Thu Aug 13 14:45:39.477535 2015] [proxy:error] [pid 8392:tid 1328] [client 186.84.45.7:54291] AH00898: Error reading from remote server returned by /forest/1ibre/protoaculous.js, referer: http://190.27.245.106/forest/usudocumentos.do?copyDoc=1&numRad=2015ER131712&codDoc=2124089&codAct=2121&numPro=3167139&codPro=176&codInst=3212555&fecTra=2015-07-22%2009:29:04.299&codTraEsc=18713928&tipo=copy&_a=0.7477067380677909
[Thu Aug 13 14:45:39.508735 2015] [proxy_http:error] [pid 8392:tid 1448] (20014)Internal error: [client 186.84.45.7:54289] AH01102: error reading status line from remote server 172.22.1.47:80, referer: http://190.27.245.106/forest/usudocumentos.do?copyDoc=1&numRad=2015ER131712&codDoc=2124089&codAct=2121&numPro=3167139&codPro=176&codInst=3212555&fecTra=2015-07-22%2009:29:04.299&codTraEsc=18713928&tipo=copy&_a=0.7477067380677909
[Thu Aug 13 14:45:39.524335 2015] [proxy_http:error] [pid 8392:tid 1472] (20014)Internal error: [client 191.95.248.61:10727] AH01102: error reading status line from remote server 172.22.1.47:80, referer: http://190.27.245.106/forest/index2.jsp?a=0.45234446857320976
[Thu Aug 13 14:46:04.624779 2015] [proxy_http:error] [pid 8392:tid 1536] (20014)Internal error: [client 191.95.248.61:10612] AH01102: error reading status line from remote server 172.22.1.47:80, referer: http://190.27.245.106/forest/system/process.jsp?numPro=3171814
[Thu Aug 13 14:46:04.624779 2015] [proxy:error] [pid 8392:tid 1536] [client 191.95.248.61:10612] AH00898: Error reading from remote server returned by /forest/1ibre/protoaculous.js, referer: http://190.27.245.106/forest/system/process.jsp?numPro=3171814
[Thu Aug 13 14:46:15.029997 2015] [proxy_http:error] [pid 8392:tid 1288] (20014)Internal error: [client 201.245.192.253:53619] AH01102: error reading status line from remote server 172.22.1.47:80, referer: http://190.27.245.106/forest/misactividades.do?_a=0.01143411619316137&group_system_actual=3
[Thu Aug 13 14:46:15.029997 2015] [proxy:error] [pid 8392:tid 1288] [client 201.245.192.253:53619] AH00898: Error reading from remote server returned by /forest/misactividades.do, referer: http://190.27.245.106/forest/misactividades.do?_a=0.01143411619316137&group_system_actual=3
[Thu Aug 13 14:46:49.708858 2015] [proxy_http:error] [pid 8392:tid 1240] (20014)Internal error: [client 201.245.192.253:44318] AH01102: error reading status line from remote server 172.22.1.47:80, referer: http://190.27.245.106/forest/
[Thu Aug 13 14:46:49.740058 2015] [proxy_http:error] [pid 8392:tid 1352] (20014)Internal error: [client 201.245.192.253:44322] AH01102: error reading status line from remote server 172.22.1.47:80, referer: http://190.27.245.106/forest/
[Thu Aug 13 14:46:50.208059 2015] [proxy_http:error] [pid 8392:tid 1352] (20014)Internal error: [client 201.245.192.253:54096] AH01102: error reading status line from remote server 172.22.1.47:80, referer: http://190.27.245.106/forest/usutareas.do?_a=0.051905268880468536&group_system_actual=3
[Thu Aug 13 14:46:50.208059 2015] [proxy:error] [pid 8392:tid 1352] [client 201.245.192.253:54096] AH00898: Error reading from remote server returned by /forest/usutareas.do, referer: http://190.27.245.106/forest/usutareas.do?_a=0.051905268880468536&group_system_actual=3
[Thu Aug 13 14:47:38.724144 2015] [proxy_http:error] [pid 8392:tid 1584] (20014)Internal error: [client 201.245.192.253:45098] AH01102: error reading status line from remote server 172.22.1.47:80, referer: http://190.27.245.106/forest/usutareas.do?_a=0.7893436265382925&group_system_actual=3
[Thu Aug 13 14:47:38.724144 2015] [proxy:error] [pid 8392:tid 1584] [client 201.245.192.253:45098] AH00898: Error reading from remote server returned by /forest/css/escritorio.css, referer: http://190.27.245.106/forest/usutareas.do?_a=0.7893436265382925&group_system_actual=3
[Thu Aug 13 14:48:26.163827 2015] [proxy_http:error] [pid 8392:tid 1252] (20014)Internal error: [client 201.245.192.253:34800] AH01102: error reading status line from remote server 172.22.1.47:80, referer: http://190.27.245.106/forest/usutareas.do?group_system_actual=3&codAct=879&numPro=3189927&codPro=90&fecTra=2015-08-11%2017:55:43.0&codInst=3236610&codTraEsc=18895426
[Thu Aug 13 14:48:26.210628 2015] [proxy_http:error] [pid 8392:tid 1752] (20014)Internal error: [client 201.245.192.253:34806] AH01102: error reading status line from remote server 172.22.1.47:80, referer: http://190.27.245.106/forest/usutareas.do?group_system_actual=3&codAct=879&numPro=3189927&codPro=90&fecTra=2015-08-11%2017:55:43.0&codInst=3236610&codTraEsc=18895426
[Thu Aug 13 14:48:26.210628 2015] [proxy_http:error] [pid 8392:tid 1248] (20014)Internal error: [client 201.245.192.253:34804] AH01102: error reading status line from remote server 172.22.1.47:80, referer: http://190.27.245.106/forest/usutareas.do?group_system_actual=3&codAct=879&numPro=3189927&codPro=90&fecTra=2015-08-11%2017:55:43.0&codInst=3236610&codTraEsc=18895426
[Thu Aug 13 14:50:28.920443 2015] [proxy_http:error] [pid 8392:tid 1696] (20014)Internal error: [client 186.84.45.7:54339] AH01102: error reading status line from remote server 172.22.1.47:80, referer: http://190.27.245.106/forest/index2.jsp?a=0.13721597990289502
[Thu Aug 13 14:50:28.920443 2015] [proxy:error] [pid 8392:tid 1696] [client 186.84.45.7:54339] AH00898: Error reading from remote server returned by /forest/skins/gdocs-jar/img/control-double.png, referer: http://190.27.245.106/forest/index2.jsp?a=0.13721597990289502
[Thu Aug 13 14:50:56.360891 2015] [proxy_http:error] [pid 8392:tid 1272] (20014)Internal error: [client 201.245.192.253:57679] AH01102: error reading status line from remote server 172.22.1.47:80, referer: http://190.27.245.106/forest/index2.jsp?a=0.8067672288562754
[Thu Aug 13 14:53:48.382393 2015] [proxy_http:error] [pid 8392:tid 1520] (20014)Internal error: [client 201.245.192.253:39647] AH01102: error reading status line from remote server 172.22.1.47:80, referer: http://190.27.245.106/forest/usutareas.do?group_system_actual=3&codTraEsc=18916606&_a=0.2988656023140246
[Thu Aug 13 14:53:48.382393 2015] [proxy:error] [pid 8392:tid 1520] [client 201.245.192.253:39647] AH00898: Error reading from remote server returned by /forest/skins/gdocs-jar/css/autocomplete.css, referer: http://190.27.245.106/forest/usutareas.do?group_system_actual=3&codTraEsc=18916606&_a=0.2988656023140246
[Thu Aug 13 14:55:19.798554 2015] [proxy_http:error] [pid 8392:tid 1800] (20014)Internal error: [client 201.245.192.253:49594] AH01102: error reading status line from remote server 172.22.1.47:80, referer: http://190.27.245.106/forest/usutareas.do?group_system_actual=3&a=0.3708489835107598
[Thu Aug 13 14:55:19.798554 2015] [proxy_http:error] [pid 8392:tid 1312] (20014)Internal error: [client 201.245.192.253:49598] AH01102: error reading status line from remote server 172.22.1.47:80, referer: http://190.27.245.106/forest/usutareas.do?group_system_actual=3&a=0.3708489835107598
[Thu Aug 13 14:55:36.396983 2015] [proxy_http:error] [pid 8392:tid 1800] (20014)Internal error: [client 201.245.192.253:41533] AH01102: error reading status line from remote server 172.22.1.47:80, referer: http://190.27.245.106/forest/
[Thu Aug 13 14:56:46.130106 2015] [proxy_http:error] [pid 8392:tid 1712] (20014)Internal error: [client 201.245.192.253:27313] AH01102: error reading status line from remote server 172.22.1.47:80, referer: http://190.27.245.106/forest/frameset?
[Thu Aug 13 14:56:46.130106 2015] [proxy:error] [pid 8392:tid 1712] [client 201.245.192.253:27313] AH00898: Error reading from remote server returned by /forestReports/webcontent/birt/styles/dialogbase.css, referer: http://190.27.245.106/forest/frameset?
[Thu Aug 13 14:56:46.348506 2015] [proxy_http:error] [pid 8392:tid 1712] (20014)Internal error: [client 201.245.192.253:27313] AH01102: error reading status line from remote server 172.22.1.47:80, referer: http://190.27.245.106/forest/frameset?
[Thu Aug 13 14:58:17.015865 2015] [mpm_winnt:warn] [pid 8392:tid 4344] (OS 64)The specified network name is no longer available.  : AH00341: winnt_accept: Asynchronous AcceptEx failed.
[Thu Aug 13 14:59:31.100395 2015] [proxy_http:error] [pid 8392:tid 1536] (20014)Internal error: [client 201.245.192.253:45527] AH01102: error reading status line from remote server 172.22.1.47:80, referer: http://190.27.245.106/forest/misactividades.do?group_system_actual=3&codPro=176&_a=0.16015416716758746
[Thu Aug 13 15:03:15.834390 2015] [proxy_http:error] [pid 8392:tid 1760] (20014)Internal error: [client 201.245.192.253:37279] AH01102: error reading status line from remote server 172.22.1.47:80, referer: http://190.27.245.106/forest/index2.jsp?a=0.7562775641297916
[Thu Aug 13 15:03:15.834390 2015] [proxy:error] [pid 8392:tid 1760] [client 201.245.192.253:37279] AH00898: Error reading from remote server returned by /forest/session.jsp, referer: http://190.27.245.106/forest/index2.jsp?a=0.7562775641297916
[Thu Aug 13 15:03:15.834390 2015] [negotiation:error] [pid 8392:tid 1760] [client 201.245.192.253:37279] AH00690: no acceptable variant: E:/nuevo/apache/error/HTTP_BAD_GATEWAY.html.var, referer: http://190.27.245.106/forest/index2.jsp?a=0.7562775641297916
[Thu Aug 13 15:03:20.171198 2015] [proxy_http:error] [pid 8392:tid 1752] (20014)Internal error: [client 201.245.192.253:57232] AH01102: error reading status line from remote server 172.22.1.47:80, referer: http://190.27.245.106/forest/buscar.do?
[Thu Aug 13 15:03:22.136801 2015] [proxy_http:error] [pid 8392:tid 1240] (20014)Internal error: [client 201.245.192.253:57234] AH01102: error reading status line from remote server 172.22.1.47:80, referer: http://190.27.245.106/forest/buscar.do
[Thu Aug 13 15:03:22.136801 2015] [proxy_http:error] [pid 8392:tid 1240] (20014)Internal error: [client 201.245.192.253:57258] AH01102: error reading status line from remote server 172.22.1.47:80, referer: http://190.27.245.106/forest/buscar.do
[Thu Aug 13 15:03:22.136801 2015] [proxy:error] [pid 8392:tid 1240] [client 201.245.192.253:57258] AH00898: Error reading from remote server returned by /forest/js/dialog.js, referer: http://190.27.245.106/forest/buscar.do
[Thu Aug 13 15:03:23.026003 2015] [proxy_http:error] [pid 8392:tid 1752] (20014)Internal error: [client 201.245.192.253:57233] AH01102: error reading status line from remote server 172.22.1.47:80, referer: http://190.27.245.106/forest/buscar.do
[Thu Aug 13 15:03:23.104003 2015] [proxy_http:error] [pid 8392:tid 1240] (20014)Internal error: [client 201.245.192.253:57258] AH01102: error reading status line from remote server 172.22.1.47:80, referer: http://190.27.245.106/forest/buscar.do
[Thu Aug 13 15:03:23.213203 2015] [proxy_http:error] [pid 8392:tid 1360] (20014)Internal error: [client 201.245.192.253:57235] AH01102: error reading status line from remote server 172.22.1.47:80, referer: http://190.27.245.106/forest/buscar.do
[Thu Aug 13 15:04:47.437751 2015] [proxy_http:error] [pid 8392:tid 1632] (20014)Internal error: [client 201.245.192.253:38824] AH01102: error reading status line from remote server 172.22.1.47:80, referer: http://190.27.245.106/forest/buscar.do?type=documentos
[Thu Aug 13 15:07:18.976417 2015] [proxy_http:error] [pid 8392:tid 1536] (20014)Internal error: [client 201.245.192.253:48819] AH01102: error reading status line from remote server 172.22.1.47:80, referer: http://190.27.245.106/forest/buscar.do?type=procesos
[Thu Aug 13 15:07:19.023217 2015] [proxy_http:error] [pid 8392:tid 1328] (20014)Internal error: [client 201.245.192.253:48828] AH01102: error reading status line from remote server 172.22.1.47:80, referer: http://190.27.245.106/forest/buscar.do?type=procesos
[Thu Aug 13 15:08:14.091314 2015] [proxy_http:error] [pid 8392:tid 1240] (20014)Internal error: [client 201.245.192.253:49816] AH01102: error reading status line from remote server 172.22.1.47:80, referer: http://190.27.245.106/forest/usutareas.do?codTraEsc=18764777
[Thu Aug 13 15:08:14.372114 2015] [proxy_http:error] [pid 8392:tid 1568] (20014)Internal error: [client 201.245.192.253:49823] AH01102: error reading status line from remote server 172.22.1.47:80, referer: http://190.27.245.106/forest/buscar.do?type=documentos
[Thu Aug 13 15:08:14.372114 2015] [proxy:error] [pid 8392:tid 1568] [client 201.245.192.253:49823] AH00898: Error reading from remote server returned by /forest/json.do, referer: http://190.27.245.106/forest/buscar.do?type=documentos
[Thu Aug 13 15:08:14.372114 2015] [negotiation:error] [pid 8392:tid 1568] [client 201.245.192.253:49823] AH00690: no acceptable variant: E:/nuevo/apache/error/HTTP_BAD_GATEWAY.html.var, referer: http://190.27.245.106/forest/buscar.do?type=documentos
[Thu Aug 13 15:08:36.524153 2015] [proxy_http:error] [pid 8392:tid 1248] (20014)Internal error: [client 201.245.192.253:43236] AH01102: error reading status line from remote server 172.22.1.47:80, referer: http://190.27.245.106/forest/buscar.do?type=procesos
[Thu Aug 13 15:08:36.524153 2015] [proxy:error] [pid 8392:tid 1248] [client 201.245.192.253:43236] AH00898: Error reading from remote server returned by /forest/buscar.do, referer: http://190.27.245.106/forest/buscar.do?type=procesos
[Thu Aug 13 15:08:48.629775 2015] [proxy_http:error] [pid 8392:tid 1432] (20014)Internal error: [client 181.54.152.170:65431] AH01102: error reading status line from remote server 172.22.1.47:80, referer: http://190.27.245.106/forest/
[Thu Aug 13 15:11:32.944863 2015] [proxy_http:error] [pid 8392:tid 1248] (20014)Internal error: [client 201.245.192.253:46512] AH01102: error reading status line from remote server 172.22.1.47:80, referer: http://190.27.245.106/forest/buscar.do?type=procesos
[Thu Aug 13 15:11:58.029707 2015] [proxy_http:error] [pid 8392:tid 1408] (20014)Internal error: [client 201.245.192.253:46950] AH01102: error reading status line from remote server 172.22.1.47:80, referer: http://190.27.245.106/forest/usutareas.do?group_system_actual=3&codAct=1477&numPro=2610905&codPro=134&fecTra=2015-08-10%2011:25:22.0&codInst=2624805&codTraEsc=18875041
[Thu Aug 13 15:12:43.098186 2015] [proxy_http:error] [pid 8392:tid 1824] (20014)Internal error: [client 201.245.192.253:35346] AH01102: error reading status line from remote server 172.22.1.47:80, referer: http://190.27.245.106/forest/buscar.do?type=procesos
[Thu Aug 13 15:12:43.144987 2015] [proxy_http:error] [pid 8392:tid 1312] (20014)Internal error: [client 201.245.192.253:35347] AH01102: error reading status line from remote server 172.22.1.47:80, referer: http://190.27.245.106/forest/buscar.do?type=procesos
[Thu Aug 13 15:13:53.360710 2015] [proxy_http:error] [pid 8392:tid 1808] (20014)Internal error: [client 201.245.192.253:36625] AH01102: error reading status line from remote server 172.22.1.47:80, referer: http://190.27.245.106/forest/buscar.do?
[Thu Aug 13 15:13:53.360710 2015] [proxy:error] [pid 8392:tid 1808] [client 201.245.192.253:36625] AH00898: Error reading from remote server returned by /forest/buscar.do, referer: http://190.27.245.106/forest/buscar.do?
[Thu Aug 13 15:14:31.643177 2015] [proxy_http:error] [pid 8392:tid 1592] (20014)Internal error: [client 201.245.192.253:37411] AH01102: error reading status line from remote server 172.22.1.47:80
[Thu Aug 13 15:15:46.351708 2015] [proxy_http:error] [pid 8392:tid 1488] (20014)Internal error: [client 201.245.192.253:57372] AH01102: error reading status line from remote server 172.22.1.47:80, referer: http://190.27.245.106/forest/buscar.do?type=documentos
[Thu Aug 13 15:15:46.351708 2015] [proxy:error] [pid 8392:tid 1488] [client 201.245.192.253:57372] AH00898: Error reading from remote server returned by /forest/1ibre/jscalendar/calendar-win2k-1.css, referer: http://190.27.245.106/forest/buscar.do?type=documentos
[Thu Aug 13 15:15:46.648109 2015] [proxy_http:error] [pid 8392:tid 1632] (20014)Internal error: [client 201.245.192.253:57373] AH01102: error reading status line from remote server 172.22.1.47:80, referer: http://190.27.245.106/forest/buscar.do?type=documentos
[Thu Aug 13 15:15:46.663709 2015] [proxy_http:error] [pid 8392:tid 1824] (20014)Internal error: [client 201.245.192.253:57371] AH01102: error reading status line from remote server 172.22.1.47:80, referer: http://190.27.245.106/forest/buscar.do?type=documentos
[Thu Aug 13 15:15:46.694909 2015] [proxy_http:error] [pid 8392:tid 1312] (20014)Internal error: [client 201.245.192.253:38579] AH01102: error reading status line from remote server 172.22.1.47:80, referer: http://190.27.245.106/forest/usutareas.do?group_system_actual=3&a=0.3265211782479648
[Thu Aug 13 15:16:00.688134 2015] [proxy_http:error] [pid 8392:tid 1760] (20014)Internal error: [client 201.245.192.253:38801] AH01102: error reading status line from remote server 172.22.1.47:80, referer: http://190.27.245.106/forest/index2.jsp?_a=0.5390239442770718
[Thu Aug 13 15:16:02.029736 2015] [proxy_http:error] [pid 8392:tid 1800] (20014)Internal error: [client 201.245.192.253:57569] AH01102: error reading status line from remote server 172.22.1.47:80, referer: http://190.27.245.106/forest/buscar.do?
