!C99Shell v. 1.0 pre-release build #13!

Software: Apache. PHP/5.5.15 

uname -a: Windows NT SVR-DMZ 6.1 build 7600 (Windows Server 2008 R2 Enterprise Edition) i586 

SYSTEM 

Safe-mode: OFF (not secure)

E:\nuevo\apache\logs\   drwxrwxrwx
Free 7.34 GB of 239.26 GB (3.07%)
Detected drives: [ a ] [ c ] [ d ] [ e ] [ f ]
Home    Back    Forward    UPDIR    Refresh    Search    Buffer    Encoder    Tools    Proc.    FTP brute    Sec.    SQL    PHP-code    Update    Feedback    Self remove    Logout    


Viewing file:     error.2015.08.24.log (591.64 KB)      -rw-rw-rw-
Select action/file-type:
(+) | (+) | (+) | Code (+) | Session (+) | (+) | SDB (+) | (+) | (+) | (+) | (+) | (+) |
[Mon Aug 24 02:00:20.516640 2015] [proxy_http:error] [pid 1352:tid 1792] (OS 10054)An existing connection was forcibly closed by the remote host.  : [client 186.84.135.72:50773] AH01102: error reading status line from remote server 172.22.1.31:80, referer: http://www.ambientebogota.gov.co/web/intranet/aplicaciones-para-acceder-fuera-de-la-sda
[Mon Aug 24 02:00:20.516640 2015] [proxy:error] [pid 1352:tid 1792] [client 186.84.135.72:50773] AH00898: Error reading from remote server returned by /isolucionsda/, referer: http://www.ambientebogota.gov.co/web/intranet/aplicaciones-para-acceder-fuera-de-la-sda
[Mon Aug 24 03:00:30.425380 2015] [:error] [pid 1352:tid 1680] [client 157.55.39.172:28843] script 'E:/nuevo/htdocs/BLA/boletinlegal/circulares/.php' not found or unable to stat
[Mon Aug 24 03:56:43.229304 2015] [access_compat:error] [pid 1352:tid 1888] [client 195.154.102.211:60000] AH01797: client denied by server configuration: E:/nuevo/htdocs/phpMyAdmin
[Mon Aug 24 04:59:14.879894 2015] [mpm_winnt:warn] [pid 1352:tid 2556] (OS 64)The specified network name is no longer available.  : AH00341: winnt_accept: Asynchronous AcceptEx failed.
[Mon Aug 24 05:17:30.953419 2015] [proxy_http:error] [pid 1352:tid 1736] (OS 10054)An existing connection was forcibly closed by the remote host.  : [client 181.54.197.97:59397] AH01102: error reading status line from remote server 172.22.1.31:80, referer: http://190.27.245.106/isolucionsda/bancoconocimiento/E/EDUCACIONAMBIENTAL_v7/EDUCACIONAMBIENTAL_v7.asp?IdArticulo=6828
[Mon Aug 24 05:17:30.953419 2015] [proxy:error] [pid 1352:tid 1736] [client 181.54.197.97:59397] AH00898: Error reading from remote server returned by /isolucionsda/FrameSetArticulo.asp, referer: http://190.27.245.106/isolucionsda/bancoconocimiento/E/EDUCACIONAMBIENTAL_v7/EDUCACIONAMBIENTAL_v7.asp?IdArticulo=6828
[Mon Aug 24 05:17:40.812636 2015] [proxy_http:error] [pid 1352:tid 1760] (OS 10054)An existing connection was forcibly closed by the remote host.  : [client 181.54.197.97:59400] AH01102: error reading status line from remote server 172.22.1.31:80, referer: http://190.27.245.106/isolucionsda/FrameSetArticulo.asp?Pagina=/isolucionsda/bancoconocimiento/M/MREDUCACION/MREDUCACION.asp?IdArticulo=6770
[Mon Aug 24 05:17:40.812636 2015] [proxy:error] [pid 1352:tid 1760] [client 181.54.197.97:59400] AH00898: Error reading from remote server returned by /isolucionsda/bancoconocimiento/M/MREDUCACION/MREDUCACION.asp, referer: http://190.27.245.106/isolucionsda/FrameSetArticulo.asp?Pagina=/isolucionsda/bancoconocimiento/M/MREDUCACION/MREDUCACION.asp?IdArticulo=6770
[Mon Aug 24 06:08:18.215971 2015] [:error] [pid 1352:tid 1848] [client 54.66.219.150:64768] script 'E:/nuevo/htdocs/wp-login.php' not found or unable to stat
[Mon Aug 24 06:16:08.057596 2015] [:error] [pid 1352:tid 1792] [client 54.66.219.150:50270] script 'E:/nuevo/htdocs/wp-login.php' not found or unable to stat
[Mon Aug 24 06:32:07.350081 2015] [proxy_http:error] [pid 1352:tid 1848] (OS 10054)An existing connection was forcibly closed by the remote host.  : [client 201.216.19.34:2986] AH01102: error reading status line from remote server 172.22.1.31:80, referer: http://190.27.245.106/isolucionsda/FrameSetGeneral.asp?Pagina1=FrameSetGeneral.asp&
[Mon Aug 24 06:32:07.350081 2015] [proxy:error] [pid 1352:tid 1848] [client 201.216.19.34:2986] AH00898: Error reading from remote server returned by /isolucionsda/BarraTitulos.asp, referer: http://190.27.245.106/isolucionsda/FrameSetGeneral.asp?Pagina1=FrameSetGeneral.asp&
[Mon Aug 24 06:51:59.956576 2015] [proxy_http:error] [pid 1352:tid 1568] (OS 10054)An existing connection was forcibly closed by the remote host.  : [client 201.245.192.253:46834] AH01102: error reading status line from remote server 172.22.1.31:80, referer: http://190.27.245.106/isolucionsda/FrameSetGeneral.asp?Pagina=FiltroNotaMejora.asp&EsAbierta=1&ConMenu=NO
[Mon Aug 24 07:12:48.645169 2015] [proxy_http:error] [pid 1352:tid 1592] (OS 10054)An existing connection was forcibly closed by the remote host.  : [client 201.245.192.253:39955] AH01102: error reading status line from remote server 172.22.1.31:80, referer: http://190.27.245.106/isolucionsda/FrameSetGeneral.asp?Pagina=SucursalSeleccion.asp&CargaPagina=ModuloProcesos&IdModulo=3
[Mon Aug 24 07:12:48.645169 2015] [proxy:error] [pid 1352:tid 1592] [client 201.245.192.253:39955] AH00898: Error reading from remote server returned by /isolucionsda/SucursalSeleccion.asp, referer: http://190.27.245.106/isolucionsda/FrameSetGeneral.asp?Pagina=SucursalSeleccion.asp&CargaPagina=ModuloProcesos&IdModulo=3
[Mon Aug 24 07:13:34.774450 2015] [proxy_http:error] [pid 1352:tid 1592] (20014)Internal error: [client 201.245.192.253:31700] AH01102: error reading status line from remote server 172.22.1.47:80, referer: http://190.27.245.106/forest/misactividades.do?group_system_actual=3&codPro=90&_a=0.2038557650718037
[Mon Aug 24 07:15:03.413806 2015] [proxy_http:error] [pid 1352:tid 1792] (OS 10054)An existing connection was forcibly closed by the remote host.  : [client 201.245.192.253:56828] AH01102: error reading status line from remote server 172.22.1.31:80, referer: http://190.27.245.106/isolucionsda/BSC/BSC/Jerarquico.aspx?Pagina=BSC/BSC/Jerarquico.aspx&TipoGrupo=Tablero&Visualizacion=1&Grafico=2&FechaInicial=&FechaFinal=&IdElemento=&number=
[Mon Aug 24 08:45:07.200897 2015] [proxy_http:error] [pid 1352:tid 1632] (20014)Internal error: [client 201.245.192.253:10249] AH01102: error reading status line from remote server 172.22.1.47:80, referer: http://190.27.245.106/forest/index2.jsp?a=0.5883555794319645
[Mon Aug 24 08:45:08.246099 2015] [proxy_http:error] [pid 1352:tid 1472] (20014)Internal error: [client 201.245.192.253:39110] AH01102: error reading status line from remote server 172.22.1.47:80, referer: http://190.27.245.106/forest/
[Mon Aug 24 08:45:08.246099 2015] [proxy:error] [pid 1352:tid 1472] [client 201.245.192.253:39110] AH00898: Error reading from remote server returned by /forest/login.do, referer: http://190.27.245.106/forest/
[Mon Aug 24 08:45:29.680536 2015] [proxy_http:error] [pid 1352:tid 1572] (20014)Internal error: [client 201.245.192.253:39407] AH01102: error reading status line from remote server 172.22.1.47:80, referer: http://190.27.245.106/forest/index2.jsp?a=0.029076770215038517
[Mon Aug 24 08:45:33.174943 2015] [proxy_http:error] [pid 1352:tid 1584] (20014)Internal error: [client 201.245.192.253:39398] AH01102: error reading status line from remote server 172.22.1.47:80, referer: http://190.27.245.106/forest/index2.jsp?a=0.029076770215038517
[Mon Aug 24 08:45:33.284143 2015] [proxy_http:error] [pid 1352:tid 1736] (20014)Internal error: [client 201.245.192.253:39404] AH01102: error reading status line from remote server 172.22.1.47:80, referer: http://190.27.245.106/forest/misactividades.do?group_system_actual=3&todas=1&codPro=0&_a=0.9865446330912391
[Mon Aug 24 08:47:33.217153 2015] [proxy_http:error] [pid 1352:tid 832] (20014)Internal error: [client 201.245.192.253:24641] AH01102: error reading status line from remote server 172.22.1.47:80, referer: http://190.27.245.106/forest/reportes.do?menu=1&group_system_actual=5
[Mon Aug 24 08:47:33.217153 2015] [proxy:error] [pid 1352:tid 832] [client 201.245.192.253:24641] AH00898: Error reading from remote server returned by /forest/frameset, referer: http://190.27.245.106/forest/reportes.do?menu=1&group_system_actual=5
[Mon Aug 24 08:47:55.525193 2015] [mpm_winnt:error] [pid 1352:tid 5548] AH00326: Server ran out of threads to serve requests. Consider raising the ThreadsPerChild setting
[Mon Aug 24 08:48:34.400461 2015] [proxy_http:error] [pid 1352:tid 1080] (20014)Internal error: [client 201.245.192.253:42387] AH01102: error reading status line from remote server 172.22.1.47:80, referer: http://190.27.245.106/forest/usutareas.do?group_system_actual=3&codTraEsc=18192089&_a=0.18088487785125662
[Mon Aug 24 08:55:51.466429 2015] [proxy_http:error] [pid 1352:tid 988] (20014)Internal error: [client 201.245.192.253:35910] AH01102: error reading status line from remote server 172.22.1.47:80, referer: http://190.27.245.106/forest/buscar.do?type=documentos
[Mon Aug 24 08:58:52.972747 2015] [proxy_http:error] [pid 1352:tid 1416] (20014)Internal error: [client 201.245.192.253:38934] AH01102: error reading status line from remote server 172.22.1.47:80
[Mon Aug 24 08:59:07.808373 2015] [proxy_http:error] [pid 1352:tid 1636] (20014)Internal error: [client 201.245.192.253:39102] AH01102: error reading status line from remote server 172.22.1.47:80, referer: http://190.27.245.106/forest/usudocumentos.do?_a=0.8390074354294076&group_system_actual=3
[Mon Aug 24 08:59:07.808373 2015] [proxy:error] [pid 1352:tid 1636] [client 201.245.192.253:39102] AH00898: Error reading from remote server returned by /forest/skins/gdocs-jar/css/autocomplete.css, referer: http://190.27.245.106/forest/usudocumentos.do?_a=0.8390074354294076&group_system_actual=3
[Mon Aug 24 08:59:07.823973 2015] [proxy_http:error] [pid 1352:tid 1752] (20014)Internal error: [client 201.245.192.253:39077] AH01102: error reading status line from remote server 172.22.1.47:80, referer: http://190.27.245.106/forest/usudocumentos.do?_a=0.8390074354294076&group_system_actual=3
[Mon Aug 24 09:06:59.038401 2015] [proxy_http:error] [pid 1352:tid 860] (20014)Internal error: [client 201.245.192.253:52235] AH01102: error reading status line from remote server 172.22.1.47:80, referer: http://190.27.245.106/forest/
[Mon Aug 24 09:06:59.038401 2015] [proxy:error] [pid 1352:tid 860] [client 201.245.192.253:52235] AH00898: Error reading from remote server returned by /forest/login.do, referer: http://190.27.245.106/forest/
[Mon Aug 24 09:07:20.051638 2015] [:error] [pid 1352:tid 956] [client 54.66.219.150:64482] script 'E:/nuevo/htdocs/wp-login.php' not found or unable to stat
[Mon Aug 24 09:17:24.069099 2015] [proxy_http:error] [pid 1352:tid 1392] (20014)Internal error: [client 201.245.192.253:59770] AH01102: error reading status line from remote server 172.22.1.47:80, referer: http://190.27.245.106/forest/buscar.do?type=documentos
[Mon Aug 24 09:17:24.069099 2015] [proxy:error] [pid 1352:tid 1392] [client 201.245.192.253:59770] AH00898: Error reading from remote server returned by /forest/json.do, referer: http://190.27.245.106/forest/buscar.do?type=documentos
[Mon Aug 24 09:17:24.069099 2015] [negotiation:error] [pid 1352:tid 1392] [client 201.245.192.253:59770] AH00690: no acceptable variant: E:/nuevo/apache/error/HTTP_BAD_GATEWAY.html.var, referer: http://190.27.245.106/forest/buscar.do?type=documentos
[Mon Aug 24 09:19:40.725339 2015] [:error] [pid 1352:tid 1064] [client 54.66.219.150:60747] script 'E:/nuevo/htdocs/wp-login.php' not found or unable to stat
[Mon Aug 24 09:21:47.319561 2015] [proxy_http:error] [pid 1352:tid 1480] (20014)Internal error: [client 186.147.40.222:59479] AH01102: error reading status line from remote server 172.22.1.47:80, referer: http://190.27.245.106/forest/misactividades.do?group_system_actual=3&codPro=176&_a=0.7571225481147069
[Mon Aug 24 09:22:01.063185 2015] [proxy_http:error] [pid 1352:tid 1112] (20014)Internal error: [client 201.245.192.253:10604] AH01102: error reading status line from remote server 172.22.1.47:80, referer: http://190.27.245.106/forest/misactividades.do?_a=0.09716311785006271&group_system_actual=3
[Mon Aug 24 09:22:01.063185 2015] [proxy_http:error] [pid 1352:tid 868] (20014)Internal error: [client 201.245.192.253:10606] AH01102: error reading status line from remote server 172.22.1.47:80, referer: http://190.27.245.106/forest/misactividades.do?_a=0.09716311785006271&group_system_actual=3
[Mon Aug 24 09:26:12.676027 2015] [proxy_http:error] [pid 1352:tid 804] (20014)Internal error: [client 201.245.192.253:27467] AH01102: error reading status line from remote server 172.22.1.47:80, referer: http://190.27.245.106/forest/suactividades.do?group_system_actual=3
[Mon Aug 24 09:26:12.676027 2015] [proxy:error] [pid 1352:tid 804] [client 201.245.192.253:27467] AH00898: Error reading from remote server returned by /forest/buscar.do, referer: http://190.27.245.106/forest/suactividades.do?group_system_actual=3
[Mon Aug 24 09:27:11.254130 2015] [proxy_http:error] [pid 1352:tid 844] (20014)Internal error: [client 201.245.192.253:27898] AH01102: error reading status line from remote server 172.22.1.47:80, referer: http://190.27.245.106/forest/buscar.do?type=documentos
[Mon Aug 24 09:27:11.254130 2015] [proxy_http:error] [pid 1352:tid 892] (20014)Internal error: [client 201.245.192.253:27895] AH01102: error reading status line from remote server 172.22.1.47:80, referer: http://190.27.245.106/forest/buscar.do?type=documentos
[Mon Aug 24 09:28:23.622657 2015] [proxy_http:error] [pid 1352:tid 1120] (20014)Internal error: [client 201.245.192.253:28461] AH01102: error reading status line from remote server 172.22.1.47:80, referer: http://190.27.245.106/forest/usutareas.do?_a=0.17099149676306213&group_system_actual=3
[Mon Aug 24 09:29:40.483992 2015] [proxy_http:error] [pid 1352:tid 1416] (20014)Internal error: [client 201.245.192.253:28960] AH01102: error reading status line from remote server 172.22.1.47:80, referer: http://190.27.245.106/forest/index2.jsp?_a=0.4206971136291934
[Mon Aug 24 09:31:56.999832 2015] [proxy_http:error] [pid 1352:tid 964] (20014)Internal error: [client 201.245.192.253:47994] AH01102: error reading status line from remote server 172.22.1.47:80, referer: http://190.27.245.106/forest/usutareas.do?_a=0.4380003232467189&group_system_actual=3
[Mon Aug 24 09:35:01.314156 2015] [mpm_winnt:warn] [pid 1352:tid 2556] (OS 64)The specified network name is no longer available.  : AH00341: winnt_accept: Asynchronous AcceptEx failed.
[Mon Aug 24 09:46:13.191736 2015] [proxy_http:error] [pid 1352:tid 1636] (20014)Internal error: [client 201.245.192.253:45636] AH01102: error reading status line from remote server 172.22.1.47:80, referer: http://190.27.245.106/forest/misactividades.do?group_system_actual=3&codPro=95&_a=0.2168658574723319
[Mon Aug 24 09:46:13.191736 2015] [proxy:error] [pid 1352:tid 1636] [client 201.245.192.253:45636] AH00898: Error reading from remote server returned by /forest/misactividades.do, referer: http://190.27.245.106/forest/misactividades.do?group_system_actual=3&codPro=95&_a=0.2168658574723319
[Mon Aug 24 10:05:07.251328 2015] [proxy_http:error] [pid 1352:tid 1872] (20014)Internal error: [client 201.245.192.253:42533] AH01102: error reading status line from remote server 172.22.1.47:80, referer: http://190.27.245.106/forest/index2.jsp?selected=tab_init&tab=1
[Mon Aug 24 10:06:47.200703 2015] [proxy_http:error] [pid 1352:tid 1152] (20014)Internal error: [client 201.245.192.253:44285] AH01102: error reading status line from remote server 172.22.1.47:80, referer: http://190.27.245.106/forest/index2.jsp?a=0.10903536432436578
[Mon Aug 24 10:06:49.930708 2015] [proxy_http:error] [pid 1352:tid 1800] (20014)Internal error: [client 201.245.192.253:17717] AH01102: error reading status line from remote server 172.22.1.47:80, referer: http://190.27.245.106/forest/index2.jsp?a=0.11132969570323747
[Mon Aug 24 10:07:05.171935 2015] [proxy_http:error] [pid 1352:tid 908] (20014)Internal error: [client 201.245.192.253:17930] AH01102: error reading status line from remote server 172.22.1.47:80, referer: http://190.27.245.106/forest/usutareas.do?group_system_actual=3&codAct=1477&numPro=3201932&codPro=134&fecTra=2015-08-21%2019:02:36.0&codInst=3249232&codTraEsc=18992981
[Mon Aug 24 10:07:05.171935 2015] [proxy:error] [pid 1352:tid 908] [client 201.245.192.253:17930] AH00898: Error reading from remote server returned by /forest/css/index.css, referer: http://190.27.245.106/forest/usutareas.do?group_system_actual=3&codAct=1477&numPro=3201932&codPro=134&fecTra=2015-08-21%2019:02:36.0&codInst=3249232&codTraEsc=18992981
[Mon Aug 24 10:07:05.359135 2015] [proxy_http:error] [pid 1352:tid 908] (20014)Internal error: [client 201.245.192.253:17930] AH01102: error reading status line from remote server 172.22.1.47:80, referer: http://190.27.245.106/forest/usutareas.do?group_system_actual=3&codAct=1477&numPro=3201932&codPro=134&fecTra=2015-08-21%2019:02:36.0&codInst=3249232&codTraEsc=18992981
[Mon Aug 24 10:07:05.405935 2015] [proxy_http:error] [pid 1352:tid 1112] (20014)Internal error: [client 201.245.192.253:17927] AH01102: error reading status line from remote server 172.22.1.47:80, referer: http://190.27.245.106/forest/usutareas.do?group_system_actual=3&codAct=1477&numPro=3201932&codPro=134&fecTra=2015-08-21%2019:02:36.0&codInst=3249232&codTraEsc=18992981
[Mon Aug 24 10:07:05.717936 2015] [proxy_http:error] [pid 1352:tid 908] (20014)Internal error: [client 201.245.192.253:44741] AH01102: error reading status line from remote server 172.22.1.47:80, referer: http://190.27.245.106/forest/reportes.do?menu=1&group_system_actual=5
[Mon Aug 24 10:07:05.717936 2015] [proxy:error] [pid 1352:tid 908] [client 201.245.192.253:44741] AH00898: Error reading from remote server returned by /forest/index2.jsp, referer: http://190.27.245.106/forest/reportes.do?menu=1&group_system_actual=5
[Mon Aug 24 10:07:05.889536 2015] [proxy_http:error] [pid 1352:tid 1768] (20014)Internal error: [client 201.245.192.253:17936] AH01102: error reading status line from remote server 172.22.1.47:80, referer: http://190.27.245.106/forest/misactividades.do?group_system_actual=3&codPro=229&_a=0.6356843106388737
[Mon Aug 24 10:07:16.419555 2015] [proxy_http:error] [pid 1352:tid 1624] (20014)Internal error: [client 201.245.192.253:44818] AH01102: error reading status line from remote server 172.22.1.47:80, referer: http://190.27.245.106/forest/usutareas.do?codTraEsc=19000506
[Mon Aug 24 10:07:22.441165 2015] [proxy_http:error] [pid 1352:tid 1096] (20014)Internal error: [client 201.245.192.253:45036] AH01102: error reading status line from remote server 172.22.1.47:80, referer: http://190.27.245.106/forest/usutareas.do?group_system_actual=3&a=0.28382270760901007
[Mon Aug 24 10:07:24.781169 2015] [proxy_http:error] [pid 1352:tid 924] (20014)Internal error: [client 201.245.192.253:45035] AH01102: error reading status line from remote server 172.22.1.47:80, referer: http://190.27.245.106/forest/index2.jsp?selected=tab_init&tab=1
[Mon Aug 24 10:07:24.796769 2015] [proxy_http:error] [pid 1352:tid 868] (20014)Internal error: [client 201.245.192.253:45034] AH01102: error reading status line from remote server 172.22.1.47:80, referer: http://190.27.245.106/forest/index2.jsp?selected=tab_init&tab=1
[Mon Aug 24 10:07:24.796769 2015] [proxy_http:error] [pid 1352:tid 1728] (20014)Internal error: [client 201.245.192.253:45037] AH01102: error reading status line from remote server 172.22.1.47:80, referer: http://190.27.245.106/forest/index2.jsp?selected=tab_init&tab=1
[Mon Aug 24 10:07:24.796769 2015] [proxy_http:error] [pid 1352:tid 1624] (20014)Internal error: [client 201.245.192.253:44957] AH01102: error reading status line from remote server 172.22.1.47:80, referer: http://190.27.245.106/forest/index2.jsp?selected=tab_init&tab=1
[Mon Aug 24 10:07:24.812369 2015] [proxy_http:error] [pid 1352:tid 1728] (20014)Internal error: [client 201.245.192.253:45078] AH01102: error reading status line from remote server 172.22.1.47:80, referer: http://190.27.245.106/forest/index2.jsp?selected=tab_init&tab=1
[Mon Aug 24 10:07:24.812369 2015] [proxy_http:error] [pid 1352:tid 924] (20014)Internal error: [client 201.245.192.253:45076] AH01102: error reading status line from remote server 172.22.1.47:80, referer: http://190.27.245.106/forest/index2.jsp?selected=tab_init&tab=1
[Mon Aug 24 10:07:55.341623 2015] [proxy_http:error] [pid 1352:tid 1760] (20014)Internal error: [client 201.245.192.253:48074] AH01102: error reading status line from remote server 172.22.1.47:80, referer: http://190.27.245.106/forest/index2.jsp?a=0.5921189111586475
[Mon Aug 24 10:08:22.719671 2015] [proxy_http:error] [pid 1352:tid 1432] (20014)Internal error: [client 201.245.192.253:18764] AH01102: error reading status line from remote server 172.22.1.47:80, referer: http://190.27.245.106/forest/buscar.do?type=procesos
[Mon Aug 24 10:08:52.593724 2015] [proxy_http:error] [pid 1352:tid 756] (20014)Internal error: [client 186.147.40.222:59971] AH01102: error reading status line from remote server 172.22.1.47:80, referer: http://190.27.245.106/forest/usutareas.do?group_system_actual=3&a=0.3232125088106841
[Mon Aug 24 10:08:52.593724 2015] [proxy:error] [pid 1352:tid 756] [client 186.147.40.222:59971] AH00898: Error reading from remote server returned by /forest/session.jsp, referer: http://190.27.245.106/forest/usutareas.do?group_system_actual=3&a=0.3232125088106841
[Mon Aug 24 10:08:52.593724 2015] [negotiation:error] [pid 1352:tid 756] [client 186.147.40.222:59971] AH00690: no acceptable variant: E:/nuevo/apache/error/HTTP_BAD_GATEWAY.html.var, referer: http://190.27.245.106/forest/usutareas.do?group_system_actual=3&a=0.3232125088106841
[Mon Aug 24 10:08:55.760529 2015] [proxy_http:error] [pid 1352:tid 868] (20014)Internal error: [client 201.245.192.253:19165] AH01102: error reading status line from remote server 172.22.1.47:80, referer: http://190.27.245.106/forest/usutareas.do?group_system_actual=3&a=0.43698925356671103
[Mon Aug 24 10:09:29.269388 2015] [proxy_http:error] [pid 1352:tid 1760] (20014)Internal error: [client 201.245.192.253:19543] AH01102: error reading status line from remote server 172.22.1.47:80, referer: http://190.27.245.106/forest/buscar.do?type=procesos
[Mon Aug 24 10:09:29.269388 2015] [proxy:error] [pid 1352:tid 1760] [client 201.245.192.253:19543] AH00898: Error reading from remote server returned by /forest/buscar.do, referer: http://190.27.245.106/forest/buscar.do?type=procesos
[Mon Aug 24 10:09:43.808614 2015] [proxy_http:error] [pid 1352:tid 828] (20014)Internal error: [client 201.245.192.253:19741] AH01102: error reading status line from remote server 172.22.1.47:80, referer: http://190.27.245.106/forest/usutareas.do?group_system_actual=3&codAct=1477&numPro=3201924&codPro=134&fecTra=2015-08-21%2018:32:41.0&codInst=3249224&codTraEsc=18992774
[Mon Aug 24 10:09:43.808614 2015] [proxy:error] [pid 1352:tid 828] [client 201.245.192.253:19741] AH00898: Error reading from remote server returned by /forest/skins/gdocs-jar/css/autocomplete.css, referer: http://190.27.245.106/forest/usutareas.do?group_system_actual=3&codAct=1477&numPro=3201924&codPro=134&fecTra=2015-08-21%2018:32:41.0&codInst=3249224&codTraEsc=18992774
[Mon Aug 24 10:09:43.824214 2015] [proxy_http:error] [pid 1352:tid 832] (20014)Internal error: [client 201.245.192.253:19745] AH01102: error reading status line from remote server 172.22.1.47:80, referer: http://190.27.245.106/forest/usutareas.do?group_system_actual=3&codAct=1477&numPro=3201924&codPro=134&fecTra=2015-08-21%2018:32:41.0&codInst=3249224&codTraEsc=18992774
[Mon Aug 24 10:09:43.824214 2015] [proxy:error] [pid 1352:tid 832] [client 201.245.192.253:19745] AH00898: Error reading from remote server returned by /forest/1ibre/jscalendar/calendar-win2k-1.css, referer: http://190.27.245.106/forest/usutareas.do?group_system_actual=3&codAct=1477&numPro=3201924&codPro=134&fecTra=2015-08-21%2018:32:41.0&codInst=3249224&codTraEsc=18992774
[Mon Aug 24 10:09:43.839814 2015] [proxy_http:error] [pid 1352:tid 1680] (20014)Internal error: [client 201.245.192.253:19743] AH01102: error reading status line from remote server 172.22.1.47:80, referer: http://190.27.245.106/forest/usutareas.do?group_system_actual=3&codAct=1477&numPro=3201924&codPro=134&fecTra=2015-08-21%2018:32:41.0&codInst=3249224&codTraEsc=18992774
[Mon Aug 24 10:09:43.839814 2015] [proxy:error] [pid 1352:tid 1680] [client 201.245.192.253:19743] AH00898: Error reading from remote server returned by /forest/css/index.css, referer: http://190.27.245.106/forest/usutareas.do?group_system_actual=3&codAct=1477&numPro=3201924&codPro=134&fecTra=2015-08-21%2018:32:41.0&codInst=3249224&codTraEsc=18992774
[Mon Aug 24 10:10:28.003491 2015] [proxy_http:error] [pid 1352:tid 852] (20014)Internal error: [client 201.245.192.253:20090] AH01102: error reading status line from remote server 172.22.1.47:80, referer: http://190.27.245.106/forest/buscar.do?type=procesos
[Mon Aug 24 10:10:28.003491 2015] [proxy:error] [pid 1352:tid 852] [client 201.245.192.253:20090] AH00898: Error reading from remote server returned by /forest/skins/gdocs-jar/css/tree.css, referer: http://190.27.245.106/forest/buscar.do?type=procesos
[Mon Aug 24 10:10:29.625894 2015] [proxy_http:error] [pid 1352:tid 956] (20014)Internal error: [client 201.245.192.253:35856] AH01102: error reading status line from remote server 172.22.1.47:80, referer: http://190.27.245.106/forest/misactividades.do?group_system_actual=3&codPro=134&_a=0.25856235798014904
[Mon Aug 24 10:10:29.625894 2015] [proxy:error] [pid 1352:tid 956] [client 201.245.192.253:35856] AH00898: Error reading from remote server returned by /forest/js/jquery/grid/css/ui.jqgrid.css, referer: http://190.27.245.106/forest/misactividades.do?group_system_actual=3&codPro=134&_a=0.25856235798014904
[Mon Aug 24 10:10:29.688294 2015] [proxy_http:error] [pid 1352:tid 1064] (20014)Internal error: [client 201.245.192.253:35857] AH01102: error reading status line from remote server 172.22.1.47:80, referer: http://190.27.245.106/forest/misactividades.do?group_system_actual=3&codPro=134&_a=0.25856235798014904
[Mon Aug 24 10:10:30.343495 2015] [proxy_http:error] [pid 1352:tid 1848] (20014)Internal error: [client 201.245.192.253:50582] AH01102: error reading status line from remote server 172.22.1.47:80, referer: http://190.27.245.106/forest/usutareas.do?group_system_actual=3&a=0.9079729552152394
[Mon Aug 24 10:10:30.343495 2015] [proxy:error] [pid 1352:tid 1848] [client 201.245.192.253:50582] AH00898: Error reading from remote server returned by /forest/buscar.do, referer: http://190.27.245.106/forest/usutareas.do?group_system_actual=3&a=0.9079729552152394
[Mon Aug 24 10:10:33.791101 2015] [proxy_http:error] [pid 1352:tid 1280] (20014)Internal error: [client 201.245.192.253:50623] AH01102: error reading status line from remote server 172.22.1.47:80
[Mon Aug 24 10:10:33.791101 2015] [proxy:error] [pid 1352:tid 1280] [client 201.245.192.253:50623] AH00898: Error reading from remote server returned by /forest/img/forestIcon.gif
[Mon Aug 24 10:10:41.388315 2015] [proxy_http:error] [pid 1352:tid 1768] (20014)Internal error: [client 201.245.192.253:20172] AH01102: error reading status line from remote server 172.22.1.47:80, referer: http://190.27.245.106/forest/usutareas.do?group_system_actual=3&codAct=1477&numPro=3201918&codPro=134&fecTra=2015-08-21%2018:38:55.0&codInst=3249218&codTraEsc=18992802
[Mon Aug 24 10:10:44.820321 2015] [proxy_http:error] [pid 1352:tid 1680] (20014)Internal error: [client 181.60.134.122:49637] AH01102: error reading status line from remote server 172.22.1.47:80, referer: http://190.27.245.106/forest/index2.jsp?a=0.733576050503009
[Mon Aug 24 10:10:44.820321 2015] [proxy:error] [pid 1352:tid 1680] [client 181.60.134.122:49637] AH00898: Error reading from remote server returned by /forest/skins/gdocs-jar/css/forest.css, referer: http://190.27.245.106/forest/index2.jsp?a=0.733576050503009
[Mon Aug 24 10:10:50.873131 2015] [proxy_http:error] [pid 1352:tid 964] (20014)Internal error: [client 201.245.192.253:50914] AH01102: error reading status line from remote server 172.22.1.47:80, referer: http://190.27.245.106/forest/usutareas.do?group_system_actual=3&a=0.5645088595771153
[Mon Aug 24 10:10:50.873131 2015] [proxy:error] [pid 1352:tid 964] [client 201.245.192.253:50914] AH00898: Error reading from remote server returned by /forest/css/escritorio.css, referer: http://190.27.245.106/forest/usutareas.do?group_system_actual=3&a=0.5645088595771153
[Mon Aug 24 10:10:52.807535 2015] [proxy_http:error] [pid 1352:tid 788] (20014)Internal error: [client 201.245.192.253:50917] AH01102: error reading status line from remote server 172.22.1.47:80, referer: http://190.27.245.106/forest/buscar.do?type=procesos
[Mon Aug 24 10:10:53.431536 2015] [proxy_http:error] [pid 1352:tid 876] (20014)Internal error: [client 201.245.192.253:20240] AH01102: error reading status line from remote server 172.22.1.47:80, referer: http://190.27.245.106/forest/buscar.do?type=procesos
[Mon Aug 24 10:11:07.081560 2015] [proxy_http:error] [pid 1352:tid 876] (20014)Internal error: [client 201.245.192.253:51105] AH01102: error reading status line from remote server 172.22.1.47:80
[Mon Aug 24 10:11:09.795965 2015] [proxy_http:error] [pid 1352:tid 1480] (20014)Internal error: [client 201.245.192.253:51213] AH01102: error reading status line from remote server 172.22.1.47:80, referer: http://190.27.245.106/forest/buscar.do?type=procesos
[Mon Aug 24 10:11:20.201183 2015] [proxy_http:error] [pid 1352:tid 1760] (20014)Internal error: [client 201.245.192.253:51540] AH01102: error reading status line from remote server 172.22.1.47:80, referer: http://190.27.245.106/forest/usutareas.do?group_system_actual=3&codAct=1476&numPro=3160747&codPro=134&fecTra=2015-08-21%2015:55:42.0&codInst=3205841&codTraEsc=18990320
[Mon Aug 24 10:11:20.793984 2015] [proxy_http:error] [pid 1352:tid 696] (20014)Internal error: [client 201.245.192.253:20495] AH01102: error reading status line from remote server 172.22.1.47:80, referer: http://190.27.245.106/forest/usutareas.do?group_system_actual=3&codAct=1477&numPro=3201910&codPro=134&fecTra=2015-08-21%2018:41:14.0&codInst=3249209&codTraEsc=18992821
[Mon Aug 24 10:11:20.809584 2015] [proxy_http:error] [pid 1352:tid 868] (20014)Internal error: [client 201.245.192.253:20493] AH01102: error reading status line from remote server 172.22.1.47:80, referer: http://190.27.245.106/forest/usutareas.do?group_system_actual=3&codAct=1477&numPro=3201910&codPro=134&fecTra=2015-08-21%2018:41:14.0&codInst=3249209&codTraEsc=18992821
[Mon Aug 24 10:11:28.734398 2015] [proxy_http:error] [pid 1352:tid 1032] (20014)Internal error: [client 201.245.192.253:51629] AH01102: error reading status line from remote server 172.22.1.47:80, referer: http://190.27.245.106/forest/buscar.do?type=procesos
[Mon Aug 24 10:11:28.765598 2015] [proxy_http:error] [pid 1352:tid 988] (20014)Internal error: [client 201.245.192.253:51631] AH01102: error reading status line from remote server 172.22.1.47:80, referer: http://190.27.245.106/forest/buscar.do?type=procesos
[Mon Aug 24 10:11:37.314413 2015] [proxy_http:error] [pid 1352:tid 1088] (20014)Internal error: [client 201.245.192.253:51927] AH01102: error reading status line from remote server 172.22.1.47:80, referer: http://190.27.245.106/forest/usutareas.do?group_system_actual=3&codAct=879&numPro=3070524&codPro=90&fecTra=2015-08-21%2016:03:44.268&codInst=3111418&codTraEsc=18990176
[Mon Aug 24 10:11:37.314413 2015] [proxy:error] [pid 1352:tid 1088] [client 201.245.192.253:51927] AH00898: Error reading from remote server returned by /forest/skins/gdocs-jar/js/formsBase.js, referer: http://190.27.245.106/forest/usutareas.do?group_system_actual=3&codAct=879&numPro=3070524&codPro=90&fecTra=2015-08-21%2016:03:44.268&codInst=3111418&codTraEsc=18990176
[Mon Aug 24 10:12:01.775256 2015] [proxy_http:error] [pid 1352:tid 1880] (20014)Internal error: [client 201.245.192.253:20897] AH01102: error reading status line from remote server 172.22.1.47:80, referer: http://190.27.245.106/forest/usutareas.do?group_system_actual=3&codAct=1477&numPro=3201901&codPro=134&fecTra=2015-08-21%2018:43:51.0&codInst=3249200&codTraEsc=18992828
[Mon Aug 24 10:12:01.775256 2015] [proxy:error] [pid 1352:tid 1880] [client 201.245.192.253:20897] AH00898: Error reading from remote server returned by /forest/actions/forms.getList, referer: http://190.27.245.106/forest/usutareas.do?group_system_actual=3&codAct=1477&numPro=3201901&codPro=134&fecTra=2015-08-21%2018:43:51.0&codInst=3249200&codTraEsc=18992828
[Mon Aug 24 10:12:01.775256 2015] [negotiation:error] [pid 1352:tid 1880] [client 201.245.192.253:20897] AH00690: no acceptable variant: E:/nuevo/apache/error/HTTP_BAD_GATEWAY.html.var, referer: http://190.27.245.106/forest/usutareas.do?group_system_actual=3&codAct=1477&numPro=3201901&codPro=134&fecTra=2015-08-21%2018:43:51.0&codInst=3249200&codTraEsc=18992828
[Mon Aug 24 10:12:14.114878 2015] [proxy_http:error] [pid 1352:tid 696] (20014)Internal error: [client 201.245.192.253:20978] AH01102: error reading status line from remote server 172.22.1.47:80, referer: http://190.27.245.106/forest/buscar.do?type=procesos
[Mon Aug 24 10:12:14.114878 2015] [proxy_http:error] [pid 1352:tid 908] (20014)Internal error: [client 201.245.192.253:20980] AH01102: error reading status line from remote server 172.22.1.47:80, referer: http://190.27.245.106/forest/buscar.do?type=procesos
[Mon Aug 24 10:12:23.053693 2015] [proxy_http:error] [pid 1352:tid 1072] (20014)Internal error: [client 201.245.192.253:52651] AH01102: error reading status line from remote server 172.22.1.47:80, referer: http://190.27.245.106/forest/buscar.do?type=procesos
[Mon Aug 24 10:12:23.069293 2015] [proxy_http:error] [pid 1352:tid 924] (20014)Internal error: [client 201.245.192.253:52650] AH01102: error reading status line from remote server 172.22.1.47:80, referer: http://190.27.245.106/forest/buscar.do?type=procesos
[Mon Aug 24 10:13:40.835430 2015] [proxy_http:error] [pid 1352:tid 1056] (20014)Internal error: [client 201.245.192.253:21610] AH01102: error reading status line from remote server 172.22.1.47:80, referer: http://190.27.245.106/forest/
[Mon Aug 24 10:14:09.960681 2015] [proxy_http:error] [pid 1352:tid 1880] (20014)Internal error: [client 201.245.192.253:54485] AH01102: error reading status line from remote server 172.22.1.47:80, referer: http://190.27.245.106/forest/usutareas.do?group_system_actual=3&a=0.9693053437405612
[Mon Aug 24 10:14:10.054281 2015] [proxy_http:error] [pid 1352:tid 1880] (20014)Internal error: [client 201.245.192.253:54499] AH01102: error reading status line from remote server 172.22.1.47:80
[Mon Aug 24 10:14:12.768686 2015] [proxy_http:error] [pid 1352:tid 1480] (20014)Internal error: [client 201.245.192.253:54504] AH01102: error reading status line from remote server 172.22.1.47:80, referer: http://190.27.245.106/forest/buscar.do?type=procesos
[Mon Aug 24 10:14:20.849500 2015] [proxy_http:error] [pid 1352:tid 924] (20014)Internal error: [client 201.245.192.253:54637] AH01102: error reading status line from remote server 172.22.1.47:80, referer: http://190.27.245.106/forest/usutareas.do?group_system_actual=3&codAct=879&numPro=3114729&codPro=90&fecTra=2015-08-19%2017:29:46.421&codInst=3157272&codTraEsc=18964862
[Mon Aug 24 10:14:20.849500 2015] [proxy_http:error] [pid 1352:tid 1872] (20014)Internal error: [client 201.245.192.253:54673] AH01102: error reading status line from remote server 172.22.1.47:80, referer: http://190.27.245.106/forest/usutareas.do?group_system_actual=3&codAct=879&numPro=3114729&codPro=90&fecTra=2015-08-19%2017:29:46.421&codInst=3157272&codTraEsc=18964862
[Mon Aug 24 10:14:46.963946 2015] [proxy_http:error] [pid 1352:tid 1784] (20014)Internal error: [client 201.245.192.253:55206] AH01102: error reading status line from remote server 172.22.1.47:80, referer: http://190.27.245.106/forest/usutareas.do?group_system_actual=3&a=0.1995730616044752
[Mon Aug 24 10:15:33.030827 2015] [proxy_http:error] [pid 1352:tid 1392] (20014)Internal error: [client 201.245.192.253:10160] AH01102: error reading status line from remote server 172.22.1.47:80, referer: http://190.27.245.106/forest/usutareas.do?group_system_actual=3&codAct=1477&numPro=3196374&codPro=134&fecTra=2015-08-21%2017:12:22.0&codInst=3243363&codTraEsc=18992044
[Mon Aug 24 10:19:29.870443 2015] [proxy_http:error] [pid 1352:tid 1080] (20014)Internal error: [client 201.245.192.253:11982] AH01102: error reading status line from remote server 172.22.1.47:80, referer: http://190.27.245.106/forest/usutareas.do?group_system_actual=3&a=0.5162233135209288
[Mon Aug 24 10:19:29.870443 2015] [proxy:error] [pid 1352:tid 1080] [client 201.245.192.253:11982] AH00898: Error reading from remote server returned by /forest/skins/gdocs-jar/css/menu.css, referer: http://190.27.245.106/forest/usutareas.do?group_system_actual=3&a=0.5162233135209288
[Mon Aug 24 10:19:29.886043 2015] [proxy_http:error] [pid 1352:tid 1728] (20014)Internal error: [client 201.245.192.253:11983] AH01102: error reading status line from remote server 172.22.1.47:80, referer: http://190.27.245.106/forest/usutareas.do?group_system_actual=3&a=0.5162233135209288
[Mon Aug 24 10:20:27.699745 2015] [proxy_http:error] [pid 1352:tid 1120] (20014)Internal error: [client 201.245.192.253:12321] AH01102: error reading status line from remote server 172.22.1.47:80, referer: http://190.27.245.106/forest/usutareas.do?group_system_actual=3&a=0.9689183031836358
[Mon Aug 24 10:21:44.202279 2015] [proxy_http:error] [pid 1352:tid 1776] (20014)Internal error: [client 181.60.224.23:51580] AH01102: error reading status line from remote server 172.22.1.47:80, referer: http://190.27.245.106/forest/index2.jsp?a=0.2755816807703204
[Mon Aug 24 10:21:44.623480 2015] [proxy_http:error] [pid 1352:tid 1728] (20014)Internal error: [client 181.60.224.23:51578] AH01102: error reading status line from remote server 172.22.1.47:80, referer: http://190.27.245.106/forest/index2.jsp?a=0.2755816807703204
[Mon Aug 24 10:21:44.639080 2015] [proxy_http:error] [pid 1352:tid 992] (20014)Internal error: [client 181.60.224.23:51575] AH01102: error reading status line from remote server 172.22.1.47:80, referer: http://190.27.245.106/forest/index2.jsp?a=0.2755816807703204
[Mon Aug 24 10:21:51.674692 2015] [proxy_http:error] [pid 1352:tid 1856] (20014)Internal error: [client 201.245.192.253:12923] AH01102: error reading status line from remote server 172.22.1.47:80, referer: http://190.27.245.106/forest/buscar.do?type=procesos
[Mon Aug 24 10:22:14.169932 2015] [proxy_http:error] [pid 1352:tid 1824] (20014)Internal error: [client 201.245.192.253:51083] AH01102: error reading status line from remote server 172.22.1.47:80, referer: http://190.27.245.106/forest/buscar.do?type=procesos
[Mon Aug 24 10:35:01.847280 2015] [proxy_http:error] [pid 1352:tid 1664] (20014)Internal error: [client 201.245.192.253:38976] AH01102: error reading status line from remote server 172.22.1.47:80, referer: http://190.27.245.106/forest/suactividades.do?group_system_actual=3&_a=0.863294065798883
[Mon Aug 24 10:36:13.591806 2015] [proxy_http:error] [pid 1352:tid 852] (20014)Internal error: [client 201.245.192.253:25640] AH01102: error reading status line from remote server 172.22.1.47:80, referer: http://190.27.245.106/forest/misactividades.do?group_system_actual=3&codPro=95&_a=0.5075718699326935
[Mon Aug 24 10:36:13.919406 2015] [proxy_http:error] [pid 1352:tid 772] (20014)Internal error: [client 201.245.192.253:25566] AH01102: error reading status line from remote server 172.22.1.47:80, referer: http://190.27.245.106/forest/js/jquery/css/jquery-ui-1.8.1.custom.css
[Mon Aug 24 10:41:59.366413 2015] [proxy_http:error] [pid 1352:tid 1636] (20014)Internal error: [client 201.245.192.253:47362] AH01102: error reading status line from remote server 172.22.1.47:80, referer: http://190.27.245.106/forest/
[Mon Aug 24 10:42:15.715242 2015] [proxy_http:error] [pid 1352:tid 940] (20014)Internal error: [client 201.245.192.253:35230] AH01102: error reading status line from remote server 172.22.1.47:80, referer: http://190.27.245.106/forest/index2.jsp?_a=0.879861047814979
[Mon Aug 24 10:42:15.715242 2015] [proxy:error] [pid 1352:tid 940] [client 201.245.192.253:35230] AH00898: Error reading from remote server returned by /forest/1ibre/jscalendar/calendar-win2k-1.css, referer: http://190.27.245.106/forest/index2.jsp?_a=0.879861047814979
[Mon Aug 24 10:42:15.730842 2015] [proxy_http:error] [pid 1352:tid 1776] (20014)Internal error: [client 201.245.192.253:35226] AH01102: error reading status line from remote server 172.22.1.47:80, referer: http://190.27.245.106/forest/index2.jsp?_a=0.879861047814979
[Mon Aug 24 10:42:24.435657 2015] [proxy_http:error] [pid 1352:tid 1020] (20014)Internal error: [client 201.245.192.253:10312] AH01102: error reading status line from remote server 172.22.1.47:80, referer: http://190.27.245.106/forest/index2.jsp?_a=0.7178318372461945
[Mon Aug 24 10:52:34.864729 2015] [mpm_winnt:warn] [pid 1352:tid 2556] (OS 64)The specified network name is no longer available.  : AH00341: winnt_accept: Asynchronous AcceptEx failed.
[Mon Aug 24 10:54:41.318552 2015] [proxy_http:error] [pid 1352:tid 1432] (20014)Internal error: [client 201.245.192.253:16657] AH01102: error reading status line from remote server 172.22.1.47:80, referer: http://190.27.245.106/forest/buscar.do?type=procesos
[Mon Aug 24 10:56:00.956691 2015] [proxy_http:error] [pid 1352:tid 1504] (20014)Internal error: [client 201.245.192.253:17267] AH01102: error reading status line from remote server 172.22.1.47:80, referer: http://190.27.245.106/forest/buscar.do?type=procesos
[Mon Aug 24 10:57:33.059253 2015] [proxy_http:error] [pid 1352:tid 956] (20014)Internal error: [client 201.245.192.253:52780] AH01102: error reading status line from remote server 172.22.1.47:80, referer: http://190.27.245.106/forest/index2.jsp?a=0.8350676364980738
[Mon Aug 24 10:57:33.246453 2015] [proxy_http:error] [pid 1352:tid 884] (20014)Internal error: [client 201.245.192.253:52781] AH01102: error reading status line from remote server 172.22.1.47:80, referer: http://190.27.245.106/forest/index2.jsp?a=0.8350676364980738
[Mon Aug 24 10:57:33.308854 2015] [proxy_http:error] [pid 1352:tid 712] (20014)Internal error: [client 201.245.192.253:52782] AH01102: error reading status line from remote server 172.22.1.47:80, referer: http://190.27.245.106/forest/index2.jsp?a=0.8350676364980738
[Mon Aug 24 10:57:35.134057 2015] [proxy_http:error] [pid 1352:tid 908] (20014)Internal error: [client 186.85.54.180:55731] AH01102: error reading status line from remote server 172.22.1.47:80, referer: http://190.27.245.106/forest/usutareas.do?_a=0.11054700543172657&group_system_actual=3
[Mon Aug 24 10:57:35.290057 2015] [proxy_http:error] [pid 1352:tid 844] (20014)Internal error: [client 186.85.54.180:55730] AH01102: error reading status line from remote server 172.22.1.47:80, referer: http://190.27.245.106/forest/usutareas.do?_a=0.11054700543172657&group_system_actual=3
[Mon Aug 24 10:58:06.739712 2015] [proxy_http:error] [pid 1352:tid 844] (OS 10054)An existing connection was forcibly closed by the remote host.  : [client 201.245.192.253:53833] AH01102: error reading status line from remote server 172.22.1.31:80, referer: http://190.27.245.106/isolucionsda/FrameSetGeneral.asp?Pagina=Menu.asp&IdModulo=4
[Mon Aug 24 10:58:06.739712 2015] [proxy:error] [pid 1352:tid 844] [client 201.245.192.253:53833] AH00898: Error reading from remote server returned by /isolucionsda/Menu.asp, referer: http://190.27.245.106/isolucionsda/FrameSetGeneral.asp?Pagina=Menu.asp&IdModulo=4
[Mon Aug 24 10:59:04.444214 2015] [proxy_http:error] [pid 1352:tid 812] (20014)Internal error: [client 201.245.192.253:44372] AH01102: error reading status line from remote server 172.22.1.47:80, referer: http://190.27.245.106/forest/js/jquery/css/jquery-ui-1.8.1.custom.css
[Mon Aug 24 10:59:06.300617 2015] [proxy_http:error] [pid 1352:tid 924] (20014)Internal error: [client 201.245.192.253:19357] AH01102: error reading status line from remote server 172.22.1.47:80, referer: http://190.27.245.106/forest/
[Mon Aug 24 10:59:06.300617 2015] [proxy:error] [pid 1352:tid 924] [client 201.245.192.253:19357] AH00898: Error reading from remote server returned by /forest/session.jsp, referer: http://190.27.245.106/forest/
[Mon Aug 24 10:59:06.300617 2015] [negotiation:error] [pid 1352:tid 924] [client 201.245.192.253:19357] AH00690: no acceptable variant: E:/nuevo/apache/error/HTTP_BAD_GATEWAY.html.var, referer: http://190.27.245.106/forest/
[Mon Aug 24 10:59:09.545423 2015] [proxy_http:error] [pid 1352:tid 1480] (OS 10054)An existing connection was forcibly closed by the remote host.  : [client 186.29.123.115:51466] AH01102: error reading status line from remote server 172.22.1.31:80, referer: http://190.27.245.106/isolucionsda/FramesetArticulo.asp?Pagina=bancoconocimiento%2FM%2FMANUALDELSISTEMAINTEGRADODEGESTION%5Fv10%2FMANUALDELSISTEMAINTEGRADODEGESTION%5Fv10%2Easp&IdArticulo=8651&Codigo=&Fecha=&Version=&Procedimiento=&cliente=
[Mon Aug 24 10:59:09.670223 2015] [proxy_http:error] [pid 1352:tid 1480] (OS 10054)An existing connection was forcibly closed by the remote host.  : [client 186.29.123.115:51469] AH01102: error reading status line from remote server 172.22.1.31:80, referer: http://190.27.245.106/isolucionsda/FramesetArticulo.asp?Pagina=bancoconocimiento%2FM%2FMANUALDELSISTEMAINTEGRADODEGESTION%5Fv10%2FMANUALDELSISTEMAINTEGRADODEGESTION%5Fv10%2Easp&IdArticulo=8651&Codigo=&Fecha=&Version=&Procedimiento=&cliente=
[Mon Aug 24 10:59:09.670223 2015] [proxy:error] [pid 1352:tid 1480] [client 186.29.123.115:51469] AH00898: Error reading from remote server returned by /isolucionsda/Arriba.asp, referer: http://190.27.245.106/isolucionsda/FramesetArticulo.asp?Pagina=bancoconocimiento%2FM%2FMANUALDELSISTEMAINTEGRADODEGESTION%5Fv10%2FMANUALDELSISTEMAINTEGRADODEGESTION%5Fv10%2Easp&IdArticulo=8651&Codigo=&Fecha=&Version=&Procedimiento=&cliente=
[Mon Aug 24 10:59:53.256699 2015] [proxy_http:error] [pid 1352:tid 956] (20014)Internal error: [client 201.245.192.253:56684] AH01102: error reading status line from remote server 172.22.1.47:80, referer: http://190.27.245.106/forest/css/escritorio.css?version=1506.301731
[Mon Aug 24 10:59:55.409503 2015] [proxy_http:error] [pid 1352:tid 1056] (OS 10060)A connection attempt failed because the connected party did not properly respond after a period of time, or established connection failed because connected host has failed to respond.  : [client 201.245.192.253:23079] AH01102: error reading status line from remote server 172.22.1.31:80, referer: http://190.27.245.106/isolucionsda/Administracion/Upload/Upload.asp?UPLDIdObjeto=531&UPLDAtras=http://190.27.245.106/isolucionsda/NoConformidadISOlucion.asp&UPLDQuerystring=Id_NoConformidad=531[[]]CodtipoNoConf=19&UPLDObjeto=NoConformidad&UPLDSigla=SeguimientoPlan&UPLDRuta=531&UPLDTemporalArchivo=&UPLDIdSigla=1515
[Mon Aug 24 10:59:55.409503 2015] [proxy:error] [pid 1352:tid 1056] [client 201.245.192.253:23079] AH00898: Error reading from remote server returned by /isolucionsda/Administracion/Upload/UploadArchivo.asp, referer: http://190.27.245.106/isolucionsda/Administracion/Upload/Upload.asp?UPLDIdObjeto=531&UPLDAtras=http://190.27.245.106/isolucionsda/NoConformidadISOlucion.asp&UPLDQuerystring=Id_NoConformidad=531[[]]CodtipoNoConf=19&UPLDObjeto=NoConformidad&UPLDSigla=SeguimientoPlan&UPLDRuta=531&UPLDTemporalArchivo=&UPLDIdSigla=1515
[Mon Aug 24 11:00:15.798739 2015] [proxy_http:error] [pid 1352:tid 1608] (OS 10060)A connection attempt failed because the connected party did not properly respond after a period of time, or established connection failed because connected host has failed to respond.  : [client 201.245.192.253:23212] AH01102: error reading status line from remote server 172.22.1.31:80, referer: http://190.27.245.106/isolucionsda/Administracion/Upload/Upload.asp?UPLDIdObjeto=531&UPLDAtras=http://190.27.245.106/isolucionsda/NoConformidadISOlucion.asp&UPLDQuerystring=Id_NoConformidad=531[[]]CodtipoNoConf=19&UPLDObjeto=NoConformidad&UPLDSigla=SeguimientoPlan&UPLDRuta=531&UPLDTemporalArchivo=&UPLDIdSigla=1515
[Mon Aug 24 11:00:15.798739 2015] [proxy:error] [pid 1352:tid 1608] [client 201.245.192.253:23212] AH00898: Error reading from remote server returned by /isolucionsda/Administracion/Upload/UploadArchivo.asp, referer: http://190.27.245.106/isolucionsda/Administracion/Upload/Upload.asp?UPLDIdObjeto=531&UPLDAtras=http://190.27.245.106/isolucionsda/NoConformidadISOlucion.asp&UPLDQuerystring=Id_NoConformidad=531[[]]CodtipoNoConf=19&UPLDObjeto=NoConformidad&UPLDSigla=SeguimientoPlan&UPLDRuta=531&UPLDTemporalArchivo=&UPLDIdSigla=1515
[Mon Aug 24 11:00:58.932815 2015] [proxy_http:error] [pid 1352:tid 1776] (OS 10060)A connection attempt failed because the connected party did not properly respond after a period of time, or established connection failed because connected host has failed to respond.  : [client 201.245.192.253:23481] AH01102: error reading status line from remote server 172.22.1.31:80, referer: http://190.27.245.106/isolucionsda/Administracion/Upload/Upload.asp?UPLDIdObjeto=531&UPLDAtras=http://190.27.245.106/isolucionsda/NoConformidadISOlucion.asp&UPLDQuerystring=Id_NoConformidad=531[[]]CodtipoNoConf=19&UPLDObjeto=NoConformidad&UPLDSigla=SeguimientoPlan&UPLDRuta=531&UPLDTemporalArchivo=&UPLDIdSigla=1515
