!C99Shell v. 1.0 pre-release build #13!

Software: Apache. PHP/5.5.15 

uname -a: Windows NT SVR-DMZ 6.1 build 7600 (Windows Server 2008 R2 Enterprise Edition) i586 

SYSTEM 

Safe-mode: OFF (not secure)

E:\nuevo\apache\logs\   drwxrwxrwx
Free 7.33 GB of 239.26 GB (3.07%)
Detected drives: [ a ] [ c ] [ d ] [ e ] [ f ]
Home    Back    Forward    UPDIR    Refresh    Search    Buffer    Encoder    Tools    Proc.    FTP brute    Sec.    SQL    PHP-code    Update    Feedback    Self remove    Logout    


Viewing file:     error.2016.09.05.log (29.18 KB)      -rw-rw-rw-
Select action/file-type:
(+) | (+) | (+) | Code (+) | Session (+) | (+) | SDB (+) | (+) | (+) | (+) | (+) | (+) |
[Mon Sep 05 01:27:41.130632 2016] [proxy:error] [pid 10788:tid 15252] (OS 10060)A connection attempt failed because the connected party did not properly respond after a period of time, or established connection failed because connected host has failed to respond.  : AH00957: HTTP: attempt to connect to 172.22.1.51:8399 (172.22.1.51) failed
[Mon Sep 05 01:27:41.130632 2016] [proxy:error] [pid 10788:tid 15252] AH00959: ap_proxy_connect_backend disabling worker for (172.22.1.51) for 60s
[Mon Sep 05 01:27:41.130632 2016] [proxy_http:error] [pid 10788:tid 15252] [client 152.61.128.50:58216] AH01114: HTTP: failed to make connection to backend: 172.22.1.51
[Mon Sep 05 01:27:41.380233 2016] [proxy:error] [pid 10788:tid 15252] AH00940: HTTP: disabled connection for (172.22.1.51)
[Mon Sep 05 01:27:41.629833 2016] [proxy:error] [pid 10788:tid 15252] AH00940: HTTP: disabled connection for (172.22.1.51)
[Mon Sep 05 01:40:25.079574 2016] [proxy:error] [pid 10788:tid 15660] (OS 10060)A connection attempt failed because the connected party did not properly respond after a period of time, or established connection failed because connected host has failed to respond.  : AH00957: HTTP: attempt to connect to 172.22.1.51:8399 (172.22.1.51) failed
[Mon Sep 05 01:40:25.079574 2016] [proxy:error] [pid 10788:tid 15660] AH00959: ap_proxy_connect_backend disabling worker for (172.22.1.51) for 60s
[Mon Sep 05 01:40:25.079574 2016] [proxy_http:error] [pid 10788:tid 15660] [client 152.61.128.50:33018] AH01114: HTTP: failed to make connection to backend: 172.22.1.51
[Mon Sep 05 01:40:25.297974 2016] [proxy:error] [pid 10788:tid 15660] AH00940: HTTP: disabled connection for (172.22.1.51)
[Mon Sep 05 01:41:40.880107 2016] [mpm_winnt:warn] [pid 10788:tid 16624] (OS 64)The specified network name is no longer available.  : AH00341: winnt_accept: Asynchronous AcceptEx failed.
[Mon Sep 05 01:45:28.936908 2016] [cgi:error] [pid 10788:tid 14072] [client 191.96.249.189:52864] script not found or unable to stat: E:/nuevo/cgi-bin/webproc
[Mon Sep 05 02:32:52.635703 2016] [mpm_winnt:warn] [pid 10788:tid 16624] (OS 64)The specified network name is no longer available.  : AH00341: winnt_accept: Asynchronous AcceptEx failed.
[Mon Sep 05 03:14:27.143484 2016] [proxy:error] [pid 10788:tid 16312] (OS 10060)A connection attempt failed because the connected party did not properly respond after a period of time, or established connection failed because connected host has failed to respond.  : AH00957: HTTP: attempt to connect to 172.22.1.51:8399 (172.22.1.51) failed
[Mon Sep 05 03:14:27.143484 2016] [proxy:error] [pid 10788:tid 16312] AH00959: ap_proxy_connect_backend disabling worker for (172.22.1.51) for 60s
[Mon Sep 05 03:14:27.143484 2016] [proxy_http:error] [pid 10788:tid 16312] [client 152.61.192.232:2637] AH01114: HTTP: failed to make connection to backend: 172.22.1.51
[Mon Sep 05 03:14:27.377484 2016] [proxy:error] [pid 10788:tid 16312] AH00940: HTTP: disabled connection for (172.22.1.51)
[Mon Sep 05 03:50:11.538850 2016] [mpm_winnt:warn] [pid 10788:tid 16624] (OS 64)The specified network name is no longer available.  : AH00341: winnt_accept: Asynchronous AcceptEx failed.
[Mon Sep 05 04:03:31.041255 2016] [mpm_winnt:warn] [pid 10788:tid 16624] (OS 64)The specified network name is no longer available.  : AH00341: winnt_accept: Asynchronous AcceptEx failed.
[Mon Sep 05 04:03:32.850858 2016] [cgi:error] [pid 10788:tid 14372] [client 115.230.125.146:1795] script not found or unable to stat: E:/nuevo/cgi-bin/common
[Mon Sep 05 04:32:25.935902 2016] [cgi:error] [pid 10788:tid 14372] [client 191.96.249.189:38717] script not found or unable to stat: E:/nuevo/cgi-bin/webproc
[Mon Sep 05 04:41:52.981298 2016] [mpm_winnt:warn] [pid 10788:tid 16624] (OS 64)The specified network name is no longer available.  : AH00341: winnt_accept: Asynchronous AcceptEx failed.
[Mon Sep 05 04:59:31.366157 2016] [mpm_winnt:warn] [pid 10788:tid 16624] (OS 64)The specified network name is no longer available.  : AH00341: winnt_accept: Asynchronous AcceptEx failed.
[Mon Sep 05 04:59:31.366157 2016] [mpm_winnt:warn] [pid 10788:tid 16624] (OS 64)The specified network name is no longer available.  : AH00341: winnt_accept: Asynchronous AcceptEx failed.
[Mon Sep 05 06:52:05.930421 2016] [mpm_winnt:warn] [pid 10788:tid 16624] (OS 64)The specified network name is no longer available.  : AH00341: winnt_accept: Asynchronous AcceptEx failed.
[Mon Sep 05 07:21:00.310267 2016] [cgi:error] [pid 10788:tid 14192] [client 191.96.249.189:46981] script not found or unable to stat: E:/nuevo/cgi-bin/webproc
[Mon Sep 05 07:45:35.106657 2016] [proxy_http:error] [pid 10788:tid 16100] (OS 10053)An established connection was aborted by the software in your host machine.  : [client 186.30.31.195:49578] AH01102: error reading status line from remote server 172.22.1.31:80, referer: http://190.27.245.106/isolucionsda/Encabezado.asp?Pagina1=FrameSetGeneral.asp&&Pagina=MagazinHome.asp
[Mon Sep 05 07:48:18.220544 2016] [mpm_winnt:warn] [pid 10788:tid 16624] (OS 64)The specified network name is no longer available.  : AH00341: winnt_accept: Asynchronous AcceptEx failed.
[Mon Sep 05 08:12:52.048733 2016] [proxy_http:error] [pid 10788:tid 15252] (OS 10053)An established connection was aborted by the software in your host machine.  : [client 201.245.192.253:35547] AH01102: error reading status line from remote server 172.22.1.31:80, referer: http://190.27.245.106/isolucionsda/Encabezado.asp?Pagina1=FrameSetGeneral.asp&&Pagina=MagazinHome.asp
[Mon Sep 05 08:12:53.312335 2016] [proxy_http:error] [pid 10788:tid 15344] (OS 10053)An established connection was aborted by the software in your host machine.  : [client 201.245.192.253:35555] AH01102: error reading status line from remote server 172.22.1.31:80, referer: http://190.27.245.106/isolucionsda/FrameSetGeneral.asp?Pagina=Menu.asp&IdModulo=7
[Mon Sep 05 08:12:53.312335 2016] [proxy:error] [pid 10788:tid 15344] [client 201.245.192.253:35555] AH00898: Error reading from remote server returned by /isolucionsda/BarraFavoritos.asp, referer: http://190.27.245.106/isolucionsda/FrameSetGeneral.asp?Pagina=Menu.asp&IdModulo=7
[Mon Sep 05 08:27:48.333707 2016] [proxy_http:error] [pid 10788:tid 16216] (OS 10053)An established connection was aborted by the software in your host machine.  : [client 201.245.192.253:52747] AH01102: error reading status line from remote server 172.22.1.31:80, referer: http://190.27.245.106/isolucionsda/FrameSetGeneral.asp?Pagina=Magazin.asp&Sigla=MAC&IdModulo=2
[Mon Sep 05 08:27:48.333707 2016] [proxy:error] [pid 10788:tid 16216] [client 201.245.192.253:52747] AH00898: Error reading from remote server returned by /isolucionsda/BarraFavoritos.asp, referer: http://190.27.245.106/isolucionsda/FrameSetGeneral.asp?Pagina=Magazin.asp&Sigla=MAC&IdModulo=2
[Mon Sep 05 08:47:55.978628 2016] [proxy_http:error] [pid 10788:tid 14192] (OS 10053)An established connection was aborted by the software in your host machine.  : [client 201.245.192.253:42672] AH01102: error reading status line from remote server 172.22.1.31:80, referer: http://190.27.245.106/isolucionsda/BarraTitulos.asp?Pagina1=FrameSetGeneral.asp&&Pagina=MagazinHome.asp
[Mon Sep 05 08:57:01.074785 2016] [access_compat:error] [pid 10788:tid 14304] [client 185.130.6.49:52608] AH01797: client denied by server configuration: E:/nuevo/htdocs/phpMyAdmin
[Mon Sep 05 08:57:01.527186 2016] [access_compat:error] [pid 10788:tid 14256] [client 185.130.6.49:53338] AH01797: client denied by server configuration: E:/nuevo/phpMyAdmin/scripts
[Mon Sep 05 09:06:36.310196 2016] [proxy_http:error] [pid 10788:tid 15028] (OS 10053)An established connection was aborted by the software in your host machine.  : [client 201.245.192.253:22559] AH01102: error reading status line from remote server 172.22.1.31:80, referer: http://190.27.245.106/isolucionsda/FrameSetGeneral.asp?Pagina=Menu.asp&IdModulo=5
[Mon Sep 05 09:06:36.310196 2016] [proxy:error] [pid 10788:tid 15028] [client 201.245.192.253:22559] AH00898: Error reading from remote server returned by /isolucionsda/Menu.asp, referer: http://190.27.245.106/isolucionsda/FrameSetGeneral.asp?Pagina=Menu.asp&IdModulo=5
[Mon Sep 05 09:11:45.175138 2016] [proxy_http:error] [pid 10788:tid 16312] (OS 10053)An established connection was aborted by the software in your host machine.  : [client 201.245.192.253:46559] AH01102: error reading status line from remote server 172.22.1.31:80, referer: http://190.27.245.106/isolucionsda/Encabezado.asp?Pagina1=FrameSetGeneral.asp&&Pagina=MagazinHome.asp
[Mon Sep 05 09:11:45.175138 2016] [proxy:error] [pid 10788:tid 16312] [client 201.245.192.253:46559] AH00898: Error reading from remote server returned by /isolucionsda/g/Bot_Cerrar.jpg, referer: http://190.27.245.106/isolucionsda/Encabezado.asp?Pagina1=FrameSetGeneral.asp&&Pagina=MagazinHome.asp
[Mon Sep 05 09:22:29.238870 2016] [mpm_winnt:warn] [pid 10788:tid 16624] (OS 64)The specified network name is no longer available.  : AH00341: winnt_accept: Asynchronous AcceptEx failed.
[Mon Sep 05 09:30:42.870537 2016] [core:error] [pid 10788:tid 16024] (22)Invalid argument: [client 190.158.130.107:49649] AH00127: Cannot map GET /galeria/nivo-slider/demo/images/BOMBILLASDA\xd1ADAS.jpg HTTP/1.1 to file, referer: http://190.27.245.106/galeria/nivo-slider/demo/demo.html
[Mon Sep 05 09:30:44.102939 2016] [core:error] [pid 10788:tid 14256] (22)Invalid argument: [client 190.158.130.107:49648] AH00127: Cannot map GET /galeria/nivo-slider/demo/images/BannerCiclodeCapacitaci\xf3nes.jpg HTTP/1.1 to file, referer: http://190.27.245.106/galeria/nivo-slider/demo/demo.html
[Mon Sep 05 10:07:32.255617 2016] [cgi:error] [pid 10788:tid 14056] [client 191.96.249.189:49558] script not found or unable to stat: E:/nuevo/cgi-bin/webproc
[Mon Sep 05 10:36:34.483277 2016] [proxy_http:error] [pid 10788:tid 16312] (OS 10053)An established connection was aborted by the software in your host machine.  : [client 201.245.192.253:48199] AH01102: error reading status line from remote server 172.22.1.31:80, referer: http://190.27.245.106/isolucionsda/Encabezado.asp?Pagina1=FrameSetGeneral.asp&&Pagina=MagazinHome.asp
[Mon Sep 05 10:39:53.648827 2016] [core:error] [pid 10788:tid 14508] (20024)The given path is misformatted or contained invalid characters: [client 207.182.140.210:62826] AH00127: Cannot map GET /www.ambientebogota.gov.co:81/ HTTP/1.1 to file
[Mon Sep 05 10:51:08.942813 2016] [proxy_http:error] [pid 10788:tid 16040] (OS 10053)An established connection was aborted by the software in your host machine.  : [client 201.245.192.253:36476] AH01102: error reading status line from remote server 172.22.1.31:80, referer: http://190.27.245.106/isolucionsda/Encabezado.asp?Pagina1=FrameSetGeneral.asp&&Pagina=MagazinHome.asp
[Mon Sep 05 10:51:09.083213 2016] [proxy_http:error] [pid 10788:tid 14128] (OS 10053)An established connection was aborted by the software in your host machine.  : [client 201.245.192.253:36532] AH01102: error reading status line from remote server 172.22.1.31:80, referer: http://190.27.245.106/isolucionsda/Encabezado.asp?Pagina1=FrameSetGeneral.asp&&Pagina=MagazinHome.asp
[Mon Sep 05 11:07:05.364893 2016] [proxy:error] [pid 10788:tid 15520] (OS 10060)A connection attempt failed because the connected party did not properly respond after a period of time, or established connection failed because connected host has failed to respond.  : AH00957: HTTP: attempt to connect to 172.22.1.51:8399 (172.22.1.51) failed
[Mon Sep 05 11:07:05.364893 2016] [proxy:error] [pid 10788:tid 15520] AH00959: ap_proxy_connect_backend disabling worker for (172.22.1.51) for 60s
[Mon Sep 05 11:07:05.364893 2016] [proxy_http:error] [pid 10788:tid 15520] [client 132.255.20.132:57680] AH01114: HTTP: failed to make connection to backend: 172.22.1.51, referer: http://www.geosur.info/geosur/index.php/es/?Itemid=469&option=com_servicestatuschecker&view=servicestatus&servicetype=wms
[Mon Sep 05 11:12:24.526854 2016] [proxy_http:error] [pid 10788:tid 14976] (OS 10053)An established connection was aborted by the software in your host machine.  : [client 201.245.192.253:40033] AH01102: error reading status line from remote server 172.22.1.31:80, referer: http://190.27.245.106/IsolucionSDA/IdentificaUsuario.asp?Pagina1=FrameSetGeneral.asp&
[Mon Sep 05 11:12:37.537276 2016] [mpm_winnt:warn] [pid 10788:tid 16624] (OS 64)The specified network name is no longer available.  : AH00341: winnt_accept: Asynchronous AcceptEx failed.
[Mon Sep 05 11:46:33.481252 2016] [proxy:error] [pid 10788:tid 14640] (OS 10060)A connection attempt failed because the connected party did not properly respond after a period of time, or established connection failed because connected host has failed to respond.  : AH00957: HTTP: attempt to connect to 172.22.1.51:8399 (172.22.1.51) failed
[Mon Sep 05 11:46:33.481252 2016] [proxy:error] [pid 10788:tid 14640] AH00959: ap_proxy_connect_backend disabling worker for (172.22.1.51) for 60s
[Mon Sep 05 11:46:33.481252 2016] [proxy_http:error] [pid 10788:tid 14640] [client 190.216.135.194:61894] AH01114: HTTP: failed to make connection to backend: 172.22.1.51
[Mon Sep 05 11:46:33.481252 2016] [proxy:error] [pid 10788:tid 14640] AH00940: HTTP: disabled connection for (172.22.1.51)
[Mon Sep 05 11:46:33.481252 2016] [proxy:error] [pid 10788:tid 15992] AH00940: HTTP: disabled connection for (172.22.1.51)
[Mon Sep 05 11:46:33.481252 2016] [proxy:error] [pid 10788:tid 15828] AH00940: HTTP: disabled connection for (172.22.1.51)
[Mon Sep 05 11:46:33.481252 2016] [proxy:error] [pid 10788:tid 14044] AH00940: HTTP: disabled connection for (172.22.1.51)
[Mon Sep 05 11:51:45.091800 2016] [core:error] [pid 10788:tid 15444] (20024)The given path is misformatted or contained invalid characters: [client 40.77.167.73:8012] AH00127: Cannot map GET /www.ambientebogota.gov.co:81/ HTTP/1.1 to file
[Mon Sep 05 12:23:56.968993 2016] [mpm_winnt:warn] [pid 10788:tid 16624] (OS 64)The specified network name is no longer available.  : AH00341: winnt_accept: Asynchronous AcceptEx failed.
[Mon Sep 05 12:56:55.426868 2016] [cgi:error] [pid 10788:tid 15384] [client 191.96.249.189:59663] script not found or unable to stat: E:/nuevo/cgi-bin/webproc
[Mon Sep 05 13:03:37.097373 2016] [proxy_http:error] [pid 10788:tid 15904] (OS 10053)An established connection was aborted by the software in your host machine.  : [client 201.245.192.253:56211] AH01102: error reading status line from remote server 172.22.1.31:80, referer: http://190.27.245.106/isolucionsda/Encabezado.asp?Pagina1=FrameSetGeneral.asp&&Pagina=MagazinHome.asp
[Mon Sep 05 13:03:37.097373 2016] [proxy:error] [pid 10788:tid 15904] [client 201.245.192.253:56211] AH00898: Error reading from remote server returned by /isolucionsda/g/Bot_Ayuda.jpg, referer: http://190.27.245.106/isolucionsda/Encabezado.asp?Pagina1=FrameSetGeneral.asp&&Pagina=MagazinHome.asp
[Mon Sep 05 13:50:35.601124 2016] [proxy_http:error] [pid 10788:tid 16120] (OS 10053)An established connection was aborted by the software in your host machine.  : [client 201.245.192.253:36352] AH01102: error reading status line from remote server 172.22.1.31:80, referer: http://190.27.245.106/isolucionsda/FrameSetGeneral.asp?Pagina1=FrameSetGeneral.asp&
[Mon Sep 05 13:50:35.601124 2016] [proxy:error] [pid 10788:tid 16120] [client 201.245.192.253:36352] AH00898: Error reading from remote server returned by /isolucionsda/BarraFavoritos.asp, referer: http://190.27.245.106/isolucionsda/FrameSetGeneral.asp?Pagina1=FrameSetGeneral.asp&
[Mon Sep 05 13:50:36.006725 2016] [proxy_http:error] [pid 10788:tid 14464] (OS 10053)An established connection was aborted by the software in your host machine.  : [client 201.245.192.253:36356] AH01102: error reading status line from remote server 172.22.1.31:80, referer: http://190.27.245.106/isolucionsda/MagazinHome.asp
[Mon Sep 05 13:50:36.006725 2016] [proxy:error] [pid 10788:tid 14464] [client 201.245.192.253:36356] AH00898: Error reading from remote server returned by /isolucionsda/g/Bgr_Destacado3399CC.jpg, referer: http://190.27.245.106/isolucionsda/MagazinHome.asp
[Mon Sep 05 14:03:15.120658 2016] [proxy_http:error] [pid 10788:tid 14092] (OS 10053)An established connection was aborted by the software in your host machine.  : [client 201.245.192.253:52443] AH01102: error reading status line from remote server 172.22.1.31:80, referer: http://190.27.245.106/isolucionsda/Encabezado.asp?Pagina1=FrameSetGeneral.asp&&Pagina=MagazinHome.asp
[Mon Sep 05 14:05:11.340862 2016] [proxy:error] [pid 10788:tid 15468] (OS 10060)A connection attempt failed because the connected party did not properly respond after a period of time, or established connection failed because connected host has failed to respond.  : AH00957: HTTP: attempt to connect to 172.22.1.51:8399 (172.22.1.51) failed
[Mon Sep 05 14:05:11.340862 2016] [proxy:error] [pid 10788:tid 15468] AH00959: ap_proxy_connect_backend disabling worker for (172.22.1.51) for 60s
[Mon Sep 05 14:05:11.340862 2016] [proxy_http:error] [pid 10788:tid 15468] [client 200.69.104.11:37504] AH01114: HTTP: failed to make connection to backend: 172.22.1.51, referer: http://metadatos.ideca.gov.co/geoportal/catalog/search/resource/details.page?uuid=%7BE28D0804-C2F6-407E-AA0C-5ED9DBC4328C%7D
[Mon Sep 05 14:05:18.501275 2016] [proxy:error] [pid 10788:tid 14772] AH00940: HTTP: disabled connection for (172.22.1.51)
[Mon Sep 05 14:10:46.803851 2016] [proxy_http:error] [pid 10788:tid 16160] (OS 10053)An established connection was aborted by the software in your host machine.  : [client 201.245.192.253:37641] AH01102: error reading status line from remote server 172.22.1.31:80, referer: http://190.27.245.106/isolucionsda/Encabezado.asp?Pagina=ListadoMaestroDocumentos3.asp
[Mon Sep 05 14:10:46.803851 2016] [proxy:error] [pid 10788:tid 16160] [client 201.245.192.253:37641] AH00898: Error reading from remote server returned by /isolucionsda/FrameSetGeneral.asp, referer: http://190.27.245.106/isolucionsda/Encabezado.asp?Pagina=ListadoMaestroDocumentos3.asp
[Mon Sep 05 14:14:32.801448 2016] [proxy_http:error] [pid 10788:tid 16388] (OS 10053)An established connection was aborted by the software in your host machine.  : [client 201.245.192.253:40489] AH01102: error reading status line from remote server 172.22.1.31:80, referer: http://190.27.245.106/isolucionsda/Encabezado.asp?Pagina1=FrameSetGeneral.asp&&Pagina=MagazinHome.asp
[Mon Sep 05 14:14:32.801448 2016] [proxy:error] [pid 10788:tid 16388] [client 201.245.192.253:40489] AH00898: Error reading from remote server returned by /isolucionsda/Session.asp, referer: http://190.27.245.106/isolucionsda/Encabezado.asp?Pagina1=FrameSetGeneral.asp&&Pagina=MagazinHome.asp
[Mon Sep 05 14:14:34.954252 2016] [proxy_http:error] [pid 10788:tid 15872] (OS 10053)An established connection was aborted by the software in your host machine.  : [client 201.245.192.253:40505] AH01102: error reading status line from remote server 172.22.1.31:80, referer: http://190.27.245.106/isolucionsda/FrameSetGeneral.asp?Pagina=Menu.asp&IdModulo=4
[Mon Sep 05 14:14:34.954252 2016] [proxy:error] [pid 10788:tid 15872] [client 201.245.192.253:40505] AH00898: Error reading from remote server returned by /isolucionsda/Menu.asp, referer: http://190.27.245.106/isolucionsda/FrameSetGeneral.asp?Pagina=Menu.asp&IdModulo=4
[Mon Sep 05 14:32:11.325707 2016] [mpm_winnt:warn] [pid 10788:tid 16624] (OS 64)The specified network name is no longer available.  : AH00341: winnt_accept: Asynchronous AcceptEx failed.
[Mon Sep 05 14:37:11.423435 2016] [proxy_http:error] [pid 10788:tid 15752] (OS 10053)An established connection was aborted by the software in your host machine.  : [client 201.245.192.253:17414] AH01102: error reading status line from remote server 172.22.1.31:80, referer: http://190.27.245.106/IsolucionSDA/FrameSetGeneral.asp?Pagina1=FrameSetGeneral.asp&
[Mon Sep 05 14:37:11.423435 2016] [proxy:error] [pid 10788:tid 15752] [client 201.245.192.253:17414] AH00898: Error reading from remote server returned by /IsolucionSDA/MagazinHome.asp, referer: http://190.27.245.106/IsolucionSDA/FrameSetGeneral.asp?Pagina1=FrameSetGeneral.asp&
[Mon Sep 05 14:37:11.423435 2016] [proxy_http:error] [pid 10788:tid 16204] (OS 10053)An established connection was aborted by the software in your host machine.  : [client 201.245.192.253:17413] AH01102: error reading status line from remote server 172.22.1.31:80, referer: http://190.27.245.106/IsolucionSDA/FrameSetGeneral.asp?Pagina1=FrameSetGeneral.asp&
[Mon Sep 05 14:37:11.423435 2016] [proxy:error] [pid 10788:tid 16204] [client 201.245.192.253:17413] AH00898: Error reading from remote server returned by /IsolucionSDA/BarraTitulos.asp, referer: http://190.27.245.106/IsolucionSDA/FrameSetGeneral.asp?Pagina1=FrameSetGeneral.asp&
[Mon Sep 05 15:10:29.226344 2016] [mpm_winnt:warn] [pid 10788:tid 16624] (OS 64)The specified network name is no longer available.  : AH00341: winnt_accept: Asynchronous AcceptEx failed.
[Mon Sep 05 15:29:57.184795 2016] [core:error] [pid 10788:tid 15520] (20024)The given path is misformatted or contained invalid characters: [client 157.55.39.52:13909] AH00127: Cannot map GET /www.ambientebogota.gov.co:81/ HTTP/1.1 to file
[Mon Sep 05 17:22:44.884282 2016] [proxy_http:error] [pid 10788:tid 15284] (OS 10053)An established connection was aborted by the software in your host machine.  : [client 152.231.31.2:16183] AH01102: error reading status line from remote server 172.22.1.31:80
[Mon Sep 05 17:22:44.884282 2016] [proxy:error] [pid 10788:tid 15284] [client 152.231.31.2:16183] AH00898: Error reading from remote server returned by /isolucionsda/Session.asp
[Mon Sep 05 17:31:21.806790 2016] [proxy_http:error] [pid 10788:tid 14128] (OS 10053)An established connection was aborted by the software in your host machine.  : [client 201.245.192.253:51115] AH01102: error reading status line from remote server 172.22.1.31:80, referer: http://190.27.245.106/isolucionsda/FrameSetGeneral.asp?Pagina1=FrameSetGeneral.asp&
[Mon Sep 05 17:31:21.806790 2016] [proxy_http:error] [pid 10788:tid 14056] (OS 10053)An established connection was aborted by the software in your host machine.  : [client 201.245.192.253:51131] AH01102: error reading status line from remote server 172.22.1.31:80, referer: http://190.27.245.106/isolucionsda/FrameSetGeneral.asp?Pagina1=FrameSetGeneral.asp&
[Mon Sep 05 17:31:21.806790 2016] [proxy:error] [pid 10788:tid 14056] [client 201.245.192.253:51131] AH00898: Error reading from remote server returned by /isolucionsda/BarraFavoritos.asp, referer: http://190.27.245.106/isolucionsda/FrameSetGeneral.asp?Pagina1=FrameSetGeneral.asp&
[Mon Sep 05 17:44:54.288417 2016] [proxy_http:error] [pid 10788:tid 14404] (OS 10053)An established connection was aborted by the software in your host machine.  : [client 201.245.192.253:11018] AH01102: error reading status line from remote server 172.22.1.31:80, referer: http://190.27.245.106/IsolucionSDA/FrameSetGeneral.asp?Pagina1=FrameSetGeneral.asp&
[Mon Sep 05 17:44:54.288417 2016] [proxy:error] [pid 10788:tid 14404] [client 201.245.192.253:11018] AH00898: Error reading from remote server returned by /IsolucionSDA/BarraTitulos.asp, referer: http://190.27.245.106/IsolucionSDA/FrameSetGeneral.asp?Pagina1=FrameSetGeneral.asp&
[Mon Sep 05 18:23:46.929314 2016] [proxy_http:error] [pid 10788:tid 16180] (OS 10053)An established connection was aborted by the software in your host machine.  : [client 201.245.192.253:27189] AH01102: error reading status line from remote server 172.22.1.31:80
[Mon Sep 05 18:23:46.929314 2016] [proxy:error] [pid 10788:tid 16180] [client 201.245.192.253:27189] AH00898: Error reading from remote server returned by /isolucionsda/Session.asp
[Mon Sep 05 19:15:22.599751 2016] [mpm_winnt:warn] [pid 10788:tid 16624] (OS 64)The specified network name is no longer available.  : AH00341: winnt_accept: Asynchronous AcceptEx failed.
[Mon Sep 05 20:12:13.640343 2016] [proxy:error] [pid 10788:tid 14772] (OS 10060)A connection attempt failed because the connected party did not properly respond after a period of time, or established connection failed because connected host has failed to respond.  : AH00957: HTTP: attempt to connect to 172.22.1.51:8399 (172.22.1.51) failed
[Mon Sep 05 20:12:13.640343 2016] [proxy:error] [pid 10788:tid 14772] AH00959: ap_proxy_connect_backend disabling worker for (172.22.1.51) for 60s
[Mon Sep 05 20:12:13.640343 2016] [proxy_http:error] [pid 10788:tid 14772] [client 152.61.192.232:54915] AH01114: HTTP: failed to make connection to backend: 172.22.1.51
[Mon Sep 05 20:12:13.889943 2016] [proxy:error] [pid 10788:tid 14772] AH00940: HTTP: disabled connection for (172.22.1.51)
[Mon Sep 05 20:12:14.139543 2016] [proxy:error] [pid 10788:tid 14772] AH00940: HTTP: disabled connection for (172.22.1.51)
[Mon Sep 05 20:18:36.121814 2016] [core:error] [pid 10788:tid 16340] (20024)The given path is misformatted or contained invalid characters: [client 46.105.98.166:58226] AH00127: Cannot map GET /www.ambientebogota.gov.co:81/ HTTP/1.1 to file
[Mon Sep 05 20:25:08.229503 2016] [cgi:error] [pid 10788:tid 16180] [client 191.96.249.189:55170] script not found or unable to stat: E:/nuevo/cgi-bin/webproc
[Mon Sep 05 22:18:04.259405 2016] [proxy_http:error] [pid 10788:tid 14056] (OS 10053)An established connection was aborted by the software in your host machine.  : [client 190.24.59.173:14170] AH01102: error reading status line from remote server 172.22.1.31:80, referer: http://190.27.245.106/isolucionsda/IdentificaUsuario.asp?Pagina1=FrameSetGeneral.asp&
[Mon Sep 05 22:18:10.702216 2016] [proxy_http:error] [pid 10788:tid 14044] (OS 10053)An established connection was aborted by the software in your host machine.  : [client 190.24.59.173:14144] AH01102: error reading status line from remote server 172.22.1.31:80, referer: http://190.27.245.106/isolucionsda/FrameSetGeneral.asp?Pagina1=FrameSetGeneral.asp&
[Mon Sep 05 22:18:10.702216 2016] [proxy:error] [pid 10788:tid 14044] [client 190.24.59.173:14144] AH00898: Error reading from remote server returned by /isolucionsda/BarraTitulos.asp, referer: http://190.27.245.106/isolucionsda/FrameSetGeneral.asp?Pagina1=FrameSetGeneral.asp&
[Mon Sep 05 22:18:10.780216 2016] [proxy_http:error] [pid 10788:tid 16368] (OS 10053)An established connection was aborted by the software in your host machine.  : [client 190.24.59.173:14194] AH01102: error reading status line from remote server 172.22.1.31:80, referer: http://190.27.245.106/isolucionsda/FrameSetGeneral.asp?Pagina1=FrameSetGeneral.asp&
[Mon Sep 05 22:18:10.780216 2016] [proxy:error] [pid 10788:tid 16368] [client 190.24.59.173:14194] AH00898: Error reading from remote server returned by /isolucionsda/MagazinHome.asp, referer: http://190.27.245.106/isolucionsda/FrameSetGeneral.asp?Pagina1=FrameSetGeneral.asp&
[Mon Sep 05 22:23:22.796364 2016] [proxy_http:error] [pid 10788:tid 14936] (OS 10053)An established connection was aborted by the software in your host machine.  : [client 186.155.16.104:17716] AH01102: error reading status line from remote server 172.22.1.31:80, referer: http://190.27.245.106/IsolucionSDA/FrameSetGeneral.asp?Pagina1=FrameSetGeneral.asp&
[Mon Sep 05 22:23:22.796364 2016] [proxy:error] [pid 10788:tid 14936] [client 186.155.16.104:17716] AH00898: Error reading from remote server returned by /IsolucionSDA/MagazinHome.asp, referer: http://190.27.245.106/IsolucionSDA/FrameSetGeneral.asp?Pagina1=FrameSetGeneral.asp&
[Mon Sep 05 22:23:22.796364 2016] [proxy_http:error] [pid 10788:tid 16164] (OS 10053)An established connection was aborted by the software in your host machine.  : [client 186.155.16.104:17708] AH01102: error reading status line from remote server 172.22.1.31:80, referer: http://190.27.245.106/IsolucionSDA/FrameSetGeneral.asp?Pagina1=FrameSetGeneral.asp&
[Mon Sep 05 22:23:22.796364 2016] [proxy:error] [pid 10788:tid 16164] [client 186.155.16.104:17708] AH00898: Error reading from remote server returned by /IsolucionSDA/BarraFavoritos.asp, referer: http://190.27.245.106/IsolucionSDA/FrameSetGeneral.asp?Pagina1=FrameSetGeneral.asp&
[Mon Sep 05 22:44:14.994964 2016] [proxy_http:error] [pid 10788:tid 14936] (OS 10053)An established connection was aborted by the software in your host machine.  : [client 190.24.59.173:34264] AH01102: error reading status line from remote server 172.22.1.31:80, referer: http://190.27.245.106/isolucionsda/Encabezado.asp?Pagina=ListadoMaestroDocumentos3.asp
[Mon Sep 05 22:44:14.994964 2016] [proxy:error] [pid 10788:tid 14936] [client 190.24.59.173:34264] AH00898: Error reading from remote server returned by /isolucionsda/FrameSetGeneral.asp, referer: http://190.27.245.106/isolucionsda/Encabezado.asp?Pagina=ListadoMaestroDocumentos3.asp
[Mon Sep 05 23:40:44.710317 2016] [proxy:error] [pid 10788:tid 16164] (OS 10060)A connection attempt failed because the connected party did not properly respond after a period of time, or established connection failed because connected host has failed to respond.  : AH00957: HTTP: attempt to connect to 172.22.1.51:8399 (172.22.1.51) failed
[Mon Sep 05 23:40:44.710317 2016] [proxy:error] [pid 10788:tid 16164] AH00959: ap_proxy_connect_backend disabling worker for (172.22.1.51) for 60s
[Mon Sep 05 23:40:44.710317 2016] [proxy_http:error] [pid 10788:tid 16164] [client 152.61.192.232:13333] AH01114: HTTP: failed to make connection to backend: 172.22.1.51
[Mon Sep 05 23:40:44.944318 2016] [proxy:error] [pid 10788:tid 16164] AH00940: HTTP: disabled connection for (172.22.1.51)
[Mon Sep 05 23:45:43.185642 2016] [cgi:error] [pid 10788:tid 15572] [client 191.96.249.189:55052] script not found or unable to stat: E:/nuevo/cgi-bin/webproc

:: Command execute ::

Enter:
 
Select:
 

:: Search ::
regexp 

:: Upload ::
 
[ ok ]

:: Make Dir ::
 
[ ok ]
:: Make File ::
 
[ ok ]

:: Go Dir ::
 
:: Go File ::
 

--[ c99shell v. 1.0 pre-release build #13 powered by Captain Crunch Security Team | http://ccteam.ru | Generation time: 0.0312 ]--