!C99Shell v. 1.0 pre-release build #13!

Software: Apache. PHP/5.5.15 

uname -a: Windows NT SVR-DMZ 6.1 build 7600 (Windows Server 2008 R2 Enterprise Edition) i586 

SYSTEM 

Safe-mode: OFF (not secure)

E:\nuevo\apache\logs\   drwxrwxrwx
Free 7.33 GB of 239.26 GB (3.07%)
Detected drives: [ a ] [ c ] [ d ] [ e ] [ f ]
Home    Back    Forward    UPDIR    Refresh    Search    Buffer    Encoder    Tools    Proc.    FTP brute    Sec.    SQL    PHP-code    Update    Feedback    Self remove    Logout    


Viewing file:     error.2017.06.19.log (19.86 KB)      -rw-rw-rw-
Select action/file-type:
(+) | (+) | (+) | Code (+) | Session (+) | (+) | SDB (+) | (+) | (+) | (+) | (+) | (+) |
[Mon Jun 19 00:44:02.836210 2017] [mpm_winnt:warn] [pid 9040:tid 16540] (OS 64)The specified network name is no longer available.  : AH00341: winnt_accept: Asynchronous AcceptEx failed.
[Mon Jun 19 03:06:12.499392 2017] [core:error] [pid 9040:tid 13600] [client 89.139.217.116:52516] AH00126: Invalid URI in request GET login.cgi HTTP/1.0
[Mon Jun 19 03:30:56.499798 2017] [mpm_winnt:warn] [pid 9040:tid 16540] (OS 64)The specified network name is no longer available.  : AH00341: winnt_accept: Asynchronous AcceptEx failed.
[Mon Jun 19 03:46:42.220260 2017] [mpm_winnt:warn] [pid 9040:tid 16540] (OS 64)The specified network name is no longer available.  : AH00341: winnt_accept: Asynchronous AcceptEx failed.
[Mon Jun 19 04:29:02.764722 2017] [mpm_winnt:warn] [pid 9040:tid 16540] (OS 64)The specified network name is no longer available.  : AH00341: winnt_accept: Asynchronous AcceptEx failed.
[Mon Jun 19 04:31:26.565774 2017] [core:error] [pid 9040:tid 13632] (20024)The given path is misformatted or contained invalid characters: [client 207.182.140.210:53556] AH00127: Cannot map GET /www.ambientebogota.gov.co:81/ HTTP/1.1 to file
[Mon Jun 19 06:39:07.432230 2017] [core:error] [pid 9040:tid 13928] (20024)The given path is misformatted or contained invalid characters: [client 158.69.225.37:53991] AH00127: Cannot map GET /www.ambientebogota.gov.co:81/ HTTP/1.1 to file
[Mon Jun 19 06:50:22.632616 2017] [core:error] [pid 9040:tid 16264] [client 176.44.201.176:54524] AH00126: Invalid URI in request GET login.cgi HTTP/1.0
[Mon Jun 19 08:33:02.931436 2017] [mpm_winnt:warn] [pid 9040:tid 16540] (OS 64)The specified network name is no longer available.  : AH00341: winnt_accept: Asynchronous AcceptEx failed.
[Mon Jun 19 09:17:12.784291 2017] [mpm_winnt:warn] [pid 9040:tid 16540] (OS 64)The specified network name is no longer available.  : AH00341: winnt_accept: Asynchronous AcceptEx failed.
[Mon Jun 19 09:45:11.286839 2017] [mpm_winnt:warn] [pid 9040:tid 16540] (OS 64)The specified network name is no longer available.  : AH00341: winnt_accept: Asynchronous AcceptEx failed.
[Mon Jun 19 09:52:15.061583 2017] [mpm_winnt:warn] [pid 9040:tid 16540] (OS 64)The specified network name is no longer available.  : AH00341: winnt_accept: Asynchronous AcceptEx failed.
[Mon Jun 19 10:35:24.153331 2017] [mpm_winnt:warn] [pid 9040:tid 16540] (OS 64)The specified network name is no longer available.  : AH00341: winnt_accept: Asynchronous AcceptEx failed.
[Mon Jun 19 10:49:56.038862 2017] [core:error] [pid 9040:tid 13632] (20024)The given path is misformatted or contained invalid characters: [client 54.225.3.114:42404] AH00127: Cannot map GET /www.ambientebogota.gov.co:81/ HTTP/1.0 to file
[Mon Jun 19 11:57:35.979193 2017] [mpm_winnt:warn] [pid 9040:tid 16540] (OS 64)The specified network name is no longer available.  : AH00341: winnt_accept: Asynchronous AcceptEx failed.
[Mon Jun 19 11:58:06.976448 2017] [mpm_winnt:warn] [pid 9040:tid 16540] (OS 64)The specified network name is no longer available.  : AH00341: winnt_accept: Asynchronous AcceptEx failed.
[Mon Jun 19 12:04:59.005371 2017] [core:error] [pid 9040:tid 15788] (20024)The given path is misformatted or contained invalid characters: [client 146.148.64.128:38094] AH00127: Cannot map GET /galeria/carrusel/Carrusel/jquery-ui-%0A%0A1.8.13.custom.min.js HTTP/1.1 to file
[Mon Jun 19 12:05:53.652267 2017] [mpm_winnt:warn] [pid 9040:tid 16540] (OS 64)The specified network name is no longer available.  : AH00341: winnt_accept: Asynchronous AcceptEx failed.
[Mon Jun 19 12:06:24.649522 2017] [mpm_winnt:warn] [pid 9040:tid 16540] (OS 64)The specified network name is no longer available.  : AH00341: winnt_accept: Asynchronous AcceptEx failed.
[Mon Jun 19 12:18:53.544437 2017] [mpm_winnt:warn] [pid 9040:tid 16540] (OS 64)The specified network name is no longer available.  : AH00341: winnt_accept: Asynchronous AcceptEx failed.
[Mon Jun 19 12:23:29.338322 2017] [proxy:error] [pid 9040:tid 13896] (OS 10060)A connection attempt failed because the connected party did not properly respond after a period of time, or established connection failed because connected host has failed to respond.  : AH00957: HTTP: attempt to connect to 172.22.1.32:80 (172.22.1.32) failed
[Mon Jun 19 12:23:29.338322 2017] [proxy:error] [pid 9040:tid 13896] AH00959: ap_proxy_connect_backend disabling worker for (172.22.1.32) for 60s
[Mon Jun 19 12:23:29.338322 2017] [proxy_http:error] [pid 9040:tid 13896] [client 186.155.134.246:11662] AH01114: HTTP: failed to make connection to backend: 172.22.1.32, referer: http://www.ambientebogota.gov.co/web/intranet/aplicaciones-para-acceder-fuera-de-la-sda
[Mon Jun 19 12:23:53.284364 2017] [proxy_http:error] [pid 9040:tid 13832] (OS 10053)An established connection was aborted by the software in your host machine.  : [client 186.155.134.246:11674] AH01102: error reading status line from remote server 172.22.1.31:80, referer: http://190.27.245.106/isolucionsda/FrameSetGeneral.asp?Pagina1=FrameSetGeneral.asp&
[Mon Jun 19 12:27:11.186311 2017] [mpm_winnt:warn] [pid 9040:tid 16540] (OS 64)The specified network name is no longer available.  : AH00341: winnt_accept: Asynchronous AcceptEx failed.
[Mon Jun 19 12:27:42.214766 2017] [mpm_winnt:warn] [pid 9040:tid 16540] (OS 64)The specified network name is no longer available.  : AH00341: winnt_accept: Asynchronous AcceptEx failed.
[Mon Jun 19 12:28:27.938446 2017] [proxy:error] [pid 9040:tid 13672] (OS 10060)A connection attempt failed because the connected party did not properly respond after a period of time, or established connection failed because connected host has failed to respond.  : AH00957: HTTP: attempt to connect to 172.22.1.51:8399 (172.22.1.51) failed
[Mon Jun 19 12:28:27.938446 2017] [proxy:error] [pid 9040:tid 13672] AH00959: ap_proxy_connect_backend disabling worker for (172.22.1.51) for 60s
[Mon Jun 19 12:28:27.938446 2017] [proxy_http:error] [pid 9040:tid 13672] [client 152.61.128.50:60044] AH01114: HTTP: failed to make connection to backend: 172.22.1.51
[Mon Jun 19 12:28:28.125647 2017] [proxy:error] [pid 9040:tid 13672] AH00940: HTTP: disabled connection for (172.22.1.51)
[Mon Jun 19 12:28:28.312847 2017] [proxy:error] [pid 9040:tid 13672] AH00940: HTTP: disabled connection for (172.22.1.51)
[Mon Jun 19 12:48:49.888592 2017] [mpm_winnt:warn] [pid 9040:tid 16540] (OS 64)The specified network name is no longer available.  : AH00341: winnt_accept: Asynchronous AcceptEx failed.
[Mon Jun 19 12:49:20.870247 2017] [mpm_winnt:warn] [pid 9040:tid 16540] (OS 64)The specified network name is no longer available.  : AH00341: winnt_accept: Asynchronous AcceptEx failed.
[Mon Jun 19 12:59:00.708665 2017] [mpm_winnt:warn] [pid 9040:tid 16540] (OS 64)The specified network name is no longer available.  : AH00341: winnt_accept: Asynchronous AcceptEx failed.
[Mon Jun 19 12:59:31.690320 2017] [mpm_winnt:warn] [pid 9040:tid 16540] (OS 64)The specified network name is no longer available.  : AH00341: winnt_accept: Asynchronous AcceptEx failed.
[Mon Jun 19 13:01:57.940577 2017] [mpm_winnt:warn] [pid 9040:tid 16540] (OS 64)The specified network name is no longer available.  : AH00341: winnt_accept: Asynchronous AcceptEx failed.
[Mon Jun 19 13:02:28.953431 2017] [mpm_winnt:warn] [pid 9040:tid 16540] (OS 64)The specified network name is no longer available.  : AH00341: winnt_accept: Asynchronous AcceptEx failed.
[Mon Jun 19 13:13:34.232200 2017] [mpm_winnt:warn] [pid 9040:tid 16540] (OS 64)The specified network name is no longer available.  : AH00341: winnt_accept: Asynchronous AcceptEx failed.
[Mon Jun 19 13:14:05.229454 2017] [mpm_winnt:warn] [pid 9040:tid 16540] (OS 64)The specified network name is no longer available.  : AH00341: winnt_accept: Asynchronous AcceptEx failed.
[Mon Jun 19 13:26:42.689785 2017] [mpm_winnt:warn] [pid 9040:tid 16540] (OS 64)The specified network name is no longer available.  : AH00341: winnt_accept: Asynchronous AcceptEx failed.
[Mon Jun 19 13:27:13.687039 2017] [mpm_winnt:warn] [pid 9040:tid 16540] (OS 64)The specified network name is no longer available.  : AH00341: winnt_accept: Asynchronous AcceptEx failed.
[Mon Jun 19 14:26:28.061682 2017] [mpm_winnt:warn] [pid 9040:tid 16540] (OS 64)The specified network name is no longer available.  : AH00341: winnt_accept: Asynchronous AcceptEx failed.
[Mon Jun 19 14:43:02.579029 2017] [mpm_winnt:warn] [pid 9040:tid 16540] (OS 64)The specified network name is no longer available.  : AH00341: winnt_accept: Asynchronous AcceptEx failed.
[Mon Jun 19 14:43:33.576283 2017] [mpm_winnt:warn] [pid 9040:tid 16540] (OS 64)The specified network name is no longer available.  : AH00341: winnt_accept: Asynchronous AcceptEx failed.
[Mon Jun 19 15:12:45.539360 2017] [mpm_winnt:warn] [pid 9040:tid 16540] (OS 64)The specified network name is no longer available.  : AH00341: winnt_accept: Asynchronous AcceptEx failed.
[Mon Jun 19 15:13:16.521015 2017] [mpm_winnt:warn] [pid 9040:tid 16540] (OS 64)The specified network name is no longer available.  : AH00341: winnt_accept: Asynchronous AcceptEx failed.
[Mon Jun 19 16:07:21.219514 2017] [proxy_http:error] [pid 9040:tid 13968] (OS 10053)An established connection was aborted by the software in your host machine.  : [client 190.156.119.66:50365] AH01102: error reading status line from remote server 172.22.1.31:80, referer: http://190.27.245.106/isolucionsda/DetalleTareas.aspx?Number=69705666505770664551
[Mon Jun 19 16:32:57.541412 2017] [cgi:error] [pid 9040:tid 16208] [client 189.100.142.50:57928] script not found or unable to stat: E:/nuevo/htdocs/hndUnblock.cgi
[Mon Jun 19 16:32:57.978213 2017] [cgi:error] [pid 9040:tid 16208] [client 189.100.142.50:57934] script not found or unable to stat: E:/nuevo/htdocs/tmUnblock.cgi
[Mon Jun 19 17:22:47.943865 2017] [proxy_http:error] [pid 9040:tid 13968] (OS 10053)An established connection was aborted by the software in your host machine.  : [client 190.158.0.73:50204] AH01102: error reading status line from remote server 172.22.1.31:80, referer: http://190.27.245.106/isolucionsda/FrameSetGeneral.asp?Pagina1=FrameSetGeneral.asp&
[Mon Jun 19 17:24:52.681684 2017] [mpm_winnt:warn] [pid 9040:tid 16540] (OS 64)The specified network name is no longer available.  : AH00341: winnt_accept: Asynchronous AcceptEx failed.
[Mon Jun 19 17:38:59.093371 2017] [proxy_http:error] [pid 9040:tid 14724] (OS 10053)An established connection was aborted by the software in your host machine.  : [client 190.158.0.73:50296] AH01102: error reading status line from remote server 172.22.1.31:80, referer: http://190.27.245.106/isolucionsda/FramesetArticulo.asp?Pagina=BancoConocimiento%2FS%2FSeguimientoycontrolalasfuentesfijasdeemision%5Fv5%2FSeguimientoycontrolalasfuentesfijasdeemision%5Fv5%2Easp&IdArticulo=4236
[Mon Jun 19 17:38:59.093371 2017] [proxy:error] [pid 9040:tid 14724] [client 190.158.0.73:50296] AH00898: Error reading from remote server returned by /isolucionsda/BancoConocimiento/S/Seguimientoycontrolalasfuentesfijasdeemision_v5/Seguimientoycontrolalasfuentesfijasdeemision_v5.asp, referer: http://190.27.245.106/isolucionsda/FramesetArticulo.asp?Pagina=BancoConocimiento%2FS%2FSeguimientoycontrolalasfuentesfijasdeemision%5Fv5%2FSeguimientoycontrolalasfuentesfijasdeemision%5Fv5%2Easp&IdArticulo=4236
[Mon Jun 19 17:40:40.072348 2017] [core:error] [pid 9040:tid 15376] (20024)The given path is misformatted or contained invalid characters: [client 40.77.167.85:11325] AH00127: Cannot map GET /www.ambientebogota.gov.co:81/ HTTP/1.1 to file
[Mon Jun 19 18:26:56.488225 2017] [core:error] [pid 9040:tid 13716] (20024)The given path is misformatted or contained invalid characters: [client 146.148.64.128:37412] AH00127: Cannot map GET /galeria/carrusel/Carrusel/jquery-ui-%0A%0A1.8.13.custom.min.js HTTP/1.1 to file
[Mon Jun 19 18:27:59.137935 2017] [proxy_http:error] [pid 9040:tid 13672] (OS 10053)An established connection was aborted by the software in your host machine.  : [client 186.28.49.52:61203] AH01102: error reading status line from remote server 172.22.1.31:80, referer: http://190.27.245.106/isolucionsda/IdentificaUsuario.asp?Pagina1=FrameSetGeneral.asp&
[Mon Jun 19 18:28:07.499549 2017] [proxy_http:error] [pid 9040:tid 13876] (OS 10053)An established connection was aborted by the software in your host machine.  : [client 186.28.49.52:61213] AH01102: error reading status line from remote server 172.22.1.31:80, referer: http://190.27.245.106/isolucionsda/Encabezado.asp?Pagina1=FrameSetGeneral.asp&&Pagina=MagazinHome.asp
[Mon Jun 19 18:28:11.915357 2017] [proxy_http:error] [pid 9040:tid 13576] (OS 10053)An established connection was aborted by the software in your host machine.  : [client 186.28.49.52:61216] AH01102: error reading status line from remote server 172.22.1.31:80, referer: http://190.27.245.106/isolucionsda/Encabezado.asp?Pagina1=FrameSetGeneral.asp&&Pagina=MagazinHome.asp
[Mon Jun 19 18:28:11.915357 2017] [proxy:error] [pid 9040:tid 13576] [client 186.28.49.52:61216] AH00898: Error reading from remote server returned by /isolucionsda/g/Bot_Siguiente.jpg, referer: http://190.27.245.106/isolucionsda/Encabezado.asp?Pagina1=FrameSetGeneral.asp&&Pagina=MagazinHome.asp
[Mon Jun 19 18:46:26.227079 2017] [core:error] [pid 9040:tid 13664] (20024)The given path is misformatted or contained invalid characters: [client 207.46.13.183:9147] AH00127: Cannot map GET /www.ambientebogota.gov.co:81/ HTTP/1.1 to file
[Mon Jun 19 20:25:37.749733 2017] [mpm_winnt:warn] [pid 9040:tid 16540] (OS 64)The specified network name is no longer available.  : AH00341: winnt_accept: Asynchronous AcceptEx failed.
[Mon Jun 19 20:26:08.746987 2017] [mpm_winnt:warn] [pid 9040:tid 16540] (OS 64)The specified network name is no longer available.  : AH00341: winnt_accept: Asynchronous AcceptEx failed.
[Mon Jun 19 20:32:02.009608 2017] [mpm_winnt:warn] [pid 9040:tid 16540] (OS 64)The specified network name is no longer available.  : AH00341: winnt_accept: Asynchronous AcceptEx failed.
[Mon Jun 19 20:36:59.565530 2017] [core:error] [pid 9040:tid 13784] (20024)The given path is misformatted or contained invalid characters: [client 131.161.11.221:39187] AH00127: Cannot map GET /BLA/resoluciones/AUTOS%202007/3491.pdf%22 HTTP/1.1 to file
[Mon Jun 19 21:41:02.899481 2017] [core:error] [pid 9040:tid 13640] (20024)The given path is misformatted or contained invalid characters: [client 5.196.87.174:23474] AH00127: Cannot map GET /www.ambientebogota.gov.co:81/ HTTP/1.1 to file
[Mon Jun 19 22:08:48.687007 2017] [mpm_winnt:warn] [pid 9040:tid 16540] (OS 64)The specified network name is no longer available.  : AH00341: winnt_accept: Asynchronous AcceptEx failed.
[Mon Jun 19 22:11:28.306487 2017] [proxy_http:error] [pid 9040:tid 14712] (OS 10053)An established connection was aborted by the software in your host machine.  : [client 186.81.215.221:57548] AH01102: error reading status line from remote server 172.22.1.31:80, referer: http://190.27.245.106/isolucionsda/FrameSetGeneral.asp?Pagina=Menu.asp&IdModulo=4
[Mon Jun 19 22:26:10.785437 2017] [proxy_http:error] [pid 9040:tid 14712] (OS 10053)An established connection was aborted by the software in your host machine.  : [client 186.81.215.221:57887] AH01102: error reading status line from remote server 172.22.1.31:80, referer: http://190.27.245.106/isolucionsda/FrameSetGeneral.asp?Pagina=Menu.asp&IdModulo=4
[Mon Jun 19 22:26:10.785437 2017] [proxy:error] [pid 9040:tid 14712] [client 186.81.215.221:57887] AH00898: Error reading from remote server returned by /isolucionsda/Menu.asp, referer: http://190.27.245.106/isolucionsda/FrameSetGeneral.asp?Pagina=Menu.asp&IdModulo=4
[Mon Jun 19 22:34:11.235081 2017] [mpm_winnt:warn] [pid 9040:tid 16540] (OS 64)The specified network name is no longer available.  : AH00341: winnt_accept: Asynchronous AcceptEx failed.
[Mon Jun 19 22:34:42.232335 2017] [mpm_winnt:warn] [pid 9040:tid 16540] (OS 64)The specified network name is no longer available.  : AH00341: winnt_accept: Asynchronous AcceptEx failed.
[Mon Jun 19 22:40:55.790592 2017] [proxy_http:error] [pid 9040:tid 13996] (OS 10053)An established connection was aborted by the software in your host machine.  : [client 186.81.215.221:58172] AH01102: error reading status line from remote server 172.22.1.31:80, referer: http://190.27.245.106/isolucionsda/Menu.asp?Pagina=Menu.asp&IdModulo=4
[Mon Jun 19 22:40:55.790592 2017] [proxy:error] [pid 9040:tid 13996] [client 186.81.215.221:58172] AH00898: Error reading from remote server returned by /isolucionsda/FrameSetGeneral.asp, referer: http://190.27.245.106/isolucionsda/Menu.asp?Pagina=Menu.asp&IdModulo=4
[Mon Jun 19 22:40:57.849795 2017] [proxy_http:error] [pid 9040:tid 13772] (OS 10053)An established connection was aborted by the software in your host machine.  : [client 186.81.215.221:58173] AH01102: error reading status line from remote server 172.22.1.31:80, referer: http://190.27.245.106/isolucionsda/Encabezado.asp?Pagina=Menu.asp&IdModulo=4
[Mon Jun 19 22:40:57.849795 2017] [proxy:error] [pid 9040:tid 13772] [client 186.81.215.221:58173] AH00898: Error reading from remote server returned by /isolucionsda/FrameSetGeneral.asp, referer: http://190.27.245.106/isolucionsda/Encabezado.asp?Pagina=Menu.asp&IdModulo=4
[Mon Jun 19 22:54:26.430415 2017] [proxy_http:error] [pid 9040:tid 13932] (OS 10053)An established connection was aborted by the software in your host machine.  : [client 186.81.215.221:58372] AH01102: error reading status line from remote server 172.22.1.31:80, referer: http://190.27.245.106/isolucionsda/FrameSetGeneral.asp?Pagina=ListadoMaestroDocumentosExternos3.asp
[Mon Jun 19 22:54:26.430415 2017] [proxy:error] [pid 9040:tid 13932] [client 186.81.215.221:58372] AH00898: Error reading from remote server returned by /isolucionsda/ListadoMaestroDocumentosExternos3.asp, referer: http://190.27.245.106/isolucionsda/FrameSetGeneral.asp?Pagina=ListadoMaestroDocumentosExternos3.asp
[Mon Jun 19 22:57:19.497119 2017] [mpm_winnt:warn] [pid 9040:tid 16540] (OS 64)The specified network name is no longer available.  : AH00341: winnt_accept: Asynchronous AcceptEx failed.
[Mon Jun 19 23:03:46.144799 2017] [proxy_http:error] [pid 9040:tid 13836] (OS 10053)An established connection was aborted by the software in your host machine.  : [client 186.81.215.221:58483] AH01102: error reading status line from remote server 172.22.1.31:80, referer: http://190.27.245.106/isolucionsda/FrameSetGeneral.asp?Pagina=ListadoMaestroDocumentosExternos3.asp
[Mon Jun 19 23:03:46.144799 2017] [proxy:error] [pid 9040:tid 13836] [client 186.81.215.221:58483] AH00898: Error reading from remote server returned by /isolucionsda/BarraFavoritos.asp, referer: http://190.27.245.106/isolucionsda/FrameSetGeneral.asp?Pagina=ListadoMaestroDocumentosExternos3.asp
[Mon Jun 19 23:10:00.654656 2017] [proxy_http:error] [pid 9040:tid 13772] (OS 10053)An established connection was aborted by the software in your host machine.  : [client 186.81.215.221:58549] AH01102: error reading status line from remote server 172.22.1.31:80, referer: http://190.27.245.106/isolucionsda/FramesetArticulo.asp?Pagina=bancoconocimiento%2FM%2FModelodeInformederesultadosnivelIIProduccionSostenible%5F%5Fv8%5F0%2FModelodeInformederesultadosnivelIIProduccionSostenible%5F%5Fv8%5F0%2Easp&IdArticulo=7328
[Mon Jun 19 23:10:00.654656 2017] [proxy:error] [pid 9040:tid 13772] [client 186.81.215.221:58549] AH00898: Error reading from remote server returned by /isolucionsda/bancoconocimiento/M/ModelodeInformederesultadosnivelIIProduccionSostenible__v8_0/ModelodeInformederesultadosnivelIIProduccionSostenible__v8_0.asp, referer: http://190.27.245.106/isolucionsda/FramesetArticulo.asp?Pagina=bancoconocimiento%2FM%2FModelodeInformederesultadosnivelIIProduccionSostenible%5F%5Fv8%5F0%2FModelodeInformederesultadosnivelIIProduccionSostenible%5F%5Fv8%5F0%2Easp&IdArticulo=7328
[Mon Jun 19 23:39:47.295594 2017] [mpm_winnt:warn] [pid 9040:tid 16540] (OS 64)The specified network name is no longer available.  : AH00341: winnt_accept: Asynchronous AcceptEx failed.
[Mon Jun 19 23:40:18.308449 2017] [mpm_winnt:warn] [pid 9040:tid 16540] (OS 64)The specified network name is no longer available.  : AH00341: winnt_accept: Asynchronous AcceptEx failed.

:: Command execute ::

Enter:
 
Select:
 

:: Search ::
regexp 

:: Upload ::
 
[ ok ]

:: Make Dir ::
 
[ ok ]
:: Make File ::
 
[ ok ]

:: Go Dir ::
 
:: Go File ::
 

--[ c99shell v. 1.0 pre-release build #13 powered by Captain Crunch Security Team | http://ccteam.ru | Generation time: 0.0312 ]--