!C99Shell v. 1.0 pre-release build #13!

Software: Apache. PHP/5.5.15 

uname -a: Windows NT SVR-DMZ 6.1 build 7600 (Windows Server 2008 R2 Enterprise Edition) i586 

SYSTEM 

Safe-mode: OFF (not secure)

E:\nuevo\apache\logs\   drwxrwxrwx
Free 7.33 GB of 239.26 GB (3.07%)
Detected drives: [ a ] [ c ] [ d ] [ e ] [ f ]
Home    Back    Forward    UPDIR    Refresh    Search    Buffer    Encoder    Tools    Proc.    FTP brute    Sec.    SQL    PHP-code    Update    Feedback    Self remove    Logout    


Viewing file:     error.2017.07.14.log (30.34 KB)      -rw-rw-rw-
Select action/file-type:
(+) | (+) | (+) | Code (+) | Session (+) | (+) | SDB (+) | (+) | (+) | (+) | (+) | (+) |
[Fri Jul 14 01:58:56.398821 2017] [proxy:error] [pid 5492:tid 16232] (OS 10060)A connection attempt failed because the connected party did not properly respond after a period of time, or established connection failed because connected host has failed to respond.  : AH00957: HTTP: attempt to connect to 172.22.1.51:8399 (172.22.1.51) failed
[Fri Jul 14 01:58:56.398821 2017] [proxy:error] [pid 5492:tid 16232] AH00959: ap_proxy_connect_backend disabling worker for (172.22.1.51) for 60s
[Fri Jul 14 01:58:56.398821 2017] [proxy_http:error] [pid 5492:tid 16232] [client 152.61.128.50:54608] AH01114: HTTP: failed to make connection to backend: 172.22.1.51
[Fri Jul 14 01:58:56.617221 2017] [proxy:error] [pid 5492:tid 16232] AH00940: HTTP: disabled connection for (172.22.1.51)
[Fri Jul 14 01:58:56.866821 2017] [proxy:error] [pid 5492:tid 16232] AH00940: HTTP: disabled connection for (172.22.1.51)
[Fri Jul 14 02:14:21.855846 2017] [mpm_winnt:warn] [pid 5492:tid 17616] (OS 64)The specified network name is no longer available.  : AH00341: winnt_accept: Asynchronous AcceptEx failed.
[Fri Jul 14 03:49:38.956888 2017] [mpm_winnt:warn] [pid 5492:tid 17616] (OS 64)The specified network name is no longer available.  : AH00341: winnt_accept: Asynchronous AcceptEx failed.
[Fri Jul 14 03:54:35.950209 2017] [mpm_winnt:warn] [pid 5492:tid 17616] (OS 64)The specified network name is no longer available.  : AH00341: winnt_accept: Asynchronous AcceptEx failed.
[Fri Jul 14 03:54:35.950209 2017] [mpm_winnt:warn] [pid 5492:tid 17616] (OS 64)The specified network name is no longer available.  : AH00341: winnt_accept: Asynchronous AcceptEx failed.
[Fri Jul 14 05:07:38.359707 2017] [mpm_winnt:warn] [pid 5492:tid 17616] (OS 64)The specified network name is no longer available.  : AH00341: winnt_accept: Asynchronous AcceptEx failed.
[Fri Jul 14 05:07:46.190921 2017] [core:error] [pid 5492:tid 16776] [client 198.20.87.98:37607] AH00135: Invalid method in request quit
[Fri Jul 14 05:59:00.147120 2017] [mpm_winnt:warn] [pid 5492:tid 17616] (OS 64)The specified network name is no longer available.  : AH00341: winnt_accept: Asynchronous AcceptEx failed.
[Fri Jul 14 06:10:03.881486 2017] [proxy_http:error] [pid 5492:tid 16812] (OS 10053)An established connection was aborted by the software in your host machine.  : [client 201.245.192.253:28912] AH01102: error reading status line from remote server 172.22.1.31:80, referer: http://190.27.245.106/isolucionsda/FrameSetGeneral.asp?Pagina1=FrameSetGeneral.asp&
[Fri Jul 14 06:10:03.881486 2017] [proxy:error] [pid 5492:tid 16812] [client 201.245.192.253:28912] AH00898: Error reading from remote server returned by /isolucionsda/BarraTitulos.asp, referer: http://190.27.245.106/isolucionsda/FrameSetGeneral.asp?Pagina1=FrameSetGeneral.asp&
[Fri Jul 14 06:10:06.471090 2017] [proxy_http:error] [pid 5492:tid 16864] (OS 10053)An established connection was aborted by the software in your host machine.  : [client 201.245.192.253:28917] AH01102: error reading status line from remote server 172.22.1.31:80, referer: http://190.27.245.106/isolucionsda/FrameSetGeneral.asp?Pagina=SucursalSeleccion.asp&CargaPagina=ModuloProcesos&IdModulo=3
[Fri Jul 14 06:10:06.471090 2017] [proxy:error] [pid 5492:tid 16864] [client 201.245.192.253:28917] AH00898: Error reading from remote server returned by /isolucionsda/SucursalSeleccion.asp, referer: http://190.27.245.106/isolucionsda/FrameSetGeneral.asp?Pagina=SucursalSeleccion.asp&CargaPagina=ModuloProcesos&IdModulo=3
[Fri Jul 14 06:10:06.486690 2017] [proxy_http:error] [pid 5492:tid 16008] (OS 10053)An established connection was aborted by the software in your host machine.  : [client 201.245.192.253:28918] AH01102: error reading status line from remote server 172.22.1.31:80, referer: http://190.27.245.106/isolucionsda/FrameSetGeneral.asp?Pagina=SucursalSeleccion.asp&CargaPagina=ModuloProcesos&IdModulo=3
[Fri Jul 14 06:10:06.486690 2017] [proxy:error] [pid 5492:tid 16008] [client 201.245.192.253:28918] AH00898: Error reading from remote server returned by /isolucionsda/BarraFavoritos.asp, referer: http://190.27.245.106/isolucionsda/FrameSetGeneral.asp?Pagina=SucursalSeleccion.asp&CargaPagina=ModuloProcesos&IdModulo=3
[Fri Jul 14 06:10:09.840696 2017] [proxy_http:error] [pid 5492:tid 16804] (OS 10053)An established connection was aborted by the software in your host machine.  : [client 201.245.192.253:28923] AH01102: error reading status line from remote server 172.22.1.31:80, referer: http://190.27.245.106/isolucionsda/FrameSetGeneral.asp?Pagina=SucursalSeleccion.asp&CargaPagina=ModuloProcesos&IdModulo=3
[Fri Jul 14 06:10:09.840696 2017] [proxy:error] [pid 5492:tid 16804] [client 201.245.192.253:28923] AH00898: Error reading from remote server returned by /isolucionsda/BarraFavoritos.asp, referer: http://190.27.245.106/isolucionsda/FrameSetGeneral.asp?Pagina=SucursalSeleccion.asp&CargaPagina=ModuloProcesos&IdModulo=3
[Fri Jul 14 07:21:10.632380 2017] [proxy_http:error] [pid 5492:tid 16368] (OS 10053)An established connection was aborted by the software in your host machine.  : [client 201.245.192.253:32424] AH01102: error reading status line from remote server 172.22.1.31:80, referer: http://190.27.245.106/IsolucionSDA/FrameSetGeneral.asp?Pagina1=FrameSetGeneral.asp&
[Fri Jul 14 07:21:10.632380 2017] [proxy:error] [pid 5492:tid 16368] [client 201.245.192.253:32424] AH00898: Error reading from remote server returned by /IsolucionSDA/BarraTitulos.asp, referer: http://190.27.245.106/IsolucionSDA/FrameSetGeneral.asp?Pagina1=FrameSetGeneral.asp&
[Fri Jul 14 07:22:13.718891 2017] [proxy_http:error] [pid 5492:tid 16468] (OS 10053)An established connection was aborted by the software in your host machine.  : [client 201.245.192.253:33045] AH01102: error reading status line from remote server 172.22.1.31:80, referer: http://190.27.245.106/IsolucionSDA/modulomeci.asp?codmodulo=1&CodComponente=3
[Fri Jul 14 07:22:13.718891 2017] [proxy:error] [pid 5492:tid 16468] [client 201.245.192.253:33045] AH00898: Error reading from remote server returned by /IsolucionSDA/g/img_puntader.jpg, referer: http://190.27.245.106/IsolucionSDA/modulomeci.asp?codmodulo=1&CodComponente=3
[Fri Jul 14 07:22:13.781291 2017] [proxy_http:error] [pid 5492:tid 16112] (OS 10053)An established connection was aborted by the software in your host machine.  : [client 201.245.192.253:33047] AH01102: error reading status line from remote server 172.22.1.31:80, referer: http://190.27.245.106/IsolucionSDA/modulomeci.asp?codmodulo=1&CodComponente=3
[Fri Jul 14 07:44:10.206203 2017] [proxy_http:error] [pid 5492:tid 16468] (OS 10053)An established connection was aborted by the software in your host machine.  : [client 201.245.192.253:18736] AH01102: error reading status line from remote server 172.22.1.31:80, referer: http://190.27.245.106/isolucionsda/FrameSetGeneral.asp?Pagina1=FrameSetGeneral.asp&
[Fri Jul 14 07:44:10.206203 2017] [proxy:error] [pid 5492:tid 16468] [client 201.245.192.253:18736] AH00898: Error reading from remote server returned by /isolucionsda/MagazinHome.asp, referer: http://190.27.245.106/isolucionsda/FrameSetGeneral.asp?Pagina1=FrameSetGeneral.asp&
[Fri Jul 14 07:59:38.439034 2017] [proxy_http:error] [pid 5492:tid 16964] (OS 10053)An established connection was aborted by the software in your host machine.  : [client 201.245.192.253:29994] AH01102: error reading status line from remote server 172.22.1.31:80, referer: http://190.27.245.106/isolucionsda/Encabezado.asp?Pagina1=FrameSetGeneral.asp&&Pagina=MagazinHome.asp
[Fri Jul 14 07:59:38.439034 2017] [proxy:error] [pid 5492:tid 16964] [client 201.245.192.253:29994] AH00898: Error reading from remote server returned by /isolucionsda/Session.asp, referer: http://190.27.245.106/isolucionsda/Encabezado.asp?Pagina1=FrameSetGeneral.asp&&Pagina=MagazinHome.asp
[Fri Jul 14 07:59:42.167440 2017] [proxy_http:error] [pid 5492:tid 15920] (OS 10053)An established connection was aborted by the software in your host machine.  : [client 201.245.192.253:29992] AH01102: error reading status line from remote server 172.22.1.31:80, referer: http://190.27.245.106/isolucionsda/FrameSetGeneral.asp?Pagina1=FrameSetGeneral.asp&
[Fri Jul 14 07:59:42.167440 2017] [proxy:error] [pid 5492:tid 15920] [client 201.245.192.253:29992] AH00898: Error reading from remote server returned by /isolucionsda/BarraTitulos.asp, referer: http://190.27.245.106/isolucionsda/FrameSetGeneral.asp?Pagina1=FrameSetGeneral.asp&
[Fri Jul 14 08:10:21.987964 2017] [proxy_http:error] [pid 5492:tid 16444] (OS 10053)An established connection was aborted by the software in your host machine.  : [client 201.245.192.253:22403] AH01102: error reading status line from remote server 172.22.1.31:80, referer: http://190.27.245.106/isolucionsda/Encabezado.asp?Pagina1=FrameSetGeneral.asp&&Pagina=MagazinHome.asp
[Fri Jul 14 08:10:21.987964 2017] [proxy:error] [pid 5492:tid 16444] [client 201.245.192.253:22403] AH00898: Error reading from remote server returned by /isolucionsda/g/Bot_Siguiente.jpg, referer: http://190.27.245.106/isolucionsda/Encabezado.asp?Pagina1=FrameSetGeneral.asp&&Pagina=MagazinHome.asp
[Fri Jul 14 08:10:27.697574 2017] [proxy_http:error] [pid 5492:tid 16804] (OS 10053)An established connection was aborted by the software in your host machine.  : [client 201.245.192.253:22402] AH01102: error reading status line from remote server 172.22.1.31:80, referer: http://190.27.245.106/isolucionsda/Encabezado.asp?Pagina1=FrameSetGeneral.asp&&Pagina=MagazinHome.asp
[Fri Jul 14 08:10:27.697574 2017] [proxy:error] [pid 5492:tid 16804] [client 201.245.192.253:22402] AH00898: Error reading from remote server returned by /isolucionsda/Session.asp, referer: http://190.27.245.106/isolucionsda/Encabezado.asp?Pagina1=FrameSetGeneral.asp&&Pagina=MagazinHome.asp
[Fri Jul 14 08:10:32.096782 2017] [proxy_http:error] [pid 5492:tid 16396] (OS 10053)An established connection was aborted by the software in your host machine.  : [client 201.245.192.253:10005] AH01102: error reading status line from remote server 172.22.1.31:80, referer: http://190.27.245.106/isolucionsda/Menu.asp?Pagina=Menu.asp&IdModulo=4
[Fri Jul 14 08:10:32.096782 2017] [proxy:error] [pid 5492:tid 16396] [client 201.245.192.253:10005] AH00898: Error reading from remote server returned by /isolucionsda/g/MenuIcono/ico_obj_287.jpg, referer: http://190.27.245.106/isolucionsda/Menu.asp?Pagina=Menu.asp&IdModulo=4
[Fri Jul 14 08:16:40.382229 2017] [mpm_winnt:warn] [pid 5492:tid 17616] (OS 64)The specified network name is no longer available.  : AH00341: winnt_accept: Asynchronous AcceptEx failed.
[Fri Jul 14 08:17:20.973500 2017] [proxy_http:error] [pid 5492:tid 15912] (OS 10053)An established connection was aborted by the software in your host machine.  : [client 201.245.192.253:30358] AH01102: error reading status line from remote server 172.22.1.31:80, referer: http://190.27.245.106/ISOlucionSDA/magazin.asp?sigla=mac
[Fri Jul 14 08:17:27.681512 2017] [proxy_http:error] [pid 5492:tid 16600] (OS 10053)An established connection was aborted by the software in your host machine.  : [client 201.245.192.253:30427] AH01102: error reading status line from remote server 172.22.1.31:80, referer: http://190.27.245.106/ISOlucionSDA/bancoconocimiento/M/MANUALDELSISTEMAINTEGRADODEGESTION_v13/MANUALDELSISTEMAINTEGRADODEGESTION_v13.asp?IdArticulo=10438
[Fri Jul 14 08:17:27.681512 2017] [proxy_http:error] [pid 5492:tid 16776] (OS 10053)An established connection was aborted by the software in your host machine.  : [client 201.245.192.253:30434] AH01102: error reading status line from remote server 172.22.1.31:80, referer: http://190.27.245.106/ISOlucionSDA/bancoconocimiento/M/MANUALDELSISTEMAINTEGRADODEGESTION_v13/MANUALDELSISTEMAINTEGRADODEGESTION_v13.asp?IdArticulo=10438
[Fri Jul 14 08:17:27.681512 2017] [proxy:error] [pid 5492:tid 16776] [client 201.245.192.253:30434] AH00898: Error reading from remote server returned by /ISOlucionSDA/bancoconocimiento/M/MANUALDELSISTEMAINTEGRADODEGESTION_v13/procesos estructura sda0.jpg, referer: http://190.27.245.106/ISOlucionSDA/bancoconocimiento/M/MANUALDELSISTEMAINTEGRADODEGESTION_v13/MANUALDELSISTEMAINTEGRADODEGESTION_v13.asp?IdArticulo=10438
[Fri Jul 14 08:45:48.381899 2017] [proxy_http:error] [pid 5492:tid 16056] (OS 10053)An established connection was aborted by the software in your host machine.  : [client 201.245.192.253:32684] AH01102: error reading status line from remote server 172.22.1.31:80, referer: http://190.27.245.106/isolucionsda/FrameSetGeneral.asp?Pagina1=FrameSetGeneral.asp&
[Fri Jul 14 08:45:48.381899 2017] [proxy:error] [pid 5492:tid 16056] [client 201.245.192.253:32684] AH00898: Error reading from remote server returned by /isolucionsda/BarraFavoritos.asp, referer: http://190.27.245.106/isolucionsda/FrameSetGeneral.asp?Pagina1=FrameSetGeneral.asp&
[Fri Jul 14 08:45:52.796707 2017] [proxy_http:error] [pid 5492:tid 16884] (OS 10053)An established connection was aborted by the software in your host machine.  : [client 201.245.192.253:32683] AH01102: error reading status line from remote server 172.22.1.31:80, referer: http://190.27.245.106/isolucionsda/FrameSetGeneral.asp?Pagina1=FrameSetGeneral.asp&
[Fri Jul 14 08:45:52.796707 2017] [proxy:error] [pid 5492:tid 16884] [client 201.245.192.253:32683] AH00898: Error reading from remote server returned by /isolucionsda/MagazinHome.asp, referer: http://190.27.245.106/isolucionsda/FrameSetGeneral.asp?Pagina1=FrameSetGeneral.asp&
[Fri Jul 14 08:52:24.341794 2017] [proxy_http:error] [pid 5492:tid 16340] (OS 10053)An established connection was aborted by the software in your host machine.  : [client 201.245.192.253:11137] AH01102: error reading status line from remote server 172.22.1.31:80, referer: http://190.27.245.106/IsolucionSDA/FrameSetArticulo.asp?Pagina=/IsolucionSDA/bancoconocimiento/L/ListadodeproductosypuntosdecontroldeproductonoconformeECS_v8/ListadodeproductosypuntosdecontroldeproductonoconformeECS_v8.asp?IdArticulo=7671
[Fri Jul 14 08:52:24.341794 2017] [proxy:error] [pid 5492:tid 16340] [client 201.245.192.253:11137] AH00898: Error reading from remote server returned by /IsolucionSDA/bancoconocimiento/L/ListadodeproductosypuntosdecontroldeproductonoconformeECS_v8/ListadodeproductosypuntosdecontroldeproductonoconformeECS_v8.asp, referer: http://190.27.245.106/IsolucionSDA/FrameSetArticulo.asp?Pagina=/IsolucionSDA/bancoconocimiento/L/ListadodeproductosypuntosdecontroldeproductonoconformeECS_v8/ListadodeproductosypuntosdecontroldeproductonoconformeECS_v8.asp?IdArticulo=7671
[Fri Jul 14 09:19:30.146450 2017] [proxy_http:error] [pid 5492:tid 15924] (OS 10053)An established connection was aborted by the software in your host machine.  : [client 201.245.192.253:20625] AH01102: error reading status line from remote server 172.22.1.31:80, referer: http://190.27.245.106/ISOlucionSDA/bancoconocimiento/m/mapadeprocesos__v4/mapadeprocesos__v4.asp
[Fri Jul 14 09:19:30.177650 2017] [proxy_http:error] [pid 5492:tid 15964] (OS 10053)An established connection was aborted by the software in your host machine.  : [client 201.245.192.253:20626] AH01102: error reading status line from remote server 172.22.1.31:80, referer: http://190.27.245.106/ISOlucionSDA/bancoconocimiento/m/mapadeprocesos__v4/mapadeprocesos__v4.asp
[Fri Jul 14 09:19:30.177650 2017] [proxy_http:error] [pid 5492:tid 16824] (OS 10053)An established connection was aborted by the software in your host machine.  : [client 201.245.192.253:20524] AH01102: error reading status line from remote server 172.22.1.31:80, referer: http://190.27.245.106/ISOlucionSDA/bancoconocimiento/m/mapadeprocesos__v4/mapadeprocesos__v4.asp
[Fri Jul 14 09:19:37.166462 2017] [proxy_http:error] [pid 5492:tid 16772] (OS 10053)An established connection was aborted by the software in your host machine.  : [client 201.245.192.253:20637] AH01102: error reading status line from remote server 172.22.1.31:80, referer: http://190.27.245.106/IsolucionSDA/bancoconocimiento/G/GESTIONDERECURSOSFISICOS_v6/GESTIONDERECURSOSFISICOS_v6.asp?IdArticulo=6628
[Fri Jul 14 10:15:37.055564 2017] [mpm_winnt:warn] [pid 5492:tid 17616] (OS 64)The specified network name is no longer available.  : AH00341: winnt_accept: Asynchronous AcceptEx failed.
[Fri Jul 14 10:26:11.821679 2017] [ssl:error] [pid 5492:tid 16824] AH02032: Hostname :80 provided via SNI and hostname www.dama.gov.co provided via HTTP are different
[Fri Jul 14 11:31:10.551326 2017] [proxy_http:error] [pid 5492:tid 16420] (OS 10053)An established connection was aborted by the software in your host machine.  : [client 201.245.192.253:14018] AH01102: error reading status line from remote server 172.22.1.31:80, referer: http://190.27.245.106/isolucionsda/FrameSetGeneral.asp?Pagina=BancoConocimiento/M/MECINuevo/MECINuevo.asp&IdModulo=16
[Fri Jul 14 11:31:10.551326 2017] [proxy:error] [pid 5492:tid 16420] [client 201.245.192.253:14018] AH00898: Error reading from remote server returned by /isolucionsda/BarraFavoritos.asp, referer: http://190.27.245.106/isolucionsda/FrameSetGeneral.asp?Pagina=BancoConocimiento/M/MECINuevo/MECINuevo.asp&IdModulo=16
[Fri Jul 14 12:16:29.528902 2017] [proxy:error] [pid 5492:tid 16112] (OS 10060)A connection attempt failed because the connected party did not properly respond after a period of time, or established connection failed because connected host has failed to respond.  : AH00957: HTTP: attempt to connect to 172.22.1.32:80 (172.22.1.32) failed
[Fri Jul 14 12:16:29.528902 2017] [proxy:error] [pid 5492:tid 16112] AH00959: ap_proxy_connect_backend disabling worker for (172.22.1.32) for 60s
[Fri Jul 14 12:16:29.528902 2017] [proxy_http:error] [pid 5492:tid 16112] [client 201.245.179.194:49988] AH01114: HTTP: failed to make connection to backend: 172.22.1.32, referer: http://www.ambientebogota.gov.co/web/intranet/aplicaciones-para-acceder-fuera-de-la-sda
[Fri Jul 14 12:50:22.494273 2017] [mpm_winnt:warn] [pid 5492:tid 17616] (OS 64)The specified network name is no longer available.  : AH00341: winnt_accept: Asynchronous AcceptEx failed.
[Fri Jul 14 13:07:17.854256 2017] [proxy_http:error] [pid 5492:tid 16368] (OS 10053)An established connection was aborted by the software in your host machine.  : [client 201.245.192.253:11827] AH01102: error reading status line from remote server 172.22.1.31:80, referer: http://190.27.245.106/IsolucionSDA/FrameSetGeneral.asp?Pagina1=FrameSetGeneral.asp&
[Fri Jul 14 13:07:17.854256 2017] [proxy:error] [pid 5492:tid 16368] [client 201.245.192.253:11827] AH00898: Error reading from remote server returned by /IsolucionSDA/BarraTitulos.asp, referer: http://190.27.245.106/IsolucionSDA/FrameSetGeneral.asp?Pagina1=FrameSetGeneral.asp&
[Fri Jul 14 13:09:01.391638 2017] [mpm_winnt:warn] [pid 5492:tid 17616] (OS 64)The specified network name is no longer available.  : AH00341: winnt_accept: Asynchronous AcceptEx failed.
[Fri Jul 14 13:53:51.898164 2017] [proxy_http:error] [pid 5492:tid 16072] (OS 10053)An established connection was aborted by the software in your host machine.  : [client 201.245.192.253:19292] AH01102: error reading status line from remote server 172.22.1.31:80, referer: http://190.27.245.106/IsolucionSDA/Session.asp
[Fri Jul 14 13:53:51.898164 2017] [proxy:error] [pid 5492:tid 16072] [client 201.245.192.253:19292] AH00898: Error reading from remote server returned by /IsolucionSDA/SesionNeutra.asp, referer: http://190.27.245.106/IsolucionSDA/Session.asp
[Fri Jul 14 14:09:24.156801 2017] [mpm_winnt:warn] [pid 5492:tid 17616] (OS 64)The specified network name is no longer available.  : AH00341: winnt_accept: Asynchronous AcceptEx failed.
[Fri Jul 14 15:28:27.315932 2017] [mpm_winnt:warn] [pid 5492:tid 17616] (OS 64)The specified network name is no longer available.  : AH00341: winnt_accept: Asynchronous AcceptEx failed.
[Fri Jul 14 16:41:30.583431 2017] [mpm_winnt:warn] [pid 5492:tid 17616] (OS 64)The specified network name is no longer available.  : AH00341: winnt_accept: Asynchronous AcceptEx failed.
[Fri Jul 14 17:47:23.457814 2017] [proxy_http:error] [pid 5492:tid 15912] (OS 10053)An established connection was aborted by the software in your host machine.  : [client 201.244.196.8:53125] AH01102: error reading status line from remote server 172.22.1.31:80, referer: http://190.27.245.106/IsolucionSDA/IdentificaUsuario.asp?Pagina1=FrameSetGeneral.asp&
[Fri Jul 14 17:47:23.457814 2017] [proxy:error] [pid 5492:tid 15912] [client 201.244.196.8:53125] AH00898: Error reading from remote server returned by /IsolucionSDA/g/Bgr_BarraSuperior.jpg, referer: http://190.27.245.106/IsolucionSDA/IdentificaUsuario.asp?Pagina1=FrameSetGeneral.asp&
[Fri Jul 14 17:47:24.144215 2017] [proxy_http:error] [pid 5492:tid 16700] (OS 10053)An established connection was aborted by the software in your host machine.  : [client 201.244.196.8:53123] AH01102: error reading status line from remote server 172.22.1.31:80, referer: http://190.27.245.106/IsolucionSDA/IdentificaUsuario.asp?Pagina1=FrameSetGeneral.asp&
[Fri Jul 14 17:47:24.144215 2017] [proxy:error] [pid 5492:tid 16700] [client 201.244.196.8:53123] AH00898: Error reading from remote server returned by /IsolucionSDA/g/Img_LogoIsoCabezote.jpg, referer: http://190.27.245.106/IsolucionSDA/IdentificaUsuario.asp?Pagina1=FrameSetGeneral.asp&
[Fri Jul 14 18:11:11.375122 2017] [proxy_http:error] [pid 5492:tid 16136] (OS 10053)An established connection was aborted by the software in your host machine.  : [client 201.245.192.253:24025] AH01102: error reading status line from remote server 172.22.1.31:80, referer: http://190.27.245.106/IsolucionSDA/FrameSetGeneral.asp?Pagina=Menu.asp&IdModulo=7
[Fri Jul 14 18:11:11.375122 2017] [proxy:error] [pid 5492:tid 16136] [client 201.245.192.253:24025] AH00898: Error reading from remote server returned by /IsolucionSDA/BarraFavoritos.asp, referer: http://190.27.245.106/IsolucionSDA/FrameSetGeneral.asp?Pagina=Menu.asp&IdModulo=7
[Fri Jul 14 18:13:09.217729 2017] [mpm_winnt:warn] [pid 5492:tid 17616] (OS 64)The specified network name is no longer available.  : AH00341: winnt_accept: Asynchronous AcceptEx failed.
[Fri Jul 14 18:31:19.396444 2017] [core:error] [pid 5492:tid 16216] (20024)The given path is misformatted or contained invalid characters: [client 157.55.39.215:22155] AH00127: Cannot map GET /www.ambientebogota.gov.co:81/ HTTP/1.1 to file
[Fri Jul 14 18:51:19.132151 2017] [mpm_winnt:warn] [pid 5492:tid 17616] (OS 64)The specified network name is no longer available.  : AH00341: winnt_accept: Asynchronous AcceptEx failed.
[Fri Jul 14 18:51:21.706156 2017] [proxy_http:error] [pid 5492:tid 16216] (OS 10053)An established connection was aborted by the software in your host machine.  : [client 201.245.192.253:11613] AH01102: error reading status line from remote server 172.22.1.31:80, referer: http://190.27.245.106/isolucionsda/modulomeci.asp?codmodulo=1&CodComponente=1
[Fri Jul 14 18:51:21.706156 2017] [proxy:error] [pid 5492:tid 16216] [client 201.245.192.253:11613] AH00898: Error reading from remote server returned by /isolucionsda/g/img_flechaoscura.jpg, referer: http://190.27.245.106/isolucionsda/modulomeci.asp?codmodulo=1&CodComponente=1
[Fri Jul 14 18:51:21.706156 2017] [proxy_http:error] [pid 5492:tid 16884] (OS 10053)An established connection was aborted by the software in your host machine.  : [client 201.245.192.253:11612] AH01102: error reading status line from remote server 172.22.1.31:80, referer: http://190.27.245.106/isolucionsda/modulomeci.asp?codmodulo=1&CodComponente=1
[Fri Jul 14 18:51:21.706156 2017] [proxy:error] [pid 5492:tid 16884] [client 201.245.192.253:11612] AH00898: Error reading from remote server returned by /isolucionsda/g/img_flecha01.jpg, referer: http://190.27.245.106/isolucionsda/modulomeci.asp?codmodulo=1&CodComponente=1
[Fri Jul 14 19:25:40.256571 2017] [proxy_http:error] [pid 5492:tid 16716] (OS 10053)An established connection was aborted by the software in your host machine.  : [client 201.245.192.253:21294] AH01102: error reading status line from remote server 172.22.1.31:80, referer: http://190.27.245.106/isolucionsda/FrameSetGeneral.asp?Pagina=Menu.asp&IdModulo=4
[Fri Jul 14 19:25:40.256571 2017] [proxy:error] [pid 5492:tid 16716] [client 201.245.192.253:21294] AH00898: Error reading from remote server returned by /isolucionsda/BarraFavoritos.asp, referer: http://190.27.245.106/isolucionsda/FrameSetGeneral.asp?Pagina=Menu.asp&IdModulo=4
[Fri Jul 14 19:25:40.256571 2017] [proxy_http:error] [pid 5492:tid 16348] (OS 10053)An established connection was aborted by the software in your host machine.  : [client 201.245.192.253:21292] AH01102: error reading status line from remote server 172.22.1.31:80, referer: http://190.27.245.106/isolucionsda/FrameSetGeneral.asp?Pagina=Menu.asp&IdModulo=4
[Fri Jul 14 19:25:40.256571 2017] [proxy:error] [pid 5492:tid 16348] [client 201.245.192.253:21292] AH00898: Error reading from remote server returned by /isolucionsda/BarraTitulos.asp, referer: http://190.27.245.106/isolucionsda/FrameSetGeneral.asp?Pagina=Menu.asp&IdModulo=4
[Fri Jul 14 19:28:16.568846 2017] [core:error] [pid 5492:tid 16632] (20024)The given path is misformatted or contained invalid characters: [client 65.208.151.116:12839] AH00127: Cannot map GET /www.ambientebogota.gov.co:81/ HTTP/1.1 to file, referer: http://www.dama.gov.co/
[Fri Jul 14 19:30:23.256668 2017] [proxy_http:error] [pid 5492:tid 16700] (OS 10053)An established connection was aborted by the software in your host machine.  : [client 201.245.192.253:22186] AH01102: error reading status line from remote server 172.22.1.31:80, referer: http://190.27.245.106/isolucionsda/FramesetArticulo.asp?Pagina=bancoconocimiento%2FA%2FAtencionalaciudadania%5Fv5%5F1%2FAtencionalaciudadania%5Fv5%5F1%2Easp&IdArticulo=10924
[Fri Jul 14 19:30:23.256668 2017] [proxy:error] [pid 5492:tid 16700] [client 201.245.192.253:22186] AH00898: Error reading from remote server returned by /isolucionsda/bancoconocimiento/A/Atencionalaciudadania_v5_1/Atencionalaciudadania_v5_1.asp, referer: http://190.27.245.106/isolucionsda/FramesetArticulo.asp?Pagina=bancoconocimiento%2FA%2FAtencionalaciudadania%5Fv5%5F1%2FAtencionalaciudadania%5Fv5%5F1%2Easp&IdArticulo=10924
[Fri Jul 14 19:43:08.594013 2017] [proxy_http:error] [pid 5492:tid 16784] (OS 10053)An established connection was aborted by the software in your host machine.  : [client 201.245.192.253:11543] AH01102: error reading status line from remote server 172.22.1.31:80, referer: http://190.27.245.106/isolucionsda/FramesetArticulo.asp?Pagina=BancoConocimiento%2FC%2FControlalProductoNoConformeEvaluacion%5FControlySeguimiento%5Fv8%2FControlalProductoNoConformeEvaluacion%5FControlySeguimiento%5Fv8%2Easp&IdArticulo=7667
[Fri Jul 14 19:43:08.594013 2017] [proxy:error] [pid 5492:tid 16784] [client 201.245.192.253:11543] AH00898: Error reading from remote server returned by /isolucionsda/BancoConocimiento/C/ControlalProductoNoConformeEvaluacion_ControlySeguimiento_v8/ControlalProductoNoConformeEvaluacion_ControlySeguimiento_v8.asp, referer: http://190.27.245.106/isolucionsda/FramesetArticulo.asp?Pagina=BancoConocimiento%2FC%2FControlalProductoNoConformeEvaluacion%5FControlySeguimiento%5Fv8%2FControlalProductoNoConformeEvaluacion%5FControlySeguimiento%5Fv8%2Easp&IdArticulo=7667
[Fri Jul 14 19:54:28.193606 2017] [mpm_winnt:warn] [pid 5492:tid 17616] (OS 64)The specified network name is no longer available.  : AH00341: winnt_accept: Asynchronous AcceptEx failed.
[Fri Jul 14 19:59:00.601285 2017] [proxy_http:error] [pid 5492:tid 16612] (OS 10053)An established connection was aborted by the software in your host machine.  : [client 201.245.192.253:14141] AH01102: error reading status line from remote server 172.22.1.31:80, referer: http://190.27.245.106/isolucionsda/Session.asp?Continue=1
[Fri Jul 14 19:59:00.601285 2017] [proxy:error] [pid 5492:tid 16612] [client 201.245.192.253:14141] AH00898: Error reading from remote server returned by /isolucionsda/Session.asp, referer: http://190.27.245.106/isolucionsda/Session.asp?Continue=1
[Fri Jul 14 20:28:05.856350 2017] [proxy_http:error] [pid 5492:tid 15996] (OS 10053)An established connection was aborted by the software in your host machine.  : [client 201.245.192.253:17959] AH01102: error reading status line from remote server 172.22.1.31:80, referer: http://190.27.245.106/isolucionsda/FramesetArticulo.asp?Pagina=bancoconocimiento%2FE%2FElaboracionyejecuciondelosPlanesInstitucionalesdeCapacitacionyEstimulos%5Fv2%2FElaboracionyejecuciondelosPlanesInstitucionalesdeCapacitacionyEstimulos%5Fv2%2Easp&IdArticulo=9874
[Fri Jul 14 20:28:05.856350 2017] [proxy:error] [pid 5492:tid 15996] [client 201.245.192.253:17959] AH00898: Error reading from remote server returned by /isolucionsda/bancoconocimiento/E/ElaboracionyejecuciondelosPlanesInstitucionalesdeCapacitacionyEstimulos_v2/ElaboracionyejecuciondelosPlanesInstitucionalesdeCapacitacionyEstimulos_v2.asp, referer: http://190.27.245.106/isolucionsda/FramesetArticulo.asp?Pagina=bancoconocimiento%2FE%2FElaboracionyejecuciondelosPlanesInstitucionalesdeCapacitacionyEstimulos%5Fv2%2FElaboracionyejecuciondelosPlanesInstitucionalesdeCapacitacionyEstimulos%5Fv2%2Easp&IdArticulo=9874
[Fri Jul 14 20:30:25.320595 2017] [proxy_http:error] [pid 5492:tid 16844] (OS 10053)An established connection was aborted by the software in your host machine.  : [client 201.245.192.253:18229] AH01102: error reading status line from remote server 172.22.1.31:80, referer: http://190.27.245.106/isolucionsda/FrameSetArticulo.asp?Pagina=/IsolucionSDA/bancoconocimiento/E/Encuestadeidentificaciondenecesidadesparaelplaninstitucionaldeestimulos_v2/Encuestadeidentificaciondenecesidadesparaelplaninstitucionaldeestimulos_v2.asp?IdArticulo=10123
[Fri Jul 14 20:30:25.320595 2017] [proxy:error] [pid 5492:tid 16844] [client 201.245.192.253:18229] AH00898: Error reading from remote server returned by /IsolucionSDA/bancoconocimiento/E/Encuestadeidentificaciondenecesidadesparaelplaninstitucionaldeestimulos_v2/Encuestadeidentificaciondenecesidadesparaelplaninstitucionaldeestimulos_v2.asp, referer: http://190.27.245.106/isolucionsda/FrameSetArticulo.asp?Pagina=/IsolucionSDA/bancoconocimiento/E/Encuestadeidentificaciondenecesidadesparaelplaninstitucionaldeestimulos_v2/Encuestadeidentificaciondenecesidadesparaelplaninstitucionaldeestimulos_v2.asp?IdArticulo=10123
[Fri Jul 14 22:49:58.982503 2017] [core:error] [pid 5492:tid 16016] (20024)The given path is misformatted or contained invalid characters: [client 207.46.13.159:9059] AH00127: Cannot map GET /www.ambientebogota.gov.co:81/ HTTP/1.1 to file
[Fri Jul 14 23:44:07.908610 2017] [cgi:error] [pid 5492:tid 15924] [client 187.38.230.46:55735] script not found or unable to stat: E:/nuevo/htdocs/hndUnblock.cgi
[Fri Jul 14 23:44:08.985011 2017] [cgi:error] [pid 5492:tid 15924] [client 187.38.230.46:55757] script not found or unable to stat: E:/nuevo/htdocs/tmUnblock.cgi

:: Command execute ::

Enter:
 
Select:
 

:: Search ::
regexp 

:: Upload ::
 
[ ok ]

:: Make Dir ::
 
[ ok ]
:: Make File ::
 
[ ok ]

:: Go Dir ::
 
:: Go File ::
 

--[ c99shell v. 1.0 pre-release build #13 powered by Captain Crunch Security Team | http://ccteam.ru | Generation time: 0.0312 ]--