!C99Shell v. 1.0 pre-release build #13!

Software: Apache. PHP/5.5.15 

uname -a: Windows NT SVR-DMZ 6.1 build 7600 (Windows Server 2008 R2 Enterprise Edition) i586 

SYSTEM 

Safe-mode: OFF (not secure)

E:\nuevo\apache\logs\   drwxrwxrwx
Free 7.34 GB of 239.26 GB (3.07%)
Detected drives: [ a ] [ c ] [ d ] [ e ] [ f ]
Home    Back    Forward    UPDIR    Refresh    Search    Buffer    Encoder    Tools    Proc.    FTP brute    Sec.    SQL    PHP-code    Update    Feedback    Self remove    Logout    


Viewing file:     error.2017.11.04.log (39.03 KB)      -rw-rw-rw-
Select action/file-type:
(+) | (+) | (+) | Code (+) | Session (+) | (+) | SDB (+) | (+) | (+) | (+) | (+) | (+) |
[Sat Nov 04 00:19:02.685726 2017] [mpm_winnt:warn] [pid 2952:tid 18904] (OS 64)The specified network name is no longer available.  : AH00341: winnt_accept: Asynchronous AcceptEx failed.
[Sat Nov 04 00:38:57.701077 2017] [mpm_winnt:warn] [pid 2952:tid 18904] (OS 64)The specified network name is no longer available.  : AH00341: winnt_accept: Asynchronous AcceptEx failed.
[Sat Nov 04 01:00:07.722718 2017] [mpm_winnt:warn] [pid 2952:tid 18904] (OS 64)The specified network name is no longer available.  : AH00341: winnt_accept: Asynchronous AcceptEx failed.
[Sat Nov 04 01:00:38.705490 2017] [mpm_winnt:warn] [pid 2952:tid 18904] (OS 64)The specified network name is no longer available.  : AH00341: winnt_accept: Asynchronous AcceptEx failed.
[Sat Nov 04 02:04:24.038287 2017] [mpm_winnt:warn] [pid 2952:tid 18904] (OS 64)The specified network name is no longer available.  : AH00341: winnt_accept: Asynchronous AcceptEx failed.
[Sat Nov 04 02:26:58.094735 2017] [mpm_winnt:warn] [pid 2952:tid 18904] (OS 64)The specified network name is no longer available.  : AH00341: winnt_accept: Asynchronous AcceptEx failed.
[Sat Nov 04 02:27:29.097508 2017] [mpm_winnt:warn] [pid 2952:tid 18904] (OS 64)The specified network name is no longer available.  : AH00341: winnt_accept: Asynchronous AcceptEx failed.
[Sat Nov 04 02:35:41.985699 2017] [mpm_winnt:warn] [pid 2952:tid 18904] (OS 64)The specified network name is no longer available.  : AH00341: winnt_accept: Asynchronous AcceptEx failed.
[Sat Nov 04 02:36:12.983472 2017] [mpm_winnt:warn] [pid 2952:tid 18904] (OS 64)The specified network name is no longer available.  : AH00341: winnt_accept: Asynchronous AcceptEx failed.
[Sat Nov 04 02:54:29.100167 2017] [proxy:error] [pid 2952:tid 8408] (OS 10060)A connection attempt failed because the connected party did not properly respond after a period of time, or established connection failed because connected host has failed to respond.  : AH00957: HTTP: attempt to connect to 172.22.1.51:8399 (172.22.1.51) failed
[Sat Nov 04 02:54:29.100167 2017] [proxy:error] [pid 2952:tid 8408] AH00959: ap_proxy_connect_backend disabling worker for (172.22.1.51) for 60s
[Sat Nov 04 02:54:29.100167 2017] [proxy_http:error] [pid 2952:tid 8408] [client 152.61.128.50:41062] AH01114: HTTP: failed to make connection to backend: 172.22.1.51
[Sat Nov 04 02:54:29.315179 2017] [proxy:error] [pid 2952:tid 8408] AH00940: HTTP: disabled connection for (172.22.1.51)
[Sat Nov 04 02:54:29.523191 2017] [proxy:error] [pid 2952:tid 8408] AH00940: HTTP: disabled connection for (172.22.1.51)
[Sat Nov 04 03:37:58.798433 2017] [mpm_winnt:warn] [pid 2952:tid 18904] (OS 64)The specified network name is no longer available.  : AH00341: winnt_accept: Asynchronous AcceptEx failed.
[Sat Nov 04 03:38:29.800206 2017] [mpm_winnt:warn] [pid 2952:tid 18904] (OS 64)The specified network name is no longer available.  : AH00341: winnt_accept: Asynchronous AcceptEx failed.
[Sat Nov 04 03:57:02.382842 2017] [mpm_winnt:warn] [pid 2952:tid 18904] (OS 64)The specified network name is no longer available.  : AH00341: winnt_accept: Asynchronous AcceptEx failed.
[Sat Nov 04 03:57:33.385615 2017] [mpm_winnt:warn] [pid 2952:tid 18904] (OS 64)The specified network name is no longer available.  : AH00341: winnt_accept: Asynchronous AcceptEx failed.
[Sat Nov 04 04:02:05.424175 2017] [mpm_winnt:warn] [pid 2952:tid 18904] (OS 64)The specified network name is no longer available.  : AH00341: winnt_accept: Asynchronous AcceptEx failed.
[Sat Nov 04 04:02:36.418948 2017] [mpm_winnt:warn] [pid 2952:tid 18904] (OS 64)The specified network name is no longer available.  : AH00341: winnt_accept: Asynchronous AcceptEx failed.
[Sat Nov 04 04:15:37.874645 2017] [proxy:error] [pid 2952:tid 7736] (OS 10060)A connection attempt failed because the connected party did not properly respond after a period of time, or established connection failed because connected host has failed to respond.  : AH00957: HTTP: attempt to connect to 172.22.1.51:8399 (172.22.1.51) failed
[Sat Nov 04 04:15:37.874645 2017] [proxy:error] [pid 2952:tid 7736] AH00959: ap_proxy_connect_backend disabling worker for (172.22.1.51) for 60s
[Sat Nov 04 04:15:37.874645 2017] [proxy_http:error] [pid 2952:tid 7736] [client 152.61.192.232:37810] AH01114: HTTP: failed to make connection to backend: 172.22.1.51
[Sat Nov 04 04:15:38.122659 2017] [proxy:error] [pid 2952:tid 7736] AH00940: HTTP: disabled connection for (172.22.1.51)
[Sat Nov 04 04:15:38.347672 2017] [proxy:error] [pid 2952:tid 7736] AH00940: HTTP: disabled connection for (172.22.1.51)
[Sat Nov 04 04:58:11.935729 2017] [core:error] [pid 2952:tid 7280] (20024)The given path is misformatted or contained invalid characters: [client 40.77.167.31:1789] AH00127: Cannot map GET /www.ambientebogota.gov.co:81/ HTTP/1.1 to file
[Sat Nov 04 05:21:38.256166 2017] [mpm_winnt:warn] [pid 2952:tid 18904] (OS 64)The specified network name is no longer available.  : AH00341: winnt_accept: Asynchronous AcceptEx failed.
[Sat Nov 04 05:25:12.842439 2017] [mpm_winnt:warn] [pid 2952:tid 18904] (OS 64)The specified network name is no longer available.  : AH00341: winnt_accept: Asynchronous AcceptEx failed.
[Sat Nov 04 05:25:43.839212 2017] [mpm_winnt:warn] [pid 2952:tid 18904] (OS 64)The specified network name is no longer available.  : AH00341: winnt_accept: Asynchronous AcceptEx failed.
[Sat Nov 04 06:54:47.438848 2017] [mpm_winnt:warn] [pid 2952:tid 18904] (OS 64)The specified network name is no longer available.  : AH00341: winnt_accept: Asynchronous AcceptEx failed.
[Sat Nov 04 07:27:34.412353 2017] [mpm_winnt:warn] [pid 2952:tid 18904] (OS 64)The specified network name is no longer available.  : AH00341: winnt_accept: Asynchronous AcceptEx failed.
[Sat Nov 04 07:28:05.414126 2017] [mpm_winnt:warn] [pid 2952:tid 18904] (OS 64)The specified network name is no longer available.  : AH00341: winnt_accept: Asynchronous AcceptEx failed.
[Sat Nov 04 07:51:25.908230 2017] [mpm_winnt:warn] [pid 2952:tid 18904] (OS 64)The specified network name is no longer available.  : AH00341: winnt_accept: Asynchronous AcceptEx failed.
[Sat Nov 04 08:23:35.622603 2017] [mpm_winnt:warn] [pid 2952:tid 18904] (OS 64)The specified network name is no longer available.  : AH00341: winnt_accept: Asynchronous AcceptEx failed.
[Sat Nov 04 08:24:06.615376 2017] [mpm_winnt:warn] [pid 2952:tid 18904] (OS 64)The specified network name is no longer available.  : AH00341: winnt_accept: Asynchronous AcceptEx failed.
[Sat Nov 04 09:49:59.413099 2017] [mpm_winnt:warn] [pid 2952:tid 18904] (OS 64)The specified network name is no longer available.  : AH00341: winnt_accept: Asynchronous AcceptEx failed.
[Sat Nov 04 09:50:30.408872 2017] [mpm_winnt:warn] [pid 2952:tid 18904] (OS 64)The specified network name is no longer available.  : AH00341: winnt_accept: Asynchronous AcceptEx failed.
[Sat Nov 04 10:39:03.998520 2017] [core:error] [pid 2952:tid 13856] (20024)The given path is misformatted or contained invalid characters: [client 23.237.4.26:40402] AH00127: Cannot map GET /www.ambientebogota.gov.co:81/ HTTP/1.1 to file
[Sat Nov 04 11:23:27.547866 2017] [mpm_winnt:warn] [pid 2952:tid 18904] (OS 64)The specified network name is no longer available.  : AH00341: winnt_accept: Asynchronous AcceptEx failed.
[Sat Nov 04 11:23:35.477320 2017] [negotiation:error] [pid 2952:tid 8632] [client 190.130.98.186:52762] AH00690: no acceptable variant: E:/nuevo/apache/error/HTTP_NOT_FOUND.html.var
[Sat Nov 04 11:23:39.275537 2017] [negotiation:error] [pid 2952:tid 8632] [client 190.130.98.186:52762] AH00690: no acceptable variant: E:/nuevo/apache/error/HTTP_NOT_FOUND.html.var
[Sat Nov 04 11:46:25.067656 2017] [access_compat:error] [pid 2952:tid 8008] [client 34.249.121.62:36464] AH01797: client denied by server configuration: E:/nuevo/htdocs/phpmyadmin2
[Sat Nov 04 11:46:25.444677 2017] [access_compat:error] [pid 2952:tid 8008] [client 34.249.121.62:36698] AH01797: client denied by server configuration: E:/nuevo/htdocs/phpMyAdmin2
[Sat Nov 04 11:46:25.822699 2017] [access_compat:error] [pid 2952:tid 8008] [client 34.249.121.62:36976] AH01797: client denied by server configuration: E:/nuevo/phpMyAdmin/scripts
[Sat Nov 04 11:46:26.199720 2017] [access_compat:error] [pid 2952:tid 15284] [client 34.249.121.62:37256] AH01797: client denied by server configuration: E:/nuevo/htdocs/phpMyAdmin
[Sat Nov 04 11:46:26.587743 2017] [access_compat:error] [pid 2952:tid 15284] [client 34.249.121.62:37510] AH01797: client denied by server configuration: E:/nuevo/phpMyAdmin/scripts
[Sat Nov 04 11:46:26.975765 2017] [access_compat:error] [pid 2952:tid 15284] [client 34.249.121.62:37768] AH01797: client denied by server configuration: E:/nuevo/htdocs/phpMyAdmin
[Sat Nov 04 11:46:28.136831 2017] [access_compat:error] [pid 2952:tid 15284] [client 34.249.121.62:38560] AH01797: client denied by server configuration: E:/nuevo/htdocs/phpmyadmin_
[Sat Nov 04 11:46:28.534854 2017] [access_compat:error] [pid 2952:tid 15284] [client 34.249.121.62:38820] AH01797: client denied by server configuration: E:/nuevo/phpMyAdmin/scripts
[Sat Nov 04 11:46:28.906875 2017] [access_compat:error] [pid 2952:tid 15284] [client 34.249.121.62:39080] AH01797: client denied by server configuration: E:/nuevo/phpMyAdmin/scripts
[Sat Nov 04 11:46:29.280897 2017] [access_compat:error] [pid 2952:tid 15056] [client 34.249.121.62:39358] AH01797: client denied by server configuration: E:/nuevo/phpMyAdmin/scripts
[Sat Nov 04 11:46:30.065942 2017] [access_compat:error] [pid 2952:tid 15056] [client 34.249.121.62:39878] AH01797: client denied by server configuration: E:/nuevo/htdocs/phpMyAdmin_
[Sat Nov 04 11:46:30.498966 2017] [access_compat:error] [pid 2952:tid 15056] [client 34.249.121.62:40156] AH01797: client denied by server configuration: E:/nuevo/htdocs/phpMyAdmin
[Sat Nov 04 11:46:30.976994 2017] [access_compat:error] [pid 2952:tid 15056] [client 34.249.121.62:40524] AH01797: client denied by server configuration: E:/nuevo/htdocs/phpMyAdmin
[Sat Nov 04 11:46:31.380017 2017] [access_compat:error] [pid 2952:tid 15056] [client 34.249.121.62:40870] AH01797: client denied by server configuration: E:/nuevo/htdocs/phpMyAdmin
[Sat Nov 04 11:46:31.771039 2017] [access_compat:error] [pid 2952:tid 10996] [client 34.249.121.62:41262] AH01797: client denied by server configuration: E:/nuevo/htdocs/PhpMyAdmin
[Sat Nov 04 11:46:32.149061 2017] [access_compat:error] [pid 2952:tid 10996] [client 34.249.121.62:41596] AH01797: client denied by server configuration: E:/nuevo/htdocs/PHPMYADMIN
[Sat Nov 04 11:46:34.031168 2017] [access_compat:error] [pid 2952:tid 10996] [client 34.249.121.62:42966] AH01797: client denied by server configuration: E:/nuevo/htdocs/xampp/phpmyadmin
[Sat Nov 04 12:02:35.735175 2017] [mpm_winnt:warn] [pid 2952:tid 18904] (OS 64)The specified network name is no longer available.  : AH00341: winnt_accept: Asynchronous AcceptEx failed.
[Sat Nov 04 12:13:59.189266 2017] [mpm_winnt:warn] [pid 2952:tid 18904] (OS 64)The specified network name is no longer available.  : AH00341: winnt_accept: Asynchronous AcceptEx failed.
[Sat Nov 04 12:14:30.196039 2017] [mpm_winnt:warn] [pid 2952:tid 18904] (OS 64)The specified network name is no longer available.  : AH00341: winnt_accept: Asynchronous AcceptEx failed.
[Sat Nov 04 12:34:20.894143 2017] [proxy:error] [pid 2952:tid 7280] (OS 10060)A connection attempt failed because the connected party did not properly respond after a period of time, or established connection failed because connected host has failed to respond.  : AH00957: HTTP: attempt to connect to 172.22.1.32:80 (172.22.1.32) failed
[Sat Nov 04 12:34:20.894143 2017] [proxy:error] [pid 2952:tid 7280] AH00959: ap_proxy_connect_backend disabling worker for (172.22.1.32) for 60s
[Sat Nov 04 12:34:20.894143 2017] [proxy_http:error] [pid 2952:tid 7280] [client 191.145.120.112:35171] AH01114: HTTP: failed to make connection to backend: 172.22.1.32, referer: http://www.ambientebogota.gov.co/web/intranet/aplicaciones-para-acceder-fuera-de-la-sda
[Sat Nov 04 12:57:56.677122 2017] [mpm_winnt:warn] [pid 2952:tid 18904] (OS 64)The specified network name is no longer available.  : AH00341: winnt_accept: Asynchronous AcceptEx failed.
[Sat Nov 04 12:58:27.676895 2017] [mpm_winnt:warn] [pid 2952:tid 18904] (OS 64)The specified network name is no longer available.  : AH00341: winnt_accept: Asynchronous AcceptEx failed.
[Sat Nov 04 13:22:46.668344 2017] [mpm_winnt:warn] [pid 2952:tid 18904] (OS 64)The specified network name is no longer available.  : AH00341: winnt_accept: Asynchronous AcceptEx failed.
[Sat Nov 04 14:09:10.778586 2017] [mpm_winnt:warn] [pid 2952:tid 18904] (OS 64)The specified network name is no longer available.  : AH00341: winnt_accept: Asynchronous AcceptEx failed.
[Sat Nov 04 14:09:41.774359 2017] [mpm_winnt:warn] [pid 2952:tid 18904] (OS 64)The specified network name is no longer available.  : AH00341: winnt_accept: Asynchronous AcceptEx failed.
[Sat Nov 04 14:30:35.182050 2017] [access_compat:error] [pid 2952:tid 8364] [client 34.249.121.62:57012] AH01797: client denied by server configuration: E:/nuevo/htdocs/phpmyadmin2
[Sat Nov 04 14:30:35.503068 2017] [access_compat:error] [pid 2952:tid 7528] [client 34.249.121.62:57222] AH01797: client denied by server configuration: E:/nuevo/htdocs/phpMyAdmin2
[Sat Nov 04 14:30:35.829087 2017] [access_compat:error] [pid 2952:tid 7936] [client 34.249.121.62:57432] AH01797: client denied by server configuration: E:/nuevo/phpMyAdmin/scripts
[Sat Nov 04 14:30:36.151105 2017] [access_compat:error] [pid 2952:tid 7528] [client 34.249.121.62:57654] AH01797: client denied by server configuration: E:/nuevo/htdocs/phpMyAdmin
[Sat Nov 04 14:30:36.472124 2017] [access_compat:error] [pid 2952:tid 7936] [client 34.249.121.62:57844] AH01797: client denied by server configuration: E:/nuevo/phpMyAdmin/scripts
[Sat Nov 04 14:30:36.798142 2017] [access_compat:error] [pid 2952:tid 7760] [client 34.249.121.62:58078] AH01797: client denied by server configuration: E:/nuevo/htdocs/phpMyAdmin
[Sat Nov 04 14:30:37.403177 2017] [access_compat:error] [pid 2952:tid 6756] [client 34.249.121.62:58492] AH01797: client denied by server configuration: E:/nuevo/htdocs/phpmyadmin2
[Sat Nov 04 14:30:37.719195 2017] [access_compat:error] [pid 2952:tid 16156] [client 34.249.121.62:58752] AH01797: client denied by server configuration: E:/nuevo/htdocs/phpMyAdmin2
[Sat Nov 04 14:30:37.744196 2017] [access_compat:error] [pid 2952:tid 15324] [client 34.249.121.62:58780] AH01797: client denied by server configuration: E:/nuevo/htdocs/phpmyadmin_
[Sat Nov 04 14:30:38.035213 2017] [access_compat:error] [pid 2952:tid 15324] [client 34.249.121.62:58994] AH01797: client denied by server configuration: E:/nuevo/phpMyAdmin/scripts
[Sat Nov 04 14:30:38.065215 2017] [access_compat:error] [pid 2952:tid 16156] [client 34.249.121.62:59002] AH01797: client denied by server configuration: E:/nuevo/phpMyAdmin/scripts
[Sat Nov 04 14:30:38.352231 2017] [access_compat:error] [pid 2952:tid 16156] [client 34.249.121.62:59182] AH01797: client denied by server configuration: E:/nuevo/htdocs/phpMyAdmin
[Sat Nov 04 14:30:38.385233 2017] [access_compat:error] [pid 2952:tid 15324] [client 34.249.121.62:59206] AH01797: client denied by server configuration: E:/nuevo/phpMyAdmin/scripts
[Sat Nov 04 14:30:38.673250 2017] [access_compat:error] [pid 2952:tid 8364] [client 34.249.121.62:59388] AH01797: client denied by server configuration: E:/nuevo/phpMyAdmin/scripts
[Sat Nov 04 14:30:38.700251 2017] [access_compat:error] [pid 2952:tid 7456] [client 34.249.121.62:59412] AH01797: client denied by server configuration: E:/nuevo/phpMyAdmin/scripts
[Sat Nov 04 14:30:39.003268 2017] [access_compat:error] [pid 2952:tid 7456] [client 34.249.121.62:59636] AH01797: client denied by server configuration: E:/nuevo/htdocs/phpMyAdmin
[Sat Nov 04 14:30:39.350288 2017] [access_compat:error] [pid 2952:tid 7456] [client 34.249.121.62:59850] AH01797: client denied by server configuration: E:/nuevo/htdocs/phpMyAdmin_
[Sat Nov 04 14:30:39.676307 2017] [access_compat:error] [pid 2952:tid 8364] [client 34.249.121.62:60058] AH01797: client denied by server configuration: E:/nuevo/htdocs/phpMyAdmin
[Sat Nov 04 14:30:40.000326 2017] [access_compat:error] [pid 2952:tid 7456] [client 34.249.121.62:60272] AH01797: client denied by server configuration: E:/nuevo/htdocs/phpMyAdmin
[Sat Nov 04 14:30:40.010326 2017] [access_compat:error] [pid 2952:tid 8364] [client 34.249.121.62:60286] AH01797: client denied by server configuration: E:/nuevo/htdocs/phpmyadmin_
[Sat Nov 04 14:30:40.319344 2017] [access_compat:error] [pid 2952:tid 8364] [client 34.249.121.62:60480] AH01797: client denied by server configuration: E:/nuevo/htdocs/phpMyAdmin
[Sat Nov 04 14:30:40.348345 2017] [access_compat:error] [pid 2952:tid 7456] [client 34.249.121.62:60488] AH01797: client denied by server configuration: E:/nuevo/phpMyAdmin/scripts
[Sat Nov 04 14:30:40.638362 2017] [access_compat:error] [pid 2952:tid 7456] [client 34.249.121.62:60660] AH01797: client denied by server configuration: E:/nuevo/htdocs/PhpMyAdmin
[Sat Nov 04 14:30:40.668364 2017] [access_compat:error] [pid 2952:tid 8364] [client 34.249.121.62:60674] AH01797: client denied by server configuration: E:/nuevo/phpMyAdmin/scripts
[Sat Nov 04 14:30:40.958380 2017] [access_compat:error] [pid 2952:tid 8364] [client 34.249.121.62:60840] AH01797: client denied by server configuration: E:/nuevo/htdocs/PHPMYADMIN
[Sat Nov 04 14:30:40.984382 2017] [access_compat:error] [pid 2952:tid 7456] [client 34.249.121.62:60864] AH01797: client denied by server configuration: E:/nuevo/phpMyAdmin/scripts
[Sat Nov 04 14:30:41.623418 2017] [access_compat:error] [pid 2952:tid 7456] [client 34.249.121.62:33018] AH01797: client denied by server configuration: E:/nuevo/htdocs/phpMyAdmin_
[Sat Nov 04 14:30:41.949437 2017] [access_compat:error] [pid 2952:tid 8364] [client 34.249.121.62:33242] AH01797: client denied by server configuration: E:/nuevo/htdocs/phpMyAdmin
[Sat Nov 04 14:30:42.275456 2017] [access_compat:error] [pid 2952:tid 7456] [client 34.249.121.62:33472] AH01797: client denied by server configuration: E:/nuevo/htdocs/phpMyAdmin
[Sat Nov 04 14:30:42.598474 2017] [access_compat:error] [pid 2952:tid 8364] [client 34.249.121.62:33674] AH01797: client denied by server configuration: E:/nuevo/htdocs/phpMyAdmin
[Sat Nov 04 14:30:42.599474 2017] [access_compat:error] [pid 2952:tid 7456] [client 34.249.121.62:33672] AH01797: client denied by server configuration: E:/nuevo/htdocs/xampp/phpmyadmin
[Sat Nov 04 14:30:42.924493 2017] [access_compat:error] [pid 2952:tid 7456] [client 34.249.121.62:33906] AH01797: client denied by server configuration: E:/nuevo/htdocs/PhpMyAdmin
[Sat Nov 04 14:30:43.246511 2017] [access_compat:error] [pid 2952:tid 7456] [client 34.249.121.62:34110] AH01797: client denied by server configuration: E:/nuevo/htdocs/PHPMYADMIN
[Sat Nov 04 14:30:44.873604 2017] [access_compat:error] [pid 2952:tid 7456] [client 34.249.121.62:35278] AH01797: client denied by server configuration: E:/nuevo/htdocs/xampp/phpmyadmin
[Sat Nov 04 15:06:46.650251 2017] [mpm_winnt:warn] [pid 2952:tid 18904] (OS 64)The specified network name is no longer available.  : AH00341: winnt_accept: Asynchronous AcceptEx failed.
[Sat Nov 04 15:07:17.649024 2017] [mpm_winnt:warn] [pid 2952:tid 18904] (OS 64)The specified network name is no longer available.  : AH00341: winnt_accept: Asynchronous AcceptEx failed.
[Sat Nov 04 15:30:56.387171 2017] [negotiation:error] [pid 2952:tid 15340] [client 190.130.98.186:10730] AH00690: no acceptable variant: E:/nuevo/apache/error/HTTP_NOT_FOUND.html.var
[Sat Nov 04 15:30:59.624356 2017] [negotiation:error] [pid 2952:tid 15340] [client 190.130.98.186:10730] AH00690: no acceptable variant: E:/nuevo/apache/error/HTTP_NOT_FOUND.html.var
[Sat Nov 04 15:59:28.526100 2017] [mpm_winnt:warn] [pid 2952:tid 18904] (OS 64)The specified network name is no longer available.  : AH00341: winnt_accept: Asynchronous AcceptEx failed.
[Sat Nov 04 15:59:59.531873 2017] [mpm_winnt:warn] [pid 2952:tid 18904] (OS 64)The specified network name is no longer available.  : AH00341: winnt_accept: Asynchronous AcceptEx failed.
[Sat Nov 04 16:04:22.497914 2017] [mpm_winnt:warn] [pid 2952:tid 18904] (OS 64)The specified network name is no longer available.  : AH00341: winnt_accept: Asynchronous AcceptEx failed.
[Sat Nov 04 16:04:53.502687 2017] [mpm_winnt:warn] [pid 2952:tid 18904] (OS 64)The specified network name is no longer available.  : AH00341: winnt_accept: Asynchronous AcceptEx failed.
[Sat Nov 04 16:33:10.435746 2017] [mpm_winnt:warn] [pid 2952:tid 18904] (OS 64)The specified network name is no longer available.  : AH00341: winnt_accept: Asynchronous AcceptEx failed.
[Sat Nov 04 16:33:41.431519 2017] [mpm_winnt:warn] [pid 2952:tid 18904] (OS 64)The specified network name is no longer available.  : AH00341: winnt_accept: Asynchronous AcceptEx failed.
[Sat Nov 04 16:47:34.404163 2017] [mpm_winnt:warn] [pid 2952:tid 18904] (OS 64)The specified network name is no longer available.  : AH00341: winnt_accept: Asynchronous AcceptEx failed.
[Sat Nov 04 16:48:05.393935 2017] [mpm_winnt:warn] [pid 2952:tid 18904] (OS 64)The specified network name is no longer available.  : AH00341: winnt_accept: Asynchronous AcceptEx failed.
[Sat Nov 04 16:57:16.352448 2017] [mpm_winnt:warn] [pid 2952:tid 18904] (OS 64)The specified network name is no longer available.  : AH00341: winnt_accept: Asynchronous AcceptEx failed.
[Sat Nov 04 17:07:56.311052 2017] [mpm_winnt:warn] [pid 2952:tid 18904] (OS 64)The specified network name is no longer available.  : AH00341: winnt_accept: Asynchronous AcceptEx failed.
[Sat Nov 04 17:08:27.312825 2017] [mpm_winnt:warn] [pid 2952:tid 18904] (OS 64)The specified network name is no longer available.  : AH00341: winnt_accept: Asynchronous AcceptEx failed.
[Sat Nov 04 17:12:21.290208 2017] [mpm_winnt:warn] [pid 2952:tid 18904] (OS 64)The specified network name is no longer available.  : AH00341: winnt_accept: Asynchronous AcceptEx failed.
[Sat Nov 04 17:12:52.277980 2017] [mpm_winnt:warn] [pid 2952:tid 18904] (OS 64)The specified network name is no longer available.  : AH00341: winnt_accept: Asynchronous AcceptEx failed.
[Sat Nov 04 17:34:26.381998 2017] [mpm_winnt:warn] [pid 2952:tid 18904] (OS 64)The specified network name is no longer available.  : AH00341: winnt_accept: Asynchronous AcceptEx failed.
[Sat Nov 04 17:34:57.387772 2017] [mpm_winnt:warn] [pid 2952:tid 18904] (OS 64)The specified network name is no longer available.  : AH00341: winnt_accept: Asynchronous AcceptEx failed.
[Sat Nov 04 17:45:54.535359 2017] [mpm_winnt:warn] [pid 2952:tid 18904] (OS 64)The specified network name is no longer available.  : AH00341: winnt_accept: Asynchronous AcceptEx failed.
[Sat Nov 04 17:59:19.473398 2017] [access_compat:error] [pid 2952:tid 8972] [client 89.87.178.129:37173] AH01797: client denied by server configuration: E:/nuevo/htdocs/phpmyadmin2
[Sat Nov 04 17:59:19.798417 2017] [access_compat:error] [pid 2952:tid 8972] [client 89.87.178.129:37298] AH01797: client denied by server configuration: E:/nuevo/htdocs/phpMyAdmin2
[Sat Nov 04 17:59:20.112435 2017] [access_compat:error] [pid 2952:tid 8972] [client 89.87.178.129:37436] AH01797: client denied by server configuration: E:/nuevo/phpMyAdmin/scripts
[Sat Nov 04 17:59:20.448454 2017] [access_compat:error] [pid 2952:tid 8972] [client 89.87.178.129:37563] AH01797: client denied by server configuration: E:/nuevo/htdocs/phpMyAdmin
[Sat Nov 04 17:59:20.822476 2017] [access_compat:error] [pid 2952:tid 8972] [client 89.87.178.129:37704] AH01797: client denied by server configuration: E:/nuevo/phpMyAdmin/scripts
[Sat Nov 04 17:59:21.165495 2017] [access_compat:error] [pid 2952:tid 8972] [client 89.87.178.129:37834] AH01797: client denied by server configuration: E:/nuevo/htdocs/phpMyAdmin
[Sat Nov 04 17:59:25.901766 2017] [access_compat:error] [pid 2952:tid 8104] [client 89.87.178.129:38192] AH01797: client denied by server configuration: E:/nuevo/htdocs/phpmyadmin_
[Sat Nov 04 17:59:26.426796 2017] [access_compat:error] [pid 2952:tid 8104] [client 89.87.178.129:38731] AH01797: client denied by server configuration: E:/nuevo/phpMyAdmin/scripts
[Sat Nov 04 17:59:26.850820 2017] [access_compat:error] [pid 2952:tid 8104] [client 89.87.178.129:38827] AH01797: client denied by server configuration: E:/nuevo/phpMyAdmin/scripts
[Sat Nov 04 17:59:28.219899 2017] [access_compat:error] [pid 2952:tid 8772] [client 89.87.178.129:39040] AH01797: client denied by server configuration: E:/nuevo/phpMyAdmin/scripts
[Sat Nov 04 17:59:30.165010 2017] [access_compat:error] [pid 2952:tid 8788] [client 89.87.178.129:39308] AH01797: client denied by server configuration: E:/nuevo/htdocs/phpMyAdmin_
[Sat Nov 04 17:59:30.521030 2017] [access_compat:error] [pid 2952:tid 7464] [client 89.87.178.129:39391] AH01797: client denied by server configuration: E:/nuevo/htdocs/phpMyAdmin
[Sat Nov 04 17:59:30.852049 2017] [access_compat:error] [pid 2952:tid 7464] [client 89.87.178.129:39491] AH01797: client denied by server configuration: E:/nuevo/htdocs/phpMyAdmin
[Sat Nov 04 17:59:31.198069 2017] [access_compat:error] [pid 2952:tid 7464] [client 89.87.178.129:39566] AH01797: client denied by server configuration: E:/nuevo/htdocs/phpMyAdmin
[Sat Nov 04 17:59:31.559090 2017] [access_compat:error] [pid 2952:tid 7924] [client 89.87.178.129:39678] AH01797: client denied by server configuration: E:/nuevo/htdocs/PhpMyAdmin
[Sat Nov 04 17:59:31.891109 2017] [access_compat:error] [pid 2952:tid 7924] [client 89.87.178.129:39818] AH01797: client denied by server configuration: E:/nuevo/htdocs/PHPMYADMIN
[Sat Nov 04 17:59:33.590206 2017] [access_compat:error] [pid 2952:tid 7924] [client 89.87.178.129:40440] AH01797: client denied by server configuration: E:/nuevo/htdocs/xampp/phpmyadmin
[Sat Nov 04 17:59:49.060091 2017] [access_compat:error] [pid 2952:tid 8568] [client 222.186.150.81:64533] AH01797: client denied by server configuration: E:/nuevo/phpMyAdmin/, referer: http://190.27.245.106/phpmyadmin
[Sat Nov 04 19:15:02.096222 2017] [access_compat:error] [pid 2952:tid 7640] [client 91.121.81.50:39360] AH01797: client denied by server configuration: E:/nuevo/htdocs/phpmyadmin2
[Sat Nov 04 19:15:03.101279 2017] [access_compat:error] [pid 2952:tid 15324] [client 91.121.81.50:39713] AH01797: client denied by server configuration: E:/nuevo/htdocs/phpmyadmin2
[Sat Nov 04 19:15:03.410297 2017] [access_compat:error] [pid 2952:tid 15324] [client 91.121.81.50:39834] AH01797: client denied by server configuration: E:/nuevo/htdocs/phpMyAdmin2
[Sat Nov 04 19:15:03.711314 2017] [access_compat:error] [pid 2952:tid 15324] [client 91.121.81.50:39930] AH01797: client denied by server configuration: E:/nuevo/phpMyAdmin/scripts
[Sat Nov 04 19:15:04.022332 2017] [access_compat:error] [pid 2952:tid 15324] [client 91.121.81.50:40028] AH01797: client denied by server configuration: E:/nuevo/htdocs/phpMyAdmin
[Sat Nov 04 19:15:04.334350 2017] [access_compat:error] [pid 2952:tid 15324] [client 91.121.81.50:40132] AH01797: client denied by server configuration: E:/nuevo/phpMyAdmin/scripts
[Sat Nov 04 19:39:58.508811 2017] [proxy_http:error] [pid 2952:tid 8972] (OS 10053)An established connection was aborted by the software in your host machine.  : [client 186.86.80.54:51980] AH01102: error reading status line from remote server 172.22.1.31:80, referer: http://190.27.245.106/isolucionsda/Encabezado.asp?Pagina1=FrameSetGeneral.asp&&Pagina=MagazinHome.asp
[Sat Nov 04 20:00:57.747836 2017] [proxy_http:error] [pid 2952:tid 7400] (OS 10053)An established connection was aborted by the software in your host machine.  : [client 186.155.137.198:50291] AH01102: error reading status line from remote server 172.22.1.31:80, referer: http://190.27.245.106/ISOlucionSDA/bancoconocimiento/m/mapadeprocesos__v4/mapadeprocesos__v4.asp
[Sat Nov 04 20:00:57.747836 2017] [proxy_http:error] [pid 2952:tid 8176] (OS 10053)An established connection was aborted by the software in your host machine.  : [client 186.155.137.198:50294] AH01102: error reading status line from remote server 172.22.1.31:80, referer: http://190.27.245.106/ISOlucionSDA/bancoconocimiento/m/mapadeprocesos__v4/mapadeprocesos__v4.asp
[Sat Nov 04 20:14:07.465005 2017] [mpm_winnt:warn] [pid 2952:tid 18904] (OS 64)The specified network name is no longer available.  : AH00341: winnt_accept: Asynchronous AcceptEx failed.
[Sat Nov 04 20:14:07.466005 2017] [mpm_winnt:warn] [pid 2952:tid 18904] (OS 64)The specified network name is no longer available.  : AH00341: winnt_accept: Asynchronous AcceptEx failed.
[Sat Nov 04 20:50:14.925977 2017] [access_compat:error] [pid 2952:tid 17048] [client 89.87.178.129:48501] AH01797: client denied by server configuration: E:/nuevo/htdocs/phpmyadmin2
[Sat Nov 04 20:50:15.123988 2017] [access_compat:error] [pid 2952:tid 17048] [client 89.87.178.129:48569] AH01797: client denied by server configuration: E:/nuevo/htdocs/phpmyadmin2
[Sat Nov 04 20:50:15.267996 2017] [access_compat:error] [pid 2952:tid 8080] [client 89.87.178.129:48636] AH01797: client denied by server configuration: E:/nuevo/htdocs/phpMyAdmin2
[Sat Nov 04 20:50:15.499010 2017] [access_compat:error] [pid 2952:tid 8080] [client 89.87.178.129:48713] AH01797: client denied by server configuration: E:/nuevo/htdocs/phpMyAdmin2
[Sat Nov 04 20:50:15.586015 2017] [access_compat:error] [pid 2952:tid 17048] [client 89.87.178.129:48762] AH01797: client denied by server configuration: E:/nuevo/phpMyAdmin/scripts
[Sat Nov 04 20:50:15.854030 2017] [access_compat:error] [pid 2952:tid 17048] [client 89.87.178.129:48849] AH01797: client denied by server configuration: E:/nuevo/phpMyAdmin/scripts
[Sat Nov 04 20:50:15.932034 2017] [access_compat:error] [pid 2952:tid 8080] [client 89.87.178.129:48879] AH01797: client denied by server configuration: E:/nuevo/htdocs/phpMyAdmin
[Sat Nov 04 20:50:16.278054 2017] [access_compat:error] [pid 2952:tid 8080] [client 89.87.178.129:48957] AH01797: client denied by server configuration: E:/nuevo/htdocs/phpMyAdmin
[Sat Nov 04 20:50:16.410062 2017] [access_compat:error] [pid 2952:tid 17048] [client 89.87.178.129:49002] AH01797: client denied by server configuration: E:/nuevo/phpMyAdmin/scripts
[Sat Nov 04 20:50:16.628074 2017] [access_compat:error] [pid 2952:tid 17048] [client 89.87.178.129:49090] AH01797: client denied by server configuration: E:/nuevo/phpMyAdmin/scripts
[Sat Nov 04 20:50:16.759082 2017] [access_compat:error] [pid 2952:tid 8080] [client 89.87.178.129:49130] AH01797: client denied by server configuration: E:/nuevo/htdocs/phpMyAdmin
[Sat Nov 04 20:50:16.962093 2017] [access_compat:error] [pid 2952:tid 8080] [client 89.87.178.129:49212] AH01797: client denied by server configuration: E:/nuevo/htdocs/phpMyAdmin
[Sat Nov 04 20:50:17.929149 2017] [access_compat:error] [pid 2952:tid 8080] [client 89.87.178.129:49507] AH01797: client denied by server configuration: E:/nuevo/htdocs/phpmyadmin_
[Sat Nov 04 20:50:18.144161 2017] [access_compat:error] [pid 2952:tid 16156] [client 89.87.178.129:49552] AH01797: client denied by server configuration: E:/nuevo/htdocs/phpmyadmin_
[Sat Nov 04 20:50:18.279169 2017] [access_compat:error] [pid 2952:tid 8080] [client 89.87.178.129:49616] AH01797: client denied by server configuration: E:/nuevo/phpMyAdmin/scripts
[Sat Nov 04 20:50:18.469179 2017] [access_compat:error] [pid 2952:tid 8080] [client 89.87.178.129:49678] AH01797: client denied by server configuration: E:/nuevo/phpMyAdmin/scripts
[Sat Nov 04 20:50:18.627188 2017] [access_compat:error] [pid 2952:tid 7936] [client 89.87.178.129:49726] AH01797: client denied by server configuration: E:/nuevo/phpMyAdmin/scripts
[Sat Nov 04 20:50:18.890204 2017] [access_compat:error] [pid 2952:tid 7936] [client 89.87.178.129:49774] AH01797: client denied by server configuration: E:/nuevo/phpMyAdmin/scripts
[Sat Nov 04 20:50:19.053213 2017] [access_compat:error] [pid 2952:tid 7924] [client 89.87.178.129:49837] AH01797: client denied by server configuration: E:/nuevo/phpMyAdmin/scripts
[Sat Nov 04 20:50:19.249224 2017] [access_compat:error] [pid 2952:tid 7924] [client 89.87.178.129:49889] AH01797: client denied by server configuration: E:/nuevo/phpMyAdmin/scripts
[Sat Nov 04 20:50:19.862259 2017] [access_compat:error] [pid 2952:tid 8080] [client 89.87.178.129:50040] AH01797: client denied by server configuration: E:/nuevo/htdocs/phpMyAdmin_
[Sat Nov 04 20:50:19.925263 2017] [access_compat:error] [pid 2952:tid 7400] [client 89.87.178.129:50072] AH01797: client denied by server configuration: E:/nuevo/htdocs/phpMyAdmin_
[Sat Nov 04 20:50:20.312285 2017] [access_compat:error] [pid 2952:tid 7400] [client 89.87.178.129:50162] AH01797: client denied by server configuration: E:/nuevo/htdocs/phpMyAdmin
[Sat Nov 04 20:50:20.323285 2017] [access_compat:error] [pid 2952:tid 8080] [client 89.87.178.129:50185] AH01797: client denied by server configuration: E:/nuevo/htdocs/phpMyAdmin
[Sat Nov 04 20:50:20.749310 2017] [access_compat:error] [pid 2952:tid 8604] [client 89.87.178.129:50296] AH01797: client denied by server configuration: E:/nuevo/htdocs/phpMyAdmin
[Sat Nov 04 20:50:20.750310 2017] [access_compat:error] [pid 2952:tid 8176] [client 89.87.178.129:50295] AH01797: client denied by server configuration: E:/nuevo/htdocs/phpMyAdmin
[Sat Nov 04 20:50:21.091329 2017] [access_compat:error] [pid 2952:tid 7824] [client 89.87.178.129:50402] AH01797: client denied by server configuration: E:/nuevo/htdocs/phpMyAdmin
[Sat Nov 04 20:50:21.119331 2017] [access_compat:error] [pid 2952:tid 8176] [client 89.87.178.129:50405] AH01797: client denied by server configuration: E:/nuevo/htdocs/phpMyAdmin
[Sat Nov 04 20:50:21.442349 2017] [access_compat:error] [pid 2952:tid 7612] [client 89.87.178.129:50504] AH01797: client denied by server configuration: E:/nuevo/htdocs/PhpMyAdmin
[Sat Nov 04 20:50:21.477351 2017] [access_compat:error] [pid 2952:tid 8588] [client 89.87.178.129:50500] AH01797: client denied by server configuration: E:/nuevo/htdocs/PhpMyAdmin
[Sat Nov 04 20:50:21.855373 2017] [access_compat:error] [pid 2952:tid 7536] [client 89.87.178.129:50597] AH01797: client denied by server configuration: E:/nuevo/htdocs/PHPMYADMIN
[Sat Nov 04 20:50:21.861373 2017] [access_compat:error] [pid 2952:tid 8512] [client 89.87.178.129:50604] AH01797: client denied by server configuration: E:/nuevo/htdocs/PHPMYADMIN
[Sat Nov 04 20:50:23.653476 2017] [access_compat:error] [pid 2952:tid 7536] [client 89.87.178.129:51095] AH01797: client denied by server configuration: E:/nuevo/htdocs/xampp/phpmyadmin
[Sat Nov 04 20:50:23.855488 2017] [access_compat:error] [pid 2952:tid 7536] [client 89.87.178.129:51144] AH01797: client denied by server configuration: E:/nuevo/htdocs/xampp/phpmyadmin
[Sat Nov 04 20:50:36.861231 2017] [mpm_winnt:warn] [pid 2952:tid 18904] (OS 64)The specified network name is no longer available.  : AH00341: winnt_accept: Asynchronous AcceptEx failed.
[Sat Nov 04 21:52:51.709853 2017] [mpm_winnt:warn] [pid 2952:tid 18904] (OS 64)The specified network name is no longer available.  : AH00341: winnt_accept: Asynchronous AcceptEx failed.
[Sat Nov 04 22:21:24.097795 2017] [mpm_winnt:warn] [pid 2952:tid 18904] (OS 64)The specified network name is no longer available.  : AH00341: winnt_accept: Asynchronous AcceptEx failed.
[Sat Nov 04 22:21:24.098796 2017] [mpm_winnt:warn] [pid 2952:tid 18904] (OS 64)The specified network name is no longer available.  : AH00341: winnt_accept: Asynchronous AcceptEx failed.
[Sat Nov 04 22:21:24.098796 2017] [mpm_winnt:warn] [pid 2952:tid 18904] (OS 64)The specified network name is no longer available.  : AH00341: winnt_accept: Asynchronous AcceptEx failed.
[Sat Nov 04 22:31:12.208434 2017] [proxy_http:error] [pid 2952:tid 8788] (OS 10053)An established connection was aborted by the software in your host machine.  : [client 186.154.159.158:52855] AH01102: error reading status line from remote server 172.22.1.31:80, referer: http://190.27.245.106/isolucionsda/FrameSetGeneral.asp?Pagina1=FrameSetGeneral.asp&
[Sat Nov 04 22:31:12.208434 2017] [proxy:error] [pid 2952:tid 8788] [client 186.154.159.158:52855] AH00898: Error reading from remote server returned by /isolucionsda/MagazinHome.asp, referer: http://190.27.245.106/isolucionsda/FrameSetGeneral.asp?Pagina1=FrameSetGeneral.asp&
[Sat Nov 04 23:09:04.014373 2017] [core:error] [pid 2952:tid 11044] (20024)The given path is misformatted or contained invalid characters: [client 104.245.103.92:53502] AH00127: Cannot map GET /www.ambientebogota.gov.co:81 HTTP/1.1 to file
[Sat Nov 04 23:09:05.847478 2017] [core:error] [pid 2952:tid 7392] (20024)The given path is misformatted or contained invalid characters: [client 104.245.103.92:53561] AH00127: Cannot map GET /js/),this.$menu.html(t),this},next:function(t){var n=this.$menu.find( HTTP/1.1 to file
[Sat Nov 04 23:09:06.636523 2017] [core:error] [pid 2952:tid 7448] (20024)The given path is misformatted or contained invalid characters: [client 104.245.103.92:53771] AH00127: Cannot map GET /js/));Yt.optgroup=Yt.option,Yt.tbody=Yt.tfoot=Yt.colgroup=Yt.caption=Yt.thead,Yt.th=Yt.td,it.extend({clone:function(e,t,n){var r,i,o,a,s,u=it.contains(e.ownerDocument,e);if(nt.html5Clone||it.isXMLDoc(e)||!Bt.test( HTTP/1.1 to file
[Sat Nov 04 23:09:07.264559 2017] [core:error] [pid 2952:tid 8764] (20024)The given path is misformatted or contained invalid characters: [client 104.245.103.92:53836] AH00127: Cannot map GET /js/,data:t}).done(function(e){i=arguments,a.html(r?it( HTTP/1.1 to file
[Sat Nov 04 23:09:07.458570 2017] [core:error] [pid 2952:tid 14676] (20024)The given path is misformatted or contained invalid characters: [client 104.245.103.92:53855] AH00127: Cannot map GET /js/],_default:nt.htmlSerialize?[0, HTTP/1.1 to file
[Sat Nov 04 23:26:06.816874 2017] [proxy_http:error] [pid 2952:tid 8408] (OS 10053)An established connection was aborted by the software in your host machine.  : [client 186.154.159.158:50142] AH01102: error reading status line from remote server 172.22.1.31:80, referer: http://190.27.245.106/isolucionsda/FrameSetGeneral.asp?Pagina1=FrameSetGeneral.asp&
[Sat Nov 04 23:26:06.816874 2017] [proxy:error] [pid 2952:tid 8408] [client 186.154.159.158:50142] AH00898: Error reading from remote server returned by /isolucionsda/MagazinHome.asp, referer: http://190.27.245.106/isolucionsda/FrameSetGeneral.asp?Pagina1=FrameSetGeneral.asp&
[Sat Nov 04 23:26:06.825875 2017] [proxy_http:error] [pid 2952:tid 14748] (OS 10053)An established connection was aborted by the software in your host machine.  : [client 186.154.159.158:50143] AH01102: error reading status line from remote server 172.22.1.31:80, referer: http://190.27.245.106/isolucionsda/FrameSetGeneral.asp?Pagina1=FrameSetGeneral.asp&
[Sat Nov 04 23:26:06.825875 2017] [proxy:error] [pid 2952:tid 14748] [client 186.154.159.158:50143] AH00898: Error reading from remote server returned by /isolucionsda/BarraFavoritos.asp, referer: http://190.27.245.106/isolucionsda/FrameSetGeneral.asp?Pagina1=FrameSetGeneral.asp&
[Sat Nov 04 23:26:07.026886 2017] [proxy_http:error] [pid 2952:tid 8436] (OS 10053)An established connection was aborted by the software in your host machine.  : [client 186.154.159.158:50144] AH01102: error reading status line from remote server 172.22.1.31:80, referer: http://190.27.245.106/isolucionsda/Encabezado.asp?Pagina1=FrameSetGeneral.asp&&Pagina=MagazinHome.asp
[Sat Nov 04 23:55:07.598441 2017] [core:error] [pid 2952:tid 8612] (20024)The given path is misformatted or contained invalid characters: [client 157.55.39.200:14843] AH00127: Cannot map GET /www.ambientebogota.gov.co:81/ HTTP/1.1 to file

:: Command execute ::

Enter:
 
Select:
 

:: Search ::
regexp 

:: Upload ::
 
[ ok ]

:: Make Dir ::
 
[ ok ]
:: Make File ::
 
[ ok ]

:: Go Dir ::
 
:: Go File ::
 

--[ c99shell v. 1.0 pre-release build #13 powered by Captain Crunch Security Team | http://ccteam.ru | Generation time: 0.0468 ]--