!C99Shell v. 1.0 pre-release build #13!

Software: Apache. PHP/5.5.15 

uname -a: Windows NT SVR-DMZ 6.1 build 7600 (Windows Server 2008 R2 Enterprise Edition) i586 

SYSTEM 

Safe-mode: OFF (not secure)

E:\nuevo\apache\logs\   drwxrwxrwx
Free 7.33 GB of 239.26 GB (3.07%)
Detected drives: [ a ] [ c ] [ d ] [ e ] [ f ]
Home    Back    Forward    UPDIR    Refresh    Search    Buffer    Encoder    Tools    Proc.    FTP brute    Sec.    SQL    PHP-code    Update    Feedback    Self remove    Logout    


Viewing file:     error.2020.07.29.log (88.03 KB)      -rw-rw-rw-
Select action/file-type:
(+) | (+) | (+) | Code (+) | Session (+) | (+) | SDB (+) | (+) | (+) | (+) | (+) | (+) |
[Wed Jul 29 00:07:02.709609 2020] [mpm_winnt:warn] [pid 13888:tid 20132] (OS 64)The specified network name is no longer available.  : AH00341: winnt_accept: Asynchronous AcceptEx failed.
[Wed Jul 29 00:19:05.692879 2020] [mpm_winnt:warn] [pid 13888:tid 20132] (OS 64)The specified network name is no longer available.  : AH00341: winnt_accept: Asynchronous AcceptEx failed.
[Wed Jul 29 00:24:20.563832 2020] [mpm_winnt:warn] [pid 13888:tid 20132] (OS 64)The specified network name is no longer available.  : AH00341: winnt_accept: Asynchronous AcceptEx failed.
[Wed Jul 29 00:58:38.972848 2020] [mpm_winnt:warn] [pid 13888:tid 20132] (OS 64)The specified network name is no longer available.  : AH00341: winnt_accept: Asynchronous AcceptEx failed.
[Wed Jul 29 01:11:59.675454 2020] [proxy:error] [pid 13888:tid 7892] (OS 10060)A connection attempt failed because the connected party did not properly respond after a period of time, or established connection failed because connected host has failed to respond.  : AH00957: HTTP: attempt to connect to 172.22.1.51:8399 (172.22.1.51) failed
[Wed Jul 29 01:11:59.675454 2020] [proxy:error] [pid 13888:tid 7892] AH00959: ap_proxy_connect_backend disabling worker for (172.22.1.51) for 60s
[Wed Jul 29 01:11:59.675454 2020] [proxy_http:error] [pid 13888:tid 7892] [client 152.61.192.232:36652] AH01114: HTTP: failed to make connection to backend: 172.22.1.51
[Wed Jul 29 01:11:59.956254 2020] [proxy:error] [pid 13888:tid 7892] AH00940: HTTP: disabled connection for (172.22.1.51)
[Wed Jul 29 01:12:00.205855 2020] [proxy:error] [pid 13888:tid 7892] AH00940: HTTP: disabled connection for (172.22.1.51)
[Wed Jul 29 01:28:32.617198 2020] [proxy:error] [pid 13888:tid 6012] (OS 10060)A connection attempt failed because the connected party did not properly respond after a period of time, or established connection failed because connected host has failed to respond.  : AH00957: HTTP: attempt to connect to 172.22.1.51:8399 (172.22.1.51) failed
[Wed Jul 29 01:28:32.617198 2020] [proxy:error] [pid 13888:tid 6012] AH00959: ap_proxy_connect_backend disabling worker for (172.22.1.51) for 60s
[Wed Jul 29 01:28:32.617198 2020] [proxy_http:error] [pid 13888:tid 6012] [client 152.61.128.50:55017] AH01114: HTTP: failed to make connection to backend: 172.22.1.51
[Wed Jul 29 01:28:32.835598 2020] [proxy:error] [pid 13888:tid 6012] AH00940: HTTP: disabled connection for (172.22.1.51)
[Wed Jul 29 01:28:33.069599 2020] [proxy:error] [pid 13888:tid 6012] AH00940: HTTP: disabled connection for (172.22.1.51)
[Wed Jul 29 01:33:32.402924 2020] [mpm_winnt:warn] [pid 13888:tid 20132] (OS 64)The specified network name is no longer available.  : AH00341: winnt_accept: Asynchronous AcceptEx failed.
[Wed Jul 29 03:42:36.087926 2020] [mpm_winnt:warn] [pid 13888:tid 20132] (OS 64)The specified network name is no longer available.  : AH00341: winnt_accept: Asynchronous AcceptEx failed.
[Wed Jul 29 04:14:32.364091 2020] [mpm_winnt:warn] [pid 13888:tid 20132] (OS 64)The specified network name is no longer available.  : AH00341: winnt_accept: Asynchronous AcceptEx failed.
[Wed Jul 29 06:02:58.856720 2020] [mpm_winnt:warn] [pid 13888:tid 20132] (OS 64)The specified network name is no longer available.  : AH00341: winnt_accept: Asynchronous AcceptEx failed.
[Wed Jul 29 06:52:42.347360 2020] [mpm_winnt:warn] [pid 13888:tid 20132] (OS 64)The specified network name is no longer available.  : AH00341: winnt_accept: Asynchronous AcceptEx failed.
[Wed Jul 29 08:20:11.087779 2020] [proxy_http:error] [pid 13888:tid 5276] (70008)Partial results are valid but processing is incomplete: [client 200.69.71.170:50310] AH02609: read request body failed to 172.22.1.61:8080 (172.22.1.61) from 200.69.71.170 (), referer: http://190.27.245.106/sipse/faces/presentacion/financiero/solicitudProceso/consultarSolicitudProceso.xhtml
[Wed Jul 29 08:20:11.087779 2020] [proxy_http:error] [pid 13888:tid 5276] [client 200.69.71.170:50310] AH01097: pass request body failed to 172.22.1.61:8080 (172.22.1.61) from 200.69.71.170 (), referer: http://190.27.245.106/sipse/faces/presentacion/financiero/solicitudProceso/consultarSolicitudProceso.xhtml
[Wed Jul 29 08:21:05.875075 2020] [proxy_http:error] [pid 13888:tid 7892] (70008)Partial results are valid but processing is incomplete: [client 200.69.71.170:50324] AH02609: read request body failed to 172.22.1.61:8080 (172.22.1.61) from 200.69.71.170 (), referer: http://190.27.245.106/sipse/faces/presentacion/financiero/solicitudProceso/consultarSolicitudProceso.xhtml
[Wed Jul 29 08:21:05.875075 2020] [proxy_http:error] [pid 13888:tid 7892] [client 200.69.71.170:50324] AH01097: pass request body failed to 172.22.1.61:8080 (172.22.1.61) from 200.69.71.170 (), referer: http://190.27.245.106/sipse/faces/presentacion/financiero/solicitudProceso/consultarSolicitudProceso.xhtml
[Wed Jul 29 08:34:49.384922 2020] [proxy_http:error] [pid 13888:tid 9516] (70008)Partial results are valid but processing is incomplete: [client 181.61.75.10:60907] AH02609: read request body failed to 172.22.1.61:8080 (172.22.1.61) from 181.61.75.10 (), referer: http://190.27.245.106/sipse/faces/presentacion/financiero/solicitudProceso/consultarSolicitudProceso.xhtml
[Wed Jul 29 08:34:49.384922 2020] [proxy_http:error] [pid 13888:tid 9516] [client 181.61.75.10:60907] AH01097: pass request body failed to 172.22.1.61:8080 (172.22.1.61) from 181.61.75.10 (), referer: http://190.27.245.106/sipse/faces/presentacion/financiero/solicitudProceso/consultarSolicitudProceso.xhtml
[Wed Jul 29 08:35:00.102140 2020] [proxy_http:error] [pid 13888:tid 8232] (70008)Partial results are valid but processing is incomplete: [client 181.61.75.10:60912] AH02609: read request body failed to 172.22.1.61:8080 (172.22.1.61) from 181.61.75.10 (), referer: http://190.27.245.106/sipse/faces/presentacion/financiero/solicitudProceso/consultarSolicitudProceso.xhtml
[Wed Jul 29 08:35:00.102140 2020] [proxy_http:error] [pid 13888:tid 8232] [client 181.61.75.10:60912] AH01097: pass request body failed to 172.22.1.61:8080 (172.22.1.61) from 181.61.75.10 (), referer: http://190.27.245.106/sipse/faces/presentacion/financiero/solicitudProceso/consultarSolicitudProceso.xhtml
[Wed Jul 29 08:40:13.257090 2020] [proxy:error] [pid 13888:tid 5804] (OS 10053)An established connection was aborted by the software in your host machine.  : [client 181.61.75.10:60897] AH01084: pass request body failed to 172.22.1.61:8080 (172.22.1.61), referer: http://190.27.245.106/sipse/faces/presentacion/financiero/solicitudProceso/consultarSolicitudProceso.xhtml
[Wed Jul 29 08:40:13.257090 2020] [proxy_http:error] [pid 13888:tid 5804] [client 181.61.75.10:60897] AH01097: pass request body failed to 172.22.1.61:8080 (172.22.1.61) from 181.61.75.10 (), referer: http://190.27.245.106/sipse/faces/presentacion/financiero/solicitudProceso/consultarSolicitudProceso.xhtml
[Wed Jul 29 08:42:26.387724 2020] [proxy_http:error] [pid 13888:tid 7532] (OS 10054)An existing connection was forcibly closed by the remote host.  : [client 181.61.75.10:60993] AH01095: prefetch request body failed to 172.22.1.61:8080 (172.22.1.61) from 181.61.75.10 (), referer: http://190.27.245.106/sipse/faces/presentacion/sistema/anexos/cargarAnexoSolicitudProceso.xhtml
[Wed Jul 29 08:53:17.033667 2020] [proxy_http:error] [pid 13888:tid 6052] (OS 10054)An existing connection was forcibly closed by the remote host.  : [client 181.61.75.10:61061] AH01095: prefetch request body failed to 172.22.1.61:8080 (172.22.1.61) from 181.61.75.10 (), referer: http://190.27.245.106/sipse/faces/presentacion/financiero/estudioPrevio/personalSolicitado/expedirExperienciaIdoneidad.xhtml
[Wed Jul 29 08:58:45.305044 2020] [proxy_http:error] [pid 13888:tid 5412] (70008)Partial results are valid but processing is incomplete: [client 200.69.71.170:50578] AH02609: read request body failed to 172.22.1.61:8080 (172.22.1.61) from 200.69.71.170 (), referer: http://190.27.245.106/sipse/faces/presentacion/financiero/solicitudProceso/consultarSolicitudProceso.xhtml
[Wed Jul 29 08:58:45.305044 2020] [proxy_http:error] [pid 13888:tid 5412] [client 200.69.71.170:50578] AH01097: pass request body failed to 172.22.1.61:8080 (172.22.1.61) from 200.69.71.170 (), referer: http://190.27.245.106/sipse/faces/presentacion/financiero/solicitudProceso/consultarSolicitudProceso.xhtml
[Wed Jul 29 09:03:32.128147 2020] [proxy_http:error] [pid 13888:tid 19696] (OS 10054)An existing connection was forcibly closed by the remote host.  : [client 181.61.75.10:61177] AH01095: prefetch request body failed to 172.22.1.61:8080 (172.22.1.61) from 181.61.75.10 (), referer: http://190.27.245.106/sipse/faces/presentacion/sistema/anexos/cargarAnexoSolicitudProceso.xhtml
[Wed Jul 29 09:31:05.465851 2020] [proxy_http:error] [pid 13888:tid 5604] (20014)Internal error: [client 181.61.75.10:3106] AH01102: error reading status line from remote server 172.22.1.61:8080, referer: http://190.27.245.106/sipse/faces/presentacion/sistema/anexos/cargarAnexoSolicitudProceso.xhtml
[Wed Jul 29 09:59:14.154217 2020] [proxy_http:error] [pid 13888:tid 6256] (70008)Partial results are valid but processing is incomplete: [client 200.69.71.170:50822] AH02609: read request body failed to 172.22.1.61:8080 (172.22.1.61) from 200.69.71.170 (), referer: http://190.27.245.106/sipse/faces/presentacion/financiero/solicitudProceso/consultarSolicitudProceso.xhtml
[Wed Jul 29 09:59:14.154217 2020] [proxy_http:error] [pid 13888:tid 6256] [client 200.69.71.170:50822] AH01097: pass request body failed to 172.22.1.61:8080 (172.22.1.61) from 200.69.71.170 (), referer: http://190.27.245.106/sipse/faces/presentacion/financiero/solicitudProceso/consultarSolicitudProceso.xhtml
[Wed Jul 29 10:03:59.260318 2020] [mpm_winnt:warn] [pid 13888:tid 20132] (OS 64)The specified network name is no longer available.  : AH00341: winnt_accept: Asynchronous AcceptEx failed.
[Wed Jul 29 10:03:59.260318 2020] [mpm_winnt:warn] [pid 13888:tid 20132] (OS 64)The specified network name is no longer available.  : AH00341: winnt_accept: Asynchronous AcceptEx failed.
[Wed Jul 29 10:03:59.509919 2020] [mpm_winnt:warn] [pid 13888:tid 20132] (OS 64)The specified network name is no longer available.  : AH00341: winnt_accept: Asynchronous AcceptEx failed.
[Wed Jul 29 10:04:20.881956 2020] [mpm_winnt:warn] [pid 13888:tid 20132] (OS 64)The specified network name is no longer available.  : AH00341: winnt_accept: Asynchronous AcceptEx failed.
[Wed Jul 29 10:04:51.645210 2020] [mpm_winnt:warn] [pid 13888:tid 20132] (OS 64)The specified network name is no longer available.  : AH00341: winnt_accept: Asynchronous AcceptEx failed.
[Wed Jul 29 10:04:51.645210 2020] [mpm_winnt:warn] [pid 13888:tid 20132] (OS 64)The specified network name is no longer available.  : AH00341: winnt_accept: Asynchronous AcceptEx failed.
[Wed Jul 29 10:07:39.158304 2020] [mpm_winnt:warn] [pid 13888:tid 20132] (OS 64)The specified network name is no longer available.  : AH00341: winnt_accept: Asynchronous AcceptEx failed.
[Wed Jul 29 10:07:56.240334 2020] [mpm_winnt:warn] [pid 13888:tid 20132] (OS 64)The specified network name is no longer available.  : AH00341: winnt_accept: Asynchronous AcceptEx failed.
[Wed Jul 29 10:07:56.489935 2020] [mpm_winnt:warn] [pid 13888:tid 20132] (OS 64)The specified network name is no longer available.  : AH00341: winnt_accept: Asynchronous AcceptEx failed.
[Wed Jul 29 10:09:10.215664 2020] [mpm_winnt:warn] [pid 13888:tid 20132] (OS 64)The specified network name is no longer available.  : AH00341: winnt_accept: Asynchronous AcceptEx failed.
[Wed Jul 29 10:09:31.759302 2020] [mpm_winnt:warn] [pid 13888:tid 20132] (OS 64)The specified network name is no longer available.  : AH00341: winnt_accept: Asynchronous AcceptEx failed.
[Wed Jul 29 10:09:31.774902 2020] [mpm_winnt:warn] [pid 13888:tid 20132] (OS 64)The specified network name is no longer available.  : AH00341: winnt_accept: Asynchronous AcceptEx failed.
[Wed Jul 29 10:09:31.790502 2020] [mpm_winnt:warn] [pid 13888:tid 20132] (OS 64)The specified network name is no longer available.  : AH00341: winnt_accept: Asynchronous AcceptEx failed.
[Wed Jul 29 10:13:08.350083 2020] [mpm_winnt:warn] [pid 13888:tid 20132] (OS 64)The specified network name is no longer available.  : AH00341: winnt_accept: Asynchronous AcceptEx failed.
[Wed Jul 29 10:23:03.101127 2020] [proxy_http:error] [pid 13888:tid 6424] (OS 10060)A connection attempt failed because the connected party did not properly respond after a period of time, or established connection failed because connected host has failed to respond.  : [client 181.61.75.10:60997] AH01095: prefetch request body failed to 172.22.1.61:8080 (172.22.1.61) from 181.61.75.10 (), referer: http://190.27.245.106/sipse/faces/presentacion/sistema/anexos/cargarAnexoSolicitudProceso.xhtml
[Wed Jul 29 10:24:00.103627 2020] [proxy_http:error] [pid 13888:tid 7340] (70008)Partial results are valid but processing is incomplete: [client 181.61.75.10:61855] AH02609: read request body failed to 172.22.1.61:8080 (172.22.1.61) from 181.61.75.10 (), referer: http://190.27.245.106/sipse/faces/presentacion/financiero/solicitudProceso/consultarSolicitudProceso.xhtml
[Wed Jul 29 10:24:00.103627 2020] [proxy_http:error] [pid 13888:tid 7340] [client 181.61.75.10:61855] AH01097: pass request body failed to 172.22.1.61:8080 (172.22.1.61) from 181.61.75.10 (), referer: http://190.27.245.106/sipse/faces/presentacion/financiero/solicitudProceso/consultarSolicitudProceso.xhtml
[Wed Jul 29 10:24:13.379251 2020] [proxy_http:error] [pid 13888:tid 6696] (70008)Partial results are valid but processing is incomplete: [client 181.61.75.10:61858] AH02609: read request body failed to 172.22.1.61:8080 (172.22.1.61) from 181.61.75.10 (), referer: http://190.27.245.106/sipse/faces/presentacion/financiero/solicitudProceso/consultarSolicitudProceso.xhtml
[Wed Jul 29 10:24:13.379251 2020] [proxy_http:error] [pid 13888:tid 6696] [client 181.61.75.10:61858] AH01097: pass request body failed to 172.22.1.61:8080 (172.22.1.61) from 181.61.75.10 (), referer: http://190.27.245.106/sipse/faces/presentacion/financiero/solicitudProceso/consultarSolicitudProceso.xhtml
[Wed Jul 29 10:24:25.843673 2020] [proxy_http:error] [pid 13888:tid 7892] (70008)Partial results are valid but processing is incomplete: [client 181.61.75.10:61865] AH02609: read request body failed to 172.22.1.61:8080 (172.22.1.61) from 181.61.75.10 (), referer: http://190.27.245.106/sipse/faces/presentacion/financiero/solicitudProceso/consultarSolicitudProceso.xhtml
[Wed Jul 29 10:24:25.843673 2020] [proxy_http:error] [pid 13888:tid 7892] [client 181.61.75.10:61865] AH01097: pass request body failed to 172.22.1.61:8080 (172.22.1.61) from 181.61.75.10 (), referer: http://190.27.245.106/sipse/faces/presentacion/financiero/solicitudProceso/consultarSolicitudProceso.xhtml
[Wed Jul 29 10:26:00.567039 2020] [proxy_http:error] [pid 13888:tid 6544] (OS 10060)A connection attempt failed because the connected party did not properly respond after a period of time, or established connection failed because connected host has failed to respond.  : [client 181.61.75.10:61037] AH01095: prefetch request body failed to 172.22.1.61:8080 (172.22.1.61) from 181.61.75.10 (), referer: http://190.27.245.106/sipse/faces/presentacion/financiero/estudioPrevio/personalSolicitado/expedirExperienciaIdoneidad.xhtml
[Wed Jul 29 10:28:56.566548 2020] [proxy_http:error] [pid 13888:tid 6208] (OS 10054)An existing connection was forcibly closed by the remote host.  : [client 181.61.75.10:61905] AH01095: prefetch request body failed to 172.22.1.61:8080 (172.22.1.61) from 181.61.75.10 (), referer: http://190.27.245.106/sipse/faces/presentacion/sistema/anexos/cargarAnexoSolicitudProceso.xhtml
[Wed Jul 29 10:35:31.715242 2020] [proxy_http:error] [pid 13888:tid 7148] (70008)Partial results are valid but processing is incomplete: [client 181.61.75.10:62142] AH02609: read request body failed to 172.22.1.61:8080 (172.22.1.61) from 181.61.75.10 (), referer: http://190.27.245.106/sipse/faces/presentacion/financiero/solicitudProceso/consultarSolicitudProceso.xhtml
[Wed Jul 29 10:35:31.715242 2020] [proxy_http:error] [pid 13888:tid 7148] [client 181.61.75.10:62142] AH01097: pass request body failed to 172.22.1.61:8080 (172.22.1.61) from 181.61.75.10 (), referer: http://190.27.245.106/sipse/faces/presentacion/financiero/solicitudProceso/consultarSolicitudProceso.xhtml
[Wed Jul 29 10:35:55.286884 2020] [proxy_http:error] [pid 13888:tid 6760] (70008)Partial results are valid but processing is incomplete: [client 181.61.75.10:62141] AH02609: read request body failed to 172.22.1.61:8080 (172.22.1.61) from 181.61.75.10 (), referer: http://190.27.245.106/sipse/faces/presentacion/financiero/solicitudProceso/consultarSolicitudProceso.xhtml
[Wed Jul 29 10:35:55.286884 2020] [proxy_http:error] [pid 13888:tid 6760] [client 181.61.75.10:62141] AH01097: pass request body failed to 172.22.1.61:8080 (172.22.1.61) from 181.61.75.10 (), referer: http://190.27.245.106/sipse/faces/presentacion/financiero/solicitudProceso/consultarSolicitudProceso.xhtml
[Wed Jul 29 10:36:42.008966 2020] [mpm_winnt:warn] [pid 13888:tid 20132] (OS 64)The specified network name is no longer available.  : AH00341: winnt_accept: Asynchronous AcceptEx failed.
[Wed Jul 29 10:36:43.802969 2020] [proxy_http:error] [pid 13888:tid 5492] (OS 10054)An existing connection was forcibly closed by the remote host.  : [client 181.61.75.10:62157] AH01095: prefetch request body failed to 172.22.1.61:8080 (172.22.1.61) from 181.61.75.10 (), referer: http://190.27.245.106/sipse/faces/presentacion/sistema/anexos/cargarAnexoSolicitudProceso.xhtml
[Wed Jul 29 10:39:50.504097 2020] [proxy_http:error] [pid 13888:tid 5908] (OS 10060)A connection attempt failed because the connected party did not properly respond after a period of time, or established connection failed because connected host has failed to respond.  : [client 181.61.75.10:61137] AH01095: prefetch request body failed to 172.22.1.61:8080 (172.22.1.61) from 181.61.75.10 (), referer: http://190.27.245.106/sipse/faces/presentacion/financiero/solicitudProceso/consultarSolicitudProceso.xhtml
[Wed Jul 29 10:41:14.447844 2020] [proxy_http:error] [pid 13888:tid 5884] (OS 10054)An existing connection was forcibly closed by the remote host.  : [client 181.61.75.10:62213] AH01095: prefetch request body failed to 172.22.1.61:8080 (172.22.1.61) from 181.61.75.10 (), referer: http://190.27.245.106/sipse/faces/presentacion/financiero/estudioPrevio/personalSolicitado/asociarExperienciaContratista.xhtml
[Wed Jul 29 11:07:59.878864 2020] [mpm_winnt:warn] [pid 13888:tid 20132] (OS 64)The specified network name is no longer available.  : AH00341: winnt_accept: Asynchronous AcceptEx failed.
[Wed Jul 29 11:18:21.243555 2020] [proxy_http:error] [pid 13888:tid 6480] (70008)Partial results are valid but processing is incomplete: [client 200.69.71.170:51244] AH02609: read request body failed to 172.22.1.61:8080 (172.22.1.61) from 200.69.71.170 (), referer: http://190.27.245.106/sipse/faces/presentacion/financiero/solicitudProceso/consultarSolicitudProceso.xhtml
[Wed Jul 29 11:18:21.243555 2020] [proxy_http:error] [pid 13888:tid 6480] [client 200.69.71.170:51244] AH01097: pass request body failed to 172.22.1.61:8080 (172.22.1.61) from 200.69.71.170 (), referer: http://190.27.245.106/sipse/faces/presentacion/financiero/solicitudProceso/consultarSolicitudProceso.xhtml
[Wed Jul 29 11:24:50.167838 2020] [mpm_winnt:warn] [pid 13888:tid 20132] (OS 64)The specified network name is no longer available.  : AH00341: winnt_accept: Asynchronous AcceptEx failed.
[Wed Jul 29 11:41:44.388020 2020] [mpm_winnt:warn] [pid 13888:tid 20132] (OS 64)The specified network name is no longer available.  : AH00341: winnt_accept: Asynchronous AcceptEx failed.
[Wed Jul 29 11:45:33.380822 2020] [cgi:error] [pid 13888:tid 6360] [client 129.213.112.175:60956] script not found or unable to stat: E:/nuevo/cgi-bin/kerbynet
[Wed Jul 29 11:45:33.396422 2020] [cgi:error] [pid 13888:tid 6272] [client 129.213.112.175:34022] script not found or unable to stat: E:/nuevo/cgi-bin/kerbynet
[Wed Jul 29 11:45:34.426024 2020] [cgi:error] [pid 13888:tid 6760] [client 129.213.112.175:40892] script not found or unable to stat: E:/nuevo/cgi-bin/kerbynet
[Wed Jul 29 11:45:35.424426 2020] [cgi:error] [pid 13888:tid 6736] [client 129.213.112.175:46234] script not found or unable to stat: E:/nuevo/cgi-bin/kerbynet
[Wed Jul 29 11:48:29.381331 2020] [cgi:error] [pid 13888:tid 7260] [client 129.213.112.175:49122] script not found or unable to stat: E:/nuevo/cgi-bin/kerbynet
[Wed Jul 29 11:48:29.428131 2020] [cgi:error] [pid 13888:tid 5372] [client 129.213.112.175:51336] script not found or unable to stat: E:/nuevo/cgi-bin/kerbynet
[Wed Jul 29 11:48:29.474931 2020] [cgi:error] [pid 13888:tid 6224] [client 129.213.112.175:53476] script not found or unable to stat: E:/nuevo/cgi-bin/kerbynet
[Wed Jul 29 11:48:33.546539 2020] [proxy_http:error] [pid 13888:tid 9516] (20014)Internal error: [client 181.61.75.10:62953] AH01102: error reading status line from remote server 172.22.1.61:8080, referer: http://190.27.245.106/sipse/faces/presentacion/financiero/solicitudProceso/consultarHistorialSolProceso.xhtml
[Wed Jul 29 11:52:07.407314 2020] [cgi:error] [pid 13888:tid 19140] [client 129.213.112.175:57328] script not found or unable to stat: E:/nuevo/cgi-bin/kerbynet
[Wed Jul 29 11:52:07.469714 2020] [cgi:error] [pid 13888:tid 7340] [client 129.213.112.175:57546] script not found or unable to stat: E:/nuevo/cgi-bin/kerbynet
[Wed Jul 29 11:52:07.672515 2020] [cgi:error] [pid 13888:tid 6224] [client 129.213.112.175:58068] script not found or unable to stat: E:/nuevo/cgi-bin/kerbynet
[Wed Jul 29 11:55:24.342060 2020] [cgi:error] [pid 13888:tid 6760] [client 129.213.112.175:37934] script not found or unable to stat: E:/nuevo/cgi-bin/kerbynet
[Wed Jul 29 11:55:24.420060 2020] [cgi:error] [pid 13888:tid 6052] [client 129.213.112.175:41542] script not found or unable to stat: E:/nuevo/cgi-bin/kerbynet
[Wed Jul 29 11:55:25.402862 2020] [cgi:error] [pid 13888:tid 6100] [client 129.213.112.175:47152] script not found or unable to stat: E:/nuevo/cgi-bin/kerbynet
[Wed Jul 29 12:00:07.201757 2020] [proxy_http:error] [pid 13888:tid 5248] (OS 10054)An existing connection was forcibly closed by the remote host.  : [client 181.61.75.10:63041] AH01095: prefetch request body failed to 172.22.1.61:8080 (172.22.1.61) from 181.61.75.10 (), referer: http://190.27.245.106/sipse/faces/presentacion/financiero/solicitudProceso/consultarHistorialSolProceso.xhtml
[Wed Jul 29 12:02:38.444023 2020] [cgi:error] [pid 13888:tid 6812] [client 129.213.112.175:48300] script not found or unable to stat: E:/nuevo/cgi-bin/kerbynet
[Wed Jul 29 12:02:42.375229 2020] [proxy_http:error] [pid 13888:tid 19808] (OS 10054)An existing connection was forcibly closed by the remote host.  : [client 181.61.75.10:63065] AH01095: prefetch request body failed to 172.22.1.61:8080 (172.22.1.61) from 181.61.75.10 (), referer: http://190.27.245.106/sipse/faces/presentacion/financiero/solicitudProceso/consultarSolicitudProceso.xhtml
[Wed Jul 29 12:04:31.934222 2020] [proxy_http:error] [pid 13888:tid 5860] (70008)Partial results are valid but processing is incomplete: [client 181.61.75.10:63085] AH02609: read request body failed to 172.22.1.61:8080 (172.22.1.61) from 181.61.75.10 (), referer: http://190.27.245.106/sipse/faces/presentacion/financiero/solicitudProceso/consultarSolicitudProceso.xhtml
[Wed Jul 29 12:04:31.934222 2020] [proxy_http:error] [pid 13888:tid 5860] [client 181.61.75.10:63085] AH01097: pass request body failed to 172.22.1.61:8080 (172.22.1.61) from 181.61.75.10 (), referer: http://190.27.245.106/sipse/faces/presentacion/financiero/solicitudProceso/consultarSolicitudProceso.xhtml
[Wed Jul 29 12:04:40.171036 2020] [proxy_http:error] [pid 13888:tid 5672] (OS 10054)An existing connection was forcibly closed by the remote host.  : [client 181.61.75.10:63081] AH01095: prefetch request body failed to 172.22.1.61:8080 (172.22.1.61) from 181.61.75.10 (), referer: http://190.27.245.106/sipse/faces/faces/autenticacion.xhtml
[Wed Jul 29 12:04:46.535848 2020] [core:error] [pid 13888:tid 6848] [client 190.156.106.111:58582] AH00135: Invalid method in request g\xe7\x8bE\x9f&\xb4\x15\x04{Z\xaape\x11j\xe6y\xad|\x9c\xcd\x1c\xefi\xa8\xc8z\x98t\xc3\x7f\xaf\xa9\xc2R\xb4\x1e.\xb3\xf9RI\x07\xe0\x1c_\x10\xed#\xc5\xcf\x0e"
[Wed Jul 29 12:04:59.171870 2020] [proxy_http:error] [pid 13888:tid 7532] (70008)Partial results are valid but processing is incomplete: [client 181.61.75.10:63095] AH02609: read request body failed to 172.22.1.61:8080 (172.22.1.61) from 181.61.75.10 (), referer: http://190.27.245.106/sipse/faces/presentacion/financiero/solicitudProceso/consultarSolicitudProceso.xhtml
[Wed Jul 29 12:04:59.171870 2020] [proxy_http:error] [pid 13888:tid 7532] [client 181.61.75.10:63095] AH01097: pass request body failed to 172.22.1.61:8080 (172.22.1.61) from 181.61.75.10 (), referer: http://190.27.245.106/sipse/faces/presentacion/financiero/solicitudProceso/consultarSolicitudProceso.xhtml
[Wed Jul 29 12:05:27.501519 2020] [proxy_http:error] [pid 13888:tid 6100] (70008)Partial results are valid but processing is incomplete: [client 181.61.75.10:63107] AH02609: read request body failed to 172.22.1.61:8080 (172.22.1.61) from 181.61.75.10 (), referer: http://190.27.245.106/sipse/faces/presentacion/financiero/solicitudProceso/consultarSolicitudProceso.xhtml
[Wed Jul 29 12:05:27.501519 2020] [proxy_http:error] [pid 13888:tid 6100] [client 181.61.75.10:63107] AH01097: pass request body failed to 172.22.1.61:8080 (172.22.1.61) from 181.61.75.10 (), referer: http://190.27.245.106/sipse/faces/presentacion/financiero/solicitudProceso/consultarSolicitudProceso.xhtml
[Wed Jul 29 12:05:47.843955 2020] [proxy_http:error] [pid 13888:tid 6812] (70008)Partial results are valid but processing is incomplete: [client 181.61.75.10:63106] AH02609: read request body failed to 172.22.1.61:8080 (172.22.1.61) from 181.61.75.10 (), referer: http://190.27.245.106/sipse/faces/presentacion/financiero/solicitudProceso/consultarSolicitudProceso.xhtml
[Wed Jul 29 12:05:47.843955 2020] [proxy_http:error] [pid 13888:tid 6812] [client 181.61.75.10:63106] AH01097: pass request body failed to 172.22.1.61:8080 (172.22.1.61) from 181.61.75.10 (), referer: http://190.27.245.106/sipse/faces/presentacion/financiero/solicitudProceso/consultarSolicitudProceso.xhtml
[Wed Jul 29 12:14:15.780847 2020] [core:error] [pid 13888:tid 19216] [client 190.156.106.111:58709] AH00135: Invalid method in request \x1d\xf3\xcf\xa5M\xae"\\Pp2zg\xf1\xa6\xee\xe0zv\xf5\xfciN{b\x87\xa9Be\x80\xa7\xe0\x01\xc7C\xe9\xda\x9b\xfey\xa7\x0ej\xee\x1a\x11`z\xf1N+\xc0\x199\xa9
[Wed Jul 29 12:17:28.550386 2020] [proxy_http:error] [pid 13888:tid 5668] (20014)Internal error: [client 181.61.75.10:63201] AH01102: error reading status line from remote server 172.22.1.61:8080, referer: http://190.27.245.106/sipse/faces/presentacion/financiero/estudioPrevio/personalSolicitado/asociarExperienciaContratista.xhtml
[Wed Jul 29 12:18:43.960918 2020] [mpm_winnt:warn] [pid 13888:tid 20132] (OS 64)The specified network name is no longer available.  : AH00341: winnt_accept: Asynchronous AcceptEx failed.
[Wed Jul 29 12:19:09.186163 2020] [core:error] [pid 13888:tid 6696] [client 190.156.106.111:58832] AH00135: Invalid method in request g\xe7\x8bE\x9f&\xb4\x15\x04{Z\xaape\x11j\xe6y\xad|\x9c\xcd\x1c\xefi\xa8\xc8z\x98t\xc3\x7f\xaf\xa9\xc2R\xb4\x1e.\xb3\xf9RI\x07\xe0\x1c_\x10\xed#\xc5\xcf\x0e"
[Wed Jul 29 12:19:57.249847 2020] [proxy_http:error] [pid 13888:tid 19016] (OS 10054)An existing connection was forcibly closed by the remote host.  : [client 181.61.68.11:50401] AH01095: prefetch request body failed to 172.22.1.61:8080 (172.22.1.61) from 181.61.68.11 (), referer: http://190.27.245.106/sipse/faces/presentacion/sistema/anexos/cargarAnexoSolicitudProceso.xhtml
[Wed Jul 29 12:20:22.475091 2020] [core:error] [pid 13888:tid 5228] [client 190.156.106.111:59168] AH00135: Invalid method in request g\xe7\x8bE\x9f&\xb4\x15\x04{Z\xaape\x11j\xe6y\xad|\x9c\xcd\x1c\xefi\xa8\xc8z\x98t\xc3\x7f\xaf\xa9\xc2R\xb4\x1e.\xb3\xf9RI\x07\xe0\x1c_\x10\xed#\xc5\xcf\x0e"
[Wed Jul 29 12:20:58.698355 2020] [proxy_http:error] [pid 13888:tid 5684] (20014)Internal error: [client 181.61.68.11:50437] AH01102: error reading status line from remote server 172.22.1.61:8080, referer: http://190.27.245.106/sipse/faces/presentacion/sistema/anexos/cargarAnexoSolicitudProceso.xhtml
[Wed Jul 29 12:20:58.698355 2020] [proxy:error] [pid 13888:tid 5684] [client 181.61.68.11:50437] AH00898: Error reading from remote server returned by /sipse/faces/presentacion/financiero/solicitudProceso/consultarSolicitudProceso.xhtml, referer: http://190.27.245.106/sipse/faces/presentacion/sistema/anexos/cargarAnexoSolicitudProceso.xhtml
[Wed Jul 29 12:25:44.615657 2020] [mpm_winnt:warn] [pid 13888:tid 20132] (OS 64)The specified network name is no longer available.  : AH00341: winnt_accept: Asynchronous AcceptEx failed.
[Wed Jul 29 12:28:25.171139 2020] [proxy_http:error] [pid 13888:tid 5884] (70008)Partial results are valid but processing is incomplete: [client 181.61.75.10:63343] AH02609: read request body failed to 172.22.1.61:8080 (172.22.1.61) from 181.61.75.10 (), referer: http://190.27.245.106/sipse/faces/presentacion/financiero/solicitudProceso/consultarSolicitudProceso.xhtml
[Wed Jul 29 12:28:25.171139 2020] [proxy_http:error] [pid 13888:tid 5884] [client 181.61.75.10:63343] AH01097: pass request body failed to 172.22.1.61:8080 (172.22.1.61) from 181.61.75.10 (), referer: http://190.27.245.106/sipse/faces/presentacion/financiero/solicitudProceso/consultarSolicitudProceso.xhtml
[Wed Jul 29 12:39:40.901926 2020] [proxy_http:error] [pid 13888:tid 6208] (OS 10060)A connection attempt failed because the connected party did not properly respond after a period of time, or established connection failed because connected host has failed to respond.  : [client 181.61.68.11:49897] AH01095: prefetch request body failed to 172.22.1.61:8080 (172.22.1.61) from 181.61.68.11 (), referer: http://190.27.245.106/sipse/faces/presentacion/sistema/anexos/cargarAnexoSolicitudProceso.xhtml
[Wed Jul 29 12:41:52.395557 2020] [mpm_winnt:warn] [pid 13888:tid 20132] (OS 64)The specified network name is no longer available.  : AH00341: winnt_accept: Asynchronous AcceptEx failed.
[Wed Jul 29 12:50:26.697260 2020] [proxy_http:error] [pid 13888:tid 6760] (OS 10054)An existing connection was forcibly closed by the remote host.  : [client 181.61.75.10:63549] AH01095: prefetch request body failed to 172.22.1.61:8080 (172.22.1.61) from 181.61.75.10 (), referer: http://190.27.245.106/sipse/faces/presentacion/sistema/anexos/cargarAnexoSolicitudProceso.xhtml
[Wed Jul 29 12:55:22.738980 2020] [proxy_http:error] [pid 13888:tid 5836] (70008)Partial results are valid but processing is incomplete: [client 186.84.232.207:55415] AH02609: read request body failed to 172.22.1.61:8080 (172.22.1.61) from 186.84.232.207 (), referer: http://190.27.245.106/sipse/faces/presentacion/financiero/solicitudProceso/consultarSolicitudProceso.xhtml
[Wed Jul 29 12:55:22.738980 2020] [proxy_http:error] [pid 13888:tid 5836] [client 186.84.232.207:55415] AH01097: pass request body failed to 172.22.1.61:8080 (172.22.1.61) from 186.84.232.207 (), referer: http://190.27.245.106/sipse/faces/presentacion/financiero/solicitudProceso/consultarSolicitudProceso.xhtml
[Wed Jul 29 13:00:47.859151 2020] [proxy_http:error] [pid 13888:tid 6424] (OS 10054)An existing connection was forcibly closed by the remote host.  : [client 181.61.75.10:63633] AH01095: prefetch request body failed to 172.22.1.61:8080 (172.22.1.61) from 181.61.75.10 (), referer: http://190.27.245.106/sipse/faces/faces/autenticacion.xhtml
[Wed Jul 29 13:09:32.566073 2020] [proxy_http:error] [pid 13888:tid 5532] (OS 10054)An existing connection was forcibly closed by the remote host.  : [client 181.61.75.10:63709] AH01095: prefetch request body failed to 172.22.1.61:8080 (172.22.1.61) from 181.61.75.10 (), referer: http://190.27.245.106/sipse/faces/presentacion/financiero/estudioPrevio/personalSolicitado/asociarProfesionPersonalSolicitado.xhtml
[Wed Jul 29 13:23:23.891533 2020] [core:error] [pid 13888:tid 6400] (20024)The given path is misformatted or contained invalid characters: [client 144.76.156.211:37414] AH00127: Cannot map GET /galeria/carrusel/Carrusel/jquery-ui-%0A%0A1.8.13.custom.min.js HTTP/1.1 to file, referer: http://www.ambientebogota.gov.co/
[Wed Jul 29 13:25:09.878119 2020] [mpm_winnt:warn] [pid 13888:tid 20132] (OS 64)The specified network name is no longer available.  : AH00341: winnt_accept: Asynchronous AcceptEx failed.
[Wed Jul 29 13:39:59.174281 2020] [mpm_winnt:warn] [pid 13888:tid 20132] (OS 64)The specified network name is no longer available.  : AH00341: winnt_accept: Asynchronous AcceptEx failed.
[Wed Jul 29 13:55:13.788288 2020] [proxy_http:error] [pid 13888:tid 7232] (OS 10054)An existing connection was forcibly closed by the remote host.  : [client 181.61.75.10:64253] AH01095: prefetch request body failed to 172.22.1.61:8080 (172.22.1.61) from 181.61.75.10 (), referer: http://190.27.245.106/sipse/faces/presentacion/financiero/estudioPrevio/personalSolicitado/asociarProfesionPersonalSolicitado.xhtml
[Wed Jul 29 13:56:16.172797 2020] [proxy_http:error] [pid 13888:tid 6960] (OS 10054)An existing connection was forcibly closed by the remote host.  : [client 181.61.75.10:64265] AH01095: prefetch request body failed to 172.22.1.61:8080 (172.22.1.61) from 181.61.75.10 (), referer: http://190.27.245.106/sipse/faces/presentacion/financiero/estudioPrevio/personalSolicitado/personalSolicitadoSolicitudProceso.xhtml
[Wed Jul 29 13:58:41.143852 2020] [proxy_http:error] [pid 13888:tid 5908] (20014)Internal error: [client 181.61.75.10:64297] AH01102: error reading status line from remote server 172.22.1.61:8080, referer: http://190.27.245.106/sipse/faces/faces/autenticacion.xhtml
[Wed Jul 29 14:08:14.959660 2020] [proxy_http:error] [pid 13888:tid 6560] (OS 10060)A connection attempt failed because the connected party did not properly respond after a period of time, or established connection failed because connected host has failed to respond.  : [client 181.61.75.10:63345] AH01095: prefetch request body failed to 172.22.1.61:8080 (172.22.1.61) from 181.61.75.10 (), referer: http://190.27.245.106/sipse/faces/presentacion/financiero/solicitudProceso/consultarSolicitudProceso.xhtml
[Wed Jul 29 14:13:40.111031 2020] [mpm_winnt:warn] [pid 13888:tid 20132] (OS 64)The specified network name is no longer available.  : AH00341: winnt_accept: Asynchronous AcceptEx failed.
[Wed Jul 29 14:21:36.925868 2020] [proxy_http:error] [pid 13888:tid 5612] (OS 10054)An existing connection was forcibly closed by the remote host.  : [client 181.61.75.10:64497] AH01095: prefetch request body failed to 172.22.1.61:8080 (172.22.1.61) from 181.61.75.10 (), referer: http://190.27.245.106/sipse/faces/presentacion/financiero/estudioPrevio/personalSolicitado/asociarProfesionPersonalSolicitado.xhtml
[Wed Jul 29 14:38:58.415898 2020] [mpm_winnt:warn] [pid 13888:tid 20132] (OS 64)The specified network name is no longer available.  : AH00341: winnt_accept: Asynchronous AcceptEx failed.
[Wed Jul 29 14:48:41.856923 2020] [proxy_http:error] [pid 13888:tid 19800] (OS 10054)An existing connection was forcibly closed by the remote host.  : [client 186.85.246.202:49901] AH01095: prefetch request body failed to 172.22.1.61:8080 (172.22.1.61) from 186.85.246.202 (), referer: http://190.27.245.106/sipse/faces/presentacion/financiero/solicitudProceso/crearModificarSolicitudProceso.xhtml
[Wed Jul 29 15:02:29.703577 2020] [proxy_http:error] [pid 13888:tid 19440] (OS 10054)An existing connection was forcibly closed by the remote host.  : [client 181.61.68.11:51065] AH01095: prefetch request body failed to 172.22.1.61:8080 (172.22.1.61) from 181.61.68.11 (), referer: http://190.27.245.106/sipse/faces/presentacion/sistema/anexos/cargarAnexoSolicitudProceso.xhtml
[Wed Jul 29 15:12:00.617779 2020] [proxy:error] [pid 13888:tid 6352] (OS 10053)An established connection was aborted by the software in your host machine.  : [client 181.61.68.11:51137] AH01084: pass request body failed to 172.22.1.61:8080 (172.22.1.61), referer: http://190.27.245.106/sipse/faces/presentacion/financiero/solicitudProceso/consultarSolicitudProceso.xhtml
[Wed Jul 29 15:12:00.617779 2020] [proxy_http:error] [pid 13888:tid 6352] [client 181.61.68.11:51137] AH01097: pass request body failed to 172.22.1.61:8080 (172.22.1.61) from 181.61.68.11 (), referer: http://190.27.245.106/sipse/faces/presentacion/financiero/solicitudProceso/consultarSolicitudProceso.xhtml
[Wed Jul 29 15:12:28.292228 2020] [proxy:error] [pid 13888:tid 7148] (OS 10053)An established connection was aborted by the software in your host machine.  : [client 181.61.68.11:51145] AH01084: pass request body failed to 172.22.1.61:8080 (172.22.1.61), referer: http://190.27.245.106/sipse/faces/presentacion/financiero/solicitudProceso/consultarSolicitudProceso.xhtml
[Wed Jul 29 15:12:28.292228 2020] [proxy_http:error] [pid 13888:tid 7148] [client 181.61.68.11:51145] AH01097: pass request body failed to 172.22.1.61:8080 (172.22.1.61) from 181.61.68.11 (), referer: http://190.27.245.106/sipse/faces/presentacion/financiero/solicitudProceso/consultarSolicitudProceso.xhtml
[Wed Jul 29 15:12:44.375856 2020] [proxy_http:error] [pid 13888:tid 7368] (20014)Internal error: [client 181.61.68.11:51153] AH01102: error reading status line from remote server 172.22.1.61:8080, referer: http://190.27.245.106/sipse/faces/presentacion/sistema/anexos/cargarAnexoSolicitudProceso.xhtml
[Wed Jul 29 15:12:44.375856 2020] [proxy:error] [pid 13888:tid 7368] [client 181.61.68.11:51153] AH00898: Error reading from remote server returned by /sipse/faces/presentacion/financiero/solicitudProceso/consultarSolicitudProceso.xhtml, referer: http://190.27.245.106/sipse/faces/presentacion/sistema/anexos/cargarAnexoSolicitudProceso.xhtml
[Wed Jul 29 15:17:49.605992 2020] [proxy:error] [pid 13888:tid 5804] (OS 10053)An established connection was aborted by the software in your host machine.  : [client 181.61.68.11:51165] AH01084: pass request body failed to 172.22.1.61:8080 (172.22.1.61), referer: http://190.27.245.106/sipse/faces/presentacion/financiero/solicitudProceso/consultarSolicitudProceso.xhtml
[Wed Jul 29 15:17:49.605992 2020] [proxy_http:error] [pid 13888:tid 5804] [client 181.61.68.11:51165] AH01097: pass request body failed to 172.22.1.61:8080 (172.22.1.61) from 181.61.68.11 (), referer: http://190.27.245.106/sipse/faces/presentacion/financiero/solicitudProceso/consultarSolicitudProceso.xhtml
[Wed Jul 29 15:19:28.354166 2020] [proxy:error] [pid 13888:tid 6464] (OS 10053)An established connection was aborted by the software in your host machine.  : [client 181.61.68.11:51173] AH01084: pass request body failed to 172.22.1.61:8080 (172.22.1.61), referer: http://190.27.245.106/sipse/faces/presentacion/financiero/solicitudProceso/consultarSolicitudProceso.xhtml
[Wed Jul 29 15:19:28.354166 2020] [proxy_http:error] [pid 13888:tid 6464] [client 181.61.68.11:51173] AH01097: pass request body failed to 172.22.1.61:8080 (172.22.1.61) from 181.61.68.11 (), referer: http://190.27.245.106/sipse/faces/presentacion/financiero/solicitudProceso/consultarSolicitudProceso.xhtml
[Wed Jul 29 15:34:31.003951 2020] [proxy_http:error] [pid 13888:tid 6100] (70008)Partial results are valid but processing is incomplete: [client 181.61.75.10:65133] AH02609: read request body failed to 172.22.1.61:8080 (172.22.1.61) from 181.61.75.10 (), referer: http://190.27.245.106/sipse/faces/presentacion/financiero/solicitudProceso/consultarSolicitudProceso.xhtml
[Wed Jul 29 15:34:31.003951 2020] [proxy_http:error] [pid 13888:tid 6100] [client 181.61.75.10:65133] AH01097: pass request body failed to 172.22.1.61:8080 (172.22.1.61) from 181.61.75.10 (), referer: http://190.27.245.106/sipse/faces/presentacion/financiero/solicitudProceso/consultarSolicitudProceso.xhtml
[Wed Jul 29 15:34:31.705952 2020] [mpm_winnt:warn] [pid 13888:tid 20132] (OS 64)The specified network name is no longer available.  : AH00341: winnt_accept: Asynchronous AcceptEx failed.
[Wed Jul 29 15:40:24.048171 2020] [proxy_http:error] [pid 13888:tid 8560] (OS 10054)An existing connection was forcibly closed by the remote host.  : [client 181.61.75.10:65197] AH01095: prefetch request body failed to 172.22.1.61:8080 (172.22.1.61) from 181.61.75.10 (), referer: http://190.27.245.106/sipse/faces/presentacion/financiero/estudioPrevio/personalSolicitado/asociarProfesionPersonalSolicitado.xhtml
[Wed Jul 29 15:42:43.777617 2020] [proxy_http:error] [pid 13888:tid 6744] (70008)Partial results are valid but processing is incomplete: [client 181.61.68.11:51285] AH02609: read request body failed to 172.22.1.61:8080 (172.22.1.61) from 181.61.68.11 (), referer: http://190.27.245.106/sipse/faces/presentacion/financiero/solicitudProceso/consultarSolicitudProceso.xhtml
[Wed Jul 29 15:42:43.777617 2020] [proxy_http:error] [pid 13888:tid 6744] [client 181.61.68.11:51285] AH01097: pass request body failed to 172.22.1.61:8080 (172.22.1.61) from 181.61.68.11 (), referer: http://190.27.245.106/sipse/faces/presentacion/financiero/solicitudProceso/consultarSolicitudProceso.xhtml
[Wed Jul 29 16:03:23.792595 2020] [mpm_winnt:warn] [pid 13888:tid 20132] (OS 64)The specified network name is no longer available.  : AH00341: winnt_accept: Asynchronous AcceptEx failed.
[Wed Jul 29 16:04:54.241554 2020] [proxy_http:error] [pid 13888:tid 19412] (20014)Internal error: [client 181.61.68.11:51381] AH01102: error reading status line from remote server 172.22.1.61:8080, referer: http://190.27.245.106/sipse/faces/presentacion/sistema/anexos/cargarAnexoSolicitudProceso.xhtml
[Wed Jul 29 16:06:40.009739 2020] [proxy:error] [pid 13888:tid 6560] (OS 10060)A connection attempt failed because the connected party did not properly respond after a period of time, or established connection failed because connected host has failed to respond.  : AH00957: HTTP: attempt to connect to 172.22.1.31:80 (172.22.1.31) failed
[Wed Jul 29 16:06:40.009739 2020] [proxy:error] [pid 13888:tid 6560] AH00959: ap_proxy_connect_backend disabling worker for (172.22.1.31) for 60s
[Wed Jul 29 16:06:40.009739 2020] [proxy_http:error] [pid 13888:tid 6560] [client 181.55.251.33:60521] AH01114: HTTP: failed to make connection to backend: 172.22.1.31
[Wed Jul 29 16:09:00.503586 2020] [core:error] [pid 13888:tid 6784] [client 193.174.89.19:33568] AH00126: Invalid URI in request GET stager64 HTTP/1.1
[Wed Jul 29 16:09:01.080787 2020] [core:error] [pid 13888:tid 6784] [client 193.174.89.19:33780] AH00126: Invalid URI in request GET stager HTTP/1.1
[Wed Jul 29 16:23:27.663309 2020] [mpm_winnt:warn] [pid 13888:tid 20132] (OS 64)The specified network name is no longer available.  : AH00341: winnt_accept: Asynchronous AcceptEx failed.
[Wed Jul 29 16:27:23.644924 2020] [proxy_http:error] [pid 13888:tid 6800] (70008)Partial results are valid but processing is incomplete: [client 200.69.71.170:50358] AH02609: read request body failed to 172.22.1.61:8080 (172.22.1.61) from 200.69.71.170 (), referer: http://190.27.245.106/sipse/faces/presentacion/financiero/solicitudProceso/consultarSolicitudProceso.xhtml
[Wed Jul 29 16:27:23.644924 2020] [proxy_http:error] [pid 13888:tid 6800] [client 200.69.71.170:50358] AH01097: pass request body failed to 172.22.1.61:8080 (172.22.1.61) from 200.69.71.170 (), referer: http://190.27.245.106/sipse/faces/presentacion/financiero/solicitudProceso/consultarSolicitudProceso.xhtml
[Wed Jul 29 16:29:48.584778 2020] [mpm_winnt:warn] [pid 13888:tid 20132] (OS 64)The specified network name is no longer available.  : AH00341: winnt_accept: Asynchronous AcceptEx failed.
[Wed Jul 29 16:30:47.240881 2020] [proxy_http:error] [pid 13888:tid 7540] (OS 10060)A connection attempt failed because the connected party did not properly respond after a period of time, or established connection failed because connected host has failed to respond.  : [client 181.61.68.11:51021] AH01095: prefetch request body failed to 172.22.1.61:8080 (172.22.1.61) from 181.61.68.11 (), referer: http://190.27.245.106/sipse/faces/presentacion/financiero/estudioPrevio/personalSolicitado/asociarExperienciaContratista.xhtml
[Wed Jul 29 16:31:38.767772 2020] [mpm_winnt:warn] [pid 13888:tid 20132] (OS 64)The specified network name is no longer available.  : AH00341: winnt_accept: Asynchronous AcceptEx failed.
[Wed Jul 29 16:50:50.252594 2020] [proxy_http:error] [pid 13888:tid 6272] (OS 10060)A connection attempt failed because the connected party did not properly respond after a period of time, or established connection failed because connected host has failed to respond.  : [client 181.61.68.11:51149] AH01095: prefetch request body failed to 172.22.1.61:8080 (172.22.1.61) from 181.61.68.11 (), referer: http://190.27.245.106/sipse/faces/presentacion/sistema/anexos/cargarAnexoSolicitudProceso.xhtml
[Wed Jul 29 16:56:06.589950 2020] [proxy_http:error] [pid 13888:tid 6368] (70008)Partial results are valid but processing is incomplete: [client 181.61.75.10:49527] AH02609: read request body failed to 172.22.1.61:8080 (172.22.1.61) from 181.61.75.10 (), referer: http://190.27.245.106/sipse/faces/presentacion/financiero/solicitudProceso/consultarSolicitudProceso.xhtml
[Wed Jul 29 16:56:06.589950 2020] [proxy_http:error] [pid 13888:tid 6368] [client 181.61.75.10:49527] AH01097: pass request body failed to 172.22.1.61:8080 (172.22.1.61) from 181.61.75.10 (), referer: http://190.27.245.106/sipse/faces/presentacion/financiero/solicitudProceso/consultarSolicitudProceso.xhtml
[Wed Jul 29 16:56:59.739243 2020] [proxy_http:error] [pid 13888:tid 6472] (70008)Partial results are valid but processing is incomplete: [client 181.61.75.10:49543] AH02609: read request body failed to 172.22.1.61:8080 (172.22.1.61) from 181.61.75.10 (), referer: http://190.27.245.106/sipse/faces/presentacion/financiero/solicitudProceso/consultarSolicitudProceso.xhtml
[Wed Jul 29 16:56:59.739243 2020] [proxy_http:error] [pid 13888:tid 6472] [client 181.61.75.10:49543] AH01097: pass request body failed to 172.22.1.61:8080 (172.22.1.61) from 181.61.75.10 (), referer: http://190.27.245.106/sipse/faces/presentacion/financiero/solicitudProceso/consultarSolicitudProceso.xhtml
[Wed Jul 29 16:57:44.511322 2020] [proxy_http:error] [pid 13888:tid 19084] (OS 10054)An existing connection was forcibly closed by the remote host.  : [client 181.61.75.10:49553] AH01095: prefetch request body failed to 172.22.1.61:8080 (172.22.1.61) from 181.61.75.10 (), referer: http://190.27.245.106/sipse/faces/presentacion/sistema/anexos/cargarAnexoSolicitudProceso.xhtml
[Wed Jul 29 16:58:56.973449 2020] [proxy_http:error] [pid 13888:tid 5308] (70008)Partial results are valid but processing is incomplete: [client 181.61.75.10:49541] AH02609: read request body failed to 172.22.1.61:8080 (172.22.1.61) from 181.61.75.10 (), referer: http://190.27.245.106/sipse/faces/presentacion/financiero/solicitudProceso/consultarSolicitudProceso.xhtml
[Wed Jul 29 16:58:56.973449 2020] [proxy_http:error] [pid 13888:tid 5308] [client 181.61.75.10:49541] AH01097: pass request body failed to 172.22.1.61:8080 (172.22.1.61) from 181.61.75.10 (), referer: http://190.27.245.106/sipse/faces/presentacion/financiero/solicitudProceso/consultarSolicitudProceso.xhtml
[Wed Jul 29 17:05:40.234157 2020] [proxy_http:error] [pid 13888:tid 6312] (70008)Partial results are valid but processing is incomplete: [client 181.61.75.10:49608] AH02609: read request body failed to 172.22.1.61:8080 (172.22.1.61) from 181.61.75.10 (), referer: http://190.27.245.106/sipse/faces/presentacion/financiero/solicitudProceso/consultarSolicitudProceso.xhtml
[Wed Jul 29 17:05:40.234157 2020] [proxy_http:error] [pid 13888:tid 6312] [client 181.61.75.10:49608] AH01097: pass request body failed to 172.22.1.61:8080 (172.22.1.61) from 181.61.75.10 (), referer: http://190.27.245.106/sipse/faces/presentacion/financiero/solicitudProceso/consultarSolicitudProceso.xhtml
[Wed Jul 29 17:15:09.291957 2020] [proxy_http:error] [pid 13888:tid 6544] (70008)Partial results are valid but processing is incomplete: [client 181.61.68.11:51641] AH02609: read request body failed to 172.22.1.61:8080 (172.22.1.61) from 181.61.68.11 (), referer: http://190.27.245.106/sipse/faces/presentacion/financiero/solicitudProceso/consultarSolicitudProceso.xhtml
[Wed Jul 29 17:15:09.291957 2020] [proxy_http:error] [pid 13888:tid 6544] [client 181.61.68.11:51641] AH01097: pass request body failed to 172.22.1.61:8080 (172.22.1.61) from 181.61.68.11 (), referer: http://190.27.245.106/sipse/faces/presentacion/financiero/solicitudProceso/consultarSolicitudProceso.xhtml
