[Tue May 31 08:01:00.289445 2022] [proxy:error] [pid 8808:tid 21304] [client 161.18.118.44:63185] AH00898: Error reading from remote server returned by /kwssiamovil/
[Tue May 31 08:01:01.381446 2022] [proxy_http:error] [pid 8808:tid 21260] (OS 10053)An established connection was aborted by the software in your host machine.  : [client 181.53.13.60:8080] AH01102: error reading status line from remote server 172.22.1.16:18080, referer: http://localhost/
[Tue May 31 08:01:01.381446 2022] [proxy:error] [pid 8808:tid 21260] [client 181.53.13.60:8080] AH00898: Error reading from remote server returned by /kwssiamovil/sm/ldap/au, referer: http://localhost/
[Tue May 31 08:01:03.783851 2022] [proxy_http:error] [pid 8808:tid 21296] (OS 10053)An established connection was aborted by the software in your host machine.  : [client 161.18.118.44:63186] AH01102: error reading status line from remote server 172.22.1.16:18080
[Tue May 31 08:01:03.783851 2022] [proxy:error] [pid 8808:tid 21296] [client 161.18.118.44:63186] AH00898: Error reading from remote server returned by /kwssiamovil/
[Tue May 31 08:01:09.571461 2022] [proxy_http:error] [pid 8808:tid 21244] (OS 10053)An established connection was aborted by the software in your host machine.  : [client 181.53.13.60:8121] AH01102: error reading status line from remote server 172.22.1.16:18080, referer: http://localhost/
[Tue May 31 08:01:09.571461 2022] [proxy:error] [pid 8808:tid 21244] [client 181.53.13.60:8121] AH00898: Error reading from remote server returned by /kwssiamovil/sm/ldap/au, referer: http://localhost/
[Tue May 31 08:01:14.641470 2022] [proxy_http:error] [pid 8808:tid 21232] (OS 10053)An established connection was aborted by the software in your host machine.  : [client 181.53.13.60:8067] AH01102: error reading status line from remote server 172.22.1.16:18080, referer: http://localhost/
[Tue May 31 08:01:14.641470 2022] [proxy:error] [pid 8808:tid 21232] [client 181.53.13.60:8067] AH00898: Error reading from remote server returned by /kwssiamovil/sm/ldap/au, referer: http://localhost/
[Tue May 31 08:01:16.341873 2022] [proxy_http:error] [pid 8808:tid 21224] (OS 10053)An established connection was aborted by the software in your host machine.  : [client 161.18.118.44:63193] AH01102: error reading status line from remote server 172.22.1.16:18080
[Tue May 31 08:01:16.341873 2022] [proxy:error] [pid 8808:tid 21224] [client 161.18.118.44:63193] AH00898: Error reading from remote server returned by /kwssiamovil/sm/des/cjson/pre
[Tue May 31 08:01:25.561489 2022] [proxy_http:error] [pid 8808:tid 21272] (OS 10053)An established connection was aborted by the software in your host machine.  : [client 186.102.6.65:15504] AH01102: error reading status line from remote server 172.22.1.16:18080, referer: http://localhost/login
[Tue May 31 08:01:25.561489 2022] [proxy:error] [pid 8808:tid 21272] [client 186.102.6.65:15504] AH00898: Error reading from remote server returned by /kwssiamovil/sm/des/ldap/au, referer: http://localhost/login
[Tue May 31 08:01:34.391104 2022] [proxy_http:error] [pid 8808:tid 21296] (OS 10053)An established connection was aborted by the software in your host machine.  : [client 161.18.118.44:49211] AH01102: error reading status line from remote server 172.22.1.16:18080
[Tue May 31 08:01:34.391104 2022] [proxy:error] [pid 8808:tid 21296] [client 161.18.118.44:49211] AH00898: Error reading from remote server returned by /kwssiamovil/sm/des/cjson/pre
[Tue May 31 08:01:41.754317 2022] [proxy_http:error] [pid 8808:tid 21260] (OS 10053)An established connection was aborted by the software in your host machine.  : [client 186.102.6.65:15505] AH01102: error reading status line from remote server 172.22.1.16:18080, referer: http://localhost/login
[Tue May 31 08:01:41.754317 2022] [proxy:error] [pid 8808:tid 21260] [client 186.102.6.65:15505] AH00898: Error reading from remote server returned by /kwssiamovil/sm/des/ldap/au, referer: http://localhost/login
[Tue May 31 08:01:54.359140 2022] [proxy_http:error] [pid 8808:tid 21272] (OS 10053)An established connection was aborted by the software in your host machine.  : [client 186.102.6.65:15504] AH01102: error reading status line from remote server 172.22.1.16:18080, referer: http://localhost/login
[Tue May 31 08:02:08.913965 2022] [mpm_winnt:warn] [pid 8808:tid 21552] (OS 64)The specified network name is no longer available.  : AH00341: winnt_accept: Asynchronous AcceptEx failed.
[Tue May 31 08:02:13.531573 2022] [proxy_http:error] [pid 8808:tid 21260] (OS 10053)An established connection was aborted by the software in your host machine.  : [client 186.102.6.65:15505] AH01102: error reading status line from remote server 172.22.1.16:18080, referer: http://localhost/login
[Tue May 31 08:02:32.797607 2022] [proxy_http:error] [pid 8808:tid 21260] (OS 10053)An established connection was aborted by the software in your host machine.  : [client 186.102.6.65:15507] AH01102: error reading status line from remote server 172.22.1.16:18080, referer: http://localhost/login
[Tue May 31 08:02:32.797607 2022] [proxy:error] [pid 8808:tid 21260] [client 186.102.6.65:15507] AH00898: Error reading from remote server returned by /kwssiamovil/sm/des/ldap/au, referer: http://localhost/login
[Tue May 31 08:05:26.784713 2022] [proxy_http:error] [pid 8808:tid 21200] (OS 10053)An established connection was aborted by the software in your host machine.  : [client 186.102.6.65:15512] AH01102: error reading status line from remote server 172.22.1.16:18080, referer: http://localhost/login
[Tue May 31 08:05:26.784713 2022] [proxy:error] [pid 8808:tid 21200] [client 186.102.6.65:15512] AH00898: Error reading from remote server returned by /kwssiamovil/sm/des/ldap/au, referer: http://localhost/login
[Tue May 31 08:06:47.171654 2022] [proxy_http:error] [pid 8808:tid 21260] (OS 10053)An established connection was aborted by the software in your host machine.  : [client 181.58.186.188:61109] AH01102: error reading status line from remote server 172.22.1.16:18080
[Tue May 31 08:06:47.171654 2022] [proxy:error] [pid 8808:tid 21260] [client 181.58.186.188:61109] AH00898: Error reading from remote server returned by /kwssiamovil/sm/des/cjson/pre
[Tue May 31 08:07:39.525346 2022] [proxy_http:error] [pid 8808:tid 21256] (OS 10053)An established connection was aborted by the software in your host machine.  : [client 181.61.36.16:46544] AH01102: error reading status line from remote server 172.22.1.16:18080, referer: http://localhost/
[Tue May 31 08:07:39.525346 2022] [proxy:error] [pid 8808:tid 21256] [client 181.61.36.16:46544] AH00898: Error reading from remote server returned by /kwssiamovil/sm/ldap/au, referer: http://localhost/
[Tue May 31 08:08:29.975834 2022] [proxy_http:error] [pid 8808:tid 21284] (OS 10053)An established connection was aborted by the software in your host machine.  : [client 186.29.82.49:55263] AH01102: error reading status line from remote server 172.22.1.16:18080
[Tue May 31 08:08:29.975834 2022] [proxy:error] [pid 8808:tid 21284] [client 186.29.82.49:55263] AH00898: Error reading from remote server returned by /kwssiamovil/sm/des/cjson/pre
[Tue May 31 08:09:54.574783 2022] [proxy_http:error] [pid 8808:tid 21244] (OS 10053)An established connection was aborted by the software in your host machine.  : [client 181.61.36.16:46566] AH01102: error reading status line from remote server 172.22.1.16:18080, referer: http://localhost/
[Tue May 31 08:09:54.574783 2022] [proxy:error] [pid 8808:tid 21244] [client 181.61.36.16:46566] AH00898: Error reading from remote server returned by /kwssiamovil/sm/ldap/au, referer: http://localhost/
[Tue May 31 08:12:44.568282 2022] [proxy_http:error] [pid 8808:tid 21224] (OS 10053)An established connection was aborted by the software in your host machine.  : [client 161.18.118.44:36574] AH01102: error reading status line from remote server 172.22.1.16:18080
[Tue May 31 08:12:44.568282 2022] [proxy:error] [pid 8808:tid 21224] [client 161.18.118.44:36574] AH00898: Error reading from remote server returned by /kwssiamovil/sm/des/cjson/pre
[Tue May 31 08:15:28.711770 2022] [proxy_http:error] [pid 8808:tid 21284] (OS 10053)An established connection was aborted by the software in your host machine.  : [client 181.58.186.188:43594] AH01102: error reading status line from remote server 172.22.1.16:18080, referer: http://localhost/
[Tue May 31 08:15:28.711770 2022] [proxy:error] [pid 8808:tid 21284] [client 181.58.186.188:43594] AH00898: Error reading from remote server returned by /kwssiamovil/sm/des/ldap/au, referer: http://localhost/
[Tue May 31 08:15:29.772572 2022] [proxy_http:error] [pid 8808:tid 21224] (OS 10053)An established connection was aborted by the software in your host machine.  : [client 181.58.186.188:43596] AH01102: error reading status line from remote server 172.22.1.16:18080, referer: http://localhost/
[Tue May 31 08:15:29.772572 2022] [proxy:error] [pid 8808:tid 21224] [client 181.58.186.188:43596] AH00898: Error reading from remote server returned by /kwssiamovil/sm/des/ldap/au, referer: http://localhost/
[Tue May 31 08:15:31.067374 2022] [proxy_http:error] [pid 8808:tid 21200] (OS 10053)An established connection was aborted by the software in your host machine.  : [client 181.58.186.188:43598] AH01102: error reading status line from remote server 172.22.1.16:18080, referer: http://localhost/
[Tue May 31 08:15:31.067374 2022] [proxy:error] [pid 8808:tid 21200] [client 181.58.186.188:43598] AH00898: Error reading from remote server returned by /kwssiamovil/sm/des/ldap/au, referer: http://localhost/
[Tue May 31 08:15:31.660175 2022] [proxy_http:error] [pid 8808:tid 21256] (OS 10053)An established connection was aborted by the software in your host machine.  : [client 181.58.186.188:43600] AH01102: error reading status line from remote server 172.22.1.16:18080, referer: http://localhost/
[Tue May 31 08:15:31.660175 2022] [proxy:error] [pid 8808:tid 21256] [client 181.58.186.188:43600] AH00898: Error reading from remote server returned by /kwssiamovil/sm/des/ldap/au, referer: http://localhost/
[Tue May 31 08:15:32.081376 2022] [proxy_http:error] [pid 8808:tid 21244] (OS 10053)An established connection was aborted by the software in your host machine.  : [client 181.58.186.188:43602] AH01102: error reading status line from remote server 172.22.1.16:18080, referer: http://localhost/
[Tue May 31 08:15:32.081376 2022] [proxy:error] [pid 8808:tid 21244] [client 181.58.186.188:43602] AH00898: Error reading from remote server returned by /kwssiamovil/sm/des/ldap/au, referer: http://localhost/
[Tue May 31 08:15:43.172995 2022] [proxy_http:error] [pid 8808:tid 21296] (OS 10053)An established connection was aborted by the software in your host machine.  : [client 186.29.82.49:55289] AH01102: error reading status line from remote server 172.22.1.16:18080
[Tue May 31 08:15:43.172995 2022] [proxy:error] [pid 8808:tid 21296] [client 186.29.82.49:55289] AH00898: Error reading from remote server returned by /kwssiamovil/sm/des/cjson/pre
[Tue May 31 08:16:46.945907 2022] [proxy_http:error] [pid 8808:tid 21272] (OS 10054)An existing connection was forcibly closed by the remote host.  : [client 181.58.186.188:43604] AH01102: error reading status line from remote server 172.22.1.16:18080, referer: http://localhost/
[Tue May 31 08:16:46.945907 2022] [proxy:error] [pid 8808:tid 21272] [client 181.58.186.188:43604] AH00898: Error reading from remote server returned by /kwssiamovil/sm/des/ldap/au, referer: http://localhost/
[Tue May 31 08:18:09.532452 2022] [proxy:error] [pid 8808:tid 21304] (OS 10061)No connection could be made because the target machine actively refused it.  : AH00957: HTTP: attempt to connect to 172.22.1.16:18080 (172.22.1.16) failed
[Tue May 31 08:18:09.532452 2022] [proxy:error] [pid 8808:tid 21304] AH00959: ap_proxy_connect_backend disabling worker for (172.22.1.16) for 60s
[Tue May 31 08:18:09.532452 2022] [proxy_http:error] [pid 8808:tid 21304] [client 181.58.186.188:61420] AH01114: HTTP: failed to make connection to backend: 172.22.1.16, referer: http://localhost:3000/
[Tue May 31 08:42:39.585434 2022] [mpm_winnt:warn] [pid 8808:tid 21552] (OS 64)The specified network name is no longer available.  : AH00341: winnt_accept: Asynchronous AcceptEx failed.
[Tue May 31 09:22:52.473872 2022] [mpm_winnt:warn] [pid 8808:tid 21552] (OS 64)The specified network name is no longer available.  : AH00341: winnt_accept: Asynchronous AcceptEx failed.
[Tue May 31 11:35:12.063018 2022] [mpm_winnt:warn] [pid 8808:tid 21552] (OS 64)The specified network name is no longer available.  : AH00341: winnt_accept: Asynchronous AcceptEx failed.
[Tue May 31 11:42:21.860373 2022] [mpm_winnt:warn] [pid 8808:tid 21552] (OS 64)The specified network name is no longer available.  : AH00341: winnt_accept: Asynchronous AcceptEx failed.
[Tue May 31 11:48:58.647070 2022] [mpm_winnt:warn] [pid 8808:tid 21552] (OS 64)The specified network name is no longer available.  : AH00341: winnt_accept: Asynchronous AcceptEx failed.
[Tue May 31 12:01:16.777966 2022] [mpm_winnt:warn] [pid 8808:tid 21552] (OS 64)The specified network name is no longer available.  : AH00341: winnt_accept: Asynchronous AcceptEx failed.
[Tue May 31 12:29:54.356583 2022] [mpm_winnt:warn] [pid 8808:tid 21552] (OS 64)The specified network name is no longer available.  : AH00341: winnt_accept: Asynchronous AcceptEx failed.
[Tue May 31 12:31:56.270797 2022] [mpm_winnt:warn] [pid 8808:tid 21552] (OS 64)The specified network name is no longer available.  : AH00341: winnt_accept: Asynchronous AcceptEx failed.
[Tue May 31 12:36:01.379427 2022] [mpm_winnt:warn] [pid 8808:tid 21552] (OS 64)The specified network name is no longer available.  : AH00341: winnt_accept: Asynchronous AcceptEx failed.
[Tue May 31 12:38:02.825641 2022] [mpm_winnt:warn] [pid 8808:tid 21552] (OS 64)The specified network name is no longer available.  : AH00341: winnt_accept: Asynchronous AcceptEx failed.
[Tue May 31 13:06:42.947062 2022] [proxy_http:error] [pid 8808:tid 21120] (OS 10060)A connection attempt failed because the connected party did not properly respond after a period of time, or established connection failed because connected host has failed to respond.  : [client 181.60.29.253:60656] AH02609: read request body failed to 172.22.1.16:18080 (172.22.1.16) from 181.60.29.253 (), referer: http://localhost/
[Tue May 31 13:06:42.947062 2022] [proxy_http:error] [pid 8808:tid 21120] [client 181.60.29.253:60656] AH01097: pass request body failed to 172.22.1.16:18080 (172.22.1.16) from 181.60.29.253 (), referer: http://localhost/
[Tue May 31 13:09:02.707708 2022] [mpm_winnt:warn] [pid 8808:tid 21552] (OS 64)The specified network name is no longer available.  : AH00341: winnt_accept: Asynchronous AcceptEx failed.
[Tue May 31 13:28:20.449141 2022] [mpm_winnt:warn] [pid 8808:tid 21552] (OS 64)The specified network name is no longer available.  : AH00341: winnt_accept: Asynchronous AcceptEx failed.
[Tue May 31 13:28:56.407204 2022] [mpm_winnt:warn] [pid 8808:tid 21552] (OS 64)The specified network name is no longer available.  : AH00341: winnt_accept: Asynchronous AcceptEx failed.
[Tue May 31 14:18:29.538426 2022] [mpm_winnt:warn] [pid 8808:tid 21552] (OS 64)The specified network name is no longer available.  : AH00341: winnt_accept: Asynchronous AcceptEx failed.
[Tue May 31 14:42:25.553148 2022] [mpm_winnt:warn] [pid 8808:tid 21552] (OS 64)The specified network name is no longer available.  : AH00341: winnt_accept: Asynchronous AcceptEx failed.
[Tue May 31 15:11:48.106644 2022] [mpm_winnt:warn] [pid 8808:tid 21552] (OS 64)The specified network name is no longer available.  : AH00341: winnt_accept: Asynchronous AcceptEx failed.
[Tue May 31 16:05:20.558887 2022] [mpm_winnt:warn] [pid 8808:tid 21552] (OS 64)The specified network name is no longer available.  : AH00341: winnt_accept: Asynchronous AcceptEx failed.
[Tue May 31 17:07:56.563884 2022] [mpm_winnt:warn] [pid 8808:tid 21552] (OS 64)The specified network name is no longer available.  : AH00341: winnt_accept: Asynchronous AcceptEx failed.
[Tue May 31 17:33:33.197783 2022] [mpm_winnt:warn] [pid 8808:tid 21552] (OS 64)The specified network name is no longer available.  : AH00341: winnt_accept: Asynchronous AcceptEx failed.
[Tue May 31 17:39:46.147638 2022] [mpm_winnt:warn] [pid 8808:tid 21552] (OS 64)The specified network name is no longer available.  : AH00341: winnt_accept: Asynchronous AcceptEx failed.
[Tue May 31 17:44:28.305333 2022] [mpm_winnt:warn] [pid 8808:tid 21552] (OS 64)The specified network name is no longer available.  : AH00341: winnt_accept: Asynchronous AcceptEx failed.
[Tue May 31 17:46:06.554306 2022] [mpm_winnt:warn] [pid 8808:tid 21552] (OS 64)The specified network name is no longer available.  : AH00341: winnt_accept: Asynchronous AcceptEx failed.
[Tue May 31 17:50:56.527615 2022] [mpm_winnt:warn] [pid 8808:tid 21552] (OS 64)The specified network name is no longer available.  : AH00341: winnt_accept: Asynchronous AcceptEx failed.
[Tue May 31 18:23:15.253221 2022] [mpm_winnt:warn] [pid 8808:tid 21552] (OS 64)The specified network name is no longer available.  : AH00341: winnt_accept: Asynchronous AcceptEx failed.
[Tue May 31 18:24:07.856513 2022] [mpm_winnt:warn] [pid 8808:tid 21552] (OS 64)The specified network name is no longer available.  : AH00341: winnt_accept: Asynchronous AcceptEx failed.
[Tue May 31 19:26:42.888409 2022] [mpm_winnt:warn] [pid 8808:tid 21552] (OS 64)The specified network name is no longer available.  : AH00341: winnt_accept: Asynchronous AcceptEx failed.
[Tue May 31 19:34:33.151235 2022] [mpm_winnt:warn] [pid 8808:tid 21552] (OS 64)The specified network name is no longer available.  : AH00341: winnt_accept: Asynchronous AcceptEx failed.
[Tue May 31 19:36:53.145881 2022] [mpm_winnt:warn] [pid 8808:tid 21552] (OS 64)The specified network name is no longer available.  : AH00341: winnt_accept: Asynchronous AcceptEx failed.
[Tue May 31 19:39:08.975319 2022] [mpm_winnt:warn] [pid 8808:tid 21552] (OS 64)The specified network name is no longer available.  : AH00341: winnt_accept: Asynchronous AcceptEx failed.
[Tue May 31 20:07:33.699513 2022] [mpm_winnt:warn] [pid 8808:tid 21552] (OS 64)The specified network name is no longer available.  : AH00341: winnt_accept: Asynchronous AcceptEx failed.
[Tue May 31 20:11:10.369294 2022] [mpm_winnt:warn] [pid 8808:tid 21552] (OS 64)The specified network name is no longer available.  : AH00341: winnt_accept: Asynchronous AcceptEx failed.
[Tue May 31 20:49:04.478888 2022] [mpm_winnt:warn] [pid 8808:tid 21552] (OS 64)The specified network name is no longer available.  : AH00341: winnt_accept: Asynchronous AcceptEx failed.
[Tue May 31 20:57:34.209784 2022] [mpm_winnt:warn] [pid 8808:tid 21552] (OS 64)The specified network name is no longer available.  : AH00341: winnt_accept: Asynchronous AcceptEx failed.
[Tue May 31 21:00:47.884124 2022] [proxy_http:error] [pid 8808:tid 21192] (70008)Partial results are valid but processing is incomplete: [client 181.59.126.174:37184] AH02609: read request body failed to 172.22.1.16:18080 (172.22.1.16) from 181.59.126.174 (), referer: http://localhost/
[Tue May 31 21:00:47.884124 2022] [proxy_http:error] [pid 8808:tid 21192] [client 181.59.126.174:37184] AH01097: pass request body failed to 172.22.1.16:18080 (172.22.1.16) from 181.59.126.174 (), referer: http://localhost/
[Tue May 31 21:03:19.283390 2022] [proxy_http:error] [pid 8808:tid 21144] (70008)Partial results are valid but processing is incomplete: [client 181.59.126.174:37194] AH02609: read request body failed to 172.22.1.16:18080 (172.22.1.16) from 181.59.126.174 (), referer: http://localhost/
[Tue May 31 21:03:19.283390 2022] [proxy_http:error] [pid 8808:tid 21144] [client 181.59.126.174:37194] AH01097: pass request body failed to 172.22.1.16:18080 (172.22.1.16) from 181.59.126.174 (), referer: http://localhost/
[Tue May 31 21:11:22.650239 2022] [mpm_winnt:warn] [pid 8808:tid 21552] (OS 64)The specified network name is no longer available.  : AH00341: winnt_accept: Asynchronous AcceptEx failed.
[Tue May 31 21:42:36.759531 2022] [mpm_winnt:warn] [pid 8808:tid 21552] (OS 64)The specified network name is no longer available.  : AH00341: winnt_accept: Asynchronous AcceptEx failed.
[Tue May 31 21:58:46.801434 2022] [mpm_winnt:warn] [pid 8808:tid 21552] (OS 64)The specified network name is no longer available.  : AH00341: winnt_accept: Asynchronous AcceptEx failed.
[Tue May 31 22:16:59.052953 2022] [mpm_winnt:warn] [pid 8808:tid 21552] (OS 64)The specified network name is no longer available.  : AH00341: winnt_accept: Asynchronous AcceptEx failed.
[Tue May 31 22:21:40.337047 2022] [mpm_winnt:warn] [pid 8808:tid 21552] (OS 64)The specified network name is no longer available.  : AH00341: winnt_accept: Asynchronous AcceptEx failed.
[Tue May 31 22:43:59.443399 2022] [mpm_winnt:warn] [pid 8808:tid 21552] (OS 64)The specified network name is no longer available.  : AH00341: winnt_accept: Asynchronous AcceptEx failed.
[Tue May 31 22:44:00.675801 2022] [mpm_winnt:warn] [pid 8808:tid 21552] (OS 64)The specified network name is no longer available.  : AH00341: winnt_accept: Asynchronous AcceptEx failed.
[Tue May 31 23:45:30.379682 2022] [mpm_winnt:warn] [pid 8808:tid 21552] (OS 64)The specified network name is no longer available.  : AH00341: winnt_accept: Asynchronous AcceptEx failed.
[Tue May 31 23:50:42.880431 2022] [mpm_winnt:warn] [pid 8808:tid 21552] (OS 64)The specified network name is no longer available.  : AH00341: winnt_accept: Asynchronous AcceptEx failed.
[Tue May 31 23:52:07.432579 2022] [mpm_winnt:warn] [pid 8808:tid 21552] (OS 64)The specified network name is no longer available.  : AH00341: winnt_accept: Asynchronous AcceptEx failed.

:: Command execute ::

Enter:
 
Select:
 

:: Search ::
regexp 

:: Upload ::
 
[ ok ]

:: Make Dir ::
 
[ ok ]
:: Make File ::
 
[ ok ]

:: Go Dir ::
 
:: Go File ::
 

--[ c99shell v. 1.0 pre-release build #13 powered by Captain Crunch Security Team | http://ccteam.ru | Generation time: 0.0468 ]--