[Tue Dec 06 15:20:43.461300 2022] [proxy:error] [pid 13072:tid 20624] [client 201.245.192.253:60544] AH00898: Error reading from remote server returned by /kwsrmcab/Wsrmcab
[Tue Dec 06 15:32:45.726969 2022] [proxy_http:error] [pid 13072:tid 20624] (OS 10054)An existing connection was forcibly closed by the remote host.  : [client 201.245.192.253:47362] AH01102: error reading status line from remote server 172.22.1.16:18080
[Tue Dec 06 15:32:45.726969 2022] [proxy:error] [pid 13072:tid 20624] [client 201.245.192.253:47362] AH00898: Error reading from remote server returned by /kwsrmcab/Wsrmcab
[Tue Dec 06 15:40:09.844149 2022] [mpm_winnt:warn] [pid 13072:tid 21944] (OS 64)The specified network name is no longer available.  : AH00341: winnt_accept: Asynchronous AcceptEx failed.
[Tue Dec 06 15:42:58.059244 2022] [proxy_http:error] [pid 13072:tid 20640] (OS 10054)An existing connection was forcibly closed by the remote host.  : [client 186.84.21.183:28171] AH01102: error reading status line from remote server 172.22.1.61:8080, referer: http://190.27.245.106/sipse/faces/presentacion/financiero/solicitudProceso/consultarHistorialSolProceso.xhtml
[Tue Dec 06 15:42:58.059244 2022] [proxy:error] [pid 13072:tid 20640] [client 186.84.21.183:28171] AH00898: Error reading from remote server returned by /sipse/faces/javax.faces.resource/primefaces.js, referer: http://190.27.245.106/sipse/faces/presentacion/financiero/solicitudProceso/consultarHistorialSolProceso.xhtml
[Tue Dec 06 15:44:24.030995 2022] [proxy_http:error] [pid 13072:tid 20736] (OS 10053)An established connection was aborted by the software in your host machine.  : [client 201.245.192.253:54532] AH01102: error reading status line from remote server 172.22.1.61:8080, referer: http://190.27.245.106/sipse/faces/faces/autenticacion.xhtml
[Tue Dec 06 15:50:06.217596 2022] [proxy_http:error] [pid 13072:tid 20488] (OS 10054)An existing connection was forcibly closed by the remote host.  : [client 186.145.91.234:63740] AH01102: error reading status line from remote server 172.22.1.61:8080, referer: http://190.27.245.106/sipse/faces/presentacion/sistema/anexos/cargarAnexoSolicitudProceso.xhtml
[Tue Dec 06 15:50:06.217596 2022] [proxy:error] [pid 13072:tid 20488] [client 186.145.91.234:63740] AH00898: Error reading from remote server returned by /sipse/faces/javax.faces.resource/jquery/jquery-plugins.js, referer: http://190.27.245.106/sipse/faces/presentacion/sistema/anexos/cargarAnexoSolicitudProceso.xhtml
[Tue Dec 06 16:02:02.961855 2022] [mpm_winnt:warn] [pid 13072:tid 21944] (OS 64)The specified network name is no longer available.  : AH00341: winnt_accept: Asynchronous AcceptEx failed.
[Tue Dec 06 16:05:48.382251 2022] [proxy_http:error] [pid 13072:tid 21272] (OS 10053)An established connection was aborted by the software in your host machine.  : [client 186.145.91.234:63873] AH01102: error reading status line from remote server 172.22.1.61:8080, referer: http://190.27.245.106/sipse/faces/presentacion/sistema/anexos/cargarAnexoSolicitudProceso.xhtml
[Tue Dec 06 16:06:31.890728 2022] [proxy_http:error] [pid 13072:tid 20664] (OS 10054)An existing connection was forcibly closed by the remote host.  : [client 186.145.91.234:63895] AH01102: error reading status line from remote server 172.22.1.61:8080, referer: http://190.27.245.106/sipse/faces/presentacion/sistema/anexos/cargarAnexoSolicitudProceso.xhtml
[Tue Dec 06 16:06:31.890728 2022] [proxy:error] [pid 13072:tid 20664] [client 186.145.91.234:63895] AH00898: Error reading from remote server returned by /sipse/faces/javax.faces.resource/layout/layout.css, referer: http://190.27.245.106/sipse/faces/presentacion/sistema/anexos/cargarAnexoSolicitudProceso.xhtml
[Tue Dec 06 16:06:59.424776 2022] [proxy_http:error] [pid 13072:tid 20664] (OS 10054)An existing connection was forcibly closed by the remote host.  : [client 186.145.91.234:63905] AH01102: error reading status line from remote server 172.22.1.61:8080, referer: http://190.27.245.106/sipse/faces/presentacion/sistema/anexos/cargarAnexoSolicitudProceso.xhtml
[Tue Dec 06 16:06:59.424776 2022] [proxy:error] [pid 13072:tid 20664] [client 186.145.91.234:63905] AH00898: Error reading from remote server returned by /sipse/faces/javax.faces.resource/fileupload/fileupload.css, referer: http://190.27.245.106/sipse/faces/presentacion/sistema/anexos/cargarAnexoSolicitudProceso.xhtml
[Tue Dec 06 16:06:59.424776 2022] [proxy_http:error] [pid 13072:tid 20972] (OS 10054)An existing connection was forcibly closed by the remote host.  : [client 186.145.91.234:63906] AH01102: error reading status line from remote server 172.22.1.61:8080, referer: http://190.27.245.106/sipse/faces/presentacion/sistema/anexos/cargarAnexoSolicitudProceso.xhtml
[Tue Dec 06 16:06:59.424776 2022] [proxy:error] [pid 13072:tid 20972] [client 186.145.91.234:63906] AH00898: Error reading from remote server returned by /sipse/faces/javax.faces.resource/layout/layout.css, referer: http://190.27.245.106/sipse/faces/presentacion/sistema/anexos/cargarAnexoSolicitudProceso.xhtml
[Tue Dec 06 16:06:59.424776 2022] [proxy_http:error] [pid 13072:tid 20592] (OS 10054)An existing connection was forcibly closed by the remote host.  : [client 186.145.91.234:63904] AH01102: error reading status line from remote server 172.22.1.61:8080, referer: http://190.27.245.106/sipse/faces/presentacion/sistema/anexos/cargarAnexoSolicitudProceso.xhtml
[Tue Dec 06 16:06:59.424776 2022] [proxy:error] [pid 13072:tid 20592] [client 186.145.91.234:63904] AH00898: Error reading from remote server returned by /sipse/faces/javax.faces.resource/jquery/jquery.js, referer: http://190.27.245.106/sipse/faces/presentacion/sistema/anexos/cargarAnexoSolicitudProceso.xhtml
[Tue Dec 06 16:08:53.523376 2022] [proxy_http:error] [pid 13072:tid 20600] (OS 10054)An existing connection was forcibly closed by the remote host.  : [client 186.145.91.234:63922] AH01102: error reading status line from remote server 172.22.1.61:8080, referer: http://190.27.245.106/sipse/faces/presentacion/sistema/anexos/cargarAnexoSolicitudProceso.xhtml
[Tue Dec 06 16:08:53.523376 2022] [proxy:error] [pid 13072:tid 20600] [client 186.145.91.234:63922] AH00898: Error reading from remote server returned by /sipse/faces/javax.faces.resource/jquery/jquery-plugins.js, referer: http://190.27.245.106/sipse/faces/presentacion/sistema/anexos/cargarAnexoSolicitudProceso.xhtml
[Tue Dec 06 16:19:38.022908 2022] [authz_core:error] [pid 13072:tid 20640] [client 186.145.130.101:47094] AH01630: client denied by server configuration: E:/nuevo/htdocs/noticias/.html
[Tue Dec 06 16:20:44.510225 2022] [proxy_http:error] [pid 13072:tid 20836] (OS 10054)An existing connection was forcibly closed by the remote host.  : [client 40.77.167.13:35200] AH01102: error reading status line from remote server 172.22.1.61:8080
[Tue Dec 06 16:20:44.510225 2022] [proxy:error] [pid 13072:tid 20836] [client 40.77.167.13:35200] AH00898: Error reading from remote server returned by /sipse/faces/faces/autenticacion.xhtml
[Tue Dec 06 16:22:31.152013 2022] [proxy_http:error] [pid 13072:tid 20900] (OS 10054)An existing connection was forcibly closed by the remote host.  : [client 186.102.42.35:50463] AH01102: error reading status line from remote server 172.22.1.16:18080, referer: http://localhost/
[Tue Dec 06 16:22:31.152013 2022] [proxy:error] [pid 13072:tid 20900] [client 186.102.42.35:50463] AH00898: Error reading from remote server returned by /kwssiamovil/sm/setfile/f, referer: http://localhost/
[Tue Dec 06 16:30:42.693276 2022] [proxy_http:error] [pid 13072:tid 20664] (OS 10054)An existing connection was forcibly closed by the remote host.  : [client 201.245.192.253:32912] AH01102: error reading status line from remote server 172.22.1.16:18080
[Tue Dec 06 16:30:42.693276 2022] [proxy:error] [pid 13072:tid 20664] [client 201.245.192.253:32912] AH00898: Error reading from remote server returned by /kwsrmcab/Wsrmcab
[Tue Dec 06 16:40:43.122730 2022] [proxy_http:error] [pid 13072:tid 20936] (OS 10054)An existing connection was forcibly closed by the remote host.  : [client 201.245.192.253:33004] AH01102: error reading status line from remote server 172.22.1.16:18080
[Tue Dec 06 16:40:43.122730 2022] [proxy:error] [pid 13072:tid 20936] [client 201.245.192.253:33004] AH00898: Error reading from remote server returned by /kwsrmcab/Wsrmcab
[Tue Dec 06 16:44:21.055113 2022] [proxy_http:error] [pid 13072:tid 20592] (OS 10054)An existing connection was forcibly closed by the remote host.  : [client 201.245.192.253:53256] AH01102: error reading status line from remote server 172.22.1.16:18080, referer: http://nuevo.ambientebogota.gov.co/
[Tue Dec 06 16:44:21.055113 2022] [proxy:error] [pid 13072:tid 20592] [client 201.245.192.253:53256] AH00898: Error reading from remote server returned by /appsia/controlador, referer: http://nuevo.ambientebogota.gov.co/
[Tue Dec 06 16:49:34.896465 2022] [proxy_http:error] [pid 13072:tid 20712] (OS 10054)An existing connection was forcibly closed by the remote host.  : [client 201.245.192.253:60696] AH01102: error reading status line from remote server 172.22.1.61:8080, referer: http://190.27.245.106/sipse/faces/presentacion/sistema/anexos/cargarAnexoSolicitudProceso.xhtml
[Tue Dec 06 16:54:48.691016 2022] [proxy_http:error] [pid 13072:tid 20964] (OS 10054)An existing connection was forcibly closed by the remote host.  : [client 186.102.44.13:49185] AH01102: error reading status line from remote server 172.22.1.16:18080, referer: http://localhost/login
[Tue Dec 06 16:54:48.691016 2022] [proxy:error] [pid 13072:tid 20964] [client 186.102.44.13:49185] AH00898: Error reading from remote server returned by /kwssiamovil/sm/ldap/au, referer: http://localhost/login
[Tue Dec 06 17:01:56.507167 2022] [proxy_http:error] [pid 13072:tid 20680] (OS 10054)An existing connection was forcibly closed by the remote host.  : [client 186.84.24.35:55059] AH01102: error reading status line from remote server 172.22.1.61:8080, referer: http://190.27.245.106/reportes_sipse/sdg/ServletReporte?adquisiciones_sipse_detallado&
[Tue Dec 06 17:01:56.507167 2022] [proxy:error] [pid 13072:tid 20680] [client 186.84.24.35:55059] AH00898: Error reading from remote server returned by /reportes_sipse/sdg/ServletControlador, referer: http://190.27.245.106/reportes_sipse/sdg/ServletReporte?adquisiciones_sipse_detallado&
[Tue Dec 06 17:12:26.077473 2022] [mpm_winnt:warn] [pid 13072:tid 21944] (OS 64)The specified network name is no longer available.  : AH00341: winnt_accept: Asynchronous AcceptEx failed.
[Tue Dec 06 17:14:08.569653 2022] [proxy_http:error] [pid 13072:tid 21272] (OS 10054)An existing connection was forcibly closed by the remote host.  : [client 186.84.90.163:19517] AH01102: error reading status line from remote server 172.22.1.16:18080, referer: http://190.27.245.106/appsia/controlador
[Tue Dec 06 17:14:08.569653 2022] [proxy:error] [pid 13072:tid 21272] [client 186.84.90.163:19517] AH00898: Error reading from remote server returned by /appsia/scripts/validarIngreso.js, referer: http://190.27.245.106/appsia/controlador
[Tue Dec 06 17:17:16.503183 2022] [proxy_http:error] [pid 13072:tid 20928] (OS 10054)An existing connection was forcibly closed by the remote host.  : [client 201.245.192.253:56385] AH01102: error reading status line from remote server 172.22.1.61:8080, referer: http://190.27.245.106/sipse/faces/presentacion/financiero/solicitudProceso/consultarSolicitudProceso.xhtml
[Tue Dec 06 17:17:16.503183 2022] [proxy:error] [pid 13072:tid 20928] [client 201.245.192.253:56385] AH00898: Error reading from remote server returned by /sipse/faces/javax.faces.resource/primefaces.css, referer: http://190.27.245.106/sipse/faces/presentacion/financiero/solicitudProceso/consultarSolicitudProceso.xhtml
[Tue Dec 06 17:17:16.503183 2022] [proxy_http:error] [pid 13072:tid 20548] (OS 10054)An existing connection was forcibly closed by the remote host.  : [client 201.245.192.253:56386] AH01102: error reading status line from remote server 172.22.1.61:8080, referer: http://190.27.245.106/sipse/faces/presentacion/financiero/solicitudProceso/consultarSolicitudProceso.xhtml
[Tue Dec 06 17:17:16.503183 2022] [proxy:error] [pid 13072:tid 20548] [client 201.245.192.253:56386] AH00898: Error reading from remote server returned by /sipse/faces/javax.faces.resource/layout/layout.css, referer: http://190.27.245.106/sipse/faces/presentacion/financiero/solicitudProceso/consultarSolicitudProceso.xhtml
[Tue Dec 06 17:17:16.503183 2022] [proxy_http:error] [pid 13072:tid 20600] (OS 10054)An existing connection was forcibly closed by the remote host.  : [client 201.245.192.253:56397] AH01102: error reading status line from remote server 172.22.1.61:8080, referer: http://190.27.245.106/sipse/faces/presentacion/financiero/solicitudProceso/consultarSolicitudProceso.xhtml
[Tue Dec 06 17:17:16.503183 2022] [proxy:error] [pid 13072:tid 20600] [client 201.245.192.253:56397] AH00898: Error reading from remote server returned by /sipse/faces/javax.faces.resource/jquery/jquery-plugins.js, referer: http://190.27.245.106/sipse/faces/presentacion/financiero/solicitudProceso/consultarSolicitudProceso.xhtml
[Tue Dec 06 17:19:51.473855 2022] [proxy_http:error] [pid 13072:tid 20704] (OS 10054)An existing connection was forcibly closed by the remote host.  : [client 201.245.192.253:51055] AH01102: error reading status line from remote server 172.22.1.61:8080, referer: http://190.27.245.106/sipse/faces/faces/autenticacion.xhtml
[Tue Dec 06 17:19:57.355066 2022] [proxy_http:error] [pid 13072:tid 20836] (OS 10054)An existing connection was forcibly closed by the remote host.  : [client 201.245.192.253:51061] AH01102: error reading status line from remote server 172.22.1.61:8080, referer: http://190.27.245.106/sipsepre/faces/faces/autenticacion.xhtml
[Tue Dec 06 17:25:01.399600 2022] [proxy_http:error] [pid 13072:tid 20836] (OS 10054)An existing connection was forcibly closed by the remote host.  : [client 201.245.192.253:57465] AH01102: error reading status line from remote server 172.22.1.61:8080, referer: http://190.27.245.106/sipse/faces/faces/autenticacion.xhtml
[Tue Dec 06 17:25:01.399600 2022] [proxy:error] [pid 13072:tid 20836] [client 201.245.192.253:57465] AH00898: Error reading from remote server returned by /sipse/faces/javax.faces.resource/jquery/jquery-plugins.js, referer: http://190.27.245.106/sipse/faces/faces/autenticacion.xhtml
[Tue Dec 06 17:31:09.700646 2022] [mpm_winnt:warn] [pid 13072:tid 21944] (OS 64)The specified network name is no longer available.  : AH00341: winnt_accept: Asynchronous AcceptEx failed.
[Tue Dec 06 17:34:13.531369 2022] [proxy_http:error] [pid 13072:tid 20800] (OS 10054)An existing connection was forcibly closed by the remote host.  : [client 186.145.91.234:65053] AH01102: error reading status line from remote server 172.22.1.61:8080, referer: http://190.27.245.106/sipse/faces/presentacion/contratacion/contrato/registroPresupuestal/consultarActividadesRP.xhtml
[Tue Dec 06 17:37:49.654149 2022] [proxy_http:error] [pid 13072:tid 21272] (OS 10054)An existing connection was forcibly closed by the remote host.  : [client 201.245.192.253:49565] AH01102: error reading status line from remote server 172.22.1.61:8080, referer: http://190.27.245.106/sipse/faces/faces/faces/autenticacion.xhtml
[Tue Dec 06 17:37:49.654149 2022] [proxy:error] [pid 13072:tid 21272] [client 201.245.192.253:49565] AH00898: Error reading from remote server returned by /sipse/faces/presentacion/financiero/solicitudProceso/listarSolicitudProceso.xhtml, referer: http://190.27.245.106/sipse/faces/faces/faces/autenticacion.xhtml
[Tue Dec 06 17:38:04.364975 2022] [proxy_http:error] [pid 13072:tid 20712] (OS 10054)An existing connection was forcibly closed by the remote host.  : [client 201.245.192.253:63324] AH01102: error reading status line from remote server 172.22.1.61:8080, referer: http://190.27.245.106/sipse/faces/faces/autenticacion.xhtml
[Tue Dec 06 17:38:04.364975 2022] [proxy:error] [pid 13072:tid 20712] [client 201.245.192.253:63324] AH00898: Error reading from remote server returned by /sipse/faces/javax.faces.resource/primefaces.css, referer: http://190.27.245.106/sipse/faces/faces/autenticacion.xhtml
[Tue Dec 06 17:38:04.364975 2022] [proxy_http:error] [pid 13072:tid 21080] (OS 10054)An existing connection was forcibly closed by the remote host.  : [client 201.245.192.253:63327] AH01102: error reading status line from remote server 172.22.1.61:8080, referer: http://190.27.245.106/sipse/faces/faces/autenticacion.xhtml
[Tue Dec 06 17:38:04.364975 2022] [proxy:error] [pid 13072:tid 21080] [client 201.245.192.253:63327] AH00898: Error reading from remote server returned by /sipse/faces/javax.faces.resource/jquery/jquery-plugins.js, referer: http://190.27.245.106/sipse/faces/faces/autenticacion.xhtml
[Tue Dec 06 17:38:38.903435 2022] [proxy_http:error] [pid 13072:tid 20704] (OS 10054)An existing connection was forcibly closed by the remote host.  : [client 201.245.192.253:63340] AH01102: error reading status line from remote server 172.22.1.61:8080, referer: http://190.27.245.106/sipse/faces/faces/autenticacion.xhtml
[Tue Dec 06 17:38:38.903435 2022] [proxy:error] [pid 13072:tid 20704] [client 201.245.192.253:63340] AH00898: Error reading from remote server returned by /sipse/faces/javax.faces.resource/primefaces.js, referer: http://190.27.245.106/sipse/faces/faces/autenticacion.xhtml
[Tue Dec 06 17:38:39.137436 2022] [proxy_http:error] [pid 13072:tid 20640] (OS 10054)An existing connection was forcibly closed by the remote host.  : [client 201.245.192.253:49575] AH01102: error reading status line from remote server 172.22.1.61:8080, referer: http://190.27.245.106/sipse/faces/faces/faces/autenticacion.xhtml
[Tue Dec 06 17:38:39.137436 2022] [proxy:error] [pid 13072:tid 20640] [client 201.245.192.253:49575] AH00898: Error reading from remote server returned by /sipse/faces/javax.faces.resource/primefaces.js, referer: http://190.27.245.106/sipse/faces/faces/faces/autenticacion.xhtml
[Tue Dec 06 17:45:51.414195 2022] [proxy_http:error] [pid 13072:tid 21080] (OS 10054)An existing connection was forcibly closed by the remote host.  : [client 200.29.113.38:37302] AH01102: error reading status line from remote server 172.22.1.16:18080
[Tue Dec 06 17:45:51.414195 2022] [proxy:error] [pid 13072:tid 21080] [client 200.29.113.38:37302] AH00898: Error reading from remote server returned by /appsia/controlador
[Tue Dec 06 17:50:13.229455 2022] [proxy_http:error] [pid 13072:tid 20836] (OS 10053)An established connection was aborted by the software in your host machine.  : [client 200.69.84.132:60696] AH01102: error reading status line from remote server 172.22.1.61:8080, referer: http://190.27.245.106/reportes_sipse/jsp/inicio.jsp
[Tue Dec 06 17:55:07.696572 2022] [core:error] [pid 13072:tid 21152] [client 47.254.178.137:43434] AH00135: Invalid method in request {"id":1,"method":"mining_subscribe","params":["EthereumStratum/1.0.0"]}
[Tue Dec 06 18:08:26.199575 2022] [proxy_http:error] [pid 13072:tid 20664] (OS 10054)An existing connection was forcibly closed by the remote host.  : [client 201.245.192.253:46800] AH01102: error reading status line from remote server 172.22.1.16:18080
[Tue Dec 06 18:08:26.199575 2022] [proxy:error] [pid 13072:tid 20664] [client 201.245.192.253:46800] AH00898: Error reading from remote server returned by /kwsrmcab/Wsrmcab
[Tue Dec 06 18:09:49.519321 2022] [mpm_winnt:warn] [pid 13072:tid 21944] (OS 64)The specified network name is no longer available.  : AH00341: winnt_accept: Asynchronous AcceptEx failed.
[Tue Dec 06 18:32:19.764093 2022] [mpm_winnt:warn] [pid 13072:tid 21944] (OS 64)The specified network name is no longer available.  : AH00341: winnt_accept: Asynchronous AcceptEx failed.
[Tue Dec 06 18:39:12.728018 2022] [proxy_http:error] [pid 13072:tid 20592] (OS 10054)An existing connection was forcibly closed by the remote host.  : [client 186.80.52.223:19096] AH01102: error reading status line from remote server 172.22.1.61:8080, referer: http://190.27.245.106/sipse/faces/faces/autenticacion.xhtml
[Tue Dec 06 18:39:12.728018 2022] [proxy:error] [pid 13072:tid 20592] [client 186.80.52.223:19096] AH00898: Error reading from remote server returned by /sipse/faces/javax.faces.resource/primefaces.js, referer: http://190.27.245.106/sipse/faces/faces/autenticacion.xhtml
[Tue Dec 06 18:42:02.549916 2022] [proxy_http:error] [pid 13072:tid 20680] (OS 10060)A connection attempt failed because the connected party did not properly respond after a period of time, or established connection failed because connected host has failed to respond.  : [client 186.84.24.35:55059] AH01102: error reading status line from remote server 172.22.1.61:8080, referer: http://190.27.245.106/reportes_sipse/sdg/ServletReporte?adquisiciones_sipse_detallado&
[Tue Dec 06 18:42:02.549916 2022] [proxy:error] [pid 13072:tid 20680] [client 186.84.24.35:55059] AH00898: Error reading from remote server returned by /reportes_sipse/sdg/ServletControlador, referer: http://190.27.245.106/reportes_sipse/sdg/ServletReporte?adquisiciones_sipse_detallado&
[Tue Dec 06 18:42:24.389955 2022] [proxy_http:error] [pid 13072:tid 20728] (OS 10060)A connection attempt failed because the connected party did not properly respond after a period of time, or established connection failed because connected host has failed to respond.  : [client 186.84.24.35:55060] AH01102: error reading status line from remote server 172.22.1.61:8080, referer: http://190.27.245.106/reportes_sipse/sdg/ServletReporte?adquisiciones_sipse_detallado&
[Tue Dec 06 18:42:24.389955 2022] [proxy:error] [pid 13072:tid 20728] [client 186.84.24.35:55060] AH00898: Error reading from remote server returned by /reportes_sipse/sdg/ServletControlador, referer: http://190.27.245.106/reportes_sipse/sdg/ServletReporte?adquisiciones_sipse_detallado&
[Tue Dec 06 18:43:15.386444 2022] [proxy_http:error] [pid 13072:tid 20964] (OS 10054)An existing connection was forcibly closed by the remote host.  : [client 201.245.192.253:64221] AH01102: error reading status line from remote server 172.22.1.61:8080, referer: http://190.27.245.106/sipse/faces/presentacion/financiero/solicitudAnulacion/solicitudAnulacion.xhtml
[Tue Dec 06 18:43:15.386444 2022] [proxy:error] [pid 13072:tid 20964] [client 201.245.192.253:64221] AH00898: Error reading from remote server returned by /sipse/faces/javax.faces.resource/layout/layout.css, referer: http://190.27.245.106/sipse/faces/presentacion/financiero/solicitudAnulacion/solicitudAnulacion.xhtml
[Tue Dec 06 18:45:09.859445 2022] [mpm_winnt:warn] [pid 13072:tid 21944] (OS 64)The specified network name is no longer available.  : AH00341: winnt_accept: Asynchronous AcceptEx failed.
[Tue Dec 06 18:45:16.146256 2022] [proxy_http:error] [pid 13072:tid 21152] (OS 10054)An existing connection was forcibly closed by the remote host.  : [client 186.145.91.234:49333] AH01102: error reading status line from remote server 172.22.1.61:8080, referer: http://190.27.245.106/sipse/faces/presentacion/contratacion/contrato/registroPresupuestal/consultarActividadesRP.xhtml
[Tue Dec 06 18:45:16.146256 2022] [proxy_http:error] [pid 13072:tid 20728] (OS 10054)An existing connection was forcibly closed by the remote host.  : [client 186.145.91.234:49325] AH01102: error reading status line from remote server 172.22.1.61:8080, referer: http://190.27.245.106/sipse/faces/presentacion/contratacion/contrato/registroPresupuestal/consultarActividadesRP.xhtml
[Tue Dec 06 18:48:57.792446 2022] [mpm_winnt:warn] [pid 13072:tid 21944] (OS 64)The specified network name is no longer available.  : AH00341: winnt_accept: Asynchronous AcceptEx failed.
[Tue Dec 06 19:03:25.653170 2022] [proxy_http:error] [pid 13072:tid 20680] (OS 10054)An existing connection was forcibly closed by the remote host.  : [client 186.29.180.103:23550] AH01102: error reading status line from remote server 172.22.1.61:8080, referer: http://190.27.245.106/sipse/faces/faces/faces/autenticacion.xhtml
[Tue Dec 06 19:03:25.653170 2022] [proxy:error] [pid 13072:tid 20680] [client 186.29.180.103:23550] AH00898: Error reading from remote server returned by /sipse/faces/presentacion/financiero/solicitudProceso/solicitudProcesoOtrosPagos.xhtml, referer: http://190.27.245.106/sipse/faces/faces/faces/autenticacion.xhtml
[Tue Dec 06 19:04:24.246873 2022] [proxy_http:error] [pid 13072:tid 20592] (OS 10054)An existing connection was forcibly closed by the remote host.  : [client 186.29.180.103:23542] AH01102: error reading status line from remote server 172.22.1.61:8080, referer: http://190.27.245.106/sipse/faces/faces/faces/autenticacion.xhtml
[Tue Dec 06 19:04:24.278073 2022] [proxy_http:error] [pid 13072:tid 20592] (OS 10054)An existing connection was forcibly closed by the remote host.  : [client 186.29.180.103:23547] AH01102: error reading status line from remote server 172.22.1.61:8080, referer: http://190.27.245.106/sipse/faces/faces/faces/autenticacion.xhtml
[Tue Dec 06 19:04:24.278073 2022] [proxy:error] [pid 13072:tid 20592] [client 186.29.180.103:23547] AH00898: Error reading from remote server returned by /sipse/faces/javax.faces.resource/primefaces.css, referer: http://190.27.245.106/sipse/faces/faces/faces/autenticacion.xhtml
[Tue Dec 06 19:04:24.278073 2022] [proxy_http:error] [pid 13072:tid 20640] (OS 10054)An existing connection was forcibly closed by the remote host.  : [client 186.29.180.103:23550] AH01102: error reading status line from remote server 172.22.1.61:8080, referer: http://190.27.245.106/sipse/faces/faces/faces/autenticacion.xhtml
[Tue Dec 06 19:04:24.278073 2022] [proxy:error] [pid 13072:tid 20640] [client 186.29.180.103:23550] AH00898: Error reading from remote server returned by /sipse/faces/javax.faces.resource/primefaces.js, referer: http://190.27.245.106/sipse/faces/faces/faces/autenticacion.xhtml
[Tue Dec 06 19:04:48.270915 2022] [proxy_http:error] [pid 13072:tid 20640] (OS 10054)An existing connection was forcibly closed by the remote host.  : [client 207.46.13.120:13568] AH01102: error reading status line from remote server 192.168.175.18:80
[Tue Dec 06 19:04:48.270915 2022] [proxy:error] [pid 13072:tid 20640] [client 207.46.13.120:13568] AH00898: Error reading from remote server returned by /portaldeninos/parque-mirador-de-los-nevados/
[Tue Dec 06 19:09:37.152222 2022] [proxy_http:error] [pid 13072:tid 21300] (OS 10054)An existing connection was forcibly closed by the remote host.  : [client 186.145.91.234:49609] AH01102: error reading status line from remote server 172.22.1.61:8080, referer: http://190.27.245.106/sipse/faces/presentacion/contratacion/contrato/registroPresupuestal/consultarActividadesRP.xhtml
[Tue Dec 06 19:09:37.152222 2022] [proxy:error] [pid 13072:tid 21300] [client 186.145.91.234:49609] AH00898: Error reading from remote server returned by /sipse/faces/presentacion/financiero/solicitudProceso/consultarSolicitudProceso.xhtml, referer: http://190.27.245.106/sipse/faces/presentacion/contratacion/contrato/registroPresupuestal/consultarActividadesRP.xhtml
[Tue Dec 06 19:09:41.551430 2022] [proxy_http:error] [pid 13072:tid 20728] (OS 10054)An existing connection was forcibly closed by the remote host.  : [client 186.145.91.234:49610] AH01102: error reading status line from remote server 172.22.1.61:8080, referer: http://190.27.245.106/sipse/faces/presentacion/financiero/solicitudProceso/consultarSolicitudProceso.xhtml
[Tue Dec 06 19:09:41.551430 2022] [proxy:error] [pid 13072:tid 20728] [client 186.145.91.234:49610] AH00898: Error reading from remote server returned by /sipse/faces/javax.faces.resource/theme.css, referer: http://190.27.245.106/sipse/faces/presentacion/financiero/solicitudProceso/consultarSolicitudProceso.xhtml
[Tue Dec 06 19:09:41.645030 2022] [proxy_http:error] [pid 13072:tid 20640] (OS 10054)An existing connection was forcibly closed by the remote host.  : [client 186.145.91.234:49611] AH01102: error reading status line from remote server 172.22.1.61:8080, referer: http://190.27.245.106/sipse/faces/presentacion/financiero/solicitudProceso/consultarSolicitudProceso.xhtml
[Tue Dec 06 19:09:41.645030 2022] [proxy:error] [pid 13072:tid 20640] [client 186.145.91.234:49611] AH00898: Error reading from remote server returned by /sipse/faces/javax.faces.resource/jquery/jquery-plugins.js, referer: http://190.27.245.106/sipse/faces/presentacion/financiero/solicitudProceso/consultarSolicitudProceso.xhtml
[Tue Dec 06 19:09:41.645030 2022] [proxy_http:error] [pid 13072:tid 20836] (OS 10054)An existing connection was forcibly closed by the remote host.  : [client 186.145.91.234:49614] AH01102: error reading status line from remote server 172.22.1.61:8080, referer: http://190.27.245.106/sipse/faces/presentacion/financiero/solicitudProceso/consultarSolicitudProceso.xhtml
[Tue Dec 06 19:09:41.645030 2022] [proxy:error] [pid 13072:tid 20836] [client 186.145.91.234:49614] AH00898: Error reading from remote server returned by /sipse/faces/javax.faces.resource/primefaces.css, referer: http://190.27.245.106/sipse/faces/presentacion/financiero/solicitudProceso/consultarSolicitudProceso.xhtml
[Tue Dec 06 19:11:27.631616 2022] [mpm_winnt:warn] [pid 13072:tid 21944] (OS 64)The specified network name is no longer available.  : AH00341: winnt_accept: Asynchronous AcceptEx failed.
[Tue Dec 06 19:12:36.380937 2022] [proxy_http:error] [pid 13072:tid 20624] (OS 10060)A connection attempt failed because the connected party did not properly respond after a period of time, or established connection failed because connected host has failed to respond.  : [client 186.29.159.93:2204] AH01102: error reading status line from remote server 172.22.1.61:8080, referer: http://190.27.245.106/reportes_sipse/sdg/ServletReporte?adquisiciones_sipse_detallado&
[Tue Dec 06 19:12:36.380937 2022] [proxy:error] [pid 13072:tid 20624] [client 186.29.159.93:2204] AH00898: Error reading from remote server returned by /reportes_sipse/sdg/ServletControlador, referer: http://190.27.245.106/reportes_sipse/sdg/ServletReporte?adquisiciones_sipse_detallado&
[Tue Dec 06 19:15:32.942047 2022] [proxy_http:error] [pid 13072:tid 20624] (OS 10053)An established connection was aborted by the software in your host machine.  : [client 186.145.91.234:49690] AH01102: error reading status line from remote server 172.22.1.61:8080, referer: http://190.27.245.106/sipse/faces/presentacion/sistema/anexos/cargarAnexoSolicitudProceso.xhtml
[Tue Dec 06 19:15:32.957647 2022] [proxy_http:error] [pid 13072:tid 20640] (OS 10053)An established connection was aborted by the software in your host machine.  : [client 186.145.91.234:49683] AH01102: error reading status line from remote server 172.22.1.61:8080, referer: http://190.27.245.106/sipse/faces/presentacion/sistema/anexos/cargarAnexoSolicitudProceso.xhtml
[Tue Dec 06 19:15:35.032451 2022] [proxy:error] [pid 13072:tid 21152] (OS 10060)A connection attempt failed because the connected party did not properly respond after a period of time, or established connection failed because connected host has failed to respond.  : AH00957: HTTP: attempt to connect to 172.22.1.61:8080 (172.22.1.61) failed
[Tue Dec 06 19:15:35.032451 2022] [proxy:error] [pid 13072:tid 21152] AH00959: ap_proxy_connect_backend disabling worker for (172.22.1.61) for 60s
[Tue Dec 06 19:15:35.032451 2022] [proxy_http:error] [pid 13072:tid 21152] [client 186.145.91.234:49689] AH01114: HTTP: failed to make connection to backend: 172.22.1.61, referer: http://190.27.245.106/sipse/faces/presentacion/sistema/anexos/cargarAnexoSolicitudProceso.xhtml
[Tue Dec 06 19:15:35.032451 2022] [proxy:error] [pid 13072:tid 20836] (OS 10060)A connection attempt failed because the connected party did not properly respond after a period of time, or established connection failed because connected host has failed to respond.  : AH00957: HTTP: attempt to connect to 172.22.1.61:8080 (172.22.1.61) failed
[Tue Dec 06 19:15:35.032451 2022] [proxy_http:error] [pid 13072:tid 20836] [client 186.145.91.234:49686] AH01114: HTTP: failed to make connection to backend: 172.22.1.61, referer: http://190.27.245.106/sipse/faces/presentacion/sistema/anexos/cargarAnexoSolicitudProceso.xhtml
[Tue Dec 06 19:16:53.094988 2022] [proxy_http:error] [pid 13072:tid 20920] (OS 10060)A connection attempt failed because the connected party did not properly respond after a period of time, or established connection failed because connected host has failed to respond.  : [client 201.245.192.253:63312] AH01102: error reading status line from remote server 172.22.1.61:8080, referer: http://190.27.245.106/sipse/faces/presentacion/sistema/anexos/cargarAnexoSolicitudProceso.xhtml
[Tue Dec 06 19:16:53.094988 2022] [proxy:error] [pid 13072:tid 20920] [client 201.245.192.253:63312] AH00898: Error reading from remote server returned by /sipse/faces/presentacion/financiero/solicitudProceso/listarSolicitudProceso.xhtml, referer: http://190.27.245.106/sipse/faces/presentacion/sistema/anexos/cargarAnexoSolicitudProceso.xhtml
[Tue Dec 06 19:17:27.914249 2022] [proxy_http:error] [pid 13072:tid 20900] (OS 10054)An existing connection was forcibly closed by the remote host.  : [client 201.245.192.253:43348] AH01102: error reading status line from remote server 172.22.1.16:18080
[Tue Dec 06 19:17:27.914249 2022] [proxy:error] [pid 13072:tid 20900] [client 201.245.192.253:43348] AH00898: Error reading from remote server returned by /kwsrmcab/Wsrmcab
[Tue Dec 06 19:30:42.657645 2022] [proxy_http:error] [pid 13072:tid 20800] (OS 10054)An existing connection was forcibly closed by the remote host.  : [client 201.245.192.253:34606] AH01102: error reading status line from remote server 172.22.1.16:18080
[Tue Dec 06 19:30:42.657645 2022] [proxy:error] [pid 13072:tid 20800] [client 201.245.192.253:34606] AH00898: Error reading from remote server returned by /kwsrmcab/Wsrmcab
[Tue Dec 06 19:30:43.344046 2022] [proxy_http:error] [pid 13072:tid 21272] (OS 10060)A connection attempt failed because the connected party did not properly respond after a period of time, or established connection failed because connected host has failed to respond.  : [client 200.69.84.132:60704] AH01102: error reading status line from remote server 172.22.1.61:8080, referer: http://190.27.245.106/reportes_sipse/sdg/ServletReporte?adquisiciones_sipse_detallado&
[Tue Dec 06 19:30:43.344046 2022] [proxy:error] [pid 13072:tid 21272] [client 200.69.84.132:60704] AH00898: Error reading from remote server returned by /reportes_sipse/sdg/ServletControlador, referer: http://190.27.245.106/reportes_sipse/sdg/ServletReporte?adquisiciones_sipse_detallado&
[Tue Dec 06 19:35:23.426938 2022] [proxy_http:error] [pid 13072:tid 21152] (OS 10054)An existing connection was forcibly closed by the remote host.  : [client 186.102.0.140:48136] AH01102: error reading status line from remote server 172.22.1.16:18080, referer: http://localhost/
[Tue Dec 06 19:35:23.426938 2022] [proxy:error] [pid 13072:tid 21152] [client 186.102.0.140:48136] AH00898: Error reading from remote server returned by /kwssiamovil/sm/ldap/au, referer: http://localhost/
[Tue Dec 06 19:42:32.522292 2022] [mpm_winnt:warn] [pid 13072:tid 21944] (OS 64)The specified network name is no longer available.  : AH00341: winnt_accept: Asynchronous AcceptEx failed.
[Tue Dec 06 19:54:22.385939 2022] [mpm_winnt:warn] [pid 13072:tid 21944] (OS 64)The specified network name is no longer available.  : AH00341: winnt_accept: Asynchronous AcceptEx failed.
[Tue Dec 06 20:21:08.439960 2022] [proxy_http:error] [pid 13072:tid 21176] (OS 10054)An existing connection was forcibly closed by the remote host.  : [client 186.102.13.35:4183] AH01102: error reading status line from remote server 172.22.1.16:18080, referer: http://localhost/
[Tue Dec 06 20:21:08.439960 2022] [proxy:error] [pid 13072:tid 21176] [client 186.102.13.35:4183] AH00898: Error reading from remote server returned by /kwssiamovil/sm/setfile/f, referer: http://localhost/
[Tue Dec 06 20:30:42.333768 2022] [mpm_winnt:warn] [pid 13072:tid 21944] (OS 64)The specified network name is no longer available.  : AH00341: winnt_accept: Asynchronous AcceptEx failed.
[Tue Dec 06 20:37:35.938294 2022] [mpm_winnt:warn] [pid 13072:tid 21944] (OS 64)The specified network name is no longer available.  : AH00341: winnt_accept: Asynchronous AcceptEx failed.
[Tue Dec 06 21:11:12.132636 2022] [proxy_http:error] [pid 13072:tid 20920] (OS 10054)An existing connection was forcibly closed by the remote host.  : [client 157.55.39.39:25984] AH01102: error reading status line from remote server 172.22.1.61:8080
[Tue Dec 06 21:11:12.132636 2022] [proxy:error] [pid 13072:tid 20920] [client 157.55.39.39:25984] AH00898: Error reading from remote server returned by /sipse/faces/javax.faces.resource/jquery/jquery.js;jsessionid=8j2uftawv0qugd8rmbtxmjix.undefined
[Tue Dec 06 21:15:29.096287 2022] [mpm_winnt:warn] [pid 13072:tid 21944] (OS 64)The specified network name is no longer available.  : AH00341: winnt_accept: Asynchronous AcceptEx failed.
[Tue Dec 06 21:26:06.451006 2022] [proxy_http:error] [pid 13072:tid 21300] (OS 10054)An existing connection was forcibly closed by the remote host.  : [client 201.245.192.253:33250] AH01102: error reading status line from remote server 172.22.1.16:18080
[Tue Dec 06 21:26:06.451006 2022] [proxy:error] [pid 13072:tid 21300] [client 201.245.192.253:33250] AH00898: Error reading from remote server returned by /kwsrmcab/Wsrmcab
[Tue Dec 06 21:26:47.073478 2022] [mpm_winnt:warn] [pid 13072:tid 21944] (OS 64)The specified network name is no longer available.  : AH00341: winnt_accept: Asynchronous AcceptEx failed.
[Tue Dec 06 21:29:18.908544 2022] [mpm_winnt:warn] [pid 13072:tid 21944] (OS 64)The specified network name is no longer available.  : AH00341: winnt_accept: Asynchronous AcceptEx failed.
[Tue Dec 06 21:30:41.495089 2022] [proxy_http:error] [pid 13072:tid 20624] (OS 10054)An existing connection was forcibly closed by the remote host.  : [client 201.245.192.253:38630] AH01102: error reading status line from remote server 172.22.1.16:18080
[Tue Dec 06 21:30:41.495089 2022] [proxy:error] [pid 13072:tid 20624] [client 201.245.192.253:38630] AH00898: Error reading from remote server returned by /kwsrmcab/Wsrmcab
[Tue Dec 06 21:33:05.016342 2022] [proxy_http:error] [pid 13072:tid 21152] (OS 10054)An existing connection was forcibly closed by the remote host.  : [client 201.245.192.253:35756] AH01102: error reading status line from remote server 172.22.1.16:18080
[Tue Dec 06 21:33:05.016342 2022] [proxy:error] [pid 13072:tid 21152] [client 201.245.192.253:35756] AH00898: Error reading from remote server returned by /kwsrmcab/Wsrmcab
[Tue Dec 06 21:34:22.642078 2022] [mpm_winnt:warn] [pid 13072:tid 21944] (OS 64)The specified network name is no longer available.  : AH00341: winnt_accept: Asynchronous AcceptEx failed.
[Tue Dec 06 21:52:59.245239 2022] [mpm_winnt:warn] [pid 13072:tid 21944] (OS 64)The specified network name is no longer available.  : AH00341: winnt_accept: Asynchronous AcceptEx failed.
[Tue Dec 06 21:57:10.826881 2022] [proxy_http:error] [pid 13072:tid 20936] (OS 10054)An existing connection was forcibly closed by the remote host.  : [client 201.245.192.253:44398] AH01102: error reading status line from remote server 172.22.1.16:18080
[Tue Dec 06 21:57:10.826881 2022] [proxy:error] [pid 13072:tid 20936] [client 201.245.192.253:44398] AH00898: Error reading from remote server returned by /kwsrmcab/Wsrmcab
[Tue Dec 06 22:03:52.090786 2022] [core:error] [pid 13072:tid 21300] [client 198.199.94.175:42780] AH00135: Invalid method in request MGLNDD_190.27.245.106_80
[Tue Dec 06 22:20:42.005360 2022] [proxy_http:error] [pid 13072:tid 20600] (OS 10054)An existing connection was forcibly closed by the remote host.  : [client 201.245.192.253:39132] AH01102: error reading status line from remote server 172.22.1.16:18080
[Tue Dec 06 22:20:42.005360 2022] [proxy:error] [pid 13072:tid 20600] [client 201.245.192.253:39132] AH00898: Error reading from remote server returned by /kwsrmcab/Wsrmcab
[Tue Dec 06 22:25:12.494235 2022] [mpm_winnt:warn] [pid 13072:tid 21944] (OS 64)The specified network name is no longer available.  : AH00341: winnt_accept: Asynchronous AcceptEx failed.
[Tue Dec 06 22:28:23.611170 2022] [proxy_http:error] [pid 13072:tid 20624] (OS 10054)An existing connection was forcibly closed by the remote host.  : [client 201.245.192.253:55612] AH01102: error reading status line from remote server 172.22.1.16:18080
[Tue Dec 06 22:28:23.611170 2022] [proxy:error] [pid 13072:tid 20624] [client 201.245.192.253:55612] AH00898: Error reading from remote server returned by /kwsrmcab/Wsrmcab
[Tue Dec 06 22:30:30.891794 2022] [proxy_http:error] [pid 13072:tid 20900] (OS 10054)An existing connection was forcibly closed by the remote host.  : [client 201.245.192.253:56320] AH01102: error reading status line from remote server 172.22.1.16:18080
[Tue Dec 06 22:30:30.891794 2022] [proxy:error] [pid 13072:tid 20900] [client 201.245.192.253:56320] AH00898: Error reading from remote server returned by /kwsrmcab/Wsrmcab
[Tue Dec 06 22:32:17.502381 2022] [mpm_winnt:warn] [pid 13072:tid 21944] (OS 64)The specified network name is no longer available.  : AH00341: winnt_accept: Asynchronous AcceptEx failed.
[Tue Dec 06 22:40:52.615286 2022] [mpm_winnt:warn] [pid 13072:tid 21944] (OS 64)The specified network name is no longer available.  : AH00341: winnt_accept: Asynchronous AcceptEx failed.
[Tue Dec 06 22:42:24.593047 2022] [proxy_http:error] [pid 13072:tid 21272] (OS 10060)A connection attempt failed because the connected party did not properly respond after a period of time, or established connection failed because connected host has failed to respond.  : [client 172.22.2.1:45557] AH01102: error reading status line from remote server 172.22.1.61:8080
[Tue Dec 06 22:42:24.593047 2022] [proxy:error] [pid 13072:tid 21272] [client 172.22.2.1:45557] AH00898: Error reading from remote server returned by /reportes_sipse/sdg/ServletFirma
[Tue Dec 06 22:47:28.309981 2022] [proxy_http:error] [pid 13072:tid 20800] (OS 10054)An existing connection was forcibly closed by the remote host.  : [client 201.245.192.253:34230] AH01102: error reading status line from remote server 172.22.1.16:18080
[Tue Dec 06 22:47:28.309981 2022] [proxy:error] [pid 13072:tid 20800] [client 201.245.192.253:34230] AH00898: Error reading from remote server returned by /kwsrmcab/Wsrmcab
[Tue Dec 06 22:53:16.767793 2022] [mpm_winnt:warn] [pid 13072:tid 21944] (OS 64)The specified network name is no longer available.  : AH00341: winnt_accept: Asynchronous AcceptEx failed.
[Tue Dec 06 23:07:05.893649 2022] [mpm_winnt:warn] [pid 13072:tid 21944] (OS 64)The specified network name is no longer available.  : AH00341: winnt_accept: Asynchronous AcceptEx failed.
[Tue Dec 06 23:07:07.048051 2022] [mpm_winnt:warn] [pid 13072:tid 21944] (OS 64)The specified network name is no longer available.  : AH00341: winnt_accept: Asynchronous AcceptEx failed.
[Tue Dec 06 23:07:11.993260 2022] [mpm_winnt:warn] [pid 13072:tid 21944] (OS 64)The specified network name is no longer available.  : AH00341: winnt_accept: Asynchronous AcceptEx failed.
[Tue Dec 06 23:07:24.691682 2022] [mpm_winnt:warn] [pid 13072:tid 21944] (OS 64)The specified network name is no longer available.  : AH00341: winnt_accept: Asynchronous AcceptEx failed.
[Tue Dec 06 23:13:10.481890 2022] [core:error] [pid 13072:tid 20600] [client 172.104.131.24:50400] AH00135: Invalid method in request ABCDEFGHIJKLMNOPQRSTUVWXYZ9999
[Tue Dec 06 23:17:23.654734 2022] [mpm_winnt:warn] [pid 13072:tid 21944] (OS 64)The specified network name is no longer available.  : AH00341: winnt_accept: Asynchronous AcceptEx failed.
[Tue Dec 06 23:30:41.737536 2022] [proxy_http:error] [pid 13072:tid 21272] (OS 10054)An existing connection was forcibly closed by the remote host.  : [client 201.245.192.253:39622] AH01102: error reading status line from remote server 172.22.1.16:18080
[Tue Dec 06 23:30:41.737536 2022] [proxy:error] [pid 13072:tid 21272] [client 201.245.192.253:39622] AH00898: Error reading from remote server returned by /kwsrmcab/Wsrmcab
[Tue Dec 06 23:33:03.260985 2022] [proxy_http:error] [pid 13072:tid 20712] (OS 10054)An existing connection was forcibly closed by the remote host.  : [client 205.169.39.63:40255] AH01102: error reading status line from remote server 192.168.175.18:80, referer: http://ambientic.ambientebogota.gov.co/portaldeninos/wp-content/themes/betheme/css/base.css?ver=20.9.6
[Tue Dec 06 23:33:03.260985 2022] [proxy:error] [pid 13072:tid 20712] [client 205.169.39.63:40255] AH00898: Error reading from remote server returned by /portaldeninos/wp-content/themes/betheme/fonts/mfn-icons.woff, referer: http://ambientic.ambientebogota.gov.co/portaldeninos/wp-content/themes/betheme/css/base.css?ver=20.9.6
[Tue Dec 06 23:35:57.419691 2022] [mpm_winnt:warn] [pid 13072:tid 21944] (OS 64)The specified network name is no longer available.  : AH00341: winnt_accept: Asynchronous AcceptEx failed.
[Tue Dec 06 23:41:09.233038 2022] [mpm_winnt:warn] [pid 13072:tid 21944] (OS 64)The specified network name is no longer available.  : AH00341: winnt_accept: Asynchronous AcceptEx failed.
[Tue Dec 06 23:53:32.511944 2022] [proxy_http:error] [pid 13072:tid 20900] (OS 10054)An existing connection was forcibly closed by the remote host.  : [client 201.245.192.253:58038] AH01102: error reading status line from remote server 172.22.1.16:18080
[Tue Dec 06 23:53:32.511944 2022] [proxy:error] [pid 13072:tid 20900] [client 201.245.192.253:58038] AH00898: Error reading from remote server returned by /kwsrmcab/Wsrmcab
[Tue Dec 06 23:58:56.758513 2022] [mpm_winnt:warn] [pid 13072:tid 21944] (OS 64)The specified network name is no longer available.  : AH00341: winnt_accept: Asynchronous AcceptEx failed.

:: Command execute ::

Enter:
 
Select:
 

:: Search ::
regexp 

:: Upload ::
 
[ ok ]

:: Make Dir ::
 
[ ok ]
:: Make File ::
 
[ ok ]

:: Go Dir ::
 
:: Go File ::
 

--[ c99shell v. 1.0 pre-release build #13 powered by Captain Crunch Security Team | http://ccteam.ru | Generation time: 0.1248 ]--