!C99Shell v. 1.0 pre-release build #13!

Software: Apache. PHP/5.5.15 

uname -a: Windows NT SVR-DMZ 6.1 build 7600 (Windows Server 2008 R2 Enterprise Edition) i586 

SYSTEM 

Safe-mode: OFF (not secure)

E:\nuevo\apache\logs\   drwxrwxrwx
Free 7.33 GB of 239.26 GB (3.07%)
Detected drives: [ a ] [ c ] [ d ] [ e ] [ f ]
Home    Back    Forward    UPDIR    Refresh    Search    Buffer    Encoder    Tools    Proc.    FTP brute    Sec.    SQL    PHP-code    Update    Feedback    Self remove    Logout    


Viewing file:     error.2024.02.29.log (24.75 KB)      -rw-rw-rw-
Select action/file-type:
(+) | (+) | (+) | Code (+) | Session (+) | (+) | SDB (+) | (+) | (+) | (+) | (+) | (+) |
[Thu Feb 29 00:08:28.408873 2024] [mpm_winnt:warn] [pid 12004:tid 21868] (OS 64)The specified network name is no longer available.  : AH00341: winnt_accept: Asynchronous AcceptEx failed.
[Thu Feb 29 00:46:04.859236 2024] [proxy:error] [pid 12004:tid 20948] (OS 10061)No connection could be made because the target machine actively refused it.  : AH00957: HTTP: attempt to connect to 192.168.175.18:80 (192.168.175.18) failed
[Thu Feb 29 00:46:04.859236 2024] [proxy:error] [pid 12004:tid 20948] AH00959: ap_proxy_connect_backend disabling worker for (192.168.175.18) for 60s
[Thu Feb 29 00:46:04.859236 2024] [proxy_http:error] [pid 12004:tid 20948] [client 66.249.66.167:61191] AH01114: HTTP: failed to make connection to backend: 192.168.175.18
[Thu Feb 29 01:23:51.278017 2024] [mpm_winnt:warn] [pid 12004:tid 21868] (OS 64)The specified network name is no longer available.  : AH00341: winnt_accept: Asynchronous AcceptEx failed.
[Thu Feb 29 01:42:19.893964 2024] [proxy:error] [pid 12004:tid 21316] (OS 10061)No connection could be made because the target machine actively refused it.  : AH00957: HTTP: attempt to connect to 192.168.175.18:80 (192.168.175.18) failed
[Thu Feb 29 01:42:19.893964 2024] [proxy:error] [pid 12004:tid 21316] AH00959: ap_proxy_connect_backend disabling worker for (192.168.175.18) for 60s
[Thu Feb 29 01:42:19.893964 2024] [proxy_http:error] [pid 12004:tid 21316] [client 40.77.167.36:40996] AH01114: HTTP: failed to make connection to backend: 192.168.175.18
[Thu Feb 29 02:12:53.489984 2024] [proxy:error] [pid 12004:tid 21316] (OS 10061)No connection could be made because the target machine actively refused it.  : AH00957: HTTP: attempt to connect to 172.22.1.51:8399 (172.22.1.51) failed
[Thu Feb 29 02:12:53.489984 2024] [proxy:error] [pid 12004:tid 21316] AH00959: ap_proxy_connect_backend disabling worker for (172.22.1.51) for 60s
[Thu Feb 29 02:12:53.489984 2024] [proxy_http:error] [pid 12004:tid 21316] [client 152.61.128.50:41856] AH01114: HTTP: failed to make connection to backend: 172.22.1.51
[Thu Feb 29 02:12:53.739585 2024] [proxy:error] [pid 12004:tid 21316] AH00940: HTTP: disabled connection for (172.22.1.51)
[Thu Feb 29 02:12:53.989185 2024] [proxy:error] [pid 12004:tid 21316] AH00940: HTTP: disabled connection for (172.22.1.51)
[Thu Feb 29 02:57:11.594253 2024] [mpm_winnt:warn] [pid 12004:tid 21868] (OS 64)The specified network name is no longer available.  : AH00341: winnt_accept: Asynchronous AcceptEx failed.
[Thu Feb 29 03:02:37.775226 2024] [proxy:error] [pid 12004:tid 21104] (OS 10061)No connection could be made because the target machine actively refused it.  : AH00957: HTTP: attempt to connect to 192.168.175.18:80 (192.168.175.18) failed
[Thu Feb 29 03:02:37.775226 2024] [proxy:error] [pid 12004:tid 21104] AH00959: ap_proxy_connect_backend disabling worker for (192.168.175.18) for 60s
[Thu Feb 29 03:02:37.775226 2024] [proxy_http:error] [pid 12004:tid 21104] [client 40.77.167.56:1992] AH01114: HTTP: failed to make connection to backend: 192.168.175.18
[Thu Feb 29 03:16:51.034325 2024] [proxy:error] [pid 12004:tid 21280] (OS 10061)No connection could be made because the target machine actively refused it.  : AH00957: HTTP: attempt to connect to 192.168.175.18:80 (192.168.175.18) failed
[Thu Feb 29 03:16:51.034325 2024] [proxy:error] [pid 12004:tid 21280] AH00959: ap_proxy_connect_backend disabling worker for (192.168.175.18) for 60s
[Thu Feb 29 03:16:51.034325 2024] [proxy_http:error] [pid 12004:tid 21280] [client 52.167.144.174:16348] AH01114: HTTP: failed to make connection to backend: 192.168.175.18
[Thu Feb 29 04:15:57.809754 2024] [mpm_winnt:warn] [pid 12004:tid 21868] (OS 64)The specified network name is no longer available.  : AH00341: winnt_accept: Asynchronous AcceptEx failed.
[Thu Feb 29 04:42:34.597359 2024] [proxy:error] [pid 12004:tid 21128] (OS 10061)No connection could be made because the target machine actively refused it.  : AH00957: HTTP: attempt to connect to 192.168.175.18:80 (192.168.175.18) failed
[Thu Feb 29 04:42:34.597359 2024] [proxy:error] [pid 12004:tid 21128] AH00959: ap_proxy_connect_backend disabling worker for (192.168.175.18) for 60s
[Thu Feb 29 04:42:34.597359 2024] [proxy_http:error] [pid 12004:tid 21128] [client 185.191.171.1:24252] AH01114: HTTP: failed to make connection to backend: 192.168.175.18
[Thu Feb 29 05:18:14.624718 2024] [mpm_winnt:warn] [pid 12004:tid 21868] (OS 64)The specified network name is no longer available.  : AH00341: winnt_accept: Asynchronous AcceptEx failed.
[Thu Feb 29 05:23:22.257258 2024] [proxy:error] [pid 12004:tid 20948] (OS 10061)No connection could be made because the target machine actively refused it.  : AH00957: HTTP: attempt to connect to 192.168.175.18:80 (192.168.175.18) failed
[Thu Feb 29 05:23:22.257258 2024] [proxy:error] [pid 12004:tid 20948] AH00959: ap_proxy_connect_backend disabling worker for (192.168.175.18) for 60s
[Thu Feb 29 05:23:22.257258 2024] [proxy_http:error] [pid 12004:tid 20948] [client 40.77.167.73:56389] AH01114: HTTP: failed to make connection to backend: 192.168.175.18
[Thu Feb 29 05:35:31.215338 2024] [mpm_winnt:warn] [pid 12004:tid 21868] (OS 64)The specified network name is no longer available.  : AH00341: winnt_accept: Asynchronous AcceptEx failed.
[Thu Feb 29 05:39:59.863410 2024] [cgi:error] [pid 12004:tid 21128] [client 185.180.143.136:44886] script not found or unable to stat: E:/nuevo/cgi-bin/authLogin.cgi
[Thu Feb 29 05:59:23.469454 2024] [proxy:error] [pid 12004:tid 21472] (OS 10061)No connection could be made because the target machine actively refused it.  : AH00957: HTTP: attempt to connect to 192.168.175.18:80 (192.168.175.18) failed
[Thu Feb 29 05:59:23.469454 2024] [proxy:error] [pid 12004:tid 21472] AH00959: ap_proxy_connect_backend disabling worker for (192.168.175.18) for 60s
[Thu Feb 29 05:59:23.469454 2024] [proxy_http:error] [pid 12004:tid 21472] [client 40.77.167.27:29599] AH01114: HTTP: failed to make connection to backend: 192.168.175.18
[Thu Feb 29 05:59:41.331485 2024] [proxy:error] [pid 12004:tid 21472] AH00940: HTTP: disabled connection for (192.168.175.18)
[Thu Feb 29 05:59:41.534286 2024] [proxy:error] [pid 12004:tid 21472] AH00940: HTTP: disabled connection for (192.168.175.18)
[Thu Feb 29 05:59:41.768286 2024] [proxy:error] [pid 12004:tid 21472] AH00940: HTTP: disabled connection for (192.168.175.18)
[Thu Feb 29 05:59:41.986686 2024] [proxy:error] [pid 12004:tid 21472] AH00940: HTTP: disabled connection for (192.168.175.18)
[Thu Feb 29 05:59:42.298687 2024] [proxy:error] [pid 12004:tid 21472] AH00940: HTTP: disabled connection for (192.168.175.18)
[Thu Feb 29 05:59:42.470287 2024] [proxy:error] [pid 12004:tid 21472] AH00940: HTTP: disabled connection for (192.168.175.18)
[Thu Feb 29 05:59:42.626288 2024] [proxy:error] [pid 12004:tid 21472] AH00940: HTTP: disabled connection for (192.168.175.18)
[Thu Feb 29 05:59:42.829088 2024] [proxy:error] [pid 12004:tid 21472] AH00940: HTTP: disabled connection for (192.168.175.18)
[Thu Feb 29 05:59:49.209499 2024] [proxy:error] [pid 12004:tid 21288] AH00940: HTTP: disabled connection for (192.168.175.18)
[Thu Feb 29 05:59:49.786700 2024] [proxy:error] [pid 12004:tid 21288] AH00940: HTTP: disabled connection for (192.168.175.18)
[Thu Feb 29 05:59:49.942700 2024] [proxy:error] [pid 12004:tid 21288] AH00940: HTTP: disabled connection for (192.168.175.18)
[Thu Feb 29 05:59:50.223501 2024] [proxy:error] [pid 12004:tid 21288] AH00940: HTTP: disabled connection for (192.168.175.18)
[Thu Feb 29 05:59:50.441901 2024] [proxy:error] [pid 12004:tid 21288] AH00940: HTTP: disabled connection for (192.168.175.18)
[Thu Feb 29 05:59:50.753902 2024] [proxy:error] [pid 12004:tid 21288] AH00940: HTTP: disabled connection for (192.168.175.18)
[Thu Feb 29 05:59:51.112702 2024] [proxy:error] [pid 12004:tid 21288] AH00940: HTTP: disabled connection for (192.168.175.18)
[Thu Feb 29 05:59:51.346703 2024] [proxy:error] [pid 12004:tid 21288] AH00940: HTTP: disabled connection for (192.168.175.18)
[Thu Feb 29 05:59:57.602314 2024] [proxy:error] [pid 12004:tid 21288] AH00940: HTTP: disabled connection for (192.168.175.18)
[Thu Feb 29 05:59:57.836314 2024] [proxy:error] [pid 12004:tid 21288] AH00940: HTTP: disabled connection for (192.168.175.18)
[Thu Feb 29 05:59:58.163915 2024] [proxy:error] [pid 12004:tid 21288] AH00940: HTTP: disabled connection for (192.168.175.18)
[Thu Feb 29 05:59:58.444715 2024] [proxy:error] [pid 12004:tid 21288] AH00940: HTTP: disabled connection for (192.168.175.18)
[Thu Feb 29 05:59:58.709916 2024] [proxy:error] [pid 12004:tid 21288] AH00940: HTTP: disabled connection for (192.168.175.18)
[Thu Feb 29 05:59:59.318317 2024] [proxy:error] [pid 12004:tid 21288] AH00940: HTTP: disabled connection for (192.168.175.18)
[Thu Feb 29 05:59:59.739518 2024] [proxy:error] [pid 12004:tid 21288] AH00940: HTTP: disabled connection for (192.168.175.18)
[Thu Feb 29 06:00:00.035918 2024] [proxy:error] [pid 12004:tid 21288] AH00940: HTTP: disabled connection for (192.168.175.18)
[Thu Feb 29 06:00:00.207518 2024] [proxy:error] [pid 12004:tid 21288] AH00940: HTTP: disabled connection for (192.168.175.18)
[Thu Feb 29 06:00:00.659919 2024] [proxy:error] [pid 12004:tid 21288] AH00940: HTTP: disabled connection for (192.168.175.18)
[Thu Feb 29 06:00:01.096720 2024] [proxy:error] [pid 12004:tid 21288] AH00940: HTTP: disabled connection for (192.168.175.18)
[Thu Feb 29 06:00:01.299520 2024] [proxy:error] [pid 12004:tid 21288] AH00940: HTTP: disabled connection for (192.168.175.18)
[Thu Feb 29 06:02:02.620933 2024] [proxy:error] [pid 12004:tid 21180] (OS 10061)No connection could be made because the target machine actively refused it.  : AH00957: HTTP: attempt to connect to 192.168.175.18:80 (192.168.175.18) failed
[Thu Feb 29 06:02:02.620933 2024] [proxy:error] [pid 12004:tid 21180] AH00959: ap_proxy_connect_backend disabling worker for (192.168.175.18) for 60s
[Thu Feb 29 06:02:02.620933 2024] [proxy_http:error] [pid 12004:tid 21180] [client 52.167.144.205:14144] AH01114: HTTP: failed to make connection to backend: 192.168.175.18
[Thu Feb 29 06:02:11.731349 2024] [proxy:error] [pid 12004:tid 21180] AH00940: HTTP: disabled connection for (192.168.175.18)
[Thu Feb 29 06:09:14.741692 2024] [proxy:error] [pid 12004:tid 21044] (OS 10061)No connection could be made because the target machine actively refused it.  : AH00957: HTTP: attempt to connect to 192.168.175.18:80 (192.168.175.18) failed
[Thu Feb 29 06:09:14.741692 2024] [proxy:error] [pid 12004:tid 21044] AH00959: ap_proxy_connect_backend disabling worker for (192.168.175.18) for 60s
[Thu Feb 29 06:09:14.741692 2024] [proxy_http:error] [pid 12004:tid 21044] [client 85.208.96.205:19936] AH01114: HTTP: failed to make connection to backend: 192.168.175.18
[Thu Feb 29 06:32:52.425382 2024] [mpm_winnt:warn] [pid 12004:tid 21868] (OS 64)The specified network name is no longer available.  : AH00341: winnt_accept: Asynchronous AcceptEx failed.
[Thu Feb 29 07:39:23.957593 2024] [proxy:error] [pid 12004:tid 21256] (OS 10061)No connection could be made because the target machine actively refused it.  : AH00957: HTTP: attempt to connect to 192.168.175.18:80 (192.168.175.18) failed
[Thu Feb 29 07:39:23.957593 2024] [proxy:error] [pid 12004:tid 21256] AH00959: ap_proxy_connect_backend disabling worker for (192.168.175.18) for 60s
[Thu Feb 29 07:39:23.957593 2024] [proxy_http:error] [pid 12004:tid 21256] [client 74.125.210.172:46776] AH01114: HTTP: failed to make connection to backend: 192.168.175.18
[Thu Feb 29 07:55:18.273669 2024] [proxy:error] [pid 12004:tid 21256] (OS 10061)No connection could be made because the target machine actively refused it.  : AH00957: HTTP: attempt to connect to 192.168.175.18:80 (192.168.175.18) failed
[Thu Feb 29 07:55:18.273669 2024] [proxy:error] [pid 12004:tid 21256] AH00959: ap_proxy_connect_backend disabling worker for (192.168.175.18) for 60s
[Thu Feb 29 07:55:18.273669 2024] [proxy_http:error] [pid 12004:tid 21256] [client 52.167.144.140:21528] AH01114: HTTP: failed to make connection to backend: 192.168.175.18
[Thu Feb 29 08:50:36.664698 2024] [mpm_winnt:warn] [pid 12004:tid 21868] (OS 64)The specified network name is no longer available.  : AH00341: winnt_accept: Asynchronous AcceptEx failed.
[Thu Feb 29 08:51:47.192422 2024] [mpm_winnt:warn] [pid 12004:tid 21868] (OS 64)The specified network name is no longer available.  : AH00341: winnt_accept: Asynchronous AcceptEx failed.
[Thu Feb 29 09:05:19.922649 2024] [mpm_winnt:warn] [pid 12004:tid 21868] (OS 64)The specified network name is no longer available.  : AH00341: winnt_accept: Asynchronous AcceptEx failed.
[Thu Feb 29 09:12:37.581418 2024] [mpm_winnt:warn] [pid 12004:tid 21868] (OS 64)The specified network name is no longer available.  : AH00341: winnt_accept: Asynchronous AcceptEx failed.
[Thu Feb 29 09:39:05.211806 2024] [mpm_winnt:warn] [pid 12004:tid 21868] (OS 64)The specified network name is no longer available.  : AH00341: winnt_accept: Asynchronous AcceptEx failed.
[Thu Feb 29 09:41:10.636027 2024] [proxy:error] [pid 12004:tid 21004] (OS 10061)No connection could be made because the target machine actively refused it.  : AH00957: HTTP: attempt to connect to 192.168.175.18:80 (192.168.175.18) failed
[Thu Feb 29 09:41:10.636027 2024] [proxy:error] [pid 12004:tid 21004] AH00959: ap_proxy_connect_backend disabling worker for (192.168.175.18) for 60s
[Thu Feb 29 09:41:10.636027 2024] [proxy_http:error] [pid 12004:tid 21004] [client 185.191.171.18:54880] AH01114: HTTP: failed to make connection to backend: 192.168.175.18
[Thu Feb 29 10:25:10.316663 2024] [proxy:error] [pid 12004:tid 21368] (OS 10061)No connection could be made because the target machine actively refused it.  : AH00957: HTTP: attempt to connect to 192.168.175.18:80 (192.168.175.18) failed
[Thu Feb 29 10:25:10.316663 2024] [proxy:error] [pid 12004:tid 21368] AH00959: ap_proxy_connect_backend disabling worker for (192.168.175.18) for 60s
[Thu Feb 29 10:25:10.316663 2024] [proxy_http:error] [pid 12004:tid 21368] [client 40.77.167.27:28937] AH01114: HTTP: failed to make connection to backend: 192.168.175.18
[Thu Feb 29 10:55:16.113435 2024] [mpm_winnt:warn] [pid 12004:tid 21868] (OS 64)The specified network name is no longer available.  : AH00341: winnt_accept: Asynchronous AcceptEx failed.
[Thu Feb 29 11:04:53.298849 2024] [proxy_http:error] [pid 12004:tid 21220] (20014)Internal error: [client 191.156.145.19:57646] AH01102: error reading status line from remote server 172.22.1.61:8080, referer: http://190.27.245.106/sipse/faces/faces/autenticacion.xhtml
[Thu Feb 29 11:04:53.298849 2024] [proxy:error] [pid 12004:tid 21220] [client 191.156.145.19:57646] AH00898: Error reading from remote server returned by /sipse/faces/presentacion/financiero/solicitudProceso/consultar.xhtml, referer: http://190.27.245.106/sipse/faces/faces/autenticacion.xhtml
[Thu Feb 29 11:18:43.703907 2024] [proxy_http:error] [pid 12004:tid 21484] (70008)Partial results are valid but processing is incomplete: [client 191.156.234.138:7965] AH02609: read request body failed to 172.22.1.61:8080 (172.22.1.61) from 191.156.234.138 (), referer: http://190.27.245.106/sipse/faces/presentacion/financiero/solicitudProceso/crearModificarSolicitudProceso.xhtml
[Thu Feb 29 11:18:43.703907 2024] [proxy_http:error] [pid 12004:tid 21484] [client 191.156.234.138:7965] AH01097: pass request body failed to 172.22.1.61:8080 (172.22.1.61) from 191.156.234.138 (), referer: http://190.27.245.106/sipse/faces/presentacion/financiero/solicitudProceso/crearModificarSolicitudProceso.xhtml
[Thu Feb 29 11:22:32.415909 2024] [mpm_winnt:warn] [pid 12004:tid 21868] (OS 64)The specified network name is no longer available.  : AH00341: winnt_accept: Asynchronous AcceptEx failed.
[Thu Feb 29 13:34:26.575009 2024] [mpm_winnt:warn] [pid 12004:tid 21868] (OS 64)The specified network name is no longer available.  : AH00341: winnt_accept: Asynchronous AcceptEx failed.
[Thu Feb 29 14:13:49.417559 2024] [proxy:error] [pid 12004:tid 21416] (OS 10061)No connection could be made because the target machine actively refused it.  : AH00957: HTTP: attempt to connect to 192.168.175.18:80 (192.168.175.18) failed
[Thu Feb 29 14:13:49.417559 2024] [proxy:error] [pid 12004:tid 21416] AH00959: ap_proxy_connect_backend disabling worker for (192.168.175.18) for 60s
[Thu Feb 29 14:13:49.417559 2024] [proxy_http:error] [pid 12004:tid 21416] [client 52.167.144.222:10435] AH01114: HTTP: failed to make connection to backend: 192.168.175.18
[Thu Feb 29 14:58:51.654306 2024] [mpm_winnt:warn] [pid 12004:tid 21868] (OS 64)The specified network name is no longer available.  : AH00341: winnt_accept: Asynchronous AcceptEx failed.
[Thu Feb 29 15:02:00.804638 2024] [negotiation:error] [pid 12004:tid 21288] [client 172.22.2.4:37526] AH00690: no acceptable variant: E:/nuevo/apache/error/HTTP_NOT_FOUND.html.var
[Thu Feb 29 15:02:01.678239 2024] [negotiation:error] [pid 12004:tid 21096] [client 172.22.2.4:37528] AH00690: no acceptable variant: E:/nuevo/apache/error/HTTP_NOT_FOUND.html.var
[Thu Feb 29 15:19:05.414437 2024] [mpm_winnt:warn] [pid 12004:tid 21868] (OS 64)The specified network name is no longer available.  : AH00341: winnt_accept: Asynchronous AcceptEx failed.
[Thu Feb 29 15:25:01.297863 2024] [mpm_winnt:warn] [pid 12004:tid 21868] (OS 64)The specified network name is no longer available.  : AH00341: winnt_accept: Asynchronous AcceptEx failed.
[Thu Feb 29 16:30:54.329206 2024] [negotiation:error] [pid 12004:tid 21472] [client 172.22.2.4:51980] AH00690: no acceptable variant: E:/nuevo/apache/error/HTTP_NOT_FOUND.html.var
[Thu Feb 29 16:30:55.499208 2024] [negotiation:error] [pid 12004:tid 21472] [client 172.22.2.4:51980] AH00690: no acceptable variant: E:/nuevo/apache/error/HTTP_NOT_FOUND.html.var
[Thu Feb 29 17:26:36.869076 2024] [mpm_winnt:warn] [pid 12004:tid 21868] (OS 64)The specified network name is no longer available.  : AH00341: winnt_accept: Asynchronous AcceptEx failed.
[Thu Feb 29 18:02:47.675289 2024] [mpm_winnt:warn] [pid 12004:tid 21868] (OS 64)The specified network name is no longer available.  : AH00341: winnt_accept: Asynchronous AcceptEx failed.
[Thu Feb 29 18:51:34.162429 2024] [negotiation:error] [pid 12004:tid 21148] [client 172.22.2.4:33700] AH00690: no acceptable variant: E:/nuevo/apache/error/HTTP_NOT_FOUND.html.var
[Thu Feb 29 18:55:53.700085 2024] [proxy:error] [pid 12004:tid 21360] (OS 10061)No connection could be made because the target machine actively refused it.  : AH00957: HTTP: attempt to connect to 192.168.175.18:80 (192.168.175.18) failed
[Thu Feb 29 18:55:53.700085 2024] [proxy:error] [pid 12004:tid 21360] AH00959: ap_proxy_connect_backend disabling worker for (192.168.175.18) for 60s
[Thu Feb 29 18:55:53.700085 2024] [proxy_http:error] [pid 12004:tid 21360] [client 40.77.167.20:1698] AH01114: HTTP: failed to make connection to backend: 192.168.175.18
[Thu Feb 29 18:56:42.481371 2024] [proxy:error] [pid 12004:tid 20948] AH00940: HTTP: disabled connection for (192.168.175.18)
[Thu Feb 29 18:56:55.990995 2024] [negotiation:error] [pid 12004:tid 20948] [client 172.22.2.4:33830] AH00690: no acceptable variant: E:/nuevo/apache/error/HTTP_NOT_FOUND.html.var
[Thu Feb 29 19:04:52.883832 2024] [mpm_winnt:warn] [pid 12004:tid 21868] (OS 64)The specified network name is no longer available.  : AH00341: winnt_accept: Asynchronous AcceptEx failed.
[Thu Feb 29 19:21:17.105161 2024] [mpm_winnt:warn] [pid 12004:tid 21868] (OS 64)The specified network name is no longer available.  : AH00341: winnt_accept: Asynchronous AcceptEx failed.
[Thu Feb 29 19:28:50.987958 2024] [mpm_winnt:warn] [pid 12004:tid 21868] (OS 64)The specified network name is no longer available.  : AH00341: winnt_accept: Asynchronous AcceptEx failed.
[Thu Feb 29 20:00:34.565702 2024] [mpm_winnt:warn] [pid 12004:tid 21868] (OS 64)The specified network name is no longer available.  : AH00341: winnt_accept: Asynchronous AcceptEx failed.
[Thu Feb 29 20:04:14.962889 2024] [mpm_winnt:warn] [pid 12004:tid 21868] (OS 64)The specified network name is no longer available.  : AH00341: winnt_accept: Asynchronous AcceptEx failed.
[Thu Feb 29 20:07:19.012012 2024] [mpm_winnt:warn] [pid 12004:tid 21868] (OS 64)The specified network name is no longer available.  : AH00341: winnt_accept: Asynchronous AcceptEx failed.
[Thu Feb 29 20:07:22.319218 2024] [mpm_winnt:warn] [pid 12004:tid 21868] (OS 64)The specified network name is no longer available.  : AH00341: winnt_accept: Asynchronous AcceptEx failed.
[Thu Feb 29 20:07:47.747262 2024] [mpm_winnt:warn] [pid 12004:tid 21868] (OS 64)The specified network name is no longer available.  : AH00341: winnt_accept: Asynchronous AcceptEx failed.
[Thu Feb 29 20:08:10.726103 2024] [mpm_winnt:warn] [pid 12004:tid 21868] (OS 64)The specified network name is no longer available.  : AH00341: winnt_accept: Asynchronous AcceptEx failed.
[Thu Feb 29 20:08:56.059782 2024] [mpm_winnt:warn] [pid 12004:tid 21868] (OS 64)The specified network name is no longer available.  : AH00341: winnt_accept: Asynchronous AcceptEx failed.
[Thu Feb 29 20:09:06.870601 2024] [mpm_winnt:warn] [pid 12004:tid 21868] (OS 64)The specified network name is no longer available.  : AH00341: winnt_accept: Asynchronous AcceptEx failed.
[Thu Feb 29 20:09:08.680205 2024] [mpm_winnt:warn] [pid 12004:tid 21868] (OS 64)The specified network name is no longer available.  : AH00341: winnt_accept: Asynchronous AcceptEx failed.
[Thu Feb 29 20:09:25.372234 2024] [proxy:error] [pid 12004:tid 21212] (OS 10061)No connection could be made because the target machine actively refused it.  : AH00957: HTTP: attempt to connect to 192.168.175.18:80 (192.168.175.18) failed
[Thu Feb 29 20:09:25.372234 2024] [proxy:error] [pid 12004:tid 21212] AH00959: ap_proxy_connect_backend disabling worker for (192.168.175.18) for 60s
[Thu Feb 29 20:09:25.372234 2024] [proxy_http:error] [pid 12004:tid 21212] [client 40.77.167.18:26177] AH01114: HTTP: failed to make connection to backend: 192.168.175.18
[Thu Feb 29 20:10:39.004363 2024] [mpm_winnt:warn] [pid 12004:tid 21868] (OS 64)The specified network name is no longer available.  : AH00341: winnt_accept: Asynchronous AcceptEx failed.
[Thu Feb 29 20:44:34.105938 2024] [mpm_winnt:warn] [pid 12004:tid 21868] (OS 64)The specified network name is no longer available.  : AH00341: winnt_accept: Asynchronous AcceptEx failed.
[Thu Feb 29 21:08:47.747691 2024] [mpm_winnt:warn] [pid 12004:tid 21868] (OS 64)The specified network name is no longer available.  : AH00341: winnt_accept: Asynchronous AcceptEx failed.
[Thu Feb 29 21:26:26.973951 2024] [proxy:error] [pid 12004:tid 21288] (OS 10061)No connection could be made because the target machine actively refused it.  : AH00957: HTTP: attempt to connect to 192.168.175.18:80 (192.168.175.18) failed
[Thu Feb 29 21:26:26.973951 2024] [proxy:error] [pid 12004:tid 21288] AH00959: ap_proxy_connect_backend disabling worker for (192.168.175.18) for 60s
[Thu Feb 29 21:26:26.973951 2024] [proxy_http:error] [pid 12004:tid 21288] [client 66.249.66.167:43145] AH01114: HTTP: failed to make connection to backend: 192.168.175.18
[Thu Feb 29 21:29:37.653086 2024] [mpm_winnt:warn] [pid 12004:tid 21868] (OS 64)The specified network name is no longer available.  : AH00341: winnt_accept: Asynchronous AcceptEx failed.
[Thu Feb 29 21:30:06.903138 2024] [mpm_winnt:warn] [pid 12004:tid 21868] (OS 64)The specified network name is no longer available.  : AH00341: winnt_accept: Asynchronous AcceptEx failed.
[Thu Feb 29 21:39:56.131773 2024] [mpm_winnt:warn] [pid 12004:tid 21868] (OS 64)The specified network name is no longer available.  : AH00341: winnt_accept: Asynchronous AcceptEx failed.
[Thu Feb 29 22:27:21.841971 2024] [mpm_winnt:warn] [pid 12004:tid 21868] (OS 64)The specified network name is no longer available.  : AH00341: winnt_accept: Asynchronous AcceptEx failed.
[Thu Feb 29 22:42:30.871167 2024] [proxy:error] [pid 12004:tid 21096] (OS 10061)No connection could be made because the target machine actively refused it.  : AH00957: HTTP: attempt to connect to 192.168.175.18:80 (192.168.175.18) failed
[Thu Feb 29 22:42:30.871167 2024] [proxy:error] [pid 12004:tid 21096] AH00959: ap_proxy_connect_backend disabling worker for (192.168.175.18) for 60s
[Thu Feb 29 22:42:30.871167 2024] [proxy_http:error] [pid 12004:tid 21096] [client 52.167.144.161:60817] AH01114: HTTP: failed to make connection to backend: 192.168.175.18
[Thu Feb 29 22:52:27.400615 2024] [mpm_winnt:warn] [pid 12004:tid 21868] (OS 64)The specified network name is no longer available.  : AH00341: winnt_accept: Asynchronous AcceptEx failed.
[Thu Feb 29 23:17:36.968467 2024] [proxy:error] [pid 12004:tid 21280] (OS 10061)No connection could be made because the target machine actively refused it.  : AH00957: HTTP: attempt to connect to 192.168.175.18:80 (192.168.175.18) failed
[Thu Feb 29 23:17:36.968467 2024] [proxy:error] [pid 12004:tid 21280] AH00959: ap_proxy_connect_backend disabling worker for (192.168.175.18) for 60s
[Thu Feb 29 23:17:36.968467 2024] [proxy_http:error] [pid 12004:tid 21280] [client 74.125.210.166:62841] AH01114: HTTP: failed to make connection to backend: 192.168.175.18

:: Command execute ::

Enter:
 
Select:
 

:: Search ::
regexp 

:: Upload ::
 
[ ok ]

:: Make Dir ::
 
[ ok ]
:: Make File ::
 
[ ok ]

:: Go Dir ::
 
:: Go File ::
 

--[ c99shell v. 1.0 pre-release build #13 powered by Captain Crunch Security Team | http://ccteam.ru | Generation time: 0.0312 ]--