200.118.16.84 - - [06/Oct/2014:11:23:02 -0500] "POST /forms/lservlet;jsessionid=ac16012b30d5470ddfdbdf64482d91c59b3b6d080e2f.e3iSbxaKaheRe34Sa3yKbhiTahb0n6jAmljGr5XDqQLvpAe HTTP/1.1" 200 2
200.118.16.84 - - [06/Oct/2014:11:23:02 -0500] "POST /forms/lservlet;jsessionid=ac16012b30d5470ddfdbdf64482d91c59b3b6d080e2f.e3iSbxaKaheRe34Sa3yKbhiTahb0n6jAmljGr5XDqQLvpAe HTTP/1.1" 200 2
186.84.65.78 - - [06/Oct/2014:11:23:03 -0500] "POST /forms/lservlet;jsessionid=ac16012b30d5221ef17b809e4b538cec819ea364455c.e3iSbxaKaheRe34Sa3yKbhiTahb0n6jAmljGr5XDqQLvpAe HTTP/1.1" 200 2
186.28.67.106 - - [06/Oct/2014:11:23:03 -0500] "POST /forms/lservlet;jsessionid=ac16012b30d5c2e45a428de142678939d5dcf98f4db3.e3iSbxaKaheRe34Sa3yKbhiTahb0n6jAmljGr5XDqQLvpAe HTTP/1.1" 200 2
200.118.16.84 - - [06/Oct/2014:11:23:06 -0500] "POST /forms/lservlet;jsessionid=ac16012b30d5470ddfdbdf64482d91c59b3b6d080e2f.e3iSbxaKaheRe34Sa3yKbhiTahb0n6jAmljGr5XDqQLvpAe HTTP/1.1" 200 412
200.118.16.84 - - [06/Oct/2014:11:23:07 -0500] "POST /forms/lservlet;jsessionid=ac16012b30d5470ddfdbdf64482d91c59b3b6d080e2f.e3iSbxaKaheRe34Sa3yKbhiTahb0n6jAmljGr5XDqQLvpAe HTTP/1.1" 200 280
200.118.16.84 - - [06/Oct/2014:11:23:08 -0500] "POST /forms/lservlet;jsessionid=ac16012b30d5470ddfdbdf64482d91c59b3b6d080e2f.e3iSbxaKaheRe34Sa3yKbhiTahb0n6jAmljGr5XDqQLvpAe HTTP/1.1" 200 322
198.36.87.81 - - [06/Oct/2014:11:23:08 -0500] "GET /galeria/nivo-slider/demo/images/acuerdo-navidad.jpg HTTP/1.1" 304 -
200.118.16.84 - - [06/Oct/2014:11:23:08 -0500] "POST /forms/lservlet;jsessionid=ac16012b30d5470ddfdbdf64482d91c59b3b6d080e2f.e3iSbxaKaheRe34Sa3yKbhiTahb0n6jAmljGr5XDqQLvpAe HTTP/1.1" 200 323
190.14.230.10 - - [06/Oct/2014:11:23:09 -0500] "GET /BLA/boletinlegal/js/jquery.js HTTP/1.0" 200 57254
190.14.230.10 - - [06/Oct/2014:11:23:09 -0500] "GET /BLA/boletinlegal/js/jquery.scrollTo-min.js HTTP/1.0" 200 1150
190.14.230.10 - - [06/Oct/2014:11:23:09 -0500] "GET /BLA/boletinlegal/js/jquery.scrollShow.js HTTP/1.0" 200 4586
200.118.16.84 - - [06/Oct/2014:11:23:10 -0500] "POST /forms/lservlet;jsessionid=ac16012b30d5470ddfdbdf64482d91c59b3b6d080e2f.e3iSbxaKaheRe34Sa3yKbhiTahb0n6jAmljGr5XDqQLvpAe HTTP/1.1" 200 32
200.118.16.84 - - [06/Oct/2014:11:23:10 -0500] "POST /forms/lservlet;jsessionid=ac16012b30d5470ddfdbdf64482d91c59b3b6d080e2f.e3iSbxaKaheRe34Sa3yKbhiTahb0n6jAmljGr5XDqQLvpAe HTTP/1.1" 200 8
200.118.16.84 - - [06/Oct/2014:11:23:10 -0500] "POST /forms/lservlet;jsessionid=ac16012b30d5470ddfdbdf64482d91c59b3b6d080e2f.e3iSbxaKaheRe34Sa3yKbhiTahb0n6jAmljGr5XDqQLvpAe HTTP/1.1" 200 2
181.50.66.247 - - [06/Oct/2014:11:23:10 -0500] "POST /forms/lservlet;jsessionid=ac16012b30d5cec85258819345c8a6ddfdaf7a74f4f2.e3iSbxaKaheRe34Sa3yKbhiTahb0n6jAmljGr5XDqQLvpAe HTTP/1.1" 200 2
200.118.16.84 - - [06/Oct/2014:11:23:10 -0500] "POST /forms/lservlet;jsessionid=ac16012b30d5470ddfdbdf64482d91c59b3b6d080e2f.e3iSbxaKaheRe34Sa3yKbhiTahb0n6jAmljGr5XDqQLvpAe HTTP/1.1" 200 7
200.118.16.84 - - [06/Oct/2014:11:23:10 -0500] "POST /forms/lservlet;jsessionid=ac16012b30d5470ddfdbdf64482d91c59b3b6d080e2f.e3iSbxaKaheRe34Sa3yKbhiTahb0n6jAmljGr5XDqQLvpAe HTTP/1.1" 200 32271
200.118.16.84 - - [06/Oct/2014:11:23:11 -0500] "POST /forms/lservlet;jsessionid=ac16012b30d5470ddfdbdf64482d91c59b3b6d080e2f.e3iSbxaKaheRe34Sa3yKbhiTahb0n6jAmljGr5XDqQLvpAe HTTP/1.1" 200 9
200.118.16.84 - - [06/Oct/2014:11:23:12 -0500] "POST /forms/lservlet;jsessionid=ac16012b30d5470ddfdbdf64482d91c59b3b6d080e2f.e3iSbxaKaheRe34Sa3yKbhiTahb0n6jAmljGr5XDqQLvpAe HTTP/1.1" 200 2
200.118.16.84 - - [06/Oct/2014:11:23:12 -0500] "POST /forms/lservlet;jsessionid=ac16012b30d5470ddfdbdf64482d91c59b3b6d080e2f.e3iSbxaKaheRe34Sa3yKbhiTahb0n6jAmljGr5XDqQLvpAe HTTP/1.1" 200 33
200.118.16.84 - - [06/Oct/2014:11:23:12 -0500] "POST /forms/lservlet;jsessionid=ac16012b30d5470ddfdbdf64482d91c59b3b6d080e2f.e3iSbxaKaheRe34Sa3yKbhiTahb0n6jAmljGr5XDqQLvpAe HTTP/1.1" 200 2
200.118.16.84 - - [06/Oct/2014:11:23:14 -0500] "POST /forms/lservlet;jsessionid=ac16012b30d5470ddfdbdf64482d91c59b3b6d080e2f.e3iSbxaKaheRe34Sa3yKbhiTahb0n6jAmljGr5XDqQLvpAe HTTP/1.1" 200 9
200.118.16.84 - - [06/Oct/2014:11:23:15 -0500] "POST /forms/lservlet;jsessionid=ac16012b30d5470ddfdbdf64482d91c59b3b6d080e2f.e3iSbxaKaheRe34Sa3yKbhiTahb0n6jAmljGr5XDqQLvpAe HTTP/1.1" 200 82
200.118.16.84 - - [06/Oct/2014:11:23:15 -0500] "POST /forms/lservlet;jsessionid=ac16012b30d5470ddfdbdf64482d91c59b3b6d080e2f.e3iSbxaKaheRe34Sa3yKbhiTahb0n6jAmljGr5XDqQLvpAe HTTP/1.1" 200 10
200.118.16.84 - - [06/Oct/2014:11:23:15 -0500] "POST /forms/lservlet;jsessionid=ac16012b30d5470ddfdbdf64482d91c59b3b6d080e2f.e3iSbxaKaheRe34Sa3yKbhiTahb0n6jAmljGr5XDqQLvpAe HTTP/1.1" 200 2
200.118.16.84 - - [06/Oct/2014:11:23:15 -0500] "POST /forms/lservlet;jsessionid=ac16012b30d5470ddfdbdf64482d91c59b3b6d080e2f.e3iSbxaKaheRe34Sa3yKbhiTahb0n6jAmljGr5XDqQLvpAe HTTP/1.1" 200 147
200.118.16.84 - - [06/Oct/2014:11:23:23 -0500] "POST /forms/lservlet;jsessionid=ac16012b30d5470ddfdbdf64482d91c59b3b6d080e2f.e3iSbxaKaheRe34Sa3yKbhiTahb0n6jAmljGr5XDqQLvpAe HTTP/1.1" 200 2
201.245.192.253 - - [06/Oct/2014:11:23:25 -0500] "GET /galeria/nivo-slider/themes/pascal/pascal.css HTTP/1.1" 304 -
201.245.192.253 - - [06/Oct/2014:11:23:25 -0500] "GET /galeria/nivo-slider/themes/orman/orman.css HTTP/1.1" 304 -
201.245.192.253 - - [06/Oct/2014:11:23:25 -0500] "GET /galeria/nivo-slider/nivo-slider.css HTTP/1.1" 304 -
200.118.16.84 - - [06/Oct/2014:11:23:29 -0500] "POST /forms/lservlet;jsessionid=ac16012b30d5470ddfdbdf64482d91c59b3b6d080e2f.e3iSbxaKaheRe34Sa3yKbhiTahb0n6jAmljGr5XDqQLvpAe HTTP/1.1" 200 2
201.245.192.253 - - [06/Oct/2014:11:23:29 -0500] "GET /forest/actions/forms.getList?codForm=IncioNumeracion&id=Radicaciones10&text=2 HTTP/1.1" 200 770
200.118.16.84 - - [06/Oct/2014:11:23:29 -0500] "POST /forms/lservlet;jsessionid=ac16012b30d5470ddfdbdf64482d91c59b3b6d080e2f.e3iSbxaKaheRe34Sa3yKbhiTahb0n6jAmljGr5XDqQLvpAe HTTP/1.1" 200 10
200.118.16.84 - - [06/Oct/2014:11:23:29 -0500] "POST /forms/lservlet;jsessionid=ac16012b30d5470ddfdbdf64482d91c59b3b6d080e2f.e3iSbxaKaheRe34Sa3yKbhiTahb0n6jAmljGr5XDqQLvpAe HTTP/1.1" 200 2
201.245.192.253 - - [06/Oct/2014:11:23:29 -0500] "GET /forest/actions/forms.getList?codForm=IncioNumeracion&id=Radicaciones10&text=20 HTTP/1.1" 200 770
190.25.157.11 - - [06/Oct/2014:11:23:29 -0500] "POST /forms/lservlet;jsessionid=ac16012b30d5960347ea27bd4710beffe333ee66d5a8.e3iSbxaKaheRe34Sa3yKbhiTahb0n6jAmljGr5XDqQLvpAe HTTP/1.1" 200 2
201.245.192.253 - - [06/Oct/2014:11:23:29 -0500] "GET /forest/actions/forms.getList?codForm=IncioNumeracion&id=Radicaciones10&text=201 HTTP/1.1" 200 780
201.245.192.253 - - [06/Oct/2014:11:23:30 -0500] "GET /forest/actions/forms.getList?codForm=IncioNumeracion&id=Radicaciones10&text=2014 HTTP/1.1" 200 777
200.118.16.84 - - [06/Oct/2014:11:23:30 -0500] "POST /forms/lservlet;jsessionid=ac16012b30d5470ddfdbdf64482d91c59b3b6d080e2f.e3iSbxaKaheRe34Sa3yKbhiTahb0n6jAmljGr5XDqQLvpAe HTTP/1.1" 200 2
200.118.16.84 - - [06/Oct/2014:11:23:30 -0500] "POST /forms/lservlet;jsessionid=ac16012b30d5470ddfdbdf64482d91c59b3b6d080e2f.e3iSbxaKaheRe34Sa3yKbhiTahb0n6jAmljGr5XDqQLvpAe HTTP/1.1" 200 256
200.118.16.84 - - [06/Oct/2014:11:23:31 -0500] "POST /forms/lservlet;jsessionid=ac16012b30d5470ddfdbdf64482d91c59b3b6d080e2f.e3iSbxaKaheRe34Sa3yKbhiTahb0n6jAmljGr5XDqQLvpAe HTTP/1.1" 200 2
200.118.16.84 - - [06/Oct/2014:11:23:32 -0500] "POST /forms/lservlet;jsessionid=ac16012b30d5470ddfdbdf64482d91c59b3b6d080e2f.e3iSbxaKaheRe34Sa3yKbhiTahb0n6jAmljGr5XDqQLvpAe HTTP/1.1" 200 2
200.118.16.84 - - [06/Oct/2014:11:23:32 -0500] "POST /forms/lservlet;jsessionid=ac16012b30d5470ddfdbdf64482d91c59b3b6d080e2f.e3iSbxaKaheRe34Sa3yKbhiTahb0n6jAmljGr5XDqQLvpAe HTTP/1.1" 200 560
148.233.211.194 - - [06/Oct/2014:11:23:45 -0500] "GET /favicon.ico HTTP/1.1" 200 7782
190.156.68.131 - - [06/Oct/2014:11:23:49 -0500] "GET /BLA/boletinlegal/js/jquery.js HTTP/1.1" 200 57254
190.156.68.131 - - [06/Oct/2014:11:23:49 -0500] "GET /BLA/boletinlegal/js/jquery.scrollShow.js HTTP/1.1" 200 4586
190.156.68.131 - - [06/Oct/2014:11:23:49 -0500] "GET /BLA/boletinlegal/js/jquery.scrollTo-min.js HTTP/1.1" 200 1150
201.245.192.253 - - [06/Oct/2014:11:23:50 -0500] "POST /forms/lservlet;jsessionid=ac16012b30d5777c05f5669a4ee6bc2deeee262aac04.e3iSbxaKaheRe34Sa3yKbhiTahb0n6jAmljGr5XDqQLvpAe HTTP/1.1" 200 2
201.245.192.253 - - [06/Oct/2014:11:23:35 -0500] "GET /forest/actions/forms.getList?codForm=IncioNumeracion&id=Radicaciones10&text=2014E HTTP/1.1" 200 801
201.245.192.253 - - [06/Oct/2014:11:23:35 -0500] "GET /forest/actions/forms.getList?codForm=IncioNumeracion&id=Radicaciones10&text=2014EE HTTP/1.1" 200 801
190.143.14.101 - - [06/Oct/2014:11:23:52 -0500] "POST /forms/lservlet;jsessionid=ac16012b30d56ea9d3fa4dd34b328c6897f755ddadec.e3iSbxaKaheRe34Sa3yKbhiTahb0n6jAmljGr5XDqQLvpAe HTTP/1.1" 200 2
201.245.192.253 - - [06/Oct/2014:11:23:57 -0500] "GET /BLA/boletinlegal/consulta_actos.php?tipo=resoluciones&no=0597&usuario=§or=&fecha=2014&resuelve= HTTP/1.1" 200 623
201.245.192.253 - - [06/Oct/2014:11:24:00 -0500] "GET /galeria/nivo-slider/demo/demo.html HTTP/1.1" 304 -
201.245.192.253 - - [06/Oct/2014:11:24:00 -0500] "GET /galeria/nivo-slider/demo/images/banner-Animal.jpg HTTP/1.1" 304 -
201.245.192.253 - - [06/Oct/2014:11:24:00 -0500] "GET /galeria/nivo-slider/demo/images/Tingua-azul.jpg HTTP/1.1" 304 -
201.245.192.253 - - [06/Oct/2014:11:24:00 -0500] "GET /galeria/nivo-slider/demo/images/BannerIDRD1.png HTTP/1.1" 304 -
201.245.192.253 - - [06/Oct/2014:11:24:00 -0500] "GET /galeria/nivo-slider/demo/images/Recilaton02.jpg HTTP/1.1" 304 -
201.245.192.253 - - [06/Oct/2014:11:24:00 -0500] "GET /galeria/nivo-slider/demo/images/Banner-Caracol-Africano.jpg HTTP/1.1" 304 -
201.245.192.253 - - [06/Oct/2014:11:24:00 -0500] "GET /galeria/nivo-slider/demo/images/banner_adopcion2.jpg HTTP/1.1" 304 -
201.245.192.253 - - [06/Oct/2014:11:24:00 -0500] "GET /galeria/nivo-slider/demo/images/bannerEcolecta3.jpg HTTP/1.1" 304 -
201.245.192.253 - - [06/Oct/2014:11:24:00 -0500] "GET /galeria/nivo-slider/demo/images/banner-caballos.png HTTP/1.1" 304 -
201.245.192.253 - - [06/Oct/2014:11:24:00 -0500] "GET /galeria/nivo-slider/demo/images/banner-llantas2.jpg HTTP/1.1" 304 -
201.245.192.253 - - [06/Oct/2014:11:24:00 -0500] "GET /galeria/nivo-slider/demo/images/Hacienda_Molinos.jpg HTTP/1.1" 304 -
200.110.170.46 - - [06/Oct/2014:11:24:07 -0500] "GET /galeria/carrusel/Carrusel/jquery.thumbnailScroller.css HTTP/1.1" 200 2066
200.110.170.46 - - [06/Oct/2014:11:24:07 -0500] "GET /BLA/boletinlegal/js/jquery.js HTTP/1.1" 200 57254
200.110.170.46 - - [06/Oct/2014:11:24:07 -0500] "GET /BLA/boletinlegal/js/jquery.scrollShow.js HTTP/1.1" 200 4586
200.110.170.46 - - [06/Oct/2014:11:24:07 -0500] "GET /BLA/boletinlegal/js/jquery.scrollTo-min.js HTTP/1.1" 200 1150
200.110.170.46 - - [06/Oct/2014:11:24:07 -0500] "GET /galeria/carrusel/Carrusel/jquery-ui-1.8.13.custom.min.js HTTP/1.1" 200 10800
200.110.170.46 - - [06/Oct/2014:11:24:07 -0500] "GET /galeria/carrusel/Carrusel/jquery.thumbnailScroller.js HTTP/1.1" 200 8157
201.245.192.253 - - [06/Oct/2014:11:24:08 -0500] "GET /galeria/nivo-slider/demo/demo.html HTTP/1.1" 304 -
201.245.192.253 - - [06/Oct/2014:11:23:53 -0500] "GET /forest/actions/forms.getList?codForm=IncioNumeracion&id=Radicaciones10&text=2014EE0 HTTP/1.1" 200 801
201.245.192.253 - - [06/Oct/2014:11:24:08 -0500] "GET /galeria/nivo-slider/demo/demo.html HTTP/1.1" 304 -
201.245.192.253 - - [06/Oct/2014:11:23:53 -0500] "GET /forest/actions/forms.getList?codForm=IncioNumeracion&id=Radicaciones10&text=2014EE00 HTTP/1.1" 200 801
201.245.192.253 - - [06/Oct/2014:11:24:09 -0500] "GET /galeria/nivo-slider/demo/images/banner-Animal.jpg HTTP/1.1" 304 -
201.245.192.253 - - [06/Oct/2014:11:24:09 -0500] "GET /galeria/nivo-slider/demo/images/Tingua-azul.jpg HTTP/1.1" 304 -
201.245.192.253 - - [06/Oct/2014:11:24:09 -0500] "GET /galeria/nivo-slider/demo/images/BannerIDRD1.png HTTP/1.1" 304 -
201.245.192.253 - - [06/Oct/2014:11:24:09 -0500] "GET /galeria/nivo-slider/demo/images/Recilaton02.jpg HTTP/1.1" 304 -
201.245.192.253 - - [06/Oct/2014:11:24:09 -0500] "GET /galeria/nivo-slider/demo/images/Banner-Caracol-Africano.jpg HTTP/1.1" 304 -
201.245.192.253 - - [06/Oct/2014:11:24:09 -0500] "GET /galeria/nivo-slider/demo/images/banner_adopcion2.jpg HTTP/1.1" 304 -
201.245.192.253 - - [06/Oct/2014:11:24:09 -0500] "GET /galeria/nivo-slider/demo/images/bannerEcolecta3.jpg HTTP/1.1" 304 -
201.245.179.194 - - [06/Oct/2014:11:24:09 -0500] "GET /BLA/resoluciones/RESOLUCIONES%202014/3106.pdf HTTP/1.1" 200 371464
200.110.170.46 - - [06/Oct/2014:11:24:09 -0500] "GET /galeria/nivo-slider/demo/demo.html HTTP/1.1" 200 3617
200.110.170.46 - - [06/Oct/2014:11:24:09 -0500] "GET /galeria/nivo-slider/themes/default/default.css HTTP/1.1" 200 1569
200.110.170.46 - - [06/Oct/2014:11:24:09 -0500] "GET /galeria/nivo-slider/themes/orman/orman.css HTTP/1.1" 200 2152
200.110.170.46 - - [06/Oct/2014:11:24:09 -0500] "GET /galeria/nivo-slider/themes/pascal/pascal.css HTTP/1.1" 200 2258
200.110.170.46 - - [06/Oct/2014:11:24:09 -0500] "GET /galeria/nivo-slider/nivo-slider.css HTTP/1.1" 200 1507
200.110.170.46 - - [06/Oct/2014:11:24:09 -0500] "GET /galeria/nivo-slider/demo/style.css HTTP/1.1" 200 2222
200.110.170.46 - - [06/Oct/2014:11:24:09 -0500] "GET /galeria/nivo-slider/demo/images/banner-Animal.jpg HTTP/1.1" 200 257223
200.110.170.46 - - [06/Oct/2014:11:24:09 -0500] "GET /galeria/nivo-slider/demo/images/Tingua-azul.jpg HTTP/1.1" 200 307638
200.110.170.46 - - [06/Oct/2014:11:24:09 -0500] "GET /galeria/nivo-slider/demo/images/Recilaton02.jpg HTTP/1.1" 200 82162
200.110.170.46 - - [06/Oct/2014:11:24:09 -0500] "GET /galeria/nivo-slider/demo/images/BannerIDRD1.png HTTP/1.1" 200 316313
200.110.170.46 - - [06/Oct/2014:11:24:09 -0500] "GET /galeria/nivo-slider/demo/images/Banner-Caracol-Africano.jpg HTTP/1.1" 200 331986
200.110.170.46 - - [06/Oct/2014:11:24:09 -0500] "GET /galeria/nivo-slider/demo/images/banner_adopcion2.jpg HTTP/1.1" 200 136406
201.245.192.253 - - [06/Oct/2014:11:23:54 -0500] "GET /forest/actions/forms.getList?codForm=IncioNumeracion&id=Radicaciones10&text=2014EE004 HTTP/1.1" 200 801
201.245.192.253 - - [06/Oct/2014:11:23:54 -0500] "GET /forest/actions/forms.getList?codForm=IncioNumeracion&id=Radicaciones10&text=2014EE0041 HTTP/1.1" 200 801
180.76.6.55 - - [06/Oct/2014:11:24:10 -0500] "GET /BLA/resoluciones/AUTOS%202012/2914.pdf HTTP/1.1" 200 2002188
200.118.16.84 - - [06/Oct/2014:11:24:11 -0500] "POST /forms/lservlet;jsessionid=ac16012b30d5470ddfdbdf64482d91c59b3b6d080e2f.e3iSbxaKaheRe34Sa3yKbhiTahb0n6jAmljGr5XDqQLvpAe HTTP/1.1" 200 2
200.118.16.84 - - [06/Oct/2014:11:24:11 -0500] "POST /forms/lservlet;jsessionid=ac16012b30d5470ddfdbdf64482d91c59b3b6d080e2f.e3iSbxaKaheRe34Sa3yKbhiTahb0n6jAmljGr5XDqQLvpAe HTTP/1.1" 200 83
200.118.16.84 - - [06/Oct/2014:11:24:11 -0500] "POST /forms/lservlet;jsessionid=ac16012b30d5470ddfdbdf64482d91c59b3b6d080e2f.e3iSbxaKaheRe34Sa3yKbhiTahb0n6jAmljGr5XDqQLvpAe HTTP/1.1" 200 2
201.245.192.253 - - [06/Oct/2014:11:24:11 -0500] "GET /galeria/nivo-slider/themes/default/default.css HTTP/1.1" 304 -
201.245.192.253 - - [06/Oct/2014:11:23:54 -0500] "GET /forest/actions/forms.getList?codForm=IncioNumeracion&id=Radicaciones10&text=2014EE00412 HTTP/1.1" 200 281
200.118.16.84 - - [06/Oct/2014:11:24:12 -0500] "POST /forms/lservlet;jsessionid=ac16012b30d5470ddfdbdf64482d91c59b3b6d080e2f.e3iSbxaKaheRe34Sa3yKbhiTahb0n6jAmljGr5XDqQLvpAe HTTP/1.1" 200 2
201.245.192.253 - - [06/Oct/2014:11:23:55 -0500] "GET /forest/actions/forms.getList?codForm=IncioNumeracion&id=Radicaciones10&text=2014EE004123 HTTP/1.1" 200 41
200.110.170.46 - - [06/Oct/2014:11:24:12 -0500] "GET /galeria/nivo-slider/demo/images/bannerEcolecta3.jpg HTTP/1.1" 200 280034
201.245.192.253 - - [06/Oct/2014:11:24:13 -0500] "GET /galeria/nivo-slider/demo/images/banner-Animal.jpg HTTP/1.1" 304 -
201.245.192.253 - - [06/Oct/2014:11:24:13 -0500] "GET /galeria/nivo-slider/demo/images/Tingua-azul.jpg HTTP/1.1" 304 -
74.86.158.107 - - [06/Oct/2014:11:24:13 -0500] "HEAD / HTTP/1.1" 302 -
201.245.192.253 - - [06/Oct/2014:11:24:13 -0500] "GET /galeria/nivo-slider/demo/images/BannerIDRD1.png HTTP/1.1" 304 -
201.245.192.253 - - [06/Oct/2014:11:24:13 -0500] "GET /galeria/nivo-slider/demo/images/Recilaton02.jpg HTTP/1.1" 304 -
201.245.192.253 - - [06/Oct/2014:11:24:14 -0500] "GET /galeria/nivo-slider/demo/images/Banner-Caracol-Africano.jpg HTTP/1.1" 304 -
201.245.192.253 - - [06/Oct/2014:11:24:14 -0500] "GET /galeria/nivo-slider/demo/images/banner_adopcion2.jpg HTTP/1.1" 304 -
201.245.192.253 - - [06/Oct/2014:11:24:14 -0500] "GET /galeria/nivo-slider/demo/images/bannerEcolecta3.jpg HTTP/1.1" 304 -
200.118.16.84 - - [06/Oct/2014:11:24:14 -0500] "POST /forms/lservlet;jsessionid=ac16012b30d5470ddfdbdf64482d91c59b3b6d080e2f.e3iSbxaKaheRe34Sa3yKbhiTahb0n6jAmljGr5XDqQLvpAe HTTP/1.1" 200 2142
201.245.192.253 - - [06/Oct/2014:11:24:14 -0500] "GET /galeria/nivo-slider/demo/images/9Signos.jpg HTTP/1.1" 304 -
200.118.16.84 - - [06/Oct/2014:11:24:14 -0500] "POST /forms/lservlet;jsessionid=ac16012b30d5470ddfdbdf64482d91c59b3b6d080e2f.e3iSbxaKaheRe34Sa3yKbhiTahb0n6jAmljGr5XDqQLvpAe HTTP/1.1" 200 2
186.84.9.83 - - [06/Oct/2014:11:24:15 -0500] "GET /galeria/nivo-slider/demo/images/banner_adopcion2.jpg HTTP/1.1" 200 136406
186.84.9.83 - - [06/Oct/2014:11:24:15 -0500] "GET /galeria/nivo-slider/demo/images/BannerIDRD1.png HTTP/1.1" 200 316313
186.84.9.83 - - [06/Oct/2014:11:24:15 -0500] "GET /galeria/nivo-slider/demo/images/9Signos.jpg HTTP/1.1" 200 93040
186.84.9.83 - - [06/Oct/2014:11:24:15 -0500] "GET /galeria/nivo-slider/demo/images/bannerEcolecta3.jpg HTTP/1.1" 200 280034
186.84.9.83 - - [06/Oct/2014:11:24:15 -0500] "GET /galeria/nivo-slider/demo/images/banner-Animal.jpg HTTP/1.1" 200 257223
186.84.9.83 - - [06/Oct/2014:11:24:15 -0500] "GET /galeria/nivo-slider/demo/images/Banner-Caracol-Africano.jpg HTTP/1.1" 200 331986
200.118.16.84 - - [06/Oct/2014:11:24:15 -0500] "POST /forms/lservlet;jsessionid=ac16012b30d5470ddfdbdf64482d91c59b3b6d080e2f.e3iSbxaKaheRe34Sa3yKbhiTahb0n6jAmljGr5XDqQLvpAe HTTP/1.1" 200 2
186.84.9.83 - - [06/Oct/2014:11:24:15 -0500] "GET /galeria/nivo-slider/demo/images/Tingua-azul.jpg HTTP/1.1" 200 307638
186.84.9.83 - - [06/Oct/2014:11:24:15 -0500] "GET /galeria/nivo-slider/demo/images/banner-encuesta.jpg HTTP/1.1" 200 42764
186.84.9.83 - - [06/Oct/2014:11:24:16 -0500] "GET /galeria/nivo-slider/demo/images/Recilaton02.jpg HTTP/1.1" 200 82162
200.110.170.46 - - [06/Oct/2014:11:24:16 -0500] "GET /galeria/nivo-slider/demo/images/9Signos.jpg HTTP/1.1" 200 93040
186.84.9.83 - - [06/Oct/2014:11:24:17 -0500] "GET /galeria/nivo-slider/demo/images/banner-llantas2.jpg HTTP/1.1" 200 73153
186.84.9.83 - - [06/Oct/2014:11:24:17 -0500] "GET /galeria/nivo-slider/demo/images/Hacienda_Molinos.jpg HTTP/1.1" 200 319171
186.84.9.83 - - [06/Oct/2014:11:24:17 -0500] "GET /galeria/nivo-slider/demo/images/banner-caballos.png HTTP/1.1" 200 389106
186.84.9.83 - - [06/Oct/2014:11:24:17 -0500] "GET /galeria/nivo-slider/demo/images/ConstructorasFNL.jpg HTTP/1.1" 200 216551
186.84.9.83 - - [06/Oct/2014:11:24:18 -0500] "GET /galeria/nivo-slider/themes/default/loading.gif HTTP/1.1" 200 1737
186.84.9.83 - - [06/Oct/2014:11:24:18 -0500] "GET /galeria/nivo-slider/demo/images/4Simple_Slider.png HTTP/1.1" 200 11722
200.21.103.5 - - [06/Oct/2014:11:24:18 -0500] "GET /BLA/boletinlegal/js/jquery.scrollShow.js HTTP/1.0" 200 4586
200.21.103.5 - - [06/Oct/2014:11:24:18 -0500] "GET /BLA/boletinlegal/js/jquery.js HTTP/1.0" 200 57254
200.21.103.5 - - [06/Oct/2014:11:24:18 -0500] "GET /BLA/boletinlegal/js/jquery.scrollTo-min.js HTTP/1.0" 200 1150
200.110.170.46 - - [06/Oct/2014:11:24:19 -0500] "GET /galeria/nivo-slider/demo/images/banner-llantas2.jpg HTTP/1.1" 200 73153
186.84.9.83 - - [06/Oct/2014:11:24:19 -0500] "GET /galeria/nivo-slider/themes/default/bullets.png HTTP/1.1" 200 1281
186.84.9.83 - - [06/Oct/2014:11:24:19 -0500] "GET /galeria/nivo-slider/themes/default/arrows.png HTTP/1.1" 200 824
190.25.40.229 - - [06/Oct/2014:11:24:20 -0500] "POST /forms/lservlet;jsessionid=ac16012b30d5fb784237647f455ebacabe0db43ff4fe.e3iSbxaKaheRe34Sa3yKbhiTahb0n6jAmljGr5XDqQLvpAe HTTP/1.1" 200 2
200.110.170.46 - - [06/Oct/2014:11:24:20 -0500] "GET /galeria/nivo-slider/demo/images/banner-caballos.png HTTP/1.1" 200 389106
200.110.170.46 - - [06/Oct/2014:11:24:20 -0500] "GET /galeria/nivo-slider/demo/images/ConstructorasFNL.jpg HTTP/1.1" 200 216551
200.110.170.46 - - [06/Oct/2014:11:24:20 -0500] "GET /galeria/nivo-slider/demo/images/Hacienda_Molinos.jpg HTTP/1.1" 200 319171
200.118.16.84 - - [06/Oct/2014:11:24:20 -0500] "POST /forms/lservlet;jsessionid=ac16012b30d5470ddfdbdf64482d91c59b3b6d080e2f.e3iSbxaKaheRe34Sa3yKbhiTahb0n6jAmljGr5XDqQLvpAe HTTP/1.1" 200 398
186.84.9.83 - - [06/Oct/2014:11:24:20 -0500] "GET /videos/PromoAnimal.flv HTTP/1.1" 200 3469924
200.110.170.46 - - [06/Oct/2014:11:24:21 -0500] "GET /galeria/nivo-slider/demo/images/banner-encuesta.jpg HTTP/1.1" 200 42764
200.110.170.46 - - [06/Oct/2014:11:24:21 -0500] "GET /galeria/nivo-slider/jquery.nivo.slider.pack.js HTTP/1.1" 200 11561
200.110.170.46 - - [06/Oct/2014:11:24:22 -0500] "GET /galeria/nivo-slider/demo/images/4Simple_Slider.png HTTP/1.1" 200 11722
200.110.170.46 - - [06/Oct/2014:11:24:22 -0500] "GET /galeria/nivo-slider/themes/default/loading.gif HTTP/1.1" 200 1737
200.118.16.84 - - [06/Oct/2014:11:24:22 -0500] "POST /forms/lservlet;jsessionid=ac16012b30d5470ddfdbdf64482d91c59b3b6d080e2f.e3iSbxaKaheRe34Sa3yKbhiTahb0n6jAmljGr5XDqQLvpAe HTTP/1.1" 200 131
200.118.16.84 - - [06/Oct/2014:11:24:22 -0500] "POST /forms/lservlet;jsessionid=ac16012b30d5470ddfdbdf64482d91c59b3b6d080e2f.e3iSbxaKaheRe34Sa3yKbhiTahb0n6jAmljGr5XDqQLvpAe HTTP/1.1" 200 8
200.118.16.84 - - [06/Oct/2014:11:24:22 -0500] "POST /forms/lservlet;jsessionid=ac16012b30d5470ddfdbdf64482d91c59b3b6d080e2f.e3iSbxaKaheRe34Sa3yKbhiTahb0n6jAmljGr5XDqQLvpAe HTTP/1.1" 200 2
200.118.16.84 - - [06/Oct/2014:11:24:23 -0500] "POST /forms/lservlet;jsessionid=ac16012b30d5470ddfdbdf64482d91c59b3b6d080e2f.e3iSbxaKaheRe34Sa3yKbhiTahb0n6jAmljGr5XDqQLvpAe HTTP/1.1" 200 7
200.110.170.46 - - [06/Oct/2014:11:24:24 -0500] "GET /galeria/nivo-slider/demo/scripts/jquery-1.7.1.min.js HTTP/1.1" 200 93868
200.118.16.84 - - [06/Oct/2014:11:24:23 -0500] "POST /forms/lservlet;jsessionid=ac16012b30d5470ddfdbdf64482d91c59b3b6d080e2f.e3iSbxaKaheRe34Sa3yKbhiTahb0n6jAmljGr5XDqQLvpAe HTTP/1.1" 200 32281
200.118.16.84 - - [06/Oct/2014:11:24:24 -0500] "POST /forms/lservlet;jsessionid=ac16012b30d5470ddfdbdf64482d91c59b3b6d080e2f.e3iSbxaKaheRe34Sa3yKbhiTahb0n6jAmljGr5XDqQLvpAe HTTP/1.1" 200 9
200.118.16.84 - - [06/Oct/2014:11:24:24 -0500] "POST /forms/lservlet;jsessionid=ac16012b30d5470ddfdbdf64482d91c59b3b6d080e2f.e3iSbxaKaheRe34Sa3yKbhiTahb0n6jAmljGr5XDqQLvpAe HTTP/1.1" 200 2
200.118.16.84 - - [06/Oct/2014:11:24:24 -0500] "POST /forms/lservlet;jsessionid=ac16012b30d5470ddfdbdf64482d91c59b3b6d080e2f.e3iSbxaKaheRe34Sa3yKbhiTahb0n6jAmljGr5XDqQLvpAe HTTP/1.1" 200 33
200.110.170.46 - - [06/Oct/2014:11:24:25 -0500] "GET /galeria/nivo-slider/themes/default/arrows.png HTTP/1.1" 200 824
200.110.170.46 - - [06/Oct/2014:11:24:25 -0500] "GET /galeria/nivo-slider/themes/default/bullets.png HTTP/1.1" 200 1281
200.118.16.84 - - [06/Oct/2014:11:24:25 -0500] "POST /forms/lservlet;jsessionid=ac16012b30d5470ddfdbdf64482d91c59b3b6d080e2f.e3iSbxaKaheRe34Sa3yKbhiTahb0n6jAmljGr5XDqQLvpAe HTTP/1.1" 200 2
201.245.192.253 - - [06/Oct/2014:11:24:27 -0500] "GET /videos/PromoAnimal.flv HTTP/1.1" 304 -
200.118.16.84 - - [06/Oct/2014:11:24:29 -0500] "POST /forms/lservlet;jsessionid=ac16012b30d5470ddfdbdf64482d91c59b3b6d080e2f.e3iSbxaKaheRe34Sa3yKbhiTahb0n6jAmljGr5XDqQLvpAe HTTP/1.1" 200 9
200.118.16.84 - - [06/Oct/2014:11:24:30 -0500] "POST /forms/lservlet;jsessionid=ac16012b30d5470ddfdbdf64482d91c59b3b6d080e2f.e3iSbxaKaheRe34Sa3yKbhiTahb0n6jAmljGr5XDqQLvpAe HTTP/1.1" 200 82
200.118.16.84 - - [06/Oct/2014:11:24:30 -0500] "POST /forms/lservlet;jsessionid=ac16012b30d5470ddfdbdf64482d91c59b3b6d080e2f.e3iSbxaKaheRe34Sa3yKbhiTahb0n6jAmljGr5XDqQLvpAe HTTP/1.1" 200 10
201.245.179.194 - - [06/Oct/2014:11:24:30 -0500] "GET /BLA/resoluciones/RESOLUCIONES%202014/3074.pdf HTTP/1.1" 200 576460
200.118.16.84 - - [06/Oct/2014:11:24:30 -0500] "POST /forms/lservlet;jsessionid=ac16012b30d5470ddfdbdf64482d91c59b3b6d080e2f.e3iSbxaKaheRe34Sa3yKbhiTahb0n6jAmljGr5XDqQLvpAe HTTP/1.1" 200 2
201.245.192.253 - - [06/Oct/2014:11:24:30 -0500] "GET /forest/actions/forms.getMappedValues?id=Radicaciones10&value=1774489&codForm=IncioNumeracion&a=0.8313543052833913 HTTP/1.1" 200 23
201.245.192.253 - - [06/Oct/2014:11:24:30 -0500] "GET /forest/actions/forms.getItemList?codForm=IncioNumeracion&id=NUMTER31&value=39658701&a=0.417109041641033 HTTP/1.1" 200 59
200.118.16.84 - - [06/Oct/2014:11:24:31 -0500] "POST /forms/lservlet;jsessionid=ac16012b30d5470ddfdbdf64482d91c59b3b6d080e2f.e3iSbxaKaheRe34Sa3yKbhiTahb0n6jAmljGr5XDqQLvpAe HTTP/1.1" 200 147
181.48.52.156 - - [06/Oct/2014:11:24:41 -0500] "GET /BLA/boletinlegal/js/jquery.scrollTo-min.js HTTP/1.1" 200 1150
181.48.52.156 - - [06/Oct/2014:11:24:41 -0500] "GET /BLA/boletinlegal/js/jquery.js HTTP/1.1" 200 57254
181.48.52.156 - - [06/Oct/2014:11:24:41 -0500] "GET /BLA/boletinlegal/js/jquery.scrollShow.js HTTP/1.1" 200 4586
66.249.64.47 - - [06/Oct/2014:11:24:45 -0500] "GET /porla/porla4.htm HTTP/1.1" 404 1019
200.118.16.84 - - [06/Oct/2014:11:24:47 -0500] "POST /forms/lservlet;jsessionid=ac16012b30d5470ddfdbdf64482d91c59b3b6d080e2f.e3iSbxaKaheRe34Sa3yKbhiTahb0n6jAmljGr5XDqQLvpAe HTTP/1.1" 200 2
200.118.16.84 - - [06/Oct/2014:11:24:47 -0500] "POST /forms/lservlet;jsessionid=ac16012b30d5470ddfdbdf64482d91c59b3b6d080e2f.e3iSbxaKaheRe34Sa3yKbhiTahb0n6jAmljGr5XDqQLvpAe HTTP/1.1" 200 10
200.118.16.84 - - [06/Oct/2014:11:24:47 -0500] "POST /forms/lservlet;jsessionid=ac16012b30d5470ddfdbdf64482d91c59b3b6d080e2f.e3iSbxaKaheRe34Sa3yKbhiTahb0n6jAmljGr5XDqQLvpAe HTTP/1.1" 200 2
200.118.16.84 - - [06/Oct/2014:11:24:48 -0500] "POST /forms/lservlet;jsessionid=ac16012b30d5470ddfdbdf64482d91c59b3b6d080e2f.e3iSbxaKaheRe34Sa3yKbhiTahb0n6jAmljGr5XDqQLvpAe HTTP/1.1" 200 2
200.118.16.84 - - [06/Oct/2014:11:24:48 -0500] "POST /forms/lservlet;jsessionid=ac16012b30d5470ddfdbdf64482d91c59b3b6d080e2f.e3iSbxaKaheRe34Sa3yKbhiTahb0n6jAmljGr5XDqQLvpAe HTTP/1.1" 200 256
200.118.16.84 - - [06/Oct/2014:11:24:48 -0500] "POST /forms/lservlet;jsessionid=ac16012b30d5470ddfdbdf64482d91c59b3b6d080e2f.e3iSbxaKaheRe34Sa3yKbhiTahb0n6jAmljGr5XDqQLvpAe HTTP/1.1" 200 2
200.118.16.84 - - [06/Oct/2014:11:24:49 -0500] "POST /forms/lservlet;jsessionid=ac16012b30d5470ddfdbdf64482d91c59b3b6d080e2f.e3iSbxaKaheRe34Sa3yKbhiTahb0n6jAmljGr5XDqQLvpAe HTTP/1.1" 200 2
200.118.16.84 - - [06/Oct/2014:11:24:49 -0500] "POST /forms/lservlet;jsessionid=ac16012b30d5470ddfdbdf64482d91c59b3b6d080e2f.e3iSbxaKaheRe34Sa3yKbhiTahb0n6jAmljGr5XDqQLvpAe HTTP/1.1" 200 431
200.118.16.84 - - [06/Oct/2014:11:24:50 -0500] "POST /forms/lservlet;jsessionid=ac16012b30d5470ddfdbdf64482d91c59b3b6d080e2f.e3iSbxaKaheRe34Sa3yKbhiTahb0n6jAmljGr5XDqQLvpAe HTTP/1.1" 200 2
200.118.16.84 - - [06/Oct/2014:11:24:50 -0500] "POST /forms/lservlet;jsessionid=ac16012b30d5470ddfdbdf64482d91c59b3b6d080e2f.e3iSbxaKaheRe34Sa3yKbhiTahb0n6jAmljGr5XDqQLvpAe HTTP/1.1" 200 83
200.118.16.84 - - [06/Oct/2014:11:24:51 -0500] "POST /forms/lservlet;jsessionid=ac16012b30d5470ddfdbdf64482d91c59b3b6d080e2f.e3iSbxaKaheRe34Sa3yKbhiTahb0n6jAmljGr5XDqQLvpAe HTTP/1.1" 200 2
190.25.206.66 - - [06/Oct/2014:11:24:51 -0500] "GET /BLA/boletinlegal/js/jquery.js HTTP/1.1" 200 57254
190.25.206.66 - - [06/Oct/2014:11:24:51 -0500] "GET /BLA/boletinlegal/js/jquery.scrollTo-min.js HTTP/1.1" 200 1150
190.25.206.66 - - [06/Oct/2014:11:24:51 -0500] "GET /BLA/boletinlegal/js/jquery.scrollShow.js HTTP/1.1" 200 4586
200.118.16.84 - - [06/Oct/2014:11:24:51 -0500] "POST /forms/lservlet;jsessionid=ac16012b30d5470ddfdbdf64482d91c59b3b6d080e2f.e3iSbxaKaheRe34Sa3yKbhiTahb0n6jAmljGr5XDqQLvpAe HTTP/1.1" 200 2142
200.118.16.84 - - [06/Oct/2014:11:24:51 -0500] "POST /forms/lservlet;jsessionid=ac16012b30d5470ddfdbdf64482d91c59b3b6d080e2f.e3iSbxaKaheRe34Sa3yKbhiTahb0n6jAmljGr5XDqQLvpAe HTTP/1.1" 200 2
200.118.16.84 - - [06/Oct/2014:11:24:51 -0500] "POST /forms/lservlet;jsessionid=ac16012b30d5470ddfdbdf64482d91c59b3b6d080e2f.e3iSbxaKaheRe34Sa3yKbhiTahb0n6jAmljGr5XDqQLvpAe HTTP/1.1" 200 2
200.118.16.84 - - [06/Oct/2014:11:24:53 -0500] "POST /forms/lservlet;jsessionid=ac16012b30d5470ddfdbdf64482d91c59b3b6d080e2f.e3iSbxaKaheRe34Sa3yKbhiTahb0n6jAmljGr5XDqQLvpAe HTTP/1.1" 200 2
200.118.16.84 - - [06/Oct/2014:11:24:53 -0500] "POST /forms/lservlet;jsessionid=ac16012b30d5470ddfdbdf64482d91c59b3b6d080e2f.e3iSbxaKaheRe34Sa3yKbhiTahb0n6jAmljGr5XDqQLvpAe HTTP/1.1" 200 8
200.118.16.84 - - [06/Oct/2014:11:24:53 -0500] "POST /forms/lservlet;jsessionid=ac16012b30d5470ddfdbdf64482d91c59b3b6d080e2f.e3iSbxaKaheRe34Sa3yKbhiTahb0n6jAmljGr5XDqQLvpAe HTTP/1.1" 200 2
200.118.16.84 - - [06/Oct/2014:11:24:53 -0500] "POST /forms/lservlet;jsessionid=ac16012b30d5470ddfdbdf64482d91c59b3b6d080e2f.e3iSbxaKaheRe34Sa3yKbhiTahb0n6jAmljGr5XDqQLvpAe HTTP/1.1" 200 131
200.118.16.84 - - [06/Oct/2014:11:24:53 -0500] "POST /forms/lservlet;jsessionid=ac16012b30d5470ddfdbdf64482d91c59b3b6d080e2f.e3iSbxaKaheRe34Sa3yKbhiTahb0n6jAmljGr5XDqQLvpAe HTTP/1.1" 200 8
200.118.16.84 - - [06/Oct/2014:11:24:54 -0500] "POST /forms/lservlet;jsessionid=ac16012b30d5470ddfdbdf64482d91c59b3b6d080e2f.e3iSbxaKaheRe34Sa3yKbhiTahb0n6jAmljGr5XDqQLvpAe HTTP/1.1" 200 2
200.118.16.84 - - [06/Oct/2014:11:24:54 -0500] "POST /forms/lservlet;jsessionid=ac16012b30d5470ddfdbdf64482d91c59b3b6d080e2f.e3iSbxaKaheRe34Sa3yKbhiTahb0n6jAmljGr5XDqQLvpAe HTTP/1.1" 200 7
200.118.16.84 - - [06/Oct/2014:11:24:54 -0500] "POST /forms/lservlet;jsessionid=ac16012b30d5470ddfdbdf64482d91c59b3b6d080e2f.e3iSbxaKaheRe34Sa3yKbhiTahb0n6jAmljGr5XDqQLvpAe HTTP/1.1" 200 32331
200.118.16.84 - - [06/Oct/2014:11:24:55 -0500] "POST /forms/lservlet;jsessionid=ac16012b30d5470ddfdbdf64482d91c59b3b6d080e2f.e3iSbxaKaheRe34Sa3yKbhiTahb0n6jAmljGr5XDqQLvpAe HTTP/1.1" 200 9
200.118.16.84 - - [06/Oct/2014:11:24:55 -0500] "POST /forms/lservlet;jsessionid=ac16012b30d5470ddfdbdf64482d91c59b3b6d080e2f.e3iSbxaKaheRe34Sa3yKbhiTahb0n6jAmljGr5XDqQLvpAe HTTP/1.1" 200 2
200.118.16.84 - - [06/Oct/2014:11:24:55 -0500] "POST /forms/lservlet;jsessionid=ac16012b30d5470ddfdbdf64482d91c59b3b6d080e2f.e3iSbxaKaheRe34Sa3yKbhiTahb0n6jAmljGr5XDqQLvpAe HTTP/1.1" 200 33
200.118.16.84 - - [06/Oct/2014:11:24:55 -0500] "POST /forms/lservlet;jsessionid=ac16012b30d5470ddfdbdf64482d91c59b3b6d080e2f.e3iSbxaKaheRe34Sa3yKbhiTahb0n6jAmljGr5XDqQLvpAe HTTP/1.1" 200 9
200.118.16.84 - - [06/Oct/2014:11:24:56 -0500] "POST /forms/lservlet;jsessionid=ac16012b30d5470ddfdbdf64482d91c59b3b6d080e2f.e3iSbxaKaheRe34Sa3yKbhiTahb0n6jAmljGr5XDqQLvpAe HTTP/1.1" 200 2
200.118.16.84 - - [06/Oct/2014:11:24:56 -0500] "POST /forms/lservlet;jsessionid=ac16012b30d5470ddfdbdf64482d91c59b3b6d080e2f.e3iSbxaKaheRe34Sa3yKbhiTahb0n6jAmljGr5XDqQLvpAe HTTP/1.1" 200 82
200.118.16.84 - - [06/Oct/2014:11:24:56 -0500] "POST /forms/lservlet;jsessionid=ac16012b30d5470ddfdbdf64482d91c59b3b6d080e2f.e3iSbxaKaheRe34Sa3yKbhiTahb0n6jAmljGr5XDqQLvpAe HTTP/1.1" 200 10
200.118.16.84 - - [06/Oct/2014:11:24:56 -0500] "POST /forms/lservlet;jsessionid=ac16012b30d5470ddfdbdf64482d91c59b3b6d080e2f.e3iSbxaKaheRe34Sa3yKbhiTahb0n6jAmljGr5XDqQLvpAe HTTP/1.1" 200 2
200.118.16.84 - - [06/Oct/2014:11:24:56 -0500] "POST /forms/lservlet;jsessionid=ac16012b30d5470ddfdbdf64482d91c59b3b6d080e2f.e3iSbxaKaheRe34Sa3yKbhiTahb0n6jAmljGr5XDqQLvpAe HTTP/1.1" 200 147
190.25.157.11 - - [06/Oct/2014:11:24:59 -0500] "POST /forms/lservlet;jsessionid=ac16012b30d5e1fa6fcef1a9487f9ffac623c769da53.e3iSbxaKaheRe34Sa3yKbhiTahb0n6jAmljGr5XDqQLvpAe HTTP/1.1" 200 2
201.245.192.253 - - [06/Oct/2014:11:25:02 -0500] "GET /forest/session.jsp?a=0.33883558254228285 HTTP/1.1" 200 4
186.28.67.106 - - [06/Oct/2014:11:25:03 -0500] "POST /forms/lservlet;jsessionid=ac16012b30d5c2e45a428de142678939d5dcf98f4db3.e3iSbxaKaheRe34Sa3yKbhiTahb0n6jAmljGr5XDqQLvpAe HTTP/1.1" 200 2
186.84.65.78 - - [06/Oct/2014:11:25:06 -0500] "POST /forms/lservlet;jsessionid=ac16012b30d5221ef17b809e4b538cec819ea364455c.e3iSbxaKaheRe34Sa3yKbhiTahb0n6jAmljGr5XDqQLvpAe HTTP/1.1" 200 2
201.245.192.253 - - [06/Oct/2014:11:25:07 -0500] "POST /forest/actions/forms.saveForm?codPro=134 HTTP/1.1" 200 165
200.118.16.84 - - [06/Oct/2014:11:25:09 -0500] "POST /forms/lservlet;jsessionid=ac16012b30d5470ddfdbdf64482d91c59b3b6d080e2f.e3iSbxaKaheRe34Sa3yKbhiTahb0n6jAmljGr5XDqQLvpAe HTTP/1.1" 200 2
200.118.16.84 - - [06/Oct/2014:11:25:09 -0500] "POST /forms/lservlet;jsessionid=ac16012b30d5470ddfdbdf64482d91c59b3b6d080e2f.e3iSbxaKaheRe34Sa3yKbhiTahb0n6jAmljGr5XDqQLvpAe HTTP/1.1" 200 10
200.118.16.84 - - [06/Oct/2014:11:25:09 -0500] "POST /forms/lservlet;jsessionid=ac16012b30d5470ddfdbdf64482d91c59b3b6d080e2f.e3iSbxaKaheRe34Sa3yKbhiTahb0n6jAmljGr5XDqQLvpAe HTTP/1.1" 200 2
201.245.192.253 - - [06/Oct/2014:11:25:09 -0500] "GET /forest/index2.jsp?group_system_actual=3&a=0.6615200966553925 HTTP/1.1" 200 63547
201.245.192.253 - - [06/Oct/2014:11:25:10 -0500] "GET /forest/skins/gdocs-jar/css/menu.css?version=1408.271930 HTTP/1.1" 304 -
201.245.192.253 - - [06/Oct/2014:11:25:10 -0500] "GET /forest/js/inicio.js?version=1408.271930 HTTP/1.1" 304 -
201.245.192.253 - - [06/Oct/2014:11:25:10 -0500] "GET /forest/skins/gdocs-jar/js/misprocesos.js?version=1408.271930 HTTP/1.1" 304 -
201.245.192.253 - - [06/Oct/2014:11:25:10 -0500] "GET /forest/skins/gdocs-jar/js/xml_utilities.js?version=1408.271930 HTTP/1.1" 304 -
201.245.192.253 - - [06/Oct/2014:11:25:10 -0500] "GET /forest/skins/gdocs-jar/js/autocompletar2.js?version=1408.271930 HTTP/1.1" 304 -
201.245.192.253 - - [06/Oct/2014:11:25:10 -0500] "GET /forest/session.jsp?a=0.8376822336392509 HTTP/1.1" 200 4
181.50.66.247 - - [06/Oct/2014:11:25:10 -0500] "POST /forms/lservlet;jsessionid=ac16012b30d5cec85258819345c8a6ddfdaf7a74f4f2.e3iSbxaKaheRe34Sa3yKbhiTahb0n6jAmljGr5XDqQLvpAe HTTP/1.1" 200 2
200.118.16.84 - - [06/Oct/2014:11:25:13 -0500] "POST /forms/lservlet;jsessionid=ac16012b30d5470ddfdbdf64482d91c59b3b6d080e2f.e3iSbxaKaheRe34Sa3yKbhiTahb0n6jAmljGr5XDqQLvpAe HTTP/1.1" 200 2
200.118.16.84 - - [06/Oct/2014:11:25:13 -0500] "POST /forms/lservlet;jsessionid=ac16012b30d5470ddfdbdf64482d91c59b3b6d080e2f.e3iSbxaKaheRe34Sa3yKbhiTahb0n6jAmljGr5XDqQLvpAe HTTP/1.1" 200 256
200.118.16.84 - - [06/Oct/2014:11:25:14 -0500] "POST /forms/lservlet;jsessionid=ac16012b30d5470ddfdbdf64482d91c59b3b6d080e2f.e3iSbxaKaheRe34Sa3yKbhiTahb0n6jAmljGr5XDqQLvpAe HTTP/1.1" 200 2
200.118.16.84 - - [06/Oct/2014:11:25:15 -0500] "POST /forms/lservlet;jsessionid=ac16012b30d5470ddfdbdf64482d91c59b3b6d080e2f.e3iSbxaKaheRe34Sa3yKbhiTahb0n6jAmljGr5XDqQLvpAe HTTP/1.1" 200 2
200.118.16.84 - - [06/Oct/2014:11:25:15 -0500] "POST /forms/lservlet;jsessionid=ac16012b30d5470ddfdbdf64482d91c59b3b6d080e2f.e3iSbxaKaheRe34Sa3yKbhiTahb0n6jAmljGr5XDqQLvpAe HTTP/1.1" 200 258
200.118.16.84 - - [06/Oct/2014:11:25:15 -0500] "POST /forms/lservlet;jsessionid=ac16012b30d5470ddfdbdf64482d91c59b3b6d080e2f.e3iSbxaKaheRe34Sa3yKbhiTahb0n6jAmljGr5XDqQLvpAe HTTP/1.1" 200 2
200.118.16.84 - - [06/Oct/2014:11:25:16 -0500] "POST /forms/lservlet;jsessionid=ac16012b30d5470ddfdbdf64482d91c59b3b6d080e2f.e3iSbxaKaheRe34Sa3yKbhiTahb0n6jAmljGr5XDqQLvpAe HTTP/1.1" 200 83
200.118.16.84 - - [06/Oct/2014:11:25:16 -0500] "POST /forms/lservlet;jsessionid=ac16012b30d5470ddfdbdf64482d91c59b3b6d080e2f.e3iSbxaKaheRe34Sa3yKbhiTahb0n6jAmljGr5XDqQLvpAe HTTP/1.1" 200 2
200.118.16.84 - - [06/Oct/2014:11:25:17 -0500] "POST /forms/lservlet;jsessionid=ac16012b30d5470ddfdbdf64482d91c59b3b6d080e2f.e3iSbxaKaheRe34Sa3yKbhiTahb0n6jAmljGr5XDqQLvpAe HTTP/1.1" 200 2
200.118.16.84 - - [06/Oct/2014:11:25:17 -0500] "POST /forms/lservlet;jsessionid=ac16012b30d5470ddfdbdf64482d91c59b3b6d080e2f.e3iSbxaKaheRe34Sa3yKbhiTahb0n6jAmljGr5XDqQLvpAe HTTP/1.1" 200 2142
200.118.16.84 - - [06/Oct/2014:11:25:17 -0500] "POST /forms/lservlet;jsessionid=ac16012b30d5470ddfdbdf64482d91c59b3b6d080e2f.e3iSbxaKaheRe34Sa3yKbhiTahb0n6jAmljGr5XDqQLvpAe HTTP/1.1" 200 2
200.118.16.84 - - [06/Oct/2014:11:25:17 -0500] "POST /forms/lservlet;jsessionid=ac16012b30d5470ddfdbdf64482d91c59b3b6d080e2f.e3iSbxaKaheRe34Sa3yKbhiTahb0n6jAmljGr5XDqQLvpAe HTTP/1.1" 200 2
200.118.16.84 - - [06/Oct/2014:11:25:19 -0500] "POST /forms/lservlet;jsessionid=ac16012b30d5470ddfdbdf64482d91c59b3b6d080e2f.e3iSbxaKaheRe34Sa3yKbhiTahb0n6jAmljGr5XDqQLvpAe HTTP/1.1" 200 131
200.118.16.84 - - [06/Oct/2014:11:25:19 -0500] "POST /forms/lservlet;jsessionid=ac16012b30d5470ddfdbdf64482d91c59b3b6d080e2f.e3iSbxaKaheRe34Sa3yKbhiTahb0n6jAmljGr5XDqQLvpAe HTTP/1.1" 200 8
200.118.16.84 - - [06/Oct/2014:11:25:19 -0500] "POST /forms/lservlet;jsessionid=ac16012b30d5470ddfdbdf64482d91c59b3b6d080e2f.e3iSbxaKaheRe34Sa3yKbhiTahb0n6jAmljGr5XDqQLvpAe HTTP/1.1" 200 2
200.118.16.84 - - [06/Oct/2014:11:25:20 -0500] "POST /forms/lservlet;jsessionid=ac16012b30d5470ddfdbdf64482d91c59b3b6d080e2f.e3iSbxaKaheRe34Sa3yKbhiTahb0n6jAmljGr5XDqQLvpAe HTTP/1.1" 200 7
200.118.16.84 - - [06/Oct/2014:11:25:20 -0500] "POST /forms/lservlet;jsessionid=ac16012b30d5470ddfdbdf64482d91c59b3b6d080e2f.e3iSbxaKaheRe34Sa3yKbhiTahb0n6jAmljGr5XDqQLvpAe HTTP/1.1" 200 32265
200.118.16.84 - - [06/Oct/2014:11:25:21 -0500] "POST /forms/lservlet;jsessionid=ac16012b30d5470ddfdbdf64482d91c59b3b6d080e2f.e3iSbxaKaheRe34Sa3yKbhiTahb0n6jAmljGr5XDqQLvpAe HTTP/1.1" 200 9
200.118.16.84 - - [06/Oct/2014:11:25:21 -0500] "POST /forms/lservlet;jsessionid=ac16012b30d5470ddfdbdf64482d91c59b3b6d080e2f.e3iSbxaKaheRe34Sa3yKbhiTahb0n6jAmljGr5XDqQLvpAe HTTP/1.1" 200 2
200.118.16.84 - - [06/Oct/2014:11:25:21 -0500] "POST /forms/lservlet;jsessionid=ac16012b30d5470ddfdbdf64482d91c59b3b6d080e2f.e3iSbxaKaheRe34Sa3yKbhiTahb0n6jAmljGr5XDqQLvpAe HTTP/1.1" 200 33
200.118.16.84 - - [06/Oct/2014:11:25:21 -0500] "POST /forms/lservlet;jsessionid=ac16012b30d5470ddfdbdf64482d91c59b3b6d080e2f.e3iSbxaKaheRe34Sa3yKbhiTahb0n6jAmljGr5XDqQLvpAe HTTP/1.1" 200 9
200.118.16.84 - - [06/Oct/2014:11:25:21 -0500] "GET /imagenes/open.gif HTTP/1.1" 200 919
200.118.16.84 - - [06/Oct/2014:11:25:21 -0500] "POST /forms/lservlet;jsessionid=ac16012b30d5470ddfdbdf64482d91c59b3b6d080e2f.e3iSbxaKaheRe34Sa3yKbhiTahb0n6jAmljGr5XDqQLvpAe HTTP/1.1" 200 2
200.118.16.84 - - [06/Oct/2014:11:25:22 -0500] "POST /forms/lservlet;jsessionid=ac16012b30d5470ddfdbdf64482d91c59b3b6d080e2f.e3iSbxaKaheRe34Sa3yKbhiTahb0n6jAmljGr5XDqQLvpAe HTTP/1.1" 200 82
200.118.16.84 - - [06/Oct/2014:11:25:22 -0500] "POST /forms/lservlet;jsessionid=ac16012b30d5470ddfdbdf64482d91c59b3b6d080e2f.e3iSbxaKaheRe34Sa3yKbhiTahb0n6jAmljGr5XDqQLvpAe HTTP/1.1" 200 10
200.118.16.84 - - [06/Oct/2014:11:25:22 -0500] "POST /forms/lservlet;jsessionid=ac16012b30d5470ddfdbdf64482d91c59b3b6d080e2f.e3iSbxaKaheRe34Sa3yKbhiTahb0n6jAmljGr5XDqQLvpAe HTTP/1.1" 200 2
200.118.16.84 - - [06/Oct/2014:11:25:22 -0500] "POST /forms/lservlet;jsessionid=ac16012b30d5470ddfdbdf64482d91c59b3b6d080e2f.e3iSbxaKaheRe34Sa3yKbhiTahb0n6jAmljGr5XDqQLvpAe HTTP/1.1" 200 147
200.118.16.84 - - [06/Oct/2014:11:25:23 -0500] "POST /forms/lservlet;jsessionid=ac16012b30d5470ddfdbdf64482d91c59b3b6d080e2f.e3iSbxaKaheRe34Sa3yKbhiTahb0n6jAmljGr5XDqQLvpAe HTTP/1.1" 200 2
190.25.249.19 - - [06/Oct/2014:11:25:24 -0500] "GET /galeria/carrusel/Carrusel/jquery.thumbnailScroller.css HTTP/1.1" 200 2066
190.25.249.19 - - [06/Oct/2014:11:25:24 -0500] "GET /BLA/boletinlegal/js/jquery.js HTTP/1.1" 200 57254
190.25.249.19 - - [06/Oct/2014:11:25:24 -0500] "GET /BLA/boletinlegal/js/jquery.scrollTo-min.js HTTP/1.1" 200 1150
190.25.249.19 - - [06/Oct/2014:11:25:24 -0500] "GET /BLA/boletinlegal/js/jquery.scrollShow.js HTTP/1.1" 200 4586
190.25.249.19 - - [06/Oct/2014:11:25:24 -0500] "GET /galeria/carrusel/Carrusel/jquery-ui-1.8.13.custom.min.js HTTP/1.1" 200 10800
190.25.249.19 - - [06/Oct/2014:11:25:24 -0500] "GET /galeria/carrusel/Carrusel/jquery.thumbnailScroller.js HTTP/1.1" 200 8157
190.25.249.19 - - [06/Oct/2014:11:25:25 -0500] "GET /galeria/nivo-slider/demo/demo.html HTTP/1.1" 200 3617
190.25.249.19 - - [06/Oct/2014:11:25:25 -0500] "GET /galeria/nivo-slider/themes/default/default.css HTTP/1.1" 200 1569
190.25.249.19 - - [06/Oct/2014:11:25:25 -0500] "GET /galeria/nivo-slider/themes/pascal/pascal.css HTTP/1.1" 200 2258
190.25.249.19 - - [06/Oct/2014:11:25:25 -0500] "GET /galeria/nivo-slider/themes/orman/orman.css HTTP/1.1" 200 2152
190.25.249.19 - - [06/Oct/2014:11:25:25 -0500] "GET /galeria/nivo-slider/nivo-slider.css HTTP/1.1" 200 1507
190.25.249.19 - - [06/Oct/2014:11:25:25 -0500] "GET /galeria/nivo-slider/demo/style.css HTTP/1.1" 200 2222
190.25.249.19 - - [06/Oct/2014:11:25:25 -0500] "GET /galeria/nivo-slider/demo/scripts/jquery-1.7.1.min.js HTTP/1.1" 200 93868
190.25.249.19 - - [06/Oct/2014:11:25:25 -0500] "GET /galeria/nivo-slider/jquery.nivo.slider.pack.js HTTP/1.1" 200 11561
190.25.249.19 - - [06/Oct/2014:11:25:26 -0500] "GET /galeria/nivo-slider/themes/default/loading.gif HTTP/1.1" 200 1737
190.25.249.19 - - [06/Oct/2014:11:25:26 -0500] "GET /galeria/nivo-slider/demo/images/4Simple_Slider.png HTTP/1.1" 200 11722
190.25.249.19 - - [06/Oct/2014:11:25:26 -0500] "GET /galeria/nivo-slider/demo/images/banner-Animal.jpg HTTP/1.1" 200 257223
190.25.249.19 - - [06/Oct/2014:11:25:26 -0500] "GET /galeria/nivo-slider/demo/images/Tingua-azul.jpg HTTP/1.1" 200 307638
190.25.249.19 - - [06/Oct/2014:11:25:26 -0500] "GET /galeria/nivo-slider/demo/images/BannerIDRD1.png HTTP/1.1" 200 316313
190.25.249.19 - - [06/Oct/2014:11:25:29 -0500] "GET /videos/PromoAnimal.flv HTTP/1.1" 200 3469924
190.25.157.11 - - [06/Oct/2014:11:25:29 -0500] "POST /forms/lservlet;jsessionid=ac16012b30d5960347ea27bd4710beffe333ee66d5a8.e3iSbxaKaheRe34Sa3yKbhiTahb0n6jAmljGr5XDqQLvpAe HTTP/1.1" 200 2
190.25.249.19 - - [06/Oct/2014:11:25:29 -0500] "GET /galeria/nivo-slider/demo/images/Recilaton02.jpg HTTP/1.1" 200 82162
190.25.249.19 - - [06/Oct/2014:11:25:30 -0500] "GET /galeria/nivo-slider/demo/images/Banner-Caracol-Africano.jpg HTTP/1.1" 200 331986
190.25.249.19 - - [06/Oct/2014:11:25:31 -0500] "GET /galeria/nivo-slider/demo/images/banner_adopcion2.jpg HTTP/1.1" 200 136406
190.25.249.19 - - [06/Oct/2014:11:25:32 -0500] "GET /galeria/nivo-slider/demo/images/bannerEcolecta3.jpg HTTP/1.1" 200 280034
190.25.249.19 - - [06/Oct/2014:11:25:34 -0500] "GET /galeria/nivo-slider/demo/images/9Signos.jpg HTTP/1.1" 200 93040
201.245.192.253 - - [06/Oct/2014:11:25:34 -0500] "GET /forest/actions/forms.getList?codForm=Revision_reparto_Correspondencias&id=funcionarioasignado&text=a HTTP/1.1" 200 1270
201.245.192.253 - - [06/Oct/2014:11:25:34 -0500] "GET /forest/actions/forms.getList?codForm=Revision_reparto_Correspondencias&id=funcionarioasignado&text=ap HTTP/1.1" 200 825
201.245.192.253 - - [06/Oct/2014:11:25:34 -0500] "GET /forest/actions/forms.getList?codForm=Revision_reparto_Correspondencias&id=funcionarioasignado&text=apo HTTP/1.1" 200 69
201.245.192.253 - - [06/Oct/2014:11:25:35 -0500] "GET /forest/actions/forms.getList?codForm=Revision_reparto_Correspondencias&id=funcionarioasignado&text=apol HTTP/1.1" 200 69
201.245.192.253 - - [06/Oct/2014:11:25:35 -0500] "GET /forest/actions/forms.getList?codForm=Revision_reparto_Correspondencias&id=funcionarioasignado&text=apoli HTTP/1.1" 200 69
190.25.249.19 - - [06/Oct/2014:11:25:35 -0500] "GET /galeria/nivo-slider/demo/images/banner-encuesta.jpg HTTP/1.1" 200 42764
201.245.192.253 - - [06/Oct/2014:11:25:35 -0500] "GET /forest/actions/forms.getList?codForm=Revision_reparto_Correspondencias&id=funcionarioasignado&text=apolin HTTP/1.1" 200 69
190.25.249.19 - - [06/Oct/2014:11:25:35 -0500] "GET /galeria/nivo-slider/demo/images/banner-llantas2.jpg HTTP/1.1" 200 73153
201.245.192.253 - - [06/Oct/2014:11:25:35 -0500] "GET /forest/actions/forms.getList?codForm=Revision_reparto_Correspondencias&id=funcionarioasignado&text=apolina HTTP/1.1" 200 69
190.25.249.19 - - [06/Oct/2014:11:25:35 -0500] "GET /galeria/nivo-slider/demo/images/banner-caballos.png HTTP/1.1" 200 389106
190.25.249.19 - - [06/Oct/2014:11:25:36 -0500] "GET /galeria/nivo-slider/demo/images/ConstructorasFNL.jpg HTTP/1.1" 200 216551
190.25.249.19 - - [06/Oct/2014:11:25:36 -0500] "GET /galeria/nivo-slider/demo/images/Hacienda_Molinos.jpg HTTP/1.1" 200 319171
158.28.225.226 - - [06/Oct/2014:11:25:36 -0500] "GET /galeria/nivo-slider/demo/demo.html HTTP/1.1" 200 3617
200.118.16.84 - - [06/Oct/2014:11:25:37 -0500] "POST /forms/lservlet;jsessionid=ac16012b30d5470ddfdbdf64482d91c59b3b6d080e2f.e3iSbxaKaheRe34Sa3yKbhiTahb0n6jAmljGr5XDqQLvpAe HTTP/1.1" 200 2
200.118.16.84 - - [06/Oct/2014:11:25:37 -0500] "POST /forms/lservlet;jsessionid=ac16012b30d5470ddfdbdf64482d91c59b3b6d080e2f.e3iSbxaKaheRe34Sa3yKbhiTahb0n6jAmljGr5XDqQLvpAe HTTP/1.1" 200 10
200.118.16.84 - - [06/Oct/2014:11:25:37 -0500] "POST /forms/lservlet;jsessionid=ac16012b30d5470ddfdbdf64482d91c59b3b6d080e2f.e3iSbxaKaheRe34Sa3yKbhiTahb0n6jAmljGr5XDqQLvpAe HTTP/1.1" 200 2
200.118.16.84 - - [06/Oct/2014:11:25:38 -0500] "POST /forms/lservlet;jsessionid=ac16012b30d5470ddfdbdf64482d91c59b3b6d080e2f.e3iSbxaKaheRe34Sa3yKbhiTahb0n6jAmljGr5XDqQLvpAe HTTP/1.1" 200 2
200.118.16.84 - - [06/Oct/2014:11:25:38 -0500] "POST /forms/lservlet;jsessionid=ac16012b30d5470ddfdbdf64482d91c59b3b6d080e2f.e3iSbxaKaheRe34Sa3yKbhiTahb0n6jAmljGr5XDqQLvpAe HTTP/1.1" 200 256
200.118.16.84 - - [06/Oct/2014:11:25:39 -0500] "POST /forms/lservlet;jsessionid=ac16012b30d5470ddfdbdf64482d91c59b3b6d080e2f.e3iSbxaKaheRe34Sa3yKbhiTahb0n6jAmljGr5XDqQLvpAe HTTP/1.1" 200 2
201.245.192.253 - - [06/Oct/2014:11:25:39 -0500] "GET /forest/actions/forms.getList?codForm=Revision_reparto_Correspondencias&id=codigoFuncionario&text=l HTTP/1.1" 200 1285
201.245.192.253 - - [06/Oct/2014:11:25:39 -0500] "GET /forest/actions/forms.getList?codForm=Revision_reparto_Correspondencias&id=codigoFuncionario&text=li HTTP/1.1" 200 1314
201.245.192.253 - - [06/Oct/2014:11:25:39 -0500] "GET /forest/actions/forms.getList?codForm=Revision_reparto_Correspondencias&id=codigoFuncionario&text=lin HTTP/1.1" 200 1345
201.245.192.253 - - [06/Oct/2014:11:25:39 -0500] "GET /forest/actions/forms.getList?codForm=Revision_reparto_Correspondencias&id=codigoFuncionario&text=lina HTTP/1.1" 200 1334
200.118.16.84 - - [06/Oct/2014:11:25:39 -0500] "POST /forms/lservlet;jsessionid=ac16012b30d5470ddfdbdf64482d91c59b3b6d080e2f.e3iSbxaKaheRe34Sa3yKbhiTahb0n6jAmljGr5XDqQLvpAe HTTP/1.1" 200 258
201.245.192.253 - - [06/Oct/2014:11:25:39 -0500] "GET /forest/actions/forms.getList?codForm=Revision_reparto_Correspondencias&id=codigoFuncionario&text=lina. HTTP/1.1" 200 960
158.28.225.226 - - [06/Oct/2014:11:25:39 -0500] "GET /galeria/nivo-slider/themes/default/default.css HTTP/1.1" 200 1569
201.245.192.253 - - [06/Oct/2014:11:25:40 -0500] "GET /forest/actions/forms.getList?codForm=Revision_reparto_Correspondencias&id=codigoFuncionario&text=lina.h HTTP/1.1" 200 62
158.28.225.226 - - [06/Oct/2014:11:25:40 -0500] "GET /galeria/nivo-slider/demo/images/Tingua-azul.jpg HTTP/1.1" 200 307638
201.245.192.253 - - [06/Oct/2014:11:25:40 -0500] "GET /forest/actions/forms.getList?codForm=Revision_reparto_Correspondencias&id=codigoFuncionario&text=lina.he HTTP/1.1" 200 62
158.28.225.226 - - [06/Oct/2014:11:25:40 -0500] "GET /galeria/nivo-slider/demo/images/Recilaton02.jpg HTTP/1.1" 200 82162
158.28.225.226 - - [06/Oct/2014:11:25:40 -0500] "GET /galeria/nivo-slider/demo/images/BannerIDRD1.png HTTP/1.1" 200 316313
158.28.225.226 - - [06/Oct/2014:11:25:40 -0500] "GET /galeria/nivo-slider/demo/images/Banner-Caracol-Africano.jpg HTTP/1.1" 200 331986
158.28.225.226 - - [06/Oct/2014:11:25:40 -0500] "GET /galeria/nivo-slider/demo/images/banner_adopcion2.jpg HTTP/1.1" 200 136406
158.28.225.226 - - [06/Oct/2014:11:25:40 -0500] "GET /galeria/nivo-slider/demo/images/banner-Animal.jpg HTTP/1.1" 200 257223
158.28.225.226 - - [06/Oct/2014:11:25:40 -0500] "GET /galeria/nivo-slider/demo/images/bannerEcolecta3.jpg HTTP/1.1" 200 280034
158.28.225.226 - - [06/Oct/2014:11:25:40 -0500] "GET /videos/PromoAnimal.flv HTTP/1.1" 200 3469924
158.28.225.226 - - [06/Oct/2014:11:25:40 -0500] "GET /galeria/nivo-slider/demo/images/9Signos.jpg HTTP/1.1" 200 93040
200.118.16.84 - - [06/Oct/2014:11:25:40 -0500] "POST /forms/lservlet;jsessionid=ac16012b30d5470ddfdbdf64482d91c59b3b6d080e2f.e3iSbxaKaheRe34Sa3yKbhiTahb0n6jAmljGr5XDqQLvpAe HTTP/1.1" 200 2
200.118.16.84 - - [06/Oct/2014:11:25:40 -0500] "POST /forms/lservlet;jsessionid=ac16012b30d5470ddfdbdf64482d91c59b3b6d080e2f.e3iSbxaKaheRe34Sa3yKbhiTahb0n6jAmljGr5XDqQLvpAe HTTP/1.1" 200 83
200.118.16.84 - - [06/Oct/2014:11:25:40 -0500] "POST /forms/lservlet;jsessionid=ac16012b30d5470ddfdbdf64482d91c59b3b6d080e2f.e3iSbxaKaheRe34Sa3yKbhiTahb0n6jAmljGr5XDqQLvpAe HTTP/1.1" 200 2
190.25.249.19 - - [06/Oct/2014:11:25:41 -0500] "GET /galeria/nivo-slider/themes/default/arrows.png HTTP/1.1" 200 824
190.25.249.19 - - [06/Oct/2014:11:25:41 -0500] "GET /galeria/nivo-slider/themes/default/bullets.png HTTP/1.1" 200 1281
200.118.16.84 - - [06/Oct/2014:11:25:41 -0500] "POST /forms/lservlet;jsessionid=ac16012b30d5470ddfdbdf64482d91c59b3b6d080e2f.e3iSbxaKaheRe34Sa3yKbhiTahb0n6jAmljGr5XDqQLvpAe HTTP/1.1" 200 2142
200.118.16.84 - - [06/Oct/2014:11:25:41 -0500] "POST /forms/lservlet;jsessionid=ac16012b30d5470ddfdbdf64482d91c59b3b6d080e2f.e3iSbxaKaheRe34Sa3yKbhiTahb0n6jAmljGr5XDqQLvpAe HTTP/1.1" 200 2
200.118.16.84 - - [06/Oct/2014:11:25:41 -0500] "POST /forms/lservlet;jsessionid=ac16012b30d5470ddfdbdf64482d91c59b3b6d080e2f.e3iSbxaKaheRe34Sa3yKbhiTahb0n6jAmljGr5XDqQLvpAe HTTP/1.1" 200 2
200.118.16.84 - - [06/Oct/2014:11:25:43 -0500] "POST /forms/lservlet;jsessionid=ac16012b30d5470ddfdbdf64482d91c59b3b6d080e2f.e3iSbxaKaheRe34Sa3yKbhiTahb0n6jAmljGr5XDqQLvpAe HTTP/1.1" 200 131
200.118.16.84 - - [06/Oct/2014:11:25:43 -0500] "POST /forms/lservlet;jsessionid=ac16012b30d5470ddfdbdf64482d91c59b3b6d080e2f.e3iSbxaKaheRe34Sa3yKbhiTahb0n6jAmljGr5XDqQLvpAe HTTP/1.1" 200 8
