190.159.39.171 - - [06/Oct/2014:11:31:14 -0500] "GET /galeria/nivo-slider/nivo-slider.css HTTP/1.1" 200 1507
190.159.39.171 - - [06/Oct/2014:11:31:14 -0500] "GET /galeria/nivo-slider/themes/orman/orman.css HTTP/1.1" 200 2152
190.159.39.171 - - [06/Oct/2014:11:31:14 -0500] "GET /galeria/nivo-slider/demo/style.css HTTP/1.1" 200 2222
190.159.39.171 - - [06/Oct/2014:11:31:14 -0500] "GET /galeria/nivo-slider/demo/scripts/jquery-1.7.1.min.js HTTP/1.1" 200 93868
190.159.39.171 - - [06/Oct/2014:11:31:14 -0500] "GET /galeria/nivo-slider/jquery.nivo.slider.pack.js HTTP/1.1" 200 11561
190.159.39.171 - - [06/Oct/2014:11:31:14 -0500] "GET /galeria/nivo-slider/demo/images/Tingua-azul.jpg HTTP/1.1" 200 307638
190.159.39.171 - - [06/Oct/2014:11:31:14 -0500] "GET /galeria/nivo-slider/demo/images/BannerIDRD1.png HTTP/1.1" 200 316313
190.159.39.171 - - [06/Oct/2014:11:31:14 -0500] "GET /galeria/nivo-slider/demo/images/Recilaton02.jpg HTTP/1.1" 200 82162
190.159.39.171 - - [06/Oct/2014:11:31:14 -0500] "GET /galeria/nivo-slider/demo/images/banner-Animal.jpg HTTP/1.1" 200 257223
190.159.39.171 - - [06/Oct/2014:11:31:14 -0500] "GET /galeria/nivo-slider/demo/images/Banner-Caracol-Africano.jpg HTTP/1.1" 200 331986
190.159.39.171 - - [06/Oct/2014:11:31:15 -0500] "GET /galeria/nivo-slider/demo/images/banner_adopcion2.jpg HTTP/1.1" 200 136406
200.118.16.84 - - [06/Oct/2014:11:31:16 -0500] "POST /forms/lservlet;jsessionid=ac16012b30d5470ddfdbdf64482d91c59b3b6d080e2f.e3iSbxaKaheRe34Sa3yKbhiTahb0n6jAmljGr5XDqQLvpAe HTTP/1.1" 200 258
190.159.39.171 - - [06/Oct/2014:11:31:16 -0500] "GET /galeria/nivo-slider/demo/images/bannerEcolecta3.jpg HTTP/1.1" 200 280034
190.159.39.171 - - [06/Oct/2014:11:31:16 -0500] "GET /galeria/nivo-slider/demo/images/9Signos.jpg HTTP/1.1" 200 93040
201.245.192.253 - - [06/Oct/2014:11:31:16 -0500] "GET /forest/xmlresponse.do?lista=searchTerceroByName&xmlret=1&todos=false&_a=0.331219436833635&partNomTer=margari HTTP/1.1" 200 2243
190.159.39.171 - - [06/Oct/2014:11:31:17 -0500] "GET /galeria/nivo-slider/demo/images/banner-encuesta.jpg HTTP/1.1" 200 42764
190.159.39.171 - - [06/Oct/2014:11:31:17 -0500] "GET /galeria/nivo-slider/demo/images/banner-llantas2.jpg HTTP/1.1" 200 73153
190.159.39.171 - - [06/Oct/2014:11:31:17 -0500] "GET /galeria/nivo-slider/demo/images/banner-caballos.png HTTP/1.1" 200 389106
190.159.39.171 - - [06/Oct/2014:11:31:17 -0500] "GET /galeria/nivo-slider/demo/images/ConstructorasFNL.jpg HTTP/1.1" 200 216551
190.159.39.171 - - [06/Oct/2014:11:31:18 -0500] "GET /galeria/nivo-slider/demo/images/Hacienda_Molinos.jpg HTTP/1.1" 200 319171
190.159.39.171 - - [06/Oct/2014:11:31:18 -0500] "GET /galeria/nivo-slider/demo/images/4Simple_Slider.png HTTP/1.1" 200 11722
190.159.39.171 - - [06/Oct/2014:11:31:18 -0500] "GET /galeria/nivo-slider/themes/default/loading.gif HTTP/1.1" 200 1737
181.136.147.78 - - [06/Oct/2014:11:31:18 -0500] "GET /BLA/boletinlegal/js/jquery.scrollTo-min.js HTTP/1.1" 200 1150
181.136.147.78 - - [06/Oct/2014:11:31:18 -0500] "GET /BLA/boletinlegal/js/jquery.js HTTP/1.1" 200 57254
181.136.147.78 - - [06/Oct/2014:11:31:18 -0500] "GET /BLA/boletinlegal/js/jquery.scrollShow.js HTTP/1.1" 200 4586
181.136.147.78 - - [06/Oct/2014:11:31:18 -0500] "GET /galeria/carrusel/Carrusel/jquery.thumbnailScroller.css HTTP/1.1" 200 2066
181.136.147.78 - - [06/Oct/2014:11:31:18 -0500] "GET /galeria/carrusel/Carrusel/jquery-ui-1.8.13.custom.min.js HTTP/1.1" 200 10800
181.136.147.78 - - [06/Oct/2014:11:31:19 -0500] "GET /galeria/carrusel/Carrusel/jquery.thumbnailScroller.js HTTP/1.1" 200 8157
190.159.39.171 - - [06/Oct/2014:11:31:19 -0500] "GET /videos/PromoAnimal.flv HTTP/1.1" 200 3469924
201.245.192.253 - - [06/Oct/2014:11:31:19 -0500] "POST /forms/lservlet;jsessionid=ac16012b30d5777c05f5669a4ee6bc2deeee262aac04.e3iSbxaKaheRe34Sa3yKbhiTahb0n6jAmljGr5XDqQLvpAe HTTP/1.1" 200 24
190.159.39.171 - - [06/Oct/2014:11:31:20 -0500] "GET /galeria/nivo-slider/themes/default/arrows.png HTTP/1.1" 200 824
190.159.39.171 - - [06/Oct/2014:11:31:20 -0500] "GET /galeria/nivo-slider/themes/default/bullets.png HTTP/1.1" 200 1281
201.245.192.253 - - [06/Oct/2014:11:31:20 -0500] "POST /forms/lservlet;jsessionid=ac16012b30d5777c05f5669a4ee6bc2deeee262aac04.e3iSbxaKaheRe34Sa3yKbhiTahb0n6jAmljGr5XDqQLvpAe HTTP/1.1" 200 4596
201.245.192.253 - - [06/Oct/2014:11:31:20 -0500] "POST /forms/lservlet;jsessionid=ac16012b30d5777c05f5669a4ee6bc2deeee262aac04.e3iSbxaKaheRe34Sa3yKbhiTahb0n6jAmljGr5XDqQLvpAe HTTP/1.1" 200 2
181.136.147.78 - - [06/Oct/2014:11:31:21 -0500] "GET /galeria/nivo-slider/demo/demo.html HTTP/1.1" 200 3617
201.245.192.253 - - [06/Oct/2014:11:31:22 -0500] "POST /forms/lservlet;jsessionid=ac16012b30d5777c05f5669a4ee6bc2deeee262aac04.e3iSbxaKaheRe34Sa3yKbhiTahb0n6jAmljGr5XDqQLvpAe HTTP/1.1" 200 114
181.136.147.78 - - [06/Oct/2014:11:31:22 -0500] "GET /galeria/nivo-slider/themes/default/default.css HTTP/1.1" 200 1569
181.136.147.78 - - [06/Oct/2014:11:31:22 -0500] "GET /galeria/nivo-slider/themes/pascal/pascal.css HTTP/1.1" 200 2258
181.136.147.78 - - [06/Oct/2014:11:31:22 -0500] "GET /galeria/nivo-slider/themes/orman/orman.css HTTP/1.1" 200 2152
181.136.147.78 - - [06/Oct/2014:11:31:22 -0500] "GET /galeria/nivo-slider/nivo-slider.css HTTP/1.1" 200 1507
181.136.147.78 - - [06/Oct/2014:11:31:22 -0500] "GET /galeria/nivo-slider/demo/images/Tingua-azul.jpg HTTP/1.1" 200 307638
181.136.147.78 - - [06/Oct/2014:11:31:22 -0500] "GET /galeria/nivo-slider/demo/images/banner-Animal.jpg HTTP/1.1" 200 257223
181.136.147.78 - - [06/Oct/2014:11:31:22 -0500] "GET /galeria/nivo-slider/demo/style.css HTTP/1.1" 200 2222
181.136.147.78 - - [06/Oct/2014:11:31:22 -0500] "GET /galeria/nivo-slider/demo/images/BannerIDRD1.png HTTP/1.1" 200 316313
181.136.147.78 - - [06/Oct/2014:11:31:22 -0500] "GET /galeria/nivo-slider/demo/images/Recilaton02.jpg HTTP/1.1" 200 82162
181.136.147.78 - - [06/Oct/2014:11:31:22 -0500] "GET /galeria/nivo-slider/demo/images/Banner-Caracol-Africano.jpg HTTP/1.1" 200 331986
181.136.147.78 - - [06/Oct/2014:11:31:22 -0500] "GET /galeria/nivo-slider/demo/images/banner_adopcion2.jpg HTTP/1.1" 200 136406
201.245.192.253 - - [06/Oct/2014:11:31:23 -0500] "POST /forms/lservlet;jsessionid=ac16012b30d5777c05f5669a4ee6bc2deeee262aac04.e3iSbxaKaheRe34Sa3yKbhiTahb0n6jAmljGr5XDqQLvpAe HTTP/1.1" 200 238
201.245.192.253 - - [06/Oct/2014:11:31:23 -0500] "POST /forms/lservlet;jsessionid=ac16012b30d5777c05f5669a4ee6bc2deeee262aac04.e3iSbxaKaheRe34Sa3yKbhiTahb0n6jAmljGr5XDqQLvpAe HTTP/1.1" 200 238
201.245.192.253 - - [06/Oct/2014:11:31:23 -0500] "POST /forms/lservlet;jsessionid=ac16012b30d5777c05f5669a4ee6bc2deeee262aac04.e3iSbxaKaheRe34Sa3yKbhiTahb0n6jAmljGr5XDqQLvpAe HTTP/1.1" 200 210
201.245.192.253 - - [06/Oct/2014:11:31:23 -0500] "POST /forms/lservlet;jsessionid=ac16012b30d5777c05f5669a4ee6bc2deeee262aac04.e3iSbxaKaheRe34Sa3yKbhiTahb0n6jAmljGr5XDqQLvpAe HTTP/1.1" 200 401
201.245.192.253 - - [06/Oct/2014:11:31:23 -0500] "POST /forms/lservlet;jsessionid=ac16012b30d5777c05f5669a4ee6bc2deeee262aac04.e3iSbxaKaheRe34Sa3yKbhiTahb0n6jAmljGr5XDqQLvpAe HTTP/1.1" 200 398
181.136.147.78 - - [06/Oct/2014:11:31:24 -0500] "GET /galeria/nivo-slider/demo/images/bannerEcolecta3.jpg HTTP/1.1" 200 280034
201.245.192.253 - - [06/Oct/2014:11:31:24 -0500] "POST /forms/lservlet;jsessionid=ac16012b30d5777c05f5669a4ee6bc2deeee262aac04.e3iSbxaKaheRe34Sa3yKbhiTahb0n6jAmljGr5XDqQLvpAe HTTP/1.1" 200 398
201.228.76.243 - - [06/Oct/2014:11:31:24 -0500] "GET /BLA/boletinlegal/js/jquery.js HTTP/1.1" 200 57254
201.228.76.243 - - [06/Oct/2014:11:31:24 -0500] "GET /BLA/boletinlegal/js/jquery.scrollShow.js HTTP/1.1" 200 4586
201.228.76.243 - - [06/Oct/2014:11:31:24 -0500] "GET /BLA/boletinlegal/js/jquery.scrollTo-min.js HTTP/1.1" 200 1150
201.245.192.253 - - [06/Oct/2014:11:31:25 -0500] "POST /forms/lservlet;jsessionid=ac16012b30d5777c05f5669a4ee6bc2deeee262aac04.e3iSbxaKaheRe34Sa3yKbhiTahb0n6jAmljGr5XDqQLvpAe HTTP/1.1" 200 354
201.228.76.243 - - [06/Oct/2014:11:31:25 -0500] "GET /galeria/carrusel/Carrusel/jquery.thumbnailScroller.css HTTP/1.1" 200 2066
200.118.16.84 - - [06/Oct/2014:11:31:25 -0500] "POST /forms/lservlet;jsessionid=ac16012b30d5470ddfdbdf64482d91c59b3b6d080e2f.e3iSbxaKaheRe34Sa3yKbhiTahb0n6jAmljGr5XDqQLvpAe HTTP/1.1" 200 2
201.245.192.253 - - [06/Oct/2014:11:31:25 -0500] "POST /forms/lservlet;jsessionid=ac16012b30d5777c05f5669a4ee6bc2deeee262aac04.e3iSbxaKaheRe34Sa3yKbhiTahb0n6jAmljGr5XDqQLvpAe HTTP/1.1" 200 398
181.136.147.78 - - [06/Oct/2014:11:31:25 -0500] "GET /galeria/nivo-slider/demo/images/9Signos.jpg HTTP/1.1" 200 93040
181.136.147.78 - - [06/Oct/2014:11:31:25 -0500] "GET /galeria/nivo-slider/demo/images/banner-encuesta.jpg HTTP/1.1" 200 42764
181.136.147.78 - - [06/Oct/2014:11:31:26 -0500] "GET /galeria/nivo-slider/demo/images/banner-llantas2.jpg HTTP/1.1" 200 73153
181.136.147.78 - - [06/Oct/2014:11:31:26 -0500] "GET /galeria/nivo-slider/demo/images/banner-caballos.png HTTP/1.1" 200 389106
181.136.147.78 - - [06/Oct/2014:11:31:27 -0500] "GET /galeria/nivo-slider/demo/images/ConstructorasFNL.jpg HTTP/1.1" 200 216551
181.136.147.78 - - [06/Oct/2014:11:31:27 -0500] "GET /galeria/nivo-slider/demo/images/Hacienda_Molinos.jpg HTTP/1.1" 200 319171
201.245.192.253 - - [06/Oct/2014:11:31:27 -0500] "POST /forms/lservlet;jsessionid=ac16012b30d5777c05f5669a4ee6bc2deeee262aac04.e3iSbxaKaheRe34Sa3yKbhiTahb0n6jAmljGr5XDqQLvpAe HTTP/1.1" 200 383
181.136.147.78 - - [06/Oct/2014:11:31:28 -0500] "GET /galeria/nivo-slider/demo/scripts/jquery-1.7.1.min.js HTTP/1.1" 200 93868
181.136.147.78 - - [06/Oct/2014:11:31:28 -0500] "GET /galeria/nivo-slider/jquery.nivo.slider.pack.js HTTP/1.1" 200 11561
181.136.147.78 - - [06/Oct/2014:11:31:28 -0500] "GET /galeria/nivo-slider/themes/default/loading.gif HTTP/1.1" 200 1737
181.136.147.78 - - [06/Oct/2014:11:31:28 -0500] "GET /galeria/nivo-slider/demo/images/4Simple_Slider.png HTTP/1.1" 200 11722
200.118.16.84 - - [06/Oct/2014:11:31:28 -0500] "POST /forms/lservlet;jsessionid=ac16012b30d5470ddfdbdf64482d91c59b3b6d080e2f.e3iSbxaKaheRe34Sa3yKbhiTahb0n6jAmljGr5XDqQLvpAe HTTP/1.1" 200 2
201.245.192.253 - - [06/Oct/2014:11:31:28 -0500] "POST /forms/lservlet;jsessionid=ac16012b30d5777c05f5669a4ee6bc2deeee262aac04.e3iSbxaKaheRe34Sa3yKbhiTahb0n6jAmljGr5XDqQLvpAe HTTP/1.1" 200 183
201.245.192.253 - - [06/Oct/2014:11:31:28 -0500] "GET /forest/session.jsp?a=0.4938108971621602 HTTP/1.1" 200 4
201.245.192.253 - - [06/Oct/2014:11:31:28 -0500] "POST /forms/lservlet;jsessionid=ac16012b30d5777c05f5669a4ee6bc2deeee262aac04.e3iSbxaKaheRe34Sa3yKbhiTahb0n6jAmljGr5XDqQLvpAe HTTP/1.1" 200 184
201.245.192.253 - - [06/Oct/2014:11:31:28 -0500] "POST /forms/lservlet;jsessionid=ac16012b30d5777c05f5669a4ee6bc2deeee262aac04.e3iSbxaKaheRe34Sa3yKbhiTahb0n6jAmljGr5XDqQLvpAe HTTP/1.1" 200 184
201.245.192.253 - - [06/Oct/2014:11:31:29 -0500] "POST /forms/lservlet;jsessionid=ac16012b30d5777c05f5669a4ee6bc2deeee262aac04.e3iSbxaKaheRe34Sa3yKbhiTahb0n6jAmljGr5XDqQLvpAe HTTP/1.1" 200 310
201.245.192.253 - - [06/Oct/2014:11:31:29 -0500] "POST /forms/lservlet;jsessionid=ac16012b30d5777c05f5669a4ee6bc2deeee262aac04.e3iSbxaKaheRe34Sa3yKbhiTahb0n6jAmljGr5XDqQLvpAe HTTP/1.1" 200 323
201.245.192.253 - - [06/Oct/2014:11:31:29 -0500] "POST /forms/lservlet;jsessionid=ac16012b30d5777c05f5669a4ee6bc2deeee262aac04.e3iSbxaKaheRe34Sa3yKbhiTahb0n6jAmljGr5XDqQLvpAe HTTP/1.1" 200 323
190.25.157.11 - - [06/Oct/2014:11:31:29 -0500] "POST /forms/lservlet;jsessionid=ac16012b30d5960347ea27bd4710beffe333ee66d5a8.e3iSbxaKaheRe34Sa3yKbhiTahb0n6jAmljGr5XDqQLvpAe HTTP/1.1" 200 2
201.245.192.253 - - [06/Oct/2014:11:31:31 -0500] "POST /forms/lservlet;jsessionid=ac16012b30d5777c05f5669a4ee6bc2deeee262aac04.e3iSbxaKaheRe34Sa3yKbhiTahb0n6jAmljGr5XDqQLvpAe HTTP/1.1" 200 7
200.118.16.84 - - [06/Oct/2014:11:31:31 -0500] "POST /forms/lservlet;jsessionid=ac16012b30d5470ddfdbdf64482d91c59b3b6d080e2f.e3iSbxaKaheRe34Sa3yKbhiTahb0n6jAmljGr5XDqQLvpAe HTTP/1.1" 200 83
201.245.192.253 - - [06/Oct/2014:11:31:31 -0500] "GET /forest/xmlresponse.do?lista=searchTerceroByName&xmlret=1&todos=false&_a=0.331219436833635&partNomTer=margaritas HTTP/1.1" 200 1591
201.245.192.253 - - [06/Oct/2014:11:31:31 -0500] "POST /forms/lservlet;jsessionid=ac16012b30d5777c05f5669a4ee6bc2deeee262aac04.e3iSbxaKaheRe34Sa3yKbhiTahb0n6jAmljGr5XDqQLvpAe HTTP/1.1" 200 30226
201.245.192.253 - - [06/Oct/2014:11:31:32 -0500] "POST /forms/lservlet;jsessionid=ac16012b30d5777c05f5669a4ee6bc2deeee262aac04.e3iSbxaKaheRe34Sa3yKbhiTahb0n6jAmljGr5XDqQLvpAe HTTP/1.1" 200 7
201.245.192.253 - - [06/Oct/2014:11:31:32 -0500] "POST /forms/lservlet;jsessionid=ac16012b30d5777c05f5669a4ee6bc2deeee262aac04.e3iSbxaKaheRe34Sa3yKbhiTahb0n6jAmljGr5XDqQLvpAe HTTP/1.1" 200 27
201.245.192.253 - - [06/Oct/2014:11:31:32 -0500] "POST /forms/lservlet;jsessionid=ac16012b30d5777c05f5669a4ee6bc2deeee262aac04.e3iSbxaKaheRe34Sa3yKbhiTahb0n6jAmljGr5XDqQLvpAe HTTP/1.1" 200 7
178.255.215.77 - - [06/Oct/2014:11:31:33 -0500] "GET /robots.txt HTTP/1.1" 404 1019
201.245.192.253 - - [06/Oct/2014:11:31:33 -0500] "POST /forms/lservlet;jsessionid=ac16012b30d5777c05f5669a4ee6bc2deeee262aac04.e3iSbxaKaheRe34Sa3yKbhiTahb0n6jAmljGr5XDqQLvpAe HTTP/1.1" 200 2
178.255.215.77 - - [06/Oct/2014:11:31:33 -0500] "GET /Manuales_Forest/ HTTP/1.1" 404 1019
200.118.16.84 - - [06/Oct/2014:11:31:33 -0500] "POST /forms/lservlet;jsessionid=ac16012b30d5470ddfdbdf64482d91c59b3b6d080e2f.e3iSbxaKaheRe34Sa3yKbhiTahb0n6jAmljGr5XDqQLvpAe HTTP/1.1" 200 2
201.245.192.253 - - [06/Oct/2014:11:31:33 -0500] "POST /forms/lservlet;jsessionid=ac16012b30d5777c05f5669a4ee6bc2deeee262aac04.e3iSbxaKaheRe34Sa3yKbhiTahb0n6jAmljGr5XDqQLvpAe HTTP/1.1" 200 21753
201.245.192.253 - - [06/Oct/2014:11:31:34 -0500] "POST /forms/lservlet;jsessionid=ac16012b30d5777c05f5669a4ee6bc2deeee262aac04.e3iSbxaKaheRe34Sa3yKbhiTahb0n6jAmljGr5XDqQLvpAe HTTP/1.1" 200 8
201.245.192.253 - - [06/Oct/2014:11:31:34 -0500] "POST /forms/lservlet;jsessionid=ac16012b30d5777c05f5669a4ee6bc2deeee262aac04.e3iSbxaKaheRe34Sa3yKbhiTahb0n6jAmljGr5XDqQLvpAe HTTP/1.1" 200 2
201.245.192.253 - - [06/Oct/2014:11:31:34 -0500] "POST /forms/lservlet;jsessionid=ac16012b30d5777c05f5669a4ee6bc2deeee262aac04.e3iSbxaKaheRe34Sa3yKbhiTahb0n6jAmljGr5XDqQLvpAe HTTP/1.1" 200 2
201.245.192.253 - - [06/Oct/2014:11:31:34 -0500] "POST /forms/lservlet;jsessionid=ac16012b30d5777c05f5669a4ee6bc2deeee262aac04.e3iSbxaKaheRe34Sa3yKbhiTahb0n6jAmljGr5XDqQLvpAe HTTP/1.1" 200 8
201.245.192.253 - - [06/Oct/2014:11:31:34 -0500] "POST /forms/lservlet;jsessionid=ac16012b30d5777c05f5669a4ee6bc2deeee262aac04.e3iSbxaKaheRe34Sa3yKbhiTahb0n6jAmljGr5XDqQLvpAe HTTP/1.1" 200 282
201.245.192.253 - - [06/Oct/2014:11:31:34 -0500] "GET /forest/xmlresponse.do?lista=searchTerceroByName&xmlret=1&todos=false&_a=0.331219436833635&partNomTer=margaritas HTTP/1.1" 200 1591
181.48.99.166 - - [06/Oct/2014:11:31:35 -0500] "GET /Residuos/pinturas/pinturas.html HTTP/1.1" 404 1324
201.245.192.253 - - [06/Oct/2014:11:31:35 -0500] "POST /forms/lservlet;jsessionid=ac16012b30d5777c05f5669a4ee6bc2deeee262aac04.e3iSbxaKaheRe34Sa3yKbhiTahb0n6jAmljGr5XDqQLvpAe HTTP/1.1" 200 2
200.118.16.84 - - [06/Oct/2014:11:31:36 -0500] "POST /forms/lservlet;jsessionid=ac16012b30d5470ddfdbdf64482d91c59b3b6d080e2f.e3iSbxaKaheRe34Sa3yKbhiTahb0n6jAmljGr5XDqQLvpAe HTTP/1.1" 200 2
200.118.16.84 - - [06/Oct/2014:11:31:38 -0500] "POST /forms/lservlet;jsessionid=ac16012b30d5470ddfdbdf64482d91c59b3b6d080e2f.e3iSbxaKaheRe34Sa3yKbhiTahb0n6jAmljGr5XDqQLvpAe HTTP/1.1" 200 2142
200.118.16.84 - - [06/Oct/2014:11:31:40 -0500] "POST /forms/lservlet;jsessionid=ac16012b30d5470ddfdbdf64482d91c59b3b6d080e2f.e3iSbxaKaheRe34Sa3yKbhiTahb0n6jAmljGr5XDqQLvpAe HTTP/1.1" 200 2
200.118.16.84 - - [06/Oct/2014:11:31:41 -0500] "POST /forms/lservlet;jsessionid=ac16012b30d5470ddfdbdf64482d91c59b3b6d080e2f.e3iSbxaKaheRe34Sa3yKbhiTahb0n6jAmljGr5XDqQLvpAe HTTP/1.1" 200 2
200.118.16.84 - - [06/Oct/2014:11:31:42 -0500] "POST /forms/lservlet;jsessionid=ac16012b30d5470ddfdbdf64482d91c59b3b6d080e2f.e3iSbxaKaheRe34Sa3yKbhiTahb0n6jAmljGr5XDqQLvpAe HTTP/1.1" 200 131
201.228.76.243 - - [06/Oct/2014:11:31:43 -0500] "GET /videos/Video_ServidorMesRespons.flv HTTP/1.1" 200 40732342
200.118.16.84 - - [06/Oct/2014:11:31:45 -0500] "POST /forms/lservlet;jsessionid=ac16012b30d5470ddfdbdf64482d91c59b3b6d080e2f.e3iSbxaKaheRe34Sa3yKbhiTahb0n6jAmljGr5XDqQLvpAe HTTP/1.1" 200 8
200.118.16.84 - - [06/Oct/2014:11:31:47 -0500] "POST /forms/lservlet;jsessionid=ac16012b30d5470ddfdbdf64482d91c59b3b6d080e2f.e3iSbxaKaheRe34Sa3yKbhiTahb0n6jAmljGr5XDqQLvpAe HTTP/1.1" 200 2
200.118.16.84 - - [06/Oct/2014:11:31:50 -0500] "POST /forms/lservlet;jsessionid=ac16012b30d5470ddfdbdf64482d91c59b3b6d080e2f.e3iSbxaKaheRe34Sa3yKbhiTahb0n6jAmljGr5XDqQLvpAe HTTP/1.1" 200 7
190.85.68.150 - - [06/Oct/2014:11:31:50 -0500] "GET /BLA/boletinlegal/js/jquery.js HTTP/1.1" 200 57254
190.85.68.150 - - [06/Oct/2014:11:31:50 -0500] "GET /BLA/boletinlegal/js/jquery.scrollTo-min.js HTTP/1.1" 200 1150
190.85.68.150 - - [06/Oct/2014:11:31:50 -0500] "GET /BLA/boletinlegal/js/jquery.scrollShow.js HTTP/1.1" 200 4586
201.245.192.253 - - [06/Oct/2014:11:31:50 -0500] "POST /forms/lservlet;jsessionid=ac16012b30d5777c05f5669a4ee6bc2deeee262aac04.e3iSbxaKaheRe34Sa3yKbhiTahb0n6jAmljGr5XDqQLvpAe HTTP/1.1" 200 2
190.143.14.101 - - [06/Oct/2014:11:31:52 -0500] "POST /forms/lservlet;jsessionid=ac16012b30d56ea9d3fa4dd34b328c6897f755ddadec.e3iSbxaKaheRe34Sa3yKbhiTahb0n6jAmljGr5XDqQLvpAe HTTP/1.1" 200 2
180.76.6.42 - - [06/Oct/2014:11:31:53 -0500] "GET /BLA/resoluciones/RESOLUCIONES%202011/1099.pdf HTTP/1.1" 200 583391
200.118.16.84 - - [06/Oct/2014:11:31:52 -0500] "POST /forms/lservlet;jsessionid=ac16012b30d5470ddfdbdf64482d91c59b3b6d080e2f.e3iSbxaKaheRe34Sa3yKbhiTahb0n6jAmljGr5XDqQLvpAe HTTP/1.1" 200 32258
190.27.119.49 - - [06/Oct/2014:11:31:54 -0500] "GET /forest/session.jsp?a=0.43547101030543256 HTTP/1.1" 200 4
190.27.113.183 - - [06/Oct/2014:11:31:55 -0500] "GET /BLA/boletinlegal/js/jquery.js HTTP/1.1" 200 57254
190.27.113.183 - - [06/Oct/2014:11:31:55 -0500] "GET /BLA/boletinlegal/js/jquery.scrollShow.js HTTP/1.1" 200 4586
190.27.113.183 - - [06/Oct/2014:11:31:55 -0500] "GET /galeria/carrusel/Carrusel/jquery-ui-1.8.13.custom.min.js HTTP/1.1" 200 10800
190.27.113.183 - - [06/Oct/2014:11:31:55 -0500] "GET /BLA/boletinlegal/js/jquery.scrollTo-min.js HTTP/1.1" 200 1150
190.27.113.183 - - [06/Oct/2014:11:31:55 -0500] "GET /galeria/carrusel/Carrusel/jquery.thumbnailScroller.css HTTP/1.1" 200 2066
190.27.113.183 - - [06/Oct/2014:11:31:55 -0500] "GET /galeria/carrusel/Carrusel/jquery.thumbnailScroller.js HTTP/1.1" 200 8157
201.245.192.253 - - [06/Oct/2014:11:31:56 -0500] "GET /forest/session.jsp?a=0.8489268246780574 HTTP/1.1" 200 -
201.245.192.253 - - [06/Oct/2014:11:31:56 -0500] "GET /forest/session.jsp?a=0.8489268246780574 HTTP/1.1" 200 4
190.27.113.183 - - [06/Oct/2014:11:31:56 -0500] "GET /galeria/nivo-slider/demo/demo.html HTTP/1.1" 200 3617
190.27.113.183 - - [06/Oct/2014:11:31:57 -0500] "GET /galeria/nivo-slider/themes/default/default.css HTTP/1.1" 200 1569
190.27.113.183 - - [06/Oct/2014:11:31:57 -0500] "GET /galeria/nivo-slider/themes/pascal/pascal.css HTTP/1.1" 200 2258
190.27.113.183 - - [06/Oct/2014:11:31:57 -0500] "GET /galeria/nivo-slider/themes/orman/orman.css HTTP/1.1" 200 2152
190.27.113.183 - - [06/Oct/2014:11:31:57 -0500] "GET /galeria/nivo-slider/nivo-slider.css HTTP/1.1" 200 1507
190.27.113.183 - - [06/Oct/2014:11:31:57 -0500] "GET /galeria/nivo-slider/demo/style.css HTTP/1.1" 200 2222
190.27.113.183 - - [06/Oct/2014:11:31:57 -0500] "GET /galeria/nivo-slider/demo/images/banner-Animal.jpg HTTP/1.1" 200 257223
190.27.113.183 - - [06/Oct/2014:11:31:57 -0500] "GET /galeria/nivo-slider/demo/images/Tingua-azul.jpg HTTP/1.1" 200 307638
190.27.113.183 - - [06/Oct/2014:11:31:57 -0500] "GET /galeria/nivo-slider/demo/images/BannerIDRD1.png HTTP/1.1" 200 316313
190.27.113.183 - - [06/Oct/2014:11:31:57 -0500] "GET /galeria/nivo-slider/demo/images/Recilaton02.jpg HTTP/1.1" 200 82162
190.27.113.183 - - [06/Oct/2014:11:31:57 -0500] "GET /galeria/nivo-slider/demo/images/Banner-Caracol-Africano.jpg HTTP/1.1" 200 331986
190.27.113.183 - - [06/Oct/2014:11:31:57 -0500] "GET /galeria/nivo-slider/demo/images/banner_adopcion2.jpg HTTP/1.1" 200 136406
190.27.113.183 - - [06/Oct/2014:11:31:57 -0500] "GET /galeria/nivo-slider/demo/images/bannerEcolecta3.jpg HTTP/1.1" 200 280034
190.27.113.183 - - [06/Oct/2014:11:31:58 -0500] "GET /galeria/nivo-slider/demo/images/9Signos.jpg HTTP/1.1" 200 93040
190.27.113.183 - - [06/Oct/2014:11:31:58 -0500] "GET /galeria/nivo-slider/demo/images/banner-encuesta.jpg HTTP/1.1" 200 42764
190.27.113.183 - - [06/Oct/2014:11:31:58 -0500] "GET /galeria/nivo-slider/demo/images/banner-llantas2.jpg HTTP/1.1" 200 73153
190.27.113.183 - - [06/Oct/2014:11:31:58 -0500] "GET /galeria/nivo-slider/demo/images/banner-caballos.png HTTP/1.1" 200 389106
190.27.113.183 - - [06/Oct/2014:11:31:58 -0500] "GET /galeria/nivo-slider/demo/images/ConstructorasFNL.jpg HTTP/1.1" 200 216551
190.27.113.183 - - [06/Oct/2014:11:31:59 -0500] "GET /galeria/nivo-slider/demo/images/Hacienda_Molinos.jpg HTTP/1.1" 200 319171
190.27.113.183 - - [06/Oct/2014:11:31:59 -0500] "GET /galeria/nivo-slider/demo/scripts/jquery-1.7.1.min.js HTTP/1.1" 200 93868
190.27.113.183 - - [06/Oct/2014:11:31:59 -0500] "GET /galeria/nivo-slider/jquery.nivo.slider.pack.js HTTP/1.1" 200 11561
190.27.113.183 - - [06/Oct/2014:11:31:59 -0500] "GET /galeria/nivo-slider/demo/images/4Simple_Slider.png HTTP/1.1" 200 11722
190.27.113.183 - - [06/Oct/2014:11:31:59 -0500] "GET /galeria/nivo-slider/themes/default/loading.gif HTTP/1.1" 200 1737
201.184.47.224 - - [06/Oct/2014:11:32:00 -0500] "GET /BLA/boletinlegal/js/jquery.scrollTo-min.js HTTP/1.1" 200 1150
201.184.47.224 - - [06/Oct/2014:11:32:00 -0500] "GET /BLA/boletinlegal/js/jquery.js HTTP/1.1" 200 57254
201.184.47.224 - - [06/Oct/2014:11:32:00 -0500] "GET /BLA/boletinlegal/js/jquery.scrollShow.js HTTP/1.1" 200 4586
201.184.47.224 - - [06/Oct/2014:11:32:00 -0500] "GET /galeria/carrusel/Carrusel/jquery.thumbnailScroller.css HTTP/1.1" 200 2066
201.245.192.253 - - [06/Oct/2014:11:29:00 -0500] "GET /ForestMSG_SDA/channelAsync/template_word_16628362?X-Atmosphere-tracking-id=bac54bc3-2f66-4345-af05-bbaec1f83c45&X-Atmosphere-Framework=1.0.5&X-Atmosphere-Transport=long-polling&tabid=0.14424352373420468&X-Cache-Date=0&Content-Type=application/xml&_=1412613131442 HTTP/1.1" 200 8193
201.184.47.224 - - [06/Oct/2014:11:32:00 -0500] "GET /galeria/carrusel/Carrusel/jquery-ui-1.8.13.custom.min.js HTTP/1.1" 200 10800
201.184.47.224 - - [06/Oct/2014:11:32:00 -0500] "GET /galeria/carrusel/Carrusel/jquery.thumbnailScroller.js HTTP/1.1" 200 8157
190.27.113.183 - - [06/Oct/2014:11:32:01 -0500] "GET /galeria/nivo-slider/themes/default/arrows.png HTTP/1.1" 200 824
190.27.113.183 - - [06/Oct/2014:11:32:01 -0500] "GET /galeria/nivo-slider/themes/default/bullets.png HTTP/1.1" 200 1281
201.184.47.224 - - [06/Oct/2014:11:32:01 -0500] "GET /galeria/nivo-slider/demo/demo.html HTTP/1.1" 200 3617
200.118.16.84 - - [06/Oct/2014:11:31:56 -0500] "POST /forms/lservlet;jsessionid=ac16012b30d5470ddfdbdf64482d91c59b3b6d080e2f.e3iSbxaKaheRe34Sa3yKbhiTahb0n6jAmljGr5XDqQLvpAe HTTP/1.1" 200 9
201.184.47.224 - - [06/Oct/2014:11:32:01 -0500] "GET /galeria/nivo-slider/themes/default/default.css HTTP/1.1" 200 1569
201.184.47.224 - - [06/Oct/2014:11:32:01 -0500] "GET /galeria/nivo-slider/themes/pascal/pascal.css HTTP/1.1" 200 2258
201.184.47.224 - - [06/Oct/2014:11:32:01 -0500] "GET /galeria/nivo-slider/themes/orman/orman.css HTTP/1.1" 200 2152
201.184.47.224 - - [06/Oct/2014:11:32:01 -0500] "GET /galeria/nivo-slider/nivo-slider.css HTTP/1.1" 200 1507
201.184.47.224 - - [06/Oct/2014:11:32:01 -0500] "GET /galeria/nivo-slider/demo/style.css HTTP/1.1" 200 2222
201.184.47.224 - - [06/Oct/2014:11:32:01 -0500] "GET /galeria/nivo-slider/demo/scripts/jquery-1.7.1.min.js HTTP/1.1" 200 93868
201.184.47.224 - - [06/Oct/2014:11:32:01 -0500] "GET /galeria/nivo-slider/jquery.nivo.slider.pack.js HTTP/1.1" 200 11561
201.184.47.224 - - [06/Oct/2014:11:32:01 -0500] "GET /galeria/nivo-slider/demo/images/banner-Animal.jpg HTTP/1.1" 200 257223
201.184.47.224 - - [06/Oct/2014:11:32:01 -0500] "GET /galeria/nivo-slider/demo/images/Tingua-azul.jpg HTTP/1.1" 200 307638
201.184.47.224 - - [06/Oct/2014:11:32:01 -0500] "GET /galeria/nivo-slider/demo/images/BannerIDRD1.png HTTP/1.1" 200 316313
201.184.47.224 - - [06/Oct/2014:11:32:02 -0500] "GET /galeria/nivo-slider/demo/images/Recilaton02.jpg HTTP/1.1" 200 82162
200.118.16.84 - - [06/Oct/2014:11:32:02 -0500] "POST /forms/lservlet;jsessionid=ac16012b30d5470ddfdbdf64482d91c59b3b6d080e2f.e3iSbxaKaheRe34Sa3yKbhiTahb0n6jAmljGr5XDqQLvpAe HTTP/1.1" 200 2
200.118.16.84 - - [06/Oct/2014:11:32:02 -0500] "POST /forms/lservlet;jsessionid=ac16012b30d5470ddfdbdf64482d91c59b3b6d080e2f.e3iSbxaKaheRe34Sa3yKbhiTahb0n6jAmljGr5XDqQLvpAe HTTP/1.1" 200 2
200.118.16.84 - - [06/Oct/2014:11:32:02 -0500] "POST /forms/lservlet;jsessionid=ac16012b30d5470ddfdbdf64482d91c59b3b6d080e2f.e3iSbxaKaheRe34Sa3yKbhiTahb0n6jAmljGr5XDqQLvpAe HTTP/1.1" 200 33
200.118.16.84 - - [06/Oct/2014:11:32:02 -0500] "POST /forms/lservlet;jsessionid=ac16012b30d5470ddfdbdf64482d91c59b3b6d080e2f.e3iSbxaKaheRe34Sa3yKbhiTahb0n6jAmljGr5XDqQLvpAe HTTP/1.1" 200 9
201.184.47.224 - - [06/Oct/2014:11:32:02 -0500] "GET /galeria/nivo-slider/demo/images/Banner-Caracol-Africano.jpg HTTP/1.1" 200 331986
201.184.47.224 - - [06/Oct/2014:11:32:02 -0500] "GET /galeria/nivo-slider/demo/images/banner_adopcion2.jpg HTTP/1.1" 200 136406
201.184.47.224 - - [06/Oct/2014:11:32:02 -0500] "GET /galeria/nivo-slider/demo/images/bannerEcolecta3.jpg HTTP/1.1" 200 280034
190.27.113.183 - - [06/Oct/2014:11:32:03 -0500] "GET /videos/PromoAnimal.flv HTTP/1.1" 200 3469924
201.184.47.224 - - [06/Oct/2014:11:32:04 -0500] "GET /galeria/nivo-slider/demo/images/9Signos.jpg HTTP/1.1" 200 93040
201.245.192.253 - - [06/Oct/2014:11:32:04 -0500] "POST /forms/lservlet;jsessionid=ac16012b30d5777c05f5669a4ee6bc2deeee262aac04.e3iSbxaKaheRe34Sa3yKbhiTahb0n6jAmljGr5XDqQLvpAe HTTP/1.1" 200 256
201.245.192.253 - - [06/Oct/2014:11:32:04 -0500] "POST /forms/lservlet;jsessionid=ac16012b30d5777c05f5669a4ee6bc2deeee262aac04.e3iSbxaKaheRe34Sa3yKbhiTahb0n6jAmljGr5XDqQLvpAe HTTP/1.1" 200 2
201.184.47.224 - - [06/Oct/2014:11:32:05 -0500] "GET /galeria/nivo-slider/demo/images/banner-encuesta.jpg HTTP/1.1" 200 42764
201.245.192.253 - - [06/Oct/2014:11:32:05 -0500] "POST /forms/lservlet;jsessionid=ac16012b30d5777c05f5669a4ee6bc2deeee262aac04.e3iSbxaKaheRe34Sa3yKbhiTahb0n6jAmljGr5XDqQLvpAe HTTP/1.1" 200 2
201.245.192.253 - - [06/Oct/2014:11:32:05 -0500] "POST /forms/lservlet;jsessionid=ac16012b30d5777c05f5669a4ee6bc2deeee262aac04.e3iSbxaKaheRe34Sa3yKbhiTahb0n6jAmljGr5XDqQLvpAe HTTP/1.1" 200 245
201.184.47.224 - - [06/Oct/2014:11:32:05 -0500] "GET /galeria/nivo-slider/demo/images/banner-llantas2.jpg HTTP/1.1" 200 73153
201.184.47.224 - - [06/Oct/2014:11:32:05 -0500] "GET /galeria/nivo-slider/demo/images/banner-caballos.png HTTP/1.1" 200 389106
201.245.192.253 - - [06/Oct/2014:11:32:05 -0500] "POST /forms/lservlet;jsessionid=ac16012b30d5777c05f5669a4ee6bc2deeee262aac04.e3iSbxaKaheRe34Sa3yKbhiTahb0n6jAmljGr5XDqQLvpAe HTTP/1.1" 200 2
201.184.47.224 - - [06/Oct/2014:11:32:05 -0500] "GET /galeria/nivo-slider/demo/images/ConstructorasFNL.jpg HTTP/1.1" 200 216551
201.184.47.224 - - [06/Oct/2014:11:32:06 -0500] "GET /galeria/nivo-slider/demo/images/Hacienda_Molinos.jpg HTTP/1.1" 200 319171
201.245.192.253 - - [06/Oct/2014:11:32:06 -0500] "POST /forms/lservlet;jsessionid=ac16012b30d5777c05f5669a4ee6bc2deeee262aac04.e3iSbxaKaheRe34Sa3yKbhiTahb0n6jAmljGr5XDqQLvpAe HTTP/1.1" 200 2
201.245.192.253 - - [06/Oct/2014:11:32:07 -0500] "POST /forms/lservlet;jsessionid=ac16012b30d5777c05f5669a4ee6bc2deeee262aac04.e3iSbxaKaheRe34Sa3yKbhiTahb0n6jAmljGr5XDqQLvpAe HTTP/1.1" 200 202
201.245.192.253 - - [06/Oct/2014:11:32:07 -0500] "POST /forms/lservlet;jsessionid=ac16012b30d5777c05f5669a4ee6bc2deeee262aac04.e3iSbxaKaheRe34Sa3yKbhiTahb0n6jAmljGr5XDqQLvpAe HTTP/1.1" 200 2
201.245.192.253 - - [06/Oct/2014:11:32:07 -0500] "POST /forms/lservlet;jsessionid=ac16012b30d5777c05f5669a4ee6bc2deeee262aac04.e3iSbxaKaheRe34Sa3yKbhiTahb0n6jAmljGr5XDqQLvpAe HTTP/1.1" 200 135
201.184.47.224 - - [06/Oct/2014:11:32:08 -0500] "GET /videos/PromoAnimal.flv HTTP/1.1" 200 3469924
201.245.192.253 - - [06/Oct/2014:11:32:08 -0500] "POST /forms/lservlet;jsessionid=ac16012b30d5777c05f5669a4ee6bc2deeee262aac04.e3iSbxaKaheRe34Sa3yKbhiTahb0n6jAmljGr5XDqQLvpAe HTTP/1.1" 200 2
201.184.47.224 - - [06/Oct/2014:11:32:08 -0500] "GET /galeria/nivo-slider/themes/default/loading.gif HTTP/1.1" 200 1737
201.184.47.224 - - [06/Oct/2014:11:32:08 -0500] "GET /galeria/nivo-slider/demo/images/4Simple_Slider.png HTTP/1.1" 200 11722
201.245.192.253 - - [06/Oct/2014:11:32:08 -0500] "POST /forms/lservlet;jsessionid=ac16012b30d5777c05f5669a4ee6bc2deeee262aac04.e3iSbxaKaheRe34Sa3yKbhiTahb0n6jAmljGr5XDqQLvpAe HTTP/1.1" 200 116
201.245.192.253 - - [06/Oct/2014:11:32:11 -0500] "POST /forms/lservlet;jsessionid=ac16012b30d5777c05f5669a4ee6bc2deeee262aac04.e3iSbxaKaheRe34Sa3yKbhiTahb0n6jAmljGr5XDqQLvpAe HTTP/1.1" 200 2
201.245.192.253 - - [06/Oct/2014:11:32:11 -0500] "POST /forms/lservlet;jsessionid=ac16012b30d5777c05f5669a4ee6bc2deeee262aac04.e3iSbxaKaheRe34Sa3yKbhiTahb0n6jAmljGr5XDqQLvpAe HTTP/1.1" 200 68
201.245.192.253 - - [06/Oct/2014:11:32:11 -0500] "POST /forms/lservlet;jsessionid=ac16012b30d5777c05f5669a4ee6bc2deeee262aac04.e3iSbxaKaheRe34Sa3yKbhiTahb0n6jAmljGr5XDqQLvpAe HTTP/1.1" 200 2
190.90.9.226 - - [06/Oct/2014:11:32:12 -0500] "GET /galeria/carrusel/Carrusel/jquery.thumbnailScroller.css HTTP/1.1" 200 2066
190.90.9.226 - - [06/Oct/2014:11:32:12 -0500] "GET /BLA/boletinlegal/js/jquery.scrollTo-min.js HTTP/1.1" 200 1150
190.90.9.226 - - [06/Oct/2014:11:32:12 -0500] "GET /galeria/carrusel/Carrusel/jquery.thumbnailScroller.js HTTP/1.1" 200 8157
190.90.9.226 - - [06/Oct/2014:11:32:12 -0500] "GET /BLA/boletinlegal/js/jquery.js HTTP/1.1" 200 57254
201.245.192.253 - - [06/Oct/2014:11:32:12 -0500] "POST /forms/lservlet;jsessionid=ac16012b30d5777c05f5669a4ee6bc2deeee262aac04.e3iSbxaKaheRe34Sa3yKbhiTahb0n6jAmljGr5XDqQLvpAe HTTP/1.1" 200 1508
201.245.192.253 - - [06/Oct/2014:11:32:12 -0500] "POST /forms/lservlet;jsessionid=ac16012b30d5777c05f5669a4ee6bc2deeee262aac04.e3iSbxaKaheRe34Sa3yKbhiTahb0n6jAmljGr5XDqQLvpAe HTTP/1.1" 200 2
190.90.9.226 - - [06/Oct/2014:11:32:12 -0500] "GET /BLA/boletinlegal/js/jquery.scrollShow.js HTTP/1.1" 200 4586
201.245.192.253 - - [06/Oct/2014:11:32:12 -0500] "POST /forms/lservlet;jsessionid=ac16012b30d5777c05f5669a4ee6bc2deeee262aac04.e3iSbxaKaheRe34Sa3yKbhiTahb0n6jAmljGr5XDqQLvpAe HTTP/1.1" 200 2
201.184.47.224 - - [06/Oct/2014:11:32:12 -0500] "GET /autoliquidacion HTTP/1.1" 301 310
190.90.9.226 - - [06/Oct/2014:11:32:12 -0500] "GET /galeria/carrusel/Carrusel/jquery-ui-1.8.13.custom.min.js HTTP/1.1" 200 10800
201.184.47.224 - - [06/Oct/2014:11:32:12 -0500] "GET /autoliquidacion/ HTTP/1.1" 200 6375
201.184.47.224 - - [06/Oct/2014:11:32:12 -0500] "GET /autoliquidacion/dlf/styles.css HTTP/1.1" 200 3045
201.184.47.224 - - [06/Oct/2014:11:32:12 -0500] "GET /autoliquidacion/dlf/folder.png HTTP/1.1" 200 410
201.184.47.224 - - [06/Oct/2014:11:32:12 -0500] "GET /autoliquidacion/dlf/bg.gif HTTP/1.1" 200 54
201.245.192.253 - - [06/Oct/2014:11:32:14 -0500] "POST /forms/lservlet;jsessionid=ac16012b30d5777c05f5669a4ee6bc2deeee262aac04.e3iSbxaKaheRe34Sa3yKbhiTahb0n6jAmljGr5XDqQLvpAe HTTP/1.1" 200 2
201.245.192.253 - - [06/Oct/2014:11:32:14 -0500] "POST /forms/lservlet;jsessionid=ac16012b30d5777c05f5669a4ee6bc2deeee262aac04.e3iSbxaKaheRe34Sa3yKbhiTahb0n6jAmljGr5XDqQLvpAe HTTP/1.1" 200 14
201.184.47.224 - - [06/Oct/2014:11:32:16 -0500] "GET /autoliquidacion/index.php?dir=Solicitudes+relacionadas+con+calidad+del+aire+auditiva+y+visual%2F HTTP/1.1" 200 5748
201.184.47.224 - - [06/Oct/2014:11:32:16 -0500] "GET /autoliquidacion/dlf/dirup.png HTTP/1.1" 200 644
190.90.9.226 - - [06/Oct/2014:11:32:16 -0500] "GET /galeria/nivo-slider/demo/demo.html HTTP/1.1" 200 3617
201.245.192.253 - - [06/Oct/2014:11:32:15 -0500] "POST /forms/lservlet;jsessionid=ac16012b30d5777c05f5669a4ee6bc2deeee262aac04.e3iSbxaKaheRe34Sa3yKbhiTahb0n6jAmljGr5XDqQLvpAe HTTP/1.1" 200 14
190.90.9.226 - - [06/Oct/2014:11:32:16 -0500] "GET /galeria/nivo-slider/themes/pascal/pascal.css HTTP/1.1" 200 2258
190.90.9.226 - - [06/Oct/2014:11:32:16 -0500] "GET /galeria/nivo-slider/nivo-slider.css HTTP/1.1" 200 1507
190.90.9.226 - - [06/Oct/2014:11:32:16 -0500] "GET /galeria/nivo-slider/demo/style.css HTTP/1.1" 200 2222
190.90.9.226 - - [06/Oct/2014:11:32:16 -0500] "GET /galeria/nivo-slider/themes/default/default.css HTTP/1.1" 200 1569
190.90.9.226 - - [06/Oct/2014:11:32:16 -0500] "GET /galeria/nivo-slider/themes/orman/orman.css HTTP/1.1" 200 2152
190.90.9.226 - - [06/Oct/2014:11:32:16 -0500] "GET /galeria/nivo-slider/demo/scripts/jquery-1.7.1.min.js HTTP/1.1" 200 93868
190.90.9.226 - - [06/Oct/2014:11:32:16 -0500] "GET /galeria/nivo-slider/jquery.nivo.slider.pack.js HTTP/1.1" 200 11561
201.245.192.253 - - [06/Oct/2014:11:32:16 -0500] "POST /forms/lservlet;jsessionid=ac16012b30d5777c05f5669a4ee6bc2deeee262aac04.e3iSbxaKaheRe34Sa3yKbhiTahb0n6jAmljGr5XDqQLvpAe HTTP/1.1" 200 14
190.90.9.226 - - [06/Oct/2014:11:32:18 -0500] "GET /galeria/nivo-slider/themes/default/loading.gif HTTP/1.1" 200 1737
190.90.9.226 - - [06/Oct/2014:11:32:19 -0500] "GET /galeria/nivo-slider/demo/images/4Simple_Slider.png HTTP/1.1" 200 11722
201.245.192.253 - - [06/Oct/2014:11:32:18 -0500] "POST /forms/lservlet;jsessionid=ac16012b30d5777c05f5669a4ee6bc2deeee262aac04.e3iSbxaKaheRe34Sa3yKbhiTahb0n6jAmljGr5XDqQLvpAe HTTP/1.1" 200 14
190.90.9.226 - - [06/Oct/2014:11:32:19 -0500] "GET /galeria/nivo-slider/demo/images/banner-Animal.jpg HTTP/1.1" 200 257223
190.90.9.226 - - [06/Oct/2014:11:32:19 -0500] "GET /galeria/nivo-slider/demo/images/Tingua-azul.jpg HTTP/1.1" 200 307638
190.90.9.226 - - [06/Oct/2014:11:32:19 -0500] "GET /galeria/nivo-slider/demo/images/BannerIDRD1.png HTTP/1.1" 200 316313
190.90.9.226 - - [06/Oct/2014:11:32:19 -0500] "GET /galeria/nivo-slider/demo/images/Recilaton02.jpg HTTP/1.1" 200 82162
190.90.9.226 - - [06/Oct/2014:11:32:19 -0500] "GET /galeria/nivo-slider/demo/images/Banner-Caracol-Africano.jpg HTTP/1.1" 200 331986
201.245.192.253 - - [06/Oct/2014:11:32:19 -0500] "GET /isolucionsda/ HTTP/1.1" 200 739
190.25.40.229 - - [06/Oct/2014:11:32:20 -0500] "POST /forms/lservlet;jsessionid=ac16012b30d5fb784237647f455ebacabe0db43ff4fe.e3iSbxaKaheRe34Sa3yKbhiTahb0n6jAmljGr5XDqQLvpAe HTTP/1.1" 200 2
190.90.9.226 - - [06/Oct/2014:11:32:20 -0500] "GET /galeria/nivo-slider/demo/images/banner_adopcion2.jpg HTTP/1.1" 200 136406
201.245.192.253 - - [06/Oct/2014:11:32:20 -0500] "POST /forms/lservlet;jsessionid=ac16012b30d5777c05f5669a4ee6bc2deeee262aac04.e3iSbxaKaheRe34Sa3yKbhiTahb0n6jAmljGr5XDqQLvpAe HTTP/1.1" 200 15
201.184.47.224 - - [06/Oct/2014:11:32:21 -0500] "GET /autoliquidacion/index.php?dir=Solicitudes+relacionadas+con+calidad+del+aire+auditiva+y+visual%2FSolicitudes+relacionadas+a+Programa+de+Autorregulaci%F3n+Ambiental%2F HTTP/1.1" 200 4814
190.90.9.226 - - [06/Oct/2014:11:32:21 -0500] "GET /galeria/nivo-slider/demo/images/bannerEcolecta3.jpg HTTP/1.1" 200 280034
201.184.47.224 - - [06/Oct/2014:11:32:21 -0500] "GET /autoliquidacion/dlf/unknown.png HTTP/1.1" 200 266
201.184.47.224 - - [06/Oct/2014:11:32:21 -0500] "GET /autoliquidacion/dlf/pdf.gif HTTP/1.1" 200 272
190.90.9.226 - - [06/Oct/2014:11:32:21 -0500] "GET /galeria/nivo-slider/demo/images/9Signos.jpg HTTP/1.1" 200 93040
190.90.9.226 - - [06/Oct/2014:11:32:21 -0500] "GET /galeria/nivo-slider/demo/images/banner-encuesta.jpg HTTP/1.1" 200 42764
190.90.9.226 - - [06/Oct/2014:11:32:21 -0500] "GET /galeria/nivo-slider/demo/images/banner-caballos.png HTTP/1.1" 200 389106
190.90.9.226 - - [06/Oct/2014:11:32:21 -0500] "GET /galeria/nivo-slider/demo/images/banner-llantas2.jpg HTTP/1.1" 200 73153
190.90.9.226 - - [06/Oct/2014:11:32:21 -0500] "GET /galeria/nivo-slider/demo/images/ConstructorasFNL.jpg HTTP/1.1" 200 216551
190.90.9.226 - - [06/Oct/2014:11:32:22 -0500] "GET /galeria/nivo-slider/demo/images/Hacienda_Molinos.jpg HTTP/1.1" 200 319171
190.90.9.226 - - [06/Oct/2014:11:32:22 -0500] "GET /videos/PromoAnimal.flv HTTP/1.1" 200 3469924
201.245.192.253 - - [06/Oct/2014:11:32:23 -0500] "POST /forms/lservlet;jsessionid=ac16012b30d5777c05f5669a4ee6bc2deeee262aac04.e3iSbxaKaheRe34Sa3yKbhiTahb0n6jAmljGr5XDqQLvpAe HTTP/1.1" 200 113
201.245.192.253 - - [06/Oct/2014:11:32:23 -0500] "POST /forms/lservlet;jsessionid=ac16012b30d5777c05f5669a4ee6bc2deeee262aac04.e3iSbxaKaheRe34Sa3yKbhiTahb0n6jAmljGr5XDqQLvpAe HTTP/1.1" 200 2
190.90.9.226 - - [06/Oct/2014:11:32:24 -0500] "GET /galeria/nivo-slider/themes/default/arrows.png HTTP/1.1" 200 824
190.90.9.226 - - [06/Oct/2014:11:32:24 -0500] "GET /galeria/nivo-slider/themes/default/bullets.png HTTP/1.1" 200 1281
201.184.47.224 - - [06/Oct/2014:11:32:25 -0500] "GET /autoliquidacion/Solicitudes%20relacionadas%20con%20calidad%20del%20aire%20auditiva%20y%20visual/Solicitudes%20relacionadas%20a%20Programa%20de%20Autorregulaci%C3%B3n%20Ambiental/lista%20de%20chequeo%20programa%20de%20autorregulacion%20ambiental.pdf HTTP/1.1" 200 51359
200.118.16.84 - - [06/Oct/2014:11:32:26 -0500] "POST /forms/lservlet;jsessionid=ac16012b30d5470ddfdbdf64482d91c59b3b6d080e2f.e3iSbxaKaheRe34Sa3yKbhiTahb0n6jAmljGr5XDqQLvpAe HTTP/1.1" 200 82
200.118.16.84 - - [06/Oct/2014:11:32:28 -0500] "POST /forms/lservlet;jsessionid=ac16012b30d5470ddfdbdf64482d91c59b3b6d080e2f.e3iSbxaKaheRe34Sa3yKbhiTahb0n6jAmljGr5XDqQLvpAe HTTP/1.1" 200 10
180.76.6.28 - - [06/Oct/2014:11:32:28 -0500] "GET /BLA/boletinlegal/Directivas/2011/Directiva%20No.%209%20del%2023%20de%20Septiembre%20de%202011.pdf HTTP/1.1" 200 326687
200.118.16.84 - - [06/Oct/2014:11:32:30 -0500] "POST /forms/lservlet;jsessionid=ac16012b30d5470ddfdbdf64482d91c59b3b6d080e2f.e3iSbxaKaheRe34Sa3yKbhiTahb0n6jAmljGr5XDqQLvpAe HTTP/1.1" 200 2
190.0.15.154 - - [06/Oct/2014:11:32:32 -0500] "GET /BLA/boletinlegal/js/jquery.js HTTP/1.1" 200 57254
190.0.15.154 - - [06/Oct/2014:11:32:32 -0500] "GET /BLA/boletinlegal/js/jquery.scrollTo-min.js HTTP/1.1" 200 1150
190.0.15.154 - - [06/Oct/2014:11:32:32 -0500] "GET /BLA/boletinlegal/js/jquery.scrollShow.js HTTP/1.1" 200 4586
190.0.15.154 - - [06/Oct/2014:11:32:32 -0500] "GET /galeria/carrusel/Carrusel/jquery.thumbnailScroller.css HTTP/1.1" 200 2066
190.0.15.154 - - [06/Oct/2014:11:32:32 -0500] "GET /galeria/carrusel/Carrusel/jquery-ui-1.8.13.custom.min.js HTTP/1.1" 200 10800
190.0.15.154 - - [06/Oct/2014:11:32:32 -0500] "GET /galeria/carrusel/Carrusel/jquery.thumbnailScroller.js HTTP/1.1" 200 8157
190.0.15.154 - - [06/Oct/2014:11:32:33 -0500] "GET /galeria/nivo-slider/demo/demo.html HTTP/1.1" 200 3617
190.0.15.154 - - [06/Oct/2014:11:32:33 -0500] "GET /galeria/nivo-slider/themes/default/default.css HTTP/1.1" 200 1569
190.0.15.154 - - [06/Oct/2014:11:32:33 -0500] "GET /galeria/nivo-slider/themes/pascal/pascal.css HTTP/1.1" 200 2258
200.118.16.84 - - [06/Oct/2014:11:32:33 -0500] "POST /forms/lservlet;jsessionid=ac16012b30d5470ddfdbdf64482d91c59b3b6d080e2f.e3iSbxaKaheRe34Sa3yKbhiTahb0n6jAmljGr5XDqQLvpAe HTTP/1.1" 200 147
190.0.15.154 - - [06/Oct/2014:11:32:33 -0500] "GET /galeria/nivo-slider/themes/orman/orman.css HTTP/1.1" 200 2152
190.0.15.154 - - [06/Oct/2014:11:32:33 -0500] "GET /galeria/nivo-slider/nivo-slider.css HTTP/1.1" 200 1507
190.0.15.154 - - [06/Oct/2014:11:32:33 -0500] "GET /galeria/nivo-slider/demo/style.css HTTP/1.1" 200 2222
190.0.15.154 - - [06/Oct/2014:11:32:33 -0500] "GET /galeria/nivo-slider/demo/images/banner-Animal.jpg HTTP/1.1" 200 257223
190.0.15.154 - - [06/Oct/2014:11:32:33 -0500] "GET /galeria/nivo-slider/demo/images/Tingua-azul.jpg HTTP/1.1" 200 307638
190.0.15.154 - - [06/Oct/2014:11:32:33 -0500] "GET /galeria/nivo-slider/demo/images/BannerIDRD1.png HTTP/1.1" 200 316313
190.0.15.154 - - [06/Oct/2014:11:32:33 -0500] "GET /galeria/nivo-slider/demo/images/4Simple_Slider.png HTTP/1.1" 200 11722
190.0.15.154 - - [06/Oct/2014:11:32:33 -0500] "GET /galeria/nivo-slider/demo/images/Recilaton02.jpg HTTP/1.1" 200 82162
190.0.15.154 - - [06/Oct/2014:11:32:33 -0500] "GET /galeria/nivo-slider/themes/default/loading.gif HTTP/1.1" 200 1737
190.0.15.154 - - [06/Oct/2014:11:32:33 -0500] "GET /galeria/nivo-slider/demo/images/Banner-Caracol-Africano.jpg HTTP/1.1" 200 331986
190.0.15.154 - - [06/Oct/2014:11:32:34 -0500] "GET /galeria/nivo-slider/demo/images/banner_adopcion2.jpg HTTP/1.1" 200 136406
190.0.15.154 - - [06/Oct/2014:11:32:35 -0500] "GET /galeria/nivo-slider/demo/images/bannerEcolecta3.jpg HTTP/1.1" 200 280034
190.0.15.154 - - [06/Oct/2014:11:32:35 -0500] "GET /galeria/nivo-slider/demo/images/9Signos.jpg HTTP/1.1" 200 93040
190.0.15.154 - - [06/Oct/2014:11:32:35 -0500] "GET /galeria/nivo-slider/demo/images/banner-encuesta.jpg HTTP/1.1" 200 42764
190.0.15.154 - - [06/Oct/2014:11:32:35 -0500] "GET /galeria/nivo-slider/demo/images/banner-llantas2.jpg HTTP/1.1" 200 73153
190.0.15.154 - - [06/Oct/2014:11:32:35 -0500] "GET /galeria/nivo-slider/demo/images/banner-caballos.png HTTP/1.1" 200 389106
201.245.192.253 - - [06/Oct/2014:11:32:36 -0500] "GET /forest/session.jsp?a=0.6500472231518419 HTTP/1.1" 200 4
190.0.15.154 - - [06/Oct/2014:11:32:36 -0500] "GET /galeria/nivo-slider/demo/images/ConstructorasFNL.jpg HTTP/1.1" 200 216551
201.245.192.253 - - [06/Oct/2014:11:32:23 -0500] "GET /reports/rwservlet/getjobid328919?server=rep_srvapsda HTTP/1.1" 200 4894224
200.118.16.84 - - [06/Oct/2014:11:32:41 -0500] "POST /forms/lservlet;jsessionid=ac16012b30d5470ddfdbdf64482d91c59b3b6d080e2f.e3iSbxaKaheRe34Sa3yKbhiTahb0n6jAmljGr5XDqQLvpAe HTTP/1.1" 200 2
201.184.47.224 - - [06/Oct/2014:11:32:41 -0500] "GET /autoliquidacion/Solicitudes%20relacionadas%20con%20calidad%20del%20aire%20auditiva%20y%20visual/Solicitudes%20relacionadas%20a%20Programa%20de%20Autorregulaci%C3%B3n%20Ambiental/formato%20de%20relacion%20de%20vehiculos.pdf HTTP/1.1" 200 69611
186.116.126.122 - - [06/Oct/2014:11:32:41 -0500] "GET /BLA/boletinlegal/js/jquery.js HTTP/1.1" 200 57254
186.116.126.122 - - [06/Oct/2014:11:32:41 -0500] "GET /BLA/boletinlegal/js/jquery.scrollTo-min.js HTTP/1.1" 200 1150
186.116.126.122 - - [06/Oct/2014:11:32:41 -0500] "GET /BLA/boletinlegal/js/jquery.scrollShow.js HTTP/1.1" 200 4586
201.184.47.224 - - [06/Oct/2014:11:32:41 -0500] "GET /autoliquidacion/Solicitudes%20relacionadas%20con%20calidad%20del%20aire%20auditiva%20y%20visual/Solicitudes%20relacionadas%20a%20Programa%20de%20Autorregulaci%C3%B3n%20Ambiental/formato%20de%20relacion%20de%20vehiculos.pdf HTTP/1.1" 206 4075
201.184.47.224 - - [06/Oct/2014:11:32:41 -0500] "GET /autoliquidacion/Solicitudes%20relacionadas%20con%20calidad%20del%20aire%20auditiva%20y%20visual/Solicitudes%20relacionadas%20a%20Programa%20de%20Autorregulaci%C3%B3n%20Ambiental/formato%20de%20relacion%20de%20vehiculos.pdf HTTP/1.1" 206 65536
201.245.192.253 - - [06/Oct/2014:11:32:42 -0500] "GET /galeria/nivo-slider/demo/images/Recilaton02.jpg HTTP/1.1" 304 -
201.245.192.253 - - [06/Oct/2014:11:32:42 -0500] "GET /galeria/nivo-slider/demo/images/Banner-Caracol-Africano.jpg HTTP/1.1" 304 -
201.245.192.253 - - [06/Oct/2014:11:32:42 -0500] "GET /galeria/nivo-slider/demo/images/banner-encuesta.jpg HTTP/1.1" 304 -
201.245.192.253 - - [06/Oct/2014:11:32:42 -0500] "GET /galeria/nivo-slider/demo/images/banner-llantas2.jpg HTTP/1.1" 304 -
201.245.192.253 - - [06/Oct/2014:11:32:42 -0500] "GET /galeria/nivo-slider/demo/images/9Signos.jpg HTTP/1.1" 304 -
201.245.192.253 - - [06/Oct/2014:11:32:42 -0500] "GET /galeria/nivo-slider/demo/images/Hacienda_Molinos.jpg HTTP/1.1" 304 -
200.118.16.84 - - [06/Oct/2014:11:32:43 -0500] "POST /forms/lservlet;jsessionid=ac16012b30d5470ddfdbdf64482d91c59b3b6d080e2f.e3iSbxaKaheRe34Sa3yKbhiTahb0n6jAmljGr5XDqQLvpAe HTTP/1.1" 200 256
66.249.64.163 - - [06/Oct/2014:11:32:42 -0500] "GET /BLA/resoluciones/index.php?dir=RESOLUCIONES+2010%2F HTTP/1.1" 200 1284744
200.118.16.84 - - [06/Oct/2014:11:32:45 -0500] "POST /forms/lservlet;jsessionid=ac16012b30d5470ddfdbdf64482d91c59b3b6d080e2f.e3iSbxaKaheRe34Sa3yKbhiTahb0n6jAmljGr5XDqQLvpAe HTTP/1.1" 200 2
201.184.47.224 - - [06/Oct/2014:11:32:46 -0500] "GET /autoliquidacion/Solicitudes%20relacionadas%20con%20calidad%20del%20aire%20auditiva%20y%20visual/Solicitudes%20relacionadas%20a%20Programa%20de%20Autorregulaci%C3%B3n%20Ambiental/carta%20de%20solicitud%20de%20aprobacion%20programa%20de%20autorregulacion.pdf HTTP/1.1" 200 76160
200.118.16.84 - - [06/Oct/2014:11:32:47 -0500] "POST /forms/lservlet;jsessionid=ac16012b30d5470ddfdbdf64482d91c59b3b6d080e2f.e3iSbxaKaheRe34Sa3yKbhiTahb0n6jAmljGr5XDqQLvpAe HTTP/1.1" 200 2
201.245.192.253 - - [06/Oct/2014:11:32:50 -0500] "GET /forest/session.jsp?a=0.07494214340113103 HTTP/1.1" 200 4
201.245.192.253 - - [06/Oct/2014:11:32:52 -0500] "GET /isolucionsda/FrameSetGeneral.asp?Pagina=Menu.asp&IdModulo=4 HTTP/1.1" 200 205
200.118.16.84 - - [06/Oct/2014:11:32:49 -0500] "POST /forms/lservlet;jsessionid=ac16012b30d5470ddfdbdf64482d91c59b3b6d080e2f.e3iSbxaKaheRe34Sa3yKbhiTahb0n6jAmljGr5XDqQLvpAe HTTP/1.1" 200 533
201.245.192.253 - - [06/Oct/2014:11:32:55 -0500] "GET /isolucionsda/ControlDeInicio.asp HTTP/1.1" 200 739
201.245.192.253 - - [06/Oct/2014:11:32:55 -0500] "GET /isolucionsda/IdentificaUsuario.asp?Pagina1=FrameSetGeneral.asp& HTTP/1.1" 200 4997
200.118.16.84 - - [06/Oct/2014:11:32:57 -0500] "POST /forms/lservlet;jsessionid=ac16012b30d5470ddfdbdf64482d91c59b3b6d080e2f.e3iSbxaKaheRe34Sa3yKbhiTahb0n6jAmljGr5XDqQLvpAe HTTP/1.1" 200 2
201.184.47.224 - - [06/Oct/2014:11:32:57 -0500] "GET /autoliquidacion/Solicitudes%20relacionadas%20con%20calidad%20del%20aire%20auditiva%20y%20visual/Solicitudes%20relacionadas%20a%20Programa%20de%20Autorregulaci%C3%B3n%20Ambiental/carta%20de%20autorizacion%20para%20realizar%20las%20visitas%20tecnicas%20del%20p.pdf HTTP/1.1" 200 56250
201.245.192.253 - - [06/Oct/2014:11:32:58 -0500] "POST /isolucionsda/IdentificaUsuario.asp?Pagina1=FrameSetGeneral.asp& HTTP/1.1" 302 173
201.245.192.253 - - [06/Oct/2014:11:32:58 -0500] "GET /isolucionsda/FrameSetGeneral.asp?Pagina1=FrameSetGeneral.asp& HTTP/1.1" 200 6613
201.245.192.253 - - [06/Oct/2014:11:32:58 -0500] "GET /isolucionsda/Encabezado.asp?Pagina1=FrameSetGeneral.asp&&Pagina=MagazinHome.asp HTTP/1.1" 200 15388
201.245.192.253 - - [06/Oct/2014:11:32:58 -0500] "GET /isolucionsda/BarraTitulos.asp?Pagina1=FrameSetGeneral.asp&&Pagina=MagazinHome.asp HTTP/1.1" 200 6972
201.245.192.253 - - [06/Oct/2014:11:32:58 -0500] "GET /isolucionsda/BarraFavoritos.asp HTTP/1.1" 200 911
201.245.192.253 - - [06/Oct/2014:11:32:58 -0500] "GET /isolucionsda/MagazinHome.asp HTTP/1.1" 200 25853
201.245.192.253 - - [06/Oct/2014:11:32:58 -0500] "GET /isolucionsda/TareasSFRedirect.asp HTTP/1.1" 302 195
201.245.192.253 - - [06/Oct/2014:11:32:58 -0500] "GET /isolucionsda/Session.asp?Continue=1 HTTP/1.1" 200 6324
200.118.16.84 - - [06/Oct/2014:11:32:58 -0500] "POST /forms/lservlet;jsessionid=ac16012b30d5470ddfdbdf64482d91c59b3b6d080e2f.e3iSbxaKaheRe34Sa3yKbhiTahb0n6jAmljGr5XDqQLvpAe HTTP/1.1" 200 83
201.245.192.253 - - [06/Oct/2014:11:32:59 -0500] "GET /isolucionsda/g/Bgr_Destacado3399CC.jpg HTTP/1.1" 404 5217
190.25.157.11 - - [06/Oct/2014:11:32:59 -0500] "POST /forms/lservlet;jsessionid=ac16012b30d5e1fa6fcef1a9487f9ffac623c769da53.e3iSbxaKaheRe34Sa3yKbhiTahb0n6jAmljGr5XDqQLvpAe HTTP/1.1" 200 2
201.245.192.253 - - [06/Oct/2014:11:32:58 -0500] "GET /isolucionsda/Login.aspx?TARGET=SFContainerFiltrado.aspx&number=53666848545349654552 HTTP/1.1" 302 886
201.245.192.253 - - [06/Oct/2014:11:32:59 -0500] "GET /isolucionsda/SFContainerFiltrado.aspx?Number=53666848545349654552 HTTP/1.1" 200 14314
200.118.16.84 - - [06/Oct/2014:11:33:00 -0500] "POST /forms/lservlet;jsessionid=ac16012b30d5470ddfdbdf64482d91c59b3b6d080e2f.e3iSbxaKaheRe34Sa3yKbhiTahb0n6jAmljGr5XDqQLvpAe HTTP/1.1" 200 2
201.245.192.253 - - [06/Oct/2014:11:32:59 -0500] "GET /isolucionsda/DetalleTareas.aspx?Number=53666848545349654552 HTTP/1.1" 302 144
201.245.192.253 - - [06/Oct/2014:11:33:00 -0500] "GET /isolucionsda/DetalleTareas.aspx?Number=53666848545349654552 HTTP/1.1" 200 5355
201.245.192.253 - - [06/Oct/2014:11:33:00 -0500] "GET /isolucionsda/ErrorMsg.aspx HTTP/1.1" 200 1701
201.245.192.253 - - [06/Oct/2014:11:33:00 -0500] "GET /isolucionsda/infowndpublic.js HTTP/1.1" 404 5199
201.245.192.253 - - [06/Oct/2014:11:33:00 -0500] "GET /isolucionsda/infowndcore.js HTTP/1.1" 404 5195
201.245.192.253 - - [06/Oct/2014:11:33:00 -0500] "GET /isolucionsda/auxlib.js HTTP/1.1" 404 5207
201.245.192.253 - - [06/Oct/2014:11:33:00 -0500] "GET /isolucionsda/auxlib.js HTTP/1.1" 404 5185
201.245.192.253 - - [06/Oct/2014:11:33:00 -0500] "GET /isolucionsda/infowndpublic.js HTTP/1.1" 404 5199
201.245.192.253 - - [06/Oct/2014:11:33:00 -0500] "GET /isolucionsda/infowndcore.js HTTP/1.1" 404 5195
200.118.16.84 - - [06/Oct/2014:11:33:01 -0500] "POST /forms/lservlet;jsessionid=ac16012b30d5470ddfdbdf64482d91c59b3b6d080e2f.e3iSbxaKaheRe34Sa3yKbhiTahb0n6jAmljGr5XDqQLvpAe HTTP/1.1" 200 2
200.118.16.84 - - [06/Oct/2014:11:33:02 -0500] "POST /forms/lservlet;jsessionid=ac16012b30d5470ddfdbdf64482d91c59b3b6d080e2f.e3iSbxaKaheRe34Sa3yKbhiTahb0n6jAmljGr5XDqQLvpAe HTTP/1.1" 200 2142
201.245.192.253 - - [06/Oct/2014:11:33:02 -0500] "GET /forest/session.jsp?a=0.3238314010668546 HTTP/1.1" 200 4
200.118.16.84 - - [06/Oct/2014:11:33:03 -0500] "POST /forms/lservlet;jsessionid=ac16012b30d5470ddfdbdf64482d91c59b3b6d080e2f.e3iSbxaKaheRe34Sa3yKbhiTahb0n6jAmljGr5XDqQLvpAe HTTP/1.1" 200 2
186.28.67.106 - - [06/Oct/2014:11:33:04 -0500] "POST /forms/lservlet;jsessionid=ac16012b30d5c2e45a428de142678939d5dcf98f4db3.e3iSbxaKaheRe34Sa3yKbhiTahb0n6jAmljGr5XDqQLvpAe HTTP/1.1" 200 2
180.76.6.159 - - [06/Oct/2014:11:33:04 -0500] "GET /BLA/resoluciones/AUTOS%202011/5632.pdf HTTP/1.1" 200 285738
200.118.16.84 - - [06/Oct/2014:11:33:05 -0500] "POST /forms/lservlet;jsessionid=ac16012b30d5470ddfdbdf64482d91c59b3b6d080e2f.e3iSbxaKaheRe34Sa3yKbhiTahb0n6jAmljGr5XDqQLvpAe HTTP/1.1" 200 2
