190.184.162.155 - - [09/Oct/2014:08:51:27 -0500] "GET /BLA/boletinlegal/js/jquery.scrollShow.js HTTP/1.1" 200 4586
190.184.162.155 - - [09/Oct/2014:08:51:27 -0500] "GET /BLA/boletinlegal/js/jquery.scrollTo-min.js HTTP/1.1" 200 1150
201.245.192.253 - - [09/Oct/2014:08:51:30 -0500] "GET /isolucionsda/Administracion/SalaEdicion/ArticuloSeleccion.asp?Admin=1&Form=Admon&Campo=Objeto13_1 HTTP/1.1" 200 93538
201.245.192.253 - - [09/Oct/2014:08:51:30 -0500] "GET /isolucionsda/ HTTP/1.1" 200 739
186.154.189.168 - - [09/Oct/2014:08:51:31 -0500] "POST /forms/lservlet;jsessionid=ac16012b30d5e476268572a24be9a2e9d72a8a6e50f7.e3iSbxaKaheRe34Sa3yKbhiTahb0n6jAmljGr5XDqQLvpAe HTTP/1.1" 200 2
201.234.240.140 - - [09/Oct/2014:08:51:32 -0500] "GET /autoliquidacion/TR%C3%81MITES%20ACEITES-RESIDUOS-ESTACIONES/REG.%20GENERADOR/126PM04-PR75-F-A3-V2.0%20oficio%20Solicitud%20inscripci%C3%B3n.doc HTTP/1.0" 200 213504
186.154.189.168 - - [09/Oct/2014:08:51:32 -0500] "POST /forms/lservlet;jsessionid=ac16012b30d5e476268572a24be9a2e9d72a8a6e50f7.e3iSbxaKaheRe34Sa3yKbhiTahb0n6jAmljGr5XDqQLvpAe HTTP/1.1" 200 14
201.245.192.253 - - [09/Oct/2014:08:51:33 -0500] "POST /isolucionsda/Administracion/SalaEdicion/ArticuloSeleccion.asp?Admin=1&Form=Admon&Campo=Objeto13_1 HTTP/1.1" 200 107757
186.154.189.168 - - [09/Oct/2014:08:51:33 -0500] "POST /forms/lservlet;jsessionid=ac16012b30d5e476268572a24be9a2e9d72a8a6e50f7.e3iSbxaKaheRe34Sa3yKbhiTahb0n6jAmljGr5XDqQLvpAe HTTP/1.1" 200 14
186.154.189.168 - - [09/Oct/2014:08:51:34 -0500] "POST /forms/lservlet;jsessionid=ac16012b30d5e476268572a24be9a2e9d72a8a6e50f7.e3iSbxaKaheRe34Sa3yKbhiTahb0n6jAmljGr5XDqQLvpAe HTTP/1.1" 200 77
186.154.189.168 - - [09/Oct/2014:08:51:35 -0500] "POST /forms/lservlet;jsessionid=ac16012b30d5e476268572a24be9a2e9d72a8a6e50f7.e3iSbxaKaheRe34Sa3yKbhiTahb0n6jAmljGr5XDqQLvpAe HTTP/1.1" 200 2
201.245.192.253 - - [09/Oct/2014:08:51:36 -0500] "POST /isolucionsda/ListadoMaestroDocumentos3.asp HTTP/1.1" 200 13723
186.154.189.168 - - [09/Oct/2014:08:51:37 -0500] "POST /forms/lservlet;jsessionid=ac16012b30d5e476268572a24be9a2e9d72a8a6e50f7.e3iSbxaKaheRe34Sa3yKbhiTahb0n6jAmljGr5XDqQLvpAe HTTP/1.1" 200 2
186.154.189.168 - - [09/Oct/2014:08:51:37 -0500] "POST /forms/lservlet;jsessionid=ac16012b30d5e476268572a24be9a2e9d72a8a6e50f7.e3iSbxaKaheRe34Sa3yKbhiTahb0n6jAmljGr5XDqQLvpAe HTTP/1.1" 200 14
181.48.9.24 - - [09/Oct/2014:08:51:39 -0500] "GET /favicon.ico HTTP/1.1" 200 7782
186.154.189.168 - - [09/Oct/2014:08:51:39 -0500] "POST /forms/lservlet;jsessionid=ac16012b30d5e476268572a24be9a2e9d72a8a6e50f7.e3iSbxaKaheRe34Sa3yKbhiTahb0n6jAmljGr5XDqQLvpAe HTTP/1.1" 200 14
186.154.189.168 - - [09/Oct/2014:08:51:40 -0500] "POST /forms/lservlet;jsessionid=ac16012b30d5e476268572a24be9a2e9d72a8a6e50f7.e3iSbxaKaheRe34Sa3yKbhiTahb0n6jAmljGr5XDqQLvpAe HTTP/1.1" 200 39
186.154.189.168 - - [09/Oct/2014:08:51:40 -0500] "POST /forms/lservlet;jsessionid=ac16012b30d5e476268572a24be9a2e9d72a8a6e50f7.e3iSbxaKaheRe34Sa3yKbhiTahb0n6jAmljGr5XDqQLvpAe HTTP/1.1" 200 2
201.245.192.253 - - [09/Oct/2014:08:51:40 -0500] "GET /isolucionsda/ HTTP/1.1" 200 739
201.245.192.253 - - [09/Oct/2014:08:51:40 -0500] "GET /isolucionsda/IdentificaUsuario.asp?Pagina1=FrameSetGeneral.asp& HTTP/1.1" 200 4997
66.249.64.167 - - [09/Oct/2014:08:51:43 -0500] "GET /BLA/resoluciones/RESOLUCIONES%202007/RES%202007%20401%20AL%20500/RESOLUCION%200460%20DE%202007.pdf HTTP/1.1" 304 -
186.154.189.168 - - [09/Oct/2014:08:51:44 -0500] "POST /forms/lservlet;jsessionid=ac16012b30d5e476268572a24be9a2e9d72a8a6e50f7.e3iSbxaKaheRe34Sa3yKbhiTahb0n6jAmljGr5XDqQLvpAe HTTP/1.1" 200 2
186.154.189.168 - - [09/Oct/2014:08:51:44 -0500] "POST /forms/lservlet;jsessionid=ac16012b30d5e476268572a24be9a2e9d72a8a6e50f7.e3iSbxaKaheRe34Sa3yKbhiTahb0n6jAmljGr5XDqQLvpAe HTTP/1.1" 200 2448
186.154.189.168 - - [09/Oct/2014:08:51:44 -0500] "POST /forms/lservlet;jsessionid=ac16012b30d5e476268572a24be9a2e9d72a8a6e50f7.e3iSbxaKaheRe34Sa3yKbhiTahb0n6jAmljGr5XDqQLvpAe HTTP/1.1" 200 2
201.245.192.253 - - [09/Oct/2014:08:51:46 -0500] "POST /isolucionsda/IdentificaUsuario.asp?Pagina1=FrameSetGeneral.asp& HTTP/1.1" 302 173
201.245.192.253 - - [09/Oct/2014:08:51:46 -0500] "GET /isolucionsda/FrameSetGeneral.asp?Pagina1=FrameSetGeneral.asp& HTTP/1.1" 200 6613
201.245.192.253 - - [09/Oct/2014:08:51:46 -0500] "GET /isolucionsda/BarraTitulos.asp?Pagina1=FrameSetGeneral.asp&&Pagina=MagazinHome.asp HTTP/1.1" 200 6972
201.245.192.253 - - [09/Oct/2014:08:51:46 -0500] "GET /isolucionsda/Encabezado.asp?Pagina1=FrameSetGeneral.asp&&Pagina=MagazinHome.asp HTTP/1.1" 200 15388
201.245.192.253 - - [09/Oct/2014:08:51:46 -0500] "GET /isolucionsda/BarraFavoritos.asp HTTP/1.1" 200 911
201.245.192.253 - - [09/Oct/2014:08:51:46 -0500] "GET /isolucionsda/Session.asp?Continue=1 HTTP/1.1" 200 6324
201.245.192.253 - - [09/Oct/2014:08:51:46 -0500] "GET /isolucionsda/MagazinHome.asp HTTP/1.1" 200 25853
201.245.192.253 - - [09/Oct/2014:08:51:46 -0500] "GET /isolucionsda/g/Bgr_Destacado3399CC.jpg HTTP/1.1" 404 5217
201.245.192.253 - - [09/Oct/2014:08:51:46 -0500] "GET /isolucionsda/TareasSFRedirect.asp HTTP/1.1" 302 195
201.245.192.253 - - [09/Oct/2014:08:51:46 -0500] "GET /isolucionsda/Login.aspx?TARGET=SFContainerFiltrado.aspx&number=67686553544869494548 HTTP/1.1" 302 886
201.245.192.253 - - [09/Oct/2014:08:51:47 -0500] "GET /isolucionsda/SFContainerFiltrado.aspx?Number=67686553544869494548 HTTP/1.1" 200 14314
201.245.192.253 - - [09/Oct/2014:08:51:47 -0500] "GET /isolucionsda/DetalleTareas.aspx?Number=67686553544869494548 HTTP/1.1" 302 144
201.245.192.253 - - [09/Oct/2014:08:51:48 -0500] "GET /isolucionsda/DetalleTareas.aspx?Number=67686553544869494548 HTTP/1.1" 200 5355
201.245.192.253 - - [09/Oct/2014:08:51:48 -0500] "GET /isolucionsda/ErrorMsg.aspx HTTP/1.1" 200 1701
201.245.192.253 - - [09/Oct/2014:08:51:48 -0500] "GET /isolucionsda/auxlib.js HTTP/1.1" 404 5207
201.245.192.253 - - [09/Oct/2014:08:51:48 -0500] "GET /isolucionsda/infowndcore.js HTTP/1.1" 404 5217
201.245.192.253 - - [09/Oct/2014:08:51:48 -0500] "GET /isolucionsda/infowndpublic.js HTTP/1.1" 404 5221
186.154.189.168 - - [09/Oct/2014:08:51:48 -0500] "POST /forms/lservlet;jsessionid=ac16012b30d5e476268572a24be9a2e9d72a8a6e50f7.e3iSbxaKaheRe34Sa3yKbhiTahb0n6jAmljGr5XDqQLvpAe HTTP/1.1" 200 2
201.245.192.253 - - [09/Oct/2014:08:51:48 -0500] "GET /isolucionsda/auxlib.js HTTP/1.1" 404 5185
201.245.192.253 - - [09/Oct/2014:08:51:48 -0500] "GET /isolucionsda/infowndcore.js HTTP/1.1" 404 5195
201.245.192.253 - - [09/Oct/2014:08:51:48 -0500] "GET /isolucionsda/infowndpublic.js HTTP/1.1" 404 5199
186.154.189.168 - - [09/Oct/2014:08:51:48 -0500] "POST /forms/lservlet;jsessionid=ac16012b30d5e476268572a24be9a2e9d72a8a6e50f7.e3iSbxaKaheRe34Sa3yKbhiTahb0n6jAmljGr5XDqQLvpAe HTTP/1.1" 200 14
186.154.189.168 - - [09/Oct/2014:08:51:49 -0500] "POST /forms/lservlet;jsessionid=ac16012b30d5e476268572a24be9a2e9d72a8a6e50f7.e3iSbxaKaheRe34Sa3yKbhiTahb0n6jAmljGr5XDqQLvpAe HTTP/1.1" 200 14
186.154.189.168 - - [09/Oct/2014:08:51:50 -0500] "POST /forms/lservlet;jsessionid=ac16012b30d5e476268572a24be9a2e9d72a8a6e50f7.e3iSbxaKaheRe34Sa3yKbhiTahb0n6jAmljGr5XDqQLvpAe HTTP/1.1" 200 112
186.154.189.168 - - [09/Oct/2014:08:51:51 -0500] "POST /forms/lservlet;jsessionid=ac16012b30d5e476268572a24be9a2e9d72a8a6e50f7.e3iSbxaKaheRe34Sa3yKbhiTahb0n6jAmljGr5XDqQLvpAe HTTP/1.1" 200 2
201.245.192.253 - - [09/Oct/2014:08:51:52 -0500] "POST /isolucionsda/Administracion/SalaEdicion/Articulo.asp HTTP/1.1" 302 545
201.245.192.253 - - [09/Oct/2014:08:51:55 -0500] "GET /isolucionsda//Administracion/Upload/Upload.asp?Id_Articulo=6378&UPLDQuerystring=Id_Articulo=6378&UPLDMODO=SubirArchivoADocumento&UPLDRuta=C:\\ISOlucion\\Web\\BancoConocimiento\\G\\GestiondelDefensordelCiudadano_v2\\&UPLDAtras=http://190.27.245.106/isolucionsda/Administracion/SalaEdicion/Articulo.asp&UPLDAdelante=http://190.27.245.106/isolucionsda/Administracion/SalaEdicion/Articulo.asp HTTP/1.1" 200 11600
190.26.39.44 - - [09/Oct/2014:08:51:57 -0500] "GET /galeria/carrusel/Carrusel/jquery-ui-1.8.13.custom.min.js HTTP/1.1" 200 10800
190.26.39.44 - - [09/Oct/2014:08:51:57 -0500] "GET /galeria/carrusel/Carrusel/jquery.thumbnailScroller.css HTTP/1.1" 200 2066
190.26.39.44 - - [09/Oct/2014:08:51:57 -0500] "GET /galeria/carrusel/Carrusel/jquery.thumbnailScroller.js HTTP/1.1" 200 8157
190.26.39.44 - - [09/Oct/2014:08:51:59 -0500] "GET /galeria/nivo-slider/demo/demo.html HTTP/1.1" 200 3315
190.26.39.44 - - [09/Oct/2014:08:51:59 -0500] "GET /galeria/nivo-slider/themes/orman/orman.css HTTP/1.1" 200 2152
190.26.39.44 - - [09/Oct/2014:08:51:59 -0500] "GET /galeria/nivo-slider/themes/default/default.css HTTP/1.1" 200 1569
190.26.39.44 - - [09/Oct/2014:08:51:59 -0500] "GET /galeria/nivo-slider/themes/pascal/pascal.css HTTP/1.1" 200 2258
190.26.39.44 - - [09/Oct/2014:08:51:59 -0500] "GET /galeria/nivo-slider/nivo-slider.css HTTP/1.1" 200 1507
190.26.39.44 - - [09/Oct/2014:08:51:59 -0500] "GET /galeria/nivo-slider/demo/style.css HTTP/1.1" 200 2222
190.26.39.44 - - [09/Oct/2014:08:51:59 -0500] "GET /galeria/nivo-slider/demo/scripts/jquery-1.7.1.min.js HTTP/1.1" 200 93868
190.26.39.44 - - [09/Oct/2014:08:51:59 -0500] "GET /galeria/nivo-slider/jquery.nivo.slider.pack.js HTTP/1.1" 200 11561
190.26.39.44 - - [09/Oct/2014:08:51:59 -0500] "GET /galeria/nivo-slider/demo/images/EncuentroAgua1.jpg HTTP/1.1" 200 274179
190.26.39.44 - - [09/Oct/2014:08:51:59 -0500] "GET /galeria/nivo-slider/demo/images/banner-Animal.jpg HTTP/1.1" 200 257223
190.26.39.44 - - [09/Oct/2014:08:51:59 -0500] "GET /galeria/nivo-slider/demo/images/Tingua-azul.jpg HTTP/1.1" 200 307638
190.26.39.44 - - [09/Oct/2014:08:51:59 -0500] "GET /galeria/nivo-slider/demo/images/Banner-Caracol-Africano.jpg HTTP/1.1" 200 331986
190.26.39.44 - - [09/Oct/2014:08:52:01 -0500] "GET /galeria/nivo-slider/demo/images/4Simple_Slider.png HTTP/1.1" 200 11722
190.26.39.44 - - [09/Oct/2014:08:52:01 -0500] "GET /galeria/nivo-slider/themes/default/loading.gif HTTP/1.1" 200 1737
190.26.39.44 - - [09/Oct/2014:08:52:02 -0500] "GET /galeria/nivo-slider/demo/images/9Signos.jpg HTTP/1.1" 200 93040
186.154.189.168 - - [09/Oct/2014:08:51:53 -0500] "GET /reports/rwservlet/getjobid329295?server=rep_srvapsda HTTP/1.1" 200 2353622
201.245.192.253 - - [09/Oct/2014:08:52:03 -0500] "GET /galeria/nivo-slider/demo/images/Hacienda_Molinos.jpg HTTP/1.1" 304 -
201.245.192.253 - - [09/Oct/2014:08:52:05 -0500] "POST /isolucionsda//Administracion/Upload/UploadArchivo.asp HTTP/1.1" 302 212
190.26.39.44 - - [09/Oct/2014:08:52:06 -0500] "GET /galeria/nivo-slider/demo/images/banner-encuesta.jpg HTTP/1.1" 200 42764
190.26.39.44 - - [09/Oct/2014:08:52:06 -0500] "GET /galeria/nivo-slider/demo/images/banner-llantas2.jpg HTTP/1.1" 200 73153
181.136.181.221 - - [09/Oct/2014:08:46:07 -0500] "GET /ForestMSG_SDA/channelAsync/template_word_16654628?X-Atmosphere-tracking-id=c38e82d7-6afd-d958-e02c-61453ca62005&X-Atmosphere-Framework=1.0.5&X-Atmosphere-Transport=long-polling&tabid=0.11261984868906438&X-Cache-Date=0&Content-Type=application/xml&_=1412862546577 HTTP/1.1" 200 8193
201.245.192.253 - - [09/Oct/2014:08:52:06 -0500] "GET /isolucionsda/Administracion/SalaEdicion/Articulo.asp?Id_Articulo=6378 HTTP/1.1" 200 284975
201.245.192.253 - - [09/Oct/2014:08:52:07 -0500] "GET /isolucionsda/javascript/ClickValidation.js HTTP/1.1" 404 5225
201.245.192.253 - - [09/Oct/2014:08:52:07 -0500] "GET /isolucionsda/Administracion/SalaEdicion/g/GifTransparente.gif HTTP/1.1" 404 5263
190.26.39.44 - - [09/Oct/2014:08:52:07 -0500] "GET /videos/Promo_Miercoles8SA.flv HTTP/1.1" 200 5525858
66.249.64.171 - - [09/Oct/2014:08:52:07 -0500] "GET /BLA/resoluciones/RESOLUCIONES%202011/1080.pdf HTTP/1.1" 200 69373
190.26.39.44 - - [09/Oct/2014:08:52:08 -0500] "GET /galeria/nivo-slider/demo/images/banner-caballos.png HTTP/1.1" 200 389106
190.26.39.44 - - [09/Oct/2014:08:52:08 -0500] "GET /galeria/nivo-slider/demo/images/ConstructorasFNL.jpg HTTP/1.1" 200 216551
201.245.192.253 - - [09/Oct/2014:08:52:08 -0500] "GET /isolucionsda/Administracion/Graficas/vacio1x1.gif HTTP/1.1" 404 5239
190.26.39.44 - - [09/Oct/2014:08:52:09 -0500] "GET /galeria/nivo-slider/demo/images/Hacienda_Molinos.jpg HTTP/1.1" 200 319171
190.26.39.44 - - [09/Oct/2014:08:52:09 -0500] "GET /galeria/nivo-slider/demo/images/bannerEcolecta3.jpg HTTP/1.1" 200 280034
201.234.240.140 - - [09/Oct/2014:08:52:10 -0500] "GET /autoliquidacion/TR%C3%81MITES%20ACEITES-RESIDUOS-ESTACIONES/REG.%20GENERADOR/126PM04-PR75-F-A3-V2.0%20oficio%20Solicitud%20inscripci%C3%B3n.doc HTTP/1.0" 200 213504
201.234.240.140 - - [09/Oct/2014:08:52:14 -0500] "GET /BLA/boletinlegal/js/jquery.scrollTo-min.js HTTP/1.0" 304 -
201.234.240.140 - - [09/Oct/2014:08:52:14 -0500] "GET /BLA/boletinlegal/js/jquery.js HTTP/1.0" 304 -
201.234.240.140 - - [09/Oct/2014:08:52:14 -0500] "GET /BLA/boletinlegal/js/jquery.scrollShow.js HTTP/1.0" 304 -
201.245.192.253 - - [09/Oct/2014:08:52:22 -0500] "GET /galeria/nivo-slider/demo/images/Banner-Caracol-Africano.jpg HTTP/1.1" 304 -
201.245.192.253 - - [09/Oct/2014:08:52:22 -0500] "GET /galeria/nivo-slider/demo/images/banner-caballos.png HTTP/1.1" 304 -
201.234.240.140 - - [09/Oct/2014:08:52:23 -0500] "GET /autoliquidacion HTTP/1.0" 301 310
201.234.240.140 - - [09/Oct/2014:08:52:23 -0500] "GET /autoliquidacion/ HTTP/1.0" 200 6375
190.26.39.44 - - [09/Oct/2014:08:52:23 -0500] "GET /galeria/nivo-slider/demo/images/banner-caballos.png HTTP/1.1" 206 1
190.26.39.44 - - [09/Oct/2014:08:52:23 -0500] "GET /galeria/nivo-slider/demo/images/bannerEcolecta3.jpg HTTP/1.1" 206 1
201.234.240.140 - - [09/Oct/2014:08:52:23 -0500] "GET /autoliquidacion/dlf/styles.css HTTP/1.0" 304 -
190.26.39.44 - - [09/Oct/2014:08:52:23 -0500] "GET /galeria/nivo-slider/demo/images/banner-caballos.png HTTP/1.1" 206 128979
190.26.39.44 - - [09/Oct/2014:08:52:23 -0500] "GET /galeria/nivo-slider/demo/images/bannerEcolecta3.jpg HTTP/1.1" 206 173909
201.234.240.140 - - [09/Oct/2014:08:52:23 -0500] "GET /autoliquidacion/dlf/folder.png HTTP/1.0" 304 -
201.234.240.140 - - [09/Oct/2014:08:52:24 -0500] "GET /autoliquidacion/dlf/bg.gif HTTP/1.0" 304 -
190.26.39.44 - - [09/Oct/2014:08:52:24 -0500] "GET /videos/Promo_Miercoles8SA.flv HTTP/1.1" 206 1
190.26.39.44 - - [09/Oct/2014:08:52:24 -0500] "GET /videos/Promo_Miercoles8SA.flv HTTP/1.1" 206 4988536
190.26.39.44 - - [09/Oct/2014:08:52:25 -0500] "GET /galeria/nivo-slider/themes/default/arrows.png HTTP/1.1" 200 824
190.26.39.44 - - [09/Oct/2014:08:52:25 -0500] "GET /galeria/nivo-slider/themes/default/bullets.png HTTP/1.1" 200 1281
186.154.189.168 - - [09/Oct/2014:08:52:26 -0500] "POST /forms/lservlet;jsessionid=ac16012b30d5e476268572a24be9a2e9d72a8a6e50f7.e3iSbxaKaheRe34Sa3yKbhiTahb0n6jAmljGr5XDqQLvpAe HTTP/1.1" 200 2
186.154.189.168 - - [09/Oct/2014:08:52:26 -0500] "POST /forms/lservlet;jsessionid=ac16012b30d5e476268572a24be9a2e9d72a8a6e50f7.e3iSbxaKaheRe34Sa3yKbhiTahb0n6jAmljGr5XDqQLvpAe HTTP/1.1" 200 2316
186.154.189.168 - - [09/Oct/2014:08:52:27 -0500] "POST /forms/lservlet;jsessionid=ac16012b30d5e476268572a24be9a2e9d72a8a6e50f7.e3iSbxaKaheRe34Sa3yKbhiTahb0n6jAmljGr5XDqQLvpAe HTTP/1.1" 200 2
201.234.240.140 - - [09/Oct/2014:08:52:28 -0500] "GET /autoliquidacion/index.php?dir=TR%C1MITES+ACEITES-RESIDUOS-ESTACIONES%2F HTTP/1.0" 200 2857
186.154.189.168 - - [09/Oct/2014:08:52:31 -0500] "POST /forms/lservlet;jsessionid=ac16012b30d5e476268572a24be9a2e9d72a8a6e50f7.e3iSbxaKaheRe34Sa3yKbhiTahb0n6jAmljGr5XDqQLvpAe HTTP/1.1" 200 2
186.154.189.168 - - [09/Oct/2014:08:52:31 -0500] "POST /forms/lservlet;jsessionid=ac16012b30d5e476268572a24be9a2e9d72a8a6e50f7.e3iSbxaKaheRe34Sa3yKbhiTahb0n6jAmljGr5XDqQLvpAe HTTP/1.1" 200 2366
186.154.189.168 - - [09/Oct/2014:08:52:32 -0500] "POST /forms/lservlet;jsessionid=ac16012b30d5e476268572a24be9a2e9d72a8a6e50f7.e3iSbxaKaheRe34Sa3yKbhiTahb0n6jAmljGr5XDqQLvpAe HTTP/1.1" 200 2
186.154.189.168 - - [09/Oct/2014:08:52:33 -0500] "POST /forms/lservlet;jsessionid=ac16012b30d5e476268572a24be9a2e9d72a8a6e50f7.e3iSbxaKaheRe34Sa3yKbhiTahb0n6jAmljGr5XDqQLvpAe HTTP/1.1" 200 2
201.234.240.140 - - [09/Oct/2014:08:52:33 -0500] "GET /autoliquidacion/index.php?dir=TR%C1MITES+ACEITES-RESIDUOS-ESTACIONES%2Faceites-ES%2F HTTP/1.0" 200 3334
186.154.189.168 - - [09/Oct/2014:08:52:34 -0500] "POST /forms/lservlet;jsessionid=ac16012b30d5e476268572a24be9a2e9d72a8a6e50f7.e3iSbxaKaheRe34Sa3yKbhiTahb0n6jAmljGr5XDqQLvpAe HTTP/1.1" 200 2845
186.154.189.168 - - [09/Oct/2014:08:52:34 -0500] "POST /forms/lservlet;jsessionid=ac16012b30d5e476268572a24be9a2e9d72a8a6e50f7.e3iSbxaKaheRe34Sa3yKbhiTahb0n6jAmljGr5XDqQLvpAe HTTP/1.1" 200 2
190.157.107.31 - - [09/Oct/2014:08:52:36 -0500] "GET /videos/galeria-fotografica/index6.html? HTTP/1.1" 200 1971
190.157.107.31 - - [09/Oct/2014:08:52:36 -0500] "GET /videos/galeria-fotografica/js/jquery-flickr-gallery/jquery-flickr.css HTTP/1.1" 200 711
190.157.107.31 - - [09/Oct/2014:08:52:36 -0500] "GET /videos/galeria-fotografica/js/jquery-flickr-gallery/jquery-flickr-gallery.js HTTP/1.1" 200 9050
190.157.107.31 - - [09/Oct/2014:08:52:37 -0500] "GET /videos/galeria-fotografica/js/jquery-flickr-gallery/loader.gif HTTP/1.1" 200 2129
201.245.192.253 - - [09/Oct/2014:08:52:35 -0500] "POST /isolucionsda/Administracion/SalaEdicion/Articulo.asp HTTP/1.1" 302 545
201.245.192.253 - - [09/Oct/2014:08:52:38 -0500] "GET /isolucionsda//Administracion/Upload/Upload.asp?Id_Articulo=6378&UPLDQuerystring=Id_Articulo=6378&UPLDMODO=SubirArchivoADocumento&UPLDRuta=C:\\ISOlucion\\Web\\BancoConocimiento\\G\\GestiondelDefensordelCiudadano_v2\\&UPLDAtras=http://190.27.245.106/isolucionsda/Administracion/SalaEdicion/Articulo.asp&UPLDAdelante=http://190.27.245.106/isolucionsda/Administracion/SalaEdicion/Articulo.asp HTTP/1.1" 200 11600
201.234.240.140 - - [09/Oct/2014:08:52:39 -0500] "GET /autoliquidacion/index.php?dir=TR%C1MITES+ACEITES-RESIDUOS-ESTACIONES%2FREG.+GENERADOR%2F HTTP/1.0" 200 3498
186.154.189.168 - - [09/Oct/2014:08:52:39 -0500] "POST /forms/lservlet;jsessionid=ac16012b30d5e476268572a24be9a2e9d72a8a6e50f7.e3iSbxaKaheRe34Sa3yKbhiTahb0n6jAmljGr5XDqQLvpAe HTTP/1.1" 200 552
186.154.189.168 - - [09/Oct/2014:08:52:39 -0500] "POST /forms/lservlet;jsessionid=ac16012b30d5e476268572a24be9a2e9d72a8a6e50f7.e3iSbxaKaheRe34Sa3yKbhiTahb0n6jAmljGr5XDqQLvpAe HTTP/1.1" 200 7
201.245.192.253 - - [09/Oct/2014:08:52:41 -0500] "GET /isolucionsda/FrameSetGeneral.asp?Pagina=Menu.asp&IdModulo=4 HTTP/1.1" 200 6455
201.245.192.253 - - [09/Oct/2014:08:52:41 -0500] "GET /isolucionsda/Encabezado.asp?Pagina=Menu.asp&IdModulo=4 HTTP/1.1" 200 15210
201.245.192.253 - - [09/Oct/2014:08:52:41 -0500] "GET /isolucionsda/BarraTitulos.asp?Pagina=Menu.asp&IdModulo=4 HTTP/1.1" 200 6857
201.245.192.253 - - [09/Oct/2014:08:52:41 -0500] "GET /isolucionsda/BarraFavoritos.asp HTTP/1.1" 200 911
201.245.192.253 - - [09/Oct/2014:08:52:41 -0500] "GET /isolucionsda/Menu.asp?Pagina=Menu.asp&IdModulo=4 HTTP/1.1" 200 14516
201.245.192.253 - - [09/Oct/2014:08:52:41 -0500] "GET /isolucionsda/Session.asp?Continue=1 HTTP/1.1" 200 6196
186.154.189.168 - - [09/Oct/2014:08:52:41 -0500] "POST /forms/lservlet;jsessionid=ac16012b30d5e476268572a24be9a2e9d72a8a6e50f7.e3iSbxaKaheRe34Sa3yKbhiTahb0n6jAmljGr5XDqQLvpAe HTTP/1.1" 200 431
186.154.189.168 - - [09/Oct/2014:08:52:41 -0500] "POST /forms/lservlet;jsessionid=ac16012b30d5e476268572a24be9a2e9d72a8a6e50f7.e3iSbxaKaheRe34Sa3yKbhiTahb0n6jAmljGr5XDqQLvpAe HTTP/1.1" 200 414
201.245.192.253 - - [09/Oct/2014:08:52:42 -0500] "GET /isolucionsda/FrameSetGeneral.asp?Pagina=ListadoMaestroDocumentos3.asp HTTP/1.1" 200 6506
201.245.192.253 - - [09/Oct/2014:08:52:42 -0500] "GET /isolucionsda/BarraTitulos.asp?Pagina=ListadoMaestroDocumentos3.asp HTTP/1.1" 200 6857
201.245.192.253 - - [09/Oct/2014:08:52:42 -0500] "GET /isolucionsda/Encabezado.asp?Pagina=ListadoMaestroDocumentos3.asp HTTP/1.1" 200 15210
201.245.192.253 - - [09/Oct/2014:08:52:42 -0500] "GET /isolucionsda/BarraFavoritos.asp HTTP/1.1" 200 911
201.245.192.253 - - [09/Oct/2014:08:52:42 -0500] "GET /isolucionsda/ListadoMaestroDocumentos3.asp?Pagina=ListadoMaestroDocumentos3.asp HTTP/1.1" 200 11339
201.245.192.253 - - [09/Oct/2014:08:52:42 -0500] "GET /isolucionsda/Session.asp?Continue=1 HTTP/1.1" 200 6196
201.234.240.140 - - [09/Oct/2014:08:52:42 -0500] "GET /autoliquidacion/TR%C3%81MITES%20ACEITES-RESIDUOS-ESTACIONES/REG.%20GENERADOR/126PM04-PR75-F-A3-V2.0%20oficio%20Solicitud%20inscripci%C3%B3n.doc HTTP/1.0" 200 213504
186.154.189.168 - - [09/Oct/2014:08:52:44 -0500] "POST /forms/lservlet;jsessionid=ac16012b30d5e476268572a24be9a2e9d72a8a6e50f7.e3iSbxaKaheRe34Sa3yKbhiTahb0n6jAmljGr5XDqQLvpAe HTTP/1.1" 200 399
186.154.189.168 - - [09/Oct/2014:08:52:44 -0500] "POST /forms/lservlet;jsessionid=ac16012b30d5e476268572a24be9a2e9d72a8a6e50f7.e3iSbxaKaheRe34Sa3yKbhiTahb0n6jAmljGr5XDqQLvpAe HTTP/1.1" 200 7
201.245.192.253 - - [09/Oct/2014:08:52:44 -0500] "POST /isolucionsda/ListadoMaestroDocumentos3.asp HTTP/1.1" 200 14902
186.154.189.168 - - [09/Oct/2014:08:52:45 -0500] "POST /forms/lservlet;jsessionid=ac16012b30d5e476268572a24be9a2e9d72a8a6e50f7.e3iSbxaKaheRe34Sa3yKbhiTahb0n6jAmljGr5XDqQLvpAe HTTP/1.1" 200 310
186.85.199.173 - - [09/Oct/2014:08:52:46 -0500] "GET /BLA/boletinlegal/js/jquery.scrollTo-min.js HTTP/1.1" 200 1150
186.85.199.173 - - [09/Oct/2014:08:52:46 -0500] "GET /BLA/boletinlegal/js/jquery.js HTTP/1.1" 200 57254
186.85.199.173 - - [09/Oct/2014:08:52:46 -0500] "GET /BLA/boletinlegal/js/jquery.scrollShow.js HTTP/1.1" 200 4586
186.154.189.168 - - [09/Oct/2014:08:52:46 -0500] "POST /forms/lservlet;jsessionid=ac16012b30d5e476268572a24be9a2e9d72a8a6e50f7.e3iSbxaKaheRe34Sa3yKbhiTahb0n6jAmljGr5XDqQLvpAe HTTP/1.1" 200 2
186.154.189.168 - - [09/Oct/2014:08:52:47 -0500] "POST /forms/lservlet;jsessionid=ac16012b30d5e476268572a24be9a2e9d72a8a6e50f7.e3iSbxaKaheRe34Sa3yKbhiTahb0n6jAmljGr5XDqQLvpAe HTTP/1.1" 200 191
186.154.189.168 - - [09/Oct/2014:08:52:47 -0500] "POST /forms/lservlet;jsessionid=ac16012b30d5e476268572a24be9a2e9d72a8a6e50f7.e3iSbxaKaheRe34Sa3yKbhiTahb0n6jAmljGr5XDqQLvpAe HTTP/1.1" 200 12
201.245.192.253 - - [09/Oct/2014:08:52:48 -0500] "GET /isolucionsda/FramesetArticulo.asp?Pagina=BancoConocimiento%2FG%2FGestionmetrologicaparaelmonitoreoycontroldelacalidaddelosrecursosnaturalesenelDistri%5Fv3%2FGestionmetrologicaparaelmonitoreoycontroldelacalidaddelosrecursosnaturalesenelDistri%5Fv3%2Easp&IdArticulo=4231 HTTP/1.1" 200 7653
201.245.192.253 - - [09/Oct/2014:08:52:48 -0500] "GET /isolucionsda/Arriba.asp?Pagina=BancoConocimiento%2FG%2FGestionmetrologicaparaelmonitoreoycontroldelacalidaddelosrecursosnaturalesenelDistri%5Fv3%2FGestionmetrologicaparaelmonitoreoycontroldelacalidaddelosrecursosnaturalesenelDistri%5Fv3%2Easp&IdArticulo=4231 HTTP/1.1" 200 10689
201.245.192.253 - - [09/Oct/2014:08:52:48 -0500] "GET /isolucionsda/BancoConocimiento/G/GestionmetrologicaparaelmonitoreoycontroldelacalidaddelosrecursosnaturalesenelDistri_v3/GestionmetrologicaparaelmonitoreoycontroldelacalidaddelosrecursosnaturalesenelDistri_v3.asp?IdArticulo=4231 HTTP/1.1" 200 85963
201.245.192.253 - - [09/Oct/2014:08:52:49 -0500] "GET /isolucionsda/g/vacio1x1.gif HTTP/1.1" 404 5195
180.76.5.20 - - [09/Oct/2014:08:52:50 -0500] "GET /BLA/resoluciones/Autos%202008/2048.pdf HTTP/1.1" 200 185043
186.154.189.168 - - [09/Oct/2014:08:52:50 -0500] "POST /forms/lservlet;jsessionid=ac16012b30d5e476268572a24be9a2e9d72a8a6e50f7.e3iSbxaKaheRe34Sa3yKbhiTahb0n6jAmljGr5XDqQLvpAe HTTP/1.1" 200 2
190.242.36.170 - - [09/Oct/2014:08:52:51 -0500] "GET /BLA/boletinlegal/js/jquery.js HTTP/1.1" 200 57254
190.242.36.170 - - [09/Oct/2014:08:52:51 -0500] "GET /BLA/boletinlegal/js/jquery.scrollTo-min.js HTTP/1.1" 200 1150
186.154.189.168 - - [09/Oct/2014:08:52:51 -0500] "POST /forms/lservlet;jsessionid=ac16012b30d5e476268572a24be9a2e9d72a8a6e50f7.e3iSbxaKaheRe34Sa3yKbhiTahb0n6jAmljGr5XDqQLvpAe HTTP/1.1" 200 208
190.242.36.170 - - [09/Oct/2014:08:52:51 -0500] "GET /BLA/boletinlegal/js/jquery.scrollShow.js HTTP/1.1" 200 4586
186.154.189.168 - - [09/Oct/2014:08:52:51 -0500] "POST /forms/lservlet;jsessionid=ac16012b30d5e476268572a24be9a2e9d72a8a6e50f7.e3iSbxaKaheRe34Sa3yKbhiTahb0n6jAmljGr5XDqQLvpAe HTTP/1.1" 200 15
186.154.189.168 - - [09/Oct/2014:08:52:51 -0500] "POST /forms/lservlet;jsessionid=ac16012b30d5e476268572a24be9a2e9d72a8a6e50f7.e3iSbxaKaheRe34Sa3yKbhiTahb0n6jAmljGr5XDqQLvpAe HTTP/1.1" 200 2
186.154.189.168 - - [09/Oct/2014:08:52:51 -0500] "POST /forms/lservlet;jsessionid=ac16012b30d5e476268572a24be9a2e9d72a8a6e50f7.e3iSbxaKaheRe34Sa3yKbhiTahb0n6jAmljGr5XDqQLvpAe HTTP/1.1" 200 192
186.154.189.168 - - [09/Oct/2014:08:52:51 -0500] "POST /forms/lservlet;jsessionid=ac16012b30d5e476268572a24be9a2e9d72a8a6e50f7.e3iSbxaKaheRe34Sa3yKbhiTahb0n6jAmljGr5XDqQLvpAe HTTP/1.1" 200 19
186.154.189.168 - - [09/Oct/2014:08:52:52 -0500] "POST /forms/lservlet;jsessionid=ac16012b30d5e476268572a24be9a2e9d72a8a6e50f7.e3iSbxaKaheRe34Sa3yKbhiTahb0n6jAmljGr5XDqQLvpAe HTTP/1.1" 200 2
181.48.18.233 - - [09/Oct/2014:08:52:52 -0500] "GET /autoliquidacion HTTP/1.1" 301 310
181.48.18.233 - - [09/Oct/2014:08:52:52 -0500] "GET /autoliquidacion/ HTTP/1.1" 200 6375
186.154.189.168 - - [09/Oct/2014:08:52:52 -0500] "POST /forms/lservlet;jsessionid=ac16012b30d5e476268572a24be9a2e9d72a8a6e50f7.e3iSbxaKaheRe34Sa3yKbhiTahb0n6jAmljGr5XDqQLvpAe HTTP/1.1" 200 18
186.154.189.168 - - [09/Oct/2014:08:52:52 -0500] "POST /forms/lservlet;jsessionid=ac16012b30d5e476268572a24be9a2e9d72a8a6e50f7.e3iSbxaKaheRe34Sa3yKbhiTahb0n6jAmljGr5XDqQLvpAe HTTP/1.1" 200 7
181.48.18.233 - - [09/Oct/2014:08:52:52 -0500] "GET /autoliquidacion/dlf/styles.css HTTP/1.1" 200 3045
181.48.18.233 - - [09/Oct/2014:08:52:52 -0500] "GET /autoliquidacion/dlf/folder.png HTTP/1.1" 200 410
181.48.18.233 - - [09/Oct/2014:08:52:52 -0500] "GET /autoliquidacion/dlf/bg.gif HTTP/1.1" 200 54
181.50.66.79 - - [09/Oct/2014:08:52:55 -0500] "GET /BLA/boletinlegal/js/jquery.js HTTP/1.1" 200 57254
181.50.66.79 - - [09/Oct/2014:08:52:55 -0500] "GET /BLA/boletinlegal/js/jquery.scrollTo-min.js HTTP/1.1" 200 1150
181.50.66.79 - - [09/Oct/2014:08:52:55 -0500] "GET /BLA/boletinlegal/js/jquery.scrollShow.js HTTP/1.1" 200 4586
186.154.189.168 - - [09/Oct/2014:08:52:55 -0500] "POST /forms/lservlet;jsessionid=ac16012b30d5e476268572a24be9a2e9d72a8a6e50f7.e3iSbxaKaheRe34Sa3yKbhiTahb0n6jAmljGr5XDqQLvpAe HTTP/1.1" 200 2
186.154.189.168 - - [09/Oct/2014:08:52:55 -0500] "POST /forms/lservlet;jsessionid=ac16012b30d5e476268572a24be9a2e9d72a8a6e50f7.e3iSbxaKaheRe34Sa3yKbhiTahb0n6jAmljGr5XDqQLvpAe HTTP/1.1" 200 100
66.249.64.163 - - [09/Oct/2014:08:52:56 -0500] "GET /BLA/boletinlegal/jurisprudencia/analisis/CUADRO%20ANALISIS%20SENTENCIA%20T-411%20DE%201992.doc HTTP/1.1" 304 -
186.154.189.168 - - [09/Oct/2014:08:52:56 -0500] "POST /forms/lservlet;jsessionid=ac16012b30d5e476268572a24be9a2e9d72a8a6e50f7.e3iSbxaKaheRe34Sa3yKbhiTahb0n6jAmljGr5XDqQLvpAe HTTP/1.1" 200 2
190.157.107.31 - - [09/Oct/2014:08:52:56 -0500] "GET /galeria/mapa/humedal.html? HTTP/1.1" 200 10966
186.154.189.168 - - [09/Oct/2014:08:52:57 -0500] "POST /forms/lservlet;jsessionid=ac16012b30d5e476268572a24be9a2e9d72a8a6e50f7.e3iSbxaKaheRe34Sa3yKbhiTahb0n6jAmljGr5XDqQLvpAe HTTP/1.1" 200 2
190.157.107.31 - - [09/Oct/2014:08:52:57 -0500] "GET /galeria/mapa/3MapaBogot%C3%A1.jpg HTTP/1.1" 200 688183
190.157.107.31 - - [09/Oct/2014:08:52:57 -0500] "GET /galeria/mapa/TORCA12.jpg HTTP/1.1" 200 24337
190.157.107.31 - - [09/Oct/2014:08:52:57 -0500] "GET /galeria/mapa/Guaymaral12.jpg HTTP/1.1" 200 53686
190.157.107.31 - - [09/Oct/2014:08:52:57 -0500] "GET /galeria/mapa/CONEJERA12.jpg HTTP/1.1" 200 21841
190.157.107.31 - - [09/Oct/2014:08:52:57 -0500] "GET /galeria/mapa/CORDOBA12.jpg HTTP/1.1" 200 23380
190.157.107.31 - - [09/Oct/2014:08:52:57 -0500] "GET /galeria/mapa/JUANAMARILLO12.jpg HTTP/1.1" 200 21131
186.30.72.205 - - [09/Oct/2014:08:52:57 -0500] "GET /forest/usudocumentos.do?_a=0.5970959945116192&group_system_actual=3 HTTP/1.1" 200 90946
186.154.189.168 - - [09/Oct/2014:08:52:57 -0500] "POST /forms/lservlet;jsessionid=ac16012b30d5e476268572a24be9a2e9d72a8a6e50f7.e3iSbxaKaheRe34Sa3yKbhiTahb0n6jAmljGr5XDqQLvpAe HTTP/1.1" 200 2075
186.30.72.205 - - [09/Oct/2014:08:52:57 -0500] "GET /forest/session.jsp?a=0.6291187910828739 HTTP/1.1" 200 4
186.154.189.168 - - [09/Oct/2014:08:52:58 -0500] "POST /forms/lservlet;jsessionid=ac16012b30d5e476268572a24be9a2e9d72a8a6e50f7.e3iSbxaKaheRe34Sa3yKbhiTahb0n6jAmljGr5XDqQLvpAe HTTP/1.1" 200 78
190.157.107.31 - - [09/Oct/2014:08:52:59 -0500] "GET /galeria/mapa/SANTAMARIA22.jpg HTTP/1.1" 200 22321
190.157.107.31 - - [09/Oct/2014:08:52:59 -0500] "GET /galeria/mapa/JABOQUE12.jpg HTTP/1.1" 200 21815
190.157.107.31 - - [09/Oct/2014:08:52:59 -0500] "GET /galeria/mapa/capellania12.jpg HTTP/1.1" 200 22811
190.157.107.31 - - [09/Oct/2014:08:53:00 -0500] "GET /galeria/mapa/MEANDRO12.jpg HTTP/1.1" 200 22732
190.157.107.31 - - [09/Oct/2014:08:53:00 -0500] "GET /galeria/mapa/TECHO12.jpg HTTP/1.1" 200 27716
190.157.107.31 - - [09/Oct/2014:08:53:00 -0500] "GET /galeria/mapa/BURRO12.jpg HTTP/1.1" 200 24169
190.157.107.31 - - [09/Oct/2014:08:53:01 -0500] "GET /galeria/mapa/VACA12.jpg HTTP/1.1" 200 22491
190.157.107.31 - - [09/Oct/2014:08:53:01 -0500] "GET /galeria/mapa/TIBANICA12.jpg HTTP/1.1" 200 23039
201.245.192.253 - - [09/Oct/2014:08:53:01 -0500] "GET /isolucionsda/Administracion/SalaEdicion/ArticuloSeleccion.asp?Admin=1&Form=Admon&Campo=Objeto13_1 HTTP/1.1" 200 93538
190.157.107.31 - - [09/Oct/2014:08:53:02 -0500] "GET /galeria/mapa/Aula-Soratama.jpg HTTP/1.1" 200 51270
190.157.107.31 - - [09/Oct/2014:08:53:02 -0500] "GET /galeria/mapa/Aula-Nevados.jpg HTTP/1.1" 200 64761
190.157.107.31 - - [09/Oct/2014:08:53:02 -0500] "GET /galeria/mapa/Montana-Entrenubes.jpg HTTP/1.1" 200 42011
190.157.107.31 - - [09/Oct/2014:08:53:03 -0500] "GET /galeria/mapa/aulaSantaM.jpg HTTP/1.1" 200 69216
186.154.189.168 - - [09/Oct/2014:08:53:02 -0500] "POST /forms/lservlet;jsessionid=ac16012b30d5e476268572a24be9a2e9d72a8a6e50f7.e3iSbxaKaheRe34Sa3yKbhiTahb0n6jAmljGr5XDqQLvpAe HTTP/1.1" 200 34756
186.154.189.168 - - [09/Oct/2014:08:53:03 -0500] "GET /imagenes/listval.gif HTTP/1.1" 200 905
186.154.189.168 - - [09/Oct/2014:08:53:03 -0500] "GET /imagenes/rt_pset.gif HTTP/1.1" 200 914
186.154.189.168 - - [09/Oct/2014:08:53:03 -0500] "POST /forms/lservlet;jsessionid=ac16012b30d5e476268572a24be9a2e9d72a8a6e50f7.e3iSbxaKaheRe34Sa3yKbhiTahb0n6jAmljGr5XDqQLvpAe HTTP/1.1" 200 7
186.154.189.168 - - [09/Oct/2014:08:53:03 -0500] "GET /imagenes/rt_quer3.gif HTTP/1.1" 200 939
186.154.189.168 - - [09/Oct/2014:08:53:03 -0500] "POST /forms/lservlet;jsessionid=ac16012b30d5e476268572a24be9a2e9d72a8a6e50f7.e3iSbxaKaheRe34Sa3yKbhiTahb0n6jAmljGr5XDqQLvpAe HTTP/1.1" 200 34
186.154.189.168 - - [09/Oct/2014:08:53:03 -0500] "POST /forms/lservlet;jsessionid=ac16012b30d5e476268572a24be9a2e9d72a8a6e50f7.e3iSbxaKaheRe34Sa3yKbhiTahb0n6jAmljGr5XDqQLvpAe HTTP/1.1" 200 2
186.30.72.205 - - [09/Oct/2014:08:53:04 -0500] "GET /forest/skins/gdocs-jar/popup/popup.jsp?width=760&height=420&title=Copiar%20documento&uri=/forest/usudocumentos.do%3FcopyDoc%3D1%26numRad%3D2014ER160795%26codDoc%3D1931176%26codAct%3D908%26numPro%3D2921300%26codPro%3D95%26codInst%3D2953311%26fecTra%3D2014-09-29%2011%3A02%3A04.0%26codTraEsc%3D16580476%26tipo%3Dcopy%26_a%3D0.6781733341049403&name=undefined&_a=0.22271441807970405&a=0.6232159249484539 HTTP/1.1" 200 1345
201.245.192.253 - - [09/Oct/2014:08:53:04 -0500] "POST /isolucionsda/Administracion/SalaEdicion/ArticuloSeleccion.asp?Admin=1&Form=Admon&Campo=Objeto13_1 HTTP/1.1" 200 107757
186.30.72.205 - - [09/Oct/2014:08:53:04 -0500] "GET /forest/usudocumentos.do?copyDoc=1&numRad=2014ER160795&codDoc=1931176&codAct=908&numPro=2921300&codPro=95&codInst=2953311&fecTra=2014-09-29%2011:02:04.0&codTraEsc=16580476&tipo=copy&_a=0.6781733341049403 HTTP/1.1" 200 31295
186.30.72.205 - - [09/Oct/2014:08:53:04 -0500] "GET /forest/json.do?query=procesosByDepDocfile&coddep=2013 HTTP/1.1" 200 5734
186.154.189.168 - - [09/Oct/2014:08:53:06 -0500] "POST /forms/lservlet;jsessionid=ac16012b30d5e476268572a24be9a2e9d72a8a6e50f7.e3iSbxaKaheRe34Sa3yKbhiTahb0n6jAmljGr5XDqQLvpAe HTTP/1.1" 200 2
186.154.189.168 - - [09/Oct/2014:08:53:06 -0500] "POST /forms/lservlet;jsessionid=ac16012b30d5e476268572a24be9a2e9d72a8a6e50f7.e3iSbxaKaheRe34Sa3yKbhiTahb0n6jAmljGr5XDqQLvpAe HTTP/1.1" 200 662
186.154.189.168 - - [09/Oct/2014:08:53:06 -0500] "POST /forms/lservlet;jsessionid=ac16012b30d5e476268572a24be9a2e9d72a8a6e50f7.e3iSbxaKaheRe34Sa3yKbhiTahb0n6jAmljGr5XDqQLvpAe HTTP/1.1" 200 10
186.154.189.168 - - [09/Oct/2014:08:53:07 -0500] "POST /forms/lservlet;jsessionid=ac16012b30d5e476268572a24be9a2e9d72a8a6e50f7.e3iSbxaKaheRe34Sa3yKbhiTahb0n6jAmljGr5XDqQLvpAe HTTP/1.1" 200 48
186.115.218.41 - - [09/Oct/2014:08:53:09 -0500] "GET /BLA/resoluciones/RESOLUCIONES%202007/RES%202007%202301%20AL%202400/RESOLUCION%202347%20DE%202007.pdf HTTP/1.1" 200 381354
186.115.218.41 - - [09/Oct/2014:08:53:10 -0500] "GET /BLA/resoluciones/RESOLUCIONES%202007/RES%202007%202301%20AL%202400/RESOLUCION%202347%20DE%202007.pdf HTTP/1.1" 206 32768
186.154.189.168 - - [09/Oct/2014:08:53:14 -0500] "POST /forms/lservlet;jsessionid=ac16012b30d5e476268572a24be9a2e9d72a8a6e50f7.e3iSbxaKaheRe34Sa3yKbhiTahb0n6jAmljGr5XDqQLvpAe HTTP/1.1" 200 26
186.154.189.168 - - [09/Oct/2014:08:53:15 -0500] "POST /forms/lservlet;jsessionid=ac16012b30d5e476268572a24be9a2e9d72a8a6e50f7.e3iSbxaKaheRe34Sa3yKbhiTahb0n6jAmljGr5XDqQLvpAe HTTP/1.1" 200 4432
186.154.189.168 - - [09/Oct/2014:08:53:16 -0500] "POST /forms/lservlet;jsessionid=ac16012b30d5e476268572a24be9a2e9d72a8a6e50f7.e3iSbxaKaheRe34Sa3yKbhiTahb0n6jAmljGr5XDqQLvpAe HTTP/1.1" 200 20
186.30.72.205 - - [09/Oct/2014:08:53:17 -0500] "POST /forms/lservlet;jsessionid=ac16012b30d508275b972dea487f972fcc22417ef150.e3iSbxaKaheRe34Sa3yKbhiTahb0n6jAmljGr5XDqQLvpAe HTTP/1.1" 200 2
186.154.189.168 - - [09/Oct/2014:08:53:17 -0500] "POST /forms/lservlet;jsessionid=ac16012b30d5e476268572a24be9a2e9d72a8a6e50f7.e3iSbxaKaheRe34Sa3yKbhiTahb0n6jAmljGr5XDqQLvpAe HTTP/1.1" 200 2
186.115.218.41 - - [09/Oct/2014:08:53:17 -0500] "GET /BLA/resoluciones/RESOLUCIONES%202007/RES%202007%202301%20AL%202400/RESOLUCION%202347%20DE%202007.pdf HTTP/1.1" 206 8277
186.115.218.41 - - [09/Oct/2014:08:53:18 -0500] "GET /BLA/resoluciones/RESOLUCIONES%202007/RES%202007%202301%20AL%202400/RESOLUCION%202347%20DE%202007.pdf HTTP/1.1" 206 348586
66.249.64.171 - - [09/Oct/2014:08:53:20 -0500] "GET /BLA/resoluciones/index.php?dir=RESOLUCIONES%202004/RES%202004%20501-550/&sort=size&order=asc HTTP/1.1" 200 12048
186.154.189.168 - - [09/Oct/2014:08:53:22 -0500] "POST /forms/lservlet;jsessionid=ac16012b30d5e476268572a24be9a2e9d72a8a6e50f7.e3iSbxaKaheRe34Sa3yKbhiTahb0n6jAmljGr5XDqQLvpAe HTTP/1.1" 200 2
186.154.189.168 - - [09/Oct/2014:08:53:22 -0500] "POST /forms/lservlet;jsessionid=ac16012b30d5e476268572a24be9a2e9d72a8a6e50f7.e3iSbxaKaheRe34Sa3yKbhiTahb0n6jAmljGr5XDqQLvpAe HTTP/1.1" 200 2849
186.154.189.168 - - [09/Oct/2014:08:53:22 -0500] "POST /forms/lservlet;jsessionid=ac16012b30d5e476268572a24be9a2e9d72a8a6e50f7.e3iSbxaKaheRe34Sa3yKbhiTahb0n6jAmljGr5XDqQLvpAe HTTP/1.1" 200 2
186.154.189.168 - - [09/Oct/2014:08:53:23 -0500] "POST /forms/lservlet;jsessionid=ac16012b30d5e476268572a24be9a2e9d72a8a6e50f7.e3iSbxaKaheRe34Sa3yKbhiTahb0n6jAmljGr5XDqQLvpAe HTTP/1.1" 200 2
186.154.189.168 - - [09/Oct/2014:08:53:24 -0500] "POST /forms/lservlet;jsessionid=ac16012b30d5e476268572a24be9a2e9d72a8a6e50f7.e3iSbxaKaheRe34Sa3yKbhiTahb0n6jAmljGr5XDqQLvpAe HTTP/1.1" 200 3543
186.154.189.168 - - [09/Oct/2014:08:53:24 -0500] "POST /forms/lservlet;jsessionid=ac16012b30d5e476268572a24be9a2e9d72a8a6e50f7.e3iSbxaKaheRe34Sa3yKbhiTahb0n6jAmljGr5XDqQLvpAe HTTP/1.1" 200 2
186.154.189.168 - - [09/Oct/2014:08:53:26 -0500] "POST /forms/lservlet;jsessionid=ac16012b30d5e476268572a24be9a2e9d72a8a6e50f7.e3iSbxaKaheRe34Sa3yKbhiTahb0n6jAmljGr5XDqQLvpAe HTTP/1.1" 200 2
186.154.189.168 - - [09/Oct/2014:08:53:26 -0500] "POST /forms/lservlet;jsessionid=ac16012b30d5e476268572a24be9a2e9d72a8a6e50f7.e3iSbxaKaheRe34Sa3yKbhiTahb0n6jAmljGr5XDqQLvpAe HTTP/1.1" 200 3381
186.154.189.168 - - [09/Oct/2014:08:53:26 -0500] "POST /forms/lservlet;jsessionid=ac16012b30d5e476268572a24be9a2e9d72a8a6e50f7.e3iSbxaKaheRe34Sa3yKbhiTahb0n6jAmljGr5XDqQLvpAe HTTP/1.1" 200 2
186.30.72.205 - - [09/Oct/2014:08:53:30 -0500] "GET /forest/skins/gdocs-jar/popup/escritorio/copiarAFuncionarios.jsp?a=0.06470852880738676 HTTP/1.1" 200 36721
186.30.72.205 - - [09/Oct/2014:08:53:31 -0500] "GET /forest/json.do?query=usersByDep&coddep=2013&a=0.3869092878885567 HTTP/1.1" 200 7408
186.115.218.41 - - [09/Oct/2014:08:53:31 -0500] "GET /favicon.ico HTTP/1.1" 200 7782
186.154.189.168 - - [09/Oct/2014:08:53:32 -0500] "POST /forms/lservlet;jsessionid=ac16012b30d5e476268572a24be9a2e9d72a8a6e50f7.e3iSbxaKaheRe34Sa3yKbhiTahb0n6jAmljGr5XDqQLvpAe HTTP/1.1" 200 2
201.245.192.253 - - [09/Oct/2014:08:53:33 -0500] "GET /galeria/carrusel/Carrusel/jquery-ui-%20%201.8.13.custom.min.js HTTP/1.1" 404 1018
186.154.189.168 - - [09/Oct/2014:08:53:33 -0500] "POST /forms/lservlet;jsessionid=ac16012b30d5e476268572a24be9a2e9d72a8a6e50f7.e3iSbxaKaheRe34Sa3yKbhiTahb0n6jAmljGr5XDqQLvpAe HTTP/1.1" 200 133
186.154.189.168 - - [09/Oct/2014:08:53:34 -0500] "POST /forms/lservlet;jsessionid=ac16012b30d5e476268572a24be9a2e9d72a8a6e50f7.e3iSbxaKaheRe34Sa3yKbhiTahb0n6jAmljGr5XDqQLvpAe HTTP/1.1" 200 2
201.245.192.253 - - [09/Oct/2014:08:53:37 -0500] "GET /isolucionsda/FrameSetGeneral.asp?Pagina=Menu.asp&IdModulo=4 HTTP/1.1" 200 6583
201.245.192.253 - - [09/Oct/2014:08:53:37 -0500] "GET /isolucionsda/Encabezado.asp?Pagina=Menu.asp&IdModulo=4 HTTP/1.1" 200 15389
201.245.192.253 - - [09/Oct/2014:08:53:37 -0500] "GET /isolucionsda/BarraTitulos.asp?Pagina=Menu.asp&IdModulo=4 HTTP/1.1" 200 6985
201.245.192.253 - - [09/Oct/2014:08:53:37 -0500] "GET /isolucionsda/Menu.asp?Pagina=Menu.asp&IdModulo=4 HTTP/1.1" 200 9682
201.245.192.253 - - [09/Oct/2014:08:53:37 -0500] "GET /isolucionsda/BarraFavoritos.asp HTTP/1.1" 200 911
201.245.192.253 - - [09/Oct/2014:08:53:37 -0500] "GET /isolucionsda/Session.asp?Continue=1 HTTP/1.1" 200 6324
201.245.192.253 - - [09/Oct/2014:08:53:38 -0500] "POST /forest/usutareas.do?group_system_actual=3 HTTP/1.1" 200 157
201.245.192.253 - - [09/Oct/2014:08:53:39 -0500] "GET /isolucionsda/FrameSetGeneral.asp?Pagina=ListadoMaestroDocumentos3.asp HTTP/1.1" 200 6634
201.245.192.253 - - [09/Oct/2014:08:53:39 -0500] "GET /isolucionsda/Encabezado.asp?Pagina=ListadoMaestroDocumentos3.asp HTTP/1.1" 200 15364
201.245.192.253 - - [09/Oct/2014:08:53:39 -0500] "GET /isolucionsda/BarraTitulos.asp?Pagina=ListadoMaestroDocumentos3.asp HTTP/1.1" 200 6985
201.245.192.253 - - [09/Oct/2014:08:53:39 -0500] "GET /isolucionsda/ListadoMaestroDocumentos3.asp?Pagina=ListadoMaestroDocumentos3.asp HTTP/1.1" 200 11467
201.245.192.253 - - [09/Oct/2014:08:53:39 -0500] "GET /isolucionsda/BarraFavoritos.asp HTTP/1.1" 200 911
201.245.192.253 - - [09/Oct/2014:08:53:39 -0500] "GET /isolucionsda/Session.asp?Continue=1 HTTP/1.1" 200 6324
201.245.192.253 - - [09/Oct/2014:08:53:39 -0500] "GET /forest/session.jsp?a=0.4781469344161451 HTTP/1.1" 200 4
190.24.173.59 - - [09/Oct/2014:08:53:40 -0500] "GET /galeria/nivo-slider/demo/demo.html HTTP/1.1" 304 -
201.245.192.253 - - [09/Oct/2014:08:53:41 -0500] "GET /isolucionsda/FrameSetGeneral.asp?Pagina=Menu.asp&IdModulo=4 HTTP/1.1" 200 6455
190.24.173.59 - - [09/Oct/2014:08:53:41 -0500] "GET /galeria/nivo-slider/demo/demo.html HTTP/1.1" 200 3315
201.245.192.253 - - [09/Oct/2014:08:53:41 -0500] "GET /isolucionsda/Encabezado.asp?Pagina=Menu.asp&IdModulo=4 HTTP/1.1" 200 15698
201.245.192.253 - - [09/Oct/2014:08:53:41 -0500] "GET /isolucionsda/Session.asp?Continue=1 HTTP/1.1" 200 6196
201.245.192.253 - - [09/Oct/2014:08:53:41 -0500] "GET /forest/usutareas.do?group_system_actual=3&a=0.03338137432001531 HTTP/1.1" 200 19152
201.245.192.253 - - [09/Oct/2014:08:53:41 -0500] "GET /isolucionsda/BarraFavoritos.asp HTTP/1.1" 200 911
201.245.192.253 - - [09/Oct/2014:08:53:41 -0500] "GET /isolucionsda/BarraTitulos.asp?Pagina=Menu.asp&IdModulo=4 HTTP/1.1" 200 6857
201.245.192.253 - - [09/Oct/2014:08:53:41 -0500] "GET /forest/session.jsp?a=0.2500226942356676 HTTP/1.1" 200 4
201.245.192.253 - - [09/Oct/2014:08:53:41 -0500] "GET /isolucionsda/Menu.asp?Pagina=Menu.asp&IdModulo=4 HTTP/1.1" 200 17856
201.245.192.253 - - [09/Oct/2014:08:53:43 -0500] "POST /isolucionsda/ListadoMaestroDocumentos3.asp HTTP/1.1" 200 14808
201.245.192.253 - - [09/Oct/2014:08:53:43 -0500] "GET /isolucionsda/FrameSetGeneral.asp?Pagina=Administracion/SalaEdicion/Magazines.asp HTTP/1.1" 200 6550
201.245.192.253 - - [09/Oct/2014:08:53:43 -0500] "GET /isolucionsda/BarraTitulos.asp?Pagina=Administracion/SalaEdicion/Magazines.asp HTTP/1.1" 200 6857
201.245.192.253 - - [09/Oct/2014:08:53:43 -0500] "GET /isolucionsda/Encabezado.asp?Pagina=Administracion/SalaEdicion/Magazines.asp HTTP/1.1" 200 15698
201.245.192.253 - - [09/Oct/2014:08:53:43 -0500] "GET /isolucionsda/Session.asp?Continue=1 HTTP/1.1" 200 6196
201.245.192.253 - - [09/Oct/2014:08:53:44 -0500] "GET /isolucionsda/BarraFavoritos.asp HTTP/1.1" 200 911
201.245.192.253 - - [09/Oct/2014:08:53:44 -0500] "GET /isolucionsda/Administracion/SalaEdicion/Magazines.asp?Pagina=Administracion/SalaEdicion/Magazines.asp HTTP/1.1" 200 8551
190.24.173.59 - - [09/Oct/2014:08:53:44 -0500] "GET /galeria/nivo-slider/demo/images/EncuentroAgua1.jpg HTTP/1.1" 304 -
190.24.173.59 - - [09/Oct/2014:08:53:44 -0500] "GET /galeria/nivo-slider/demo/images/banner-Animal.jpg HTTP/1.1" 304 -
190.24.173.59 - - [09/Oct/2014:08:53:44 -0500] "GET /galeria/nivo-slider/demo/images/Tingua-azul.jpg HTTP/1.1" 304 -
201.245.192.253 - - [09/Oct/2014:08:53:47 -0500] "GET /isolucionsda/Administracion/SalaEdicion/ArticuloNuevo.asp?Plantilla=&Adicionar=Adicionar HTTP/1.1" 200 13193
190.24.173.59 - - [09/Oct/2014:08:53:59 -0500] "GET /hidrico/aguas%20subterraneas/ HTTP/1.1" 404 1296
66.249.64.171 - - [09/Oct/2014:08:54:06 -0500] "GET /BLA/resoluciones/RESOLUCIONES%202010/0853.pdf HTTP/1.1" 200 104112
201.245.192.253 - - [09/Oct/2014:08:54:07 -0500] "POST /isolucionsda/ListadoMaestroDocumentos3.asp HTTP/1.1" 200 17143
74.86.158.107 - - [09/Oct/2014:08:54:17 -0500] "HEAD / HTTP/1.1" 302 -
66.249.64.167 - - [09/Oct/2014:08:54:30 -0500] "GET /BLA/resoluciones/RESOLUCIONES%202006/RES%202006%201651-1700/00001667.tif HTTP/1.1" 200 238626
201.245.192.253 - - [09/Oct/2014:08:54:31 -0500] "GET /forest/img/panel/pop.png HTTP/1.1" 200 28441
190.85.80.162 - - [09/Oct/2014:08:54:34 -0500] "GET /BLA/boletinlegal/js/jquery.js HTTP/1.1" 200 57254
190.85.80.162 - - [09/Oct/2014:08:54:34 -0500] "GET /BLA/boletinlegal/js/jquery.scrollTo-min.js HTTP/1.1" 200 1150
201.245.192.253 - - [09/Oct/2014:08:54:33 -0500] "GET /isolucionsda/Administracion/SalaEdicion/ArticuloMenu.asp?Palabra=&Buscar=Buscar&Letra=TODO HTTP/1.1" 200 48366
190.85.80.162 - - [09/Oct/2014:08:54:34 -0500] "GET /BLA/boletinlegal/js/jquery.scrollShow.js HTTP/1.1" 200 4586
201.245.192.253 - - [09/Oct/2014:08:54:37 -0500] "POST /isolucionsda/Administracion/SalaEdicion/ArticuloMenu.asp HTTP/1.1" 200 19801
201.245.192.253 - - [09/Oct/2014:08:54:43 -0500] "GET /isolucionsda/Administracion/SalaEdicion/Articulo.asp?Id_Articulo=6378 HTTP/1.1" 200 284975
201.245.192.253 - - [09/Oct/2014:08:54:44 -0500] "GET /isolucionsda/javascript/ClickValidation.js HTTP/1.1" 404 5225
201.245.192.253 - - [09/Oct/2014:08:54:44 -0500] "GET /isolucionsda/Administracion/Graficas/vacio1x1.gif HTTP/1.1" 404 5239
201.245.192.253 - - [09/Oct/2014:08:54:44 -0500] "GET /isolucionsda/Administracion/SalaEdicion/g/GifTransparente.gif HTTP/1.1" 404 5263
201.245.192.253 - - [09/Oct/2014:08:54:45 -0500] "GET /isolucionsda/Administracion/SalaEdicion/g/GifTransparente.gif HTTP/1.1" 404 5263
201.245.192.253 - - [09/Oct/2014:08:54:45 -0500] "GET /isolucionsda/Administracion/Graficas/vacio1x1.gif HTTP/1.1" 404 5239
201.245.192.253 - - [09/Oct/2014:08:54:46 -0500] "GET /forest/session.jsp?a=0.2611790366936475 HTTP/1.1" 200 4
201.245.192.253 - - [09/Oct/2014:08:54:48 -0500] "GET /forest/index2.jsp?_a=0.6849838588386774 HTTP/1.1" 200 33736
201.245.192.253 - - [09/Oct/2014:08:54:48 -0500] "GET /forest/session.jsp?a=0.8349997976329178 HTTP/1.1" 200 4
186.30.72.205 - - [09/Oct/2014:08:54:52 -0500] "POST /forest/usudocumentos.do HTTP/1.1" 200 1244
66.249.64.167 - - [09/Oct/2014:08:54:52 -0500] "GET /formas/eff.pdf HTTP/1.1" 404 1018
94.109.8.237 - - [09/Oct/2014:08:55:04 -0500] "GET /webdav/x32.php?host=104.28.8.76&time=60&port=80 HTTP/1.1" 404 1018
201.245.192.253 - - [09/Oct/2014:08:55:05 -0500] "GET /isolucionsda/FrameSetGeneral.asp?Pagina=Magazin.asp&Sigla=MAC&IdModulo=2 HTTP/1.1" 200 6625
201.245.192.253 - - [09/Oct/2014:08:55:05 -0500] "GET /isolucionsda/Encabezado.asp?Pagina=Magazin.asp&Sigla=MAC&IdModulo=2 HTTP/1.1" 200 15374
201.245.192.253 - - [09/Oct/2014:08:55:05 -0500] "GET /isolucionsda/BarraTitulos.asp?Pagina=Magazin.asp&Sigla=MAC&IdModulo=2 HTTP/1.1" 200 6989
201.245.192.253 - - [09/Oct/2014:08:55:05 -0500] "GET /isolucionsda/Magazin.asp?Pagina=Magazin.asp&Sigla=MAC&IdModulo=2 HTTP/1.1" 302 211
201.245.192.253 - - [09/Oct/2014:08:55:05 -0500] "GET /isolucionsda/BarraFavoritos.asp HTTP/1.1" 200 911
201.245.192.253 - - [09/Oct/2014:08:55:05 -0500] "GET /isolucionsda/Session.asp?Continue=1 HTTP/1.1" 200 6324
201.245.192.253 - - [09/Oct/2014:08:55:05 -0500] "GET /isolucionsda/SucursalSeleccion.asp?URLRedirect=magazin.asp?sigla=mac HTTP/1.1" 302 211
201.245.192.253 - - [09/Oct/2014:08:55:05 -0500] "GET /isolucionsda/SucursalSeleccion.asp?CodSucursal=1&URLRedirect=magazin.asp?sigla=mac&CargaPagina= HTTP/1.1" 302 177
201.245.192.253 - - [09/Oct/2014:08:55:05 -0500] "GET /isolucionsda/magazin.asp?sigla=mac HTTP/1.1" 200 10642
201.245.192.253 - - [09/Oct/2014:08:55:07 -0500] "GET /isolucionsda/FramesetArticulo.asp?Pagina=bancoconocimiento%2FM%2FMANUALDELSISTEMAINTEGRADODEGESTION%5Fv9%2FMANUALDELSISTEMAINTEGRADODEGESTION%5Fv9%2Easp&IdArticulo=7375&Codigo=&Fecha=&Version=&Procedimiento=&cliente= HTTP/1.1" 200 7477
201.245.192.253 - - [09/Oct/2014:08:55:07 -0500] "GET /isolucionsda/Arriba.asp?Pagina=bancoconocimiento%2FM%2FMANUALDELSISTEMAINTEGRADODEGESTION%5Fv9%2FMANUALDELSISTEMAINTEGRADODEGESTION%5Fv9%2Easp&IdArticulo=7375&Codigo=&Fecha=&Version=&Procedimiento=&cliente= HTTP/1.1" 200 10675
201.245.192.253 - - [09/Oct/2014:08:55:07 -0500] "GET /isolucionsda/bancoconocimiento/M/MANUALDELSISTEMAINTEGRADODEGESTION_v9/MANUALDELSISTEMAINTEGRADODEGESTION_v9.asp?IdArticulo=7375 HTTP/1.1" 200 101414
201.245.192.253 - - [09/Oct/2014:08:55:08 -0500] "GET /isolucionsda/g/vacio1x1.gif HTTP/1.1" 404 5195
201.245.192.253 - - [09/Oct/2014:08:55:08 -0500] "POST /isolucionsda/ListadoMaestroDocumentos3.asp?Accion=Consultar&Mande=Buscar&paginaactual=2 HTTP/1.1" 200 17470
186.30.72.205 - - [09/Oct/2014:08:55:17 -0500] "POST /forms/lservlet;jsessionid=ac16012b30d508275b972dea487f972fcc22417ef150.e3iSbxaKaheRe34Sa3yKbhiTahb0n6jAmljGr5XDqQLvpAe HTTP/1.1" 200 2
180.76.5.189 - - [09/Oct/2014:08:55:20 -0500] "GET /BLA/resoluciones/RESOLUCIONES%202011/3980.pdf HTTP/1.1" 200 807226
186.154.189.168 - - [09/Oct/2014:08:55:20 -0500] "POST /forms/lservlet;jsessionid=ac16012b30d5e476268572a24be9a2e9d72a8a6e50f7.e3iSbxaKaheRe34Sa3yKbhiTahb0n6jAmljGr5XDqQLvpAe HTTP/1.1" 200 2
201.245.192.253 - - [09/Oct/2014:08:55:35 -0500] "GET /isolucionsda/FrameSetGeneral.asp?Pagina=SucursalSeleccion.asp&CargaPagina=ModuloProcesos&IdModulo=3 HTTP/1.1" 200 6716
201.245.192.253 - - [09/Oct/2014:08:55:36 -0500] "GET /isolucionsda/Encabezado.asp?Pagina=SucursalSeleccion.asp&CargaPagina=ModuloProcesos&IdModulo=3 HTTP/1.1" 200 15377
201.245.192.253 - - [09/Oct/2014:08:55:36 -0500] "GET /isolucionsda/BarraTitulos.asp?Pagina=SucursalSeleccion.asp&CargaPagina=ModuloProcesos&IdModulo=3 HTTP/1.1" 200 6988
201.245.192.253 - - [09/Oct/2014:08:55:36 -0500] "GET /isolucionsda/BarraFavoritos.asp HTTP/1.1" 200 911
201.245.192.253 - - [09/Oct/2014:08:55:36 -0500] "GET /isolucionsda/SucursalSeleccion.asp?Pagina=SucursalSeleccion.asp&CargaPagina=ModuloProcesos&IdModulo=3 HTTP/1.1" 302 221
201.245.192.253 - - [09/Oct/2014:08:55:36 -0500] "GET /isolucionsda/Session.asp?Continue=1 HTTP/1.1" 200 6324
201.245.192.253 - - [09/Oct/2014:08:55:36 -0500] "GET /isolucionsda/BancoConocimiento/M/MAPADEPROCESOSSDA_v3/MAPADEPROCESOSSDA_v3.asp HTTP/1.1" 302 159
201.234.240.140 - - [09/Oct/2014:08:55:38 -0500] "GET /autoliquidacion/TR%C3%81MITES%20ACEITES-RESIDUOS-ESTACIONES/REG.%20GENERADOR/ANEXO%203.%20CARTA%20PARA%20SOLICITUD%20DE%20INSCRIPCI%C3%93N%20COMO%20GENERADOR%20RESPEL.doc HTTP/1.0" 200 212993
201.245.192.253 - - [09/Oct/2014:08:55:41 -0500] "GET /isolucionsda/FrameSetGeneral.asp?Pagina=Magazin.asp&Sigla=MAC&IdModulo=2 HTTP/1.1" 200 6625
201.245.192.253 - - [09/Oct/2014:08:55:41 -0500] "GET /isolucionsda/Encabezado.asp?Pagina=Magazin.asp&Sigla=MAC&IdModulo=2 HTTP/1.1" 200 15374
201.245.192.253 - - [09/Oct/2014:08:55:41 -0500] "GET /isolucionsda/BarraTitulos.asp?Pagina=Magazin.asp&Sigla=MAC&IdModulo=2 HTTP/1.1" 200 6989
201.245.192.253 - - [09/Oct/2014:08:55:41 -0500] "GET /isolucionsda/BarraFavoritos.asp HTTP/1.1" 200 911
201.245.192.253 - - [09/Oct/2014:08:55:41 -0500] "GET /isolucionsda/Magazin.asp?Pagina=Magazin.asp&Sigla=MAC&IdModulo=2 HTTP/1.1" 200 10642
201.245.192.253 - - [09/Oct/2014:08:55:41 -0500] "GET /isolucionsda/Session.asp?Continue=1 HTTP/1.1" 200 6324
201.245.192.253 - - [09/Oct/2014:08:55:43 -0500] "GET /isolucionsda/FramesetArticulo.asp?Pagina=bancoconocimiento%2FM%2FMANUALDELSISTEMAINTEGRADODEGESTION%5Fv9%2FMANUALDELSISTEMAINTEGRADODEGESTION%5Fv9%2Easp&IdArticulo=7375&Codigo=&Fecha=&Version=&Procedimiento=&cliente= HTTP/1.1" 200 7477
201.245.192.253 - - [09/Oct/2014:08:55:43 -0500] "GET /isolucionsda/bancoconocimiento/M/MANUALDELSISTEMAINTEGRADODEGESTION_v9/MANUALDELSISTEMAINTEGRADODEGESTION_v9.asp?IdArticulo=7375 HTTP/1.1" 200 205
201.245.192.253 - - [09/Oct/2014:08:55:43 -0500] "GET /isolucionsda/bancoconocimiento/M/MANUALDELSISTEMAINTEGRADODEGESTION_v9/MANUALDELSISTEMAINTEGRADODEGESTION_v9.asp?IdArticulo=7375 HTTP/1.1" 200 101414
