181.135.236.245 - - [11/Oct/2014:07:30:22 -0500] "GET /galeria/nivo-slider/demo/images/9Signos.jpg HTTP/1.1" 200 93040
186.85.225.134 - - [11/Oct/2014:07:30:27 -0500] "OPTIONS /dama/libreria/jpg/ HTTP/1.1" 200 -
181.135.236.245 - - [11/Oct/2014:07:30:27 -0500] "GET /galeria/nivo-slider/demo/images/4Simple_Slider.png HTTP/1.1" 200 11722
186.85.225.134 - - [11/Oct/2014:07:30:27 -0500] "GET /dama/libreria/jpg/sec_amb.jpg HTTP/1.1" 404 1019
186.85.225.134 - - [11/Oct/2014:07:30:27 -0500] "GET /dama/libreria/jpg/sec_amb.jpg HTTP/1.1" 404 1019
186.85.225.134 - - [11/Oct/2014:07:30:27 -0500] "GET /dama/libreria/jpg/sec_amb.jpg HTTP/1.1" 404 1019
186.85.225.134 - - [11/Oct/2014:07:30:27 -0500] "GET /dama/libreria/jpg/sec_amb.jpg HTTP/1.1" 404 1019
181.135.236.245 - - [11/Oct/2014:07:30:28 -0500] "GET /galeria/nivo-slider/themes/default/loading.gif HTTP/1.1" 200 1737
181.135.236.245 - - [11/Oct/2014:07:30:28 -0500] "GET /galeria/nivo-slider/demo/images/banner-encuesta.jpg HTTP/1.1" 200 42764
181.135.236.245 - - [11/Oct/2014:07:30:28 -0500] "GET /galeria/nivo-slider/demo/images/banner-llantas2.jpg HTTP/1.1" 200 73153
66.249.79.83 - - [11/Oct/2014:07:30:29 -0500] "GET /BLA/resoluciones/RESOLUCIONES%202010/7101.pdf HTTP/1.1" 200 278295
181.135.236.245 - - [11/Oct/2014:07:30:30 -0500] "GET /galeria/nivo-slider/demo/images/banner-caballos.png HTTP/1.1" 200 389106
181.135.236.245 - - [11/Oct/2014:07:30:32 -0500] "GET /galeria/nivo-slider/demo/images/ConstructorasFNL.jpg HTTP/1.1" 200 216551
66.249.79.111 - - [11/Oct/2014:07:30:32 -0500] "GET /monitor/ HTTP/1.1" 404 1019
186.85.225.134 - - [11/Oct/2014:07:30:33 -0500] "GET /dama/libreria/jpg/sec_amb.jpg HTTP/1.1" 404 1019
186.85.225.134 - - [11/Oct/2014:07:30:33 -0500] "GET /dama/libreria/jpg/sec_amb.jpg HTTP/1.1" 404 1019
186.85.225.134 - - [11/Oct/2014:07:30:33 -0500] "GET /dama/libreria/jpg/sec_amb.jpg HTTP/1.1" 404 1019
186.85.225.134 - - [11/Oct/2014:07:30:33 -0500] "GET /dama/libreria/jpg/sec_amb.jpg HTTP/1.1" 404 1019
181.135.236.245 - - [11/Oct/2014:07:30:33 -0500] "GET /galeria/nivo-slider/demo/images/Hacienda_Molinos.jpg HTTP/1.1" 200 319171
181.135.236.245 - - [11/Oct/2014:07:30:35 -0500] "GET /galeria/nivo-slider/demo/images/bannerEcolecta3.jpg HTTP/1.1" 200 280034
66.249.79.67 - - [11/Oct/2014:07:30:38 -0500] "GET /BLA/resoluciones/RESOLUCIONES%202007/RES%202007%201001%20AL%201100/RESOLUCION%201049%20DE%202007.pdf HTTP/1.1" 200 509365
181.135.236.245 - - [11/Oct/2014:07:30:46 -0500] "GET /galeria/nivo-slider/themes/default/arrows.png HTTP/1.1" 200 824
181.135.236.245 - - [11/Oct/2014:07:30:46 -0500] "GET /galeria/nivo-slider/themes/default/bullets.png HTTP/1.1" 200 1281
66.249.79.67 - - [11/Oct/2014:07:30:47 -0500] "GET /BLA/resoluciones/AUTOS%202009/0898.pdf HTTP/1.1" 200 125272
66.249.79.67 - - [11/Oct/2014:07:30:56 -0500] "GET /BLA/resoluciones/RESOLUCIONES%202009/8938.pdf HTTP/1.1" 200 272043
66.249.79.75 - - [11/Oct/2014:07:31:05 -0500] "GET /BLA/resoluciones/RESOLUCIONES%202012/1085.pdf HTTP/1.1" 200 897237
66.249.79.83 - - [11/Oct/2014:07:31:14 -0500] "GET /BLA/resoluciones/RESOLUCIONES%202007/RES%202007%20301%20AL%20400/RESOLUCION%200316%20DE%202007.pdf HTTP/1.1" 304 -
66.249.79.67 - - [11/Oct/2014:07:31:33 -0500] "GET /BLA/resoluciones/RESOLUCIONES%202013/1954.pdf HTTP/1.1" 304 -
66.249.79.111 - - [11/Oct/2014:07:31:33 -0500] "GET /guia/ESTACION/ HTTP/1.1" 404 1019
66.249.79.67 - - [11/Oct/2014:07:31:42 -0500] "GET /BLA/resoluciones/RESOLUCIONES%202007/RES%202007%20601%20AL%20700/RESOLUCION%200662%20DE%202007.pdf HTTP/1.1" 200 705283
66.249.79.75 - - [11/Oct/2014:07:31:51 -0500] "GET /BLA/resoluciones/index.php?dir=RESOLUCIONES%202002/RES%202002%20651-700/&sort=name&order=desc HTTP/1.1" 200 12212
66.249.79.83 - - [11/Oct/2014:07:32:00 -0500] "GET /BLA/resoluciones/RESOLUCIONES%202011/2819.pdf HTTP/1.1" 200 189883
66.249.79.83 - - [11/Oct/2014:07:32:09 -0500] "GET /BLA/resoluciones/RESOLUCIONES%202010/4972.pdf HTTP/1.1" 200 368344
66.249.79.83 - - [11/Oct/2014:07:32:18 -0500] "GET /BLA/resoluciones/RESOLUCIONES%202012/0897.pdf HTTP/1.1" 200 314788
66.249.79.83 - - [11/Oct/2014:07:32:27 -0500] "GET /BLA/resoluciones/AUTOS%202007/1418.pdf HTTP/1.1" 200 25718
66.249.79.111 - - [11/Oct/2014:07:32:31 -0500] "GET /manual_funciones_Listado/2.2.%20Direccion%20de%20Control%20Ambiental/Auxiliar%20Administrativo%20407-17%20(Notificaciones).pdf HTTP/1.1" 404 1019
66.249.79.67 - - [11/Oct/2014:07:32:36 -0500] "GET /BLA/resoluciones/AUTOS%202007/3784.pdf HTTP/1.1" 200 97763
66.249.79.75 - - [11/Oct/2014:07:32:46 -0500] "GET /BLA/resoluciones/RESOLUCIONES%202008/0338.pdf HTTP/1.1" 200 246761
186.84.131.39 - - [11/Oct/2014:07:32:52 -0500] "GET /BLA/boletinlegal/js/jquery.js HTTP/1.1" 200 57254
186.84.131.39 - - [11/Oct/2014:07:32:52 -0500] "GET /BLA/boletinlegal/js/jquery.scrollShow.js HTTP/1.1" 200 4586
186.84.131.39 - - [11/Oct/2014:07:32:52 -0500] "GET /BLA/boletinlegal/js/jquery.scrollTo-min.js HTTP/1.1" 200 1150
66.249.79.67 - - [11/Oct/2014:07:32:55 -0500] "GET /Residuos/metalmecanica/files/search/search34.xml HTTP/1.1" 404 1018
66.249.79.83 - - [11/Oct/2014:07:33:04 -0500] "GET /BLA/resoluciones/RESOLUCIONES%202010/3109.pdf HTTP/1.1" 304 -
66.249.79.75 - - [11/Oct/2014:07:33:13 -0500] "GET /BLA/resoluciones/RESOLUCIONES%202007/RES%202007%20701%20AL%20800/RESOLUCION%200793%20DE%202007.pdf HTTP/1.1" 200 139010
66.249.79.83 - - [11/Oct/2014:07:33:22 -0500] "GET /Residuos/metalmecanica/files/search/search84.xml HTTP/1.1" 404 1018
66.249.79.67 - - [11/Oct/2014:07:33:32 -0500] "GET /BLA/resoluciones/AUTOS%202007/2174.pdf HTTP/1.1" 200 81626
66.249.79.67 - - [11/Oct/2014:07:33:40 -0500] "GET /BLA/resoluciones/RESOLUCIONES%202009/6975.pdf HTTP/1.1" 304 -
66.249.79.83 - - [11/Oct/2014:07:33:42 -0500] "GET /BLA/resoluciones/RESOLUCIONES%202004/RES%202004%201151-1200/00001173.tif HTTP/1.1" 200 191448
66.249.79.67 - - [11/Oct/2014:07:33:49 -0500] "GET /BLA/resoluciones/RESOLUCIONES%202007/RES%202007%203001%20AL%203100/RESOLUCION%203052%20%20DE%202007.pdf HTTP/1.1" 200 418493
66.249.79.75 - - [11/Oct/2014:07:33:59 -0500] "GET /BLA/resoluciones/AUTOS%202007/0905.pdf HTTP/1.1" 200 178263
66.249.79.83 - - [11/Oct/2014:07:34:08 -0500] "GET /BLA/resoluciones/AUTOS%202009/1815.pdf HTTP/1.1" 200 201510
74.86.158.107 - - [11/Oct/2014:07:34:12 -0500] "HEAD / HTTP/1.1" 302 -
66.249.79.83 - - [11/Oct/2014:07:34:17 -0500] "GET /BLA/resoluciones/AUTOS%202007/2477.pdf HTTP/1.1" 200 309109
66.249.79.75 - - [11/Oct/2014:07:34:26 -0500] "GET /BLA/resoluciones/RESOLUCIONES%202007/RES%202007%201301%20AL%201400/RESOLUCION%201395%20DE%202007.pdf HTTP/1.1" 304 -
66.249.79.103 - - [11/Oct/2014:07:34:31 -0500] "GET /MANUALFUNC/Administrativa%20y%20Financiera/219-18%20Profesional%20Universitario%20-%20SAF%20_R%20Humano_.pdf HTTP/1.1" 404 1019
66.249.79.75 - - [11/Oct/2014:07:34:35 -0500] "GET /BLA/resoluciones/AUTOS%202011/2916.pdf HTTP/1.1" 200 313435
66.249.79.75 - - [11/Oct/2014:07:34:44 -0500] "GET /BLA/resoluciones/AUTOS%202008/0689.pdf HTTP/1.1" 200 295276
186.147.66.232 - - [11/Oct/2014:07:34:45 -0500] "GET /BLA/resoluciones/ HTTP/1.1" 200 6952
100.43.85.25 - - [11/Oct/2014:07:34:52 -0500] "GET /vivi/bf.pdf HTTP/1.1" 404 1019
66.249.79.83 - - [11/Oct/2014:07:34:53 -0500] "GET /BLA/resoluciones/AUTOS%202009/0917.pdf HTTP/1.1" 200 120609
186.147.66.232 - - [11/Oct/2014:07:34:50 -0500] "GET /BLA/resoluciones/index.php?dir=RESOLUCIONES+2009%2F HTTP/1.1" 200 1672912
66.249.79.83 - - [11/Oct/2014:07:35:02 -0500] "GET /BLA/resoluciones/RESOLUCIONES%202007/RES%202007%20901%20AL%201000/RESOLUCION%200926%20DE%202007.pdf HTTP/1.1" 200 395388
180.76.5.94 - - [11/Oct/2014:07:35:10 -0500] "GET /BLA/resoluciones/AUTOS%202007/1780.pdf HTTP/1.1" 200 36648
66.249.79.67 - - [11/Oct/2014:07:35:12 -0500] "GET /BLA/resoluciones/RESOLUCIONES%202009/6303.pdf HTTP/1.1" 200 1433828
66.249.79.67 - - [11/Oct/2014:07:35:21 -0500] "GET /BLA/resoluciones/RESOLUCIONES%202010/3000.pdf HTTP/1.1" 200 664653
201.184.164.214 - - [11/Oct/2014:07:35:23 -0500] "GET /BLA/boletinlegal/js/jquery.js HTTP/1.1" 200 57254
201.184.164.214 - - [11/Oct/2014:07:35:23 -0500] "GET /BLA/boletinlegal/js/jquery.scrollTo-min.js HTTP/1.1" 200 1150
201.184.164.214 - - [11/Oct/2014:07:35:23 -0500] "GET /BLA/boletinlegal/js/jquery.scrollShow.js HTTP/1.1" 200 4586
201.184.164.214 - - [11/Oct/2014:07:35:24 -0500] "GET /galeria/carrusel/Carrusel/jquery.thumbnailScroller.css HTTP/1.1" 200 2066
201.184.164.214 - - [11/Oct/2014:07:35:24 -0500] "GET /galeria/carrusel/Carrusel/jquery-ui-1.8.13.custom.min.js HTTP/1.1" 200 10800
201.184.164.214 - - [11/Oct/2014:07:35:24 -0500] "GET /galeria/carrusel/Carrusel/jquery.thumbnailScroller.js HTTP/1.1" 200 8157
201.184.164.214 - - [11/Oct/2014:07:35:28 -0500] "GET /galeria/nivo-slider/demo/demo.html HTTP/1.1" 200 3315
186.147.66.232 - - [11/Oct/2014:07:35:29 -0500] "GET /BLA/resoluciones/RESOLUCIONES%202009/6329.pdf HTTP/1.1" 200 374248
201.184.164.214 - - [11/Oct/2014:07:35:29 -0500] "GET /galeria/nivo-slider/themes/default/default.css HTTP/1.1" 200 1569
201.184.164.214 - - [11/Oct/2014:07:35:29 -0500] "GET /galeria/nivo-slider/themes/pascal/pascal.css HTTP/1.1" 200 2258
201.184.164.214 - - [11/Oct/2014:07:35:29 -0500] "GET /galeria/nivo-slider/themes/orman/orman.css HTTP/1.1" 200 2152
201.184.164.214 - - [11/Oct/2014:07:35:29 -0500] "GET /galeria/nivo-slider/nivo-slider.css HTTP/1.1" 200 1507
201.184.164.214 - - [11/Oct/2014:07:35:30 -0500] "GET /galeria/nivo-slider/demo/style.css HTTP/1.1" 200 2222
201.184.164.214 - - [11/Oct/2014:07:35:30 -0500] "GET /galeria/nivo-slider/demo/images/EncuentroAgua1.jpg HTTP/1.1" 200 274179
201.184.164.214 - - [11/Oct/2014:07:35:30 -0500] "GET /galeria/nivo-slider/demo/images/banner-Animal.jpg HTTP/1.1" 200 257223
201.184.164.214 - - [11/Oct/2014:07:35:30 -0500] "GET /galeria/nivo-slider/demo/images/Tingua-azul.jpg HTTP/1.1" 200 307638
201.184.164.214 - - [11/Oct/2014:07:35:30 -0500] "GET /galeria/nivo-slider/demo/images/Banner-Caracol-Africano.jpg HTTP/1.1" 200 331986
201.184.164.214 - - [11/Oct/2014:07:35:30 -0500] "GET /galeria/nivo-slider/demo/images/9Signos.jpg HTTP/1.1" 200 93040
201.184.164.214 - - [11/Oct/2014:07:35:30 -0500] "GET /galeria/nivo-slider/demo/images/banner-encuesta.jpg HTTP/1.1" 200 42764
201.184.164.214 - - [11/Oct/2014:07:35:30 -0500] "GET /galeria/nivo-slider/demo/images/banner-llantas2.jpg HTTP/1.1" 200 73153
201.184.164.214 - - [11/Oct/2014:07:35:31 -0500] "GET /galeria/nivo-slider/demo/images/banner-caballos.png HTTP/1.1" 200 389106
201.184.164.214 - - [11/Oct/2014:07:35:31 -0500] "GET /galeria/nivo-slider/demo/images/ConstructorasFNL.jpg HTTP/1.1" 200 216551
201.184.164.214 - - [11/Oct/2014:07:35:31 -0500] "GET /galeria/nivo-slider/demo/images/Hacienda_Molinos.jpg HTTP/1.1" 200 319171
66.249.79.103 - - [11/Oct/2014:07:35:31 -0500] "GET /htdocs/counter/digits/fiery/ HTTP/1.1" 404 1019
201.184.164.214 - - [11/Oct/2014:07:35:31 -0500] "GET /galeria/nivo-slider/demo/images/bannerEcolecta3.jpg HTTP/1.1" 200 280034
201.184.164.214 - - [11/Oct/2014:07:35:32 -0500] "GET /galeria/nivo-slider/demo/scripts/jquery-1.7.1.min.js HTTP/1.1" 200 93868
201.184.164.214 - - [11/Oct/2014:07:35:33 -0500] "GET /galeria/nivo-slider/jquery.nivo.slider.pack.js HTTP/1.1" 200 11561
201.184.164.214 - - [11/Oct/2014:07:35:34 -0500] "GET /galeria/nivo-slider/demo/images/4Simple_Slider.png HTTP/1.1" 200 11722
201.184.164.214 - - [11/Oct/2014:07:35:34 -0500] "GET /galeria/nivo-slider/themes/default/loading.gif HTTP/1.1" 200 1737
201.184.164.214 - - [11/Oct/2014:07:35:35 -0500] "GET /galeria/nivo-slider/themes/default/arrows.png HTTP/1.1" 200 824
201.184.164.214 - - [11/Oct/2014:07:35:35 -0500] "GET /galeria/nivo-slider/themes/default/bullets.png HTTP/1.1" 200 1281
66.249.79.75 - - [11/Oct/2014:07:35:39 -0500] "GET /BLA/resoluciones/RESOLUCIONES%202010/2959.pdf HTTP/1.1" 200 839013
66.249.79.119 - - [11/Oct/2014:07:35:42 -0500] "GET /PORTAL_SIAC/swf/Residuos/textiles/textiles.swf?pageNumber= HTTP/1.1" 200 400852
180.76.5.64 - - [11/Oct/2014:07:35:44 -0500] "GET /BLA/resoluciones/AUTOS%202009/1316.pdf HTTP/1.1" 200 110484
66.249.79.83 - - [11/Oct/2014:07:35:48 -0500] "GET /BLA/resoluciones/RESOLUCIONES%202007/RES%202007%201001%20AL%201100/RESOLUCION%201050%20DE%202007.pdf HTTP/1.1" 200 934407
66.249.79.75 - - [11/Oct/2014:07:35:57 -0500] "GET /BLA/resoluciones/AUTOS%202008/0240.pdf HTTP/1.1" 200 114040
66.249.79.67 - - [11/Oct/2014:07:36:06 -0500] "GET /BLA/resoluciones/RESOLUCIONES%202007/RES%202007%204301%20AL%204352/RESOLUCION%204311%20DE%202007.pdf HTTP/1.1" 200 664654
66.249.79.67 - - [11/Oct/2014:07:36:15 -0500] "GET /BLA/resoluciones/RESOLUCIONES%202007/RES%202007%20701%20AL%20800/RESOLUCION%200726%20DE%202007.pdf HTTP/1.1" 304 -
181.33.168.1 - - [11/Oct/2014:07:36:22 -0500] "GET /BLA/boletinlegal/js/jquery.scrollTo-min.js HTTP/1.1" 200 1150
181.33.168.1 - - [11/Oct/2014:07:36:22 -0500] "GET /BLA/boletinlegal/js/jquery.scrollShow.js HTTP/1.1" 200 4586
181.33.168.1 - - [11/Oct/2014:07:36:22 -0500] "GET /BLA/boletinlegal/js/jquery.js HTTP/1.1" 200 57254
66.249.79.67 - - [11/Oct/2014:07:36:25 -0500] "GET /BLA/resoluciones/RESOLUCIONES%202009/9574.pdf HTTP/1.1" 200 337618
66.249.79.67 - - [11/Oct/2014:07:36:34 -0500] "GET /BLA/resoluciones/RESOLUCIONES%202009/0160.pdf HTTP/1.1" 200 312294
66.249.79.75 - - [11/Oct/2014:07:36:43 -0500] "GET /BLA/resoluciones/AUTOS%202008/0452.pdf HTTP/1.1" 200 211979
66.249.79.75 - - [11/Oct/2014:07:36:52 -0500] "GET /BLA/resoluciones/RESOLUCIONES%202010/7244.pdf HTTP/1.1" 200 1220158
180.76.6.157 - - [11/Oct/2014:07:36:53 -0500] "GET /BLA/resoluciones/RESOLUCIONES%202011/1393.pdf HTTP/1.1" 200 71701
66.249.79.67 - - [11/Oct/2014:07:37:01 -0500] "GET /BLA/resoluciones/RESOLUCIONES%202009/3912.pdf HTTP/1.1" 304 -
66.249.79.67 - - [11/Oct/2014:07:37:10 -0500] "GET /BLA/resoluciones/RESOLUCIONES%202011/4930.pdf HTTP/1.1" 304 -
66.249.79.67 - - [11/Oct/2014:07:37:19 -0500] "GET /BLA/resoluciones/AUTOS%202008/0409.pdf HTTP/1.1" 200 164729
66.249.79.67 - - [11/Oct/2014:07:37:28 -0500] "GET /BLA/resoluciones/RESOLUCIONES%202011/3578.pdf HTTP/1.1" 200 552378
157.55.39.39 - - [11/Oct/2014:07:37:34 -0500] "GET /BLA/boletinlegal/js/jquery.scrollTo-min.js HTTP/1.1" 200 1150
66.249.79.83 - - [11/Oct/2014:07:37:37 -0500] "GET /BLA/resoluciones/RESOLUCIONES%202011/0213.pdf HTTP/1.1" 304 -
66.249.79.75 - - [11/Oct/2014:07:37:47 -0500] "GET /BLA/resoluciones/RESOLUCIONES%202007/RES%202007%20801%20AL%20900/RESOLUCION%200858%20DE%202007.pdf HTTP/1.1" 200 1370190
66.249.79.75 - - [11/Oct/2014:07:37:54 -0500] "GET /BLA/resoluciones/RESOLUCIONES%202003/RES%202003%20051-100/2003RES93.tif HTTP/1.1" 200 567096
66.249.79.83 - - [11/Oct/2014:07:37:56 -0500] "GET /BLA/resoluciones/RESOLUCIONES%202009/7111.pdf HTTP/1.1" 200 303501
180.76.5.167 - - [11/Oct/2014:07:38:01 -0500] "GET /BLA/resoluciones/RESOLUCIONES%202011/6815.pdf HTTP/1.1" 200 414172
66.249.79.75 - - [11/Oct/2014:07:38:05 -0500] "GET /BLA/resoluciones/AUTOS%202013/1206.pdf HTTP/1.1" 200 1009341
66.249.79.75 - - [11/Oct/2014:07:38:14 -0500] "GET /BLA/resoluciones/RESOLUCIONES%202011/5350.pdf HTTP/1.1" 200 499401
66.249.79.67 - - [11/Oct/2014:07:38:23 -0500] "GET /BLA/resoluciones/AUTOS%202009/2699.pdf HTTP/1.1" 200 99990
66.249.79.75 - - [11/Oct/2014:07:38:32 -0500] "GET /BLA/resoluciones/AUTOS%202013/0101.pdf HTTP/1.1" 304 -
66.249.79.67 - - [11/Oct/2014:07:38:41 -0500] "GET /BLA/resoluciones/AUTOS%202013/1063.pdf HTTP/1.1" 304 -
66.249.79.75 - - [11/Oct/2014:07:38:50 -0500] "GET /BLA/resoluciones/AUTOS%202010/0105.pdf HTTP/1.1" 304 -
66.249.79.83 - - [11/Oct/2014:07:39:00 -0500] "GET /BLA/resoluciones/RESOLUCIONES%202007/RES%202007%201801%20AL%201900/RESOLUCION%201809%20DE%202007.pdf HTTP/1.1" 200 1492237
66.249.79.75 - - [11/Oct/2014:07:39:09 -0500] "GET /BLA/resoluciones/RESOLUCIONES%202007/RES%202007%20501%20AL%20600/RESOLUCION%200567%20DE%202007.pdf HTTP/1.1" 200 918422
180.76.6.43 - - [11/Oct/2014:07:39:10 -0500] "GET /BLA/resoluciones/AUTOS%202009/1578.pdf HTTP/1.1" 200 120611
161.10.153.41 - - [11/Oct/2014:07:39:11 -0500] "GET /BLA/boletinlegal/js/jquery.js HTTP/1.1" 200 57254
161.10.153.41 - - [11/Oct/2014:07:39:11 -0500] "GET /BLA/boletinlegal/js/jquery.scrollTo-min.js HTTP/1.1" 200 1150
161.10.153.41 - - [11/Oct/2014:07:39:11 -0500] "GET /BLA/boletinlegal/js/jquery.scrollShow.js HTTP/1.1" 200 4586
74.86.158.107 - - [11/Oct/2014:07:39:12 -0500] "HEAD / HTTP/1.1" 302 -
66.249.79.75 - - [11/Oct/2014:07:39:18 -0500] "GET /BLA/resoluciones/AUTOS%202012/0320.pdf HTTP/1.1" 200 155350
66.249.79.75 - - [11/Oct/2014:07:39:27 -0500] "GET /BLA/resoluciones/AUTOS%202013/1120.pdf HTTP/1.1" 200 1184876
66.249.79.67 - - [11/Oct/2014:07:39:36 -0500] "GET /BLA/resoluciones/RESOLUCIONES%202009/7312.pdf HTTP/1.1" 304 -
180.76.5.65 - - [11/Oct/2014:07:39:44 -0500] "GET /BLA/resoluciones/AUTOS%202011/5165.pdf HTTP/1.1" 200 632099
66.249.79.75 - - [11/Oct/2014:07:39:45 -0500] "GET /BLA/resoluciones/RESOLUCIONES%202009/4705.pdf HTTP/1.1" 304 -
186.147.66.232 - - [11/Oct/2014:07:39:50 -0500] "GET /BLA/boletinlegal/consulta_actos.php?tipo=resoluciones&no=3999&usuario=&sector=&fecha=2010&resuelve= HTTP/1.1" 200 990
186.147.66.232 - - [11/Oct/2014:07:39:50 -0500] "GET /BLA/boletinlegal/images/pdf.gif HTTP/1.1" 200 567
66.249.79.83 - - [11/Oct/2014:07:39:54 -0500] "GET /BLA/resoluciones/RESOLUCIONES%202011/3772.pdf HTTP/1.1" 200 688124
186.147.66.232 - - [11/Oct/2014:07:39:58 -0500] "GET /BLA/resoluciones/RESOLUCIONES%202010/3999.pdf HTTP/1.1" 200 302302
186.147.66.232 - - [11/Oct/2014:07:39:59 -0500] "GET /BLA/resoluciones/RESOLUCIONES%202010/3999.pdf HTTP/1.1" 206 32768
186.147.66.232 - - [11/Oct/2014:07:39:59 -0500] "GET /BLA/resoluciones/RESOLUCIONES%202010/3999.pdf HTTP/1.1" 206 269534
66.249.79.75 - - [11/Oct/2014:07:40:03 -0500] "GET /BLA/resoluciones/AUTOS%202011/3604.pdf HTTP/1.1" 304 -
66.249.79.67 - - [11/Oct/2014:07:40:13 -0500] "GET /BLA/resoluciones/RESOLUCIONES%202007/RES%202007%203001%20AL%203100/RESOLUCION%203005%20DE%202007.pdf HTTP/1.1" 304 -
66.249.79.75 - - [11/Oct/2014:07:40:22 -0500] "GET /BLA/resoluciones/AUTOS%202013/0768.pdf HTTP/1.1" 200 3278295
66.249.79.103 - - [11/Oct/2014:07:40:30 -0500] "GET /ifweb/ HTTP/1.1" 404 1019
66.249.79.67 - - [11/Oct/2014:07:40:31 -0500] "GET /BLA/resoluciones/AUTOS%202012/1210.pdf HTTP/1.1" 200 176201
66.249.79.75 - - [11/Oct/2014:07:40:40 -0500] "GET /BLA/resoluciones/RESOLUCIONES%202010/6999.pdf HTTP/1.1" 304 -
66.249.79.75 - - [11/Oct/2014:07:40:49 -0500] "GET /BLA/resoluciones/AUTOS%202012/0466.pdf HTTP/1.1" 200 392956
66.249.79.83 - - [11/Oct/2014:07:40:58 -0500] "GET /BLA/resoluciones/RESOLUCIONES%202007/RES%202007%202701%20AL%202800/RESOLUCION%202715%20DE%202007.pdf HTTP/1.1" 304 -
66.249.79.75 - - [11/Oct/2014:07:41:07 -0500] "GET /BLA/resoluciones/RESOLUCIONES%202010/1614.pdf HTTP/1.1" 304 -
66.249.79.83 - - [11/Oct/2014:07:41:16 -0500] "GET /BLA/resoluciones/RESOLUCIONES%202009/4314.pdf HTTP/1.1" 200 534867
66.249.79.67 - - [11/Oct/2014:07:41:26 -0500] "GET /BLA/resoluciones/AUTOS%202013/2408.pdf HTTP/1.1" 200 1130103
66.249.79.75 - - [11/Oct/2014:07:41:35 -0500] "GET /BLA/resoluciones/RESOLUCIONES%202007/RES%202007%202601%20AL%202700/RESOLUCION%202640%20DE%202007.pdf HTTP/1.1" 304 -
180.76.5.64 - - [11/Oct/2014:07:41:38 -0500] "GET /BLA/resoluciones/Autos%202008/0963.pdf HTTP/1.1" 200 98735
66.249.79.67 - - [11/Oct/2014:07:41:44 -0500] "GET /BLA/resoluciones/RESOLUCIONES%202009/2821.pdf HTTP/1.1" 200 332822
66.249.79.83 - - [11/Oct/2014:07:41:53 -0500] "GET /BLA/resoluciones/AUTOS%202012/1626.pdf HTTP/1.1" 200 413697
66.249.79.83 - - [11/Oct/2014:07:42:02 -0500] "GET /BLA/resoluciones/AUTOS%202012/0735.pdf HTTP/1.1" 200 138288
66.249.79.83 - - [11/Oct/2014:07:42:12 -0500] "GET /BLA/resoluciones/RESOLUCIONES%202011/3795.pdf HTTP/1.1" 200 986342
66.249.79.83 - - [11/Oct/2014:07:42:20 -0500] "GET /BLA/resoluciones/AUTOS%202012/0127.pdf HTTP/1.1" 200 409010
66.249.79.75 - - [11/Oct/2014:07:42:29 -0500] "GET /BLA/resoluciones/RESOLUCIONES%202009/1814.pdf HTTP/1.1" 200 577885
66.249.79.119 - - [11/Oct/2014:07:42:31 -0500] "GET /MANUALFUNC/Ecosistemas/219-18%20Profesional%20Universitario%20-%20SEB%20_Rural_.pdf HTTP/1.1" 404 1019
66.249.79.83 - - [11/Oct/2014:07:42:38 -0500] "GET /BLA/resoluciones/RESOLUCIONES%202009/7958.pdf HTTP/1.1" 304 -
186.145.86.10 - - [11/Oct/2014:07:42:46 -0500] "GET /BLA/boletinlegal/js/jquery.js HTTP/1.1" 200 57254
186.145.86.10 - - [11/Oct/2014:07:42:46 -0500] "GET /BLA/boletinlegal/js/jquery.scrollShow.js HTTP/1.1" 200 4586
186.145.86.10 - - [11/Oct/2014:07:42:46 -0500] "GET /galeria/carrusel/Carrusel/jquery.thumbnailScroller.css HTTP/1.1" 200 2066
186.145.86.10 - - [11/Oct/2014:07:42:46 -0500] "GET /BLA/boletinlegal/js/jquery.scrollTo-min.js HTTP/1.1" 200 1150
186.145.86.10 - - [11/Oct/2014:07:42:46 -0500] "GET /galeria/carrusel/Carrusel/jquery.thumbnailScroller.js HTTP/1.1" 200 8157
186.145.86.10 - - [11/Oct/2014:07:42:46 -0500] "GET /galeria/carrusel/Carrusel/jquery-ui-1.8.13.custom.min.js HTTP/1.1" 200 10800
186.145.86.10 - - [11/Oct/2014:07:42:48 -0500] "GET /galeria/nivo-slider/demo/demo.html HTTP/1.1" 200 3315
66.249.79.75 - - [11/Oct/2014:07:42:48 -0500] "GET /BLA/resoluciones/RESOLUCIONES%202008/1180.pdf HTTP/1.1" 200 55089
186.145.86.10 - - [11/Oct/2014:07:42:48 -0500] "GET /galeria/nivo-slider/themes/pascal/pascal.css HTTP/1.1" 200 2258
186.145.86.10 - - [11/Oct/2014:07:42:48 -0500] "GET /galeria/nivo-slider/themes/default/default.css HTTP/1.1" 200 1569
186.145.86.10 - - [11/Oct/2014:07:42:48 -0500] "GET /galeria/nivo-slider/themes/orman/orman.css HTTP/1.1" 200 2152
186.145.86.10 - - [11/Oct/2014:07:42:48 -0500] "GET /galeria/nivo-slider/nivo-slider.css HTTP/1.1" 200 1507
186.145.86.10 - - [11/Oct/2014:07:42:48 -0500] "GET /galeria/nivo-slider/demo/style.css HTTP/1.1" 200 2222
186.145.86.10 - - [11/Oct/2014:07:42:48 -0500] "GET /galeria/nivo-slider/demo/scripts/jquery-1.7.1.min.js HTTP/1.1" 200 93868
186.145.86.10 - - [11/Oct/2014:07:42:48 -0500] "GET /galeria/nivo-slider/jquery.nivo.slider.pack.js HTTP/1.1" 200 11561
186.145.86.10 - - [11/Oct/2014:07:42:48 -0500] "GET /galeria/nivo-slider/demo/images/Tingua-azul.jpg HTTP/1.1" 200 307638
186.145.86.10 - - [11/Oct/2014:07:42:48 -0500] "GET /galeria/nivo-slider/demo/images/banner-llantas2.jpg HTTP/1.1" 200 73153
186.145.86.10 - - [11/Oct/2014:07:42:48 -0500] "GET /galeria/nivo-slider/demo/images/EncuentroAgua1.jpg HTTP/1.1" 200 274179
186.145.86.10 - - [11/Oct/2014:07:42:48 -0500] "GET /galeria/nivo-slider/demo/images/banner-Animal.jpg HTTP/1.1" 200 257223
186.145.86.10 - - [11/Oct/2014:07:42:48 -0500] "GET /galeria/nivo-slider/demo/images/banner-encuesta.jpg HTTP/1.1" 200 42764
186.145.86.10 - - [11/Oct/2014:07:42:48 -0500] "GET /galeria/nivo-slider/demo/images/Banner-Caracol-Africano.jpg HTTP/1.1" 200 331986
186.145.86.10 - - [11/Oct/2014:07:42:48 -0500] "GET /galeria/nivo-slider/demo/images/banner-caballos.png HTTP/1.1" 200 389106
186.145.86.10 - - [11/Oct/2014:07:42:48 -0500] "GET /galeria/nivo-slider/demo/images/9Signos.jpg HTTP/1.1" 200 93040
186.145.86.10 - - [11/Oct/2014:07:42:48 -0500] "GET /galeria/nivo-slider/demo/images/ConstructorasFNL.jpg HTTP/1.1" 200 216551
186.145.86.10 - - [11/Oct/2014:07:42:48 -0500] "GET /galeria/nivo-slider/demo/images/Hacienda_Molinos.jpg HTTP/1.1" 200 319171
186.145.86.10 - - [11/Oct/2014:07:42:48 -0500] "GET /galeria/nivo-slider/demo/images/bannerEcolecta3.jpg HTTP/1.1" 200 280034
186.145.86.10 - - [11/Oct/2014:07:42:48 -0500] "GET /galeria/nivo-slider/themes/default/loading.gif HTTP/1.1" 200 1737
186.145.86.10 - - [11/Oct/2014:07:42:48 -0500] "GET /galeria/nivo-slider/demo/images/4Simple_Slider.png HTTP/1.1" 200 11722
186.145.86.10 - - [11/Oct/2014:07:42:53 -0500] "GET /galeria/nivo-slider/themes/default/arrows.png HTTP/1.1" 200 824
186.145.86.10 - - [11/Oct/2014:07:42:53 -0500] "GET /galeria/nivo-slider/themes/default/bullets.png HTTP/1.1" 200 1281
66.249.79.67 - - [11/Oct/2014:07:42:57 -0500] "GET /BLA/resoluciones/RESOLUCIONES%202013/0675.pdf HTTP/1.1" 200 661257
66.249.79.67 - - [11/Oct/2014:07:43:06 -0500] "GET /BLA/resoluciones/RESOLUCIONES%202007/RES%202007%202001%20AL%202100/RESOLUCION%202020%20%20DE%202007.pdf HTTP/1.1" 200 1010353
186.147.66.232 - - [11/Oct/2014:07:43:08 -0500] "GET /BLA/boletinlegal/consulta_actos.php?tipo=autos&no=3344&usuario=&sector=&fecha=2010&resuelve= HTTP/1.1" 200 623
186.155.119.125 - - [11/Oct/2014:07:43:12 -0500] "GET /galeria/nivo-slider/demo/images/banner-llantas2.jpg HTTP/1.1" 206 1
186.155.119.125 - - [11/Oct/2014:07:43:12 -0500] "GET /galeria/nivo-slider/demo/images/banner-caballos.png HTTP/1.1" 206 1
186.155.119.125 - - [11/Oct/2014:07:43:12 -0500] "GET /galeria/nivo-slider/demo/images/Hacienda_Molinos.jpg HTTP/1.1" 206 1
186.155.119.125 - - [11/Oct/2014:07:43:12 -0500] "GET /galeria/nivo-slider/demo/images/bannerEcolecta3.jpg HTTP/1.1" 206 1
186.155.119.125 - - [11/Oct/2014:07:43:12 -0500] "GET /galeria/nivo-slider/demo/images/banner-llantas2.jpg HTTP/1.1" 206 39826
186.155.119.125 - - [11/Oct/2014:07:43:12 -0500] "GET /galeria/nivo-slider/demo/images/Hacienda_Molinos.jpg HTTP/1.1" 206 192045
186.155.119.125 - - [11/Oct/2014:07:43:12 -0500] "GET /galeria/nivo-slider/demo/images/bannerEcolecta3.jpg HTTP/1.1" 206 151508
186.155.119.125 - - [11/Oct/2014:07:43:12 -0500] "GET /galeria/nivo-slider/demo/images/banner-caballos.png HTTP/1.1" 206 123379
186.155.119.125 - - [11/Oct/2014:07:43:13 -0500] "GET /galeria/nivo-slider/themes/default/arrows.png HTTP/1.1" 200 824
186.155.119.125 - - [11/Oct/2014:07:43:13 -0500] "GET /galeria/nivo-slider/themes/default/bullets.png HTTP/1.1" 200 1281
66.249.79.83 - - [11/Oct/2014:07:43:15 -0500] "GET /BLA/resoluciones/RESOLUCIONES%202007/RES%202007%20601%20AL%20700/RESOLUCION%200674%20DE%202007.pdf HTTP/1.1" 200 1083318
186.155.119.125 - - [11/Oct/2014:07:43:15 -0500] "GET /videos/Spot_Tinguas.flv HTTP/1.1" 200 2087054
66.249.79.67 - - [11/Oct/2014:07:43:24 -0500] "GET /BLA/resoluciones/RESOLUCIONES%202009/6716.pdf HTTP/1.1" 200 344580
180.76.5.190 - - [11/Oct/2014:07:43:32 -0500] "GET /BLA/resoluciones/AUTOS%202010/5502.pdf HTTP/1.1" 200 209389
66.249.79.83 - - [11/Oct/2014:07:43:33 -0500] "GET /BLA/resoluciones/RESOLUCIONES%202009/7234.pdf HTTP/1.1" 200 832460
66.249.79.75 - - [11/Oct/2014:07:43:42 -0500] "GET /BLA/resoluciones/RESOLUCIONES%202009/1368.pdf HTTP/1.1" 200 513217
186.147.66.232 - - [11/Oct/2014:07:43:47 -0500] "GET /BLA/boletinlegal/consulta_actos.php?tipo=autos&no=3344&usuario=&sector=&fecha=2010&resuelve= HTTP/1.1" 200 623
186.147.66.232 - - [11/Oct/2014:07:43:49 -0500] "GET /BLA/resoluciones/ HTTP/1.1" 200 6952
66.249.79.67 - - [11/Oct/2014:07:43:51 -0500] "GET /BLA/resoluciones/RESOLUCIONES%202009/8688.pdf HTTP/1.1" 200 522038
186.147.66.232 - - [11/Oct/2014:07:43:51 -0500] "GET /BLA/resoluciones/index.php?dir=AUTOS+2010%2F HTTP/1.1" 200 211138
66.249.79.75 - - [11/Oct/2014:07:44:01 -0500] "GET /BLA/resoluciones/AUTOS%202008/0448.pdf HTTP/1.1" 200 289925
66.249.79.75 - - [11/Oct/2014:07:44:10 -0500] "GET /BLA/resoluciones/AUTOS%202008/0313.pdf HTTP/1.1" 200 104358
157.55.39.247 - - [11/Oct/2014:07:44:10 -0500] "GET /dama/libreria/pdf/cdr_nov16.pdf HTTP/1.1" 404 1019
74.86.158.107 - - [11/Oct/2014:07:44:12 -0500] "HEAD / HTTP/1.1" 302 -
186.154.179.247 - - [11/Oct/2014:07:44:14 -0500] "GET /BLA/boletinlegal/js/jquery.scrollTo-min.js HTTP/1.1" 200 1150
186.154.179.247 - - [11/Oct/2014:07:44:14 -0500] "GET /BLA/boletinlegal/js/jquery.scrollShow.js HTTP/1.1" 200 4586
186.154.179.247 - - [11/Oct/2014:07:44:14 -0500] "GET /BLA/boletinlegal/js/jquery.js HTTP/1.1" 200 57254
66.249.79.83 - - [11/Oct/2014:07:44:14 -0500] "GET /BLA/resoluciones/RESOLUCIONES%202004/RES%202004%201151-1200/00001178.tif HTTP/1.1" 200 199896
66.249.79.75 - - [11/Oct/2014:07:44:19 -0500] "GET /BLA/resoluciones/RESOLUCIONES%202007/RES%202007%202201%20AL%202300/RESOLUCION%202245%20DE%202007.pdf HTTP/1.1" 304 -
66.249.79.67 - - [11/Oct/2014:07:44:28 -0500] "GET /BLA/resoluciones/RESOLUCIONES%202007/RES%202007%20901%20AL%201000/RESOLUCION%201000%20DE%202007.pdf HTTP/1.1" 304 -
202.46.50.17 - - [11/Oct/2014:07:44:30 -0500] "GET / HTTP/1.1" 302 -
207.46.13.26 - - [11/Oct/2014:07:44:31 -0500] "GET /robots.txt HTTP/1.1" 404 1015
66.249.79.83 - - [11/Oct/2014:07:44:37 -0500] "GET /BLA/resoluciones/RESOLUCIONES%202011/4771.pdf HTTP/1.1" 304 -
186.147.66.232 - - [11/Oct/2014:07:44:40 -0500] "GET /BLA/resoluciones/AUTOS%202010/3443.pdf HTTP/1.1" 200 465313
186.147.66.232 - - [11/Oct/2014:07:44:41 -0500] "GET /BLA/resoluciones/AUTOS%202010/3443.pdf HTTP/1.1" 206 32768
186.147.66.232 - - [11/Oct/2014:07:44:41 -0500] "GET /BLA/resoluciones/AUTOS%202010/3443.pdf HTTP/1.1" 206 432545
66.249.79.75 - - [11/Oct/2014:07:44:46 -0500] "GET /BLA/resoluciones/AUTOS%202007/3706.pdf HTTP/1.1" 304 -
66.249.79.83 - - [11/Oct/2014:07:44:55 -0500] "GET /BLA/resoluciones/AUTOS%202011/2736.pdf HTTP/1.1" 200 228601
119.63.193.194 - - [11/Oct/2014:07:44:56 -0500] "GET / HTTP/1.1" 302 -
66.249.79.75 - - [11/Oct/2014:07:45:04 -0500] "GET /BLA/resoluciones/AUTOS%202007/3552.pdf HTTP/1.1" 200 223881
66.249.79.75 - - [11/Oct/2014:07:45:14 -0500] "GET /BLA/resoluciones/RESOLUCIONES%202012/0333.pdf HTTP/1.1" 200 391966
66.249.79.75 - - [11/Oct/2014:07:45:23 -0500] "GET /BLA/resoluciones/RESOLUCIONES%202009/7212.pdf HTTP/1.1" 200 710032
66.249.79.75 - - [11/Oct/2014:07:45:32 -0500] "GET /BLA/resoluciones/RESOLUCIONES%202010/7381.pdf HTTP/1.1" 304 -
186.113.10.143 - - [11/Oct/2014:07:45:38 -0500] "GET /galeria/nivo-slider/demo/images/banner-Animal.jpg HTTP/1.1" 304 -
66.249.79.75 - - [11/Oct/2014:07:45:41 -0500] "GET /BLA/resoluciones/AUTOS%202011/3046.pdf HTTP/1.1" 200 653682
66.249.79.75 - - [11/Oct/2014:07:45:50 -0500] "GET /BLA/resoluciones/AUTOS%202012/2337.pdf HTTP/1.1" 304 -
207.46.13.26 - - [11/Oct/2014:07:45:51 -0500] "GET /pot/pot4.htm HTTP/1.1" 404 1015
66.249.79.67 - - [11/Oct/2014:07:45:59 -0500] "GET /BLA/resoluciones/RESOLUCIONES%202007/RES%202007%201401%20AL%201500/RESOLUCION%201471%20DE%202007.pdf HTTP/1.1" 200 353588
66.249.79.75 - - [11/Oct/2014:07:46:08 -0500] "GET /BLA/resoluciones/RESOLUCIONES%202007/RES%202007%203701%20AL%203800/RESOLUCION%203744%20%20DE%202007.pdf HTTP/1.1" 304 -
66.249.79.75 - - [11/Oct/2014:07:46:17 -0500] "GET /BLA/resoluciones/RESOLUCIONES%202011/0716.pdf HTTP/1.1" 200 256482
66.249.79.83 - - [11/Oct/2014:07:46:27 -0500] "GET /BLA/resoluciones/RESOLUCIONES%202007/RES%202007%201401%20AL%201500/RESOLUCION%201493%20DE%202007.pdf HTTP/1.1" 200 243099
66.249.79.67 - - [11/Oct/2014:07:46:36 -0500] "GET /BLA/resoluciones/RESOLUCIONES%202010/1830.pdf HTTP/1.1" 304 -
66.249.79.75 - - [11/Oct/2014:07:46:45 -0500] "GET /BLA/resoluciones/RESOLUCIONES%202008/3721.pdf HTTP/1.1" 304 -
66.249.79.67 - - [11/Oct/2014:07:46:54 -0500] "GET /BLA/resoluciones/RESOLUCIONES%202009/9593.pdf HTTP/1.1" 200 393126
66.249.79.83 - - [11/Oct/2014:07:47:03 -0500] "GET /BLA/resoluciones/RESOLUCIONES%202009/5539.pdf HTTP/1.1" 200 580521
66.249.79.75 - - [11/Oct/2014:07:47:12 -0500] "GET /BLA/resoluciones/RESOLUCIONES%202009/8961.pdf HTTP/1.1" 200 401400
66.249.79.75 - - [11/Oct/2014:07:47:21 -0500] "GET /BLA/resoluciones/AUTOS%202013/0336.pdf HTTP/1.1" 304 -
181.137.172.200 - - [11/Oct/2014:07:47:24 -0500] "GET /BLA/boletinlegal/js/jquery.js HTTP/1.1" 200 57254
181.137.172.200 - - [11/Oct/2014:07:47:24 -0500] "GET /BLA/boletinlegal/js/jquery.scrollTo-min.js HTTP/1.1" 200 1150
181.137.172.200 - - [11/Oct/2014:07:47:24 -0500] "GET /BLA/boletinlegal/js/jquery.scrollShow.js HTTP/1.1" 200 4586
66.249.79.75 - - [11/Oct/2014:07:47:25 -0500] "GET /videos/DIASINCARROSITP.flv HTTP/1.1" 200 2337807
66.249.79.103 - - [11/Oct/2014:07:47:29 -0500] "GET /MANUALFUNC/Administrativa%20y%20Financiera/076-08%20Subdirector%20-%20SAF.pdf HTTP/1.1" 404 1019
66.249.79.67 - - [11/Oct/2014:07:47:30 -0500] "GET /BLA/resoluciones/AUTOS%202009/0550.pdf HTTP/1.1" 200 127582
181.135.199.87 - - [11/Oct/2014:07:47:34 -0500] "GET /galeria/nivo-slider/demo/demo.html HTTP/1.1" 304 -
181.135.199.87 - - [11/Oct/2014:07:47:35 -0500] "GET /galeria/nivo-slider/demo/images/EncuentroAgua1.jpg HTTP/1.1" 304 -
181.135.199.87 - - [11/Oct/2014:07:47:35 -0500] "GET /galeria/nivo-slider/demo/images/Tingua-azul.jpg HTTP/1.1" 304 -
181.135.199.87 - - [11/Oct/2014:07:47:35 -0500] "GET /galeria/nivo-slider/demo/images/banner-Animal.jpg HTTP/1.1" 304 -
181.135.199.87 - - [11/Oct/2014:07:47:38 -0500] "GET /videos/Spot_Tinguas.flv HTTP/1.1" 200 2087054
66.249.79.67 - - [11/Oct/2014:07:47:39 -0500] "GET /BLA/resoluciones/RESOLUCIONES%202013/0328.pdf HTTP/1.1" 200 2348647
66.249.79.83 - - [11/Oct/2014:07:47:49 -0500] "GET /BLA/resoluciones/RESOLUCIONES%202012/0906.pdf HTTP/1.1" 200 328589
100.43.85.25 - - [11/Oct/2014:07:47:59 -0500] "GET /formasII/eff.pdf HTTP/1.1" 404 1019
66.249.79.67 - - [11/Oct/2014:07:47:58 -0500] "GET /BLA/resoluciones/index.php?dir=RESOLUCIONES%202009/&sort=name&order=desc HTTP/1.1" 200 1672911
66.249.79.67 - - [11/Oct/2014:07:48:07 -0500] "GET /BLA/resoluciones/RESOLUCIONES%202011/4846.pdf HTTP/1.1" 200 445775
66.249.79.83 - - [11/Oct/2014:07:48:16 -0500] "GET /BLA/resoluciones/RESOLUCIONES%202009/4890.pdf HTTP/1.1" 304 -
66.249.79.83 - - [11/Oct/2014:07:48:25 -0500] "GET /BLA/resoluciones/RESOLUCIONES%202007/RES%202007%20901%20AL%201000/RESOLUCION%200920%20DE%202007.pdf HTTP/1.1" 200 150367
66.249.79.119 - - [11/Oct/2014:07:48:29 -0500] "GET /manual_funciones_Listado/2.5.%20Direcci%C3%B3n%20de%20Gesti%C3%B3n%20Corporativa/Profesional%20Especializado%20222-24.pdf HTTP/1.1" 404 1019
66.249.79.75 - - [11/Oct/2014:07:48:34 -0500] "GET /BLA/resoluciones/RESOLUCIONES%202009/8495.pdf HTTP/1.1" 304 -
66.249.79.67 - - [11/Oct/2014:07:48:43 -0500] "GET /BLA/resoluciones/RESOLUCIONES%202013/0467.pdf HTTP/1.1" 200 668394
180.76.6.52 - - [11/Oct/2014:07:48:46 -0500] "GET /BLA/resoluciones/AUTOS%202007/2024.pdf HTTP/1.1" 200 417226
66.249.79.75 - - [11/Oct/2014:07:48:52 -0500] "GET /BLA/resoluciones/RESOLUCIONES%202007/RES%202007%203101%20AL%203200/RESOLUCION%203126%20DE%202007.pdf HTTP/1.1" 304 -
66.249.79.83 - - [11/Oct/2014:07:49:02 -0500] "GET /BLA/resoluciones/AUTOS%202011/6095.pdf HTTP/1.1" 304 -
66.249.79.83 - - [11/Oct/2014:07:49:11 -0500] "GET /BLA/resoluciones/RESOLUCIONES%202011/5034.pdf HTTP/1.1" 304 -
74.86.158.107 - - [11/Oct/2014:07:49:12 -0500] "HEAD / HTTP/1.1" 302 -
66.249.79.75 - - [11/Oct/2014:07:49:20 -0500] "GET /BLA/resoluciones/RESOLUCIONES%202009/7349.pdf HTTP/1.1" 200 2312733
66.249.79.111 - - [11/Oct/2014:07:49:29 -0500] "GET /css/ HTTP/1.1" 404 1019
66.249.79.75 - - [11/Oct/2014:07:49:29 -0500] "GET /BLA/resoluciones/RESOLUCIONES%202011/1150.pdf HTTP/1.1" 304 -
66.249.79.83 - - [11/Oct/2014:07:49:38 -0500] "GET /BLA/resoluciones/RESOLUCIONES%202009/9832.pdf HTTP/1.1" 304 -
66.249.79.83 - - [11/Oct/2014:07:49:40 -0500] "GET /BLA/resoluciones/index.php?dir=RESOLUCIONES%202009/&sort=name&order=asc HTTP/1.1" 200 1672912
66.249.79.83 - - [11/Oct/2014:07:49:45 -0500] "GET /BLA/resoluciones/RESOLUCIONES%202009/4326.pdf HTTP/1.1" 200 4987347
66.249.79.67 - - [11/Oct/2014:07:49:53 -0500] "GET /BLA/resoluciones/RESOLUCIONES%202011/3803.pdf HTTP/1.1" 304 -
66.249.79.83 - - [11/Oct/2014:07:49:56 -0500] "GET /BLA/resoluciones/RESOLUCIONES%202007/RES%202007%203901%20AL%204000/RESOLUCION%203963%20DE%202007.pdf HTTP/1.1" 200 295247
66.249.79.83 - - [11/Oct/2014:07:50:05 -0500] "GET /BLA/resoluciones/RESOLUCIONES%202007/RES%202007%20201%20AL%20300/RESOLUCION%200281%20DE%202007.pdf HTTP/1.1" 200 310958
66.249.79.83 - - [11/Oct/2014:07:50:15 -0500] "GET /BLA/resoluciones/RESOLUCIONES%202013/1305.pdf HTTP/1.1" 200 543974
180.76.6.134 - - [11/Oct/2014:07:50:20 -0500] "GET /BLA/resoluciones/AUTOS%202007/0896.pdf HTTP/1.1" 200 142119
66.249.79.83 - - [11/Oct/2014:07:50:24 -0500] "GET /BLA/resoluciones/RESOLUCIONES%202009/8922.pdf HTTP/1.1" 304 -
207.46.13.132 - - [11/Oct/2014:07:50:27 -0500] "GET /BLA/resoluciones/RESOLUCIONES%202007/RES%202007%20801%20AL%20900/?C=N;O=D HTTP/1.1" 200 24767
207.46.13.132 - - [11/Oct/2014:07:50:27 -0500] "GET /BLA/resoluciones/RESOLUCIONES%202007/RES%202007%204201%20AL%204300/?C=N;O=D HTTP/1.1" 200 24544
207.46.13.132 - - [11/Oct/2014:07:50:28 -0500] "GET /BLA/resoluciones/RESOLUCIONES%202007/RES%202007%20201%20AL%20300/?C=D;O=A HTTP/1.1" 200 25246
207.46.13.132 - - [11/Oct/2014:07:50:28 -0500] "GET /BLA/resoluciones/RESOLUCIONES%202007/RES%202007%201401%20AL%201500/?C=D;O=A HTTP/1.1" 200 24777
207.46.13.132 - - [11/Oct/2014:07:50:28 -0500] "GET /BLA/resoluciones/RESOLUCIONES%202007/RES%202007%201401%20AL%201500/ HTTP/1.1" 200 24777
66.249.79.103 - - [11/Oct/2014:07:50:29 -0500] "GET /htdocs/counter/digits/mcis/ HTTP/1.1" 404 1019
207.46.13.132 - - [11/Oct/2014:07:50:28 -0500] "GET /BLA/resoluciones/Autos%202008/?C=N;O=A HTTP/1.1" 200 617372
66.249.79.67 - - [11/Oct/2014:07:50:33 -0500] "GET /BLA/resoluciones/RESOLUCIONES%202013/1183.pdf HTTP/1.1" 200 399363
207.46.13.132 - - [11/Oct/2014:07:50:31 -0500] "GET /BLA/resoluciones/AUTOS%202009/?C=S;O=A HTTP/1.1" 200 508670
207.46.13.132 - - [11/Oct/2014:07:50:34 -0500] "GET /BLA/resoluciones/AUTOS%202007/?C=M;O=D HTTP/1.1" 200 601336
66.249.79.67 - - [11/Oct/2014:07:50:42 -0500] "GET /BLA/resoluciones/AUTOS%202009/2554.pdf HTTP/1.1" 304 -
187.23.175.17 - - [11/Oct/2014:07:50:46 -0500] "GET /BLA/resoluciones/RESOLUCIONES HTTP/1.0" 404 1018
66.249.79.75 - - [11/Oct/2014:07:50:51 -0500] "GET /BLA/resoluciones/AUTOS%202011/0178.pdf HTTP/1.1" 304 -
180.76.6.63 - - [11/Oct/2014:07:50:55 -0500] "GET /BLA/resoluciones/RESOLUCIONES%202009/2434.pdf HTTP/1.1" 200 459003
66.249.79.75 - - [11/Oct/2014:07:51:00 -0500] "GET /BLA/resoluciones/RESOLUCIONES%202013/0277.pdf HTTP/1.1" 304 -
207.46.13.132 - - [11/Oct/2014:07:50:36 -0500] "GET /BLA/boletinlegal/index.php HTTP/1.1" 200 36352
207.46.13.132 - - [11/Oct/2014:07:51:06 -0500] "GET /videos/galeria-fotografica/index7.html HTTP/1.1" 200 1971
207.46.13.132 - - [11/Oct/2014:07:51:06 -0500] "GET /stormWeb/ HTTP/1.1" 200 12136
66.249.79.67 - - [11/Oct/2014:07:51:09 -0500] "GET /BLA/resoluciones/AUTOS%202009/0822.pdf HTTP/1.1" 200 76993
207.46.13.132 - - [11/Oct/2014:07:51:07 -0500] "GET /bla/resoluciones/resoluciones%202010/?C=N;O=A HTTP/1.1" 200 593332
157.55.39.73 - - [11/Oct/2014:07:51:17 -0500] "GET /BLA/resoluciones/RESOLUCIONES%202007/RES%202007%20901%20AL%201000/?C=N;O=D HTTP/1.1" 200 24769
157.55.39.73 - - [11/Oct/2014:07:51:17 -0500] "GET /BLA/resoluciones/RESOLUCIONES%202007/RES%202007%20201%20AL%20300/?C=N;O=D HTTP/1.1" 200 25246
66.249.79.75 - - [11/Oct/2014:07:51:28 -0500] "GET /Residuos/vehiculos/files/search/search49.xml HTTP/1.1" 404 1018
66.249.79.119 - - [11/Oct/2014:07:51:31 -0500] "GET /errores/Diciembre/access.log HTTP/1.1" 404 1019
66.249.79.83 - - [11/Oct/2014:07:51:37 -0500] "GET /BLA/resoluciones/RESOLUCIONES%202011/3068.pdf HTTP/1.1" 200 924408
66.249.79.75 - - [11/Oct/2014:07:51:46 -0500] "GET /BLA/resoluciones/RESOLUCIONES%202007/RES%202007%203901%20AL%204000/RESOLUCION%203948%20DE%202007.pdf HTTP/1.1" 200 746521
157.55.39.73 - - [11/Oct/2014:07:51:18 -0500] "GET /BLA/boletinlegal/ HTTP/1.1" 200 35188
66.249.79.75 - - [11/Oct/2014:07:51:55 -0500] "GET /BLA/resoluciones/AUTOS%202011/3937.pdf HTTP/1.1" 200 505475
66.249.79.75 - - [11/Oct/2014:07:52:03 -0500] "GET /BLA/resoluciones/RESOLUCIONES%202006/RES%202006%202601-2650/00002626.tif HTTP/1.1" 200 146204
186.31.60.233 - - [11/Oct/2014:07:52:04 -0500] "GET /BLA/boletinlegal/js/jquery.js HTTP/1.1" 200 57254
186.31.60.233 - - [11/Oct/2014:07:52:04 -0500] "GET /BLA/boletinlegal/js/jquery.scrollTo-min.js HTTP/1.1" 200 1150
186.31.60.233 - - [11/Oct/2014:07:52:04 -0500] "GET /BLA/boletinlegal/js/jquery.scrollShow.js HTTP/1.1" 200 4586
186.31.60.233 - - [11/Oct/2014:07:52:04 -0500] "GET /galeria/carrusel/Carrusel/jquery-ui-1.8.13.custom.min.js HTTP/1.1" 200 10800
186.31.60.233 - - [11/Oct/2014:07:52:04 -0500] "GET /galeria/carrusel/Carrusel/jquery.thumbnailScroller.css HTTP/1.1" 200 2066
186.31.60.233 - - [11/Oct/2014:07:52:04 -0500] "GET /galeria/carrusel/Carrusel/jquery.thumbnailScroller.js HTTP/1.1" 200 8157
66.249.79.67 - - [11/Oct/2014:07:52:04 -0500] "GET /BLA/resoluciones/AUTOS%202011/1421.pdf HTTP/1.1" 200 153371
186.31.60.233 - - [11/Oct/2014:07:52:06 -0500] "GET /galeria/nivo-slider/demo/demo.html HTTP/1.1" 200 3315
186.31.60.233 - - [11/Oct/2014:07:52:06 -0500] "GET /galeria/nivo-slider/themes/default/default.css HTTP/1.1" 200 1569
186.31.60.233 - - [11/Oct/2014:07:52:06 -0500] "GET /galeria/nivo-slider/themes/pascal/pascal.css HTTP/1.1" 200 2258
186.31.60.233 - - [11/Oct/2014:07:52:06 -0500] "GET /galeria/nivo-slider/themes/orman/orman.css HTTP/1.1" 200 2152
186.31.60.233 - - [11/Oct/2014:07:52:06 -0500] "GET /galeria/nivo-slider/nivo-slider.css HTTP/1.1" 200 1507
186.31.60.233 - - [11/Oct/2014:07:52:06 -0500] "GET /galeria/nivo-slider/demo/style.css HTTP/1.1" 200 2222
186.31.60.233 - - [11/Oct/2014:07:52:06 -0500] "GET /galeria/nivo-slider/demo/images/EncuentroAgua1.jpg HTTP/1.1" 200 274179
186.31.60.233 - - [11/Oct/2014:07:52:06 -0500] "GET /galeria/nivo-slider/demo/scripts/jquery-1.7.1.min.js HTTP/1.1" 200 93868
186.31.60.233 - - [11/Oct/2014:07:52:06 -0500] "GET /galeria/nivo-slider/jquery.nivo.slider.pack.js HTTP/1.1" 200 11561
186.31.60.233 - - [11/Oct/2014:07:52:06 -0500] "GET /galeria/nivo-slider/demo/images/banner-Animal.jpg HTTP/1.1" 200 257223
186.31.60.233 - - [11/Oct/2014:07:52:06 -0500] "GET /galeria/nivo-slider/demo/images/Tingua-azul.jpg HTTP/1.1" 200 307638
186.31.60.233 - - [11/Oct/2014:07:52:06 -0500] "GET /galeria/nivo-slider/demo/images/Banner-Caracol-Africano.jpg HTTP/1.1" 200 331986
186.31.60.233 - - [11/Oct/2014:07:52:07 -0500] "GET /galeria/nivo-slider/demo/images/banner-llantas2.jpg HTTP/1.1" 200 73153
186.31.60.233 - - [11/Oct/2014:07:52:07 -0500] "GET /galeria/nivo-slider/demo/images/9Signos.jpg HTTP/1.1" 200 93040
186.31.60.233 - - [11/Oct/2014:07:52:07 -0500] "GET /galeria/nivo-slider/demo/images/banner-encuesta.jpg HTTP/1.1" 200 42764
186.31.60.233 - - [11/Oct/2014:07:52:08 -0500] "GET /galeria/nivo-slider/demo/images/banner-caballos.png HTTP/1.1" 200 389106
186.31.60.233 - - [11/Oct/2014:07:52:08 -0500] "GET /galeria/nivo-slider/demo/images/ConstructorasFNL.jpg HTTP/1.1" 200 216551
186.31.60.233 - - [11/Oct/2014:07:52:08 -0500] "GET /galeria/nivo-slider/demo/images/Hacienda_Molinos.jpg HTTP/1.1" 200 319171
186.31.60.233 - - [11/Oct/2014:07:52:08 -0500] "GET /galeria/nivo-slider/demo/images/bannerEcolecta3.jpg HTTP/1.1" 200 280034
186.31.60.233 - - [11/Oct/2014:07:52:09 -0500] "GET /galeria/nivo-slider/demo/images/4Simple_Slider.png HTTP/1.1" 200 11722
186.31.60.233 - - [11/Oct/2014:07:52:09 -0500] "GET /galeria/nivo-slider/themes/default/loading.gif HTTP/1.1" 200 1737
66.249.79.75 - - [11/Oct/2014:07:52:13 -0500] "GET /BLA/resoluciones/RESOLUCIONES%202007/RES%202007%201%20AL%20100/RESOLUCION%200094%20DE%202007.pdf HTTP/1.1" 200 479993
186.31.60.233 - - [11/Oct/2014:07:52:15 -0500] "GET /galeria/nivo-slider/themes/default/bullets.png HTTP/1.1" 200 1281
186.31.60.233 - - [11/Oct/2014:07:52:15 -0500] "GET /galeria/nivo-slider/themes/default/arrows.png HTTP/1.1" 200 824
186.31.60.233 - - [11/Oct/2014:07:52:16 -0500] "GET /videos/Spot_Tinguas.flv HTTP/1.1" 200 2087054
66.249.79.67 - - [11/Oct/2014:07:52:22 -0500] "GET /BLA/resoluciones/RESOLUCIONES%202011/4647.pdf HTTP/1.1" 200 608988
207.46.13.132 - - [11/Oct/2014:07:52:24 -0500] "GET /bla/resoluciones/resoluciones%202009/?C=M;O=A HTTP/1.1" 200 593332
66.249.79.103 - - [11/Oct/2014:07:52:28 -0500] "GET /MANUALFUNC/Administrativa%20y%20Financiera/407-17%20Auxiliar%20Administrativo%20-%20SAF%20_Contabilidad_.pdf HTTP/1.1" 404 1019
66.249.79.75 - - [11/Oct/2014:07:52:31 -0500] "GET /BLA/resoluciones/index.php?dir=RESOLUCIONES%202003/RES%202003%20451-500/&sort=name&order=desc HTTP/1.1" 200 11310
66.249.79.67 - - [11/Oct/2014:07:52:40 -0500] "GET /BLA/resoluciones/RESOLUCIONES%202007/RES%202007%202101%20AL%202200/RESOLUCION%202187%20%20DE%202007.pdf HTTP/1.1" 200 792062
66.249.79.83 - - [11/Oct/2014:07:52:50 -0500] "GET /BLA/resoluciones/AUTOS%202008/2745.pdf HTTP/1.1" 200 309911
207.46.13.132 - - [11/Oct/2014:07:52:48 -0500] "GET /bla/resoluciones/RESOLUCIONES%202011/?C=S;O=A HTTP/1.1" 200 593331
66.249.79.75 - - [11/Oct/2014:07:52:59 -0500] "GET /BLA/resoluciones/AUTOS%202008/1050.pdf HTTP/1.1" 200 227170
66.249.79.67 - - [11/Oct/2014:07:53:08 -0500] "GET /BLA/resoluciones/AUTOS%202007/2766.pdf HTTP/1.1" 200 145601
66.249.79.75 - - [11/Oct/2014:07:53:17 -0500] "GET /BLA/resoluciones/RESOLUCIONES%202007/RES%202007%202401%20AL%202500/RESOLUCION%202471%20DE%202007.pdf HTTP/1.1" 200 154147
207.46.13.132 - - [11/Oct/2014:07:53:25 -0500] "GET /robots.txt HTTP/1.1" 404 1018
66.249.79.75 - - [11/Oct/2014:07:53:26 -0500] "GET /Residuos/curtiembres/files/search/search121.xml HTTP/1.1" 404 1018
66.249.79.111 - - [11/Oct/2014:07:53:28 -0500] "GET /intranet/midama3_files/ HTTP/1.1" 404 1019
190.153.39.7 - - [11/Oct/2014:07:53:32 -0500] "GET /BLA/boletinlegal/js/jquery.js HTTP/1.1" 200 57254
190.153.39.7 - - [11/Oct/2014:07:53:32 -0500] "GET /BLA/boletinlegal/js/jquery.scrollTo-min.js HTTP/1.1" 200 1150
190.153.39.7 - - [11/Oct/2014:07:53:32 -0500] "GET /BLA/boletinlegal/js/jquery.scrollShow.js HTTP/1.1" 200 4586
66.249.79.67 - - [11/Oct/2014:07:53:35 -0500] "GET /BLA/resoluciones/RESOLUCIONES%202007/RES%202007%20901%20AL%201000/RESOLUCION%200937%20DE%202007.pdf HTTP/1.1" 200 851577
66.249.79.67 - - [11/Oct/2014:07:53:44 -0500] "GET /BLA/resoluciones/AUTOS%202008/1632.pdf HTTP/1.1" 200 62132
66.249.79.83 - - [11/Oct/2014:07:53:53 -0500] "GET /Autoliquidacion/Cobro%20Clasificacion%20Uso%20De%20Vivenda%20En%20Suelo%20Restringido/COMPATIBILIDAD%20USO%20DE%20VIVIENDA/ HTTP/1.1" 200 1331
66.249.79.83 - - [11/Oct/2014:07:54:03 -0500] "GET /BLA/resoluciones/AUTOS%202012/1777.pdf HTTP/1.1" 200 394963
181.54.43.130 - - [11/Oct/2014:07:54:04 -0500] "GET /BLA/boletinlegal/js/jquery.scrollTo-min.js HTTP/1.1" 200 1150
181.54.43.130 - - [11/Oct/2014:07:54:04 -0500] "GET /BLA/boletinlegal/js/jquery.js HTTP/1.1" 200 57254
181.54.43.130 - - [11/Oct/2014:07:54:04 -0500] "GET /BLA/boletinlegal/js/jquery.scrollShow.js HTTP/1.1" 200 4586
66.249.79.67 - - [11/Oct/2014:07:54:12 -0500] "GET /BLA/resoluciones/AUTOS%202008/0806.pdf HTTP/1.1" 200 114443
74.86.158.107 - - [11/Oct/2014:07:54:12 -0500] "HEAD / HTTP/1.1" 302 -
207.46.13.132 - - [11/Oct/2014:07:54:15 -0500] "GET /bla/resoluciones/RESOLUCIONES%202011/?C=M;O=D HTTP/1.1" 200 737445
66.249.79.67 - - [11/Oct/2014:07:54:21 -0500] "GET /BLA/resoluciones/AUTOS%202009/0504.pdf HTTP/1.1" 200 166295
207.46.13.132 - - [11/Oct/2014:07:54:20 -0500] "GET /bla/resoluciones/RESOLUCIONES%202009/?C=S;O=D HTTP/1.1" 200 593332
207.46.13.132 - - [11/Oct/2014:07:54:23 -0500] "GET /bla/resoluciones/RESOLUCIONES%202009/?C=M;O=A HTTP/1.1" 200 593332
157.55.39.73 - - [11/Oct/2014:07:54:27 -0500] "GET /galeria/nivo-slider/demo/demo.html HTTP/1.1" 200 3315
66.249.79.111 - - [11/Oct/2014:07:54:28 -0500] "GET /participacion/EN%20ESTE%20MOMENTO%20NO%20HAY%20INFORMACION%20HASTA%20QUE%20SE%20REALICE%20EL%20TRASTEO%20A%20LA%20NUEVA%20SEDE/ HTTP/1.1" 404 1019
157.55.39.73 - - [11/Oct/2014:07:54:27 -0500] "GET /bla/resoluciones/autos%202010/?C=D;O=A HTTP/1.1" 200 271930
207.46.13.132 - - [11/Oct/2014:07:54:26 -0500] "GET /BLA/resoluciones/index.php?dir=RESOLUCIONES%202010/&sort=date&order=desc HTTP/1.1" 200 607259
66.249.79.75 - - [11/Oct/2014:07:54:30 -0500] "GET /BLA/resoluciones/RESOLUCIONES%202007/RES%202007%204101%20AL%204200/RESOLUCION%204153%20DE%202007.pdf HTTP/1.1" 200 294085
66.249.79.67 - - [11/Oct/2014:07:54:46 -0500] "GET /BLA/resoluciones/RESOLUCIONES%202004/RES%202004%201151-1200/00001175.tif HTTP/1.1" 200 198952
66.249.79.111 - - [11/Oct/2014:07:55:28 -0500] "GET /htdocs/gallery2/g2data/cache/derivative/2/7/278-meta.inc HTTP/1.1" 404 1019
66.249.79.75 - - [11/Oct/2014:07:55:43 -0500] "GET /robots.txt HTTP/1.1" 404 1015
66.249.79.75 - - [11/Oct/2014:07:55:43 -0500] "GET /.n/ HTTP/1.1" 404 1015
207.46.13.132 - - [11/Oct/2014:07:55:57 -0500] "GET /BLA/resoluciones/Resoluciones%202011/?C=S;O=A HTTP/1.1" 200 593331
207.46.13.132 - - [11/Oct/2014:07:56:00 -0500] "GET /BLA/resoluciones/RESOLUCIONES%202009/?C=M;O=A HTTP/1.1" 200 593332
207.46.13.132 - - [11/Oct/2014:07:56:03 -0500] "GET /BLA/resoluciones/RESOLUCIONES%202008/?C=N;O=D HTTP/1.1" 200 593209
190.146.146.65 - - [11/Oct/2014:07:56:32 -0500] "GET /BLA/boletinlegal/js/jquery.js HTTP/1.1" 200 57254
190.146.146.65 - - [11/Oct/2014:07:56:32 -0500] "GET /BLA/boletinlegal/js/jquery.scrollTo-min.js HTTP/1.1" 200 1150
190.146.146.65 - - [11/Oct/2014:07:56:32 -0500] "GET /galeria/carrusel/Carrusel/jquery.thumbnailScroller.js HTTP/1.1" 200 8157
190.146.146.65 - - [11/Oct/2014:07:56:32 -0500] "GET /BLA/boletinlegal/js/jquery.scrollShow.js HTTP/1.1" 200 4586
190.146.146.65 - - [11/Oct/2014:07:56:32 -0500] "GET /galeria/carrusel/Carrusel/jquery.thumbnailScroller.css HTTP/1.1" 200 2066
190.146.146.65 - - [11/Oct/2014:07:56:32 -0500] "GET /galeria/carrusel/Carrusel/jquery-ui-1.8.13.custom.min.js HTTP/1.1" 200 10800
190.146.146.65 - - [11/Oct/2014:07:56:33 -0500] "GET /galeria/nivo-slider/demo/demo.html HTTP/1.1" 200 3315
190.146.146.65 - - [11/Oct/2014:07:56:33 -0500] "GET /galeria/nivo-slider/nivo-slider.css HTTP/1.1" 200 1507
190.146.146.65 - - [11/Oct/2014:07:56:33 -0500] "GET /galeria/nivo-slider/themes/pascal/pascal.css HTTP/1.1" 200 2258
190.146.146.65 - - [11/Oct/2014:07:56:33 -0500] "GET /galeria/nivo-slider/demo/style.css HTTP/1.1" 200 2222
190.146.146.65 - - [11/Oct/2014:07:56:33 -0500] "GET /galeria/nivo-slider/themes/orman/orman.css HTTP/1.1" 200 2152
190.146.146.65 - - [11/Oct/2014:07:56:33 -0500] "GET /galeria/nivo-slider/themes/default/default.css HTTP/1.1" 200 1569
190.146.146.65 - - [11/Oct/2014:07:56:33 -0500] "GET /galeria/nivo-slider/demo/images/EncuentroAgua1.jpg HTTP/1.1" 200 274179
190.146.146.65 - - [11/Oct/2014:07:56:33 -0500] "GET /galeria/nivo-slider/demo/scripts/jquery-1.7.1.min.js HTTP/1.1" 200 93868
