66.249.79.67 - - [11/Oct/2014:14:04:15 -0500] "GET /BLA/resoluciones/AUTOS%202006/AUTOS%202006%201001-1100/INDEX.DAT HTTP/1.1" 200 4000
180.76.6.59 - - [11/Oct/2014:14:04:25 -0500] "GET /Autoliquidacion/TR%C1MITES%20VERTIMIENTOS/Aplicativo%20Eval%202014.xlsx HTTP/1.1" 403 1006
181.50.241.109 - - [11/Oct/2014:14:04:28 -0500] "POST /forms/lservlet;jsessionid=ac16012b30d562512b092b8b42babb5fc0e78d4a907c.e3iSbxaKaheRe34Sa3yKbhiTahb0n6jAmljGr5XDqQLvpAe HTTP/1.1" 200 2
66.249.79.67 - - [11/Oct/2014:14:04:29 -0500] "GET /BLA/resoluciones/index.php?dir=RESOLUCIONES%202004/RES%202004%2051-100/&sort=size&order=asc HTTP/1.1" 200 11980
190.60.89.179 - - [11/Oct/2014:14:04:31 -0500] "GET /autoliquidacion/index.php?dir=Solicitudes+relacionadas+con+calidad+del+aire+auditiva+y+visual%2F HTTP/1.1" 200 5748
190.60.89.179 - - [11/Oct/2014:14:04:31 -0500] "GET /autoliquidacion/dlf/dirup.png HTTP/1.1" 200 644
66.249.79.75 - - [11/Oct/2014:14:04:33 -0500] "GET /BLA/resoluciones/RESOLUCIONES%202008/3401.pdf HTTP/1.1" 200 233131
201.244.216.58 - - [11/Oct/2014:14:04:38 -0500] "GET /autoliquidacion/index.php?dir=&sort=size&order=asc HTTP/1.1" 200 6375
66.249.79.67 - - [11/Oct/2014:14:04:39 -0500] "GET /huelladecarbono/descargas.html HTTP/1.1" 404 1018
200.35.59.87 - - [11/Oct/2014:14:04:39 -0500] "GET /BLA/boletinlegal/js/jquery.js HTTP/1.1" 200 57254
200.35.59.87 - - [11/Oct/2014:14:04:39 -0500] "GET /BLA/boletinlegal/js/jquery.scrollTo-min.js HTTP/1.1" 200 1150
200.35.59.87 - - [11/Oct/2014:14:04:39 -0500] "GET /BLA/boletinlegal/js/jquery.scrollShow.js HTTP/1.1" 200 4586
201.244.216.58 - - [11/Oct/2014:14:04:40 -0500] "GET /autoliquidacion/index.php?dir=&sort=name&order=asc HTTP/1.1" 200 6375
190.60.89.179 - - [11/Oct/2014:14:04:41 -0500] "GET /autoliquidacion/index.php?dir=Solicitudes+relacionadas+con+calidad+del+aire+auditiva+y+visual%2FRegistro+de+Elementos+de+publicidad+Exterior+Visual%2F HTTP/1.1" 200 4038
190.60.89.179 - - [11/Oct/2014:14:04:41 -0500] "GET /autoliquidacion/dlf/xls.gif HTTP/1.1" 200 636
190.60.89.179 - - [11/Oct/2014:14:04:41 -0500] "GET /autoliquidacion/dlf/pdf.gif HTTP/1.1" 200 272
201.244.216.58 - - [11/Oct/2014:14:04:41 -0500] "GET /autoliquidacion/index.php?dir=Cobro+Clasificacion+Uso+De+Vivenda+En+Suelo+Restringido%2F HTTP/1.1" 200 3220
201.244.216.58 - - [11/Oct/2014:14:04:41 -0500] "GET /autoliquidacion/dlf/dirup.png HTTP/1.1" 200 644
201.244.216.58 - - [11/Oct/2014:14:04:41 -0500] "GET /autoliquidacion/dlf/unknown.png HTTP/1.1" 200 266
201.244.216.58 - - [11/Oct/2014:14:04:41 -0500] "GET /autoliquidacion/dlf/doc.gif HTTP/1.1" 200 1079
66.249.79.67 - - [11/Oct/2014:14:04:42 -0500] "GET /BLA/resoluciones/RESOLUCIONES%202011/1824.pdf HTTP/1.1" 200 501736
201.244.216.58 - - [11/Oct/2014:14:04:45 -0500] "GET /autoliquidacion/index.php?dir=Cobro+Clasificacion+Uso+De+Vivenda+En+Suelo+Restringido%2FCOMPATIBILIDAD+USO+DE+VIVIENDA%2F HTTP/1.1" 200 2813
201.244.216.58 - - [11/Oct/2014:14:04:45 -0500] "GET /autoliquidacion/dlf/xls.gif HTTP/1.1" 200 636
74.86.158.107 - - [11/Oct/2014:14:04:47 -0500] "HEAD / HTTP/1.1" 302 -
201.244.216.58 - - [11/Oct/2014:14:04:51 -0500] "GET /autoliquidacion/Cobro%20Clasificacion%20Uso%20De%20Vivenda%20En%20Suelo%20Restringido/COMPATIBILIDAD%20USO%20DE%20VIVIENDA/Copia%20de%20anexo%204%20formulario%20compatibilidad%20de%20uso%20de%20vivienda%20en%20suelo%20restringido01.xls HTTP/1.1" 200 59392
190.60.89.179 - - [11/Oct/2014:14:04:52 -0500] "GET /autoliquidacion/Solicitudes%20relacionadas%20con%20calidad%20del%20aire%20auditiva%20y%20visual/Registro%20de%20Elementos%20de%20publicidad%20Exterior%20Visual/126pm04-pr16-f-a20-1%20Lista%20de%20Chequeo.xls HTTP/1.1" 200 114176
66.249.79.83 - - [11/Oct/2014:14:04:53 -0500] "GET /BLA/resoluciones/RESOLUCIONES%202009/8322.pdf HTTP/1.1" 200 375102
201.244.216.58 - - [11/Oct/2014:14:04:56 -0500] "GET /autoliquidacion/index.php?dir=Cobro+Clasificacion+Uso+De+Vivenda+En+Suelo+Restringido%2F HTTP/1.1" 200 3220
66.249.79.83 - - [11/Oct/2014:14:04:56 -0500] "GET /BLA/resoluciones/RESOLUCIONES%202011/2856.pdf HTTP/1.1" 200 697816
201.244.216.58 - - [11/Oct/2014:14:04:57 -0500] "GET /autoliquidacion/Cobro%20Clasificacion%20Uso%20De%20Vivenda%20En%20Suelo%20Restringido/instructivo.doc HTTP/1.1" 200 68608
201.244.216.58 - - [11/Oct/2014:14:04:59 -0500] "GET /autoliquidacion/Cobro%20Clasificacion%20Uso%20De%20Vivenda%20En%20Suelo%20Restringido/APLICATIVO%20SEGAE%20CLASIFICACION%20USO%20DE%20VIVENDA%20EN%20SUELO%20RESTRINGIDO%202014.xlsx HTTP/1.1" 200 180733
180.76.5.71 - - [11/Oct/2014:14:04:59 -0500] "GET /BLA/resoluciones/RESOLUCIONES%202008/0640.pdf HTTP/1.1" 200 458068
201.244.216.58 - - [11/Oct/2014:14:05:01 -0500] "GET /autoliquidacion/Cobro%20Clasificacion%20Uso%20De%20Vivenda%20En%20Suelo%20Restringido/Aplicativo%20SCASP%20Actualizado%202014+.xlsx HTTP/1.1" 200 82313
201.244.216.58 - - [11/Oct/2014:14:05:02 -0500] "GET /autoliquidacion/index.php?dir=Cobro+Clasificacion+Uso+De+Vivenda+En+Suelo+Restringido%2FCOMPATIBILIDAD+USO+DE+VIVIENDA%2F HTTP/1.1" 200 2813
190.60.89.179 - - [11/Oct/2014:14:05:03 -0500] "GET /autoliquidacion/Solicitudes%20relacionadas%20con%20calidad%20del%20aire%20auditiva%20y%20visual/Registro%20de%20Elementos%20de%20publicidad%20Exterior%20Visual/126pm04-pr16-f-a301%20Formato%20Solicitud%20de%20registro.xls HTTP/1.1" 200 3573248
201.244.216.58 - - [11/Oct/2014:14:05:04 -0500] "GET /autoliquidacion/index.php?dir=Cobro+Clasificacion+Uso+De+Vivenda+En+Suelo+Restringido%2F HTTP/1.1" 200 3220
201.244.216.58 - - [11/Oct/2014:14:05:07 -0500] "GET /autoliquidacion/index.php?dir= HTTP/1.1" 200 6375
201.244.216.58 - - [11/Oct/2014:14:05:08 -0500] "GET /autoliquidacion/index.php?dir=Cobro+Evaluacion+Certificaci%F3n+Para+La+Deducci%F3n+Por+Inversi%F3n+En+Medio+Ambiente%2F HTTP/1.1" 200 2987
201.244.216.58 - - [11/Oct/2014:14:05:09 -0500] "GET /autoliquidacion/dlf/pdf.gif HTTP/1.1" 200 272
66.249.79.75 - - [11/Oct/2014:14:05:10 -0500] "GET /BLA/resoluciones/RESOLUCIONES%202010/4595.pdf HTTP/1.1" 200 1286980
201.244.216.58 - - [11/Oct/2014:14:05:10 -0500] "GET /autoliquidacion/Cobro%20Evaluacion%20Certificaci%C3%B3n%20Para%20La%20Deducci%C3%B3n%20Por%20Inversi%C3%B3n%20En%20Medio%20Ambiente/Formato%20de%20solicitud%20por%20acreditaci%C3%B3n%20ambiental.....pdf HTTP/1.1" 200 35656
66.249.79.75 - - [11/Oct/2014:14:05:14 -0500] "GET /BLA/resoluciones/RESOLUCIONES%202004/RES%202004%201151-1200/00001160.tif HTTP/1.1" 200 196118
66.249.79.75 - - [11/Oct/2014:14:05:23 -0500] "GET /BLA/resoluciones/RESOLUCIONES%202010/5583.pdf HTTP/1.1" 200 359126
190.250.74.108 - - [11/Oct/2014:14:05:26 -0500] "GET /BLA/boletinlegal/js/jquery.scrollTo-min.js HTTP/1.1" 200 1150
190.250.74.108 - - [11/Oct/2014:14:05:26 -0500] "GET /BLA/boletinlegal/js/jquery.js HTTP/1.1" 200 57254
190.250.74.108 - - [11/Oct/2014:14:05:26 -0500] "GET /BLA/boletinlegal/js/jquery.scrollShow.js HTTP/1.1" 200 4586
190.250.74.108 - - [11/Oct/2014:14:05:28 -0500] "GET /hidrico/aguas%20subterraneas/ HTTP/1.1" 404 1296
66.249.79.83 - - [11/Oct/2014:14:05:31 -0500] "GET /BLA/resoluciones/RESOLUCIONES%202011/2793.pdf HTTP/1.1" 200 403003
180.76.6.55 - - [11/Oct/2014:14:05:33 -0500] "GET /BLA/resoluciones/AUTOS%202007/0183.pdf HTTP/1.1" 200 121022
66.249.79.67 - - [11/Oct/2014:14:05:37 -0500] "GET /BLA/resoluciones/RESOLUCIONES%202008/4151.pdf HTTP/1.1" 200 815905
66.249.79.83 - - [11/Oct/2014:14:05:42 -0500] "GET /BLA/resoluciones/RESOLUCIONES%202014/3163.pdf HTTP/1.1" 200 1193571
144.76.185.173 - - [11/Oct/2014:14:05:50 -0500] "GET /dama/libreria/pdf/autorreg/info_empresas.pdf HTTP/1.1" 404 1019
66.249.79.67 - - [11/Oct/2014:14:05:51 -0500] "GET /BLA/resoluciones/RESOLUCIONES%202007/RES%202007%202801%20AL%202900/RESOLUCION%202810%20DE%202007.pdf HTTP/1.1" 200 589452
66.249.79.103 - - [11/Oct/2014:14:06:05 -0500] "GET /BLA/boletinlegal/jurisprudencia/analisis/CUADRO%20ANALISIS%20SENTENCIA%20T-411%20DE%201992.doc HTTP/1.1" 304 -
66.249.79.83 - - [11/Oct/2014:14:06:07 -0500] "GET /BLA/resoluciones/RESOLUCIONES%202008/5024.pdf HTTP/1.1" 200 233601
190.157.186.250 - - [11/Oct/2014:14:06:15 -0500] "GET /forest/session.jsp?a=0.5782945321407169 HTTP/1.1" 200 4
66.249.79.103 - - [11/Oct/2014:14:06:18 -0500] "GET /POT-2013/Cartografia/10_EEP_Urbana.pdf HTTP/1.1" 304 -
186.29.236.245 - - [11/Oct/2014:14:06:27 -0500] "GET /forest/session.jsp?a=0.6697584070816937 HTTP/1.1" 200 4
181.50.241.109 - - [11/Oct/2014:14:06:28 -0500] "POST /forms/lservlet;jsessionid=ac16012b30d562512b092b8b42babb5fc0e78d4a907c.e3iSbxaKaheRe34Sa3yKbhiTahb0n6jAmljGr5XDqQLvpAe HTTP/1.1" 200 2
66.249.79.75 - - [11/Oct/2014:14:06:39 -0500] "GET /BLA/resoluciones/RESOLUCIONES%202012/1114.pdf HTTP/1.1" 304 -
66.249.79.111 - - [11/Oct/2014:14:06:46 -0500] "GET /POT-2013/Cartografia/15_Sistema%20de%20Movilidad%20_Secciones%20Viales_Circuitos_movilida.pdf HTTP/1.1" 304 -
181.130.104.101 - - [11/Oct/2014:14:06:47 -0500] "GET /BLA/boletinlegal/js/jquery.scrollTo-min.js HTTP/1.1" 200 1150
181.130.104.101 - - [11/Oct/2014:14:06:47 -0500] "GET /BLA/boletinlegal/js/jquery.js HTTP/1.1" 200 57254
181.130.104.101 - - [11/Oct/2014:14:06:47 -0500] "GET /BLA/boletinlegal/js/jquery.scrollShow.js HTTP/1.1" 200 4586
66.249.79.83 - - [11/Oct/2014:14:06:55 -0500] "GET /BLA/resoluciones/RESOLUCIONES%202008/1563.pdf HTTP/1.1" 200 308238
201.244.216.58 - - [11/Oct/2014:14:06:58 -0500] "GET /autoliquidacion/ HTTP/1.1" 200 6375
66.249.79.119 - - [11/Oct/2014:14:06:59 -0500] "GET /BLA/boletinlegal/Circulares/2013/Circular%20No.%201%20del%2014%20de%20enero%20de%202013.pdf HTTP/1.1" 304 -
201.244.216.58 - - [11/Oct/2014:14:07:01 -0500] "GET /autoliquidacion/index.php?dir=Cobro+Evaluacion+Certificaci%F3n+Para+La+Deducci%F3n+Por+Inversi%F3n+En+Medio+Ambiente%2F HTTP/1.1" 200 2987
201.244.216.58 - - [11/Oct/2014:14:07:03 -0500] "GET /autoliquidacion/Cobro%20Evaluacion%20Certificaci%C3%B3n%20Para%20La%20Deducci%C3%B3n%20Por%20Inversi%C3%B3n%20En%20Medio%20Ambiente/APLICATIVO%20SEGAE%20CERTIFICACI%C3%93N%20PARA%20LA%20DEDUCCI%C3%93N%20POR%20INVERSI%C3%93N%20EN%20MEDIO%20AMBIENTE%202014.xlsx HTTP/1.1" 200 274338
201.244.216.58 - - [11/Oct/2014:14:07:06 -0500] "GET /autoliquidacion/index.php?dir= HTTP/1.1" 200 6375
201.244.216.58 - - [11/Oct/2014:14:07:08 -0500] "GET /autoliquidacion/index.php?dir=Fauna+Silvestre%2F HTTP/1.1" 200 3499
66.249.79.103 - - [11/Oct/2014:14:07:13 -0500] "GET /PORTAL_SIAC/swf/Residuos/lavanderias/files/search/search1.xml HTTP/1.1" 304 -
201.244.216.58 - - [11/Oct/2014:14:07:14 -0500] "GET /autoliquidacion/Fauna%20Silvestre/LISTA%20DE%20CHEQUEO%20Y%20FORMATO%20DE%20SOLICITUD%20DE%20VERIFICACI%C3%93N%20DE%20EXPORTACIONES%20E%20IMPORTACIONES.xls HTTP/1.1" 200 797696
201.244.216.58 - - [11/Oct/2014:14:07:15 -0500] "GET /autoliquidacion/Fauna%20Silvestre/LISTA%20DE%20CHEQUEO%20Y%20FORMATO%20DE%20SOLICITUD%20DE%20SALVOCONDUCTOS%20DE%20MOVILIZACI%C3%93N.xls HTTP/1.1" 200 851456
201.244.216.58 - - [11/Oct/2014:14:07:16 -0500] "GET /autoliquidacion/Fauna%20Silvestre/LISTA%20DE%20CHEQUEO%20Y%20FORMATO%20DE%20SOLICITUD%20DE%20OTORGAMIENTO%20O%20MODIFICACION%20DE%20PERMISOS.xls HTTP/1.1" 200 852480
201.244.216.58 - - [11/Oct/2014:14:07:18 -0500] "GET /autoliquidacion/Fauna%20Silvestre/APLICATIVO%20DE%20LIQUIDACI%C3%93N%20COSTOS%20(FAUNA%20SILVESTRE%202014%20DEFINITIVO).xls HTTP/1.1" 200 245248
201.244.216.58 - - [11/Oct/2014:14:07:19 -0500] "GET /autoliquidacion/Fauna%20Silvestre/APLICATIVO%20COSTO%20EVALUACION%20SALVOCONDUCTO%202014.xls HTTP/1.1" 200 104960
201.244.216.58 - - [11/Oct/2014:14:07:22 -0500] "GET /autoliquidacion/index.php?dir= HTTP/1.1" 200 6375
201.244.216.58 - - [11/Oct/2014:14:07:25 -0500] "GET /autoliquidacion/index.php?dir=Fauna+Silvestre%2F HTTP/1.1" 200 3499
66.249.79.119 - - [11/Oct/2014:14:07:27 -0500] "GET /POT-2013/Cartografia/32_Altura%20para%20c%C3%A1lculo%20de%20edificabilidad%20predominante%20y%20aisl.pdf HTTP/1.1" 304 -
201.244.216.58 - - [11/Oct/2014:14:07:29 -0500] "GET /autoliquidacion/index.php?dir= HTTP/1.1" 200 6375
201.244.216.58 - - [11/Oct/2014:14:07:31 -0500] "GET /autoliquidacion/index.php?dir=Grupo+Forestal+-+Industria+de+la+Madera%2F HTTP/1.1" 200 7195
66.249.79.119 - - [11/Oct/2014:14:07:38 -0500] "GET /Autoliquidacion/index.php?dir=Solicitud+de+Licencia+Ambiental%2F HTTP/1.1" 200 2650
66.249.79.119 - - [11/Oct/2014:14:07:40 -0500] "GET /PORTAL_SIAC/swf/Residuos/maderas/maderas.swf?pageNumber= HTTP/1.1" 304 -
201.244.216.58 - - [11/Oct/2014:14:07:43 -0500] "GET /autoliquidacion/Grupo%20Forestal%20-%20Industria%20de%20la%20Madera/APLICATIVO%20COSTO%20EVALUACION%20CERTIFICACIONES%202014.xls HTTP/1.1" 200 334848
201.244.216.58 - - [11/Oct/2014:14:07:45 -0500] "GET /autoliquidacion/Grupo%20Forestal%20-%20Industria%20de%20la%20Madera/APLICATIVO%20COSTO%20EVALUACION%20SALVOCONDUCTO%202014.xls HTTP/1.1" 200 104960
201.244.216.58 - - [11/Oct/2014:14:07:46 -0500] "GET /autoliquidacion/Grupo%20Forestal%20-%20Industria%20de%20la%20Madera/APLICATIVO%20COSTO%20REGISTRO%20DE%20LIBRO%20DE%20OPERACIONES%20FLORA%202014%20DEF.xls HTTP/1.1" 200 146944
201.244.216.58 - - [11/Oct/2014:14:07:47 -0500] "GET /autoliquidacion/Grupo%20Forestal%20-%20Industria%20de%20la%20Madera/Formulario%20para%20la%20Relaci%C3%B3n%20de%20Movimientos.pdf HTTP/1.1" 200 120823
201.244.216.58 - - [11/Oct/2014:14:07:47 -0500] "GET /autoliquidacion/Grupo%20Forestal%20-%20Industria%20de%20la%20Madera/Formulario%20para%20la%20Relaci%C3%B3n%20de%20Movimientos.pdf HTTP/1.1" 206 32768
201.244.216.58 - - [11/Oct/2014:14:07:48 -0500] "GET /autoliquidacion/Grupo%20Forestal%20-%20Industria%20de%20la%20Madera/Formulario%20para%20la%20Relaci%C3%B3n%20de%20Movimientos.pdf HTTP/1.1" 206 88055
66.249.79.119 - - [11/Oct/2014:14:07:54 -0500] "GET /PORTAL_SIAC/swf/Residuos/textiles/textiles.swf?pageNumber= HTTP/1.1" 304 -
201.244.216.58 - - [11/Oct/2014:14:07:55 -0500] "GET /autoliquidacion HTTP/1.1" 301 310
201.244.216.58 - - [11/Oct/2014:14:07:55 -0500] "GET /autoliquidacion/ HTTP/1.1" 200 6375
201.244.216.58 - - [11/Oct/2014:14:07:59 -0500] "GET /autoliquidacion/index.php?dir=Grupo+Forestal+-+Industria+de+la+Madera%2F HTTP/1.1" 200 7195
201.244.216.58 - - [11/Oct/2014:14:08:00 -0500] "GET /autoliquidacion/Grupo%20Forestal%20-%20Industria%20de%20la%20Madera/Formulario%20para%20la%20Relaci%C3%B3n%20de%20Salvoconductos%20y%20Facturas.pdf HTTP/1.1" 200 122079
201.244.216.58 - - [11/Oct/2014:14:08:01 -0500] "GET /autoliquidacion/Grupo%20Forestal%20-%20Industria%20de%20la%20Madera/Formulario%20para%20la%20Relaci%C3%B3n%20de%20Salvoconductos%20y%20Facturas.pdf HTTP/1.1" 206 32768
201.244.216.58 - - [11/Oct/2014:14:08:01 -0500] "GET /autoliquidacion/Grupo%20Forestal%20-%20Industria%20de%20la%20Madera/Formulario%20para%20la%20Relaci%C3%B3n%20de%20Salvoconductos%20y%20Facturas.pdf HTTP/1.1" 206 89311
201.245.122.106 - - [11/Oct/2014:14:08:03 -0500] "GET /BLA/boletinlegal/js/jquery.js HTTP/1.1" 200 57254
201.245.122.106 - - [11/Oct/2014:14:08:03 -0500] "GET /BLA/boletinlegal/js/jquery.scrollShow.js HTTP/1.1" 200 4586
201.245.122.106 - - [11/Oct/2014:14:08:03 -0500] "GET /BLA/boletinlegal/js/jquery.scrollTo-min.js HTTP/1.1" 200 1150
201.244.216.58 - - [11/Oct/2014:14:08:20 -0500] "GET /autoliquidacion/Grupo%20Forestal%20-%20Industria%20de%20la%20Madera/Instructivo%20de%20Diligenciamiento%20del%20Libro%20de%20Operaciones.pdf HTTP/1.1" 200 118072
201.244.216.58 - - [11/Oct/2014:14:08:21 -0500] "GET /autoliquidacion/Grupo%20Forestal%20-%20Industria%20de%20la%20Madera/Instructivo%20de%20Diligenciamiento%20del%20Libro%20de%20Operaciones.pdf HTTP/1.1" 206 32768
201.244.216.58 - - [11/Oct/2014:14:08:21 -0500] "GET /autoliquidacion/Grupo%20Forestal%20-%20Industria%20de%20la%20Madera/Instructivo%20de%20Diligenciamiento%20del%20Libro%20de%20Operaciones.pdf HTTP/1.1" 206 85304
181.50.241.109 - - [11/Oct/2014:14:08:28 -0500] "POST /forms/lservlet;jsessionid=ac16012b30d562512b092b8b42babb5fc0e78d4a907c.e3iSbxaKaheRe34Sa3yKbhiTahb0n6jAmljGr5XDqQLvpAe HTTP/1.1" 200 2
201.244.216.58 - - [11/Oct/2014:14:08:28 -0500] "GET /autoliquidacion/Grupo%20Forestal%20-%20Industria%20de%20la%20Madera/Instructivo%20para%20Diligenciamiento%20Formulario%20Relaci%C3%B3n%20de.pdf HTTP/1.1" 200 123170
201.244.216.58 - - [11/Oct/2014:14:08:28 -0500] "GET /autoliquidacion/Grupo%20Forestal%20-%20Industria%20de%20la%20Madera/Instructivo%20para%20Diligenciamiento%20Formulario%20Relaci%C3%B3n%20de.pdf HTTP/1.1" 206 32768
201.244.216.58 - - [11/Oct/2014:14:08:28 -0500] "GET /autoliquidacion/Grupo%20Forestal%20-%20Industria%20de%20la%20Madera/Instructivo%20para%20Diligenciamiento%20Formulario%20Relaci%C3%B3n%20de.pdf HTTP/1.1" 206 90402
186.27.135.94 - - [11/Oct/2014:14:08:29 -0500] "GET /BLA/boletinlegal/js/jquery.scrollTo-min.js HTTP/1.1" 200 1150
186.27.135.94 - - [11/Oct/2014:14:08:29 -0500] "GET /BLA/boletinlegal/js/jquery.scrollShow.js HTTP/1.1" 200 4586
186.27.135.94 - - [11/Oct/2014:14:08:29 -0500] "GET /BLA/boletinlegal/js/jquery.js HTTP/1.1" 200 57254
66.249.79.103 - - [11/Oct/2014:14:08:35 -0500] "GET /BLA/boletinlegal/Circulares/2012/Circular%20No.%201%20del%2017%20de%20Enero%20de%202012.pdf HTTP/1.1" 304 -
68.180.228.220 - - [11/Oct/2014:14:08:36 -0500] "GET / HTTP/1.1" 302 -
201.244.216.58 - - [11/Oct/2014:14:08:36 -0500] "GET /autoliquidacion/Grupo%20Forestal%20-%20Industria%20de%20la%20Madera/Instructuvo%20para%20Diligenciamiento%20Formulario%20Salvoconduc.pdf HTTP/1.1" 200 108501
201.244.216.58 - - [11/Oct/2014:14:08:37 -0500] "GET /autoliquidacion/Grupo%20Forestal%20-%20Industria%20de%20la%20Madera/Instructuvo%20para%20Diligenciamiento%20Formulario%20Salvoconduc.pdf HTTP/1.1" 206 32768
66.249.79.75 - - [11/Oct/2014:14:08:37 -0500] "GET /BLA/resoluciones/RESOLUCIONES%202010/4692.pdf HTTP/1.1" 200 757463
201.244.216.58 - - [11/Oct/2014:14:08:37 -0500] "GET /autoliquidacion/Grupo%20Forestal%20-%20Industria%20de%20la%20Madera/Instructuvo%20para%20Diligenciamiento%20Formulario%20Salvoconduc.pdf HTTP/1.1" 206 75733
66.249.79.75 - - [11/Oct/2014:14:08:38 -0500] "GET /BLA/resoluciones/RESOLUCIONES%202013/0745.pdf HTTP/1.1" 304 -
201.244.216.58 - - [11/Oct/2014:14:08:43 -0500] "GET /autoliquidacion/Grupo%20Forestal%20-%20Industria%20de%20la%20Madera/Lista%20de%20chequeo%20-%20Certificaci%C3%B3n.pdf HTTP/1.1" 200 49858
201.244.216.58 - - [11/Oct/2014:14:08:57 -0500] "GET /autoliquidacion/Grupo%20Forestal%20-%20Industria%20de%20la%20Madera/Lista%20de%20chequeo-Registro%20del%20libro%20operaciones.pdf HTTP/1.1" 200 76481
201.244.216.58 - - [11/Oct/2014:14:08:57 -0500] "GET /autoliquidacion/Grupo%20Forestal%20-%20Industria%20de%20la%20Madera/Lista%20de%20chequeo-Registro%20del%20libro%20operaciones.pdf HTTP/1.1" 206 32768
201.244.216.58 - - [11/Oct/2014:14:08:57 -0500] "GET /autoliquidacion/Grupo%20Forestal%20-%20Industria%20de%20la%20Madera/Lista%20de%20chequeo-Registro%20del%20libro%20operaciones.pdf HTTP/1.1" 206 43713
201.244.216.58 - - [11/Oct/2014:14:09:02 -0500] "GET /autoliquidacion/Grupo%20Forestal%20-%20Industria%20de%20la%20Madera/Lista%20de%20chequeo%20-%20solicitud%20de%20salvoconducto.pdf HTTP/1.1" 200 75527
201.244.216.58 - - [11/Oct/2014:14:09:03 -0500] "GET /autoliquidacion/Grupo%20Forestal%20-%20Industria%20de%20la%20Madera/Lista%20de%20chequeo%20-%20solicitud%20de%20salvoconducto.pdf HTTP/1.1" 206 32768
66.249.79.103 - - [11/Oct/2014:14:09:03 -0500] "GET /BLA/boletinlegal/Circulares/2012/Circular%20No.%208%20del%2021%20de%20Agosto%20de%202012.pdf HTTP/1.1" 304 -
201.244.216.58 - - [11/Oct/2014:14:09:03 -0500] "GET /autoliquidacion/Grupo%20Forestal%20-%20Industria%20de%20la%20Madera/Lista%20de%20chequeo%20-%20solicitud%20de%20salvoconducto.pdf HTTP/1.1" 206 42759
201.244.216.58 - - [11/Oct/2014:14:09:12 -0500] "GET /autoliquidacion/Grupo%20Forestal%20-%20Industria%20de%20la%20Madera/Lista%20de%20chequeo%20-%20Verificaci%C3%B3n%20de%20permisos%20CITIES%20y%20NO%20CITIES.pdf HTTP/1.1" 200 76606
201.244.216.58 - - [11/Oct/2014:14:09:13 -0500] "GET /autoliquidacion/Grupo%20Forestal%20-%20Industria%20de%20la%20Madera/Lista%20de%20chequeo%20-%20Verificaci%C3%B3n%20de%20permisos%20CITIES%20y%20NO%20CITIES.pdf HTTP/1.1" 206 32768
201.244.216.58 - - [11/Oct/2014:14:09:13 -0500] "GET /autoliquidacion/Grupo%20Forestal%20-%20Industria%20de%20la%20Madera/Lista%20de%20chequeo%20-%20Verificaci%C3%B3n%20de%20permisos%20CITIES%20y%20NO%20CITIES.pdf HTTP/1.1" 206 43838
66.249.79.103 - - [11/Oct/2014:14:09:17 -0500] "GET /Autoliquidacion/index.php?dir=Grupo%20Forestal%20-%20Industria%20de%20la%20Madera/&sort=date&order=asc HTTP/1.1" 200 7195
201.244.216.58 - - [11/Oct/2014:14:09:29 -0500] "GET /autoliquidacion/Grupo%20Forestal%20-%20Industria%20de%20la%20Madera/Solicitud%20de%20Registro%20del%20Libro%20de%20operaciones.pdf HTTP/1.1" 200 117476
201.244.216.58 - - [11/Oct/2014:14:09:29 -0500] "GET /autoliquidacion/Grupo%20Forestal%20-%20Industria%20de%20la%20Madera/Solicitud%20de%20Registro%20del%20Libro%20de%20operaciones.pdf HTTP/1.1" 206 32768
201.244.216.58 - - [11/Oct/2014:14:09:30 -0500] "GET /autoliquidacion/Grupo%20Forestal%20-%20Industria%20de%20la%20Madera/Solicitud%20de%20Registro%20del%20Libro%20de%20operaciones.pdf HTTP/1.1" 206 84708
66.249.79.111 - - [11/Oct/2014:14:09:30 -0500] "GET /BLA/boletinlegal/jurisprudencia/analisis/CUADRO%20SENTENCIA%20C-245%20DE%202004.doc HTTP/1.1" 304 -
66.249.79.67 - - [11/Oct/2014:14:09:33 -0500] "GET /BLA/resoluciones/RESOLUCIONES%202009/3060.pdf HTTP/1.1" 200 619669
201.244.216.58 - - [11/Oct/2014:14:09:37 -0500] "GET /autoliquidacion/Grupo%20Forestal%20-%20Industria%20de%20la%20Madera/Solicitud%20de%20Salvoconducto%20de%20movilizaci%C3%B3n%20flora.pdf HTTP/1.1" 200 122070
201.244.216.58 - - [11/Oct/2014:14:09:37 -0500] "GET /autoliquidacion/Grupo%20Forestal%20-%20Industria%20de%20la%20Madera/Solicitud%20de%20Salvoconducto%20de%20movilizaci%C3%B3n%20flora.pdf HTTP/1.1" 206 32768
201.244.216.58 - - [11/Oct/2014:14:09:37 -0500] "GET /autoliquidacion/Grupo%20Forestal%20-%20Industria%20de%20la%20Madera/Solicitud%20de%20Salvoconducto%20de%20movilizaci%C3%B3n%20flora.pdf HTTP/1.1" 206 89302
66.249.79.67 - - [11/Oct/2014:14:09:38 -0500] "GET /BLA/circulares/6.pdf HTTP/1.1" 304 -
201.244.216.58 - - [11/Oct/2014:14:09:44 -0500] "GET /autoliquidacion/Grupo%20Forestal%20-%20Industria%20de%20la%20Madera/Solicitud%20de%20verificaci%C3%B3n%20CITES%20y%20NO%20CITES%20flora.pdf HTTP/1.1" 200 58237
74.86.158.107 - - [11/Oct/2014:14:09:47 -0500] "HEAD / HTTP/1.1" 302 -
201.244.216.58 - - [11/Oct/2014:14:09:50 -0500] "GET /autoliquidacion/Grupo%20Forestal%20-%20Industria%20de%20la%20Madera/Solicitud%20de%20verificaci%C3%B3n%20para%20exportaci%C3%B3n%20o%20importaci%C3%B3n.pdf HTTP/1.1" 200 58188
201.244.216.58 - - [11/Oct/2014:14:10:00 -0500] "GET /autoliquidacion/index.php?dir= HTTP/1.1" 200 6375
201.244.216.58 - - [11/Oct/2014:14:10:07 -0500] "GET /autoliquidacion/index.php?dir=Grupo+Forestal+-+Silvicultura%2F HTTP/1.1" 200 5756
66.249.79.119 - - [11/Oct/2014:14:10:11 -0500] "GET /BLA/boletinlegal/jurisprudencia/analisis/analisis%20sentencia%20C%20401%20de%202010.doc HTTP/1.1" 304 -
201.244.216.58 - - [11/Oct/2014:14:10:15 -0500] "GET /autoliquidacion/index.php?dir=PERMISO+DE+OCUPACION+DE+SUELO%2F HTTP/1.1" 200 2141
201.244.216.58 - - [11/Oct/2014:14:10:20 -0500] "GET /autoliquidacion/index.php?dir=Plan+de+manejo+ambiental+para+sitios+de+aprovechamiento+y+o+disposicion+final+de+escombros%2F HTTP/1.1" 200 2548
66.249.79.111 - - [11/Oct/2014:14:10:25 -0500] "GET /PORTAL_SIAC/swf/Residuos/maderas/maderas.html HTTP/1.1" 304 -
201.244.216.58 - - [11/Oct/2014:14:10:26 -0500] "GET /autoliquidacion/index.php?dir=TR%C1MITES+ACEITES-RESIDUOS-ESTACIONES%2F HTTP/1.1" 200 2857
66.249.79.75 - - [11/Oct/2014:14:10:28 -0500] "GET /BLA/resoluciones/RESOLUCIONES%202007/RES%202007%203201%20AL%203300/RESOLUCION%203238%20DE%202007.pdf HTTP/1.1" 200 837279
181.50.241.109 - - [11/Oct/2014:14:10:28 -0500] "POST /forms/lservlet;jsessionid=ac16012b30d562512b092b8b42babb5fc0e78d4a907c.e3iSbxaKaheRe34Sa3yKbhiTahb0n6jAmljGr5XDqQLvpAe HTTP/1.1" 200 2
201.244.216.58 - - [11/Oct/2014:14:10:28 -0500] "GET /autoliquidacion/index.php?dir=TR%C1MITES+ACEITES-RESIDUOS-ESTACIONES%2Faceites-ES%2F HTTP/1.1" 200 3334
201.244.98.98 - - [11/Oct/2014:14:10:28 -0500] "GET /BLA/boletinlegal/js/jquery.js HTTP/1.1" 200 57254
201.244.98.98 - - [11/Oct/2014:14:10:28 -0500] "GET /BLA/boletinlegal/js/jquery.scrollTo-min.js HTTP/1.1" 200 1150
201.244.98.98 - - [11/Oct/2014:14:10:28 -0500] "GET /BLA/boletinlegal/js/jquery.scrollShow.js HTTP/1.1" 200 4586
66.249.79.83 - - [11/Oct/2014:14:10:38 -0500] "GET /huelladecarbono/index.html HTTP/1.1" 404 1018
66.249.79.103 - - [11/Oct/2014:14:10:39 -0500] "GET /POT-2013/Cartografia/11_Areas_Actividad_Extractiva_2013_V1.pdf HTTP/1.1" 304 -
157.55.39.39 - - [11/Oct/2014:14:10:41 -0500] "GET /galeria/carrusel/Carrusel/jquery-ui- HTTP/1.1" 404 1018
66.249.79.83 - - [11/Oct/2014:14:10:49 -0500] "GET /BLA/resoluciones/AUTOS%202010/0502.pdf HTTP/1.1" 200 352454
181.207.23.114 - - [11/Oct/2014:14:10:51 -0500] "GET /BLA/boletinlegal/js/jquery.js HTTP/1.1" 200 57254
181.207.23.114 - - [11/Oct/2014:14:10:51 -0500] "GET /BLA/boletinlegal/js/jquery.scrollTo-min.js HTTP/1.1" 200 1150
181.207.23.114 - - [11/Oct/2014:14:10:51 -0500] "GET /BLA/boletinlegal/js/jquery.scrollShow.js HTTP/1.1" 200 4586
181.48.9.61 - - [11/Oct/2014:14:10:55 -0500] "GET /BLA/resoluciones/RESOLUCIONES%202007/RES%202007%201601%20AL%201725/RESOLUCION%201607%20DE%202007.pdf HTTP/1.1" 200 651780
190.157.186.250 - - [11/Oct/2014:14:11:16 -0500] "GET /forest/session.jsp?a=0.17437212821096182 HTTP/1.1" 200 4
186.29.236.245 - - [11/Oct/2014:14:11:30 -0500] "GET /forest/session.jsp?a=0.8576854317392992 HTTP/1.1" 200 4
66.249.79.111 - - [11/Oct/2014:14:11:34 -0500] "GET /PORTAL_SIAC/swf/Residuos/impresion/images/page1.swf HTTP/1.1" 200 758003
66.249.79.75 - - [11/Oct/2014:14:11:38 -0500] "GET /BLA/resoluciones/AUTOS%202011/0271.pdf HTTP/1.1" 200 156417
66.249.79.119 - - [11/Oct/2014:14:11:47 -0500] "GET /Autoliquidacion/index.php?dir=Grupo+Forestal+-+Industria+de+la+Madera%2F HTTP/1.1" 200 7195
66.249.79.111 - - [11/Oct/2014:14:12:01 -0500] "GET /PORTAL_SIAC/swf/Residuos/lavanderias/images/page3.swf HTTP/1.1" 200 24241
201.245.192.253 - - [11/Oct/2014:14:12:24 -0500] "GET /BLA/resoluciones/RESOLUCIONES%202014/3163.pdf HTTP/1.1" 304 -
181.50.241.109 - - [11/Oct/2014:14:12:28 -0500] "POST /forms/lservlet;jsessionid=ac16012b30d562512b092b8b42babb5fc0e78d4a907c.e3iSbxaKaheRe34Sa3yKbhiTahb0n6jAmljGr5XDqQLvpAe HTTP/1.1" 200 2
66.249.79.119 - - [11/Oct/2014:14:12:29 -0500] "GET /PORTAL_SIAC/swf/Residuos/quimicos/quimicos.html HTTP/1.1" 304 -
66.249.79.67 - - [11/Oct/2014:14:12:38 -0500] "GET /BLA/resoluciones/RESOLUCIONES%202007/RES%202007%204201%20AL%204300/RESOLUCION%204231%20DE%202007.pdf HTTP/1.1" 200 41004
66.249.79.103 - - [11/Oct/2014:14:12:42 -0500] "GET /PORTAL_SIAC/swf/Residuos/impresion/impresion.html HTTP/1.1" 304 -
66.249.79.83 - - [11/Oct/2014:14:12:52 -0500] "GET /BLA/resoluciones/RESOLUCIONES%202010/2304.pdf HTTP/1.1" 200 510865
66.249.79.67 - - [11/Oct/2014:14:13:06 -0500] "GET /BLA/resoluciones/RESOLUCIONES%202009/7042.pdf HTTP/1.1" 200 724217
180.76.5.76 - - [11/Oct/2014:14:13:17 -0500] "GET /BLA/resoluciones/RESOLUCIONES%202012/0465.pdf HTTP/1.1" 200 315629
181.207.183.227 - - [11/Oct/2014:14:13:19 -0500] "GET /BLA/boletinlegal/js/jquery.js HTTP/1.1" 200 57254
181.207.183.227 - - [11/Oct/2014:14:13:19 -0500] "GET /BLA/boletinlegal/js/jquery.scrollTo-min.js HTTP/1.1" 200 1150
181.207.183.227 - - [11/Oct/2014:14:13:20 -0500] "GET /BLA/boletinlegal/js/jquery.scrollShow.js HTTP/1.1" 200 4586
66.249.79.119 - - [11/Oct/2014:14:13:24 -0500] "GET /POT-2013/Cartografia/36_Est_Funcional_servicios_Est_Socioeconomica_Espacial%20Area%20.pdf HTTP/1.1" 304 -
66.249.79.119 - - [11/Oct/2014:14:13:27 -0500] "GET /PORTAL_SIAC/swf/Residuos/lavanderias/images/page2.swf HTTP/1.1" 200 30549
181.48.9.61 - - [11/Oct/2014:14:13:36 -0500] "GET /galeria/nivo-slider/demo/demo.html HTTP/1.1" 304 -
181.48.9.61 - - [11/Oct/2014:14:13:36 -0500] "GET /galeria/nivo-slider/themes/default/default.css HTTP/1.1" 304 -
181.48.9.61 - - [11/Oct/2014:14:13:37 -0500] "GET /galeria/nivo-slider/demo/images/EncuentroAgua1.jpg HTTP/1.1" 304 -
181.48.9.61 - - [11/Oct/2014:14:13:37 -0500] "GET /galeria/nivo-slider/demo/images/banner-Animal.jpg HTTP/1.1" 304 -
181.48.9.61 - - [11/Oct/2014:14:13:37 -0500] "GET /galeria/nivo-slider/demo/images/Banner-Caracol-Africano.jpg HTTP/1.1" 304 -
181.48.9.61 - - [11/Oct/2014:14:13:37 -0500] "GET /galeria/nivo-slider/demo/images/Tingua-azul.jpg HTTP/1.1" 304 -
181.48.9.61 - - [11/Oct/2014:14:13:37 -0500] "GET /galeria/nivo-slider/demo/images/9Signos.jpg HTTP/1.1" 304 -
66.249.79.111 - - [11/Oct/2014:14:13:37 -0500] "GET /POT-2013/index.php?dir=Cartografia/&sort=size&order=asc HTTP/1.1" 200 11465
180.76.6.14 - - [11/Oct/2014:14:13:38 -0500] "GET /legis/legis2.htm HTTP/1.1" 404 1019
181.48.9.61 - - [11/Oct/2014:14:13:39 -0500] "GET /videos/Spot_Tinguas.flv HTTP/1.1" 200 2087054
181.48.9.61 - - [11/Oct/2014:14:13:39 -0500] "GET /galeria/nivo-slider/demo/images/banner-encuesta.jpg HTTP/1.1" 304 -
181.48.9.61 - - [11/Oct/2014:14:13:39 -0500] "GET /galeria/nivo-slider/demo/images/banner-llantas2.jpg HTTP/1.1" 304 -
181.48.9.61 - - [11/Oct/2014:14:13:39 -0500] "GET /galeria/nivo-slider/demo/images/banner-caballos.png HTTP/1.1" 304 -
66.249.79.75 - - [11/Oct/2014:14:13:40 -0500] "GET /BLA/resoluciones/RESOLUCIONES%202012/0611.pdf HTTP/1.1" 304 -
181.48.9.61 - - [11/Oct/2014:14:13:42 -0500] "GET /galeria/nivo-slider/demo/images/Hacienda_Molinos.jpg HTTP/1.1" 304 -
181.48.9.61 - - [11/Oct/2014:14:13:43 -0500] "GET /galeria/nivo-slider/demo/images/bannerEcolecta3.jpg HTTP/1.1" 304 -
197.132.176.188 - - [11/Oct/2014:14:14:01 -0500] "GET /webdav/x32.php HTTP/1.1" 404 1018
66.249.79.103 - - [11/Oct/2014:14:14:18 -0500] "GET /PORTAL_SIAC/swf/Residuos/quimicos/images/page1.swf HTTP/1.1" 200 263043
186.28.35.172 - - [11/Oct/2014:14:14:21 -0500] "GET /forest/session.jsp?a=0.6768037003930658 HTTP/1.1" 200 5
186.28.35.172 - - [11/Oct/2014:14:14:21 -0500] "GET /forest/login.jsp?a=0.43402840779162943 HTTP/1.1" 200 2875
181.50.241.109 - - [11/Oct/2014:14:14:28 -0500] "POST /forms/lservlet;jsessionid=ac16012b30d562512b092b8b42babb5fc0e78d4a907c.e3iSbxaKaheRe34Sa3yKbhiTahb0n6jAmljGr5XDqQLvpAe HTTP/1.1" 200 2
179.61.113.144 - - [11/Oct/2014:14:14:31 -0500] "GET /BLA/boletinlegal/js/jquery.js HTTP/1.1" 200 57254
179.61.113.144 - - [11/Oct/2014:14:14:31 -0500] "GET /BLA/boletinlegal/js/jquery.scrollTo-min.js HTTP/1.1" 200 1150
179.61.113.144 - - [11/Oct/2014:14:14:31 -0500] "GET /BLA/boletinlegal/js/jquery.scrollShow.js HTTP/1.1" 200 4586
186.28.35.172 - - [11/Oct/2014:14:14:28 -0500] "POST /forest/actions/manager.login?group_system_actual=3 HTTP/1.1" 200 14
186.28.35.172 - - [11/Oct/2014:14:14:32 -0500] "GET /forest/session.jsp?a=0.054368112003430724 HTTP/1.1" 200 4
186.28.35.172 - - [11/Oct/2014:14:14:35 -0500] "GET /forest/misactividades.do?group_system_actual=3&codPro=227&_a=0.26946989375899943 HTTP/1.1" 200 36780
186.28.35.172 - - [11/Oct/2014:14:14:35 -0500] "GET /forest/session.jsp?a=0.9611803609877825 HTTP/1.1" 200 4
186.28.35.172 - - [11/Oct/2014:14:14:35 -0500] "POST /forest/misactividades.do?ajax=true&a=0.01702029351145029 HTTP/1.1" 200 1969
66.249.79.83 - - [11/Oct/2014:14:14:38 -0500] "GET /BLA/resoluciones/RESOLUCIONES%202007/RES%202007%20701%20AL%20800/RESOLUCION%200724%20DE%202007.pdf HTTP/1.1" 200 250111
186.28.35.172 - - [11/Oct/2014:14:14:43 -0500] "GET /forest/usutareas.do?_a=0.053881429601460695&group_system_actual=3 HTTP/1.1" 200 178904
186.28.35.172 - - [11/Oct/2014:14:14:44 -0500] "GET /forest/session.jsp?a=0.3084173775278032 HTTP/1.1" 200 4
186.28.35.172 - - [11/Oct/2014:14:14:44 -0500] "GET /forest/actions/forms.getItemList?codForm=veriflista&id=field33&value=177&a=0.6700937445275486 HTTP/1.1" 200 4
66.249.79.83 - - [11/Oct/2014:14:14:45 -0500] "GET /BLA/resoluciones/RESOLUCIONES%202010/1255.pdf HTTP/1.1" 200 106616
74.86.158.107 - - [11/Oct/2014:14:14:47 -0500] "HEAD / HTTP/1.1" 302 -
186.28.35.172 - - [11/Oct/2014:14:15:01 -0500] "POST /forest/usutareas.do? HTTP/1.1" 200 76
186.28.35.172 - - [11/Oct/2014:14:15:02 -0500] "GET /forest/skins/gdocs-jar/img/ok.gif HTTP/1.1" 200 579
186.28.35.172 - - [11/Oct/2014:14:15:03 -0500] "GET /forest/usutareas.do?group_system_actual=3&a=0.635479831835255 HTTP/1.1" 200 100584
186.28.35.172 - - [11/Oct/2014:14:15:03 -0500] "GET /forest/session.jsp?a=0.18731112219393253 HTTP/1.1" 200 4
186.28.35.172 - - [11/Oct/2014:14:15:03 -0500] "GET /forest/actions/forms.getList?codForm=primerasactividades&id=tipo_solicitud591 HTTP/1.1" 200 79
190.13.38.101 - - [11/Oct/2014:14:15:10 -0500] "GET /BLA/resoluciones/RESOLUCIONES%202007/RES%202007%202401%20AL%202500/RESOLUCION%202413%20DE%202007.pdf HTTP/1.1" 200 380673
190.13.38.101 - - [11/Oct/2014:14:15:10 -0500] "GET /BLA/resoluciones/RESOLUCIONES%202007/RES%202007%202401%20AL%202500/RESOLUCION%202413%20DE%202007.pdf HTTP/1.1" 206 32768
190.13.38.101 - - [11/Oct/2014:14:15:10 -0500] "GET /BLA/resoluciones/RESOLUCIONES%202007/RES%202007%202401%20AL%202500/RESOLUCION%202413%20DE%202007.pdf HTTP/1.1" 206 347905
190.13.38.101 - - [11/Oct/2014:14:15:11 -0500] "GET /favicon.ico HTTP/1.1" 200 7782
66.249.79.119 - - [11/Oct/2014:14:15:13 -0500] "GET /BLA/boletinlegal/Directivas/2014/Directiva%20No.%201%20del%2010%20de%20Abril%20de%202014.pdf HTTP/1.1" 304 -
66.249.79.75 - - [11/Oct/2014:14:15:19 -0500] "GET /BLA/resoluciones/RESOLUCIONES%202004/RES%202004%201151-1200/00001176.tif HTTP/1.1" 200 201506
66.249.79.83 - - [11/Oct/2014:14:15:37 -0500] "GET /BLA/resoluciones/RESOLUCIONES%202013/0003.pdf HTTP/1.1" 304 -
66.249.79.111 - - [11/Oct/2014:14:15:41 -0500] "GET /PORTAL_SIAC/swf/Residuos/pinturas/images/page2.swf HTTP/1.1" 200 30509
66.249.79.119 - - [11/Oct/2014:14:15:54 -0500] "GET /Autoliquidacion/index.php?dir=TR%C1MITES+ACEITES-RESIDUOS-ESTACIONES%2F HTTP/1.1" 200 2857
190.157.186.250 - - [11/Oct/2014:14:16:13 -0500] "GET /forest/skins/gdocs-jar/popup/popup.jsp?width=1100&height=500&title=Buscar%20documentos&uri=/forest/buscar.do%3Ftype%3Ddocumentos&name=undefined&_a=0.2814064135309309&a=0.11810501827858388 HTTP/1.1" 200 1179
190.157.186.250 - - [11/Oct/2014:14:16:13 -0500] "GET /forest/buscar.do?type=documentos HTTP/1.1" 200 96533
190.157.186.250 - - [11/Oct/2014:14:16:15 -0500] "GET /forest/css/autocomplete.css?version=1408.271930 HTTP/1.1" 200 1662
190.157.186.250 - - [11/Oct/2014:14:16:15 -0500] "GET /forest/js/dialog.js?version=1408.271930 HTTP/1.1" 200 4201
190.157.186.250 - - [11/Oct/2014:14:16:15 -0500] "GET /forest/skins/gdocs-jar/css/tree.css?version=1408.271930 HTTP/1.1" 200 223
190.157.186.250 - - [11/Oct/2014:14:16:13 -0500] "GET /forest/buscar.do?type=documentos HTTP/1.1" 200 96533
190.157.186.250 - - [11/Oct/2014:14:16:15 -0500] "GET /forest/js/escritorio/escritorio.js?version=1408.271930 HTTP/1.1" 200 8096
190.157.186.250 - - [11/Oct/2014:14:16:16 -0500] "GET /forest/js/internJS.js?version=1408.271930 HTTP/1.1" 200 3047
190.157.186.250 - - [11/Oct/2014:14:16:16 -0500] "GET /forest/1ibre/jscalendar/calendar-win2k-1.css HTTP/1.1" 200 5986
190.157.186.250 - - [11/Oct/2014:14:16:16 -0500] "GET /forest/js/sarissa.js?version=1408.271930 HTTP/1.1" 200 27327
190.157.186.250 - - [11/Oct/2014:14:16:16 -0500] "GET /forest/js/autocompletar2.js?version=1408.271930 HTTP/1.1" 200 24092
190.157.186.250 - - [11/Oct/2014:14:16:16 -0500] "GET /forest/js/load_func.js?version=1408.271930 HTTP/1.1" 200 919
190.157.186.250 - - [11/Oct/2014:14:16:16 -0500] "GET /forest/1ibre/jscalendar/calendar-setup.js?version=1408.271930 HTTP/1.1" 200 8927
190.157.186.250 - - [11/Oct/2014:14:16:16 -0500] "GET /forest/1ibre/jscalendar/lang/calendar-es.js?version=1408.271930 HTTP/1.1" 200 3995
190.157.186.250 - - [11/Oct/2014:14:16:16 -0500] "GET /forest/js/xml_utilities.js?version=1408.271930 HTTP/1.1" 200 11451
190.157.186.250 - - [11/Oct/2014:14:16:16 -0500] "GET /forest/1ibre/jscalendar/calendar.js?version=1408.271930 HTTP/1.1" 200 51363
190.157.186.250 - - [11/Oct/2014:14:16:17 -0500] "GET /forest/session.jsp?a=0.17509123403578997 HTTP/1.1" 200 4
190.157.186.250 - - [11/Oct/2014:14:16:17 -0500] "GET /forest/skins/gdocs-jar/img/select.gif HTTP/1.1" 200 335
190.157.186.250 - - [11/Oct/2014:14:16:17 -0500] "GET /forest/skins/gdocs-jar/img/user_search.gif HTTP/1.1" 200 1491
190.157.186.250 - - [11/Oct/2014:14:16:16 -0500] "GET /forest/1ibre/protoaculous.js?version=1408.271930 HTTP/1.1" 200 151386
181.243.127.10 - - [11/Oct/2014:14:16:17 -0500] "GET /BLA/boletinlegal/js/jquery.js HTTP/1.1" 200 57254
181.243.127.10 - - [11/Oct/2014:14:16:17 -0500] "GET /BLA/boletinlegal/js/jquery.scrollTo-min.js HTTP/1.1" 200 1150
181.243.127.10 - - [11/Oct/2014:14:16:17 -0500] "GET /BLA/boletinlegal/js/jquery.scrollShow.js HTTP/1.1" 200 4586
190.157.186.250 - - [11/Oct/2014:14:16:16 -0500] "GET /forest/1ibre/1ibre.js?version=1408.271930 HTTP/1.1" 200 197344
66.249.79.83 - - [11/Oct/2014:14:16:19 -0500] "GET /BLA/resoluciones/RESOLUCIONES%202008/5254.pdf HTTP/1.1" 200 331529
190.157.186.250 - - [11/Oct/2014:14:16:19 -0500] "GET /forest/skins/gdocs-jar/img/dependencia-tree.gif HTTP/1.1" 200 1039
190.157.186.250 - - [11/Oct/2014:14:16:19 -0500] "GET /forest/json.do?query=usersByDep&coddep=20 HTTP/1.1" 200 3294
190.157.186.250 - - [11/Oct/2014:14:16:19 -0500] "GET /forest/1ibre/jscalendar/img.gif HTTP/1.1" 200 223
181.142.192.212 - - [11/Oct/2014:14:16:24 -0500] "GET /BLA/boletinlegal/js/jquery.scrollShow.js HTTP/1.1" 200 4586
181.142.192.212 - - [11/Oct/2014:14:16:24 -0500] "GET /BLA/boletinlegal/js/jquery.js HTTP/1.1" 200 57254
181.142.192.212 - - [11/Oct/2014:14:16:24 -0500] "GET /BLA/boletinlegal/js/jquery.scrollTo-min.js HTTP/1.1" 200 1150
181.50.241.109 - - [11/Oct/2014:14:16:28 -0500] "POST /forms/lservlet;jsessionid=ac16012b30d562512b092b8b42babb5fc0e78d4a907c.e3iSbxaKaheRe34Sa3yKbhiTahb0n6jAmljGr5XDqQLvpAe HTTP/1.1" 200 2
186.29.236.245 - - [11/Oct/2014:14:16:30 -0500] "GET /forest/session.jsp?a=0.22950823148200195 HTTP/1.1" 200 4
66.249.79.83 - - [11/Oct/2014:14:16:37 -0500] "GET /huelladecarbono/soluciones.html HTTP/1.1" 404 1018
66.249.79.103 - - [11/Oct/2014:14:16:49 -0500] "GET /Autoliquidacion/index.php?dir=Solicitud%20de%20expedici%F3n%20de%20certificados%20de%20estado%20de%20conservaci%F3n%20ambiental%20(CECA)/&sort=name&order=desc HTTP/1.1" 200 3610
66.249.79.67 - - [11/Oct/2014:14:16:52 -0500] "GET /BLA/resoluciones/RESOLUCIONES%202009/2111.pdf HTTP/1.1" 200 376580
190.157.186.250 - - [11/Oct/2014:14:16:53 -0500] "POST /forest/buscar.do? HTTP/1.1" 200 9461
190.157.186.250 - - [11/Oct/2014:14:16:54 -0500] "GET /forest/img/nav_first.gif HTTP/1.1" 200 89
190.157.186.250 - - [11/Oct/2014:14:16:54 -0500] "GET /forest/img/nav_prev.gif HTTP/1.1" 200 109
190.157.186.250 - - [11/Oct/2014:14:16:54 -0500] "GET /forest/img/nav_next.gif HTTP/1.1" 200 111
190.157.186.250 - - [11/Oct/2014:14:16:54 -0500] "GET /forest/img/nav_last.gif HTTP/1.1" 200 92
190.157.186.250 - - [11/Oct/2014:14:16:54 -0500] "GET /forest/skins/gdocs-jar/img/eye.gif HTTP/1.1" 304 -
190.157.186.250 - - [11/Oct/2014:14:16:54 -0500] "GET /forest/css/escritorio.css HTTP/1.1" 200 15878
190.157.186.250 - - [11/Oct/2014:14:16:54 -0500] "GET /forest/skins/gdocs-jar/img/more_details.gif HTTP/1.1" 304 -
190.157.186.250 - - [11/Oct/2014:14:16:57 -0500] "GET /forest/skins/gdocs-jar/popup/popup.jsp?width=900&height=600&title=Informaci%F3n%20de%20proceso&uri=/forest/system/process.jsp%3FnumPro%3D2423318&name=undefined&_a=0.25781449186615646&a=0.05663045635446906 HTTP/1.1" 200 1191
190.157.186.250 - - [11/Oct/2014:14:16:57 -0500] "GET /forest/system/process.jsp?numPro=2423318 HTTP/1.1" 200 68380
190.157.186.250 - - [11/Oct/2014:14:16:57 -0500] "GET /forest/system/process.jsp?numPro=2423318 HTTP/1.1" 200 68380
190.157.186.250 - - [11/Oct/2014:14:16:58 -0500] "GET /forest/css/index.css HTTP/1.1" 200 1900
190.157.186.250 - - [11/Oct/2014:14:16:58 -0500] "GET /forest/css/dialog.css HTTP/1.1" 200 1100
190.157.186.250 - - [11/Oct/2014:14:16:58 -0500] "GET /forest/skins/gdocs-jar/img/icons/doc.gif HTTP/1.1" 200 140
190.157.186.250 - - [11/Oct/2014:14:16:58 -0500] "GET /forest/1ibre/1ibre.js HTTP/1.1" 200 197344
190.157.186.250 - - [11/Oct/2014:14:16:58 -0500] "GET /forest/1ibre/protoaculous.js HTTP/1.1" 200 151386
66.249.79.119 - - [11/Oct/2014:14:17:03 -0500] "GET /PruebasSTORM/StormSDA_pruebas/userFiles/user_files/formulas/3/542.xml HTTP/1.1" 304 -
190.157.186.250 - - [11/Oct/2014:14:17:04 -0500] "GET /forest/documentos/1619236/2013EE030508.doc HTTP/1.1" 200 737792
66.249.79.83 - - [11/Oct/2014:14:17:28 -0500] "GET /BLA/resoluciones/RESOLUCIONES%202009/4407.pdf HTTP/1.1" 200 124588
66.249.79.103 - - [11/Oct/2014:14:17:30 -0500] "GET /POT-2013/Cartografia/24_Sistema%20de%20las%20Tecnologias%20de%20la%20Informacion%20y%20las%20Comuni.pdf HTTP/1.1" 304 -
66.249.79.119 - - [11/Oct/2014:14:17:37 -0500] "GET /phpold/AjaxPhpCode/Chapter06/ajax/ HTTP/1.1" 404 1019
66.249.79.83 - - [11/Oct/2014:14:17:57 -0500] "GET /BLA/resoluciones/RESOLUCIONES%202004/RES%202004%2051-100/00000098.tif HTTP/1.1" 200 99158
66.249.79.103 - - [11/Oct/2014:14:17:58 -0500] "GET /POT-2013/index.php?dir=Cartografia/&sort=size&order=desc HTTP/1.1" 200 11464
190.9.246.60 - - [11/Oct/2014:14:18:01 -0500] "GET /BLA/resoluciones/AUTOS%202007/2893.pdf HTTP/1.1" 200 123734
190.9.246.60 - - [11/Oct/2014:14:18:01 -0500] "GET /BLA/resoluciones/AUTOS%202007/2893.pdf HTTP/1.1" 206 32768
190.9.246.60 - - [11/Oct/2014:14:18:01 -0500] "GET /BLA/resoluciones/AUTOS%202007/2893.pdf HTTP/1.1" 206 90966
190.9.246.60 - - [11/Oct/2014:14:18:02 -0500] "GET /favicon.ico HTTP/1.1" 200 7782
181.135.221.202 - - [11/Oct/2014:14:18:06 -0500] "GET /BLA/boletinlegal/js/jquery.js HTTP/1.1" 200 57254
181.135.221.202 - - [11/Oct/2014:14:18:06 -0500] "GET /BLA/boletinlegal/js/jquery.scrollTo-min.js HTTP/1.1" 200 1150
181.135.221.202 - - [11/Oct/2014:14:18:06 -0500] "GET /BLA/boletinlegal/js/jquery.scrollShow.js HTTP/1.1" 200 4586
186.145.183.90 - - [11/Oct/2014:14:18:16 -0500] "GET /BLA/boletinlegal/js/jquery.js HTTP/1.1" 200 57254
186.145.183.90 - - [11/Oct/2014:14:18:16 -0500] "GET /galeria/carrusel/Carrusel/jquery.thumbnailScroller.css HTTP/1.1" 200 2066
186.145.183.90 - - [11/Oct/2014:14:18:16 -0500] "GET /BLA/boletinlegal/js/jquery.scrollShow.js HTTP/1.1" 200 4586
186.145.183.90 - - [11/Oct/2014:14:18:16 -0500] "GET /galeria/carrusel/Carrusel/jquery-ui-1.8.13.custom.min.js HTTP/1.1" 200 10800
186.145.183.90 - - [11/Oct/2014:14:18:16 -0500] "GET /BLA/boletinlegal/js/jquery.scrollTo-min.js HTTP/1.1" 200 1150
186.145.183.90 - - [11/Oct/2014:14:18:16 -0500] "GET /galeria/carrusel/Carrusel/jquery.thumbnailScroller.js HTTP/1.1" 200 8157
186.145.183.90 - - [11/Oct/2014:14:18:18 -0500] "GET /galeria/nivo-slider/demo/demo.html HTTP/1.1" 200 3315
186.145.183.90 - - [11/Oct/2014:14:18:18 -0500] "GET /galeria/nivo-slider/nivo-slider.css HTTP/1.1" 200 1507
186.145.183.90 - - [11/Oct/2014:14:18:18 -0500] "GET /galeria/nivo-slider/themes/pascal/pascal.css HTTP/1.1" 200 2258
186.145.183.90 - - [11/Oct/2014:14:18:18 -0500] "GET /galeria/nivo-slider/themes/default/default.css HTTP/1.1" 200 1569
186.145.183.90 - - [11/Oct/2014:14:18:18 -0500] "GET /galeria/nivo-slider/demo/style.css HTTP/1.1" 200 2222
186.145.183.90 - - [11/Oct/2014:14:18:18 -0500] "GET /galeria/nivo-slider/themes/orman/orman.css HTTP/1.1" 200 2152
186.145.183.90 - - [11/Oct/2014:14:18:18 -0500] "GET /galeria/nivo-slider/demo/images/EncuentroAgua1.jpg HTTP/1.1" 200 274179
186.145.183.90 - - [11/Oct/2014:14:18:18 -0500] "GET /galeria/nivo-slider/demo/scripts/jquery-1.7.1.min.js HTTP/1.1" 200 93868
186.145.183.90 - - [11/Oct/2014:14:18:18 -0500] "GET /galeria/nivo-slider/jquery.nivo.slider.pack.js HTTP/1.1" 200 11561
186.145.183.90 - - [11/Oct/2014:14:18:18 -0500] "GET /galeria/nivo-slider/demo/images/Tingua-azul.jpg HTTP/1.1" 200 307638
186.145.183.90 - - [11/Oct/2014:14:18:18 -0500] "GET /galeria/nivo-slider/demo/images/Banner-Caracol-Africano.jpg HTTP/1.1" 200 331986
186.145.183.90 - - [11/Oct/2014:14:18:18 -0500] "GET /galeria/nivo-slider/demo/images/banner-Animal.jpg HTTP/1.1" 200 257223
186.145.183.90 - - [11/Oct/2014:14:18:18 -0500] "GET /galeria/nivo-slider/demo/images/4Simple_Slider.png HTTP/1.1" 200 11722
186.145.183.90 - - [11/Oct/2014:14:18:18 -0500] "GET /galeria/nivo-slider/themes/default/loading.gif HTTP/1.1" 200 1737
186.145.183.90 - - [11/Oct/2014:14:18:18 -0500] "GET /galeria/nivo-slider/demo/images/9Signos.jpg HTTP/1.1" 200 93040
186.145.183.90 - - [11/Oct/2014:14:18:19 -0500] "GET /galeria/nivo-slider/demo/images/banner-encuesta.jpg HTTP/1.1" 200 42764
186.145.183.90 - - [11/Oct/2014:14:18:19 -0500] "GET /galeria/nivo-slider/demo/images/banner-llantas2.jpg HTTP/1.1" 200 73153
186.145.183.90 - - [11/Oct/2014:14:18:20 -0500] "GET /galeria/nivo-slider/demo/images/banner-caballos.png HTTP/1.1" 200 389106
186.145.183.90 - - [11/Oct/2014:14:18:20 -0500] "GET /galeria/nivo-slider/demo/images/ConstructorasFNL.jpg HTTP/1.1" 200 216551
186.145.183.90 - - [11/Oct/2014:14:18:20 -0500] "GET /galeria/nivo-slider/demo/images/Hacienda_Molinos.jpg HTTP/1.1" 200 319171
186.145.183.90 - - [11/Oct/2014:14:18:21 -0500] "GET /galeria/nivo-slider/demo/images/bannerEcolecta3.jpg HTTP/1.1" 200 280034
186.145.183.90 - - [11/Oct/2014:14:18:23 -0500] "GET /videos/Spot_Tinguas.flv HTTP/1.1" 200 2087054
186.145.183.90 - - [11/Oct/2014:14:18:25 -0500] "GET /galeria/nivo-slider/themes/default/arrows.png HTTP/1.1" 200 824
186.145.183.90 - - [11/Oct/2014:14:18:25 -0500] "GET /galeria/nivo-slider/themes/default/bullets.png HTTP/1.1" 200 1281
181.50.241.109 - - [11/Oct/2014:14:18:28 -0500] "POST /forms/lservlet;jsessionid=ac16012b30d562512b092b8b42babb5fc0e78d4a907c.e3iSbxaKaheRe34Sa3yKbhiTahb0n6jAmljGr5XDqQLvpAe HTTP/1.1" 200 2
93.105.82.224 - - [11/Oct/2014:14:18:35 -0500] "GET /webdav/x32.php HTTP/1.1" 404 1018
66.249.79.75 - - [11/Oct/2014:14:18:38 -0500] "GET /BLA/resoluciones/AUTOS%202013/0540.pdf HTTP/1.1" 200 1616839
66.249.79.111 - - [11/Oct/2014:14:18:42 -0500] "GET /BLA/boletinlegal/Circulares/2012/Circular%20No.%2013%20del%2006%20de%20Septiembre%20de%202012.pdf HTTP/1.1" 304 -
88.198.56.239 - - [11/Oct/2014:14:18:57 -0500] "GET /publi/aviso1.htm HTTP/1.1" 404 1019
66.249.79.75 - - [11/Oct/2014:14:19:09 -0500] "GET /BLA/resoluciones/RESOLUCIONES%202011/1544.pdf HTTP/1.1" 200 77089
180.76.5.195 - - [11/Oct/2014:14:19:28 -0500] "GET /BLA/resoluciones/Autos%202008/0703.pdf HTTP/1.1" 200 103368
66.249.79.119 - - [11/Oct/2014:14:19:34 -0500] "GET /BLA/boletinlegal/Circulares/2014/Circular%20No.%202%20del%2021%20de%20septiembre%20de%202014.pdf HTTP/1.1" 304 -
66.249.79.75 - - [11/Oct/2014:14:19:37 -0500] "GET /BLA/resoluciones/RESOLUCIONES%202013/0350.pdf HTTP/1.1" 304 -
191.95.126.248 - - [11/Oct/2014:14:19:39 -0500] "GET /BLA/boletinlegal/js/jquery.js HTTP/1.1" 200 57254
191.95.126.248 - - [11/Oct/2014:14:19:39 -0500] "GET /BLA/boletinlegal/js/jquery.scrollTo-min.js HTTP/1.1" 200 1150
191.95.126.248 - - [11/Oct/2014:14:19:39 -0500] "GET /BLA/boletinlegal/js/jquery.scrollShow.js HTTP/1.1" 200 4586
74.86.158.107 - - [11/Oct/2014:14:19:47 -0500] "HEAD / HTTP/1.1" 302 -
186.28.35.172 - - [11/Oct/2014:14:20:04 -0500] "GET /forest/session.jsp?a=0.7859169992152601 HTTP/1.1" 200 4
66.249.79.83 - - [11/Oct/2014:14:20:25 -0500] "GET /BLA/resoluciones/RESOLUCIONES%202004/RES%202004%201151-1200/00001163.tif HTTP/1.1" 200 191566
181.50.241.109 - - [11/Oct/2014:14:20:28 -0500] "POST /forms/lservlet;jsessionid=ac16012b30d562512b092b8b42babb5fc0e78d4a907c.e3iSbxaKaheRe34Sa3yKbhiTahb0n6jAmljGr5XDqQLvpAe HTTP/1.1" 200 2
66.249.79.103 - - [11/Oct/2014:14:20:28 -0500] "GET /Autoliquidacion/index.php?dir=Solicitudes%20relacionadas%20con%20ocupaci%F3n%20de%20cauce/&sort=name&order=desc HTTP/1.1" 200 2801
66.249.79.83 - - [11/Oct/2014:14:20:34 -0500] "GET /even/solojefe1/sld027.htm HTTP/1.1" 404 1018
197.132.176.188 - - [11/Oct/2014:14:20:34 -0500] "GET /webdav/x32.php HTTP/1.1" 404 1018
66.249.79.67 - - [11/Oct/2014:14:20:37 -0500] "GET /BLA/resoluciones/RESOLUCIONES%202011/6097.pdf HTTP/1.1" 304 -
66.249.79.103 - - [11/Oct/2014:14:20:42 -0500] "GET /formularios/ HTTP/1.1" 200 965
181.136.113.215 - - [11/Oct/2014:14:20:45 -0500] "GET /BLA/boletinlegal/js/jquery.js HTTP/1.1" 200 57254
181.136.113.215 - - [11/Oct/2014:14:20:45 -0500] "GET /BLA/boletinlegal/js/jquery.scrollTo-min.js HTTP/1.1" 200 1150
181.136.113.215 - - [11/Oct/2014:14:20:45 -0500] "GET /BLA/boletinlegal/js/jquery.scrollShow.js HTTP/1.1" 200 4586
186.30.127.132 - - [11/Oct/2014:14:20:51 -0500] "GET /BLA/boletinlegal/js/jquery.js HTTP/1.1" 200 57254
186.30.127.132 - - [11/Oct/2014:14:20:51 -0500] "GET /BLA/boletinlegal/js/jquery.scrollShow.js HTTP/1.1" 200 4586
186.30.127.132 - - [11/Oct/2014:14:20:51 -0500] "GET /BLA/boletinlegal/js/jquery.scrollTo-min.js HTTP/1.1" 200 1150
66.249.79.103 - - [11/Oct/2014:14:21:10 -0500] "GET /POT-2013/expediente/EXPEDIENTE%20DISTRITAL%20VIGENCIA%202011octubre%20final.pdf HTTP/1.1" 304 -
66.249.79.83 - - [11/Oct/2014:14:21:28 -0500] "GET /BLA/resoluciones/RESOLUCIONES%202009/8858.pdf HTTP/1.1" 200 95464
186.29.236.245 - - [11/Oct/2014:14:21:30 -0500] "GET /forest/session.jsp?a=0.0014566233953587915 HTTP/1.1" 200 4
180.76.6.233 - - [11/Oct/2014:14:21:34 -0500] "GET /BLA/resoluciones/AUTOS%202012/1489.pdf HTTP/1.1" 200 468345
66.249.79.75 - - [11/Oct/2014:14:21:36 -0500] "GET /BLA/resoluciones/RESOLUCIONES%202009/2840.pdf HTTP/1.1" 304 -
66.249.79.67 - - [11/Oct/2014:14:21:42 -0500] "GET /BLA/resoluciones/RESOLUCIONES%202008/5174.pdf HTTP/1.1" 200 19103
66.249.79.75 - - [11/Oct/2014:14:21:46 -0500] "GET /BLA/resoluciones/RESOLUCIONES%202010/2117.pdf HTTP/1.1" 200 450695
66.249.79.111 - - [11/Oct/2014:14:22:04 -0500] "GET /Autoliquidacion/index.php?dir=Grupo%20Forestal%20-%20Industria%20de%20la%20Madera/&sort=name&order=desc HTTP/1.1" 200 7194
186.145.164.206 - - [11/Oct/2014:14:22:25 -0500] "GET /forest/ HTTP/1.1" 200 12365
