190.84.56.157 - - [11/Oct/2014:14:34:59 -0500] "POST /forms/lservlet;jsessionid=ac16012b30d529b668ef7536421bb1eefe7093f34667.e3iSbxaKaheRe34Sa3yKbhiTahb0n6jAmljGr5XDqQLvpAe HTTP/1.1" 200 99
190.84.56.157 - - [11/Oct/2014:14:35:01 -0500] "POST /forms/lservlet;jsessionid=ac16012b30d529b668ef7536421bb1eefe7093f34667.e3iSbxaKaheRe34Sa3yKbhiTahb0n6jAmljGr5XDqQLvpAe HTTP/1.1" 200 155
190.84.56.157 - - [11/Oct/2014:14:35:02 -0500] "POST /forms/lservlet;jsessionid=ac16012b30d529b668ef7536421bb1eefe7093f34667.e3iSbxaKaheRe34Sa3yKbhiTahb0n6jAmljGr5XDqQLvpAe HTTP/1.1" 200 113
190.84.56.157 - - [11/Oct/2014:14:35:02 -0500] "POST /forms/lservlet;jsessionid=ac16012b30d529b668ef7536421bb1eefe7093f34667.e3iSbxaKaheRe34Sa3yKbhiTahb0n6jAmljGr5XDqQLvpAe HTTP/1.1" 200 2
190.84.56.157 - - [11/Oct/2014:14:35:03 -0500] "POST /forms/lservlet;jsessionid=ac16012b30d529b668ef7536421bb1eefe7093f34667.e3iSbxaKaheRe34Sa3yKbhiTahb0n6jAmljGr5XDqQLvpAe HTTP/1.1" 200 14
186.28.35.172 - - [11/Oct/2014:14:35:04 -0500] "GET /forest/session.jsp?a=0.909045358421281 HTTP/1.1" 200 4
190.84.56.157 - - [11/Oct/2014:14:35:04 -0500] "POST /forms/lservlet;jsessionid=ac16012b30d529b668ef7536421bb1eefe7093f34667.e3iSbxaKaheRe34Sa3yKbhiTahb0n6jAmljGr5XDqQLvpAe HTTP/1.1" 200 14
190.84.56.157 - - [11/Oct/2014:14:35:05 -0500] "POST /forms/lservlet;jsessionid=ac16012b30d529b668ef7536421bb1eefe7093f34667.e3iSbxaKaheRe34Sa3yKbhiTahb0n6jAmljGr5XDqQLvpAe HTTP/1.1" 200 88
190.84.56.157 - - [11/Oct/2014:14:35:07 -0500] "POST /forms/lservlet;jsessionid=ac16012b30d529b668ef7536421bb1eefe7093f34667.e3iSbxaKaheRe34Sa3yKbhiTahb0n6jAmljGr5XDqQLvpAe HTTP/1.1" 200 2
190.84.56.157 - - [11/Oct/2014:14:35:07 -0500] "POST /forms/lservlet;jsessionid=ac16012b30d529b668ef7536421bb1eefe7093f34667.e3iSbxaKaheRe34Sa3yKbhiTahb0n6jAmljGr5XDqQLvpAe HTTP/1.1" 200 268
190.84.56.157 - - [11/Oct/2014:14:35:12 -0500] "POST /forms/lservlet;jsessionid=ac16012b30d529b668ef7536421bb1eefe7093f34667.e3iSbxaKaheRe34Sa3yKbhiTahb0n6jAmljGr5XDqQLvpAe HTTP/1.1" 200 55
190.84.56.157 - - [11/Oct/2014:14:35:13 -0500] "POST /forms/lservlet;jsessionid=ac16012b30d529b668ef7536421bb1eefe7093f34667.e3iSbxaKaheRe34Sa3yKbhiTahb0n6jAmljGr5XDqQLvpAe HTTP/1.1" 200 73
190.84.56.157 - - [11/Oct/2014:14:35:14 -0500] "POST /forms/lservlet;jsessionid=ac16012b30d529b668ef7536421bb1eefe7093f34667.e3iSbxaKaheRe34Sa3yKbhiTahb0n6jAmljGr5XDqQLvpAe HTTP/1.1" 200 91
190.84.56.157 - - [11/Oct/2014:14:35:15 -0500] "POST /forms/lservlet;jsessionid=ac16012b30d529b668ef7536421bb1eefe7093f34667.e3iSbxaKaheRe34Sa3yKbhiTahb0n6jAmljGr5XDqQLvpAe HTTP/1.1" 200 140
66.249.79.103 - - [11/Oct/2014:14:35:20 -0500] "GET /PORTAL_SIAC/swf/Residuos/textiles/textiles.html HTTP/1.1" 304 -
186.155.150.61 - - [11/Oct/2014:14:35:32 -0500] "POST /forms/lservlet;jsessionid=ac16012b30d5b3041503c3f94d938a07acc2e0233c82.e3iSbxaKaheRe34Sa3yKbhiTahb0n6jAmljGr5XDqQLvpAe HTTP/1.1" 200 34711
186.155.150.61 - - [11/Oct/2014:14:35:33 -0500] "GET /imagenes/listval.gif HTTP/1.1" 200 905
66.249.79.67 - - [11/Oct/2014:14:35:33 -0500] "GET /BLA/resoluciones/RESOLUCIONES%202004/RES%202004%2051-100/00000069.tif HTTP/1.1" 200 94182
186.155.150.61 - - [11/Oct/2014:14:35:33 -0500] "GET /imagenes/tree1.gif HTTP/1.1" 200 1161
186.155.150.61 - - [11/Oct/2014:14:35:33 -0500] "GET /imagenes/listval.gif HTTP/1.1" 200 905
186.155.150.61 - - [11/Oct/2014:14:35:33 -0500] "GET /imagenes/CAMERA3.gif HTTP/1.1" 200 4150
186.155.150.61 - - [11/Oct/2014:14:35:34 -0500] "GET /imagenes/SLIDE1.gif HTTP/1.1" 200 1111
186.155.150.61 - - [11/Oct/2014:14:35:34 -0500] "GET /imagenes/flexcomb.gif HTTP/1.1" 200 1169
186.155.150.61 - - [11/Oct/2014:14:35:34 -0500] "GET /imagenes/GO.gif HTTP/1.1" 200 904
186.155.150.61 - - [11/Oct/2014:14:35:34 -0500] "GET /imagenes/HRTOOLS.gif HTTP/1.1" 200 2238
186.155.150.61 - - [11/Oct/2014:14:35:34 -0500] "GET /imagenes/rt_rec1.gif HTTP/1.1" 200 867
186.155.150.61 - - [11/Oct/2014:14:35:34 -0500] "GET /imagenes/apply.gif HTTP/1.1" 200 903
186.155.150.61 - - [11/Oct/2014:14:35:34 -0500] "GET /imagenes/exit.gif HTTP/1.1" 200 916
186.155.150.61 - - [11/Oct/2014:14:35:34 -0500] "GET /imagenes/LISTVAL.gif HTTP/1.1" 200 905
186.155.150.61 - - [11/Oct/2014:14:35:34 -0500] "GET /imagenes/edit.gif HTTP/1.1" 200 919
186.155.150.61 - - [11/Oct/2014:14:35:34 -0500] "GET /imagenes/rt_rec4.gif HTTP/1.1" 200 865
186.155.150.61 - - [11/Oct/2014:14:35:34 -0500] "GET /imagenes/rt_rec3.gif HTTP/1.1" 200 844
186.155.150.61 - - [11/Oct/2014:14:35:34 -0500] "GET /imagenes/rt_rec2.gif HTTP/1.1" 200 847
186.155.150.61 - - [11/Oct/2014:14:35:34 -0500] "GET /imagenes/rt_rdel.gif HTTP/1.1" 200 899
186.155.150.61 - - [11/Oct/2014:14:35:35 -0500] "GET /imagenes/rt_radd.gif HTTP/1.1" 200 907
186.155.150.61 - - [11/Oct/2014:14:35:35 -0500] "GET /imagenes/rt_quer3.gif HTTP/1.1" 200 939
186.155.150.61 - - [11/Oct/2014:14:35:35 -0500] "GET /imagenes/rt_quer2.gif HTTP/1.1" 200 936
186.155.150.61 - - [11/Oct/2014:14:35:35 -0500] "GET /imagenes/rt_quer1.gif HTTP/1.1" 200 930
186.155.150.61 - - [11/Oct/2014:14:35:35 -0500] "GET /imagenes/rt_save.gif HTTP/1.1" 200 903
186.155.150.61 - - [11/Oct/2014:14:35:35 -0500] "GET /imagenes/rt_pset.gif HTTP/1.1" 200 914
186.155.150.61 - - [11/Oct/2014:14:35:35 -0500] "GET /imagenes/QUEJA.gif HTTP/1.1" 200 1091
186.155.150.61 - - [11/Oct/2014:14:35:35 -0500] "GET /imagenes/ARBOL.gif HTTP/1.1" 200 1026
186.155.150.61 - - [11/Oct/2014:14:35:35 -0500] "GET /imagenes/Clipboard.gif HTTP/1.1" 200 1466
186.155.150.61 - - [11/Oct/2014:14:35:35 -0500] "GET /imagenes/DINERO.gif HTTP/1.1" 200 1766
186.155.150.61 - - [11/Oct/2014:14:35:35 -0500] "GET /imagenes/URGENTE.gif HTTP/1.1" 200 964
186.155.150.61 - - [11/Oct/2014:14:35:35 -0500] "GET /imagenes/TREE4.gif HTTP/1.1" 200 4150
186.155.150.61 - - [11/Oct/2014:14:35:35 -0500] "POST /forms/lservlet;jsessionid=ac16012b30d5b3041503c3f94d938a07acc2e0233c82.e3iSbxaKaheRe34Sa3yKbhiTahb0n6jAmljGr5XDqQLvpAe HTTP/1.1" 200 7
186.155.150.61 - - [11/Oct/2014:14:35:35 -0500] "POST /forms/lservlet;jsessionid=ac16012b30d5b3041503c3f94d938a07acc2e0233c82.e3iSbxaKaheRe34Sa3yKbhiTahb0n6jAmljGr5XDqQLvpAe HTTP/1.1" 200 34
66.249.79.67 - - [11/Oct/2014:14:35:35 -0500] "GET /BLA/resoluciones/AUTOS%202010/5597.pdf HTTP/1.1" 200 432745
186.155.150.61 - - [11/Oct/2014:14:35:35 -0500] "POST /forms/lservlet;jsessionid=ac16012b30d5b3041503c3f94d938a07acc2e0233c82.e3iSbxaKaheRe34Sa3yKbhiTahb0n6jAmljGr5XDqQLvpAe HTTP/1.1" 200 2
186.155.150.61 - - [11/Oct/2014:14:35:37 -0500] "POST /forms/lservlet;jsessionid=ac16012b30d5b3041503c3f94d938a07acc2e0233c82.e3iSbxaKaheRe34Sa3yKbhiTahb0n6jAmljGr5XDqQLvpAe HTTP/1.1" 200 2
186.155.150.61 - - [11/Oct/2014:14:35:37 -0500] "POST /forms/lservlet;jsessionid=ac16012b30d5b3041503c3f94d938a07acc2e0233c82.e3iSbxaKaheRe34Sa3yKbhiTahb0n6jAmljGr5XDqQLvpAe HTTP/1.1" 200 699
186.155.150.61 - - [11/Oct/2014:14:35:38 -0500] "GET /imagenes/Srch_frw.gif HTTP/1.1" 200 925
186.155.150.61 - - [11/Oct/2014:14:35:39 -0500] "POST /forms/lservlet;jsessionid=ac16012b30d5b3041503c3f94d938a07acc2e0233c82.e3iSbxaKaheRe34Sa3yKbhiTahb0n6jAmljGr5XDqQLvpAe HTTP/1.1" 200 10
66.249.79.119 - - [11/Oct/2014:14:35:39 -0500] "GET /PORTAL_SIAC/swf/Residuos/lavanderias/files/search/search2.xml HTTP/1.1" 304 -
66.249.79.83 - - [11/Oct/2014:14:35:40 -0500] "GET /BLA/resoluciones/RESOLUCIONES%202004/RES%202004%201151-1200/00001154.tif HTTP/1.1" 200 183628
186.28.35.172 - - [11/Oct/2014:14:35:51 -0500] "POST /forms/lservlet;jsessionid=ac16012b30d5741e9fcd68ac4cacbf0fcb2d68864a50.e3iSbxaKaheRe34Sa3yKbhiTahb0n6jAmljGr5XDqQLvpAe HTTP/1.1" 200 2
186.155.150.61 - - [11/Oct/2014:14:35:54 -0500] "POST /forms/lservlet;jsessionid=ac16012b30d5b3041503c3f94d938a07acc2e0233c82.e3iSbxaKaheRe34Sa3yKbhiTahb0n6jAmljGr5XDqQLvpAe HTTP/1.1" 200 2
66.249.79.111 - - [11/Oct/2014:14:36:01 -0500] "GET /Anexos%20estudio%20Organizacional%20SDA/ANEXO%20No.%206%20-%20AN%C3%81LISIS%20COMPARADO%20DECRETOS%20109%20Y%20175%202009%20VRS.%20ESTUDIO%20SERAMBIENTE/COMPARATIVO%20109-175-SERAMBIENTE.xls HTTP/1.1" 304 -
186.155.150.61 - - [11/Oct/2014:14:36:16 -0500] "POST /forms/lservlet;jsessionid=ac16012b30d5b3041503c3f94d938a07acc2e0233c82.e3iSbxaKaheRe34Sa3yKbhiTahb0n6jAmljGr5XDqQLvpAe HTTP/1.1" 200 2
186.155.150.61 - - [11/Oct/2014:14:36:16 -0500] "POST /forms/lservlet;jsessionid=ac16012b30d5b3041503c3f94d938a07acc2e0233c82.e3iSbxaKaheRe34Sa3yKbhiTahb0n6jAmljGr5XDqQLvpAe HTTP/1.1" 200 52
186.155.150.61 - - [11/Oct/2014:14:36:18 -0500] "POST /forms/lservlet;jsessionid=ac16012b30d5b3041503c3f94d938a07acc2e0233c82.e3iSbxaKaheRe34Sa3yKbhiTahb0n6jAmljGr5XDqQLvpAe HTTP/1.1" 200 2
186.155.150.61 - - [11/Oct/2014:14:36:18 -0500] "POST /forms/lservlet;jsessionid=ac16012b30d5b3041503c3f94d938a07acc2e0233c82.e3iSbxaKaheRe34Sa3yKbhiTahb0n6jAmljGr5XDqQLvpAe HTTP/1.1" 200 239
186.155.150.61 - - [11/Oct/2014:14:36:18 -0500] "POST /forms/lservlet;jsessionid=ac16012b30d5b3041503c3f94d938a07acc2e0233c82.e3iSbxaKaheRe34Sa3yKbhiTahb0n6jAmljGr5XDqQLvpAe HTTP/1.1" 200 44
186.155.150.61 - - [11/Oct/2014:14:36:19 -0500] "POST /forms/lservlet;jsessionid=ac16012b30d5b3041503c3f94d938a07acc2e0233c82.e3iSbxaKaheRe34Sa3yKbhiTahb0n6jAmljGr5XDqQLvpAe HTTP/1.1" 200 15
186.155.150.61 - - [11/Oct/2014:14:36:19 -0500] "POST /forms/lservlet;jsessionid=ac16012b30d5b3041503c3f94d938a07acc2e0233c82.e3iSbxaKaheRe34Sa3yKbhiTahb0n6jAmljGr5XDqQLvpAe HTTP/1.1" 200 64
186.155.150.61 - - [11/Oct/2014:14:36:20 -0500] "POST /forms/lservlet;jsessionid=ac16012b30d5b3041503c3f94d938a07acc2e0233c82.e3iSbxaKaheRe34Sa3yKbhiTahb0n6jAmljGr5XDqQLvpAe HTTP/1.1" 200 2
186.155.150.61 - - [11/Oct/2014:14:36:20 -0500] "POST /forms/lservlet;jsessionid=ac16012b30d5b3041503c3f94d938a07acc2e0233c82.e3iSbxaKaheRe34Sa3yKbhiTahb0n6jAmljGr5XDqQLvpAe HTTP/1.1" 200 45
186.155.150.61 - - [11/Oct/2014:14:36:21 -0500] "POST /forms/lservlet;jsessionid=ac16012b30d5b3041503c3f94d938a07acc2e0233c82.e3iSbxaKaheRe34Sa3yKbhiTahb0n6jAmljGr5XDqQLvpAe HTTP/1.1" 200 2
186.155.150.61 - - [11/Oct/2014:14:36:21 -0500] "POST /forms/lservlet;jsessionid=ac16012b30d5b3041503c3f94d938a07acc2e0233c82.e3iSbxaKaheRe34Sa3yKbhiTahb0n6jAmljGr5XDqQLvpAe HTTP/1.1" 200 71
186.155.150.61 - - [11/Oct/2014:14:36:25 -0500] "POST /forms/lservlet;jsessionid=ac16012b30d5b3041503c3f94d938a07acc2e0233c82.e3iSbxaKaheRe34Sa3yKbhiTahb0n6jAmljGr5XDqQLvpAe HTTP/1.1" 200 76
181.50.241.109 - - [11/Oct/2014:14:36:29 -0500] "POST /forms/lservlet;jsessionid=ac16012b30d562512b092b8b42babb5fc0e78d4a907c.e3iSbxaKaheRe34Sa3yKbhiTahb0n6jAmljGr5XDqQLvpAe HTTP/1.1" 200 2
66.249.79.75 - - [11/Oct/2014:14:36:35 -0500] "GET /Residuos/pinturas/files/search/search80.xml HTTP/1.1" 404 1018
190.84.56.157 - - [11/Oct/2014:14:36:36 -0500] "POST /forms/lservlet;jsessionid=ac16012b30d529b668ef7536421bb1eefe7093f34667.e3iSbxaKaheRe34Sa3yKbhiTahb0n6jAmljGr5XDqQLvpAe HTTP/1.1" 200 2
186.29.236.245 - - [11/Oct/2014:14:36:36 -0500] "GET /forest/session.jsp?a=0.550301398707258 HTTP/1.1" 200 4
186.155.150.61 - - [11/Oct/2014:14:36:39 -0500] "POST /forms/lservlet;jsessionid=ac16012b30d5b3041503c3f94d938a07acc2e0233c82.e3iSbxaKaheRe34Sa3yKbhiTahb0n6jAmljGr5XDqQLvpAe HTTP/1.1" 200 24
186.155.150.61 - - [11/Oct/2014:14:36:39 -0500] "POST /forms/lservlet;jsessionid=ac16012b30d5b3041503c3f94d938a07acc2e0233c82.e3iSbxaKaheRe34Sa3yKbhiTahb0n6jAmljGr5XDqQLvpAe HTTP/1.1" 200 4614
186.155.150.61 - - [11/Oct/2014:14:36:40 -0500] "POST /forms/lservlet;jsessionid=ac16012b30d5b3041503c3f94d938a07acc2e0233c82.e3iSbxaKaheRe34Sa3yKbhiTahb0n6jAmljGr5XDqQLvpAe HTTP/1.1" 200 20
66.249.79.111 - - [11/Oct/2014:14:36:42 -0500] "GET /Autoliquidacion/index.php?dir=Grupo+Forestal+-+Silvicultura%2F HTTP/1.1" 200 5756
186.155.150.61 - - [11/Oct/2014:14:36:45 -0500] "POST /forms/lservlet;jsessionid=ac16012b30d5b3041503c3f94d938a07acc2e0233c82.e3iSbxaKaheRe34Sa3yKbhiTahb0n6jAmljGr5XDqQLvpAe HTTP/1.1" 200 2
186.155.150.61 - - [11/Oct/2014:14:36:45 -0500] "POST /forms/lservlet;jsessionid=ac16012b30d5b3041503c3f94d938a07acc2e0233c82.e3iSbxaKaheRe34Sa3yKbhiTahb0n6jAmljGr5XDqQLvpAe HTTP/1.1" 200 14
186.155.150.61 - - [11/Oct/2014:14:36:46 -0500] "POST /forms/lservlet;jsessionid=ac16012b30d5b3041503c3f94d938a07acc2e0233c82.e3iSbxaKaheRe34Sa3yKbhiTahb0n6jAmljGr5XDqQLvpAe HTTP/1.1" 200 130
186.155.150.61 - - [11/Oct/2014:14:36:47 -0500] "POST /forms/lservlet;jsessionid=ac16012b30d5b3041503c3f94d938a07acc2e0233c82.e3iSbxaKaheRe34Sa3yKbhiTahb0n6jAmljGr5XDqQLvpAe HTTP/1.1" 200 2
186.155.150.61 - - [11/Oct/2014:14:36:47 -0500] "GET /reports/rwservlet/getjobid329511?server=rep_srvapsda HTTP/1.1" 200 266459
66.249.79.103 - - [11/Oct/2014:14:37:10 -0500] "GET /PORTAL_SIAC/swf/Residuos/vehiculos/files/search/searchtext.xml HTTP/1.1" 304 -
186.155.150.61 - - [11/Oct/2014:14:37:12 -0500] "POST /forms/lservlet;jsessionid=ac16012b30d5b3041503c3f94d938a07acc2e0233c82.e3iSbxaKaheRe34Sa3yKbhiTahb0n6jAmljGr5XDqQLvpAe HTTP/1.1" 200 2
186.155.150.61 - - [11/Oct/2014:14:37:12 -0500] "POST /forms/lservlet;jsessionid=ac16012b30d5b3041503c3f94d938a07acc2e0233c82.e3iSbxaKaheRe34Sa3yKbhiTahb0n6jAmljGr5XDqQLvpAe HTTP/1.1" 200 2894
186.155.150.61 - - [11/Oct/2014:14:37:13 -0500] "POST /forms/lservlet;jsessionid=ac16012b30d5b3041503c3f94d938a07acc2e0233c82.e3iSbxaKaheRe34Sa3yKbhiTahb0n6jAmljGr5XDqQLvpAe HTTP/1.1" 200 2
186.155.150.61 - - [11/Oct/2014:14:37:15 -0500] "POST /forms/lservlet;jsessionid=ac16012b30d5b3041503c3f94d938a07acc2e0233c82.e3iSbxaKaheRe34Sa3yKbhiTahb0n6jAmljGr5XDqQLvpAe HTTP/1.1" 200 2
186.155.150.61 - - [11/Oct/2014:14:37:15 -0500] "POST /forms/lservlet;jsessionid=ac16012b30d5b3041503c3f94d938a07acc2e0233c82.e3iSbxaKaheRe34Sa3yKbhiTahb0n6jAmljGr5XDqQLvpAe HTTP/1.1" 200 3126
186.155.150.61 - - [11/Oct/2014:14:37:16 -0500] "POST /forms/lservlet;jsessionid=ac16012b30d5b3041503c3f94d938a07acc2e0233c82.e3iSbxaKaheRe34Sa3yKbhiTahb0n6jAmljGr5XDqQLvpAe HTTP/1.1" 200 2
186.155.150.61 - - [11/Oct/2014:14:37:17 -0500] "POST /forms/lservlet;jsessionid=ac16012b30d5b3041503c3f94d938a07acc2e0233c82.e3iSbxaKaheRe34Sa3yKbhiTahb0n6jAmljGr5XDqQLvpAe HTTP/1.1" 200 2
186.155.150.61 - - [11/Oct/2014:14:37:18 -0500] "POST /forms/lservlet;jsessionid=ac16012b30d5b3041503c3f94d938a07acc2e0233c82.e3iSbxaKaheRe34Sa3yKbhiTahb0n6jAmljGr5XDqQLvpAe HTTP/1.1" 200 3037
186.155.150.61 - - [11/Oct/2014:14:37:18 -0500] "POST /forms/lservlet;jsessionid=ac16012b30d5b3041503c3f94d938a07acc2e0233c82.e3iSbxaKaheRe34Sa3yKbhiTahb0n6jAmljGr5XDqQLvpAe HTTP/1.1" 200 2
186.155.150.61 - - [11/Oct/2014:14:37:22 -0500] "POST /forms/lservlet;jsessionid=ac16012b30d5b3041503c3f94d938a07acc2e0233c82.e3iSbxaKaheRe34Sa3yKbhiTahb0n6jAmljGr5XDqQLvpAe HTTP/1.1" 200 2
186.155.150.61 - - [11/Oct/2014:14:37:22 -0500] "POST /forms/lservlet;jsessionid=ac16012b30d5b3041503c3f94d938a07acc2e0233c82.e3iSbxaKaheRe34Sa3yKbhiTahb0n6jAmljGr5XDqQLvpAe HTTP/1.1" 200 2907
186.155.150.61 - - [11/Oct/2014:14:37:23 -0500] "POST /forms/lservlet;jsessionid=ac16012b30d5b3041503c3f94d938a07acc2e0233c82.e3iSbxaKaheRe34Sa3yKbhiTahb0n6jAmljGr5XDqQLvpAe HTTP/1.1" 200 2
66.249.79.103 - - [11/Oct/2014:14:37:23 -0500] "GET /PORTAL_SIAC/swf/Residuos/quimicos/quimicos.swf?pageNumber= HTTP/1.1" 304 -
186.155.150.61 - - [11/Oct/2014:14:37:25 -0500] "POST /forms/lservlet;jsessionid=ac16012b30d5b3041503c3f94d938a07acc2e0233c82.e3iSbxaKaheRe34Sa3yKbhiTahb0n6jAmljGr5XDqQLvpAe HTTP/1.1" 200 2
186.155.150.61 - - [11/Oct/2014:14:37:25 -0500] "POST /forms/lservlet;jsessionid=ac16012b30d5b3041503c3f94d938a07acc2e0233c82.e3iSbxaKaheRe34Sa3yKbhiTahb0n6jAmljGr5XDqQLvpAe HTTP/1.1" 200 2241
186.155.150.61 - - [11/Oct/2014:14:37:25 -0500] "POST /forms/lservlet;jsessionid=ac16012b30d5b3041503c3f94d938a07acc2e0233c82.e3iSbxaKaheRe34Sa3yKbhiTahb0n6jAmljGr5XDqQLvpAe HTTP/1.1" 200 10
66.249.79.75 - - [11/Oct/2014:14:37:35 -0500] "GET /BLA/resoluciones/RESOLUCIONES%202009/1441.pdf HTTP/1.1" 200 729785
66.249.79.103 - - [11/Oct/2014:14:37:37 -0500] "GET /PORTAL_SIAC/swf/Residuos/curtiembres/images/page2.swf HTTP/1.1" 200 31053
186.28.35.172 - - [11/Oct/2014:14:37:51 -0500] "POST /forms/lservlet;jsessionid=ac16012b30d5741e9fcd68ac4cacbf0fcb2d68864a50.e3iSbxaKaheRe34Sa3yKbhiTahb0n6jAmljGr5XDqQLvpAe HTTP/1.1" 200 2
186.155.150.61 - - [11/Oct/2014:14:37:54 -0500] "POST /forms/lservlet;jsessionid=ac16012b30d5b3041503c3f94d938a07acc2e0233c82.e3iSbxaKaheRe34Sa3yKbhiTahb0n6jAmljGr5XDqQLvpAe HTTP/1.1" 200 2
66.249.79.111 - - [11/Oct/2014:14:38:04 -0500] "GET /POT-2013/Cartografia/17_Sistema%20de%20Movilidad_Subsistema%20de%20Transporte_Transporte%20.pdf HTTP/1.1" 304 -
186.28.35.172 - - [11/Oct/2014:14:38:07 -0500] "GET /forest/actions/forms.getList?codForm=primerasactividades&id=funcionariodest27&text=m HTTP/1.1" 200 1130
186.28.35.172 - - [11/Oct/2014:14:38:07 -0500] "GET /forest/actions/forms.getList?codForm=primerasactividades&id=funcionariodest27&text=ma HTTP/1.1" 200 1121
186.28.35.172 - - [11/Oct/2014:14:38:07 -0500] "GET /forest/actions/forms.getList?codForm=primerasactividades&id=funcionariodest27&text=mar HTTP/1.1" 200 1143
186.28.35.172 - - [11/Oct/2014:14:38:07 -0500] "GET /forest/actions/forms.getList?codForm=primerasactividades&id=funcionariodest27&text=mari HTTP/1.1" 200 1071
186.28.35.172 - - [11/Oct/2014:14:38:08 -0500] "GET /forest/actions/forms.getList?codForm=primerasactividades&id=funcionariodest27&text=maria HTTP/1.1" 200 1087
186.28.35.172 - - [11/Oct/2014:14:38:08 -0500] "GET /forest/actions/forms.getList?codForm=primerasactividades&id=funcionariodest27&text=maria%20 HTTP/1.1" 200 1091
186.28.35.172 - - [11/Oct/2014:14:38:08 -0500] "GET /forest/actions/forms.getList?codForm=primerasactividades&id=funcionariodest27&text=maria%20c HTTP/1.1" 200 1167
186.28.35.172 - - [11/Oct/2014:14:38:08 -0500] "GET /forest/actions/forms.getList?codForm=primerasactividades&id=funcionariodest27&text=maria%20cl HTTP/1.1" 200 720
186.28.35.172 - - [11/Oct/2014:14:38:08 -0500] "GET /forest/actions/forms.getList?codForm=primerasactividades&id=funcionariodest27&text=maria%20cla HTTP/1.1" 200 602
186.28.35.172 - - [11/Oct/2014:14:38:09 -0500] "GET /forest/actions/forms.getList?codForm=primerasactividades&id=funcionariodest27&text=maria%20clau HTTP/1.1" 200 472
186.28.35.172 - - [11/Oct/2014:14:38:09 -0500] "GET /forest/actions/forms.getList?codForm=primerasactividades&id=funcionariodest27&text=maria%20claud HTTP/1.1" 200 472
186.28.35.172 - - [11/Oct/2014:14:38:09 -0500] "GET /forest/actions/forms.getList?codForm=primerasactividades&id=funcionariodest27&text=maria%20claudi HTTP/1.1" 200 472
186.28.35.172 - - [11/Oct/2014:14:38:10 -0500] "GET /forest/actions/forms.getList?codForm=primerasactividades&id=funcionariodest27&text=maria%20claudia HTTP/1.1" 200 472
186.28.35.172 - - [11/Oct/2014:14:38:10 -0500] "GET /forest/actions/forms.getList?codForm=primerasactividades&id=funcionariodest27&text=maria%20claudia%20 HTTP/1.1" 200 472
186.28.35.172 - - [11/Oct/2014:14:38:10 -0500] "GET /forest/actions/forms.getList?codForm=primerasactividades&id=funcionariodest27&text=maria%20claudia%20go HTTP/1.1" 200 67
186.28.35.172 - - [11/Oct/2014:14:38:10 -0500] "GET /forest/actions/forms.getList?codForm=primerasactividades&id=funcionariodest27&text=maria%20claudia%20g HTTP/1.1" 200 67
181.50.241.109 - - [11/Oct/2014:14:38:29 -0500] "POST /forms/lservlet;jsessionid=ac16012b30d562512b092b8b42babb5fc0e78d4a907c.e3iSbxaKaheRe34Sa3yKbhiTahb0n6jAmljGr5XDqQLvpAe HTTP/1.1" 200 2
180.76.5.187 - - [11/Oct/2014:14:38:29 -0500] "GET /BLA/resoluciones/AUTOS%202012/1210.pdf HTTP/1.1" 200 176201
186.28.35.172 - - [11/Oct/2014:14:38:30 -0500] "POST /forest/usutareas.do? HTTP/1.1" 200 76
186.28.35.172 - - [11/Oct/2014:14:38:31 -0500] "GET /forest/usutareas.do?group_system_actual=3&a=0.029753628885373473 HTTP/1.1" 200 105709
186.28.35.172 - - [11/Oct/2014:14:38:32 -0500] "GET /forest/skins/gdocs-jar/img/upload_file_icon.gif HTTP/1.1" 200 291
186.28.35.172 - - [11/Oct/2014:14:38:32 -0500] "GET /forest/actions/forms.getMappedValues?id=funcionariodest285&value=MARIA.PENAGOS&codForm=emergencia&a=0.17967411084100604 HTTP/1.1" 200 46
186.28.35.172 - - [11/Oct/2014:14:38:32 -0500] "GET /forest/session.jsp?a=0.9134911384899169 HTTP/1.1" 200 4
190.84.56.157 - - [11/Oct/2014:14:38:36 -0500] "POST /forms/lservlet;jsessionid=ac16012b30d529b668ef7536421bb1eefe7093f34667.e3iSbxaKaheRe34Sa3yKbhiTahb0n6jAmljGr5XDqQLvpAe HTTP/1.1" 200 2
186.113.10.143 - - [11/Oct/2014:14:38:37 -0500] "GET /galeria/nivo-slider/demo/demo.html HTTP/1.1" 304 -
66.249.79.75 - - [11/Oct/2014:14:38:37 -0500] "GET /BLA/resoluciones/RESOLUCIONES%202008/5227.pdf HTTP/1.1" 200 332948
66.249.79.103 - - [11/Oct/2014:14:38:46 -0500] "GET /Autoliquidacion/index.php?dir=Plan+de+manejo+ambiental+para+sitios+de+aprovechamiento+y+o+disposicion+final+de+escombros%2F HTTP/1.1" 200 2548
66.249.79.111 - - [11/Oct/2014:14:38:59 -0500] "GET /POT-2013/Cartografia/30_PATRIMONIO_CULTURAL.pdf HTTP/1.1" 304 -
180.76.5.60 - - [11/Oct/2014:14:39:02 -0500] "GET /BLA/resoluciones/AUTOS%202012/2536.pdf HTTP/1.1" 200 258151
186.28.35.172 - - [11/Oct/2014:14:39:05 -0500] "GET /forest/skins/gdocs-jar/img/error.gif HTTP/1.1" 200 822
66.249.79.119 - - [11/Oct/2014:14:39:27 -0500] "GET /BLA/boletinlegal/doctrina.php HTTP/1.1" 200 4953
201.244.168.31 - - [11/Oct/2014:14:39:33 -0500] "GET /BLA/resoluciones/RESOLUCIONES%202007/RES%202007%20701%20AL%20800/RESOLUCION%200781%20DE%202007.pdf HTTP/1.1" 200 779099
201.244.168.31 - - [11/Oct/2014:14:39:33 -0500] "GET /BLA/resoluciones/RESOLUCIONES%202007/RES%202007%20701%20AL%20800/RESOLUCION%200781%20DE%202007.pdf HTTP/1.1" 206 32768
201.244.168.31 - - [11/Oct/2014:14:39:33 -0500] "GET /BLA/resoluciones/RESOLUCIONES%202007/RES%202007%20701%20AL%20800/RESOLUCION%200781%20DE%202007.pdf HTTP/1.1" 206 746331
66.249.79.83 - - [11/Oct/2014:14:39:34 -0500] "GET /BLA/resoluciones/AUTOS%202010/0124.pdf HTTP/1.1" 200 274585
201.244.168.31 - - [11/Oct/2014:14:39:36 -0500] "GET /favicon.ico HTTP/1.1" 200 7782
66.249.79.103 - - [11/Oct/2014:14:39:40 -0500] "GET /BLA/boletinlegal/Circulares/2012/Circular%20No.%205%20del%2027%20de%20Abril%20de%202012.pdf HTTP/1.1" 304 -
74.86.158.107 - - [11/Oct/2014:14:39:47 -0500] "HEAD / HTTP/1.1" 302 -
186.28.35.172 - - [11/Oct/2014:14:39:51 -0500] "POST /forms/lservlet;jsessionid=ac16012b30d5741e9fcd68ac4cacbf0fcb2d68864a50.e3iSbxaKaheRe34Sa3yKbhiTahb0n6jAmljGr5XDqQLvpAe HTTP/1.1" 200 2
186.28.35.172 - - [11/Oct/2014:14:39:40 -0500] "POST /forest/actions/forms.sendFile HTTP/1.1" 200 139
66.249.79.111 - - [11/Oct/2014:14:39:54 -0500] "GET /BLA/boletinlegal/Circulares/2012/Circular%20No.%2016%20del%2022%20de%20octubre%20de%202012.pdf HTTP/1.1" 304 -
186.155.150.61 - - [11/Oct/2014:14:39:55 -0500] "POST /forms/lservlet;jsessionid=ac16012b30d5b3041503c3f94d938a07acc2e0233c82.e3iSbxaKaheRe34Sa3yKbhiTahb0n6jAmljGr5XDqQLvpAe HTTP/1.1" 200 2
66.249.79.103 - - [11/Oct/2014:14:40:08 -0500] "GET /BLA/boletinlegal/Circulares/2012/Circular%20No.%206%20del%2025%20de%20Mayo%20de%202012.pdf HTTP/1.1" 304 -
180.76.6.47 - - [11/Oct/2014:14:40:08 -0500] "GET /BLA/resoluciones/Autos%202008/1779.pdf HTTP/1.1" 200 210162
181.50.241.109 - - [11/Oct/2014:14:40:29 -0500] "POST /forms/lservlet;jsessionid=ac16012b30d562512b092b8b42babb5fc0e78d4a907c.e3iSbxaKaheRe34Sa3yKbhiTahb0n6jAmljGr5XDqQLvpAe HTTP/1.1" 200 2
66.249.79.67 - - [11/Oct/2014:14:40:34 -0500] "GET /BLA/resoluciones/AUTOS%202011/7363.pdf HTTP/1.1" 200 213474
190.84.56.157 - - [11/Oct/2014:14:40:36 -0500] "POST /forms/lservlet;jsessionid=ac16012b30d529b668ef7536421bb1eefe7093f34667.e3iSbxaKaheRe34Sa3yKbhiTahb0n6jAmljGr5XDqQLvpAe HTTP/1.1" 200 2
66.249.79.119 - - [11/Oct/2014:14:40:37 -0500] "GET /PORTAL_SIAC/swf/Residuos/pinturas/pinturas.html HTTP/1.1" 304 -
66.249.79.75 - - [11/Oct/2014:14:40:41 -0500] "GET /BLA/resoluciones/RESOLUCIONES%202004/RES%202004%201151-1200/00001186.tif HTTP/1.1" 200 198200
180.76.5.63 - - [11/Oct/2014:14:40:43 -0500] "GET /BLA/resoluciones/RESOLUCIONES%202011/1955.pdf HTTP/1.1" 200 301371
179.33.111.102 - - [11/Oct/2014:14:40:48 -0500] "GET /videos/Spot_Tinguas.flv HTTP/1.1" 200 2087054
66.249.79.111 - - [11/Oct/2014:14:40:49 -0500] "GET /POT-2013/Cartografia/22_Sistema%20de%20Gas%20Natural_FEB.pdf HTTP/1.1" 304 -
190.84.56.157 - - [11/Oct/2014:14:41:10 -0500] "POST /forms/lservlet;jsessionid=ac16012b30d529b668ef7536421bb1eefe7093f34667.e3iSbxaKaheRe34Sa3yKbhiTahb0n6jAmljGr5XDqQLvpAe HTTP/1.1" 200 95
190.84.56.157 - - [11/Oct/2014:14:41:10 -0500] "POST /forms/lservlet;jsessionid=ac16012b30d529b668ef7536421bb1eefe7093f34667.e3iSbxaKaheRe34Sa3yKbhiTahb0n6jAmljGr5XDqQLvpAe HTTP/1.1" 200 2
190.84.56.157 - - [11/Oct/2014:14:41:11 -0500] "POST /forms/lservlet;jsessionid=ac16012b30d529b668ef7536421bb1eefe7093f34667.e3iSbxaKaheRe34Sa3yKbhiTahb0n6jAmljGr5XDqQLvpAe HTTP/1.1" 200 2369
190.84.56.157 - - [11/Oct/2014:14:41:11 -0500] "GET /imagenes/Srch_frw.gif HTTP/1.1" 200 925
190.84.56.157 - - [11/Oct/2014:14:41:11 -0500] "POST /forms/lservlet;jsessionid=ac16012b30d529b668ef7536421bb1eefe7093f34667.e3iSbxaKaheRe34Sa3yKbhiTahb0n6jAmljGr5XDqQLvpAe HTTP/1.1" 200 10
190.84.56.157 - - [11/Oct/2014:14:41:19 -0500] "POST /forms/lservlet;jsessionid=ac16012b30d529b668ef7536421bb1eefe7093f34667.e3iSbxaKaheRe34Sa3yKbhiTahb0n6jAmljGr5XDqQLvpAe HTTP/1.1" 200 24
190.84.56.157 - - [11/Oct/2014:14:41:19 -0500] "POST /forms/lservlet;jsessionid=ac16012b30d529b668ef7536421bb1eefe7093f34667.e3iSbxaKaheRe34Sa3yKbhiTahb0n6jAmljGr5XDqQLvpAe HTTP/1.1" 200 4295
190.84.56.157 - - [11/Oct/2014:14:41:20 -0500] "POST /forms/lservlet;jsessionid=ac16012b30d529b668ef7536421bb1eefe7093f34667.e3iSbxaKaheRe34Sa3yKbhiTahb0n6jAmljGr5XDqQLvpAe HTTP/1.1" 200 2
66.249.79.111 - - [11/Oct/2014:14:41:30 -0500] "GET /POT-2013/index.php?dir=Cartografia/&sort=date&order=asc HTTP/1.1" 200 11465
66.249.79.67 - - [11/Oct/2014:14:41:34 -0500] "GET /BLA/resoluciones/RESOLUCIONES%202009/0442.pdf HTTP/1.1" 200 304553
186.29.236.245 - - [11/Oct/2014:14:41:37 -0500] "GET /forest/session.jsp?a=0.7839470676131686 HTTP/1.1" 200 4
190.24.87.18 - - [11/Oct/2014:14:41:37 -0500] "GET /BLA/boletinlegal/js/jquery.js HTTP/1.1" 200 57254
190.24.87.18 - - [11/Oct/2014:14:41:37 -0500] "GET /BLA/boletinlegal/js/jquery.scrollTo-min.js HTTP/1.1" 200 1150
190.24.87.18 - - [11/Oct/2014:14:41:37 -0500] "GET /BLA/boletinlegal/js/jquery.scrollShow.js HTTP/1.1" 200 4586
186.28.35.172 - - [11/Oct/2014:14:41:51 -0500] "POST /forms/lservlet;jsessionid=ac16012b30d5741e9fcd68ac4cacbf0fcb2d68864a50.e3iSbxaKaheRe34Sa3yKbhiTahb0n6jAmljGr5XDqQLvpAe HTTP/1.1" 200 2
186.155.150.61 - - [11/Oct/2014:14:41:55 -0500] "POST /forms/lservlet;jsessionid=ac16012b30d5b3041503c3f94d938a07acc2e0233c82.e3iSbxaKaheRe34Sa3yKbhiTahb0n6jAmljGr5XDqQLvpAe HTTP/1.1" 200 2
66.249.79.103 - - [11/Oct/2014:14:41:58 -0500] "GET /huelladecarbono/ HTTP/1.1" 200 753
190.84.56.157 - - [11/Oct/2014:14:42:11 -0500] "POST /forms/lservlet;jsessionid=ac16012b30d529b668ef7536421bb1eefe7093f34667.e3iSbxaKaheRe34Sa3yKbhiTahb0n6jAmljGr5XDqQLvpAe HTTP/1.1" 200 2
66.249.79.119 - - [11/Oct/2014:14:42:11 -0500] "GET /PORTAL_SIAC/swf/Residuos/curtiembres/images/page1.swf HTTP/1.1" 200 143132
190.84.56.157 - - [11/Oct/2014:14:42:11 -0500] "POST /forms/lservlet;jsessionid=ac16012b30d529b668ef7536421bb1eefe7093f34667.e3iSbxaKaheRe34Sa3yKbhiTahb0n6jAmljGr5XDqQLvpAe HTTP/1.1" 200 131
190.84.56.157 - - [11/Oct/2014:14:42:12 -0500] "POST /forms/lservlet;jsessionid=ac16012b30d529b668ef7536421bb1eefe7093f34667.e3iSbxaKaheRe34Sa3yKbhiTahb0n6jAmljGr5XDqQLvpAe HTTP/1.1" 200 2
190.84.56.157 - - [11/Oct/2014:14:42:12 -0500] "GET /reports/rwservlet/getjobid329512?server=rep_srvapsda HTTP/1.1" 200 219875
181.69.236.224 - - [11/Oct/2014:14:42:15 -0500] "GET /galeria/carrusel/Carrusel/jquery.thumbnailScroller.css HTTP/1.1" 304 -
181.69.236.224 - - [11/Oct/2014:14:42:15 -0500] "GET /BLA/boletinlegal/js/jquery.js HTTP/1.1" 304 -
181.69.236.224 - - [11/Oct/2014:14:42:15 -0500] "GET /BLA/boletinlegal/js/jquery.scrollTo-min.js HTTP/1.1" 304 -
181.69.236.224 - - [11/Oct/2014:14:42:15 -0500] "GET /BLA/boletinlegal/js/jquery.scrollShow.js HTTP/1.1" 304 -
181.69.236.224 - - [11/Oct/2014:14:42:15 -0500] "GET /galeria/carrusel/Carrusel/jquery-ui-1.8.13.custom.min.js HTTP/1.1" 304 -
181.69.236.224 - - [11/Oct/2014:14:42:15 -0500] "GET /galeria/carrusel/Carrusel/jquery.thumbnailScroller.js HTTP/1.1" 304 -
181.69.236.224 - - [11/Oct/2014:14:42:18 -0500] "GET /galeria/nivo-slider/demo/demo.html HTTP/1.1" 304 -
180.76.5.71 - - [11/Oct/2014:14:42:18 -0500] "GET /BLA/resoluciones/Autos%202008/1439.pdf HTTP/1.1" 200 168331
181.69.236.224 - - [11/Oct/2014:14:42:19 -0500] "GET /galeria/nivo-slider/themes/default/default.css HTTP/1.1" 304 -
181.69.236.224 - - [11/Oct/2014:14:42:19 -0500] "GET /galeria/nivo-slider/themes/pascal/pascal.css HTTP/1.1" 304 -
181.69.236.224 - - [11/Oct/2014:14:42:19 -0500] "GET /galeria/nivo-slider/themes/orman/orman.css HTTP/1.1" 304 -
181.69.236.224 - - [11/Oct/2014:14:42:19 -0500] "GET /galeria/nivo-slider/nivo-slider.css HTTP/1.1" 304 -
181.69.236.224 - - [11/Oct/2014:14:42:19 -0500] "GET /galeria/nivo-slider/demo/style.css HTTP/1.1" 304 -
181.69.236.224 - - [11/Oct/2014:14:42:19 -0500] "GET /galeria/nivo-slider/demo/images/EncuentroAgua1.jpg HTTP/1.1" 304 -
181.69.236.224 - - [11/Oct/2014:14:42:19 -0500] "GET /galeria/nivo-slider/demo/scripts/jquery-1.7.1.min.js HTTP/1.1" 304 -
181.69.236.224 - - [11/Oct/2014:14:42:19 -0500] "GET /galeria/nivo-slider/jquery.nivo.slider.pack.js HTTP/1.1" 304 -
181.69.236.224 - - [11/Oct/2014:14:42:19 -0500] "GET /galeria/nivo-slider/demo/images/banner-Animal.jpg HTTP/1.1" 304 -
181.69.236.224 - - [11/Oct/2014:14:42:19 -0500] "GET /galeria/nivo-slider/demo/images/Tingua-azul.jpg HTTP/1.1" 304 -
181.69.236.224 - - [11/Oct/2014:14:42:19 -0500] "GET /galeria/nivo-slider/demo/images/Banner-Caracol-Africano.jpg HTTP/1.1" 304 -
181.69.236.224 - - [11/Oct/2014:14:42:19 -0500] "GET /galeria/nivo-slider/demo/images/9Signos.jpg HTTP/1.1" 304 -
181.69.236.224 - - [11/Oct/2014:14:42:20 -0500] "GET /galeria/nivo-slider/demo/images/banner-encuesta.jpg HTTP/1.1" 304 -
181.69.236.224 - - [11/Oct/2014:14:42:20 -0500] "GET /galeria/nivo-slider/demo/images/banner-llantas2.jpg HTTP/1.1" 304 -
181.69.236.224 - - [11/Oct/2014:14:42:20 -0500] "GET /galeria/nivo-slider/demo/images/ConstructorasFNL.jpg HTTP/1.1" 304 -
181.69.236.224 - - [11/Oct/2014:14:42:20 -0500] "GET /galeria/nivo-slider/demo/images/banner-caballos.png HTTP/1.1" 304 -
181.69.236.224 - - [11/Oct/2014:14:42:20 -0500] "GET /galeria/nivo-slider/demo/images/Hacienda_Molinos.jpg HTTP/1.1" 304 -
181.69.236.224 - - [11/Oct/2014:14:42:20 -0500] "GET /galeria/nivo-slider/demo/images/bannerEcolecta3.jpg HTTP/1.1" 304 -
181.69.236.224 - - [11/Oct/2014:14:42:20 -0500] "GET /galeria/nivo-slider/demo/images/4Simple_Slider.png HTTP/1.1" 304 -
181.69.236.224 - - [11/Oct/2014:14:42:20 -0500] "GET /galeria/nivo-slider/themes/default/loading.gif HTTP/1.1" 304 -
181.69.236.224 - - [11/Oct/2014:14:42:21 -0500] "GET /galeria/nivo-slider/themes/default/arrows.png HTTP/1.1" 304 -
181.69.236.224 - - [11/Oct/2014:14:42:21 -0500] "GET /galeria/nivo-slider/themes/default/bullets.png HTTP/1.1" 304 -
181.50.241.109 - - [11/Oct/2014:14:42:29 -0500] "POST /forms/lservlet;jsessionid=ac16012b30d562512b092b8b42babb5fc0e78d4a907c.e3iSbxaKaheRe34Sa3yKbhiTahb0n6jAmljGr5XDqQLvpAe HTTP/1.1" 200 2
66.249.79.75 - - [11/Oct/2014:14:42:34 -0500] "GET /BLA/resoluciones/RESOLUCIONES%202007/RES%202007%203601%20AL%203700/RESOLUCION%203629%20DE%202007.pdf HTTP/1.1" 200 705947
181.135.102.16 - - [11/Oct/2014:14:42:36 -0500] "GET /BLA/boletinlegal/js/jquery.js HTTP/1.1" 200 57254
181.135.102.16 - - [11/Oct/2014:14:42:36 -0500] "GET /BLA/boletinlegal/js/jquery.scrollTo-min.js HTTP/1.1" 200 1150
181.135.102.16 - - [11/Oct/2014:14:42:36 -0500] "GET /BLA/boletinlegal/js/jquery.scrollShow.js HTTP/1.1" 200 4586
190.84.56.157 - - [11/Oct/2014:14:42:36 -0500] "POST /forms/lservlet;jsessionid=ac16012b30d529b668ef7536421bb1eefe7093f34667.e3iSbxaKaheRe34Sa3yKbhiTahb0n6jAmljGr5XDqQLvpAe HTTP/1.1" 200 2
186.155.150.61 - - [11/Oct/2014:14:42:38 -0500] "POST /forms/lservlet;jsessionid=ac16012b30d5b3041503c3f94d938a07acc2e0233c82.e3iSbxaKaheRe34Sa3yKbhiTahb0n6jAmljGr5XDqQLvpAe HTTP/1.1" 200 2
186.155.150.61 - - [11/Oct/2014:14:42:38 -0500] "POST /forms/lservlet;jsessionid=ac16012b30d5b3041503c3f94d938a07acc2e0233c82.e3iSbxaKaheRe34Sa3yKbhiTahb0n6jAmljGr5XDqQLvpAe HTTP/1.1" 200 688
186.155.150.61 - - [11/Oct/2014:14:42:38 -0500] "POST /forms/lservlet;jsessionid=ac16012b30d5b3041503c3f94d938a07acc2e0233c82.e3iSbxaKaheRe34Sa3yKbhiTahb0n6jAmljGr5XDqQLvpAe HTTP/1.1" 200 10
66.249.79.103 - - [11/Oct/2014:14:42:39 -0500] "GET /galeria/ HTTP/1.1" 200 2226
186.155.150.61 - - [11/Oct/2014:14:42:39 -0500] "POST /forms/lservlet;jsessionid=ac16012b30d5b3041503c3f94d938a07acc2e0233c82.e3iSbxaKaheRe34Sa3yKbhiTahb0n6jAmljGr5XDqQLvpAe HTTP/1.1" 200 2
186.155.150.61 - - [11/Oct/2014:14:42:40 -0500] "POST /forms/lservlet;jsessionid=ac16012b30d5b3041503c3f94d938a07acc2e0233c82.e3iSbxaKaheRe34Sa3yKbhiTahb0n6jAmljGr5XDqQLvpAe HTTP/1.1" 200 72
186.155.150.61 - - [11/Oct/2014:14:42:40 -0500] "POST /forms/lservlet;jsessionid=ac16012b30d5b3041503c3f94d938a07acc2e0233c82.e3iSbxaKaheRe34Sa3yKbhiTahb0n6jAmljGr5XDqQLvpAe HTTP/1.1" 200 2
186.155.150.61 - - [11/Oct/2014:14:42:40 -0500] "POST /forms/lservlet;jsessionid=ac16012b30d5b3041503c3f94d938a07acc2e0233c82.e3iSbxaKaheRe34Sa3yKbhiTahb0n6jAmljGr5XDqQLvpAe HTTP/1.1" 200 239
186.155.150.61 - - [11/Oct/2014:14:42:41 -0500] "POST /forms/lservlet;jsessionid=ac16012b30d5b3041503c3f94d938a07acc2e0233c82.e3iSbxaKaheRe34Sa3yKbhiTahb0n6jAmljGr5XDqQLvpAe HTTP/1.1" 200 44
186.155.150.61 - - [11/Oct/2014:14:42:41 -0500] "POST /forms/lservlet;jsessionid=ac16012b30d5b3041503c3f94d938a07acc2e0233c82.e3iSbxaKaheRe34Sa3yKbhiTahb0n6jAmljGr5XDqQLvpAe HTTP/1.1" 200 17
186.155.150.61 - - [11/Oct/2014:14:42:42 -0500] "POST /forms/lservlet;jsessionid=ac16012b30d5b3041503c3f94d938a07acc2e0233c82.e3iSbxaKaheRe34Sa3yKbhiTahb0n6jAmljGr5XDqQLvpAe HTTP/1.1" 200 2
186.155.150.61 - - [11/Oct/2014:14:42:43 -0500] "POST /forms/lservlet;jsessionid=ac16012b30d5b3041503c3f94d938a07acc2e0233c82.e3iSbxaKaheRe34Sa3yKbhiTahb0n6jAmljGr5XDqQLvpAe HTTP/1.1" 200 64
186.155.150.61 - - [11/Oct/2014:14:42:43 -0500] "POST /forms/lservlet;jsessionid=ac16012b30d5b3041503c3f94d938a07acc2e0233c82.e3iSbxaKaheRe34Sa3yKbhiTahb0n6jAmljGr5XDqQLvpAe HTTP/1.1" 200 53
186.155.150.61 - - [11/Oct/2014:14:42:43 -0500] "POST /forms/lservlet;jsessionid=ac16012b30d5b3041503c3f94d938a07acc2e0233c82.e3iSbxaKaheRe34Sa3yKbhiTahb0n6jAmljGr5XDqQLvpAe HTTP/1.1" 200 2
186.155.150.61 - - [11/Oct/2014:14:42:44 -0500] "POST /forms/lservlet;jsessionid=ac16012b30d5b3041503c3f94d938a07acc2e0233c82.e3iSbxaKaheRe34Sa3yKbhiTahb0n6jAmljGr5XDqQLvpAe HTTP/1.1" 200 71
186.155.150.61 - - [11/Oct/2014:14:42:47 -0500] "POST /forms/lservlet;jsessionid=ac16012b30d5b3041503c3f94d938a07acc2e0233c82.e3iSbxaKaheRe34Sa3yKbhiTahb0n6jAmljGr5XDqQLvpAe HTTP/1.1" 200 76
123.125.71.89 - - [11/Oct/2014:14:42:51 -0500] "GET /portel_dama/libreria/php/decide.php?patron=05. HTTP/1.1" 404 1019
66.249.79.103 - - [11/Oct/2014:14:42:52 -0500] "GET /BLA/boletinlegal/carousel.swf HTTP/1.1" 200 63487
186.155.150.61 - - [11/Oct/2014:14:42:58 -0500] "POST /forms/lservlet;jsessionid=ac16012b30d5b3041503c3f94d938a07acc2e0233c82.e3iSbxaKaheRe34Sa3yKbhiTahb0n6jAmljGr5XDqQLvpAe HTTP/1.1" 200 84
186.155.150.61 - - [11/Oct/2014:14:43:00 -0500] "POST /forms/lservlet;jsessionid=ac16012b30d5b3041503c3f94d938a07acc2e0233c82.e3iSbxaKaheRe34Sa3yKbhiTahb0n6jAmljGr5XDqQLvpAe HTTP/1.1" 200 2
186.155.150.61 - - [11/Oct/2014:14:43:00 -0500] "POST /forms/lservlet;jsessionid=ac16012b30d5b3041503c3f94d938a07acc2e0233c82.e3iSbxaKaheRe34Sa3yKbhiTahb0n6jAmljGr5XDqQLvpAe HTTP/1.1" 200 585
186.155.150.61 - - [11/Oct/2014:14:43:00 -0500] "POST /forms/lservlet;jsessionid=ac16012b30d5b3041503c3f94d938a07acc2e0233c82.e3iSbxaKaheRe34Sa3yKbhiTahb0n6jAmljGr5XDqQLvpAe HTTP/1.1" 200 15
186.155.150.61 - - [11/Oct/2014:14:43:09 -0500] "POST /forms/lservlet;jsessionid=ac16012b30d5b3041503c3f94d938a07acc2e0233c82.e3iSbxaKaheRe34Sa3yKbhiTahb0n6jAmljGr5XDqQLvpAe HTTP/1.1" 200 2
186.155.150.61 - - [11/Oct/2014:14:43:10 -0500] "POST /forms/lservlet;jsessionid=ac16012b30d5b3041503c3f94d938a07acc2e0233c82.e3iSbxaKaheRe34Sa3yKbhiTahb0n6jAmljGr5XDqQLvpAe HTTP/1.1" 200 472
186.155.150.61 - - [11/Oct/2014:14:43:10 -0500] "POST /forms/lservlet;jsessionid=ac16012b30d5b3041503c3f94d938a07acc2e0233c82.e3iSbxaKaheRe34Sa3yKbhiTahb0n6jAmljGr5XDqQLvpAe HTTP/1.1" 200 10
186.155.150.61 - - [11/Oct/2014:14:43:12 -0500] "POST /forms/lservlet;jsessionid=ac16012b30d5b3041503c3f94d938a07acc2e0233c82.e3iSbxaKaheRe34Sa3yKbhiTahb0n6jAmljGr5XDqQLvpAe HTTP/1.1" 200 52
186.155.150.61 - - [11/Oct/2014:14:43:21 -0500] "POST /forms/lservlet;jsessionid=ac16012b30d5b3041503c3f94d938a07acc2e0233c82.e3iSbxaKaheRe34Sa3yKbhiTahb0n6jAmljGr5XDqQLvpAe HTTP/1.1" 200 24
186.155.150.61 - - [11/Oct/2014:14:43:21 -0500] "POST /forms/lservlet;jsessionid=ac16012b30d5b3041503c3f94d938a07acc2e0233c82.e3iSbxaKaheRe34Sa3yKbhiTahb0n6jAmljGr5XDqQLvpAe HTTP/1.1" 200 4562
186.155.150.61 - - [11/Oct/2014:14:43:21 -0500] "POST /forms/lservlet;jsessionid=ac16012b30d5b3041503c3f94d938a07acc2e0233c82.e3iSbxaKaheRe34Sa3yKbhiTahb0n6jAmljGr5XDqQLvpAe HTTP/1.1" 200 20
186.155.150.61 - - [11/Oct/2014:14:43:30 -0500] "POST /forms/lservlet;jsessionid=ac16012b30d5b3041503c3f94d938a07acc2e0233c82.e3iSbxaKaheRe34Sa3yKbhiTahb0n6jAmljGr5XDqQLvpAe HTTP/1.1" 200 2
186.155.150.61 - - [11/Oct/2014:14:43:30 -0500] "POST /forms/lservlet;jsessionid=ac16012b30d5b3041503c3f94d938a07acc2e0233c82.e3iSbxaKaheRe34Sa3yKbhiTahb0n6jAmljGr5XDqQLvpAe HTTP/1.1" 200 2795
186.155.150.61 - - [11/Oct/2014:14:43:31 -0500] "POST /forms/lservlet;jsessionid=ac16012b30d5b3041503c3f94d938a07acc2e0233c82.e3iSbxaKaheRe34Sa3yKbhiTahb0n6jAmljGr5XDqQLvpAe HTTP/1.1" 200 2
186.28.35.172 - - [11/Oct/2014:14:43:32 -0500] "GET /forest/session.jsp?a=0.40556417335756123 HTTP/1.1" 200 4
66.249.79.67 - - [11/Oct/2014:14:43:38 -0500] "GET /BLA/resoluciones/AUTOS%202011/5825.pdf HTTP/1.1" 200 286163
190.84.56.157 - - [11/Oct/2014:14:43:40 -0500] "POST /forms/lservlet;jsessionid=ac16012b30d529b668ef7536421bb1eefe7093f34667.e3iSbxaKaheRe34Sa3yKbhiTahb0n6jAmljGr5XDqQLvpAe HTTP/1.1" 200 2
190.84.56.157 - - [11/Oct/2014:14:43:40 -0500] "POST /forms/lservlet;jsessionid=ac16012b30d529b668ef7536421bb1eefe7093f34667.e3iSbxaKaheRe34Sa3yKbhiTahb0n6jAmljGr5XDqQLvpAe HTTP/1.1" 200 2280
190.84.56.157 - - [11/Oct/2014:14:43:40 -0500] "GET /imagenes/Srch_frw.gif HTTP/1.1" 200 925
190.84.56.157 - - [11/Oct/2014:14:43:40 -0500] "POST /forms/lservlet;jsessionid=ac16012b30d529b668ef7536421bb1eefe7093f34667.e3iSbxaKaheRe34Sa3yKbhiTahb0n6jAmljGr5XDqQLvpAe HTTP/1.1" 200 10
190.84.56.157 - - [11/Oct/2014:14:43:46 -0500] "POST /forms/lservlet;jsessionid=ac16012b30d529b668ef7536421bb1eefe7093f34667.e3iSbxaKaheRe34Sa3yKbhiTahb0n6jAmljGr5XDqQLvpAe HTTP/1.1" 200 24
190.84.56.157 - - [11/Oct/2014:14:43:46 -0500] "POST /forms/lservlet;jsessionid=ac16012b30d529b668ef7536421bb1eefe7093f34667.e3iSbxaKaheRe34Sa3yKbhiTahb0n6jAmljGr5XDqQLvpAe HTTP/1.1" 200 3840
190.84.56.157 - - [11/Oct/2014:14:43:47 -0500] "POST /forms/lservlet;jsessionid=ac16012b30d529b668ef7536421bb1eefe7093f34667.e3iSbxaKaheRe34Sa3yKbhiTahb0n6jAmljGr5XDqQLvpAe HTTP/1.1" 200 2
66.249.79.119 - - [11/Oct/2014:14:43:47 -0500] "GET /PORTAL_SIAC/swf/Residuos/textiles/images/page1.swf HTTP/1.1" 200 101554
186.155.150.61 - - [11/Oct/2014:14:43:47 -0500] "POST /forms/lservlet;jsessionid=ac16012b30d5b3041503c3f94d938a07acc2e0233c82.e3iSbxaKaheRe34Sa3yKbhiTahb0n6jAmljGr5XDqQLvpAe HTTP/1.1" 200 2
186.155.150.61 - - [11/Oct/2014:14:43:47 -0500] "POST /forms/lservlet;jsessionid=ac16012b30d5b3041503c3f94d938a07acc2e0233c82.e3iSbxaKaheRe34Sa3yKbhiTahb0n6jAmljGr5XDqQLvpAe HTTP/1.1" 200 3120
186.155.150.61 - - [11/Oct/2014:14:43:48 -0500] "POST /forms/lservlet;jsessionid=ac16012b30d5b3041503c3f94d938a07acc2e0233c82.e3iSbxaKaheRe34Sa3yKbhiTahb0n6jAmljGr5XDqQLvpAe HTTP/1.1" 200 2
186.155.150.61 - - [11/Oct/2014:14:43:51 -0500] "POST /forms/lservlet;jsessionid=ac16012b30d5b3041503c3f94d938a07acc2e0233c82.e3iSbxaKaheRe34Sa3yKbhiTahb0n6jAmljGr5XDqQLvpAe HTTP/1.1" 200 2
186.28.35.172 - - [11/Oct/2014:14:43:52 -0500] "POST /forms/lservlet;jsessionid=ac16012b30d5741e9fcd68ac4cacbf0fcb2d68864a50.e3iSbxaKaheRe34Sa3yKbhiTahb0n6jAmljGr5XDqQLvpAe HTTP/1.1" 200 2
186.155.150.61 - - [11/Oct/2014:14:43:51 -0500] "POST /forms/lservlet;jsessionid=ac16012b30d5b3041503c3f94d938a07acc2e0233c82.e3iSbxaKaheRe34Sa3yKbhiTahb0n6jAmljGr5XDqQLvpAe HTTP/1.1" 200 3026
186.155.150.61 - - [11/Oct/2014:14:43:52 -0500] "POST /forms/lservlet;jsessionid=ac16012b30d5b3041503c3f94d938a07acc2e0233c82.e3iSbxaKaheRe34Sa3yKbhiTahb0n6jAmljGr5XDqQLvpAe HTTP/1.1" 200 2
186.155.150.61 - - [11/Oct/2014:14:43:55 -0500] "POST /forms/lservlet;jsessionid=ac16012b30d5b3041503c3f94d938a07acc2e0233c82.e3iSbxaKaheRe34Sa3yKbhiTahb0n6jAmljGr5XDqQLvpAe HTTP/1.1" 200 2
186.155.150.61 - - [11/Oct/2014:14:44:00 -0500] "POST /forms/lservlet;jsessionid=ac16012b30d5b3041503c3f94d938a07acc2e0233c82.e3iSbxaKaheRe34Sa3yKbhiTahb0n6jAmljGr5XDqQLvpAe HTTP/1.1" 200 2
66.249.79.83 - - [11/Oct/2014:14:44:01 -0500] "GET /BLA/resoluciones/RESOLUCIONES%202010/0733.pdf HTTP/1.1" 200 107432
186.155.150.61 - - [11/Oct/2014:14:44:00 -0500] "POST /forms/lservlet;jsessionid=ac16012b30d5b3041503c3f94d938a07acc2e0233c82.e3iSbxaKaheRe34Sa3yKbhiTahb0n6jAmljGr5XDqQLvpAe HTTP/1.1" 200 14
186.155.150.61 - - [11/Oct/2014:14:44:01 -0500] "POST /forms/lservlet;jsessionid=ac16012b30d5b3041503c3f94d938a07acc2e0233c82.e3iSbxaKaheRe34Sa3yKbhiTahb0n6jAmljGr5XDqQLvpAe HTTP/1.1" 200 131
186.155.150.61 - - [11/Oct/2014:14:44:02 -0500] "POST /forms/lservlet;jsessionid=ac16012b30d5b3041503c3f94d938a07acc2e0233c82.e3iSbxaKaheRe34Sa3yKbhiTahb0n6jAmljGr5XDqQLvpAe HTTP/1.1" 200 2
190.84.56.157 - - [11/Oct/2014:14:44:06 -0500] "POST /forms/lservlet;jsessionid=ac16012b30d529b668ef7536421bb1eefe7093f34667.e3iSbxaKaheRe34Sa3yKbhiTahb0n6jAmljGr5XDqQLvpAe HTTP/1.1" 200 2
190.84.56.157 - - [11/Oct/2014:14:44:06 -0500] "POST /forms/lservlet;jsessionid=ac16012b30d529b668ef7536421bb1eefe7093f34667.e3iSbxaKaheRe34Sa3yKbhiTahb0n6jAmljGr5XDqQLvpAe HTTP/1.1" 200 52
190.84.56.157 - - [11/Oct/2014:14:44:06 -0500] "POST /forms/lservlet;jsessionid=ac16012b30d529b668ef7536421bb1eefe7093f34667.e3iSbxaKaheRe34Sa3yKbhiTahb0n6jAmljGr5XDqQLvpAe HTTP/1.1" 200 2
190.84.56.157 - - [11/Oct/2014:14:44:07 -0500] "POST /forms/lservlet;jsessionid=ac16012b30d529b668ef7536421bb1eefe7093f34667.e3iSbxaKaheRe34Sa3yKbhiTahb0n6jAmljGr5XDqQLvpAe HTTP/1.1" 200 2
190.84.56.157 - - [11/Oct/2014:14:44:08 -0500] "POST /forms/lservlet;jsessionid=ac16012b30d529b668ef7536421bb1eefe7093f34667.e3iSbxaKaheRe34Sa3yKbhiTahb0n6jAmljGr5XDqQLvpAe HTTP/1.1" 200 2063
190.84.56.157 - - [11/Oct/2014:14:44:08 -0500] "POST /forms/lservlet;jsessionid=ac16012b30d529b668ef7536421bb1eefe7093f34667.e3iSbxaKaheRe34Sa3yKbhiTahb0n6jAmljGr5XDqQLvpAe HTTP/1.1" 200 78
186.155.150.61 - - [11/Oct/2014:14:44:03 -0500] "GET /reports/rwservlet/getjobid329513?server=rep_srvapsda HTTP/1.1" 200 1461293
66.249.79.75 - - [11/Oct/2014:14:44:15 -0500] "GET /BLA/resoluciones/RESOLUCIONES%202008/1232.pdf HTTP/1.1" 200 244341
186.98.157.191 - - [11/Oct/2014:14:44:19 -0500] "GET /BLA/boletinlegal/js/jquery.js HTTP/1.1" 200 57254
186.98.157.191 - - [11/Oct/2014:14:44:19 -0500] "GET /BLA/boletinlegal/js/jquery.scrollTo-min.js HTTP/1.1" 200 1150
186.98.157.191 - - [11/Oct/2014:14:44:19 -0500] "GET /BLA/boletinlegal/js/jquery.scrollShow.js HTTP/1.1" 200 4586
66.249.79.83 - - [11/Oct/2014:14:44:28 -0500] "GET /videos/galeria-fotografica/index4.html HTTP/1.1" 200 1971
186.29.67.138 - - [11/Oct/2014:14:44:29 -0500] "GET /BLA/boletinlegal/js/jquery.js HTTP/1.1" 200 57254
186.29.67.138 - - [11/Oct/2014:14:44:29 -0500] "GET /BLA/boletinlegal/js/jquery.scrollTo-min.js HTTP/1.1" 200 1150
186.29.67.138 - - [11/Oct/2014:14:44:29 -0500] "GET /BLA/boletinlegal/js/jquery.scrollShow.js HTTP/1.1" 200 4586
181.50.241.109 - - [11/Oct/2014:14:44:29 -0500] "POST /forms/lservlet;jsessionid=ac16012b30d562512b092b8b42babb5fc0e78d4a907c.e3iSbxaKaheRe34Sa3yKbhiTahb0n6jAmljGr5XDqQLvpAe HTTP/1.1" 200 2
66.249.79.75 - - [11/Oct/2014:14:44:34 -0500] "GET /BLA/resoluciones/RESOLUCIONES%202010/4060.pdf HTTP/1.1" 200 115932
190.84.56.157 - - [11/Oct/2014:14:44:36 -0500] "POST /forms/lservlet;jsessionid=ac16012b30d529b668ef7536421bb1eefe7093f34667.e3iSbxaKaheRe34Sa3yKbhiTahb0n6jAmljGr5XDqQLvpAe HTTP/1.1" 200 2
186.155.150.61 - - [11/Oct/2014:14:44:41 -0500] "POST /forms/lservlet;jsessionid=ac16012b30d5b3041503c3f94d938a07acc2e0233c82.e3iSbxaKaheRe34Sa3yKbhiTahb0n6jAmljGr5XDqQLvpAe HTTP/1.1" 200 2
186.155.150.61 - - [11/Oct/2014:14:44:41 -0500] "POST /forms/lservlet;jsessionid=ac16012b30d5b3041503c3f94d938a07acc2e0233c82.e3iSbxaKaheRe34Sa3yKbhiTahb0n6jAmljGr5XDqQLvpAe HTTP/1.1" 200 2914
186.155.150.61 - - [11/Oct/2014:14:44:41 -0500] "POST /forms/lservlet;jsessionid=ac16012b30d5b3041503c3f94d938a07acc2e0233c82.e3iSbxaKaheRe34Sa3yKbhiTahb0n6jAmljGr5XDqQLvpAe HTTP/1.1" 200 2
66.249.79.119 - - [11/Oct/2014:14:44:42 -0500] "GET /PORTAL_SIAC/swf/Residuos/farmaceutica/images/page2.swf HTTP/1.1" 200 30710
74.86.158.107 - - [11/Oct/2014:14:44:47 -0500] "HEAD / HTTP/1.1" 302 -
186.155.150.61 - - [11/Oct/2014:14:44:48 -0500] "POST /forms/lservlet;jsessionid=ac16012b30d5b3041503c3f94d938a07acc2e0233c82.e3iSbxaKaheRe34Sa3yKbhiTahb0n6jAmljGr5XDqQLvpAe HTTP/1.1" 200 2
186.155.150.61 - - [11/Oct/2014:14:44:48 -0500] "POST /forms/lservlet;jsessionid=ac16012b30d5b3041503c3f94d938a07acc2e0233c82.e3iSbxaKaheRe34Sa3yKbhiTahb0n6jAmljGr5XDqQLvpAe HTTP/1.1" 200 14
186.155.150.61 - - [11/Oct/2014:14:44:49 -0500] "POST /forms/lservlet;jsessionid=ac16012b30d5b3041503c3f94d938a07acc2e0233c82.e3iSbxaKaheRe34Sa3yKbhiTahb0n6jAmljGr5XDqQLvpAe HTTP/1.1" 200 14
186.155.150.61 - - [11/Oct/2014:14:44:50 -0500] "POST /forms/lservlet;jsessionid=ac16012b30d5b3041503c3f94d938a07acc2e0233c82.e3iSbxaKaheRe34Sa3yKbhiTahb0n6jAmljGr5XDqQLvpAe HTTP/1.1" 200 112
186.155.150.61 - - [11/Oct/2014:14:44:51 -0500] "POST /forms/lservlet;jsessionid=ac16012b30d5b3041503c3f94d938a07acc2e0233c82.e3iSbxaKaheRe34Sa3yKbhiTahb0n6jAmljGr5XDqQLvpAe HTTP/1.1" 200 2
66.249.79.103 - - [11/Oct/2014:14:44:56 -0500] "GET /PORTAL_SIAC/swf/Residuos/lavanderias/images/page1.swf HTTP/1.1" 200 1360615
66.249.79.119 - - [11/Oct/2014:14:45:10 -0500] "GET /PORTAL_SIAC/swf/Residuos/cosmeticos/cosmeticos.swf?pageNumber= HTTP/1.1" 304 -
190.84.56.157 - - [11/Oct/2014:14:45:11 -0500] "POST /forms/lservlet;jsessionid=ac16012b30d529b668ef7536421bb1eefe7093f34667.e3iSbxaKaheRe34Sa3yKbhiTahb0n6jAmljGr5XDqQLvpAe HTTP/1.1" 200 86
190.84.56.157 - - [11/Oct/2014:14:45:11 -0500] "POST /forms/lservlet;jsessionid=ac16012b30d529b668ef7536421bb1eefe7093f34667.e3iSbxaKaheRe34Sa3yKbhiTahb0n6jAmljGr5XDqQLvpAe HTTP/1.1" 200 -
186.155.150.61 - - [11/Oct/2014:14:44:52 -0500] "GET /reports/rwservlet/getjobid329514?server=rep_srvapsda HTTP/1.1" 200 2787052
66.249.79.103 - - [11/Oct/2014:14:45:23 -0500] "GET /PORTAL_SIAC/swf/Residuos/vehiculos/vehiculos.html HTTP/1.1" 304 -
131.253.24.59 - - [11/Oct/2014:14:45:25 -0500] "GET /BLA/boletinlegal/js/jquery.js HTTP/1.1" 200 57254
131.253.24.59 - - [11/Oct/2014:14:45:25 -0500] "GET /BLA/boletinlegal/js/jquery.scrollTo-min.js HTTP/1.1" 200 1150
131.253.24.59 - - [11/Oct/2014:14:45:25 -0500] "GET /BLA/boletinlegal/js/jquery.scrollShow.js HTTP/1.1" 200 4586
66.249.79.75 - - [11/Oct/2014:14:45:34 -0500] "GET /BLA/resoluciones/RESOLUCIONES%202007/RES%202007%20901%20AL%201000/RESOLUCION%200927%20DE%202007.pdf HTTP/1.1" 200 150411
186.155.150.61 - - [11/Oct/2014:14:45:35 -0500] "POST /forms/lservlet;jsessionid=ac16012b30d5b3041503c3f94d938a07acc2e0233c82.e3iSbxaKaheRe34Sa3yKbhiTahb0n6jAmljGr5XDqQLvpAe HTTP/1.1" 200 2
186.155.150.61 - - [11/Oct/2014:14:45:35 -0500] "POST /forms/lservlet;jsessionid=ac16012b30d5b3041503c3f94d938a07acc2e0233c82.e3iSbxaKaheRe34Sa3yKbhiTahb0n6jAmljGr5XDqQLvpAe HTTP/1.1" 200 2240
186.155.150.61 - - [11/Oct/2014:14:45:35 -0500] "POST /forms/lservlet;jsessionid=ac16012b30d5b3041503c3f94d938a07acc2e0233c82.e3iSbxaKaheRe34Sa3yKbhiTahb0n6jAmljGr5XDqQLvpAe HTTP/1.1" 200 10
186.155.150.61 - - [11/Oct/2014:14:45:37 -0500] "POST /forms/lservlet;jsessionid=ac16012b30d5b3041503c3f94d938a07acc2e0233c82.e3iSbxaKaheRe34Sa3yKbhiTahb0n6jAmljGr5XDqQLvpAe HTTP/1.1" 200 2
186.155.150.61 - - [11/Oct/2014:14:45:37 -0500] "POST /forms/lservlet;jsessionid=ac16012b30d5b3041503c3f94d938a07acc2e0233c82.e3iSbxaKaheRe34Sa3yKbhiTahb0n6jAmljGr5XDqQLvpAe HTTP/1.1" 200 688
186.155.150.61 - - [11/Oct/2014:14:45:38 -0500] "POST /forms/lservlet;jsessionid=ac16012b30d5b3041503c3f94d938a07acc2e0233c82.e3iSbxaKaheRe34Sa3yKbhiTahb0n6jAmljGr5XDqQLvpAe HTTP/1.1" 200 10
186.155.150.61 - - [11/Oct/2014:14:45:39 -0500] "POST /forms/lservlet;jsessionid=ac16012b30d5b3041503c3f94d938a07acc2e0233c82.e3iSbxaKaheRe34Sa3yKbhiTahb0n6jAmljGr5XDqQLvpAe HTTP/1.1" 200 2
186.155.150.61 - - [11/Oct/2014:14:45:40 -0500] "POST /forms/lservlet;jsessionid=ac16012b30d5b3041503c3f94d938a07acc2e0233c82.e3iSbxaKaheRe34Sa3yKbhiTahb0n6jAmljGr5XDqQLvpAe HTTP/1.1" 200 72
66.249.79.75 - - [11/Oct/2014:14:45:40 -0500] "GET /BLA/resoluciones/RESOLUCIONES%202004/RES%202004%201151-1200/00001199.tif HTTP/1.1" 200 195464
66.249.79.103 - - [11/Oct/2014:14:45:51 -0500] "GET /PORTAL_SIAC/swf/Residuos/farmaceutica/images/page1.swf HTTP/1.1" 200 247983
186.28.35.172 - - [11/Oct/2014:14:45:52 -0500] "POST /forms/lservlet;jsessionid=ac16012b30d5741e9fcd68ac4cacbf0fcb2d68864a50.e3iSbxaKaheRe34Sa3yKbhiTahb0n6jAmljGr5XDqQLvpAe HTTP/1.1" 200 2
186.147.66.232 - - [11/Oct/2014:14:45:53 -0500] "POST /forest/actions/manager.login?group_system_actual=3 HTTP/1.1" 200 14
186.155.150.61 - - [11/Oct/2014:14:45:55 -0500] "POST /forms/lservlet;jsessionid=ac16012b30d5b3041503c3f94d938a07acc2e0233c82.e3iSbxaKaheRe34Sa3yKbhiTahb0n6jAmljGr5XDqQLvpAe HTTP/1.1" 200 2
186.147.66.232 - - [11/Oct/2014:14:45:55 -0500] "GET /forest/session.jsp?a=0.6392323961481452 HTTP/1.1" 200 4
186.28.35.172 - - [11/Oct/2014:14:45:55 -0500] "POST /forest/actions/forms.sendFile HTTP/1.1" 200 110
