66.249.79.83 - - [12/Oct/2014:03:04:51 -0500] "GET /BLA/resoluciones/RESOLUCIONES%202007/RES%202007%202401%20AL%202500/RESOLUCION%202426%20DE%202007.pdf HTTP/1.1" 200 215513
180.76.5.76 - - [12/Oct/2014:03:05:03 -0500] "GET /BLA/resoluciones/RESOLUCIONES%202011/4938.pdf HTTP/1.1" 200 354561
157.55.39.38 - - [12/Oct/2014:03:05:12 -0500] "GET /BLA/boletinlegal/js/jquery.scrollTo-min.js HTTP/1.1" 200 1150
157.55.39.38 - - [12/Oct/2014:03:05:12 -0500] "GET /BLA/boletinlegal/js/jquery.scrollTo-min.js HTTP/1.1" 200 1150
157.55.39.38 - - [12/Oct/2014:03:05:14 -0500] "GET /BLA/boletinlegal/js/jquery.scrollTo-min.js HTTP/1.1" 200 1150
66.249.79.75 - - [12/Oct/2014:03:05:15 -0500] "GET /BLA/resoluciones/AUTOS%202011/4414.pdf HTTP/1.1" 200 150083
186.28.199.176 - - [12/Oct/2014:03:05:39 -0500] "POST /forms/lservlet;jsessionid=ac16012b30d50bf03f65bf974da78a0fb2cb57f279e0.e3iSbxaKaheRe34Sa3yKbhiTahb0n6jAmljGr5XDqQLvpAe HTTP/1.1" 200 2
66.249.79.75 - - [12/Oct/2014:03:05:40 -0500] "GET /BLA/resoluciones/RESOLUCIONES%202009/5418.pdf HTTP/1.1" 200 518263
66.249.79.75 - - [12/Oct/2014:03:06:20 -0500] "GET /BLA/resoluciones/AUTOS%202007/2857.pdf HTTP/1.1" 200 172131
66.249.79.67 - - [12/Oct/2014:03:06:29 -0500] "GET /BLA/resoluciones/RESOLUCIONES%202002/RES%202002%201301-1350/20021312.tif HTTP/1.1" 200 61748
186.28.199.176 - - [12/Oct/2014:03:06:32 -0500] "POST /forms/lservlet;jsessionid=ac16012b30d50bf03f65bf974da78a0fb2cb57f279e0.e3iSbxaKaheRe34Sa3yKbhiTahb0n6jAmljGr5XDqQLvpAe HTTP/1.1" 200 90
186.28.199.176 - - [12/Oct/2014:03:06:33 -0500] "POST /forms/lservlet;jsessionid=ac16012b30d50bf03f65bf974da78a0fb2cb57f279e0.e3iSbxaKaheRe34Sa3yKbhiTahb0n6jAmljGr5XDqQLvpAe HTTP/1.1" 200 2
186.28.199.176 - - [12/Oct/2014:03:06:36 -0500] "POST /forms/lservlet;jsessionid=ac16012b30d50bf03f65bf974da78a0fb2cb57f279e0.e3iSbxaKaheRe34Sa3yKbhiTahb0n6jAmljGr5XDqQLvpAe HTTP/1.1" 200 2056
186.28.199.176 - - [12/Oct/2014:03:06:36 -0500] "POST /forms/lservlet;jsessionid=ac16012b30d50bf03f65bf974da78a0fb2cb57f279e0.e3iSbxaKaheRe34Sa3yKbhiTahb0n6jAmljGr5XDqQLvpAe HTTP/1.1" 200 78
186.28.199.176 - - [12/Oct/2014:03:06:38 -0500] "POST /forms/lservlet;jsessionid=ac16012b30d50bf03f65bf974da78a0fb2cb57f279e0.e3iSbxaKaheRe34Sa3yKbhiTahb0n6jAmljGr5XDqQLvpAe HTTP/1.1" 200 2
186.28.199.176 - - [12/Oct/2014:03:06:38 -0500] "POST /forms/lservlet;jsessionid=ac16012b30d50bf03f65bf974da78a0fb2cb57f279e0.e3iSbxaKaheRe34Sa3yKbhiTahb0n6jAmljGr5XDqQLvpAe HTTP/1.1" 200 2
186.28.199.176 - - [12/Oct/2014:03:06:38 -0500] "POST /forms/lservlet;jsessionid=ac16012b30d50bf03f65bf974da78a0fb2cb57f279e0.e3iSbxaKaheRe34Sa3yKbhiTahb0n6jAmljGr5XDqQLvpAe HTTP/1.1" 200 86
186.28.199.176 - - [12/Oct/2014:03:06:38 -0500] "POST /forms/lservlet;jsessionid=ac16012b30d50bf03f65bf974da78a0fb2cb57f279e0.e3iSbxaKaheRe34Sa3yKbhiTahb0n6jAmljGr5XDqQLvpAe HTTP/1.1" 200 -
66.249.79.75 - - [12/Oct/2014:03:06:41 -0500] "GET /BLA/resoluciones/AUTOS%202013/1685.pdf HTTP/1.1" 200 250606
66.249.79.103 - - [12/Oct/2014:03:07:10 -0500] "GET /POT-2013/Cartografia/06_Mitigacion_Remasa_V1_2013.pdf HTTP/1.1" 304 -
66.249.79.67 - - [12/Oct/2014:03:07:17 -0500] "GET /BLA/resoluciones/RESOLUCIONES%202011/2311.pdf HTTP/1.1" 200 292113
66.249.79.75 - - [12/Oct/2014:03:07:39 -0500] "GET /BLA/resoluciones/AUTOS%202012/3009.pdf HTTP/1.1" 200 4578035
66.249.79.83 - - [12/Oct/2014:03:07:56 -0500] "GET /BLA/resoluciones/AUTOS%202013/0748.pdf HTTP/1.1" 304 -
66.249.79.75 - - [12/Oct/2014:03:07:59 -0500] "GET /BLA/resoluciones/RESOLUCIONES%202009/7780.pdf HTTP/1.1" 200 518344
66.249.79.75 - - [12/Oct/2014:03:08:08 -0500] "GET /manual_funciones_Listado/2.%20Subsecretar%C3%ADa%20General%20y%20de%20Control%20Disciplinario/Profesional%20Universitario%20219-18.pdf HTTP/1.1" 404 1018
66.249.79.75 - - [12/Oct/2014:03:08:15 -0500] "GET /BLA/resoluciones/RESOLUCIONES%202004/RES%202004%201151-1200/00001186.tif HTTP/1.1" 200 198200
180.76.6.150 - - [12/Oct/2014:03:08:37 -0500] "GET /BLA/resoluciones/AUTOS%202007/1336.pdf HTTP/1.1" 200 31799
66.249.79.111 - - [12/Oct/2014:03:08:37 -0500] "GET /BLA/boletinlegal/norma_menu.php HTTP/1.1" 200 5286
66.249.79.67 - - [12/Oct/2014:03:08:51 -0500] "GET /BLA/resoluciones/AUTOS%202011/0892.pdf HTTP/1.1" 200 93805
151.33.61.0 - - [12/Oct/2014:03:09:02 -0500] "GET / HTTP/1.1" 302 -
66.249.79.103 - - [12/Oct/2014:03:09:06 -0500] "GET /POT-2013/Cartografia/34_EST_ORDENAMIENTO%20PARA%20EL%20SUELO_RURAL.pdf HTTP/1.1" 304 -
66.249.79.75 - - [12/Oct/2014:03:09:10 -0500] "GET /BLA/resoluciones/RESOLUCIONES%202010/6184.pdf HTTP/1.1" 304 -
66.249.79.67 - - [12/Oct/2014:03:09:14 -0500] "GET /BLA/resoluciones/RESOLUCIONES%202009/1319.pdf HTTP/1.1" 200 372125
66.249.79.83 - - [12/Oct/2014:03:09:28 -0500] "GET /BLA/resoluciones/RESOLUCIONES%202008/1189.pdf HTTP/1.1" 200 368954
66.249.79.75 - - [12/Oct/2014:03:09:35 -0500] "GET /BLA/resoluciones/AUTOS%202011/7010.pdf HTTP/1.1" 200 213687
66.249.79.75 - - [12/Oct/2014:03:09:51 -0500] "GET /BLA/resoluciones/RESOLUCIONES%202011/1499.pdf HTTP/1.1" 200 65993
66.249.79.83 - - [12/Oct/2014:03:10:04 -0500] "GET /BLA/resoluciones/RESOLUCIONES%202009/9303.pdf HTTP/1.1" 200 1432975
220.181.108.122 - - [12/Oct/2014:03:10:18 -0500] "GET / HTTP/1.1" 302 -
66.249.79.83 - - [12/Oct/2014:03:10:33 -0500] "GET /BLA/resoluciones/AUTOS%202012/1995.pdf HTTP/1.1" 200 1636459
66.249.79.83 - - [12/Oct/2014:03:10:43 -0500] "GET /BLA/resoluciones/AUTOS%202007/0681.pdf HTTP/1.1" 200 166893
66.249.79.83 - - [12/Oct/2014:03:10:52 -0500] "GET /BLA/resoluciones/AUTOS%202007/0790.pdf HTTP/1.1" 200 188474
66.249.79.75 - - [12/Oct/2014:03:11:13 -0500] "GET /BLA/resoluciones/AUTOS%202011/0127.pdf HTTP/1.1" 200 145547
66.249.79.83 - - [12/Oct/2014:03:11:30 -0500] "GET /BLA/resoluciones/AUTOS%202013/1102.pdf HTTP/1.1" 304 -
74.86.158.107 - - [12/Oct/2014:03:11:32 -0500] "HEAD / HTTP/1.1" 302 -
66.249.79.67 - - [12/Oct/2014:03:11:56 -0500] "GET /BLA/resoluciones/RESOLUCIONES%202004/RES%202004%2051-100/00000086.tif HTTP/1.1" 200 380330
66.249.79.83 - - [12/Oct/2014:03:12:01 -0500] "GET /BLA/resoluciones/AUTOS%202013/2413.pdf HTTP/1.1" 200 1004320
66.249.79.83 - - [12/Oct/2014:03:12:09 -0500] "GET /BLA/resoluciones/RESOLUCIONES%202011/3742.pdf HTTP/1.1" 304 -
66.249.79.83 - - [12/Oct/2014:03:12:09 -0500] "GET /dama/libreria/pdf/varios2006/IGA2004.pdf HTTP/1.1" 404 1015
66.249.79.83 - - [12/Oct/2014:03:12:12 -0500] "GET /BLA/resoluciones/AUTOS%202007/3536.pdf HTTP/1.1" 200 80508
66.249.79.83 - - [12/Oct/2014:03:12:28 -0500] "GET /galeria/nivo-slider/demo/images/BannerIDRD1.png HTTP/1.1" 304 -
66.249.79.83 - - [12/Oct/2014:03:12:29 -0500] "GET /BLA/resoluciones/RESOLUCIONES%202009/6982.pdf HTTP/1.1" 200 114654
157.55.39.40 - - [12/Oct/2014:03:12:45 -0500] "GET /BLA/boletinlegal/js/jquery.scrollTo-min.js HTTP/1.1" 200 1150
157.55.39.40 - - [12/Oct/2014:03:12:46 -0500] "GET /BLA/boletinlegal/js/jquery.scrollTo-min.js HTTP/1.1" 200 1150
157.55.39.40 - - [12/Oct/2014:03:12:46 -0500] "GET /BLA/boletinlegal/js/jquery.scrollTo-min.js HTTP/1.1" 200 1150
157.55.39.40 - - [12/Oct/2014:03:12:46 -0500] "GET /BLA/boletinlegal/js/jquery.scrollTo-min.js HTTP/1.1" 200 1150
66.249.79.67 - - [12/Oct/2014:03:12:57 -0500] "GET /BLA/resoluciones/RESOLUCIONES%202009/6788.pdf HTTP/1.1" 200 604598
66.249.79.67 - - [12/Oct/2014:03:13:03 -0500] "GET /BLA/resoluciones/AUTOS%202011/0709.pdf HTTP/1.1" 200 185059
180.76.6.66 - - [12/Oct/2014:03:13:12 -0500] "GET /BLA/resoluciones/RESOLUCIONES%202009/1959.pdf HTTP/1.1" 200 514722
66.249.79.67 - - [12/Oct/2014:03:13:16 -0500] "GET /BLA/resoluciones/AUTOS%202011/1132.pdf HTTP/1.1" 200 250468
66.249.79.75 - - [12/Oct/2014:03:13:26 -0500] "GET /BLA/resoluciones/RESOLUCIONES%202007/RES%202007%204001%20AL%204100/RESOLUCION%204016%20DE%202007.pdf HTTP/1.1" 200 745679
66.249.79.67 - - [12/Oct/2014:03:13:31 -0500] "GET /BLA/resoluciones/RESOLUCIONES%202013/1419.pdf HTTP/1.1" 304 -
66.249.79.75 - - [12/Oct/2014:03:13:55 -0500] "GET /BLA/resoluciones/RESOLUCIONES%202009/6981.pdf HTTP/1.1" 200 54384
66.249.79.67 - - [12/Oct/2014:03:14:24 -0500] "GET /PruebasSTORM/silvicultura1Pruebas/ HTTP/1.1" 200 414
180.76.5.171 - - [12/Oct/2014:03:14:30 -0500] "GET /BLA/resoluciones/Autos%202008/2315.pdf HTTP/1.1" 200 80059
66.249.79.67 - - [12/Oct/2014:03:14:53 -0500] "GET /BLA/resoluciones/RESOLUCIONES%202011/0015.pdf HTTP/1.1" 200 293115
66.249.79.75 - - [12/Oct/2014:03:14:57 -0500] "GET /BLA/resoluciones/AUTOS%202013/3052.pdf HTTP/1.1" 304 -
96.28.159.149 - - [12/Oct/2014:03:15:07 -0500] "GET /webdav/x32.php HTTP/1.1" 404 1018
66.249.79.83 - - [12/Oct/2014:03:15:22 -0500] "GET /BLA/resoluciones/RESOLUCIONES%202011/0918.pdf HTTP/1.1" 200 77901
66.249.79.75 - - [12/Oct/2014:03:15:26 -0500] "GET /BLA/resoluciones/RESOLUCIONES%202009/0463.pdf HTTP/1.1" 200 381843
66.249.79.67 - - [12/Oct/2014:03:15:51 -0500] "GET /BLA/resoluciones/RESOLUCIONES%202009/0117.pdf HTTP/1.1" 200 326730
61.135.190.103 - - [12/Oct/2014:03:16:08 -0500] "GET /BLA/boletinlegal/js/jquery.js HTTP/1.1" 200 57254
61.135.190.103 - - [12/Oct/2014:03:16:10 -0500] "GET /BLA/boletinlegal/js/jquery.scrollTo-min.js HTTP/1.1" 200 1150
61.135.190.103 - - [12/Oct/2014:03:16:11 -0500] "GET /BLA/boletinlegal/js/jquery.scrollShow.js HTTP/1.1" 200 4586
61.135.190.219 - - [12/Oct/2014:03:16:17 -0500] "GET /galeria/carrusel/Carrusel/jquery-ui-1.8.13.custom.min.js HTTP/1.1" 200 10800
61.135.190.219 - - [12/Oct/2014:03:16:20 -0500] "GET /galeria/carrusel/Carrusel/jquery.thumbnailScroller.js HTTP/1.1" 200 8157
66.249.79.83 - - [12/Oct/2014:03:16:20 -0500] "GET /BLA/resoluciones/AUTOS%202013/0961.pdf HTTP/1.1" 200 1833910
66.249.79.67 - - [12/Oct/2014:03:16:27 -0500] "GET /BLA/resoluciones/AUTOS%202007/2899.pdf HTTP/1.1" 200 53546
74.86.158.107 - - [12/Oct/2014:03:16:32 -0500] "HEAD / HTTP/1.1" 302 -
66.249.79.83 - - [12/Oct/2014:03:16:49 -0500] "GET /BLA/resoluciones/AUTOS%202011/7773.pdf HTTP/1.1" 200 200666
157.55.39.38 - - [12/Oct/2014:03:17:05 -0500] "GET /BLA/boletinlegal/js/jquery.scrollTo-min.js HTTP/1.1" 200 1150
66.249.79.75 - - [12/Oct/2014:03:17:06 -0500] "GET /resoluciones/RESOLUCIONES%202008/1031.pdf HTTP/1.1" 404 1018
66.249.79.83 - - [12/Oct/2014:03:17:17 -0500] "GET /BLA/resoluciones/RESOLUCIONES%202009/1617.pdf HTTP/1.1" 200 661641
66.249.79.67 - - [12/Oct/2014:03:17:29 -0500] "GET /galeria/nivo-slider/demo/images/ConstructorasFNL.jpg HTTP/1.1" 304 -
66.249.79.75 - - [12/Oct/2014:03:17:46 -0500] "GET /BLA/resoluciones/AUTOS%202011/2751.pdf HTTP/1.1" 200 185824
66.249.79.83 - - [12/Oct/2014:03:17:48 -0500] "GET /BLA/resoluciones/RESOLUCIONES%202010/0903.pdf HTTP/1.1" 200 100197
66.249.79.67 - - [12/Oct/2014:03:18:15 -0500] "GET /BLA/resoluciones/RESOLUCIONES%202010/0238.pdf HTTP/1.1" 200 504743
66.249.79.75 - - [12/Oct/2014:03:18:44 -0500] "GET /BLA/resoluciones/RESOLUCIONES%202011/1303.pdf HTTP/1.1" 200 67227
66.249.79.75 - - [12/Oct/2014:03:18:45 -0500] "GET /BLA/resoluciones/RESOLUCIONES%202008/0690.pdf HTTP/1.1" 200 422428
66.249.79.83 - - [12/Oct/2014:03:18:47 -0500] "GET /BLA/resoluciones/RESOLUCIONES%202011/0439.pdf HTTP/1.1" 200 64021
74.82.68.160 - - [12/Oct/2014:03:18:56 -0500] "GET /BLA/boletinlegal/js/jquery.scrollTo-min.js HTTP/1.1" 200 1150
74.82.68.160 - - [12/Oct/2014:03:18:57 -0500] "GET /BLA/boletinlegal/js/jquery.js HTTP/1.1" 200 57254
74.82.68.144 - - [12/Oct/2014:03:18:57 -0500] "GET /BLA/boletinlegal/js/jquery.scrollShow.js HTTP/1.1" 200 4586
66.249.79.75 - - [12/Oct/2014:03:18:57 -0500] "GET /BLA/resoluciones/RESOLUCIONES%202011/0606.pdf HTTP/1.1" 200 69029
66.249.79.83 - - [12/Oct/2014:03:19:13 -0500] "GET /BLA/resoluciones/AUTOS%202013/0112.pdf HTTP/1.1" 200 1131232
66.249.79.75 - - [12/Oct/2014:03:19:19 -0500] "GET /BLA/resoluciones/RESOLUCIONES%202010/7477.pdf HTTP/1.1" 304 -
180.76.5.223 - - [12/Oct/2014:03:19:42 -0500] "GET /BLA/resoluciones/Autos%202008/0640.pdf HTTP/1.1" 200 249405
66.249.79.67 - - [12/Oct/2014:03:19:42 -0500] "GET /BLA/resoluciones/RESOLUCIONES%202013/0752.pdf HTTP/1.1" 304 -
66.249.79.103 - - [12/Oct/2014:03:20:11 -0500] "GET /pread5/pread/Presentaci%C3%B3n%20Subdirector.pdf HTTP/1.1" 404 1019
157.55.39.39 - - [12/Oct/2014:03:20:30 -0500] "GET /BLA/boletinlegal/js/jquery.scrollTo-min.js HTTP/1.1" 200 1150
157.55.39.39 - - [12/Oct/2014:03:20:30 -0500] "GET / HTTP/1.1" 302 -
66.249.79.83 - - [12/Oct/2014:03:20:40 -0500] "GET /BLA/resoluciones/RESOLUCIONES%202008/0654.pdf HTTP/1.1" 200 94075
66.249.79.83 - - [12/Oct/2014:03:20:41 -0500] "GET /BLA/resoluciones/AUTOS%202011/6784.pdf HTTP/1.1" 304 -
180.76.6.62 - - [12/Oct/2014:03:20:59 -0500] "GET /BLA/resoluciones/RESOLUCIONES%202011/5690.pdf HTTP/1.1" 200 55713
66.249.79.67 - - [12/Oct/2014:03:21:09 -0500] "GET /BLA/resoluciones/RESOLUCIONES%202010/7687.pdf HTTP/1.1" 200 245087
74.86.158.107 - - [12/Oct/2014:03:21:32 -0500] "HEAD / HTTP/1.1" 302 -
66.249.79.75 - - [12/Oct/2014:03:21:38 -0500] "GET /BLA/resoluciones/RESOLUCIONES%202011/0937.pdf HTTP/1.1" 200 74705
66.249.79.75 - - [12/Oct/2014:03:22:03 -0500] "GET /BLA/resoluciones/RESOLUCIONES%202009/2517.pdf HTTP/1.1" 200 704346
66.249.79.67 - - [12/Oct/2014:03:22:08 -0500] "GET /BLA/resoluciones/RESOLUCIONES%202013/0756.pdf HTTP/1.1" 304 -
66.249.79.75 - - [12/Oct/2014:03:22:08 -0500] "GET /galeria/nivo-slider/demo/images/Hacienda_Molinos.jpg HTTP/1.1" 304 -
66.249.79.67 - - [12/Oct/2014:03:22:10 -0500] "GET /BLA/resoluciones/RESOLUCIONES%202009/6463.pdf HTTP/1.1" 200 359538
66.249.79.75 - - [12/Oct/2014:03:22:35 -0500] "GET /BLA/resoluciones/RESOLUCIONES%202011/0291.pdf HTTP/1.1" 200 475462
66.249.79.111 - - [12/Oct/2014:03:23:04 -0500] "GET /BLA/boletinlegal/circulares/2012IE017270.pdf HTTP/1.1" 304 -
66.249.79.83 - - [12/Oct/2014:03:23:08 -0500] "GET /BLA/resoluciones/RESOLUCIONES%202005/RES%202005%202951-3000/00002957.tif HTTP/1.1" 200 100412
66.249.79.83 - - [12/Oct/2014:03:23:16 -0500] "GET /BLA/resoluciones/RESOLUCIONES%202005/RES%202005%202951-3000/00002968.tif HTTP/1.1" 200 381734
180.76.6.150 - - [12/Oct/2014:03:23:32 -0500] "GET /BLA/resoluciones/Autos%202008/1821.pdf HTTP/1.1" 200 82836
66.249.79.83 - - [12/Oct/2014:03:23:33 -0500] "GET /BLA/resoluciones/RESOLUCIONES%202011/6409.pdf HTTP/1.1" 200 2850177
66.249.79.67 - - [12/Oct/2014:03:23:45 -0500] "GET /BLA/resoluciones/RESOLUCIONES%202013/0096.pdf HTTP/1.1" 304 -
66.249.79.75 - - [12/Oct/2014:03:24:02 -0500] "GET /BLA/resoluciones/RESOLUCIONES%202009/9682.pdf HTTP/1.1" 200 508971
66.249.79.83 - - [12/Oct/2014:03:24:31 -0500] "GET /BLA/resoluciones/RESOLUCIONES%202010/2508.pdf HTTP/1.1" 200 381474
66.249.79.75 - - [12/Oct/2014:03:24:55 -0500] "GET /galeria/nivo-slider/demo/images/Banner-GAE2.jpg HTTP/1.1" 304 -
66.249.79.75 - - [12/Oct/2014:03:24:55 -0500] "GET /BLA/resoluciones/RESOLUCIONES%202004/RES%202004%2051-100/00000062.tif HTTP/1.1" 200 711602
66.249.79.67 - - [12/Oct/2014:03:25:00 -0500] "GET /BLA/resoluciones/RESOLUCIONES%202007/RES%202007%201901%20AL%202000/RESOLUCION%201903%20DE%202007.pdf HTTP/1.1" 304 -
66.249.79.75 - - [12/Oct/2014:03:25:00 -0500] "GET /BLA/resoluciones/RESOLUCIONES%202007/RES%202007%204101%20AL%204200/RESOLUCION%204115%20DE%202007.pdf HTTP/1.1" 200 553470
66.249.79.83 - - [12/Oct/2014:03:25:58 -0500] "GET /BLA/resoluciones/AUTOS%202013/0344.pdf HTTP/1.1" 200 1502591
66.249.79.75 - - [12/Oct/2014:03:26:27 -0500] "GET /BLA/resoluciones/RESOLUCIONES%202010/5324.pdf HTTP/1.1" 200 370821
74.86.158.107 - - [12/Oct/2014:03:26:32 -0500] "HEAD / HTTP/1.1" 302 -
66.249.79.83 - - [12/Oct/2014:03:26:56 -0500] "GET /BLA/resoluciones/RESOLUCIONES%202009/7270.pdf HTTP/1.1" 200 291333
207.46.13.22 - - [12/Oct/2014:03:27:23 -0500] "GET /videos/galeria-fotografica/js/jquery-flickr-gallery/jquery-flickr-gallery.js HTTP/1.1" 200 9050
207.46.13.22 - - [12/Oct/2014:03:27:23 -0500] "GET /BLA/boletinlegal/js/jquery.scrollShow.js HTTP/1.1" 200 4586
66.249.79.83 - - [12/Oct/2014:03:27:25 -0500] "GET /BLA/resoluciones/RESOLUCIONES%202010/2360.pdf HTTP/1.1" 200 466068
157.55.39.40 - - [12/Oct/2014:03:27:44 -0500] "GET /BLA/boletinlegal/js/jquery.scrollTo-min.js HTTP/1.1" 200 1150
157.55.39.40 - - [12/Oct/2014:03:27:44 -0500] "GET /BLA/boletinlegal/js/jquery.scrollTo-min.js HTTP/1.1" 200 1150
66.249.79.67 - - [12/Oct/2014:03:27:49 -0500] "GET /BLA/resoluciones/RESOLUCIONES%202008/4173.pdf HTTP/1.1" 200 379591
66.249.79.67 - - [12/Oct/2014:03:27:53 -0500] "GET /BLA/resoluciones/AUTOS%202008/2079.pdf HTTP/1.1" 304 -
66.249.79.75 - - [12/Oct/2014:03:27:54 -0500] "GET /BLA/resoluciones/RESOLUCIONES%202010/6947.pdf HTTP/1.1" 200 259592
66.249.79.75 - - [12/Oct/2014:03:28:22 -0500] "GET /BLA/resoluciones/AUTOS%202011/5511.pdf HTTP/1.1" 200 529502
66.249.79.83 - - [12/Oct/2014:03:29:05 -0500] "GET /BLA/resoluciones/AUTOS%202011/0880.pdf HTTP/1.1" 200 153717
66.249.79.67 - - [12/Oct/2014:03:29:12 -0500] "GET /BLA/boletinlegal/images/word.png HTTP/1.1" 304 -
66.249.79.111 - - [12/Oct/2014:03:29:19 -0500] "GET /manual_funciones_Listado/index.php?dir=2.%20Subsecretar%EDa%20General%20y%20de%20Control%20Disciplinario/&sort=size&order=desc HTTP/1.1" 404 1019
66.249.79.75 - - [12/Oct/2014:03:29:20 -0500] "GET /BLA/resoluciones/AUTOS%202013/0945.pdf HTTP/1.1" 200 1712448
66.249.79.67 - - [12/Oct/2014:03:29:32 -0500] "GET /BLA/resoluciones/RESOLUCIONES%202002/RES%202002%201051-1100/00001087.tif HTTP/1.1" 200 102250
66.249.79.75 - - [12/Oct/2014:03:29:49 -0500] "GET /BLA/resoluciones/RESOLUCIONES%202011/2566.pdf HTTP/1.1" 200 357357
66.249.79.75 - - [12/Oct/2014:03:30:18 -0500] "GET /BLA/resoluciones/RESOLUCIONES%202010/2862.pdf HTTP/1.1" 200 423601
66.249.79.67 - - [12/Oct/2014:03:30:46 -0500] "GET /BLA/resoluciones/RESOLUCIONES%202007/RES%202007%201801%20AL%201900/RESOLUCION%201888%20DE%202007.pdf HTTP/1.1" 200 960067
66.249.79.67 - - [12/Oct/2014:03:30:51 -0500] "GET /BLA/resoluciones/RESOLUCIONES%202007/RES%202007%20601%20AL%20700/RESOLUCION%200628%20DE%202007.pdf HTTP/1.1" 200 981632
74.86.158.107 - - [12/Oct/2014:03:31:32 -0500] "HEAD / HTTP/1.1" 302 -
66.249.79.103 - - [12/Oct/2014:03:31:45 -0500] "GET /manual_funciones_Listado/2.1.2.%20Subdireccion%20de%20Proyectos%20y%20Cooperacion%20Internacional/Profesional%20Universitario%20219-14.pdf HTTP/1.1" 404 1019
66.249.79.75 - - [12/Oct/2014:03:31:53 -0500] "GET /BLA/resoluciones/RESOLUCIONES%202009/1861.pdf HTTP/1.1" 200 420231
66.249.79.83 - - [12/Oct/2014:03:32:12 -0500] "GET /BLA/resoluciones/AUTOS%202011/2175.pdf HTTP/1.1" 304 -
66.249.79.75 - - [12/Oct/2014:03:32:14 -0500] "GET /BLA/resoluciones/RESOLUCIONES%202007/RES%202007%202001%20AL%202100/RESOLUCION%202026%20DE%202007.pdf HTTP/1.1" 200 731392
66.249.79.75 - - [12/Oct/2014:03:32:43 -0500] "GET /BLA/resoluciones/RESOLUCIONES%202007/RES%202007%201726%20AL%201800/RESOLUCION%201787%20DE%202007.pdf HTTP/1.1" 200 924114
66.249.79.67 - - [12/Oct/2014:03:33:12 -0500] "GET /BLA/resoluciones/RESOLUCIONES%202007/RES%202007%201401%20AL%201500/RESOLUCION%201443%20DE%202007.pdf HTTP/1.1" 304 -
66.249.79.67 - - [12/Oct/2014:03:33:38 -0500] "GET /BLA/resoluciones/RESOLUCIONES%202010/7823.pdf HTTP/1.1" 304 -
66.249.79.83 - - [12/Oct/2014:03:33:40 -0500] "GET /BLA/resoluciones/RESOLUCIONES%202013/0161.pdf HTTP/1.1" 200 885370
66.249.79.75 - - [12/Oct/2014:03:34:09 -0500] "GET /BLA/resoluciones/RESOLUCIONES%202009/3675.pdf HTTP/1.1" 200 1072185
66.249.79.75 - - [12/Oct/2014:03:34:41 -0500] "GET /BLA/resoluciones/RESOLUCIONES%202013/0807.pdf HTTP/1.1" 200 3064716
66.249.79.67 - - [12/Oct/2014:03:35:00 -0500] "GET /BLA/resoluciones/index.php?dir=RESOLUCIONES%202004/RES%202004%20501-550/&sort=name&order=desc HTTP/1.1" 200 12047
66.249.79.67 - - [12/Oct/2014:03:35:03 -0500] "GET /BLA/resoluciones/AUTOS%202009/0022.pdf HTTP/1.1" 304 -
66.249.79.75 - - [12/Oct/2014:03:35:07 -0500] "GET /POT-2013/Cartografia/ANEXO2_ZAC.pdf HTTP/1.1" 200 3835541
66.249.79.83 - - [12/Oct/2014:03:35:36 -0500] "GET /BLA/resoluciones/RESOLUCIONES%202011/4242.pdf HTTP/1.1" 200 553171
66.249.79.111 - - [12/Oct/2014:03:35:40 -0500] "GET /ifweb/8.html HTTP/1.1" 404 1019
66.249.79.67 - - [12/Oct/2014:03:36:24 -0500] "GET /BLA/resoluciones/RESOLUCIONES%202008/0416.pdf HTTP/1.1" 200 294437
66.249.79.83 - - [12/Oct/2014:03:36:32 -0500] "GET /BLA/resoluciones/RESOLUCIONES%202009/9388.pdf HTTP/1.1" 200 196890
74.86.158.107 - - [12/Oct/2014:03:36:32 -0500] "HEAD / HTTP/1.1" 302 -
66.249.79.111 - - [12/Oct/2014:03:36:49 -0500] "GET /damallibreria/pdf/reoortesredaire HTTP/1.1" 404 1019
180.76.5.76 - - [12/Oct/2014:03:37:00 -0500] "GET /BLA/resoluciones/AUTOS%202009/3395.pdf HTTP/1.1" 200 96399
66.249.79.83 - - [12/Oct/2014:03:37:03 -0500] "GET /BLA/resoluciones/RESOLUCIONES%202010/1769.pdf HTTP/1.1" 200 688544
66.249.79.67 - - [12/Oct/2014:03:37:32 -0500] "GET /BLA/resoluciones/RESOLUCIONES%202013/0518.pdf HTTP/1.1" 304 -
180.76.6.150 - - [12/Oct/2014:03:37:39 -0500] "GET /BLA/resoluciones/RESOLUCIONES%202008/0562.pdf HTTP/1.1" 200 129650
66.249.79.83 - - [12/Oct/2014:03:37:49 -0500] "GET /BLA/resoluciones/AUTOS%202013/1266.pdf HTTP/1.1" 304 -
66.249.79.75 - - [12/Oct/2014:03:38:01 -0500] "GET /BLA/resoluciones/RESOLUCIONES%202007/RES%202007%20801%20AL%20900/RESOLUCION%200832%20DE%202007.pdf HTTP/1.1" 200 131642
157.55.39.38 - - [12/Oct/2014:03:38:18 -0500] "GET /BLA/boletinlegal/js/jquery.scrollTo-min.js HTTP/1.1" 200 1150
180.76.6.157 - - [12/Oct/2014:03:38:18 -0500] "GET /manual_funciones_Listado/index.php?dir=2.5.1%20Subdirecci%F3n%20%20Financiera/&sort=size&order=desc HTTP/1.1" 404 1018
157.55.39.38 - - [12/Oct/2014:03:38:18 -0500] "GET /BLA/boletinlegal/js/jquery.scrollTo-min.js HTTP/1.1" 200 1150
157.55.39.38 - - [12/Oct/2014:03:38:19 -0500] "GET /BLA/boletinlegal/js/jquery.scrollTo-min.js HTTP/1.1" 200 1150
66.249.79.75 - - [12/Oct/2014:03:38:30 -0500] "GET /BLA/resoluciones/RESOLUCIONES%202007/RES%202007%203201%20AL%203300/RESOLUCION%203257%20DE%202007.pdf HTTP/1.1" 200 2739877
66.249.79.83 - - [12/Oct/2014:03:38:51 -0500] "GET /BLA/resoluciones/RESOLUCIONES%202009/6006.pdf HTTP/1.1" 200 101970
180.76.5.17 - - [12/Oct/2014:03:38:57 -0500] "GET /BLA/resoluciones/AUTOS%202007/2523.pdf HTTP/1.1" 200 258051
66.249.79.83 - - [12/Oct/2014:03:38:58 -0500] "GET /BLA/resoluciones/RESOLUCIONES%202008/0612.pdf HTTP/1.1" 200 255822
66.249.79.75 - - [12/Oct/2014:03:39:13 -0500] "GET /BLA/resoluciones/RESOLUCIONES%202011/5156.pdf HTTP/1.1" 304 -
66.249.79.67 - - [12/Oct/2014:03:39:27 -0500] "GET /BLA/resoluciones/RESOLUCIONES%202007/RES%202007%203101%20AL%203200/RESOLUCION%203131%20DE%202007.pdf HTTP/1.1" 200 595223
66.249.79.67 - - [12/Oct/2014:03:39:56 -0500] "GET /BLA/resoluciones/RESOLUCIONES%202007/RES%202007%20101%20AL%20200/RESOLUCION%200166%20DE%202007.pdf HTTP/1.1" 200 583946
66.249.79.83 - - [12/Oct/2014:03:40:25 -0500] "GET /BLA/resoluciones/RESOLUCIONES%202007/RES%202007%204001%20AL%204100/RESOLUCION%204037%20DE%202007.pdf HTTP/1.1" 200 667843
66.249.79.75 - - [12/Oct/2014:03:40:38 -0500] "GET /BLA/resoluciones/RESOLUCIONES%202013/0161.pdf HTTP/1.1" 304 -
66.249.79.111 - - [12/Oct/2014:03:40:54 -0500] "GET /POT-2013/Cartografia/25_Sistema_Equipamientos_Existentes_2013_V1.pdf HTTP/1.1" 304 -
66.249.79.83 - - [12/Oct/2014:03:41:03 -0500] "GET /BLA/resoluciones/RESOLUCIONES%202009/6960.pdf HTTP/1.1" 200 102764
66.249.79.67 - - [12/Oct/2014:03:41:23 -0500] "GET /BLA/resoluciones/RESOLUCIONES%202007/RES%202007%202101%20AL%202200/RESOLUCION%202160%20%20DE%202007.pdf HTTP/1.1" 200 547538
74.86.158.107 - - [12/Oct/2014:03:41:32 -0500] "HEAD / HTTP/1.1" 302 -
66.249.79.75 - - [12/Oct/2014:03:41:52 -0500] "GET /BLA/resoluciones/AUTOS%202007/1541.pdf HTTP/1.1" 200 119542
100.43.85.25 - - [12/Oct/2014:03:41:55 -0500] "GET /guia/52.gif HTTP/1.1" 404 1019
66.249.79.83 - - [12/Oct/2014:03:42:02 -0500] "GET /portel_dama/libreria/php/2006/ECOSISTEMAS%20FINAL%20web_mz27/restauracion/sitio/22_proye/xtras_in/4.pdf HTTP/1.1" 404 1018
66.249.79.67 - - [12/Oct/2014:03:42:21 -0500] "GET /BLA/resoluciones/AUTOS%202011/1971.pdf HTTP/1.1" 200 367364
66.249.79.83 - - [12/Oct/2014:03:42:33 -0500] "GET /BLA/resoluciones/RESOLUCIONES%202004/RES%202004%2051-100/00000070.tif HTTP/1.1" 200 95102
157.55.39.40 - - [12/Oct/2014:03:42:43 -0500] "GET /galeria/carrusel/Carrusel/jquery-ui- HTTP/1.1" 404 1018
157.55.39.40 - - [12/Oct/2014:03:42:44 -0500] "GET /BLA/boletinlegal/js/jquery.scrollTo-min.js HTTP/1.1" 200 1150
66.249.79.83 - - [12/Oct/2014:03:42:50 -0500] "GET /BLA/resoluciones/RESOLUCIONES%202009/8650.pdf HTTP/1.1" 200 1696584
66.249.79.111 - - [12/Oct/2014:03:43:19 -0500] "GET /Metadatos_final_2014/Situacion_Amb_Conflict.xml HTTP/1.1" 200 33244
66.249.79.67 - - [12/Oct/2014:03:43:29 -0500] "GET /BLA/resoluciones/Notificaciones/AUTOS%202014/0799.doc HTTP/1.1" 304 -
66.249.79.83 - - [12/Oct/2014:03:43:48 -0500] "GET /BLA/resoluciones/RESOLUCIONES%202009/4230.pdf HTTP/1.1" 200 791149
46.229.160.208 - - [12/Oct/2014:03:44:00 -0500] "GET /predial/rl027204.doc HTTP/1.1" 404 1015
66.249.79.83 - - [12/Oct/2014:03:44:16 -0500] "GET /BLA/resoluciones/AUTOS%202013/3352.pdf HTTP/1.1" 200 750528
66.249.79.67 - - [12/Oct/2014:03:44:24 -0500] "GET /BLA/resoluciones/RESOLUCIONES%202008/2514.pdf HTTP/1.1" 200 251855
66.249.79.67 - - [12/Oct/2014:03:44:32 -0500] "GET /BLA/resoluciones/RESOLUCIONES%202009/4157.pdf HTTP/1.1" 200 667408
66.249.79.83 - - [12/Oct/2014:03:44:45 -0500] "GET /BLA/resoluciones/RESOLUCIONES%202007/RES%202007%203101%20AL%203200/RESOLUCION%203107%20DE%202007.pdf HTTP/1.1" 200 344702
180.76.5.175 - - [12/Oct/2014:03:44:54 -0500] "GET /BLA/boletinlegal/actos.php HTTP/1.1" 200 7534
66.249.79.67 - - [12/Oct/2014:03:44:55 -0500] "GET /BLA/resoluciones/RESOLUCIONES%202011/0216.pdf HTTP/1.1" 200 455706
66.249.79.67 - - [12/Oct/2014:03:45:14 -0500] "GET /BLA/resoluciones/AUTOS%202011/0182.pdf HTTP/1.1" 200 156533
180.76.6.159 - - [12/Oct/2014:03:45:36 -0500] "GET /BLA/resoluciones/Autos%202008/0026.pdf HTTP/1.1" 200 82577
66.249.79.67 - - [12/Oct/2014:03:45:43 -0500] "GET /BLA/resoluciones/AUTOS%202011/0876.pdf HTTP/1.1" 200 153453
66.249.79.83 - - [12/Oct/2014:03:46:12 -0500] "GET /BLA/resoluciones/RESOLUCIONES%202013/0106.pdf HTTP/1.1" 200 570406
66.249.79.75 - - [12/Oct/2014:03:46:22 -0500] "GET /BLA/resoluciones/RESOLUCIONES%202008/0410.pdf HTTP/1.1" 304 -
74.86.158.107 - - [12/Oct/2014:03:46:32 -0500] "HEAD / HTTP/1.1" 302 -
66.249.79.75 - - [12/Oct/2014:03:46:41 -0500] "GET /BLA/resoluciones/AUTOS%202007/0785.pdf HTTP/1.1" 200 249343
157.55.39.73 - - [12/Oct/2014:03:46:59 -0500] "GET /galeria/nivo-slider/demo/demo.html HTTP/1.1" 200 3315
66.249.79.83 - - [12/Oct/2014:03:47:10 -0500] "GET /BLA/resoluciones/RESOLUCIONES%202010/0224.pdf HTTP/1.1" 200 464747
66.249.79.75 - - [12/Oct/2014:03:47:15 -0500] "GET /BLA/resoluciones/RESOLUCIONES%202009/1029.pdf HTTP/1.1" 200 210242
66.249.79.67 - - [12/Oct/2014:03:47:39 -0500] "GET /BLA/resoluciones/RESOLUCIONES%202007/RES%202007%201601%20AL%201725/RESOLUCION%201607%20DE%202007.pdf HTTP/1.1" 304 -
66.249.79.83 - - [12/Oct/2014:03:47:48 -0500] "GET /BLA/resoluciones/RESOLUCIONES%202013/1223.pdf HTTP/1.1" 200 419872
66.249.79.83 - - [12/Oct/2014:03:48:08 -0500] "GET /BLA/resoluciones/AUTOS%202010/4486.pdf HTTP/1.1" 200 181437
66.249.79.67 - - [12/Oct/2014:03:48:37 -0500] "GET /BLA/resoluciones/RESOLUCIONES%202008/4208.pdf HTTP/1.1" 200 314192
66.249.79.83 - - [12/Oct/2014:03:49:06 -0500] "GET /BLA/resoluciones/RESOLUCIONES%202007/RES%202007%203701%20AL%203800/RESOLUCION%203789%20DE%202007.pdf HTTP/1.1" 200 1635965
66.249.79.67 - - [12/Oct/2014:03:49:14 -0500] "GET /BLA/resoluciones/AUTOS%202012/0153.pdf HTTP/1.1" 304 -
66.249.79.111 - - [12/Oct/2014:03:49:35 -0500] "GET /POT-2013/memoria%20justificativa/ANEXO_5.pdf HTTP/1.1" 304 -
66.249.79.83 - - [12/Oct/2014:03:50:03 -0500] "GET /BLA/circulares/1-2011.pdf HTTP/1.1" 200 540140
66.249.79.103 - - [12/Oct/2014:03:50:32 -0500] "GET /paisa/9.pdf HTTP/1.1" 404 1019
66.249.79.67 - - [12/Oct/2014:03:50:39 -0500] "GET /BLA/resoluciones/RESOLUCIONES%202008/5176.pdf HTTP/1.1" 200 47477
66.249.79.103 - - [12/Oct/2014:03:50:41 -0500] "GET /manual_funciones_Listado/index.php?dir=1.3.+Oficina+Asesora+de+Comunicaciones%2F HTTP/1.1" 404 1019
66.249.79.75 - - [12/Oct/2014:03:50:54 -0500] "GET /BLA/resoluciones/RESOLUCIONES%202009/7815.pdf HTTP/1.1" 200 500663
66.249.79.67 - - [12/Oct/2014:03:51:00 -0500] "GET /BLA/resoluciones/RESOLUCIONES%202008/4164.pdf HTTP/1.1" 200 234792
66.249.79.75 - - [12/Oct/2014:03:51:02 -0500] "GET /BLA/resoluciones/RESOLUCIONES%202008/1112.pdf HTTP/1.1" 200 218760
207.46.13.132 - - [12/Oct/2014:03:51:28 -0500] "GET /robots.txt HTTP/1.1" 404 1018
207.46.13.132 - - [12/Oct/2014:03:51:28 -0500] "GET /robots.txt HTTP/1.1" 404 1018
207.46.13.132 - - [12/Oct/2014:03:51:28 -0500] "GET /robots.txt HTTP/1.1" 404 1018
66.249.79.111 - - [12/Oct/2014:03:51:30 -0500] "GET /PORTAL_SIAC/swf/Residuos/metalmecanica/metalmecanica.swf?pageNumber= HTTP/1.1" 200 400859
74.86.158.107 - - [12/Oct/2014:03:51:32 -0500] "HEAD / HTTP/1.1" 302 -
66.249.79.75 - - [12/Oct/2014:03:51:59 -0500] "GET /BLA/resoluciones/RESOLUCIONES%202007/RES%202007%201001%20AL%201100/RESOLUCION%201044%20DE%202007.pdf HTTP/1.1" 200 178424
66.249.79.67 - - [12/Oct/2014:03:52:07 -0500] "GET /BLA/resoluciones/RESOLUCIONES%202010/4328.pdf HTTP/1.1" 200 657779
66.249.79.67 - - [12/Oct/2014:03:52:57 -0500] "GET /BLA/resoluciones/RESOLUCIONES%202013/0082.pdf HTTP/1.1" 200 429546
66.249.79.67 - - [12/Oct/2014:03:53:19 -0500] "GET /BLA/resoluciones/AUTOS%202007/1437.pdf HTTP/1.1" 200 24730
108.33.61.231 - - [12/Oct/2014:03:53:21 -0500] "GET /webdav/x32.php HTTP/1.1" 404 1018
66.249.79.83 - - [12/Oct/2014:03:53:26 -0500] "GET /BLA/resoluciones/RESOLUCIONES%202007/RES%202007%201401%20AL%201500/RESOLUCION%201442%20DE%202007.pdf HTTP/1.1" 200 259824
66.249.79.83 - - [12/Oct/2014:03:53:34 -0500] "GET /BLA/resoluciones/RESOLUCIONES%202010/3393.pdf HTTP/1.1" 304 -
199.30.20.5 - - [12/Oct/2014:03:53:40 -0500] "GET /robots.txt HTTP/1.1" 404 1019
199.30.20.5 - - [12/Oct/2014:03:53:40 -0500] "GET /logos/pread.gif HTTP/1.1" 404 1019
66.249.79.75 - - [12/Oct/2014:03:53:55 -0500] "GET /BLA/resoluciones/RESOLUCIONES%202011/0382.pdf HTTP/1.1" 200 286006
202.46.63.92 - - [12/Oct/2014:03:54:06 -0500] "GET / HTTP/1.1" 302 -
66.249.79.83 - - [12/Oct/2014:03:54:24 -0500] "GET /BLA/resoluciones/AUTOS%202014/1297.pdf HTTP/1.1" 200 1606834
66.249.79.75 - - [12/Oct/2014:03:54:52 -0500] "GET /BLA/resoluciones/RESOLUCIONES%202009/6310.pdf HTTP/1.1" 200 364760
180.76.5.155 - - [12/Oct/2014:03:54:53 -0500] "GET /BLA/resoluciones/AUTOS%202007/0410.pdf HTTP/1.1" 200 119907
119.63.193.196 - - [12/Oct/2014:03:54:59 -0500] "GET / HTTP/1.1" 302 -
66.249.79.103 - - [12/Oct/2014:03:55:30 -0500] "GET /PORTAL_SIAC/swf/boton.swf HTTP/1.1" 200 64119
180.76.5.148 - - [12/Oct/2014:03:55:32 -0500] "GET /BLA/resoluciones/AUTOS%202009/3419.pdf HTTP/1.1" 200 98137
66.249.79.103 - - [12/Oct/2014:03:55:50 -0500] "GET /POT-2013/Cartografia/08_Respuesta_Sismica_V1_2013.pdf HTTP/1.1" 304 -
66.249.79.75 - - [12/Oct/2014:03:56:06 -0500] "GET /BLA/resoluciones/RESOLUCIONES%202009/5339.pdf HTTP/1.1" 200 442130
180.76.6.133 - - [12/Oct/2014:03:56:11 -0500] "GET /BLA/resoluciones/AUTOS%202007/2689.pdf HTTP/1.1" 200 172628
66.249.79.75 - - [12/Oct/2014:03:56:29 -0500] "GET /BLA/resoluciones/RESOLUCIONES%202010/3626.pdf HTTP/1.1" 304 -
74.86.158.107 - - [12/Oct/2014:03:56:32 -0500] "HEAD / HTTP/1.1" 302 -
66.249.79.111 - - [12/Oct/2014:03:56:48 -0500] "GET /POT-2013/Cartografia/01_Clasificacion_Rural_V1_2013.pdf HTTP/1.1" 304 -
66.249.79.103 - - [12/Oct/2014:03:57:17 -0500] "GET /BLA/boletinlegal/jurisprudencia/analisis/analisis%20sentencia%20C-1007-2011-1.doc HTTP/1.1" 304 -
66.249.79.119 - - [12/Oct/2014:03:57:46 -0500] "GET /BLA/boletinlegal/jurisprudencia/analisis/analisis%20sentencia%20C%20401%20de%202010.doc HTTP/1.1" 304 -
66.249.79.103 - - [12/Oct/2014:03:57:53 -0500] "GET /manual_funciones_Listado/index.php?dir=2.2.1.%20Subdirecci%F3n%20de%20Control%20Ambiental%20al%20Sector%20P%FAblico/&sort=size&order=asc HTTP/1.1" 404 1019
66.249.79.83 - - [12/Oct/2014:03:58:11 -0500] "GET /BLA/resoluciones/RESOLUCIONES%202002/RES%202002%201701-1750/20021729.tif HTTP/1.1" 200 41314
66.249.79.67 - - [12/Oct/2014:03:58:50 -0500] "GET /Residuos/quimicos/images/page27_thumbnail.jpg HTTP/1.1" 404 1018
66.249.79.111 - - [12/Oct/2014:03:59:25 -0500] "GET /manual_funciones_Listado/index.php?dir=2.2.+Direccion+de+Control+Ambiental%2F HTTP/1.1" 404 1019
66.249.79.75 - - [12/Oct/2014:04:00:45 -0500] "GET /BLA/resoluciones/RESOLUCIONES%202008/5314.pdf HTTP/1.1" 200 635469
66.249.79.111 - - [12/Oct/2014:04:00:50 -0500] "GET /sinmi3/7/ HTTP/1.1" 404 1019
74.86.158.107 - - [12/Oct/2014:04:01:32 -0500] "HEAD / HTTP/1.1" 302 -
66.249.79.111 - - [12/Oct/2014:04:01:38 -0500] "GET /POT-2013/memoria%20justificativa/ANEXO_1.pdf HTTP/1.1" 304 -
66.249.79.67 - - [12/Oct/2014:04:01:56 -0500] "GET /BLA/resoluciones/RESOLUCIONES%202004/RES%202004%2051-100/00000081.tif HTTP/1.1" 200 76082
66.249.79.111 - - [12/Oct/2014:04:02:35 -0500] "GET /POT-2013/Cartografia/37_PROGRAMA%20DE%20MEJORAMIENTO%20INTEGRAL.pdf HTTP/1.1" 304 -
66.249.79.103 - - [12/Oct/2014:04:03:32 -0500] "GET /BLA/boletinlegal/Directivas/2014/Directiva%20No.%203%20del%2020%20de%20Mayo%20de%202014.pdf HTTP/1.1" 304 -
66.249.79.111 - - [12/Oct/2014:04:03:38 -0500] "GET /manual_funciones_Listado/index.php?dir=2.4.%20Direcci%F3n%20Legal%20Ambiental/&sort=size&order=asc HTTP/1.1" 404 1019
66.249.79.111 - - [12/Oct/2014:04:04:02 -0500] "GET /BLA/boletinlegal/Directivas/2014/Directiva%20No.%202%20del%205%20de%20Mayo%20de%202014.pdf HTTP/1.1" 304 -
66.249.79.119 - - [12/Oct/2014:04:04:30 -0500] "GET /Autoliquidacion/index.php?dir=Solicitud+de+Clasificaci%F3n+de+Impacto+Ambiental%2F HTTP/1.1" 200 3349
180.76.6.36 - - [12/Oct/2014:04:05:18 -0500] "GET /BLA/resoluciones/AUTOS%202010/3432.pdf HTTP/1.1" 200 467879
66.249.79.111 - - [12/Oct/2014:04:05:28 -0500] "GET /POT-2013/Cartografia/18_Sistema%20de%20Movilidad_Subsistema%20de%20Transporte_Corredores%20.pdf HTTP/1.1" 304 -
66.249.79.75 - - [12/Oct/2014:04:05:31 -0500] "GET /BLA/resoluciones/RESOLUCIONES%202008/4168.pdf HTTP/1.1" 200 328073
180.76.5.145 - - [12/Oct/2014:04:05:48 -0500] "GET /BLA/resoluciones/Autos%202008/0766.pdf HTTP/1.1" 200 272120
207.46.13.132 - - [12/Oct/2014:04:06:28 -0500] "GET /BLA/boletinlegal/js/jquery.js HTTP/1.1" 200 57254
74.86.158.107 - - [12/Oct/2014:04:06:32 -0500] "HEAD / HTTP/1.1" 302 -
66.249.79.119 - - [12/Oct/2014:04:06:35 -0500] "GET /manual_funciones_Listado/index.php?dir=2.5.2.%20Subdirecci%F3n%20Contractual/&sort=size&order=asc HTTP/1.1" 404 1019
66.249.79.83 - - [12/Oct/2014:04:06:52 -0500] "GET /BLA/resoluciones/RESOLUCIONES%202014/2920.pdf HTTP/1.1" 200 382909
66.249.79.119 - - [12/Oct/2014:04:06:57 -0500] "GET /PORTAL_SIAC/swf/Residuos/lavanderias/lavanderias.swf?pageNumber= HTTP/1.1" 200 400858
180.76.6.149 - - [12/Oct/2014:04:07:08 -0500] "GET /BLA/resoluciones/RESOLUCIONES%202008/1535.pdf HTTP/1.1" 200 239660
66.249.79.83 - - [12/Oct/2014:04:07:14 -0500] "GET /BLA/resoluciones/Autos%202008/0332.pdf HTTP/1.1" 200 164294
66.249.79.119 - - [12/Oct/2014:04:07:23 -0500] "GET /POT-2013/Cartografia/ANEXO2_ZAC.pdf HTTP/1.1" 304 -
66.249.79.75 - - [12/Oct/2014:04:07:41 -0500] "GET /BLA/resoluciones/RESOLUCIONES%202008/5632.pdf HTTP/1.1" 200 213486
66.249.79.111 - - [12/Oct/2014:04:08:05 -0500] "GET /sinmi3/12/ HTTP/1.1" 404 1019
66.249.79.111 - - [12/Oct/2014:04:09:19 -0500] "GET /POT-2013/DTS/DTS_20FEB2013_300pm.pdf HTTP/1.1" 200 10600308
212.227.114.135 - - [12/Oct/2014:04:09:41 -0500] "POST /wp-login.php HTTP/1.1" 404 1150
66.249.79.103 - - [12/Oct/2014:04:10:10 -0500] "GET /manual_funciones_Listado/index.php?dir=2.3.%20Direcci%F3n%20de%20Gesti%F3n%20Ambiental/&sort=name&order=desc HTTP/1.1" 404 1019
66.249.79.67 - - [12/Oct/2014:04:10:23 -0500] "GET /BLA/resoluciones/AUTOS%202011/0129.pdf HTTP/1.1" 200 157560
66.249.79.103 - - [12/Oct/2014:04:10:35 -0500] "GET /POT-2013/Cartografia/04_Inundacion_V1_2013.pdf HTTP/1.1" 304 -
66.249.79.83 - - [12/Oct/2014:04:10:45 -0500] "GET /BLA/resoluciones/AUTOS%202010/6105.pdf HTTP/1.1" 200 288511
66.249.79.103 - - [12/Oct/2014:04:11:00 -0500] "GET /dama/libreria/pdf/intreg/OBJETIVOS%20TALLER%20Y%20ESTRATEGIA%20%20MARZO%2016%20DAMA.pdf HTTP/1.1" 404 1019
108.33.61.231 - - [12/Oct/2014:04:11:10 -0500] "GET /webdav/x32.php HTTP/1.1" 404 1018
66.249.79.119 - - [12/Oct/2014:04:11:13 -0500] "GET /POT-2013/Cartografia/31_TRATAMIENTO_DE_CONSERVACION.pdf HTTP/1.1" 304 -
74.86.158.107 - - [12/Oct/2014:04:11:32 -0500] "HEAD / HTTP/1.1" 302 -
66.249.79.119 - - [12/Oct/2014:04:12:18 -0500] "GET /Autoliquidacion/Grupo%20Forestal%20-%20Industria%20de%20la%20Madera/Solicitud%20de%20verificaci%C3%B3n%20para%20exportaci%C3%B3n%20o%20importaci%C3%B3n.pdf HTTP/1.1" 200 58188
66.249.79.67 - - [12/Oct/2014:04:12:41 -0500] "GET /BLA/resoluciones/AUTOS%202008/3141.pdf HTTP/1.1" 200 222701
66.249.79.67 - - [12/Oct/2014:04:13:38 -0500] "GET /BLA/resoluciones/AUTOS%202009/2099.pdf HTTP/1.1" 200 437934
66.249.79.119 - - [12/Oct/2014:04:14:36 -0500] "GET /manual_funciones_Listado/1.3.%20Oficina%20Asesora%20de%20Comunicaciones/Secretario%20Ejecutivo%20425-24.pdf HTTP/1.1" 404 1019
66.249.79.67 - - [12/Oct/2014:04:15:25 -0500] "GET /Residuos/quimicos/images/page9_thumbnail.jpg HTTP/1.1" 404 1018
66.249.79.119 - - [12/Oct/2014:04:15:34 -0500] "GET /Autoliquidacion/Solicitudes%20relacionadas%20con%20ocupaci%C3%B3n%20de%20cauce/Solicitud-permiso-ocupacion-cauce.pdf HTTP/1.1" 304 -
74.86.158.107 - - [12/Oct/2014:04:16:32 -0500] "HEAD / HTTP/1.1" 302 -
66.249.79.75 - - [12/Oct/2014:04:17:58 -0500] "GET /BLA/resoluciones/RESOLUCIONES%202004/RES%202004%2051-100/00000053.tif HTTP/1.1" 200 102462
180.76.6.153 - - [12/Oct/2014:04:18:15 -0500] "GET /BLA/resoluciones/Autos%202008/0325.pdf HTTP/1.1" 200 156369
66.249.79.103 - - [12/Oct/2014:04:18:28 -0500] "GET /BLA/boletinlegal/actas/acta%20de%20acuerdo%2001%20adop%20regla%20inter%20CISPAER.pdf HTTP/1.1" 304 -
212.227.114.135 - - [12/Oct/2014:04:18:33 -0500] "POST /wp-login.php HTTP/1.1" 404 1150
180.76.6.54 - - [12/Oct/2014:04:18:45 -0500] "GET /BLA/resoluciones/Autos%202008/0272.pdf HTTP/1.1" 200 195760
66.249.79.111 - - [12/Oct/2014:04:18:57 -0500] "GET /paisa/8.pdf HTTP/1.1" 404 1019
66.249.79.119 - - [12/Oct/2014:04:19:30 -0500] "GET /MANUALFUNC/Competencias/COMPETENCIAS%20COMUNES.pdf HTTP/1.1" 404 1019
201.234.176.170 - - [12/Oct/2014:04:20:06 -0500] "GET /galeria/nivo-slider/demo/images/banner-Animal.jpg HTTP/1.1" 304 -
161.18.116.144 - - [12/Oct/2014:04:20:23 -0500] "GET /BLA/resoluciones/RESOLUCIONES%202013/2037.pdf HTTP/1.1" 200 609389
66.249.79.103 - - [12/Oct/2014:04:20:24 -0500] "GET /POT-2013/index.php?dir=Articulado%2F HTTP/1.1" 200 1857
161.18.116.144 - - [12/Oct/2014:04:20:24 -0500] "GET /favicon.ico HTTP/1.1" 200 7782
161.18.116.144 - - [12/Oct/2014:04:20:25 -0500] "GET /BLA/resoluciones/RESOLUCIONES%202013/2037.pdf HTTP/1.1" 206 19565
161.18.116.144 - - [12/Oct/2014:04:20:25 -0500] "GET /BLA/resoluciones/RESOLUCIONES%202013/2037.pdf HTTP/1.1" 206 65536
161.18.116.144 - - [12/Oct/2014:04:20:26 -0500] "GET /BLA/resoluciones/RESOLUCIONES%202013/2037.pdf HTTP/1.1" 206 65536
161.18.116.144 - - [12/Oct/2014:04:20:26 -0500] "GET /BLA/resoluciones/RESOLUCIONES%202013/2037.pdf HTTP/1.1" 206 65536
161.18.116.144 - - [12/Oct/2014:04:20:26 -0500] "GET /BLA/resoluciones/RESOLUCIONES%202013/2037.pdf HTTP/1.1" 206 65536
161.18.116.144 - - [12/Oct/2014:04:20:27 -0500] "GET /BLA/resoluciones/RESOLUCIONES%202013/2037.pdf HTTP/1.1" 206 65536
199.30.20.5 - - [12/Oct/2014:04:20:35 -0500] "GET /BLA/boletinlegal/images/screen_1.png HTTP/1.1" 200 202547
66.249.79.119 - - [12/Oct/2014:04:20:53 -0500] "GET /phpold/redaire/uv/modulo_de_fotoproteccion.pdf HTTP/1.1" 404 1019
66.249.79.111 - - [12/Oct/2014:04:21:22 -0500] "GET /BLA/boletinlegal/actas/acta%20de%20acuerdo%2002%20adop%20regla%20inter%20mesa%20salud%20ambie.pdf HTTP/1.1" 304 -
74.86.158.107 - - [12/Oct/2014:04:21:32 -0500] "HEAD / HTTP/1.1" 302 -
66.249.79.111 - - [12/Oct/2014:04:22:20 -0500] "GET /htdocs/even/Cakdu7gt/tsld006.htm HTTP/1.1" 404 1019
207.46.13.132 - - [12/Oct/2014:04:22:34 -0500] "GET /robots.txt HTTP/1.1" 404 1018
207.46.13.132 - - [12/Oct/2014:04:22:34 -0500] "GET /robots.txt HTTP/1.1" 404 1018
207.46.13.132 - - [12/Oct/2014:04:22:34 -0500] "GET /robots.txt HTTP/1.1" 404 1018
207.46.13.132 - - [12/Oct/2014:04:22:35 -0500] "GET /BLA/boletinlegal/js/jquery.js HTTP/1.1" 200 57254
201.245.192.253 - - [12/Oct/2014:04:22:44 -0500] "GET /autoliquidacion/ HTTP/1.1" 200 6375
66.249.79.103 - - [12/Oct/2014:04:22:49 -0500] "GET /phpold/jss/flowplayer/example/ HTTP/1.1" 404 1019
66.249.79.119 - - [12/Oct/2014:04:23:47 -0500] "GET /BLA/boletinlegal/jurisprudencia/analisis/analisis%20sentencia%20C-596-10.doc HTTP/1.1" 304 -
180.76.5.18 - - [12/Oct/2014:04:23:49 -0500] "GET /BLA/resoluciones/AUTOS%202009/2870.pdf HTTP/1.1" 200 101714
66.249.79.111 - - [12/Oct/2014:04:24:45 -0500] "GET /Autoliquidacion/Cobro%20Evaluacion%20Certificaci%C3%B3n%20Para%20La%20Deducci%C3%B3n%20Por%20Inversi%C3%B3n%20En%20Medio%20Ambiente/Formato%20de%20solicitud%20por%20acreditaci%C3%B3n%20ambiental.....pdf HTTP/1.1" 304 -
157.55.39.225 - - [12/Oct/2014:04:25:01 -0500] "GET /re/Talleres/plastico/imagenes%20plastico/plastico%20link.htm HTTP/1.1" 404 1019
66.249.79.103 - - [12/Oct/2014:04:25:14 -0500] "GET /pread332/pread/pread.htm HTTP/1.1" 404 1019
66.249.79.75 - - [12/Oct/2014:04:25:14 -0500] "GET /BLA/resoluciones/Autos%202008/3342.pdf HTTP/1.1" 200 85104
66.249.79.111 - - [12/Oct/2014:04:25:44 -0500] "GET /Autoliquidacion/Solicitudes%20relacionadas%20con%20ocupaci%C3%B3n%20de%20cauce/Aplicativo%20SCASP%20Actualizado%202014+.xlsx HTTP/1.1" 304 -
66.249.79.103 - - [12/Oct/2014:04:26:12 -0500] "GET /Metadatos_final_2014/Estacion_CalAgua.xml HTTP/1.1" 304 -
74.86.158.107 - - [12/Oct/2014:04:26:32 -0500] "HEAD / HTTP/1.1" 302 -
66.249.79.119 - - [12/Oct/2014:04:26:41 -0500] "GET /POT-2013/Cartografia/34_EST_ORDENAMIENTO%20PARA%20EL%20SUELO_RURAL.pdf HTTP/1.1" 304 -
66.249.79.103 - - [12/Oct/2014:04:26:41 -0500] "GET /POT-2013/Cartografia/36_Est_Funcional_servicios_Est_Socioeconomica_Espacial%20Area%20.pdf HTTP/1.1" 200 2689602
212.227.114.135 - - [12/Oct/2014:04:27:31 -0500] "POST /wp-login.php HTTP/1.1" 404 1150
180.76.5.75 - - [12/Oct/2014:04:29:03 -0500] "GET /BLA/resoluciones/Autos%202008/1158.pdf HTTP/1.1" 200 160860
200.31.197.50 - - [12/Oct/2014:04:29:05 -0500] "GET /galeria/nivo-slider/themes/default/loading.gif HTTP/1.1" 200 1737
66.249.79.103 - - [12/Oct/2014:04:29:27 -0500] "GET /FBBVA/Premios/mult/bases_INGLES.pdf HTTP/1.1" 404 1019
66.249.79.75 - - [12/Oct/2014:04:29:47 -0500] "GET /BLA/resoluciones/RESOLUCIONES%202002/RES%202002%20201-250/2002RES209.tif HTTP/1.1" 200 118548
66.249.79.75 - - [12/Oct/2014:04:30:04 -0500] "GET /BLA/resoluciones/AUTOS%202012/1306.pdf HTTP/1.1" 200 191163
180.76.6.63 - - [12/Oct/2014:04:30:52 -0500] "GET /BLA/resoluciones/AUTOS%202010/3494.pdf HTTP/1.1" 200 1489516
66.249.79.67 - - [12/Oct/2014:04:31:12 -0500] "GET /portalsiaccapacitaciones/0028.%20R%C3%ADos%20quebradas%20canales%2018%20de%20Julio.pdf HTTP/1.1" 404 1018
66.249.79.103 - - [12/Oct/2014:04:31:19 -0500] "GET /POT-2013/Cartografia/Anexo01_Sistema_Hidrico.pdf HTTP/1.1" 304 -
74.86.158.107 - - [12/Oct/2014:04:31:32 -0500] "HEAD / HTTP/1.1" 302 -
66.249.79.67 - - [12/Oct/2014:04:32:08 -0500] "GET /Residuos/quimicos/images/page14_thumbnail.jpg HTTP/1.1" 404 1018
202.46.61.106 - - [12/Oct/2014:04:32:49 -0500] "GET /BLA/resoluciones/Autos%202008/1158.pdf HTTP/1.1" 200 160860
190.252.57.192 - - [12/Oct/2014:04:33:04 -0500] "GET /BLA/boletinlegal/js/jquery.js HTTP/1.1" 200 57254
190.252.57.192 - - [12/Oct/2014:04:33:04 -0500] "GET /BLA/boletinlegal/js/jquery.scrollTo-min.js HTTP/1.1" 200 1150
190.252.57.192 - - [12/Oct/2014:04:33:04 -0500] "GET /BLA/boletinlegal/js/jquery.scrollShow.js HTTP/1.1" 200 4586
157.55.39.38 - - [12/Oct/2014:04:33:18 -0500] "GET /BLA/boletinlegal/js/jquery.scrollTo-min.js HTTP/1.1" 200 1150
66.249.79.75 - - [12/Oct/2014:04:35:19 -0500] "GET /BLA/resoluciones/RESOLUCIONES%202010/5415.pdf HTTP/1.1" 200 255066
212.227.114.135 - - [12/Oct/2014:04:36:23 -0500] "POST /wp-login.php HTTP/1.1" 404 1150
74.86.158.107 - - [12/Oct/2014:04:36:32 -0500] "HEAD / HTTP/1.1" 302 -
66.249.79.111 - - [12/Oct/2014:04:36:45 -0500] "GET /re/Cuento/cuadro9/cuadro9%20link.htm HTTP/1.1" 404 1019
66.249.79.83 - - [12/Oct/2014:04:38:09 -0500] "GET /BLA/resoluciones/RESOLUCIONES%202004/RES%202004%2051-100/00000072.tif HTTP/1.1" 200 100642
66.249.79.67 - - [12/Oct/2014:04:38:19 -0500] "GET /BLA/resoluciones/RESOLUCIONES%202008/1389.pdf HTTP/1.1" 200 406949
180.76.6.147 - - [12/Oct/2014:04:38:32 -0500] "GET /BLA/resoluciones/AUTOS%202012/0048.pdf HTTP/1.1" 200 133812
66.249.79.75 - - [12/Oct/2014:04:39:38 -0500] "GET /BLA/resoluciones/AUTOS%202011/3902.pdf HTTP/1.1" 304 -
190.25.232.143 - - [12/Oct/2014:04:39:39 -0500] "GET /galeria/nivo-slider/themes/orman/orman.css HTTP/1.1" 304 -
207.46.13.132 - - [12/Oct/2014:04:40:26 -0500] "GET /galeria/carrusel/Carrusel/jquery-ui-1.8.13.custom.min.js HTTP/1.1" 200 10800
66.249.79.75 - - [12/Oct/2014:04:41:05 -0500] "GET /BLA/resoluciones/AUTOS%202008/2943.pdf HTTP/1.1" 200 55677
180.76.5.24 - - [12/Oct/2014:04:41:15 -0500] "GET /BLA/resoluciones/RESOLUCIONES%202011/4581.pdf HTTP/1.1" 200 499971
74.86.158.107 - - [12/Oct/2014:04:41:32 -0500] "HEAD / HTTP/1.1" 302 -
66.249.79.67 - - [12/Oct/2014:04:42:31 -0500] "GET /BLA/resoluciones/RESOLUCIONES%202012/1130.pdf HTTP/1.1" 200 592426
180.76.5.173 - - [12/Oct/2014:04:42:43 -0500] "GET /BLA/resoluciones/RESOLUCIONES%202009/0448.pdf HTTP/1.1" 200 3210077
180.76.5.223 - - [12/Oct/2014:04:43:13 -0500] "GET /BLA/resoluciones/Autos%202008/2833.pdf HTTP/1.1" 200 63489
66.249.79.67 - - [12/Oct/2014:04:43:57 -0500] "GET /BLA/resoluciones/RESOLUCIONES%202013/0703.pdf HTTP/1.1" 200 306540
66.249.79.119 - - [12/Oct/2014:04:44:02 -0500] "GET /pread332/pread/pread.htm HTTP/1.1" 404 1019
66.249.79.67 - - [12/Oct/2014:04:45:00 -0500] "GET /BLA/resoluciones/RESOLUCIONES%202010/1771.pdf HTTP/1.1" 200 248691
66.249.79.111 - - [12/Oct/2014:04:45:07 -0500] "GET /manual_funciones_Listado/2.1.2.%20Subdireccion%20de%20Proyectos%20y%20Cooperacion%20Internacional/Profesional%20Universitario%20219-14.pdf HTTP/1.1" 404 1019
212.227.114.135 - - [12/Oct/2014:04:45:09 -0500] "POST /wp-login.php HTTP/1.1" 404 1150
66.249.79.75 - - [12/Oct/2014:04:45:10 -0500] "GET /BLA/resoluciones/RESOLUCIONES%202007/RES%202007%203101%20AL%203200/RESOLUCION%203112%20DE%202007.pdf HTTP/1.1" 200 336233
66.249.79.83 - - [12/Oct/2014:04:45:24 -0500] "GET /BLA/resoluciones/RESOLUCIONES%202011/3761.pdf HTTP/1.1" 200 582289
123.125.71.13 - - [12/Oct/2014:04:45:56 -0500] "GET /BLA/resoluciones/RESOLUCIONES%202008/2605.pdf HTTP/1.1" 200 188389
180.76.6.50 - - [12/Oct/2014:04:46:16 -0500] "GET /BLA/resoluciones/RESOLUCIONES%202008/0206.pdf HTTP/1.1" 200 392384
74.86.158.107 - - [12/Oct/2014:04:46:32 -0500] "HEAD / HTTP/1.1" 302 -
66.249.79.119 - - [12/Oct/2014:04:47:33 -0500] "GET /vallashop/gh2.php?ac=tools HTTP/1.1" 404 1019
66.249.79.111 - - [12/Oct/2014:04:47:54 -0500] "GET /dama/libreria/pdf/reportesredaire. HTTP/1.1" 404 1019
66.249.79.75 - - [12/Oct/2014:04:48:11 -0500] "GET /BLA/resoluciones/RESOLUCIONES%202012/1430.pdf HTTP/1.1" 304 -
66.249.79.83 - - [12/Oct/2014:04:48:25 -0500] "GET /BLA/boletinlegal/images/img_1.jpg HTTP/1.1" 200 8067
66.249.79.83 - - [12/Oct/2014:04:48:38 -0500] "GET /BLA/resoluciones/RESOLUCIONES%202009/1803.pdf HTTP/1.1" 304 -
66.249.79.119 - - [12/Oct/2014:04:49:00 -0500] "GET /manual_funciones_Listado/2.5.2.%20Subdirecci%C3%B3n%20Contractual/Secretario%20Ejecutivo%20425-24.pdf HTTP/1.1" 404 1019
66.249.79.83 - - [12/Oct/2014:04:49:09 -0500] "GET /resoluciones/RESOLUCIONES%202007/RES%202007%203001%20AL%203100/RESOLUCION%203099%20DE%202007.pdf HTTP/1.1" 404 1018
66.249.79.67 - - [12/Oct/2014:04:49:17 -0500] "GET /BLA/resoluciones/AUTOS%202008/1170.pdf HTTP/1.1" 200 117896
157.55.39.81 - - [12/Oct/2014:04:49:20 -0500] "GET /dama/libreria/pdf/pigas/PIGA_JB/ANEXO15.pdf HTTP/1.1" 404 1019
66.249.79.103 - - [12/Oct/2014:04:49:43 -0500] "GET /POT-2013/DTS/DTS_20FEB2013_300pm.pdf HTTP/1.1" 304 -
66.249.79.111 - - [12/Oct/2014:04:50:54 -0500] "GET /htdocs/even1/Otros/progresa%20ult%20cron.xls HTTP/1.1" 404 1019
66.249.79.67 - - [12/Oct/2014:04:51:09 -0500] "GET /BLA/resoluciones/RESOLUCIONES%202007/RES%202007%201301%20AL%201400/RESOLUCION%201392%20DE%202007.pdf HTTP/1.1" 304 -
74.86.158.107 - - [12/Oct/2014:04:51:32 -0500] "HEAD / HTTP/1.1" 302 -
66.249.79.67 - - [12/Oct/2014:04:52:36 -0500] "GET /BLA/resoluciones/RESOLUCIONES%202007/RES%202007%203301%20AL%203400/RESOLUCION%203386%20DE%202007.pdf HTTP/1.1" 304 -
66.249.79.103 - - [12/Oct/2014:04:54:02 -0500] "GET /siac/documentos/Bases%20concertacion%20Equipamientos.doc HTTP/1.1" 404 1019
66.249.79.67 - - [12/Oct/2014:04:54:04 -0500] "GET /BLA/resoluciones/RESOLUCIONES%202007/RES%202007%202001%20AL%202100/RESOLUCION%202018%20DE%202007.pdf HTTP/1.1" 304 -
66.249.79.83 - - [12/Oct/2014:04:55:29 -0500] "GET /BLA/resoluciones/RESOLUCIONES%202010/6906.pdf HTTP/1.1" 200 68675
66.249.79.67 - - [12/Oct/2014:04:55:47 -0500] "GET /BLA/resoluciones/RESOLUCIONES%202002/RES%202002%201501-1550/20021530.tif HTTP/1.1" 200 98770
66.249.79.75 - - [12/Oct/2014:04:56:00 -0500] "GET /galeria/nivo-slider/demo/demo.html HTTP/1.1" 200 3315
180.76.6.149 - - [12/Oct/2014:04:56:01 -0500] "GET /BLA/resoluciones/AUTOS%202007/2226.pdf HTTP/1.1" 200 85812
66.249.79.75 - - [12/Oct/2014:04:56:04 -0500] "GET /galeria/nivo-slider/themes/default/default.css HTTP/1.1" 200 1569
66.249.79.67 - - [12/Oct/2014:04:56:08 -0500] "GET /galeria/nivo-slider/themes/pascal/pascal.css HTTP/1.1" 200 2258
66.249.79.67 - - [12/Oct/2014:04:56:11 -0500] "GET /galeria/nivo-slider/jquery.nivo.slider.pack.js HTTP/1.1" 200 11561
66.249.79.75 - - [12/Oct/2014:04:56:14 -0500] "GET /galeria/nivo-slider/themes/orman/orman.css HTTP/1.1" 200 2152
66.249.79.83 - - [12/Oct/2014:04:56:16 -0500] "GET /galeria/nivo-slider/demo/style.css HTTP/1.1" 200 2222
