186.28.199.176 - - [12/Oct/2014:02:25:41 -0500] "POST /forms/lservlet;jsessionid=ac16012b30d50bf03f65bf974da78a0fb2cb57f279e0.e3iSbxaKaheRe34Sa3yKbhiTahb0n6jAmljGr5XDqQLvpAe HTTP/1.1" 200 2290
157.55.39.81 - - [12/Oct/2014:02:25:42 -0500] "GET /sem_ges/Brasil.pdf HTTP/1.1" 404 1019
186.28.199.176 - - [12/Oct/2014:02:25:42 -0500] "POST /forms/lservlet;jsessionid=ac16012b30d50bf03f65bf974da78a0fb2cb57f279e0.e3iSbxaKaheRe34Sa3yKbhiTahb0n6jAmljGr5XDqQLvpAe HTTP/1.1" 200 2980
186.28.199.176 - - [12/Oct/2014:02:25:43 -0500] "POST /forms/lservlet;jsessionid=ac16012b30d50bf03f65bf974da78a0fb2cb57f279e0.e3iSbxaKaheRe34Sa3yKbhiTahb0n6jAmljGr5XDqQLvpAe HTTP/1.1" 200 2929
186.28.199.176 - - [12/Oct/2014:02:25:45 -0500] "POST /forms/lservlet;jsessionid=ac16012b30d50bf03f65bf974da78a0fb2cb57f279e0.e3iSbxaKaheRe34Sa3yKbhiTahb0n6jAmljGr5XDqQLvpAe HTTP/1.1" 200 3407
186.28.199.176 - - [12/Oct/2014:02:25:48 -0500] "POST /forms/lservlet;jsessionid=ac16012b30d50bf03f65bf974da78a0fb2cb57f279e0.e3iSbxaKaheRe34Sa3yKbhiTahb0n6jAmljGr5XDqQLvpAe HTTP/1.1" 200 2489
186.28.199.176 - - [12/Oct/2014:02:25:50 -0500] "POST /forms/lservlet;jsessionid=ac16012b30d50bf03f65bf974da78a0fb2cb57f279e0.e3iSbxaKaheRe34Sa3yKbhiTahb0n6jAmljGr5XDqQLvpAe HTTP/1.1" 200 3005
186.28.199.176 - - [12/Oct/2014:02:25:51 -0500] "POST /forms/lservlet;jsessionid=ac16012b30d50bf03f65bf974da78a0fb2cb57f279e0.e3iSbxaKaheRe34Sa3yKbhiTahb0n6jAmljGr5XDqQLvpAe HTTP/1.1" 200 2828
186.28.199.176 - - [12/Oct/2014:02:25:53 -0500] "POST /forms/lservlet;jsessionid=ac16012b30d50bf03f65bf974da78a0fb2cb57f279e0.e3iSbxaKaheRe34Sa3yKbhiTahb0n6jAmljGr5XDqQLvpAe HTTP/1.1" 200 2594
199.187.122.91 - - [12/Oct/2014:02:25:55 -0500] "GET /web/sda/politica-de-privacidad;jsessionid=A2C84999DD8F24A2DF5A9AC04BE04EAD HTTP/1.1" 404 1015
199.187.122.91 - - [12/Oct/2014:02:25:56 -0500] "GET /web/sda/informes-de-gestion;jsessionid=66AAE03FF286B0ADE681A85B2156CDE6 HTTP/1.1" 404 1015
199.187.122.91 - - [12/Oct/2014:02:25:58 -0500] "GET /web/sda/ecosistemas;jsessionid=D8F4E93BCD7AFDDC40A508F141C7F995 HTTP/1.1" 404 1015
186.28.199.176 - - [12/Oct/2014:02:25:59 -0500] "POST /forms/lservlet;jsessionid=ac16012b30d50bf03f65bf974da78a0fb2cb57f279e0.e3iSbxaKaheRe34Sa3yKbhiTahb0n6jAmljGr5XDqQLvpAe HTTP/1.1" 200 2831
186.28.199.176 - - [12/Oct/2014:02:26:00 -0500] "POST /forms/lservlet;jsessionid=ac16012b30d50bf03f65bf974da78a0fb2cb57f279e0.e3iSbxaKaheRe34Sa3yKbhiTahb0n6jAmljGr5XDqQLvpAe HTTP/1.1" 200 3296
186.28.199.176 - - [12/Oct/2014:02:26:02 -0500] "POST /forms/lservlet;jsessionid=ac16012b30d50bf03f65bf974da78a0fb2cb57f279e0.e3iSbxaKaheRe34Sa3yKbhiTahb0n6jAmljGr5XDqQLvpAe HTTP/1.1" 200 3894
199.187.122.91 - - [12/Oct/2014:02:26:03 -0500] "GET /web/sda/programas-y-proyectos;jsessionid=66AAE03FF286B0ADE681A85B2156CDE6 HTTP/1.1" 404 1015
199.187.122.91 - - [12/Oct/2014:02:26:03 -0500] "GET /web/sda/silvicultura;jsessionid=8A44425E96D37BCA0E2F9128EAC66288 HTTP/1.1" 404 1015
186.28.199.176 - - [12/Oct/2014:02:26:04 -0500] "POST /forms/lservlet;jsessionid=ac16012b30d50bf03f65bf974da78a0fb2cb57f279e0.e3iSbxaKaheRe34Sa3yKbhiTahb0n6jAmljGr5XDqQLvpAe HTTP/1.1" 200 2764
199.187.122.91 - - [12/Oct/2014:02:26:05 -0500] "GET /web/sda/quejas;jsessionid=6B98E1BCE85807ACB8166D4FA680050E HTTP/1.1" 404 1015
199.187.122.91 - - [12/Oct/2014:02:26:05 -0500] "GET /web/sda/banco-de-proyectos;jsessionid=6B98E1BCE85807ACB8166D4FA680050E HTTP/1.1" 404 1015
186.28.199.176 - - [12/Oct/2014:02:26:05 -0500] "POST /forms/lservlet;jsessionid=ac16012b30d50bf03f65bf974da78a0fb2cb57f279e0.e3iSbxaKaheRe34Sa3yKbhiTahb0n6jAmljGr5XDqQLvpAe HTTP/1.1" 200 2801
186.28.199.176 - - [12/Oct/2014:02:26:06 -0500] "POST /forms/lservlet;jsessionid=ac16012b30d50bf03f65bf974da78a0fb2cb57f279e0.e3iSbxaKaheRe34Sa3yKbhiTahb0n6jAmljGr5XDqQLvpAe HTTP/1.1" 200 2888
199.187.122.91 - - [12/Oct/2014:02:26:07 -0500] "GET /web/sda/servicio-al-ciudadano;jsessionid=CB450970288D32064AB4D1A005DA019B HTTP/1.1" 404 1015
199.187.122.91 - - [12/Oct/2014:02:26:08 -0500] "GET /web/sda/ecosistemas;jsessionid=CB450970288D32064AB4D1A005DA019B HTTP/1.1" 404 1015
199.187.122.91 - - [12/Oct/2014:02:26:10 -0500] "GET /web/sda/inicio;jsessionid=D8F4E93BCD7AFDDC40A508F141C7F995 HTTP/1.1" 404 1015
199.187.122.91 - - [12/Oct/2014:02:26:11 -0500] "GET /web/sda/residuos-solidos-sda;jsessionid=CB450970288D32064AB4D1A005DA019B HTTP/1.1" 404 1015
199.187.122.91 - - [12/Oct/2014:02:26:13 -0500] "GET /re/Talleres/plastico/imagenes%20plastico/plastico%20link.htm HTTP/1.1" 404 1015
199.187.122.91 - - [12/Oct/2014:02:26:15 -0500] "GET /web/sda/aire;jsessionid=6B98E1BCE85807ACB8166D4FA680050E HTTP/1.1" 404 1015
186.28.199.176 - - [12/Oct/2014:02:26:15 -0500] "POST /forms/lservlet;jsessionid=ac16012b30d50bf03f65bf974da78a0fb2cb57f279e0.e3iSbxaKaheRe34Sa3yKbhiTahb0n6jAmljGr5XDqQLvpAe HTTP/1.1" 200 3682
66.249.79.103 - - [12/Oct/2014:02:25:46 -0500] "GET /BLA/boletinlegal/index.php HTTP/1.1" 200 35188
199.187.122.91 - - [12/Oct/2014:02:26:18 -0500] "GET /web/sda/autorregulacion;jsessionid=D8F4E93BCD7AFDDC40A508F141C7F995 HTTP/1.1" 404 1015
199.187.122.91 - - [12/Oct/2014:02:26:19 -0500] "GET /web/sda/cambio-climatico;jsessionid=8A44425E96D37BCA0E2F9128EAC66288 HTTP/1.1" 404 1015
199.187.122.91 - - [12/Oct/2014:02:26:19 -0500] "GET /web/sda/guia-de-tramites;jsessionid=D8F4E93BCD7AFDDC40A508F141C7F995 HTTP/1.1" 404 1015
199.187.122.91 - - [12/Oct/2014:02:26:21 -0500] "GET /web/sda/inicio;jsessionid=CB450970288D32064AB4D1A005DA019B HTTP/1.1" 404 1015
199.187.122.91 - - [12/Oct/2014:02:26:22 -0500] "GET /web/sda/ambiente-x-recursos;jsessionid=6B98E1BCE85807ACB8166D4FA680050E HTTP/1.1" 404 1015
66.249.79.75 - - [12/Oct/2014:02:26:24 -0500] "GET /BLA/resoluciones/RESOLUCIONES%202003/RES%202003%20451-500/497.tif HTTP/1.1" 200 117884
199.187.122.91 - - [12/Oct/2014:02:26:24 -0500] "GET /web/sda/ecosistemas;jsessionid=A2C84999DD8F24A2DF5A9AC04BE04EAD HTTP/1.1" 404 1015
199.187.122.91 - - [12/Oct/2014:02:26:26 -0500] "GET /web/sda/rendicion-de-cuentas;jsessionid=CB450970288D32064AB4D1A005DA019B HTTP/1.1" 404 1015
199.187.122.91 - - [12/Oct/2014:02:26:27 -0500] "GET /web/sda/gestion-ambiental-empresarial;jsessionid=1AA8CDB4D5B25D4A5E51F5D2A7B8291C HTTP/1.1" 404 1015
199.187.122.91 - - [12/Oct/2014:02:26:29 -0500] "GET /web/sda/formatos-para-tramites-ante-la-sda;jsessionid=CB450970288D32064AB4D1A005DA019B HTTP/1.1" 404 1015
66.249.79.103 - - [12/Oct/2014:02:26:30 -0500] "GET / HTTP/1.1" 302 -
199.187.122.91 - - [12/Oct/2014:02:26:30 -0500] "GET /web/sda/residuos-solidos-sda;jsessionid=A2C84999DD8F24A2DF5A9AC04BE04EAD HTTP/1.1" 404 1015
199.187.122.91 - - [12/Oct/2014:02:26:32 -0500] "GET /web/sda/vision;jsessionid=CB450970288D32064AB4D1A005DA019B HTTP/1.1" 404 1015
199.187.122.91 - - [12/Oct/2014:02:26:34 -0500] "GET /web/sda/ecosistemas;jsessionid=1AA8CDB4D5B25D4A5E51F5D2A7B8291C HTTP/1.1" 404 1015
66.249.79.67 - - [12/Oct/2014:02:26:35 -0500] "GET /BLA/resoluciones/RESOLUCIONES%202008/3755.pdf HTTP/1.1" 200 770441
199.187.122.91 - - [12/Oct/2014:02:26:37 -0500] "GET /web/sda/vision;jsessionid=A2C84999DD8F24A2DF5A9AC04BE04EAD HTTP/1.1" 404 1015
199.187.122.91 - - [12/Oct/2014:02:26:38 -0500] "GET /c/portal/login?p_l_id=12869 HTTP/1.1" 404 1015
199.187.122.91 - - [12/Oct/2014:02:26:38 -0500] "GET /web/sda/rendicion-de-cuentas;jsessionid=A2C84999DD8F24A2DF5A9AC04BE04EAD HTTP/1.1" 404 1015
186.28.199.176 - - [12/Oct/2014:02:26:40 -0500] "POST /forms/lservlet;jsessionid=ac16012b30d50bf03f65bf974da78a0fb2cb57f279e0.e3iSbxaKaheRe34Sa3yKbhiTahb0n6jAmljGr5XDqQLvpAe HTTP/1.1" 200 3847
186.28.199.176 - - [12/Oct/2014:02:26:42 -0500] "POST /forms/lservlet;jsessionid=ac16012b30d50bf03f65bf974da78a0fb2cb57f279e0.e3iSbxaKaheRe34Sa3yKbhiTahb0n6jAmljGr5XDqQLvpAe HTTP/1.1" 200 2869
199.187.122.91 - - [12/Oct/2014:02:26:43 -0500] "GET /aire/air1.htm HTTP/1.1" 404 1015
186.28.199.176 - - [12/Oct/2014:02:26:43 -0500] "POST /forms/lservlet;jsessionid=ac16012b30d50bf03f65bf974da78a0fb2cb57f279e0.e3iSbxaKaheRe34Sa3yKbhiTahb0n6jAmljGr5XDqQLvpAe HTTP/1.1" 200 2556
186.28.199.176 - - [12/Oct/2014:02:26:44 -0500] "POST /forms/lservlet;jsessionid=ac16012b30d50bf03f65bf974da78a0fb2cb57f279e0.e3iSbxaKaheRe34Sa3yKbhiTahb0n6jAmljGr5XDqQLvpAe HTTP/1.1" 200 3339
199.187.122.91 - - [12/Oct/2014:02:26:45 -0500] "GET /web/sda/rendicion-de-cuentas;jsessionid=1AA8CDB4D5B25D4A5E51F5D2A7B8291C HTTP/1.1" 404 1015
199.187.122.91 - - [12/Oct/2014:02:26:45 -0500] "GET /web/sda/algo-de-historia;jsessionid=D8F4E93BCD7AFDDC40A508F141C7F995 HTTP/1.1" 404 1015
186.28.199.176 - - [12/Oct/2014:02:26:45 -0500] "POST /forms/lservlet;jsessionid=ac16012b30d50bf03f65bf974da78a0fb2cb57f279e0.e3iSbxaKaheRe34Sa3yKbhiTahb0n6jAmljGr5XDqQLvpAe HTTP/1.1" 200 3345
199.187.122.91 - - [12/Oct/2014:02:26:46 -0500] "GET /web/sda/vision;jsessionid=1AA8CDB4D5B25D4A5E51F5D2A7B8291C HTTP/1.1" 404 1015
199.187.122.91 - - [12/Oct/2014:02:26:46 -0500] "GET /web/sda/ambiente-por-temas2;jsessionid=6B98E1BCE85807ACB8166D4FA680050E HTTP/1.1" 404 1015
186.28.199.176 - - [12/Oct/2014:02:26:46 -0500] "POST /forms/lservlet;jsessionid=ac16012b30d50bf03f65bf974da78a0fb2cb57f279e0.e3iSbxaKaheRe34Sa3yKbhiTahb0n6jAmljGr5XDqQLvpAe HTTP/1.1" 200 3384
186.28.199.176 - - [12/Oct/2014:02:26:47 -0500] "POST /forms/lservlet;jsessionid=ac16012b30d50bf03f65bf974da78a0fb2cb57f279e0.e3iSbxaKaheRe34Sa3yKbhiTahb0n6jAmljGr5XDqQLvpAe HTTP/1.1" 200 3036
186.28.199.176 - - [12/Oct/2014:02:26:48 -0500] "POST /forms/lservlet;jsessionid=ac16012b30d50bf03f65bf974da78a0fb2cb57f279e0.e3iSbxaKaheRe34Sa3yKbhiTahb0n6jAmljGr5XDqQLvpAe HTTP/1.1" 200 3286
186.28.199.176 - - [12/Oct/2014:02:26:49 -0500] "POST /forms/lservlet;jsessionid=ac16012b30d50bf03f65bf974da78a0fb2cb57f279e0.e3iSbxaKaheRe34Sa3yKbhiTahb0n6jAmljGr5XDqQLvpAe HTTP/1.1" 200 3455
186.28.199.176 - - [12/Oct/2014:02:26:50 -0500] "POST /forms/lservlet;jsessionid=ac16012b30d50bf03f65bf974da78a0fb2cb57f279e0.e3iSbxaKaheRe34Sa3yKbhiTahb0n6jAmljGr5XDqQLvpAe HTTP/1.1" 200 3064
186.28.199.176 - - [12/Oct/2014:02:26:50 -0500] "POST /forms/lservlet;jsessionid=ac16012b30d50bf03f65bf974da78a0fb2cb57f279e0.e3iSbxaKaheRe34Sa3yKbhiTahb0n6jAmljGr5XDqQLvpAe HTTP/1.1" 200 3056
199.187.122.91 - - [12/Oct/2014:02:26:52 -0500] "GET /web/sda/inicio;jsessionid=66AAE03FF286B0ADE681A85B2156CDE6 HTTP/1.1" 404 1015
186.28.199.176 - - [12/Oct/2014:02:26:51 -0500] "POST /forms/lservlet;jsessionid=ac16012b30d50bf03f65bf974da78a0fb2cb57f279e0.e3iSbxaKaheRe34Sa3yKbhiTahb0n6jAmljGr5XDqQLvpAe HTTP/1.1" 200 3104
199.187.122.91 - - [12/Oct/2014:02:26:53 -0500] "GET /web/sda/informes-de-gestion;jsessionid=6B98E1BCE85807ACB8166D4FA680050E HTTP/1.1" 404 1015
186.28.199.176 - - [12/Oct/2014:02:26:53 -0500] "POST /forms/lservlet;jsessionid=ac16012b30d50bf03f65bf974da78a0fb2cb57f279e0.e3iSbxaKaheRe34Sa3yKbhiTahb0n6jAmljGr5XDqQLvpAe HTTP/1.1" 200 4319
186.28.199.176 - - [12/Oct/2014:02:26:54 -0500] "POST /forms/lservlet;jsessionid=ac16012b30d50bf03f65bf974da78a0fb2cb57f279e0.e3iSbxaKaheRe34Sa3yKbhiTahb0n6jAmljGr5XDqQLvpAe HTTP/1.1" 200 3300
199.187.122.91 - - [12/Oct/2014:02:26:55 -0500] "GET /pot/pot8.htm HTTP/1.1" 404 1015
186.28.199.176 - - [12/Oct/2014:02:26:55 -0500] "POST /forms/lservlet;jsessionid=ac16012b30d50bf03f65bf974da78a0fb2cb57f279e0.e3iSbxaKaheRe34Sa3yKbhiTahb0n6jAmljGr5XDqQLvpAe HTTP/1.1" 200 3599
199.187.122.91 - - [12/Oct/2014:02:26:56 -0500] "GET /web/sda/educacion;jsessionid=D8F4E93BCD7AFDDC40A508F141C7F995 HTTP/1.1" 404 1015
186.28.199.176 - - [12/Oct/2014:02:26:56 -0500] "POST /forms/lservlet;jsessionid=ac16012b30d50bf03f65bf974da78a0fb2cb57f279e0.e3iSbxaKaheRe34Sa3yKbhiTahb0n6jAmljGr5XDqQLvpAe HTTP/1.1" 200 3508
186.28.199.176 - - [12/Oct/2014:02:26:57 -0500] "POST /forms/lservlet;jsessionid=ac16012b30d50bf03f65bf974da78a0fb2cb57f279e0.e3iSbxaKaheRe34Sa3yKbhiTahb0n6jAmljGr5XDqQLvpAe HTTP/1.1" 200 2355
186.28.199.176 - - [12/Oct/2014:02:26:57 -0500] "POST /forms/lservlet;jsessionid=ac16012b30d50bf03f65bf974da78a0fb2cb57f279e0.e3iSbxaKaheRe34Sa3yKbhiTahb0n6jAmljGr5XDqQLvpAe HTTP/1.1" 200 3305
186.28.199.176 - - [12/Oct/2014:02:26:58 -0500] "POST /forms/lservlet;jsessionid=ac16012b30d50bf03f65bf974da78a0fb2cb57f279e0.e3iSbxaKaheRe34Sa3yKbhiTahb0n6jAmljGr5XDqQLvpAe HTTP/1.1" 200 2221
186.28.199.176 - - [12/Oct/2014:02:26:59 -0500] "POST /forms/lservlet;jsessionid=ac16012b30d50bf03f65bf974da78a0fb2cb57f279e0.e3iSbxaKaheRe34Sa3yKbhiTahb0n6jAmljGr5XDqQLvpAe HTTP/1.1" 200 2173
186.28.199.176 - - [12/Oct/2014:02:27:00 -0500] "POST /forms/lservlet;jsessionid=ac16012b30d50bf03f65bf974da78a0fb2cb57f279e0.e3iSbxaKaheRe34Sa3yKbhiTahb0n6jAmljGr5XDqQLvpAe HTTP/1.1" 200 2207
186.28.199.176 - - [12/Oct/2014:02:27:01 -0500] "POST /forms/lservlet;jsessionid=ac16012b30d50bf03f65bf974da78a0fb2cb57f279e0.e3iSbxaKaheRe34Sa3yKbhiTahb0n6jAmljGr5XDqQLvpAe HTTP/1.1" 200 2941
199.187.122.91 - - [12/Oct/2014:02:27:01 -0500] "GET /web/sda/rendicion-de-cuentas;jsessionid=66AAE03FF286B0ADE681A85B2156CDE6 HTTP/1.1" 404 1015
199.187.122.91 - - [12/Oct/2014:02:27:01 -0500] "GET /web/sda/programas-y-proyectos;jsessionid=6B98E1BCE85807ACB8166D4FA680050E HTTP/1.1" 404 1015
199.187.122.91 - - [12/Oct/2014:02:27:01 -0500] "GET /web/sda/algo-de-historia;jsessionid=CB450970288D32064AB4D1A005DA019B HTTP/1.1" 404 1015
199.187.122.91 - - [12/Oct/2014:02:27:01 -0500] "GET /web/sda/funciones;jsessionid=6B98E1BCE85807ACB8166D4FA680050E HTTP/1.1" 404 1015
186.28.199.176 - - [12/Oct/2014:02:27:02 -0500] "POST /forms/lservlet;jsessionid=ac16012b30d50bf03f65bf974da78a0fb2cb57f279e0.e3iSbxaKaheRe34Sa3yKbhiTahb0n6jAmljGr5XDqQLvpAe HTTP/1.1" 200 2442
199.187.122.91 - - [12/Oct/2014:02:27:03 -0500] "GET /web/sda/vision;jsessionid=66AAE03FF286B0ADE681A85B2156CDE6 HTTP/1.1" 404 1015
186.28.199.176 - - [12/Oct/2014:02:27:03 -0500] "POST /forms/lservlet;jsessionid=ac16012b30d50bf03f65bf974da78a0fb2cb57f279e0.e3iSbxaKaheRe34Sa3yKbhiTahb0n6jAmljGr5XDqQLvpAe HTTP/1.1" 200 2199
186.28.199.176 - - [12/Oct/2014:02:27:04 -0500] "POST /forms/lservlet;jsessionid=ac16012b30d50bf03f65bf974da78a0fb2cb57f279e0.e3iSbxaKaheRe34Sa3yKbhiTahb0n6jAmljGr5XDqQLvpAe HTTP/1.1" 200 3469
199.187.122.91 - - [12/Oct/2014:02:27:04 -0500] "GET /web/sda/sig;jsessionid=A2C84999DD8F24A2DF5A9AC04BE04EAD HTTP/1.1" 404 1015
199.187.122.91 - - [12/Oct/2014:02:27:06 -0500] "GET /web/sda/servicio-al-ciudadano;jsessionid=0DFAB8A060D43F1C8CE618601202BE8E HTTP/1.1" 404 1015
199.187.122.91 - - [12/Oct/2014:02:27:07 -0500] "GET /web/sda/educacion;jsessionid=CB450970288D32064AB4D1A005DA019B HTTP/1.1" 404 1015
186.28.199.176 - - [12/Oct/2014:02:27:08 -0500] "POST /forms/lservlet;jsessionid=ac16012b30d50bf03f65bf974da78a0fb2cb57f279e0.e3iSbxaKaheRe34Sa3yKbhiTahb0n6jAmljGr5XDqQLvpAe HTTP/1.1" 200 2087
186.28.199.176 - - [12/Oct/2014:02:27:08 -0500] "POST /forms/lservlet;jsessionid=ac16012b30d50bf03f65bf974da78a0fb2cb57f279e0.e3iSbxaKaheRe34Sa3yKbhiTahb0n6jAmljGr5XDqQLvpAe HTTP/1.1" 200 78
199.187.122.91 - - [12/Oct/2014:02:27:10 -0500] "GET /web/sda/aire;jsessionid=4758AC1991BD1758CD6002414947BCC3 HTTP/1.1" 404 1015
199.187.122.91 - - [12/Oct/2014:02:27:12 -0500] "GET /web/sda/cooperacion-internacional;jsessionid=A2C84999DD8F24A2DF5A9AC04BE04EAD HTTP/1.1" 404 1015
199.187.122.91 - - [12/Oct/2014:02:27:12 -0500] "GET /web/sda/mision;jsessionid=4758AC1991BD1758CD6002414947BCC3 HTTP/1.1" 404 1015
66.249.79.103 - - [12/Oct/2014:02:27:13 -0500] "GET /POT-2013/Cartografia/09_EEP.pdf HTTP/1.1" 200 3326963
199.187.122.91 - - [12/Oct/2014:02:27:16 -0500] "GET /web/sda/ambiente-x-recursos;jsessionid=4758AC1991BD1758CD6002414947BCC3 HTTP/1.1" 404 1015
199.187.122.91 - - [12/Oct/2014:02:27:17 -0500] "GET /web/sda/ecosistemas;jsessionid=0DFAB8A060D43F1C8CE618601202BE8E HTTP/1.1" 404 1015
199.187.122.91 - - [12/Oct/2014:02:27:17 -0500] "GET /web/sda/cambio-climatico;jsessionid=CB450970288D32064AB4D1A005DA019B HTTP/1.1" 404 1015
66.249.79.119 - - [12/Oct/2014:02:27:24 -0500] "GET /manual_funciones_Listado/index.php?dir=2.4.+Direcci%F3n+Legal+Ambiental%2F HTTP/1.1" 404 1019
199.187.122.91 - - [12/Oct/2014:02:27:25 -0500] "GET /web/sda/algo-de-historia;jsessionid=A2C84999DD8F24A2DF5A9AC04BE04EAD HTTP/1.1" 404 1015
199.187.122.91 - - [12/Oct/2014:02:27:26 -0500] "GET /web/sda/residuos-solidos-sda;jsessionid=0DFAB8A060D43F1C8CE618601202BE8E HTTP/1.1" 404 1015
199.187.122.91 - - [12/Oct/2014:02:27:28 -0500] "GET /web/sda/sig;jsessionid=1AA8CDB4D5B25D4A5E51F5D2A7B8291C HTTP/1.1" 404 1015
199.187.122.91 - - [12/Oct/2014:02:27:29 -0500] "GET /web/sda/educacion;jsessionid=A2C84999DD8F24A2DF5A9AC04BE04EAD HTTP/1.1" 404 1015
199.187.122.91 - - [12/Oct/2014:02:27:31 -0500] "GET /web/sda/politica-de-privacidad;jsessionid=6B98E1BCE85807ACB8166D4FA680050E HTTP/1.1" 404 1015
199.187.122.91 - - [12/Oct/2014:02:27:37 -0500] "GET /web/sda/inicio;jsessionid=0DFAB8A060D43F1C8CE618601202BE8E HTTP/1.1" 404 1015
199.187.122.91 - - [12/Oct/2014:02:27:37 -0500] "GET /web/sda/organigrama;jsessionid=4758AC1991BD1758CD6002414947BCC3 HTTP/1.1" 404 1015
199.187.122.91 - - [12/Oct/2014:02:27:37 -0500] "GET /web/sda/rendicion-de-cuentas;jsessionid=0DFAB8A060D43F1C8CE618601202BE8E HTTP/1.1" 404 1015
199.187.122.91 - - [12/Oct/2014:02:27:37 -0500] "GET /web/sda/control-interno;jsessionid=D8F4E93BCD7AFDDC40A508F141C7F995 HTTP/1.1" 404 1015
186.28.199.176 - - [12/Oct/2014:02:27:37 -0500] "POST /forms/lservlet;jsessionid=ac16012b30d50bf03f65bf974da78a0fb2cb57f279e0.e3iSbxaKaheRe34Sa3yKbhiTahb0n6jAmljGr5XDqQLvpAe HTTP/1.1" 200 2
199.187.122.91 - - [12/Oct/2014:02:27:39 -0500] "GET /web/sda/educacion;jsessionid=1AA8CDB4D5B25D4A5E51F5D2A7B8291C HTTP/1.1" 404 1015
199.187.122.91 - - [12/Oct/2014:02:27:42 -0500] "GET /web/sda/autorregulacion;jsessionid=0DFAB8A060D43F1C8CE618601202BE8E HTTP/1.1" 404 1015
66.249.79.111 - - [12/Oct/2014:02:27:42 -0500] "GET /BLA/boletinlegal/jurisprudencia/analisis/Analisis%20jurisprudencial%20Sentencia%20C-366-11.doc HTTP/1.1" 304 -
199.187.122.91 - - [12/Oct/2014:02:27:44 -0500] "GET /web/sda/control-interno;jsessionid=CB450970288D32064AB4D1A005DA019B HTTP/1.1" 404 1015
199.187.122.91 - - [12/Oct/2014:02:27:45 -0500] "GET /web/sda/cambio-climatico;jsessionid=1AA8CDB4D5B25D4A5E51F5D2A7B8291C HTTP/1.1" 404 1015
199.187.122.91 - - [12/Oct/2014:02:27:47 -0500] "GET /web/sda/gestion-ambiental-constructoras;jsessionid=4758AC1991BD1758CD6002414947BCC3 HTTP/1.1" 404 1015
199.187.122.91 - - [12/Oct/2014:02:27:49 -0500] "GET /web/sda/agua;jsessionid=D8F4E93BCD7AFDDC40A508F141C7F995 HTTP/1.1" 404 1015
199.187.122.91 - - [12/Oct/2014:02:27:49 -0500] "GET /web/sda/vision;jsessionid=0DFAB8A060D43F1C8CE618601202BE8E HTTP/1.1" 404 1015
199.187.122.91 - - [12/Oct/2014:02:27:50 -0500] "GET /dama/libreria/php/decide.php?patron=03.1305020113&numm=12 HTTP/1.1" 404 1015
199.187.122.91 - - [12/Oct/2014:02:27:53 -0500] "GET /web/sda/algo-de-historia;jsessionid=66AAE03FF286B0ADE681A85B2156CDE6 HTTP/1.1" 404 1015
199.187.122.91 - - [12/Oct/2014:02:27:57 -0500] "GET /web/sda/registro-unico-ambiental-rua-y-registro-de-generadores-de-residuos-peligrosos;jsessionid=1AA8CDB4D5B25D4A5E51F5D2A7B8291C HTTP/1.1" 404 1015
199.187.122.91 - - [12/Oct/2014:02:27:58 -0500] "GET /web/sda/planeacion-ambiental;jsessionid=CB450970288D32064AB4D1A005DA019B HTTP/1.1" 404 1015
180.76.5.188 - - [12/Oct/2014:02:28:00 -0500] "GET /BLA/resoluciones/RESOLUCIONES%202009/0051.pdf HTTP/1.1" 200 208731
199.187.122.91 - - [12/Oct/2014:02:28:00 -0500] "GET / HTTP/1.1" 302 -
199.187.122.91 - - [12/Oct/2014:02:28:01 -0500] "GET / HTTP/1.1" 302 -
199.187.122.91 - - [12/Oct/2014:02:28:01 -0500] "GET /web/sda/cooperacion-internacional;jsessionid=66AAE03FF286B0ADE681A85B2156CDE6 HTTP/1.1" 404 1015
199.187.122.91 - - [12/Oct/2014:02:28:02 -0500] "GET /web/sda/ambiente-por-temas2;jsessionid=4758AC1991BD1758CD6002414947BCC3 HTTP/1.1" 404 1015
199.187.122.91 - - [12/Oct/2014:02:28:02 -0500] "GET /web/sda/agua;jsessionid=CB450970288D32064AB4D1A005DA019B HTTP/1.1" 404 1015
199.187.122.91 - - [12/Oct/2014:02:28:04 -0500] "GET /web/sda/control-interno;jsessionid=A2C84999DD8F24A2DF5A9AC04BE04EAD HTTP/1.1" 404 1015
199.187.122.91 - - [12/Oct/2014:02:28:07 -0500] "GET /web/sda/cambio-climatico;jsessionid=66AAE03FF286B0ADE681A85B2156CDE6 HTTP/1.1" 404 1015
199.187.122.91 - - [12/Oct/2014:02:28:08 -0500] "GET /web/sda/informes-de-gestion;jsessionid=4758AC1991BD1758CD6002414947BCC3 HTTP/1.1" 404 1015
199.187.122.91 - - [12/Oct/2014:02:28:09 -0500] "GET /web/sda/politicas-ambientales;jsessionid=D8F4E93BCD7AFDDC40A508F141C7F995 HTTP/1.1" 404 1015
199.187.122.91 - - [12/Oct/2014:02:28:11 -0500] "GET /web/sda/control-interno;jsessionid=1AA8CDB4D5B25D4A5E51F5D2A7B8291C HTTP/1.1" 404 1015
66.249.79.111 - - [12/Oct/2014:02:28:11 -0500] "GET /PORTAL_SIAC/swf/Residuos/impresion/files/guia_impresion-lit.pdf HTTP/1.1" 200 12573981
199.187.122.91 - - [12/Oct/2014:02:28:12 -0500] "GET /web/sda/funciones;jsessionid=4758AC1991BD1758CD6002414947BCC3 HTTP/1.1" 404 1015
66.249.79.111 - - [12/Oct/2014:02:28:40 -0500] "GET /BLA/boletinlegal/jurisprudencia/analisis/Analisis%20Sentencia%20T-1077,%202%20corregida.doc HTTP/1.1" 304 -
66.249.79.111 - - [12/Oct/2014:02:28:51 -0500] "GET /sinmi3/12/ruido.ppt HTTP/1.1" 404 1019
66.249.79.111 - - [12/Oct/2014:02:29:09 -0500] "GET /BLA/ HTTP/1.1" 200 538
68.180.229.40 - - [12/Oct/2014:02:29:36 -0500] "GET /BLA/boletinlegal/doctrina.php HTTP/1.1" 200 4953
186.28.199.176 - - [12/Oct/2014:02:29:37 -0500] "POST /forms/lservlet;jsessionid=ac16012b30d50bf03f65bf974da78a0fb2cb57f279e0.e3iSbxaKaheRe34Sa3yKbhiTahb0n6jAmljGr5XDqQLvpAe HTTP/1.1" 200 2
66.249.79.111 - - [12/Oct/2014:02:29:38 -0500] "GET /BLA/boletinlegal/jurisprudencia/analisis/analisis%20C-595-2010.doc HTTP/1.1" 304 -
74.86.158.107 - - [12/Oct/2014:02:29:50 -0500] "HEAD / HTTP/1.1" 302 -
66.249.79.119 - - [12/Oct/2014:02:30:06 -0500] "GET /POT-2013/Cartografia/29_EDIFICABILIDAD.pdf HTTP/1.1" 200 3041378
66.249.79.83 - - [12/Oct/2014:02:30:51 -0500] "GET /BLA/resoluciones/RESOLUCIONES%202004/RES%202004%201151-1200/00001160.tif HTTP/1.1" 200 196118
66.249.79.83 - - [12/Oct/2014:02:30:54 -0500] "GET /BLA/resoluciones/RESOLUCIONES%202009/8854.pdf HTTP/1.1" 200 83363
66.249.79.103 - - [12/Oct/2014:02:31:33 -0500] "GET /POT-2013/index.php?dir=Cartografia%2F HTTP/1.1" 200 11465
186.28.199.176 - - [12/Oct/2014:02:31:38 -0500] "POST /forms/lservlet;jsessionid=ac16012b30d50bf03f65bf974da78a0fb2cb57f279e0.e3iSbxaKaheRe34Sa3yKbhiTahb0n6jAmljGr5XDqQLvpAe HTTP/1.1" 200 2
66.249.79.111 - - [12/Oct/2014:02:32:02 -0500] "GET /POT-2013/Cartografia/32_Altura%20para%20c%C3%A1lculo%20de%20edificabilidad%20predominante%20y%20aisl.pdf HTTP/1.1" 304 -
66.249.79.67 - - [12/Oct/2014:02:32:19 -0500] "GET /BLA/resoluciones/RESOLUCIONES%202004/RES%202004%2051-100/00000089.tif HTTP/1.1" 200 100504
66.249.79.119 - - [12/Oct/2014:02:32:31 -0500] "GET /POT-2013/Cartografia/28_USOS%20Y%20AREAS%20DE%20ACTIVIDAD.pdf HTTP/1.1" 304 -
66.249.79.111 - - [12/Oct/2014:02:33:29 -0500] "GET /BLA/boletinlegal/jurisprudencia/analisis/SENTENCIA%20C-703%20DE%202010.xls HTTP/1.1" 304 -
186.28.199.176 - - [12/Oct/2014:02:33:38 -0500] "POST /forms/lservlet;jsessionid=ac16012b30d50bf03f65bf974da78a0fb2cb57f279e0.e3iSbxaKaheRe34Sa3yKbhiTahb0n6jAmljGr5XDqQLvpAe HTTP/1.1" 200 2
66.249.79.119 - - [12/Oct/2014:02:34:27 -0500] "GET /BLA/boletinlegal/jurisprudencia/analisis/CUADRO%20SENTENCIA%20C-245%20DE%202004.doc HTTP/1.1" 304 -
66.249.79.119 - - [12/Oct/2014:02:34:36 -0500] "GET /manual_funciones_Listado/index.php?dir=2.5.1%20Subdirecci%F3n%20%20Financiera/&sort=name&order=desc HTTP/1.1" 404 1019
66.249.79.67 - - [12/Oct/2014:02:34:41 -0500] "GET /resoluciones/AUTOS%202007/3760.pdf HTTP/1.1" 404 1018
74.86.158.107 - - [12/Oct/2014:02:34:50 -0500] "HEAD / HTTP/1.1" 302 -
66.249.79.75 - - [12/Oct/2014:02:35:11 -0500] "GET /BLA/resoluciones/AUTOS%202011/0190.pdf HTTP/1.1" 200 162230
66.249.79.103 - - [12/Oct/2014:02:35:24 -0500] "GET /BLA/boletinlegal/jurisprudencia/analisis/Analisis%20Jurisprudencia%20Sent%202000-00005-01.doc HTTP/1.1" 304 -
186.28.199.176 - - [12/Oct/2014:02:35:38 -0500] "POST /forms/lservlet;jsessionid=ac16012b30d50bf03f65bf974da78a0fb2cb57f279e0.e3iSbxaKaheRe34Sa3yKbhiTahb0n6jAmljGr5XDqQLvpAe HTTP/1.1" 200 2
180.76.5.25 - - [12/Oct/2014:02:36:19 -0500] "GET /BLA/resoluciones/AUTOS%202007/2668.pdf HTTP/1.1" 200 273310
66.249.79.119 - - [12/Oct/2014:02:36:20 -0500] "GET /manual_funciones_Listado/index.php?dir=2.2.1.%20Subdirecci%F3n%20de%20Control%20Ambiental%20al%20Sector%20P%FAblico/&sort=size&order=desc HTTP/1.1" 404 1019
66.249.79.83 - - [12/Oct/2014:02:36:26 -0500] "GET /BLA/resoluciones/RESOLUCIONES%202011/3042.pdf HTTP/1.1" 200 708278
66.249.79.111 - - [12/Oct/2014:02:36:31 -0500] "GET /Autoliquidacion/Fauna%20Silvestre/LISTA%20DE%20CHEQUEO%20Y%20FORMATO%20DE%20SOLICITUD%20DE%20OTORGAMIENTO%20O%20MODIFICACION%20DE%20PERMISOS.xls HTTP/1.1" 200 852480
180.76.6.50 - - [12/Oct/2014:02:36:49 -0500] "GET /BLA/resoluciones/RESOLUCIONES%202012/0315.pdf HTTP/1.1" 200 528641
66.249.79.119 - - [12/Oct/2014:02:36:51 -0500] "GET /BLA/boletinlegal/jurisprudencia.php HTTP/1.1" 200 10741
190.131.196.79 - - [12/Oct/2014:02:37:10 -0500] "GET /BLA/boletinlegal/js/jquery.scrollTo-min.js HTTP/1.1" 200 1150
190.131.196.79 - - [12/Oct/2014:02:37:10 -0500] "GET /BLA/boletinlegal/js/jquery.scrollShow.js HTTP/1.1" 200 4586
190.131.196.79 - - [12/Oct/2014:02:37:10 -0500] "GET /BLA/boletinlegal/js/jquery.js HTTP/1.1" 200 57254
66.249.79.67 - - [12/Oct/2014:02:37:14 -0500] "GET /BLA/resoluciones/RESOLUCIONES%202013/0081.pdf HTTP/1.1" 200 408543
186.28.199.176 - - [12/Oct/2014:02:37:38 -0500] "POST /forms/lservlet;jsessionid=ac16012b30d50bf03f65bf974da78a0fb2cb57f279e0.e3iSbxaKaheRe34Sa3yKbhiTahb0n6jAmljGr5XDqQLvpAe HTTP/1.1" 200 2
180.76.5.150 - - [12/Oct/2014:02:38:03 -0500] "GET /BLA/resoluciones/AUTOS%202012/3009.pdf HTTP/1.1" 200 4578035
66.249.79.111 - - [12/Oct/2014:02:38:10 -0500] "GET /manual_funciones_Listado/index.php?dir=2.3.2.%20Subdirecci%F3n%20de%20Ecosistemas%20y%20Ruralidad/&sort=size&order=desc HTTP/1.1" 404 1019
66.249.79.83 - - [12/Oct/2014:02:38:20 -0500] "GET /BLA/resoluciones/RESOLUCIONES%202002/RES%202002%201501-1550/20021511.tif HTTP/1.1" 200 96938
66.249.79.83 - - [12/Oct/2014:02:38:30 -0500] "GET /BLA/resoluciones/Autos%202008/0379.pdf HTTP/1.1" 200 246625
66.249.79.75 - - [12/Oct/2014:02:39:20 -0500] "GET /stormWeb/ HTTP/1.1" 200 12136
186.28.199.176 - - [12/Oct/2014:02:39:38 -0500] "POST /forms/lservlet;jsessionid=ac16012b30d50bf03f65bf974da78a0fb2cb57f279e0.e3iSbxaKaheRe34Sa3yKbhiTahb0n6jAmljGr5XDqQLvpAe HTTP/1.1" 200 2
66.249.79.111 - - [12/Oct/2014:02:39:43 -0500] "GET /PORTAL_SIAC/swf/clip1.swf HTTP/1.1" 200 34316
66.249.79.119 - - [12/Oct/2014:02:39:48 -0500] "GET /POT-2013/Cartografia/05_Remocion_V1_2013.pdf HTTP/1.1" 304 -
74.86.158.107 - - [12/Oct/2014:02:39:50 -0500] "HEAD / HTTP/1.1" 302 -
180.76.6.146 - - [12/Oct/2014:02:39:53 -0500] "GET /BLA/resoluciones/AUTOS%202010/0366.pdf HTTP/1.1" 200 203499
66.249.79.75 - - [12/Oct/2014:02:40:12 -0500] "GET /BLA/resoluciones/RESOLUCIONES%202004/RES%202004%201151-1200/00001176.tif HTTP/1.1" 200 201506
66.249.79.103 - - [12/Oct/2014:02:40:16 -0500] "GET /BLA/boletinlegal/jurisprudencia/analisis/CUADRO%20ANALISIS%20SENTENCIA%20C-554%20DE%202007.doc HTTP/1.1" 304 -
66.249.79.103 - - [12/Oct/2014:02:40:22 -0500] "GET /manual_funciones_Listado/index.php?dir=1.1.+Oficina+de+Control+Interno%2F HTTP/1.1" 404 1019
66.249.79.119 - - [12/Oct/2014:02:40:42 -0500] "GET /POT-2013/Cartografia/33_UPZ_2013_V1.pdf HTTP/1.1" 200 4878906
186.28.199.176 - - [12/Oct/2014:02:41:38 -0500] "POST /forms/lservlet;jsessionid=ac16012b30d50bf03f65bf974da78a0fb2cb57f279e0.e3iSbxaKaheRe34Sa3yKbhiTahb0n6jAmljGr5XDqQLvpAe HTTP/1.1" 200 2
66.249.79.83 - - [12/Oct/2014:02:41:40 -0500] "GET /BLA/resoluciones/AUTOS%202010/0121.pdf HTTP/1.1" 304 -
180.76.6.41 - - [12/Oct/2014:02:42:23 -0500] "GET /BLA/resoluciones/RESOLUCIONES%202011/2072.pdf HTTP/1.1" 200 511509
180.76.5.80 - - [12/Oct/2014:02:42:53 -0500] "GET /BLA/resoluciones/index.php?dir=RESOLUCIONES+2005%2FRES+2005+1001-1050%2F HTTP/1.1" 200 12364
66.249.79.111 - - [12/Oct/2014:02:43:06 -0500] "GET /BLA/boletinlegal/jurisprudencia/analisis/CUADRO%20ANALISIS%20SENTENCIA%20T-411%20DE%201992.doc HTTP/1.1" 304 -
186.28.199.176 - - [12/Oct/2014:02:43:11 -0500] "POST /forms/lservlet;jsessionid=ac16012b30d50bf03f65bf974da78a0fb2cb57f279e0.e3iSbxaKaheRe34Sa3yKbhiTahb0n6jAmljGr5XDqQLvpAe HTTP/1.1" 200 34762
186.28.199.176 - - [12/Oct/2014:02:43:12 -0500] "GET /imagenes/listval.gif HTTP/1.1" 200 905
186.28.199.176 - - [12/Oct/2014:02:43:12 -0500] "POST /forms/lservlet;jsessionid=ac16012b30d50bf03f65bf974da78a0fb2cb57f279e0.e3iSbxaKaheRe34Sa3yKbhiTahb0n6jAmljGr5XDqQLvpAe HTTP/1.1" 200 7
186.28.199.176 - - [12/Oct/2014:02:43:12 -0500] "POST /forms/lservlet;jsessionid=ac16012b30d50bf03f65bf974da78a0fb2cb57f279e0.e3iSbxaKaheRe34Sa3yKbhiTahb0n6jAmljGr5XDqQLvpAe HTTP/1.1" 200 34
186.28.199.176 - - [12/Oct/2014:02:43:12 -0500] "POST /forms/lservlet;jsessionid=ac16012b30d50bf03f65bf974da78a0fb2cb57f279e0.e3iSbxaKaheRe34Sa3yKbhiTahb0n6jAmljGr5XDqQLvpAe HTTP/1.1" 200 2
186.28.199.176 - - [12/Oct/2014:02:43:14 -0500] "POST /forms/lservlet;jsessionid=ac16012b30d50bf03f65bf974da78a0fb2cb57f279e0.e3iSbxaKaheRe34Sa3yKbhiTahb0n6jAmljGr5XDqQLvpAe HTTP/1.1" 200 2
186.28.199.176 - - [12/Oct/2014:02:43:14 -0500] "POST /forms/lservlet;jsessionid=ac16012b30d50bf03f65bf974da78a0fb2cb57f279e0.e3iSbxaKaheRe34Sa3yKbhiTahb0n6jAmljGr5XDqQLvpAe HTTP/1.1" 200 662
186.28.199.176 - - [12/Oct/2014:02:43:14 -0500] "GET /imagenes/Srch_frw.gif HTTP/1.1" 200 925
186.28.199.176 - - [12/Oct/2014:02:43:14 -0500] "POST /forms/lservlet;jsessionid=ac16012b30d50bf03f65bf974da78a0fb2cb57f279e0.e3iSbxaKaheRe34Sa3yKbhiTahb0n6jAmljGr5XDqQLvpAe HTTP/1.1" 200 10
66.249.79.103 - - [12/Oct/2014:02:43:14 -0500] "GET /manual_funciones_Listado/index.php?dir=2.%20Subsecretar%EDa%20General%20y%20de%20Control%20Disciplinario/&sort=size&order=asc HTTP/1.1" 404 1019
186.28.199.176 - - [12/Oct/2014:02:43:15 -0500] "POST /forms/lservlet;jsessionid=ac16012b30d50bf03f65bf974da78a0fb2cb57f279e0.e3iSbxaKaheRe34Sa3yKbhiTahb0n6jAmljGr5XDqQLvpAe HTTP/1.1" 200 48
186.28.199.176 - - [12/Oct/2014:02:43:21 -0500] "POST /forms/lservlet;jsessionid=ac16012b30d50bf03f65bf974da78a0fb2cb57f279e0.e3iSbxaKaheRe34Sa3yKbhiTahb0n6jAmljGr5XDqQLvpAe HTTP/1.1" 200 26
186.28.199.176 - - [12/Oct/2014:02:43:21 -0500] "POST /forms/lservlet;jsessionid=ac16012b30d50bf03f65bf974da78a0fb2cb57f279e0.e3iSbxaKaheRe34Sa3yKbhiTahb0n6jAmljGr5XDqQLvpAe HTTP/1.1" 200 14
186.28.199.176 - - [12/Oct/2014:02:43:22 -0500] "POST /forms/lservlet;jsessionid=ac16012b30d50bf03f65bf974da78a0fb2cb57f279e0.e3iSbxaKaheRe34Sa3yKbhiTahb0n6jAmljGr5XDqQLvpAe HTTP/1.1" 200 4868
186.28.199.176 - - [12/Oct/2014:02:43:23 -0500] "POST /forms/lservlet;jsessionid=ac16012b30d50bf03f65bf974da78a0fb2cb57f279e0.e3iSbxaKaheRe34Sa3yKbhiTahb0n6jAmljGr5XDqQLvpAe HTTP/1.1" 200 20
186.28.199.176 - - [12/Oct/2014:02:43:34 -0500] "POST /forms/lservlet;jsessionid=ac16012b30d50bf03f65bf974da78a0fb2cb57f279e0.e3iSbxaKaheRe34Sa3yKbhiTahb0n6jAmljGr5XDqQLvpAe HTTP/1.1" 200 2
186.28.199.176 - - [12/Oct/2014:02:43:34 -0500] "POST /forms/lservlet;jsessionid=ac16012b30d50bf03f65bf974da78a0fb2cb57f279e0.e3iSbxaKaheRe34Sa3yKbhiTahb0n6jAmljGr5XDqQLvpAe HTTP/1.1" 200 14
100.43.85.25 - - [12/Oct/2014:02:43:36 -0500] "GET /legis/legis.gif HTTP/1.1" 404 1019
186.28.199.176 - - [12/Oct/2014:02:43:35 -0500] "POST /forms/lservlet;jsessionid=ac16012b30d50bf03f65bf974da78a0fb2cb57f279e0.e3iSbxaKaheRe34Sa3yKbhiTahb0n6jAmljGr5XDqQLvpAe HTTP/1.1" 200 14
186.28.199.176 - - [12/Oct/2014:02:43:36 -0500] "POST /forms/lservlet;jsessionid=ac16012b30d50bf03f65bf974da78a0fb2cb57f279e0.e3iSbxaKaheRe34Sa3yKbhiTahb0n6jAmljGr5XDqQLvpAe HTTP/1.1" 200 14
186.28.199.176 - - [12/Oct/2014:02:43:38 -0500] "POST /forms/lservlet;jsessionid=ac16012b30d50bf03f65bf974da78a0fb2cb57f279e0.e3iSbxaKaheRe34Sa3yKbhiTahb0n6jAmljGr5XDqQLvpAe HTTP/1.1" 200 14
186.28.199.176 - - [12/Oct/2014:02:43:39 -0500] "POST /forms/lservlet;jsessionid=ac16012b30d50bf03f65bf974da78a0fb2cb57f279e0.e3iSbxaKaheRe34Sa3yKbhiTahb0n6jAmljGr5XDqQLvpAe HTTP/1.1" 200 15
186.28.199.176 - - [12/Oct/2014:02:43:42 -0500] "POST /forms/lservlet;jsessionid=ac16012b30d50bf03f65bf974da78a0fb2cb57f279e0.e3iSbxaKaheRe34Sa3yKbhiTahb0n6jAmljGr5XDqQLvpAe HTTP/1.1" 200 15
186.28.199.176 - - [12/Oct/2014:02:43:46 -0500] "POST /forms/lservlet;jsessionid=ac16012b30d50bf03f65bf974da78a0fb2cb57f279e0.e3iSbxaKaheRe34Sa3yKbhiTahb0n6jAmljGr5XDqQLvpAe HTTP/1.1" 200 15
180.76.6.41 - - [12/Oct/2014:02:43:52 -0500] "GET /BLA/resoluciones/Autos%202008/1290.pdf HTTP/1.1" 200 147337
186.28.199.176 - - [12/Oct/2014:02:43:54 -0500] "POST /forms/lservlet;jsessionid=ac16012b30d50bf03f65bf974da78a0fb2cb57f279e0.e3iSbxaKaheRe34Sa3yKbhiTahb0n6jAmljGr5XDqQLvpAe HTTP/1.1" 200 132
186.28.199.176 - - [12/Oct/2014:02:43:54 -0500] "POST /forms/lservlet;jsessionid=ac16012b30d50bf03f65bf974da78a0fb2cb57f279e0.e3iSbxaKaheRe34Sa3yKbhiTahb0n6jAmljGr5XDqQLvpAe HTTP/1.1" 200 2
186.28.199.176 - - [12/Oct/2014:02:43:59 -0500] "POST /forms/lservlet;jsessionid=ac16012b30d50bf03f65bf974da78a0fb2cb57f279e0.e3iSbxaKaheRe34Sa3yKbhiTahb0n6jAmljGr5XDqQLvpAe HTTP/1.1" 200 2205
201.245.192.253 - - [12/Oct/2014:02:44:01 -0500] "GET /isolucionsda/BancoConocimiento/I/InformeDesarrolloAuditoriasInternasSIG_v10/anexo%208%20informe%20desarrollo%20auditorias%20internas%20del%20sig%20v100.doc HTTP/1.1" 304 -
186.28.199.176 - - [12/Oct/2014:02:44:08 -0500] "POST /forms/lservlet;jsessionid=ac16012b30d50bf03f65bf974da78a0fb2cb57f279e0.e3iSbxaKaheRe34Sa3yKbhiTahb0n6jAmljGr5XDqQLvpAe HTTP/1.1" 200 2222
186.28.199.176 - - [12/Oct/2014:02:44:10 -0500] "POST /forms/lservlet;jsessionid=ac16012b30d50bf03f65bf974da78a0fb2cb57f279e0.e3iSbxaKaheRe34Sa3yKbhiTahb0n6jAmljGr5XDqQLvpAe HTTP/1.1" 200 3118
186.28.199.176 - - [12/Oct/2014:02:44:11 -0500] "POST /forms/lservlet;jsessionid=ac16012b30d50bf03f65bf974da78a0fb2cb57f279e0.e3iSbxaKaheRe34Sa3yKbhiTahb0n6jAmljGr5XDqQLvpAe HTTP/1.1" 200 2237
186.28.199.176 - - [12/Oct/2014:02:44:12 -0500] "POST /forms/lservlet;jsessionid=ac16012b30d50bf03f65bf974da78a0fb2cb57f279e0.e3iSbxaKaheRe34Sa3yKbhiTahb0n6jAmljGr5XDqQLvpAe HTTP/1.1" 200 26
180.76.6.139 - - [12/Oct/2014:02:44:22 -0500] "GET /BLA/resoluciones/AUTOS%202007/1543.pdf HTTP/1.1" 200 181780
66.249.79.111 - - [12/Oct/2014:02:44:34 -0500] "GET /BLA/boletinlegal/Circulares/2014/Circular%2008%20de%20Mayo%20de%202014.pdf HTTP/1.1" 304 -
186.28.199.176 - - [12/Oct/2014:02:44:41 -0500] "POST /forms/lservlet;jsessionid=ac16012b30d50bf03f65bf974da78a0fb2cb57f279e0.e3iSbxaKaheRe34Sa3yKbhiTahb0n6jAmljGr5XDqQLvpAe HTTP/1.1" 200 100
66.249.79.119 - - [12/Oct/2014:02:44:43 -0500] "GET /manual_funciones_Listado/index.php?dir=2.5.%20Direcci%F3n%20de%20Gesti%F3n%20Corporativa/&sort=size&order=asc HTTP/1.1" 404 1019
74.86.158.107 - - [12/Oct/2014:02:44:50 -0500] "HEAD / HTTP/1.1" 302 -
66.249.79.75 - - [12/Oct/2014:02:44:51 -0500] "GET /BLA/resoluciones/RESOLUCIONES%202004/RES%202004%201151-1200/00001163.tif HTTP/1.1" 200 191566
66.249.79.103 - - [12/Oct/2014:02:45:02 -0500] "GET /POT-2013/memoria%20justificativa/ANEXOS_2,3,4.pdf HTTP/1.1" 200 617731
186.28.199.176 - - [12/Oct/2014:02:43:54 -0500] "GET /reports/rwservlet/getjobid329613?server=rep_srvapsda HTTP/1.1" 200 15980537
66.249.79.67 - - [12/Oct/2014:02:45:08 -0500] "GET /BLA/resoluciones/RESOLUCIONES%202014/3163.pdf HTTP/1.1" 200 1193571
66.249.79.119 - - [12/Oct/2014:02:45:31 -0500] "GET /POT-2013/expediente/EXPEDIENTE%20DISTRITAL%20VIGENCIA%202011octubre%20final.pdf HTTP/1.1" 200 36716932
186.28.199.176 - - [12/Oct/2014:02:45:38 -0500] "POST /forms/lservlet;jsessionid=ac16012b30d50bf03f65bf974da78a0fb2cb57f279e0.e3iSbxaKaheRe34Sa3yKbhiTahb0n6jAmljGr5XDqQLvpAe HTTP/1.1" 200 2
180.76.5.190 - - [12/Oct/2014:02:46:04 -0500] "GET /Residuos/curtiembres/curtiembres.html HTTP/1.1" 404 1018
66.249.79.83 - - [12/Oct/2014:02:46:29 -0500] "GET /BLA/resoluciones/AUTOS%202011/0247.pdf HTTP/1.1" 200 167532
186.28.199.176 - - [12/Oct/2014:02:47:38 -0500] "POST /forms/lservlet;jsessionid=ac16012b30d50bf03f65bf974da78a0fb2cb57f279e0.e3iSbxaKaheRe34Sa3yKbhiTahb0n6jAmljGr5XDqQLvpAe HTTP/1.1" 200 2
207.46.13.132 - - [12/Oct/2014:02:47:57 -0500] "GET /BLA/boletinlegal/js/jquery.js HTTP/1.1" 200 57254
66.249.79.75 - - [12/Oct/2014:02:48:00 -0500] "GET /BLA/resoluciones/RESOLUCIONES%202011/1474.pdf HTTP/1.1" 200 70925
66.249.79.103 - - [12/Oct/2014:02:48:24 -0500] "GET /POT-2013/Cartografia/13_Est_Ordenam_D.pdf HTTP/1.1" 200 6417967
66.249.79.67 - - [12/Oct/2014:02:48:41 -0500] "GET /BLA/resoluciones/AUTOS%202012/737.pdf HTTP/1.1" 404 1018
66.249.79.119 - - [12/Oct/2014:02:48:53 -0500] "GET /POT-2013/Cartografia/10_EEP_Urbana.pdf HTTP/1.1" 304 -
66.249.79.119 - - [12/Oct/2014:02:49:00 -0500] "GET /manual_funciones_Listado/index.php?dir=2.3.%20Direcci%F3n%20de%20Gesti%F3n%20Ambiental/&sort=size&order=desc HTTP/1.1" 404 1019
186.28.199.176 - - [12/Oct/2014:02:49:38 -0500] "POST /forms/lservlet;jsessionid=ac16012b30d50bf03f65bf974da78a0fb2cb57f279e0.e3iSbxaKaheRe34Sa3yKbhiTahb0n6jAmljGr5XDqQLvpAe HTTP/1.1" 200 2
74.86.158.107 - - [12/Oct/2014:02:49:50 -0500] "HEAD / HTTP/1.1" 302 -
66.249.79.83 - - [12/Oct/2014:02:49:53 -0500] "GET /BLA/resoluciones/RESOLUCIONES%202004/RES%202004%201151-1200/00001181.tif HTTP/1.1" 200 197442
180.76.5.18 - - [12/Oct/2014:02:50:10 -0500] "GET /BLA/resoluciones/RESOLUCIONES%202009/2961.pdf HTTP/1.1" 200 397352
66.249.79.103 - - [12/Oct/2014:02:50:11 -0500] "GET /BLA/boletinlegal/jurisprudencia/analisis/CUADRO%20SENTENCIA%20T-299%20DE%202008.doc HTTP/1.1" 304 -
66.249.79.111 - - [12/Oct/2014:02:50:19 -0500] "GET /POT-2013/index.php?dir=DTS%2F HTTP/1.1" 200 1771
66.249.79.67 - - [12/Oct/2014:02:50:25 -0500] "GET /portel_dama/libreria/xls/tramites/rhidrico/flo12.pdf HTTP/1.1" 404 1018
66.249.79.67 - - [12/Oct/2014:02:50:35 -0500] "GET /BLA/resoluciones/AUTOS%202011/0905.pdf HTTP/1.1" 200 148855
66.249.79.67 - - [12/Oct/2014:02:50:38 -0500] "GET /BLA/resoluciones/RESOLUCIONES%202009/1531.pdf HTTP/1.1" 200 810079
207.46.13.132 - - [12/Oct/2014:02:50:44 -0500] "GET /robots.txt HTTP/1.1" 404 1018
207.46.13.132 - - [12/Oct/2014:02:50:44 -0500] "GET /robots.txt HTTP/1.1" 404 1018
207.46.13.132 - - [12/Oct/2014:02:50:44 -0500] "GET /robots.txt HTTP/1.1" 404 1018
207.46.13.132 - - [12/Oct/2014:02:50:46 -0500] "GET /BLA/boletinlegal/js/jquery.js HTTP/1.1" 200 57254
66.249.79.67 - - [12/Oct/2014:02:50:51 -0500] "GET /BLA/resoluciones/RESOLUCIONES%202010/6698.pdf HTTP/1.1" 200 769483
66.249.79.83 - - [12/Oct/2014:02:50:54 -0500] "GET /BLA/resoluciones/RESOLUCIONES%202009/3410.pdf HTTP/1.1" 200 476957
66.249.79.75 - - [12/Oct/2014:02:51:06 -0500] "GET /BLA/resoluciones/RESOLUCIONES%202010/1617.pdf HTTP/1.1" 200 729859
66.249.79.67 - - [12/Oct/2014:02:51:24 -0500] "GET /BLA/resoluciones/RESOLUCIONES%202009/2013.pdf HTTP/1.1" 200 684062
66.249.79.83 - - [12/Oct/2014:02:51:27 -0500] "GET /BLA/resoluciones/AUTOS%202011/0168.pdf HTTP/1.1" 200 215201
186.28.199.176 - - [12/Oct/2014:02:51:38 -0500] "POST /forms/lservlet;jsessionid=ac16012b30d50bf03f65bf974da78a0fb2cb57f279e0.e3iSbxaKaheRe34Sa3yKbhiTahb0n6jAmljGr5XDqQLvpAe HTTP/1.1" 200 2
66.249.79.75 - - [12/Oct/2014:02:51:42 -0500] "GET /BLA/resoluciones/RESOLUCIONES%202009/6548.pdf HTTP/1.1" 200 436237
66.249.79.67 - - [12/Oct/2014:02:51:55 -0500] "GET /BLA/resoluciones/AUTOS%202012/0096.pdf HTTP/1.1" 304 -
66.249.79.75 - - [12/Oct/2014:02:52:00 -0500] "GET /BLA/resoluciones/RESOLUCIONES%202004/RES%202004%2051-100/00000097.tif HTTP/1.1" 200 102338
66.249.79.103 - - [12/Oct/2014:02:52:15 -0500] "GET /POT-2013/Cartografia/15_Sistema%20de%20Movilidad%20_Secciones%20Viales_Circuitos_movilida.pdf HTTP/1.1" 200 4830571
180.76.6.230 - - [12/Oct/2014:02:52:22 -0500] "GET /BLA/resoluciones/RESOLUCIONES%202009/2074.pdf HTTP/1.1" 200 444472
180.76.5.155 - - [12/Oct/2014:02:52:52 -0500] "GET /BLA/resoluciones/RESOLUCIONES%202009/0206.pdf HTTP/1.1" 200 245375
66.249.79.83 - - [12/Oct/2014:02:53:30 -0500] "GET /BLA/resoluciones/RESOLUCIONES%202007/RES%202007%203401%20AL%203500/RESOLUCION%203424%20DE%202007.pdf HTTP/1.1" 304 -
186.28.199.176 - - [12/Oct/2014:02:53:38 -0500] "POST /forms/lservlet;jsessionid=ac16012b30d50bf03f65bf974da78a0fb2cb57f279e0.e3iSbxaKaheRe34Sa3yKbhiTahb0n6jAmljGr5XDqQLvpAe HTTP/1.1" 200 2
157.55.39.39 - - [12/Oct/2014:02:53:39 -0500] "GET /videos/galeria-fotografica/js/jquery-flickr-gallery/jquery-flickr.css HTTP/1.1" 200 711
157.55.39.39 - - [12/Oct/2014:02:53:39 -0500] "GET /BLA/boletinlegal/js/jquery.scrollTo-min.js HTTP/1.1" 200 1150
66.249.79.119 - - [12/Oct/2014:02:53:40 -0500] "GET /manual_funciones_Listado/index.php?dir=2.3.2.%20Subdirecci%F3n%20de%20Ecosistemas%20y%20Ruralidad/&sort=name&order=desc HTTP/1.1" 404 1019
66.249.79.83 - - [12/Oct/2014:02:54:11 -0500] "GET /BLA/resoluciones/RESOLUCIONES%202004/RES%202004%201151-1200/00001156.tif HTTP/1.1" 200 203298
74.86.158.107 - - [12/Oct/2014:02:54:50 -0500] "HEAD / HTTP/1.1" 302 -
66.249.79.83 - - [12/Oct/2014:02:54:55 -0500] "GET /autoliquidacion/Solicitud%20de%20Licencia%20Ambiental/APLICATIVO%20LIQUIDACI%C3%93N%20SERVICIO%20EVALUACI%C3%93N%20TR%C3%81MITES%20SRHS.xlsx HTTP/1.1" 404 1018
66.249.79.83 - - [12/Oct/2014:02:55:29 -0500] "GET /BLA/resoluciones/RESOLUCIONES%202008/4626.pdf HTTP/1.1" 200 784374
66.249.79.119 - - [12/Oct/2014:02:55:36 -0500] "GET /POT-2013/Cartografia/14_Sistema%20de%20Movilidad_Subsistema%20Vial_FEB.pdf HTTP/1.1" 304 -
186.28.199.176 - - [12/Oct/2014:02:55:38 -0500] "POST /forms/lservlet;jsessionid=ac16012b30d50bf03f65bf974da78a0fb2cb57f279e0.e3iSbxaKaheRe34Sa3yKbhiTahb0n6jAmljGr5XDqQLvpAe HTTP/1.1" 200 2
66.249.79.75 - - [12/Oct/2014:02:55:44 -0500] "GET /BLA/resoluciones/RESOLUCIONES%202009/5940.pdf HTTP/1.1" 200 527317
66.249.79.103 - - [12/Oct/2014:02:56:05 -0500] "GET /POT-2013/Cartografia/26_Espacio_Publico_2013_V1.pdf HTTP/1.1" 304 -
66.249.79.83 - - [12/Oct/2014:02:56:12 -0500] "GET /autoliquidacion/index.php?dir=TR%C1MITES%20ACEITES-RESIDUOS-ESTACIONES/REGISTRO%20COMO%20ACOPIADOR%20PRIMARIO/&sort=size&order=asc HTTP/1.1" 200 3288
66.249.79.67 - - [12/Oct/2014:02:56:32 -0500] "GET /BLA/resoluciones/AUTOS%202011/0886.pdf HTTP/1.1" 200 96381
180.76.6.60 - - [12/Oct/2014:02:56:49 -0500] "GET /BLA/resoluciones/index.php?dir=RESOLUCIONES%202006/RES%202006%20951-1000/&sort=size&order=asc HTTP/1.1" 200 12308
66.249.79.119 - - [12/Oct/2014:02:57:32 -0500] "GET /POT-2013/Cartografia/19_Sistema%20de%20Acueducto_FEB.pdf HTTP/1.1" 304 -
66.249.79.67 - - [12/Oct/2014:02:57:38 -0500] "GET /BLA/resoluciones/AUTOS%202008/0472.pdf HTTP/1.1" 200 179552
186.28.199.176 - - [12/Oct/2014:02:57:39 -0500] "POST /forms/lservlet;jsessionid=ac16012b30d50bf03f65bf974da78a0fb2cb57f279e0.e3iSbxaKaheRe34Sa3yKbhiTahb0n6jAmljGr5XDqQLvpAe HTTP/1.1" 200 2
181.136.146.137 - - [12/Oct/2014:02:57:59 -0500] "GET /BLA/boletinlegal/js/jquery.js HTTP/1.1" 200 57254
181.136.146.137 - - [12/Oct/2014:02:57:59 -0500] "GET /BLA/boletinlegal/js/jquery.scrollTo-min.js HTTP/1.1" 200 1150
181.136.146.137 - - [12/Oct/2014:02:57:59 -0500] "GET /BLA/boletinlegal/js/jquery.scrollShow.js HTTP/1.1" 200 4586
181.136.146.137 - - [12/Oct/2014:02:57:59 -0500] "GET /galeria/carrusel/Carrusel/jquery.thumbnailScroller.css HTTP/1.1" 200 2066
181.136.146.137 - - [12/Oct/2014:02:57:59 -0500] "GET /galeria/carrusel/Carrusel/jquery-ui-1.8.13.custom.min.js HTTP/1.1" 200 10800
181.136.146.137 - - [12/Oct/2014:02:57:59 -0500] "GET /galeria/carrusel/Carrusel/jquery.thumbnailScroller.js HTTP/1.1" 200 8157
181.136.146.137 - - [12/Oct/2014:02:58:02 -0500] "GET /galeria/nivo-slider/demo/demo.html HTTP/1.1" 200 3315
181.136.146.137 - - [12/Oct/2014:02:58:02 -0500] "GET /galeria/nivo-slider/themes/default/default.css HTTP/1.1" 200 1569
181.136.146.137 - - [12/Oct/2014:02:58:02 -0500] "GET /galeria/nivo-slider/nivo-slider.css HTTP/1.1" 200 1507
181.136.146.137 - - [12/Oct/2014:02:58:02 -0500] "GET /galeria/nivo-slider/themes/pascal/pascal.css HTTP/1.1" 200 2258
181.136.146.137 - - [12/Oct/2014:02:58:02 -0500] "GET /galeria/nivo-slider/demo/style.css HTTP/1.1" 200 2222
181.136.146.137 - - [12/Oct/2014:02:58:02 -0500] "GET /galeria/nivo-slider/themes/orman/orman.css HTTP/1.1" 200 2152
181.136.146.137 - - [12/Oct/2014:02:58:02 -0500] "GET /galeria/nivo-slider/demo/images/EncuentroAgua1.jpg HTTP/1.1" 200 274179
181.136.146.137 - - [12/Oct/2014:02:58:02 -0500] "GET /galeria/nivo-slider/demo/images/banner-Animal.jpg HTTP/1.1" 200 257223
181.136.146.137 - - [12/Oct/2014:02:58:02 -0500] "GET /galeria/nivo-slider/demo/images/Tingua-azul.jpg HTTP/1.1" 200 307638
181.136.146.137 - - [12/Oct/2014:02:58:02 -0500] "GET /galeria/nivo-slider/demo/images/Banner-Caracol-Africano.jpg HTTP/1.1" 200 331986
181.136.146.137 - - [12/Oct/2014:02:58:02 -0500] "GET /galeria/nivo-slider/demo/images/9Signos.jpg HTTP/1.1" 200 93040
181.136.146.137 - - [12/Oct/2014:02:58:02 -0500] "GET /galeria/nivo-slider/demo/images/banner-encuesta.jpg HTTP/1.1" 200 42764
181.136.146.137 - - [12/Oct/2014:02:58:03 -0500] "GET /galeria/nivo-slider/demo/images/banner-llantas2.jpg HTTP/1.1" 200 73153
181.136.146.137 - - [12/Oct/2014:02:58:03 -0500] "GET /galeria/nivo-slider/demo/images/banner-caballos.png HTTP/1.1" 200 389106
181.136.146.137 - - [12/Oct/2014:02:58:03 -0500] "GET /galeria/nivo-slider/demo/images/ConstructorasFNL.jpg HTTP/1.1" 200 216551
181.136.146.137 - - [12/Oct/2014:02:58:05 -0500] "GET /galeria/nivo-slider/demo/images/Hacienda_Molinos.jpg HTTP/1.1" 200 319171
181.136.146.137 - - [12/Oct/2014:02:58:06 -0500] "GET /galeria/nivo-slider/demo/images/bannerEcolecta3.jpg HTTP/1.1" 200 280034
181.136.146.137 - - [12/Oct/2014:02:58:07 -0500] "GET /galeria/nivo-slider/demo/scripts/jquery-1.7.1.min.js HTTP/1.1" 200 93868
181.136.146.137 - - [12/Oct/2014:02:58:07 -0500] "GET /galeria/nivo-slider/jquery.nivo.slider.pack.js HTTP/1.1" 200 11561
181.136.146.137 - - [12/Oct/2014:02:58:08 -0500] "GET /galeria/nivo-slider/demo/images/4Simple_Slider.png HTTP/1.1" 200 11722
181.136.146.137 - - [12/Oct/2014:02:58:08 -0500] "GET /galeria/nivo-slider/themes/default/loading.gif HTTP/1.1" 200 1737
181.136.146.137 - - [12/Oct/2014:02:58:14 -0500] "GET /galeria/nivo-slider/themes/default/arrows.png HTTP/1.1" 200 824
181.136.146.137 - - [12/Oct/2014:02:58:15 -0500] "GET /galeria/nivo-slider/themes/default/bullets.png HTTP/1.1" 200 1281
66.249.79.67 - - [12/Oct/2014:02:58:36 -0500] "GET /BLA/resoluciones/RESOLUCIONES%202008/1138.pdf HTTP/1.1" 200 788513
66.249.79.83 - - [12/Oct/2014:02:58:45 -0500] "GET /BLA/resoluciones/RESOLUCIONES%202009/6831.pdf HTTP/1.1" 200 617315
66.249.79.83 - - [12/Oct/2014:02:58:54 -0500] "GET /BLA/resoluciones/RESOLUCIONES%202004/RES%202004%201151-1200/00001154.tif HTTP/1.1" 200 183628
66.249.79.75 - - [12/Oct/2014:02:59:22 -0500] "GET /BLA/resoluciones/RESOLUCIONES%202008/2863.pdf HTTP/1.1" 200 308819
186.28.199.176 - - [12/Oct/2014:02:59:39 -0500] "POST /forms/lservlet;jsessionid=ac16012b30d50bf03f65bf974da78a0fb2cb57f279e0.e3iSbxaKaheRe34Sa3yKbhiTahb0n6jAmljGr5XDqQLvpAe HTTP/1.1" 200 2
74.86.158.107 - - [12/Oct/2014:02:59:50 -0500] "HEAD / HTTP/1.1" 302 -
66.249.79.83 - - [12/Oct/2014:03:00:14 -0500] "GET /BLA/resoluciones/RESOLUCIONES%202008/4327.pdf HTTP/1.1" 200 810648
66.249.79.111 - - [12/Oct/2014:03:00:26 -0500] "GET /POT-2013/Cartografia/07_Incendios_V1_2013.pdf HTTP/1.1" 304 -
66.249.79.103 - - [12/Oct/2014:03:00:32 -0500] "GET /manual_funciones_Listado/index.php?dir=1.2.%20Oficina%20Participaci%F3n,%20Educacion%20y%20Localidades/&sort=size&order=asc HTTP/1.1" 404 1019
66.249.79.75 - - [12/Oct/2014:03:00:55 -0500] "GET /BLA/resoluciones/RESOLUCIONES%202007/RES%202007%202301%20AL%202400/RESOLUCION%202343%20DE%202007.pdf HTTP/1.1" 304 -
66.249.79.67 - - [12/Oct/2014:03:01:07 -0500] "GET /BLA/resoluciones/RESOLUCIONES%202011/3470.pdf HTTP/1.1" 200 540274
66.249.79.75 - - [12/Oct/2014:03:01:23 -0500] "GET /BLA/resoluciones/RESOLUCIONES%202009/7212.pdf HTTP/1.1" 200 710032
186.28.199.176 - - [12/Oct/2014:03:01:39 -0500] "POST /forms/lservlet;jsessionid=ac16012b30d50bf03f65bf974da78a0fb2cb57f279e0.e3iSbxaKaheRe34Sa3yKbhiTahb0n6jAmljGr5XDqQLvpAe HTTP/1.1" 200 2
66.249.79.83 - - [12/Oct/2014:03:01:58 -0500] "GET /BLA/resoluciones/AUTOS%202014/0874.pdf HTTP/1.1" 200 1559105
66.249.79.67 - - [12/Oct/2014:03:02:45 -0500] "GET /BLA/resoluciones/RESOLUCIONES%202008/5487.pdf HTTP/1.1" 200 43968
66.249.79.83 - - [12/Oct/2014:03:02:50 -0500] "GET /BLA/resoluciones/RESOLUCIONES%202007/RES%202007%202601%20AL%202700/RESOLUCION%202700%20DE%202007.pdf HTTP/1.1" 200 165710
66.249.79.67 - - [12/Oct/2014:03:03:19 -0500] "GET /BLA/resoluciones/AUTOS%202012/2528.pdf HTTP/1.1" 200 1790246
66.249.79.83 - - [12/Oct/2014:03:03:30 -0500] "GET /BLA/resoluciones/AUTOS%202009/1253.pdf HTTP/1.1" 304 -
66.249.79.75 - - [12/Oct/2014:03:03:34 -0500] "GET /BLA/resoluciones/RESOLUCIONES%202003/RES%202003%20451-500/484.tif HTTP/1.1" 200 114768
186.28.199.176 - - [12/Oct/2014:03:03:39 -0500] "POST /forms/lservlet;jsessionid=ac16012b30d50bf03f65bf974da78a0fb2cb57f279e0.e3iSbxaKaheRe34Sa3yKbhiTahb0n6jAmljGr5XDqQLvpAe HTTP/1.1" 200 2
180.76.6.147 - - [12/Oct/2014:03:03:45 -0500] "GET /Autoliquidacion/index.php?dir=TR%C1MITES+VERTIMIENTOS%2FREGISTRO+DE+VERTIMIENTOS%2F HTTP/1.1" 200 2634
66.249.79.83 - - [12/Oct/2014:03:03:48 -0500] "GET /BLA/resoluciones/RESOLUCIONES%202011/0218.pdf HTTP/1.1" 200 268552
66.249.79.67 - - [12/Oct/2014:03:04:17 -0500] "GET /BLA/resoluciones/AUTOS%202010/0557.pdf HTTP/1.1" 200 251047
180.76.5.155 - - [12/Oct/2014:03:04:24 -0500] "GET /BLA/resoluciones/AUTOS%202011/4193.pdf HTTP/1.1" 200 174205
66.249.79.67 - - [12/Oct/2014:03:04:32 -0500] "GET /BLA/resoluciones/RESOLUCIONES%202009/2840.pdf HTTP/1.1" 200 657380
66.249.79.75 - - [12/Oct/2014:03:04:46 -0500] "GET /BLA/resoluciones/AUTOS%202011/2066.pdf HTTP/1.1" 200 206577
66.249.79.75 - - [12/Oct/2014:03:04:49 -0500] "GET /BLA/resoluciones/RESOLUCIONES%202009/0788.pdf HTTP/1.1" 200 234905
74.86.158.107 - - [12/Oct/2014:03:04:50 -0500] "HEAD / HTTP/1.1" 302 -
