190.25.53.130 - - [12/Oct/2014:13:22:57 -0500] "GET /forest/actions/forms.getItemList?codForm=VERIFICARINFORMACION&id=TIPTER475&value=2&a=0.9178003083968261 HTTP/1.1" 200 43
190.27.59.40 - - [12/Oct/2014:13:23:20 -0500] "GET /BLA/boletinlegal/js/jquery.js HTTP/1.1" 200 57254
190.27.59.40 - - [12/Oct/2014:13:23:20 -0500] "GET /BLA/boletinlegal/js/jquery.scrollTo-min.js HTTP/1.1" 200 1150
190.27.59.40 - - [12/Oct/2014:13:23:20 -0500] "GET /BLA/boletinlegal/js/jquery.scrollShow.js HTTP/1.1" 200 4586
186.144.252.190 - - [12/Oct/2014:13:23:22 -0500] "POST /forms/lservlet;jsessionid=ac16012b30d5b3a43a3d72a74a52af87cbc6b1534f72.e3iSbxaKaheRe34Sa3yKbhiTahb0n6jAmljGr5XDqQLvpAe HTTP/1.1" 200 2
190.25.53.130 - - [12/Oct/2014:13:23:26 -0500] "GET /forest/skins/gdocs-jar/css/autocomplete.css?version=1408.271930 HTTP/1.1" 304 -
190.25.53.130 - - [12/Oct/2014:13:23:26 -0500] "GET /forest/css/escritorio.css?version=1408.271930 HTTP/1.1" 304 -
190.25.53.130 - - [12/Oct/2014:13:23:26 -0500] "GET /forest/css/index.css?version=1408.271930 HTTP/1.1" 304 -
190.25.53.130 - - [12/Oct/2014:13:23:26 -0500] "GET /forest/skins/gdocs-jar/css/forest.css?version=1408.271930 HTTP/1.1" 304 -
190.25.53.130 - - [12/Oct/2014:13:23:26 -0500] "GET /forest/skins/gdocs-jar/css/menu.css?version=1408.271930 HTTP/1.1" 304 -
190.25.53.130 - - [12/Oct/2014:13:23:26 -0500] "GET /forest/1ibre/jscalendar/calendar-win2k-1.css?version=1408.271930 HTTP/1.1" 304 -
190.25.53.130 - - [12/Oct/2014:13:23:26 -0500] "GET /forest/skins/gdocs-jar/css/dialog.css?version=1408.271930 HTTP/1.1" 304 -
190.25.53.130 - - [12/Oct/2014:13:23:26 -0500] "GET /forest/skins/gdocs-jar/css/forms.css?version=1408.271930 HTTP/1.1" 304 -
190.25.53.130 - - [12/Oct/2014:13:23:26 -0500] "GET /forest/img/forestIcon.gif?version=1408.271930 HTTP/1.1" 304 -
190.25.53.130 - - [12/Oct/2014:13:23:26 -0500] "GET /forest/skins/gdocs-jar/js/popup.js?version=1408.271930 HTTP/1.1" 304 -
190.25.53.130 - - [12/Oct/2014:13:23:26 -0500] "GET /forest/skins/gdocs-jar/js/documentos.js?version=1408.271930 HTTP/1.1" 304 -
190.25.53.130 - - [12/Oct/2014:13:23:25 -0500] "GET /forest/usudocumentos.do?_a=0.7560170627040906&group_system_actual=3 HTTP/1.1" 200 91159
190.25.53.130 - - [12/Oct/2014:13:23:26 -0500] "GET /forest/skins/gdocs-jar/js/grid.js?version=1408.271930 HTTP/1.1" 304 -
190.25.53.130 - - [12/Oct/2014:13:23:28 -0500] "GET /forest/session.jsp?a=0.3383465532296994 HTTP/1.1" 200 4
66.249.79.103 - - [12/Oct/2014:13:23:30 -0500] "GET /PORTAL_SIAC/swf/slide8.swf HTTP/1.1" 200 374463
190.25.53.130 - - [12/Oct/2014:13:23:37 -0500] "GET /forest/skins/gdocs-jar/popup/escritorio/asociardoc.jsp?numpro=2931364&a=0.23730727778951233 HTTP/1.1" 200 4866
66.249.79.67 - - [12/Oct/2014:13:23:47 -0500] "GET /BLA/resoluciones/RESOLUCIONES%202007/RES%202007%202501%20AL%202600/RESOLUCION%202551%20DE%202007.pdf HTTP/1.1" 200 687086
190.25.53.130 - - [12/Oct/2014:13:23:57 -0500] "GET /forest/json.do?query=documento&numrad=2014ER72595&a=0.8957062780917936 HTTP/1.1" 200 1553
190.25.53.130 - - [12/Oct/2014:13:23:58 -0500] "POST /forest/usudocumentos.do?group_system_actual=3 HTTP/1.1" 200 185
190.25.53.130 - - [12/Oct/2014:13:24:01 -0500] "GET /forest/css/escritorio.css?version=1408.271930 HTTP/1.1" 304 -
190.25.53.130 - - [12/Oct/2014:13:24:01 -0500] "GET /forest/skins/gdocs-jar/css/forest.css?version=1408.271930 HTTP/1.1" 304 -
190.25.53.130 - - [12/Oct/2014:13:24:01 -0500] "GET /forest/css/index.css?version=1408.271930 HTTP/1.1" 304 -
190.25.53.130 - - [12/Oct/2014:13:24:01 -0500] "GET /forest/skins/gdocs-jar/css/menu.css?version=1408.271930 HTTP/1.1" 304 -
190.25.53.130 - - [12/Oct/2014:13:24:01 -0500] "GET /forest/skins/gdocs-jar/css/autocomplete.css?version=1408.271930 HTTP/1.1" 304 -
190.25.53.130 - - [12/Oct/2014:13:24:02 -0500] "GET /forest/1ibre/jscalendar/calendar-win2k-1.css?version=1408.271930 HTTP/1.1" 304 -
190.25.53.130 - - [12/Oct/2014:13:24:02 -0500] "GET /forest/skins/gdocs-jar/css/dialog.css?version=1408.271930 HTTP/1.1" 304 -
190.25.53.130 - - [12/Oct/2014:13:24:02 -0500] "GET /forest/skins/gdocs-jar/css/forms.css?version=1408.271930 HTTP/1.1" 304 -
190.25.53.130 - - [12/Oct/2014:13:24:02 -0500] "GET /forest/img/forestIcon.gif?version=1408.271930 HTTP/1.1" 304 -
100.43.85.25 - - [12/Oct/2014:13:24:03 -0500] "GET /formasII/lop_old.xls HTTP/1.1" 404 1019
190.25.53.130 - - [12/Oct/2014:13:24:03 -0500] "GET /forest/skins/gdocs-jar/js/documentos.js?version=1408.271930 HTTP/1.1" 304 -
190.25.53.130 - - [12/Oct/2014:13:24:03 -0500] "GET /forest/skins/gdocs-jar/js/popup.js?version=1408.271930 HTTP/1.1" 304 -
190.25.53.130 - - [12/Oct/2014:13:24:04 -0500] "GET /forest/skins/gdocs-jar/js/grid.js?version=1408.271930 HTTP/1.1" 304 -
190.25.53.130 - - [12/Oct/2014:13:24:01 -0500] "GET /forest/usudocumentos.do?group_system_actual=3&a=0.3577429836099695 HTTP/1.1" 200 101346
190.25.53.130 - - [12/Oct/2014:13:24:07 -0500] "GET /forest/session.jsp?a=0.405834360299538 HTTP/1.1" 200 4
186.85.10.122 - - [12/Oct/2014:13:24:09 -0500] "GET /BLA/boletinlegal/js/jquery.js HTTP/1.1" 200 57254
186.85.10.122 - - [12/Oct/2014:13:24:09 -0500] "GET /BLA/boletinlegal/js/jquery.scrollTo-min.js HTTP/1.1" 200 1150
186.85.10.122 - - [12/Oct/2014:13:24:09 -0500] "GET /BLA/boletinlegal/js/jquery.scrollShow.js HTTP/1.1" 200 4586
186.85.10.122 - - [12/Oct/2014:13:24:09 -0500] "GET /galeria/carrusel/Carrusel/jquery.thumbnailScroller.css HTTP/1.1" 200 2066
186.85.10.122 - - [12/Oct/2014:13:24:09 -0500] "GET /galeria/carrusel/Carrusel/jquery-ui-1.8.13.custom.min.js HTTP/1.1" 200 10800
186.85.10.122 - - [12/Oct/2014:13:24:10 -0500] "GET /galeria/carrusel/Carrusel/jquery.thumbnailScroller.js HTTP/1.1" 200 8157
186.85.10.122 - - [12/Oct/2014:13:24:12 -0500] "GET /galeria/nivo-slider/demo/demo.html HTTP/1.1" 200 3315
186.85.10.122 - - [12/Oct/2014:13:24:12 -0500] "GET /galeria/nivo-slider/themes/pascal/pascal.css HTTP/1.1" 200 2258
186.85.10.122 - - [12/Oct/2014:13:24:12 -0500] "GET /galeria/nivo-slider/themes/orman/orman.css HTTP/1.1" 200 2152
186.85.10.122 - - [12/Oct/2014:13:24:12 -0500] "GET /galeria/nivo-slider/themes/default/default.css HTTP/1.1" 200 1569
186.85.10.122 - - [12/Oct/2014:13:24:12 -0500] "GET /galeria/nivo-slider/nivo-slider.css HTTP/1.1" 200 1507
186.85.10.122 - - [12/Oct/2014:13:24:12 -0500] "GET /galeria/nivo-slider/demo/scripts/jquery-1.7.1.min.js HTTP/1.1" 200 93868
186.85.10.122 - - [12/Oct/2014:13:24:12 -0500] "GET /galeria/nivo-slider/demo/style.css HTTP/1.1" 200 2222
186.85.10.122 - - [12/Oct/2014:13:24:12 -0500] "GET /galeria/nivo-slider/demo/images/EncuentroAgua1.jpg HTTP/1.1" 200 274179
186.85.10.122 - - [12/Oct/2014:13:24:12 -0500] "GET /galeria/nivo-slider/jquery.nivo.slider.pack.js HTTP/1.1" 200 11561
186.85.10.122 - - [12/Oct/2014:13:24:12 -0500] "GET /galeria/nivo-slider/demo/images/banner-Animal.jpg HTTP/1.1" 200 257223
186.85.10.122 - - [12/Oct/2014:13:24:12 -0500] "GET /galeria/nivo-slider/demo/images/Tingua-azul.jpg HTTP/1.1" 200 307638
186.85.10.122 - - [12/Oct/2014:13:24:12 -0500] "GET /galeria/nivo-slider/demo/images/Banner-Caracol-Africano.jpg HTTP/1.1" 200 331986
186.85.10.122 - - [12/Oct/2014:13:24:12 -0500] "GET /galeria/nivo-slider/demo/images/9Signos.jpg HTTP/1.1" 200 93040
186.85.10.122 - - [12/Oct/2014:13:24:12 -0500] "GET /galeria/nivo-slider/demo/images/4Simple_Slider.png HTTP/1.1" 200 11722
186.85.10.122 - - [12/Oct/2014:13:24:13 -0500] "GET /galeria/nivo-slider/demo/images/banner-encuesta.jpg HTTP/1.1" 200 42764
186.85.10.122 - - [12/Oct/2014:13:24:13 -0500] "GET /galeria/nivo-slider/themes/default/loading.gif HTTP/1.1" 200 1737
186.85.10.122 - - [12/Oct/2014:13:24:13 -0500] "GET /galeria/nivo-slider/demo/images/banner-llantas2.jpg HTTP/1.1" 200 73153
186.85.10.122 - - [12/Oct/2014:13:24:13 -0500] "GET /galeria/nivo-slider/demo/images/banner-caballos.png HTTP/1.1" 200 389106
186.85.10.122 - - [12/Oct/2014:13:24:14 -0500] "GET /galeria/nivo-slider/demo/images/ConstructorasFNL.jpg HTTP/1.1" 200 216551
186.85.10.122 - - [12/Oct/2014:13:24:15 -0500] "GET /galeria/nivo-slider/demo/images/Hacienda_Molinos.jpg HTTP/1.1" 200 319171
190.25.53.130 - - [12/Oct/2014:13:24:15 -0500] "GET /forest/skins/gdocs-jar/css/forest.css?version=1408.271930 HTTP/1.1" 304 -
190.25.53.130 - - [12/Oct/2014:13:24:15 -0500] "GET /forest/css/escritorio.css?version=1408.271930 HTTP/1.1" 304 -
186.85.10.122 - - [12/Oct/2014:13:24:15 -0500] "GET /galeria/nivo-slider/demo/images/bannerEcolecta3.jpg HTTP/1.1" 200 280034
190.25.53.130 - - [12/Oct/2014:13:24:15 -0500] "GET /forest/css/index.css?version=1408.271930 HTTP/1.1" 304 -
190.25.53.130 - - [12/Oct/2014:13:24:15 -0500] "GET /forest/skins/gdocs-jar/css/menu.css?version=1408.271930 HTTP/1.1" 304 -
190.25.53.130 - - [12/Oct/2014:13:24:15 -0500] "GET /forest/skins/gdocs-jar/css/autocomplete.css?version=1408.271930 HTTP/1.1" 304 -
190.25.53.130 - - [12/Oct/2014:13:24:15 -0500] "GET /forest/1ibre/jscalendar/calendar-win2k-1.css?version=1408.271930 HTTP/1.1" 304 -
190.25.53.130 - - [12/Oct/2014:13:24:15 -0500] "GET /forest/skins/gdocs-jar/css/dialog.css?version=1408.271930 HTTP/1.1" 304 -
190.25.53.130 - - [12/Oct/2014:13:24:15 -0500] "GET /forest/skins/gdocs-jar/css/forms.css?version=1408.271930 HTTP/1.1" 304 -
190.25.53.130 - - [12/Oct/2014:13:24:15 -0500] "GET /forest/img/forestIcon.gif?version=1408.271930 HTTP/1.1" 304 -
190.25.53.130 - - [12/Oct/2014:13:24:16 -0500] "GET /forest/skins/gdocs-jar/js/tareas.js?version=1408.271930 HTTP/1.1" 304 -
190.25.53.130 - - [12/Oct/2014:13:24:16 -0500] "GET /forest/skins/gdocs-jar/js/autocompletar2.js?version=1408.271930 HTTP/1.1" 304 -
190.25.53.130 - - [12/Oct/2014:13:24:16 -0500] "GET /forest/skins/gdocs-jar/js/xml_utilities.js?version=1408.271930 HTTP/1.1" 304 -
190.25.53.130 - - [12/Oct/2014:13:24:16 -0500] "GET /forest/skins/gdocs-jar/js/number-functions.js?version=1408.271930 HTTP/1.1" 304 -
190.25.53.130 - - [12/Oct/2014:13:24:16 -0500] "GET /forest/skins/gdocs-jar/js/formsBase.js?version=1408.271930 HTTP/1.1" 304 -
190.25.53.130 - - [12/Oct/2014:13:24:16 -0500] "GET /forest/skins/gdocs-jar/js/swfobject.js?version=1408.271930 HTTP/1.1" 304 -
190.25.53.130 - - [12/Oct/2014:13:24:16 -0500] "GET /forest/skins/gdocs-jar/js/graphicForm.js?version=1408.271930 HTTP/1.1" 304 -
186.85.10.122 - - [12/Oct/2014:13:24:17 -0500] "GET /videos/Spot_Tinguas.flv HTTP/1.1" 200 2087054
186.85.10.122 - - [12/Oct/2014:13:24:17 -0500] "GET /galeria/nivo-slider/themes/default/arrows.png HTTP/1.1" 200 824
186.85.10.122 - - [12/Oct/2014:13:24:17 -0500] "GET /galeria/nivo-slider/themes/default/bullets.png HTTP/1.1" 200 1281
190.25.53.130 - - [12/Oct/2014:13:24:14 -0500] "GET /forest/usutareas.do?_a=0.8845432075275442&group_system_actual=3 HTTP/1.1" 200 307595
190.25.53.130 - - [12/Oct/2014:13:24:19 -0500] "GET /forest/session.jsp?a=0.8438067521007192 HTTP/1.1" 200 4
190.25.53.130 - - [12/Oct/2014:13:24:19 -0500] "GET /forest/actions/forms.getMappedValues?id=tercero319&value=900702981-8&codForm=VERIFICARINFORMACION&a=0.4463073481469154 HTTP/1.1" 200 147
190.25.53.130 - - [12/Oct/2014:13:24:20 -0500] "GET /forest/actions/forms.getItemList?codForm=VERIFICARINFORMACION&id=TIPTER475&value=2&a=0.13249455600108928 HTTP/1.1" 200 43
181.50.241.109 - - [12/Oct/2014:13:24:22 -0500] "POST /forms/lservlet;jsessionid=ac16012b30d550ac9d288d6b4352aeeffbc10323bbfe.e3iSbxaKaheRe34Sa3yKbhiTahb0n6jAmljGr5XDqQLvpAe HTTP/1.1" 200 2
66.249.79.75 - - [12/Oct/2014:13:25:13 -0500] "GET /BLA/resoluciones/AUTOS%202011/3225.pdf HTTP/1.1" 304 -
66.249.79.67 - - [12/Oct/2014:13:25:14 -0500] "GET /BLA/resoluciones/RESOLUCIONES%202004/RES%202004%201151-1200/00001184.tif HTTP/1.1" 200 203128
186.144.252.190 - - [12/Oct/2014:13:25:24 -0500] "POST /forms/lservlet;jsessionid=ac16012b30d5b3a43a3d72a74a52af87cbc6b1534f72.e3iSbxaKaheRe34Sa3yKbhiTahb0n6jAmljGr5XDqQLvpAe HTTP/1.1" 200 2
66.249.79.67 - - [12/Oct/2014:13:25:58 -0500] "GET /BLA/resoluciones/RESOLUCIONES%202009/5359.pdf HTTP/1.1" 200 832252
181.50.241.109 - - [12/Oct/2014:13:26:22 -0500] "POST /forms/lservlet;jsessionid=ac16012b30d550ac9d288d6b4352aeeffbc10323bbfe.e3iSbxaKaheRe34Sa3yKbhiTahb0n6jAmljGr5XDqQLvpAe HTTP/1.1" 200 2
74.86.158.107 - - [12/Oct/2014:13:26:31 -0500] "HEAD / HTTP/1.1" 302 -
66.249.79.75 - - [12/Oct/2014:13:26:39 -0500] "GET /portel_dama/libreria/pdf/res1208_rd2951.pdf HTTP/1.1" 404 1018
186.144.252.190 - - [12/Oct/2014:13:27:24 -0500] "POST /forms/lservlet;jsessionid=ac16012b30d5b3a43a3d72a74a52af87cbc6b1534f72.e3iSbxaKaheRe34Sa3yKbhiTahb0n6jAmljGr5XDqQLvpAe HTTP/1.1" 200 2
186.116.46.23 - - [12/Oct/2014:13:27:25 -0500] "GET /BLA/boletinlegal/js/jquery.js HTTP/1.1" 200 57254
186.116.46.23 - - [12/Oct/2014:13:27:25 -0500] "GET /BLA/boletinlegal/js/jquery.scrollTo-min.js HTTP/1.1" 200 1150
186.116.46.23 - - [12/Oct/2014:13:27:25 -0500] "GET /BLA/boletinlegal/js/jquery.scrollShow.js HTTP/1.1" 200 4586
190.25.25.227 - - [12/Oct/2014:13:28:00 -0500] "GET /videos/galeria-cronicas/3wnplaylist.htm? HTTP/1.1" 200 4170
190.25.25.227 - - [12/Oct/2014:13:28:01 -0500] "GET /videos/galeria-cronicas/1videos/Concurso.mp4video.mp4 HTTP/1.1" 206 5030397
190.25.25.227 - - [12/Oct/2014:13:28:02 -0500] "GET /videos/galeria-cronicas/1videos/Concurso.mp4video.mp4 HTTP/1.1" 206 65796
180.76.5.75 - - [12/Oct/2014:13:28:04 -0500] "GET /BLA/resoluciones/RESOLUCIONES%202008/2508.pdf HTTP/1.1" 200 235965
190.25.25.227 - - [12/Oct/2014:13:28:04 -0500] "GET /videos/galeria-cronicas/1videos/Concurso.mp4video.mp4 HTTP/1.1" 206 4919504
66.249.79.83 - - [12/Oct/2014:13:28:06 -0500] "GET /BLA/resoluciones/AUTOS%202012/0518.pdf HTTP/1.1" 200 159658
181.50.241.109 - - [12/Oct/2014:13:28:22 -0500] "POST /forms/lservlet;jsessionid=ac16012b30d550ac9d288d6b4352aeeffbc10323bbfe.e3iSbxaKaheRe34Sa3yKbhiTahb0n6jAmljGr5XDqQLvpAe HTTP/1.1" 200 2
180.76.5.95 - - [12/Oct/2014:13:28:43 -0500] "GET /BLA/resoluciones/RESOLUCIONES%202009/0582.pdf HTTP/1.1" 200 290453
186.85.10.122 - - [12/Oct/2014:13:28:56 -0500] "GET /hidrico/aguas%20subterraneas/ HTTP/1.1" 404 1296
66.249.79.75 - - [12/Oct/2014:13:29:10 -0500] "GET /BLA/resoluciones/RESOLUCIONES%202010/0989.pdf HTTP/1.1" 200 125410
190.25.53.130 - - [12/Oct/2014:13:29:21 -0500] "GET /forest/session.jsp?a=0.5645953777476543 HTTP/1.1" 200 4
186.144.252.190 - - [12/Oct/2014:13:29:25 -0500] "POST /forms/lservlet;jsessionid=ac16012b30d5b3a43a3d72a74a52af87cbc6b1534f72.e3iSbxaKaheRe34Sa3yKbhiTahb0n6jAmljGr5XDqQLvpAe HTTP/1.1" 200 2
66.249.79.83 - - [12/Oct/2014:13:29:32 -0500] "GET /BLA/resoluciones/RESOLUCIONES%202011/4849.pdf HTTP/1.1" 304 -
66.249.79.67 - - [12/Oct/2014:13:30:13 -0500] "GET /gestor/g2.htm HTTP/1.1" 404 1018
186.28.97.25 - - [12/Oct/2014:13:30:18 -0500] "GET /BLA/boletinlegal/js/jquery.js HTTP/1.1" 200 57254
186.28.97.25 - - [12/Oct/2014:13:30:21 -0500] "GET /BLA/boletinlegal/js/jquery.scrollShow.js HTTP/1.1" 200 4586
186.28.97.25 - - [12/Oct/2014:13:30:21 -0500] "GET /BLA/boletinlegal/js/jquery.scrollTo-min.js HTTP/1.1" 200 1150
181.50.241.109 - - [12/Oct/2014:13:30:23 -0500] "POST /forms/lservlet;jsessionid=ac16012b30d550ac9d288d6b4352aeeffbc10323bbfe.e3iSbxaKaheRe34Sa3yKbhiTahb0n6jAmljGr5XDqQLvpAe HTTP/1.1" 200 2
66.249.79.75 - - [12/Oct/2014:13:30:59 -0500] "GET /BLA/resoluciones/RESOLUCIONES%202007/RES%202007%202801%20AL%202900/RESOLUCION%202816%20DE%202007.pdf HTTP/1.1" 304 -
190.84.56.157 - - [12/Oct/2014:13:31:13 -0500] "GET /galeria/nivo-slider/demo/demo.html HTTP/1.1" 304 -
190.84.56.157 - - [12/Oct/2014:13:31:13 -0500] "GET /galeria/nivo-slider/demo/images/EncuentroAgua1.jpg HTTP/1.1" 304 -
190.84.56.157 - - [12/Oct/2014:13:31:13 -0500] "GET /galeria/nivo-slider/demo/images/banner-Animal.jpg HTTP/1.1" 304 -
190.84.56.157 - - [12/Oct/2014:13:31:15 -0500] "GET /videos/Spot_Tinguas.flv HTTP/1.1" 304 -
66.249.79.83 - - [12/Oct/2014:13:31:17 -0500] "GET /BLA/resoluciones/RESOLUCIONES%202002/RES%202002%201251-1301/20021300.tif HTTP/1.1" 200 42276
186.144.252.190 - - [12/Oct/2014:13:31:25 -0500] "POST /forms/lservlet;jsessionid=ac16012b30d5b3a43a3d72a74a52af87cbc6b1534f72.e3iSbxaKaheRe34Sa3yKbhiTahb0n6jAmljGr5XDqQLvpAe HTTP/1.1" 200 2
74.86.158.107 - - [12/Oct/2014:13:31:31 -0500] "HEAD / HTTP/1.1" 302 -
66.249.79.75 - - [12/Oct/2014:13:32:19 -0500] "GET /Residuos/impresion/files/search/search42.xml HTTP/1.1" 404 1018
181.136.27.113 - - [12/Oct/2014:13:32:20 -0500] "GET /BLA/boletinlegal/js/jquery.scrollShow.js HTTP/1.1" 200 4586
181.136.27.113 - - [12/Oct/2014:13:32:20 -0500] "GET /BLA/boletinlegal/js/jquery.js HTTP/1.1" 200 57254
181.136.27.113 - - [12/Oct/2014:13:32:20 -0500] "GET /BLA/boletinlegal/js/jquery.scrollTo-min.js HTTP/1.1" 200 1150
181.50.241.109 - - [12/Oct/2014:13:32:23 -0500] "POST /forms/lservlet;jsessionid=ac16012b30d550ac9d288d6b4352aeeffbc10323bbfe.e3iSbxaKaheRe34Sa3yKbhiTahb0n6jAmljGr5XDqQLvpAe HTTP/1.1" 200 2
66.249.79.83 - - [12/Oct/2014:13:32:25 -0500] "GET /BLA/resoluciones/AUTOS%202008/2477.pdf HTTP/1.1" 200 172484
72.21.217.66 - - [12/Oct/2014:13:32:58 -0500] "GET /galeria/carrusel/Carrusel/jquery.thumbnailScroller.css HTTP/1.1" 200 2066
72.21.217.66 - - [12/Oct/2014:13:33:00 -0500] "GET /galeria/nivo-slider/demo/demo.html HTTP/1.1" 200 3315
72.21.217.66 - - [12/Oct/2014:13:33:00 -0500] "GET /galeria/nivo-slider/themes/default/default.css HTTP/1.1" 200 1569
72.21.217.66 - - [12/Oct/2014:13:33:00 -0500] "GET /galeria/nivo-slider/themes/pascal/pascal.css HTTP/1.1" 200 2258
72.21.217.66 - - [12/Oct/2014:13:33:00 -0500] "GET /galeria/nivo-slider/nivo-slider.css HTTP/1.1" 200 1507
72.21.217.66 - - [12/Oct/2014:13:33:00 -0500] "GET /galeria/nivo-slider/themes/orman/orman.css HTTP/1.1" 200 2152
72.21.217.64 - - [12/Oct/2014:13:33:00 -0500] "GET /galeria/nivo-slider/demo/style.css HTTP/1.1" 200 2222
186.144.252.190 - - [12/Oct/2014:13:33:26 -0500] "POST /forms/lservlet;jsessionid=ac16012b30d5b3a43a3d72a74a52af87cbc6b1534f72.e3iSbxaKaheRe34Sa3yKbhiTahb0n6jAmljGr5XDqQLvpAe HTTP/1.1" 200 2
66.249.79.75 - - [12/Oct/2014:13:33:32 -0500] "GET /BLA/resoluciones/RESOLUCIONES%202004/RES%202004%20451-500/00000497.tif HTTP/1.1" 200 164584
186.145.201.36 - - [12/Oct/2014:13:33:38 -0500] "GET /BLA/boletinlegal/js/jquery.js HTTP/1.1" 200 57254
186.145.201.36 - - [12/Oct/2014:13:33:38 -0500] "GET /BLA/boletinlegal/js/jquery.scrollShow.js HTTP/1.1" 200 4586
186.145.201.36 - - [12/Oct/2014:13:33:38 -0500] "GET /BLA/boletinlegal/js/jquery.scrollTo-min.js HTTP/1.1" 200 1150
66.249.79.75 - - [12/Oct/2014:13:33:51 -0500] "GET /BLA/resoluciones/RESOLUCIONES%202013/0079.pdf HTTP/1.1" 200 2372591
180.76.6.48 - - [12/Oct/2014:13:34:19 -0500] "GET /BLA/resoluciones/RESOLUCIONES%202011/2384.pdf HTTP/1.1" 200 476758
190.25.53.130 - - [12/Oct/2014:13:34:21 -0500] "GET /forest/session.jsp?a=0.21054374594277148 HTTP/1.1" 200 4
181.50.241.109 - - [12/Oct/2014:13:34:23 -0500] "POST /forms/lservlet;jsessionid=ac16012b30d550ac9d288d6b4352aeeffbc10323bbfe.e3iSbxaKaheRe34Sa3yKbhiTahb0n6jAmljGr5XDqQLvpAe HTTP/1.1" 200 2
186.85.236.78 - - [12/Oct/2014:13:34:30 -0500] "GET /BLA/boletinlegal/js/jquery.js HTTP/1.1" 200 57254
186.85.236.78 - - [12/Oct/2014:13:34:30 -0500] "GET /BLA/boletinlegal/js/jquery.scrollShow.js HTTP/1.1" 200 4586
186.85.236.78 - - [12/Oct/2014:13:34:30 -0500] "GET /BLA/boletinlegal/js/jquery.scrollTo-min.js HTTP/1.1" 200 1150
66.249.79.67 - - [12/Oct/2014:13:34:44 -0500] "GET /htdocs/gestor/g2.htm HTTP/1.1" 404 1018
180.76.5.66 - - [12/Oct/2014:13:34:58 -0500] "GET /BLA/resoluciones/Autos%202008/2767.pdf HTTP/1.1" 200 111315
66.249.83.62 - - [12/Oct/2014:13:35:12 -0500] "GET /BLA/boletinlegal/js/jquery.scrollShow.js HTTP/1.1" 200 4586
66.249.83.62 - - [12/Oct/2014:13:35:12 -0500] "GET /BLA/boletinlegal/js/jquery.js HTTP/1.1" 200 57254
66.249.83.62 - - [12/Oct/2014:13:35:12 -0500] "GET /BLA/boletinlegal/js/jquery.scrollTo-min.js HTTP/1.1" 200 1150
186.144.252.190 - - [12/Oct/2014:13:35:26 -0500] "POST /forms/lservlet;jsessionid=ac16012b30d5b3a43a3d72a74a52af87cbc6b1534f72.e3iSbxaKaheRe34Sa3yKbhiTahb0n6jAmljGr5XDqQLvpAe HTTP/1.1" 200 2
66.249.79.75 - - [12/Oct/2014:13:35:34 -0500] "GET /BLA/resoluciones/RESOLUCIONES%202009/4619.pdf HTTP/1.1" 200 645263
180.76.5.171 - - [12/Oct/2014:13:35:37 -0500] "GET /BLA/resoluciones/AUTOS%202010/4610.pdf HTTP/1.1" 200 254608
200.119.36.177 - - [12/Oct/2014:13:36:13 -0500] "GET /BLA/boletinlegal/js/jquery.js HTTP/1.1" 200 57254
200.119.36.177 - - [12/Oct/2014:13:36:13 -0500] "GET /BLA/boletinlegal/js/jquery.scrollTo-min.js HTTP/1.1" 200 1150
200.119.36.177 - - [12/Oct/2014:13:36:13 -0500] "GET /BLA/boletinlegal/js/jquery.scrollShow.js HTTP/1.1" 200 4586
180.76.5.189 - - [12/Oct/2014:13:36:16 -0500] "GET /BLA/resoluciones/RESOLUCIONES%202011/2401.pdf HTTP/1.1" 200 215855
181.50.241.109 - - [12/Oct/2014:13:36:23 -0500] "POST /forms/lservlet;jsessionid=ac16012b30d550ac9d288d6b4352aeeffbc10323bbfe.e3iSbxaKaheRe34Sa3yKbhiTahb0n6jAmljGr5XDqQLvpAe HTTP/1.1" 200 2
37.58.100.147 - - [12/Oct/2014:13:36:30 -0500] "GET /actualizaciones/legisla/Dc003997.htm HTTP/1.1" 404 1019
74.86.158.107 - - [12/Oct/2014:13:36:31 -0500] "HEAD / HTTP/1.1" 302 -
66.249.79.67 - - [12/Oct/2014:13:36:44 -0500] "GET /BLA/resoluciones/RESOLUCIONES%202007/RES%202007%203601%20AL%203700/RESOLUCION%203662%20DE%202007.pdf HTTP/1.1" 200 674847
66.249.79.67 - - [12/Oct/2014:13:36:46 -0500] "GET /BLA/resoluciones/RESOLUCIONES%202007/RES%202007%202301%20AL%202400/RESOLUCION%202400%20DE%202007.pdf HTTP/1.1" 304 -
66.249.79.75 - - [12/Oct/2014:13:37:08 -0500] "GET /htdocs/gestor/g7.htm HTTP/1.1" 404 1018
186.144.252.190 - - [12/Oct/2014:13:37:27 -0500] "POST /forms/lservlet;jsessionid=ac16012b30d5b3a43a3d72a74a52af87cbc6b1534f72.e3iSbxaKaheRe34Sa3yKbhiTahb0n6jAmljGr5XDqQLvpAe HTTP/1.1" 200 2
180.76.5.192 - - [12/Oct/2014:13:37:37 -0500] "GET /BLA/resoluciones/RESOLUCIONES%202011/3537.pdf HTTP/1.1" 200 559850
66.249.79.75 - - [12/Oct/2014:13:38:11 -0500] "GET /BLA/resoluciones/RESOLUCIONES%202007/RES%202007%20101%20AL%20200/RESOLUCION%200127%20%20DE%202007.pdf HTTP/1.1" 200 275828
144.76.202.227 - - [12/Oct/2014:13:38:17 -0500] "GET /BLA/boletinlegal/js/jquery.scrollShow.js HTTP/1.1" 200 4586
144.76.202.227 - - [12/Oct/2014:13:38:17 -0500] "GET /BLA/boletinlegal/js/jquery.js HTTP/1.1" 200 57254
144.76.202.227 - - [12/Oct/2014:13:38:17 -0500] "GET /BLA/boletinlegal/js/jquery.scrollTo-min.js HTTP/1.1" 200 1150
144.76.202.227 - - [12/Oct/2014:13:38:17 -0500] "GET /galeria/carrusel/Carrusel/jquery.thumbnailScroller.css HTTP/1.1" 200 2066
144.76.202.227 - - [12/Oct/2014:13:38:17 -0500] "GET /galeria/carrusel/Carrusel/jquery.thumbnailScroller.js HTTP/1.1" 200 8157
144.76.202.227 - - [12/Oct/2014:13:38:17 -0500] "GET /galeria/carrusel/Carrusel/jquery-ui-1.8.13.custom.min.js HTTP/1.1" 200 10800
144.76.202.227 - - [12/Oct/2014:13:38:19 -0500] "GET /galeria/nivo-slider/demo/demo.html HTTP/1.1" 200 3315
144.76.202.227 - - [12/Oct/2014:13:38:20 -0500] "GET /galeria/nivo-slider/themes/default/default.css HTTP/1.1" 200 1569
144.76.202.227 - - [12/Oct/2014:13:38:20 -0500] "GET /galeria/nivo-slider/themes/pascal/pascal.css HTTP/1.1" 200 2258
144.76.202.227 - - [12/Oct/2014:13:38:20 -0500] "GET /galeria/nivo-slider/nivo-slider.css HTTP/1.1" 200 1507
144.76.202.227 - - [12/Oct/2014:13:38:20 -0500] "GET /galeria/nivo-slider/demo/style.css HTTP/1.1" 200 2222
144.76.202.227 - - [12/Oct/2014:13:38:20 -0500] "GET /galeria/nivo-slider/demo/scripts/jquery-1.7.1.min.js HTTP/1.1" 200 93868
144.76.202.227 - - [12/Oct/2014:13:38:20 -0500] "GET /galeria/nivo-slider/themes/orman/orman.css HTTP/1.1" 200 2152
144.76.202.227 - - [12/Oct/2014:13:38:20 -0500] "GET /galeria/nivo-slider/jquery.nivo.slider.pack.js HTTP/1.1" 200 11561
144.76.202.227 - - [12/Oct/2014:13:38:20 -0500] "GET /galeria/nivo-slider/demo/images/EncuentroAgua1.jpg HTTP/1.1" 200 274179
144.76.202.227 - - [12/Oct/2014:13:38:20 -0500] "GET /galeria/nivo-slider/demo/images/banner-Animal.jpg HTTP/1.1" 200 257223
144.76.202.227 - - [12/Oct/2014:13:38:20 -0500] "GET /galeria/nivo-slider/demo/images/Tingua-azul.jpg HTTP/1.1" 200 307638
144.76.202.227 - - [12/Oct/2014:13:38:20 -0500] "GET /galeria/nivo-slider/demo/images/Banner-Caracol-Africano.jpg HTTP/1.1" 200 331986
144.76.202.227 - - [12/Oct/2014:13:38:20 -0500] "GET /galeria/nivo-slider/demo/images/9Signos.jpg HTTP/1.1" 200 93040
144.76.202.227 - - [12/Oct/2014:13:38:20 -0500] "GET /galeria/nivo-slider/demo/images/banner-encuesta.jpg HTTP/1.1" 200 42764
144.76.202.227 - - [12/Oct/2014:13:38:20 -0500] "GET /galeria/nivo-slider/demo/images/banner-llantas2.jpg HTTP/1.1" 200 73153
144.76.202.227 - - [12/Oct/2014:13:38:21 -0500] "GET /galeria/nivo-slider/demo/images/banner-caballos.png HTTP/1.1" 200 389106
144.76.202.227 - - [12/Oct/2014:13:38:21 -0500] "GET /galeria/nivo-slider/demo/images/ConstructorasFNL.jpg HTTP/1.1" 200 216551
144.76.202.227 - - [12/Oct/2014:13:38:21 -0500] "GET /galeria/nivo-slider/demo/images/Hacienda_Molinos.jpg HTTP/1.1" 200 319171
144.76.202.227 - - [12/Oct/2014:13:38:21 -0500] "GET /galeria/nivo-slider/demo/images/bannerEcolecta3.jpg HTTP/1.1" 200 280034
144.76.202.227 - - [12/Oct/2014:13:38:21 -0500] "GET /galeria/nivo-slider/demo/images/4Simple_Slider.png HTTP/1.1" 200 11722
144.76.202.227 - - [12/Oct/2014:13:38:21 -0500] "GET /galeria/nivo-slider/themes/default/loading.gif HTTP/1.1" 200 1737
181.50.241.109 - - [12/Oct/2014:13:38:23 -0500] "POST /forms/lservlet;jsessionid=ac16012b30d550ac9d288d6b4352aeeffbc10323bbfe.e3iSbxaKaheRe34Sa3yKbhiTahb0n6jAmljGr5XDqQLvpAe HTTP/1.1" 200 2
186.144.252.190 - - [12/Oct/2014:13:38:23 -0500] "GET /galeria/nivo-slider/demo/demo.html HTTP/1.1" 200 3315
186.144.252.190 - - [12/Oct/2014:13:38:24 -0500] "GET /galeria/nivo-slider/demo/images/EncuentroAgua1.jpg HTTP/1.1" 200 274179
186.144.252.190 - - [12/Oct/2014:13:38:24 -0500] "GET /galeria/nivo-slider/demo/images/banner-Animal.jpg HTTP/1.1" 200 257223
186.144.252.190 - - [12/Oct/2014:13:38:24 -0500] "GET /galeria/nivo-slider/demo/images/Tingua-azul.jpg HTTP/1.1" 200 307638
186.144.252.190 - - [12/Oct/2014:13:38:24 -0500] "GET /galeria/nivo-slider/demo/images/Banner-Caracol-Africano.jpg HTTP/1.1" 200 331986
186.144.252.190 - - [12/Oct/2014:13:38:24 -0500] "GET /galeria/nivo-slider/demo/images/9Signos.jpg HTTP/1.1" 200 93040
186.144.252.190 - - [12/Oct/2014:13:38:24 -0500] "GET /galeria/nivo-slider/demo/images/banner-encuesta.jpg HTTP/1.1" 200 42764
186.144.252.190 - - [12/Oct/2014:13:38:25 -0500] "GET /galeria/nivo-slider/demo/images/banner-llantas2.jpg HTTP/1.1" 200 73153
186.144.252.190 - - [12/Oct/2014:13:38:25 -0500] "GET /galeria/nivo-slider/demo/images/banner-caballos.png HTTP/1.1" 200 389106
186.144.252.190 - - [12/Oct/2014:13:38:25 -0500] "GET /galeria/nivo-slider/demo/images/Hacienda_Molinos.jpg HTTP/1.1" 200 319171
186.144.252.190 - - [12/Oct/2014:13:38:25 -0500] "GET /galeria/nivo-slider/demo/images/bannerEcolecta3.jpg HTTP/1.1" 200 280034
144.76.202.227 - - [12/Oct/2014:13:38:25 -0500] "GET /videos/Spot_Tinguas.flv HTTP/1.1" 200 2087054
144.76.202.227 - - [12/Oct/2014:13:38:26 -0500] "GET /galeria/nivo-slider/themes/default/arrows.png HTTP/1.1" 200 824
144.76.202.227 - - [12/Oct/2014:13:38:26 -0500] "GET /galeria/nivo-slider/themes/default/bullets.png HTTP/1.1" 200 1281
186.144.252.190 - - [12/Oct/2014:13:38:28 -0500] "GET /videos/Spot_Tinguas.flv HTTP/1.1" 200 2087054
66.249.79.111 - - [12/Oct/2014:13:38:29 -0500] "GET /PORTAL_SIAC/swf/slide6.swf HTTP/1.1" 200 247931
66.249.79.75 - - [12/Oct/2014:13:38:46 -0500] "GET /BLA/resoluciones/RESOLUCIONES%202011/5404.pdf HTTP/1.1" 200 500322
186.144.252.190 - - [12/Oct/2014:13:39:00 -0500] "GET /galeria/nivo-slider/demo/images/banner-Animal.jpg HTTP/1.1" 206 188842
186.144.252.190 - - [12/Oct/2014:13:39:00 -0500] "GET /galeria/nivo-slider/demo/images/Tingua-azul.jpg HTTP/1.1" 206 269953
186.144.252.190 - - [12/Oct/2014:13:39:00 -0500] "GET /galeria/nivo-slider/demo/images/banner-llantas2.jpg HTTP/1.1" 206 54251
186.144.252.190 - - [12/Oct/2014:13:39:00 -0500] "GET /galeria/nivo-slider/demo/images/banner-encuesta.jpg HTTP/1.1" 206 23861
186.144.252.190 - - [12/Oct/2014:13:39:00 -0500] "GET /galeria/nivo-slider/demo/images/banner-caballos.png HTTP/1.1" 206 370204
186.144.252.190 - - [12/Oct/2014:13:39:00 -0500] "GET /galeria/nivo-slider/demo/images/Hacienda_Molinos.jpg HTTP/1.1" 206 300270
179.7.89.41 - - [12/Oct/2014:13:39:16 -0500] "GET /BLA/boletinlegal/js/jquery.scrollTo-min.js HTTP/1.1" 200 1150
179.7.89.41 - - [12/Oct/2014:13:39:16 -0500] "GET /BLA/boletinlegal/js/jquery.js HTTP/1.1" 200 57254
179.7.89.41 - - [12/Oct/2014:13:39:16 -0500] "GET /BLA/boletinlegal/js/jquery.scrollShow.js HTTP/1.1" 200 4586
186.144.252.190 - - [12/Oct/2014:13:39:16 -0500] "GET /autoliquidacion HTTP/1.1" 301 310
186.144.252.190 - - [12/Oct/2014:13:39:17 -0500] "GET /autoliquidacion/ HTTP/1.1" 200 6375
186.144.252.190 - - [12/Oct/2014:13:39:17 -0500] "GET /autoliquidacion/dlf/styles.css HTTP/1.1" 200 3045
186.144.252.190 - - [12/Oct/2014:13:39:17 -0500] "GET /autoliquidacion/dlf/folder.png HTTP/1.1" 200 410
186.144.252.190 - - [12/Oct/2014:13:39:17 -0500] "GET /autoliquidacion/dlf/bg.gif HTTP/1.1" 200 54
186.144.252.190 - - [12/Oct/2014:13:39:21 -0500] "GET /autoliquidacion/index.php?dir=Grupo+Forestal+-+Silvicultura%2F HTTP/1.1" 200 5756
186.144.252.190 - - [12/Oct/2014:13:39:21 -0500] "GET /autoliquidacion/dlf/dirup.png HTTP/1.1" 200 644
186.144.252.190 - - [12/Oct/2014:13:39:21 -0500] "GET /autoliquidacion/dlf/xls.gif HTTP/1.1" 200 636
186.144.252.190 - - [12/Oct/2014:13:39:21 -0500] "GET /autoliquidacion/dlf/unknown.png HTTP/1.1" 200 266
186.144.252.190 - - [12/Oct/2014:13:39:27 -0500] "POST /forms/lservlet;jsessionid=ac16012b30d5b3a43a3d72a74a52af87cbc6b1534f72.e3iSbxaKaheRe34Sa3yKbhiTahb0n6jAmljGr5XDqQLvpAe HTTP/1.1" 200 2
66.249.79.83 - - [12/Oct/2014:13:39:37 -0500] "GET /BLA/resoluciones/RESOLUCIONES%202013/0615.pdf HTTP/1.1" 304 -
186.144.252.190 - - [12/Oct/2014:13:39:38 -0500] "GET /autoliquidacion/Grupo%20Forestal%20-%20Silvicultura/Formulario%20de%20recoleccion%20de%20informacion%20silvicultural%20-%20%20Ficha1.xls HTTP/1.1" 200 183808
186.154.81.94 - - [12/Oct/2014:13:39:56 -0500] "GET /videos/Video_ServidorMesRespons.flv HTTP/1.1" 200 40732342
181.50.241.109 - - [12/Oct/2014:13:40:23 -0500] "POST /forms/lservlet;jsessionid=ac16012b30d550ac9d288d6b4352aeeffbc10323bbfe.e3iSbxaKaheRe34Sa3yKbhiTahb0n6jAmljGr5XDqQLvpAe HTTP/1.1" 200 2
186.144.252.190 - - [12/Oct/2014:13:40:28 -0500] "GET /autoliquidacion/Grupo%20Forestal%20-%20Silvicultura/Solicitud%20y%20lista%20de%20chequeo%20Evaluaci%C3%B3n%20Silvicultural.xlsx HTTP/1.1" 200 100649
187.134.214.62 - - [12/Oct/2014:13:40:32 -0500] "GET /BLA/boletinlegal/js/jquery.js HTTP/1.1" 200 57254
187.134.214.62 - - [12/Oct/2014:13:40:33 -0500] "GET /BLA/boletinlegal/js/jquery.scrollTo-min.js HTTP/1.1" 200 1150
187.134.214.62 - - [12/Oct/2014:13:40:33 -0500] "GET /BLA/boletinlegal/js/jquery.scrollShow.js HTTP/1.1" 200 4586
66.249.79.75 - - [12/Oct/2014:13:41:03 -0500] "GET /BLA/resoluciones/RESOLUCIONES%202012/0459.pdf HTTP/1.1" 200 190296
180.76.5.196 - - [12/Oct/2014:13:41:17 -0500] "GET /BLA/resoluciones/RESOLUCIONES%202011/2189.pdf HTTP/1.1" 200 510219
186.144.252.190 - - [12/Oct/2014:13:41:28 -0500] "POST /forms/lservlet;jsessionid=ac16012b30d5b3a43a3d72a74a52af87cbc6b1534f72.e3iSbxaKaheRe34Sa3yKbhiTahb0n6jAmljGr5XDqQLvpAe HTTP/1.1" 200 2
74.86.158.107 - - [12/Oct/2014:13:41:31 -0500] "HEAD / HTTP/1.1" 302 -
180.76.5.62 - - [12/Oct/2014:13:41:31 -0500] "GET /BLA/resoluciones/RESOLUCIONES%202011/2693.pdf HTTP/1.1" 200 777754
179.12.33.45 - - [12/Oct/2014:13:41:46 -0500] "GET /bla/ HTTP/1.1" 200 538
66.249.79.67 - - [12/Oct/2014:13:41:55 -0500] "GET /BLA/resoluciones/RESOLUCIONES%202011/1045.pdf HTTP/1.1" 200 72063
186.28.10.221 - - [12/Oct/2014:13:42:04 -0500] "GET /BLA/boletinlegal/js/jquery.js HTTP/1.1" 200 57254
186.28.10.221 - - [12/Oct/2014:13:42:04 -0500] "GET /BLA/boletinlegal/js/jquery.scrollTo-min.js HTTP/1.1" 200 1150
186.28.10.221 - - [12/Oct/2014:13:42:04 -0500] "GET /BLA/boletinlegal/js/jquery.scrollShow.js HTTP/1.1" 200 4586
202.46.61.123 - - [12/Oct/2014:13:42:10 -0500] "GET /BLA/resoluciones/RESOLUCIONES%202011/2401.pdf HTTP/1.1" 200 215855
181.50.241.109 - - [12/Oct/2014:13:42:23 -0500] "POST /forms/lservlet;jsessionid=ac16012b30d550ac9d288d6b4352aeeffbc10323bbfe.e3iSbxaKaheRe34Sa3yKbhiTahb0n6jAmljGr5XDqQLvpAe HTTP/1.1" 200 2
66.249.79.75 - - [12/Oct/2014:13:42:30 -0500] "GET /BLA/resoluciones/RESOLUCIONES%202007/RES%202007%201001%20AL%201100/RESOLUCION%201006%20DE%202007.pdf HTTP/1.1" 304 -
180.76.5.59 - - [12/Oct/2014:13:42:50 -0500] "GET /BLA/resoluciones/RESOLUCIONES%202009/2310.pdf HTTP/1.1" 200 425489
202.46.48.12 - - [12/Oct/2014:13:43:11 -0500] "GET / HTTP/1.1" 302 -
186.115.18.72 - - [12/Oct/2014:13:43:18 -0500] "GET /BLA/boletinlegal/js/jquery.js HTTP/1.1" 200 57254
186.115.18.72 - - [12/Oct/2014:13:43:18 -0500] "GET /BLA/boletinlegal/js/jquery.scrollTo-min.js HTTP/1.1" 200 1150
186.115.18.72 - - [12/Oct/2014:13:43:18 -0500] "GET /BLA/boletinlegal/js/jquery.scrollShow.js HTTP/1.1" 200 4586
186.144.252.190 - - [12/Oct/2014:13:43:28 -0500] "POST /forms/lservlet;jsessionid=ac16012b30d5b3a43a3d72a74a52af87cbc6b1534f72.e3iSbxaKaheRe34Sa3yKbhiTahb0n6jAmljGr5XDqQLvpAe HTTP/1.1" 200 2
180.76.5.167 - - [12/Oct/2014:13:43:28 -0500] "GET /mail/Mail/?C=S;O=D HTTP/1.1" 404 1018
66.249.79.67 - - [12/Oct/2014:13:43:31 -0500] "GET /BLA/resoluciones/RESOLUCIONES%202013/0883.pdf HTTP/1.1" 200 434150
119.63.193.132 - - [12/Oct/2014:13:43:34 -0500] "GET / HTTP/1.1" 302 -
157.55.39.39 - - [12/Oct/2014:13:43:46 -0500] "GET /BLA/boletinlegal/js/jquery.scrollTo-min.js HTTP/1.1" 200 1150
66.249.79.67 - - [12/Oct/2014:13:43:56 -0500] "GET /BLA/resoluciones/RESOLUCIONES%202010/2561.pdf HTTP/1.1" 304 -
181.50.241.109 - - [12/Oct/2014:13:44:05 -0500] "POST /forms/lservlet;jsessionid=ac16012b30d550ac9d288d6b4352aeeffbc10323bbfe.e3iSbxaKaheRe34Sa3yKbhiTahb0n6jAmljGr5XDqQLvpAe HTTP/1.1" 200 2070
181.50.241.109 - - [12/Oct/2014:13:44:05 -0500] "POST /forms/lservlet;jsessionid=ac16012b30d550ac9d288d6b4352aeeffbc10323bbfe.e3iSbxaKaheRe34Sa3yKbhiTahb0n6jAmljGr5XDqQLvpAe HTTP/1.1" 200 78
181.50.241.109 - - [12/Oct/2014:13:44:06 -0500] "POST /forms/lservlet;jsessionid=ac16012b30d550ac9d288d6b4352aeeffbc10323bbfe.e3iSbxaKaheRe34Sa3yKbhiTahb0n6jAmljGr5XDqQLvpAe HTTP/1.1" 200 86
181.50.241.109 - - [12/Oct/2014:13:44:07 -0500] "POST /forms/lservlet;jsessionid=ac16012b30d550ac9d288d6b4352aeeffbc10323bbfe.e3iSbxaKaheRe34Sa3yKbhiTahb0n6jAmljGr5XDqQLvpAe HTTP/1.1" 200 -
180.76.5.27 - - [12/Oct/2014:13:44:08 -0500] "GET /BLA/resoluciones/RESOLUCIONES%202011/0766.pdf HTTP/1.1" 200 518908
190.25.25.227 - - [12/Oct/2014:13:44:15 -0500] "GET /videos/galeria-fotografica/index6.html? HTTP/1.1" 200 1971
190.25.25.227 - - [12/Oct/2014:13:44:15 -0500] "GET /videos/galeria-fotografica/js/jquery-flickr-gallery/jquery-flickr.css HTTP/1.1" 200 711
190.25.25.227 - - [12/Oct/2014:13:44:15 -0500] "GET /videos/galeria-fotografica/js/jquery-flickr-gallery/jquery-flickr-gallery.js HTTP/1.1" 200 9050
200.118.30.253 - - [12/Oct/2014:13:44:16 -0500] "GET /BLA/boletinlegal/js/jquery.js HTTP/1.1" 200 57254
200.118.30.253 - - [12/Oct/2014:13:44:16 -0500] "GET /BLA/boletinlegal/js/jquery.scrollShow.js HTTP/1.1" 200 4586
200.118.30.253 - - [12/Oct/2014:13:44:16 -0500] "GET /BLA/boletinlegal/js/jquery.scrollTo-min.js HTTP/1.1" 200 1150
200.118.30.253 - - [12/Oct/2014:13:44:16 -0500] "GET /galeria/carrusel/Carrusel/jquery.thumbnailScroller.css HTTP/1.1" 200 2066
200.118.30.253 - - [12/Oct/2014:13:44:16 -0500] "GET /galeria/carrusel/Carrusel/jquery-ui-1.8.13.custom.min.js HTTP/1.1" 200 10800
200.118.30.253 - - [12/Oct/2014:13:44:16 -0500] "GET /galeria/carrusel/Carrusel/jquery.thumbnailScroller.js HTTP/1.1" 200 8157
190.25.25.227 - - [12/Oct/2014:13:44:17 -0500] "GET /videos/galeria-fotografica/js/jquery-flickr-gallery/loader.gif HTTP/1.1" 200 2129
201.215.43.93 - - [12/Oct/2014:13:44:23 -0500] "GET /BLA/boletinlegal/js/jquery.scrollTo-min.js HTTP/1.1" 200 1150
201.215.43.93 - - [12/Oct/2014:13:44:23 -0500] "GET /BLA/boletinlegal/js/jquery.js HTTP/1.1" 200 57254
201.215.43.93 - - [12/Oct/2014:13:44:23 -0500] "GET /BLA/boletinlegal/js/jquery.scrollShow.js HTTP/1.1" 200 4586
200.118.30.253 - - [12/Oct/2014:13:44:25 -0500] "GET /galeria/nivo-slider/demo/demo.html HTTP/1.1" 200 3315
200.118.30.253 - - [12/Oct/2014:13:44:26 -0500] "GET /galeria/nivo-slider/themes/default/default.css HTTP/1.1" 200 1569
200.118.30.253 - - [12/Oct/2014:13:44:26 -0500] "GET /galeria/nivo-slider/themes/pascal/pascal.css HTTP/1.1" 200 2258
200.118.30.253 - - [12/Oct/2014:13:44:26 -0500] "GET /galeria/nivo-slider/themes/orman/orman.css HTTP/1.1" 200 2152
200.118.30.253 - - [12/Oct/2014:13:44:26 -0500] "GET /galeria/nivo-slider/nivo-slider.css HTTP/1.1" 200 1507
200.118.30.253 - - [12/Oct/2014:13:44:26 -0500] "GET /galeria/nivo-slider/demo/style.css HTTP/1.1" 200 2222
200.118.30.253 - - [12/Oct/2014:13:44:26 -0500] "GET /galeria/nivo-slider/demo/images/EncuentroAgua1.jpg HTTP/1.1" 200 274179
200.118.30.253 - - [12/Oct/2014:13:44:26 -0500] "GET /galeria/nivo-slider/demo/images/Tingua-azul.jpg HTTP/1.1" 200 307638
200.118.30.253 - - [12/Oct/2014:13:44:26 -0500] "GET /galeria/nivo-slider/demo/images/banner-Animal.jpg HTTP/1.1" 200 257223
200.118.30.253 - - [12/Oct/2014:13:44:26 -0500] "GET /galeria/nivo-slider/demo/images/Banner-Caracol-Africano.jpg HTTP/1.1" 200 331986
200.118.30.253 - - [12/Oct/2014:13:44:26 -0500] "GET /galeria/nivo-slider/demo/images/9Signos.jpg HTTP/1.1" 200 93040
200.118.30.253 - - [12/Oct/2014:13:44:30 -0500] "GET /galeria/nivo-slider/demo/images/banner-encuesta.jpg HTTP/1.1" 200 42764
190.25.25.227 - - [12/Oct/2014:13:44:32 -0500] "GET /videos/galeria-fotografica/index3.html? HTTP/1.1" 200 1972
200.118.30.253 - - [12/Oct/2014:13:44:35 -0500] "GET /galeria/nivo-slider/demo/images/banner-llantas2.jpg HTTP/1.1" 200 73153
200.118.30.253 - - [12/Oct/2014:13:44:35 -0500] "GET /galeria/nivo-slider/demo/images/banner-caballos.png HTTP/1.1" 200 389106
200.118.30.253 - - [12/Oct/2014:13:44:35 -0500] "GET /galeria/nivo-slider/demo/images/ConstructorasFNL.jpg HTTP/1.1" 200 216551
200.118.30.253 - - [12/Oct/2014:13:44:37 -0500] "GET /galeria/nivo-slider/demo/images/Hacienda_Molinos.jpg HTTP/1.1" 200 319171
200.118.30.253 - - [12/Oct/2014:13:44:37 -0500] "GET /galeria/nivo-slider/demo/images/bannerEcolecta3.jpg HTTP/1.1" 200 280034
200.118.30.253 - - [12/Oct/2014:13:44:38 -0500] "GET /galeria/nivo-slider/demo/scripts/jquery-1.7.1.min.js HTTP/1.1" 200 93868
200.118.30.253 - - [12/Oct/2014:13:44:38 -0500] "GET /galeria/nivo-slider/jquery.nivo.slider.pack.js HTTP/1.1" 200 11561
144.76.155.8 - - [12/Oct/2014:13:44:42 -0500] "GET /dama/libreria/php/decide.php?patron=01.0210&ofix=4 HTTP/1.1" 404 1019
144.76.163.48 - - [12/Oct/2014:13:44:42 -0500] "GET /dama/libreria/php/decide.php?patron=01.0210&ofix=0&valor=10 HTTP/1.1" 404 1019
190.25.25.227 - - [12/Oct/2014:13:44:47 -0500] "GET /videos/galeria-fotografica/index11.html? HTTP/1.1" 200 1972
190.84.56.157 - - [12/Oct/2014:13:44:54 -0500] "GET /forms/frmservlet?config=sia HTTP/1.1" 200 4046
190.84.56.157 - - [12/Oct/2014:13:44:57 -0500] "GET /forms/frmservlet?config=sia HTTP/1.1" 200 4046
190.84.56.157 - - [12/Oct/2014:13:44:58 -0500] "GET /forms/java/frmall_jinit.jar HTTP/1.1" 304 -
190.84.56.157 - - [12/Oct/2014:13:45:00 -0500] "GET /forms/java/icons.jar HTTP/1.1" 304 -
190.84.56.157 - - [12/Oct/2014:13:45:00 -0500] "GET /forms/java/java/awt/KeyboardFocusManager.class HTTP/1.1" 404 352
190.84.56.157 - - [12/Oct/2014:13:45:00 -0500] "GET /forms/java/java/awt/event/MouseWheelListener.class HTTP/1.1" 404 356
190.84.56.157 - - [12/Oct/2014:13:45:01 -0500] "GET /forms/java/oracle/forms/registry/Registry.dat HTTP/1.1" 200 4213
190.84.56.157 - - [12/Oct/2014:13:45:01 -0500] "GET /forms/java/oracle/forms/registry/default.dat HTTP/1.1" 404 350
190.84.56.157 - - [12/Oct/2014:13:45:01 -0500] "GET /forms/frmservlet?config=sia&acceptLanguage=en-us,en;q=0.5&ifcmd=startsession HTTP/1.1" 200 119
190.84.56.157 - - [12/Oct/2014:13:45:01 -0500] "GET /forms/lservlet;jsessionid=ac16012b30d5781cb3d76ced48e48a4b8ab5cb0e91a7.e3iSbxaKaheRe34Sa3yKbhiTahb0n6jAmljGr5XDqQLvpAe?ifcmd=getinfo&ifhost=Rafael-PC&ifip=192.168.0.12 HTTP/1.1" 200 8
190.84.56.157 - - [12/Oct/2014:13:45:01 -0500] "POST /forms/lservlet;jsessionid=ac16012b30d5781cb3d76ced48e48a4b8ab5cb0e91a7.e3iSbxaKaheRe34Sa3yKbhiTahb0n6jAmljGr5XDqQLvpAe HTTP/1.1" 200 8
190.84.56.157 - - [12/Oct/2014:13:45:02 -0500] "GET /forms/java/oracle/forms/engine/RunformBundle_es_CO.class HTTP/1.1" 404 362
190.84.56.157 - - [12/Oct/2014:13:45:02 -0500] "GET /forms/java/oracle/forms/engine/RunformBundle_es_CO.properties HTTP/1.1" 404 367
190.84.56.157 - - [12/Oct/2014:13:45:02 -0500] "POST /forms/lservlet;jsessionid=ac16012b30d5781cb3d76ced48e48a4b8ab5cb0e91a7.e3iSbxaKaheRe34Sa3yKbhiTahb0n6jAmljGr5XDqQLvpAe HTTP/1.1" 200 64000
190.84.56.157 - - [12/Oct/2014:13:45:04 -0500] "POST /forms/lservlet;jsessionid=ac16012b30d5781cb3d76ced48e48a4b8ab5cb0e91a7.e3iSbxaKaheRe34Sa3yKbhiTahb0n6jAmljGr5XDqQLvpAe HTTP/1.1" 200 64000
190.84.56.157 - - [12/Oct/2014:13:45:04 -0500] "POST /forms/lservlet;jsessionid=ac16012b30d5781cb3d76ced48e48a4b8ab5cb0e91a7.e3iSbxaKaheRe34Sa3yKbhiTahb0n6jAmljGr5XDqQLvpAe HTTP/1.1" 200 63623
190.84.56.157 - - [12/Oct/2014:13:45:04 -0500] "HEAD /imagenes/dama_logo.gif HTTP/1.1" 200 -
190.84.56.157 - - [12/Oct/2014:13:45:04 -0500] "GET /imagenes/dama_logo.gif HTTP/1.1" 200 21482
190.84.56.157 - - [12/Oct/2014:13:45:05 -0500] "POST /forms/lservlet;jsessionid=ac16012b30d5781cb3d76ced48e48a4b8ab5cb0e91a7.e3iSbxaKaheRe34Sa3yKbhiTahb0n6jAmljGr5XDqQLvpAe HTTP/1.1" 200 2
190.84.56.157 - - [12/Oct/2014:13:45:05 -0500] "POST /forms/lservlet;jsessionid=ac16012b30d5781cb3d76ced48e48a4b8ab5cb0e91a7.e3iSbxaKaheRe34Sa3yKbhiTahb0n6jAmljGr5XDqQLvpAe HTTP/1.1" 200 2
191.91.51.163 - - [12/Oct/2014:13:45:07 -0500] "GET /BLA/boletinlegal/js/jquery.js HTTP/1.1" 200 57254
191.91.51.163 - - [12/Oct/2014:13:45:07 -0500] "GET /BLA/boletinlegal/js/jquery.scrollTo-min.js HTTP/1.1" 200 1150
191.91.51.163 - - [12/Oct/2014:13:45:08 -0500] "GET /BLA/boletinlegal/js/jquery.scrollShow.js HTTP/1.1" 200 4586
66.249.79.67 - - [12/Oct/2014:13:45:11 -0500] "GET /BLA/resoluciones/RESOLUCIONES%202009/5146.pdf HTTP/1.1" 200 689492
66.249.79.119 - - [12/Oct/2014:13:45:23 -0500] "GET /manual_funciones_Listado/1.%20Resolucion%201568%20-%202009%20Manual%20de%20Funciones.pdf HTTP/1.1" 404 1019
186.144.252.190 - - [12/Oct/2014:13:45:28 -0500] "POST /forms/lservlet;jsessionid=ac16012b30d5b3a43a3d72a74a52af87cbc6b1534f72.e3iSbxaKaheRe34Sa3yKbhiTahb0n6jAmljGr5XDqQLvpAe HTTP/1.1" 200 2
191.91.51.163 - - [12/Oct/2014:13:45:36 -0500] "GET /hidrico/aguas%20subterraneas/ HTTP/1.1" 404 1296
181.135.143.238 - - [12/Oct/2014:13:45:39 -0500] "GET /BLA/boletinlegal/js/jquery.scrollShow.js HTTP/1.1" 304 -
181.135.143.238 - - [12/Oct/2014:13:45:39 -0500] "GET /BLA/boletinlegal/js/jquery.js HTTP/1.1" 304 -
181.135.143.238 - - [12/Oct/2014:13:45:39 -0500] "GET /BLA/boletinlegal/js/jquery.scrollTo-min.js HTTP/1.1" 304 -
190.84.56.157 - - [12/Oct/2014:13:45:50 -0500] "POST /forms/lservlet;jsessionid=ac16012b30d5781cb3d76ced48e48a4b8ab5cb0e91a7.e3iSbxaKaheRe34Sa3yKbhiTahb0n6jAmljGr5XDqQLvpAe HTTP/1.1" 200 7992
190.84.56.157 - - [12/Oct/2014:13:45:51 -0500] "POST /forms/lservlet;jsessionid=ac16012b30d5781cb3d76ced48e48a4b8ab5cb0e91a7.e3iSbxaKaheRe34Sa3yKbhiTahb0n6jAmljGr5XDqQLvpAe HTTP/1.1" 200 64
190.84.56.157 - - [12/Oct/2014:13:45:51 -0500] "POST /forms/lservlet;jsessionid=ac16012b30d5781cb3d76ced48e48a4b8ab5cb0e91a7.e3iSbxaKaheRe34Sa3yKbhiTahb0n6jAmljGr5XDqQLvpAe HTTP/1.1" 200 2
190.84.56.157 - - [12/Oct/2014:13:45:51 -0500] "POST /forms/lservlet;jsessionid=ac16012b30d5781cb3d76ced48e48a4b8ab5cb0e91a7.e3iSbxaKaheRe34Sa3yKbhiTahb0n6jAmljGr5XDqQLvpAe HTTP/1.1" 200 2
190.84.56.157 - - [12/Oct/2014:13:45:51 -0500] "POST /forms/lservlet;jsessionid=ac16012b30d5781cb3d76ced48e48a4b8ab5cb0e91a7.e3iSbxaKaheRe34Sa3yKbhiTahb0n6jAmljGr5XDqQLvpAe HTTP/1.1" 200 2
190.84.56.157 - - [12/Oct/2014:13:46:00 -0500] "POST /forms/lservlet;jsessionid=ac16012b30d5781cb3d76ced48e48a4b8ab5cb0e91a7.e3iSbxaKaheRe34Sa3yKbhiTahb0n6jAmljGr5XDqQLvpAe HTTP/1.1" 200 34711
190.84.56.157 - - [12/Oct/2014:13:46:00 -0500] "GET /imagenes/listval.gif HTTP/1.1" 200 905
190.84.56.157 - - [12/Oct/2014:13:46:00 -0500] "GET /imagenes/tree1.gif HTTP/1.1" 200 1161
190.84.56.157 - - [12/Oct/2014:13:46:00 -0500] "GET /imagenes/listval.gif HTTP/1.1" 200 905
190.84.56.157 - - [12/Oct/2014:13:46:01 -0500] "GET /imagenes/CAMERA3.gif HTTP/1.1" 200 4150
190.84.56.157 - - [12/Oct/2014:13:46:01 -0500] "GET /imagenes/SLIDE1.gif HTTP/1.1" 200 1111
190.84.56.157 - - [12/Oct/2014:13:46:01 -0500] "GET /imagenes/flexcomb.gif HTTP/1.1" 200 1169
190.84.56.157 - - [12/Oct/2014:13:46:01 -0500] "GET /imagenes/GO.gif HTTP/1.1" 200 904
190.84.56.157 - - [12/Oct/2014:13:46:01 -0500] "GET /imagenes/HRTOOLS.gif HTTP/1.1" 200 2238
190.84.56.157 - - [12/Oct/2014:13:46:01 -0500] "GET /imagenes/rt_rec1.gif HTTP/1.1" 200 867
190.84.56.157 - - [12/Oct/2014:13:46:01 -0500] "GET /imagenes/apply.gif HTTP/1.1" 200 903
190.84.56.157 - - [12/Oct/2014:13:46:01 -0500] "GET /imagenes/exit.gif HTTP/1.1" 200 916
190.84.56.157 - - [12/Oct/2014:13:46:01 -0500] "GET /imagenes/LISTVAL.gif HTTP/1.1" 200 905
190.84.56.157 - - [12/Oct/2014:13:46:01 -0500] "GET /imagenes/edit.gif HTTP/1.1" 200 919
190.84.56.157 - - [12/Oct/2014:13:46:01 -0500] "GET /imagenes/rt_rec4.gif HTTP/1.1" 200 865
190.84.56.157 - - [12/Oct/2014:13:46:01 -0500] "GET /imagenes/rt_rec3.gif HTTP/1.1" 200 844
190.84.56.157 - - [12/Oct/2014:13:46:01 -0500] "GET /imagenes/rt_rec2.gif HTTP/1.1" 200 847
190.84.56.157 - - [12/Oct/2014:13:46:01 -0500] "GET /imagenes/rt_rdel.gif HTTP/1.1" 200 899
190.84.56.157 - - [12/Oct/2014:13:46:01 -0500] "GET /imagenes/rt_radd.gif HTTP/1.1" 200 907
190.84.56.157 - - [12/Oct/2014:13:46:01 -0500] "GET /imagenes/rt_quer3.gif HTTP/1.1" 200 939
190.84.56.157 - - [12/Oct/2014:13:46:01 -0500] "GET /imagenes/rt_quer2.gif HTTP/1.1" 200 936
190.84.56.157 - - [12/Oct/2014:13:46:01 -0500] "GET /imagenes/rt_quer1.gif HTTP/1.1" 200 930
190.84.56.157 - - [12/Oct/2014:13:46:01 -0500] "GET /imagenes/rt_save.gif HTTP/1.1" 200 903
190.84.56.157 - - [12/Oct/2014:13:46:01 -0500] "GET /imagenes/rt_pset.gif HTTP/1.1" 200 914
190.84.56.157 - - [12/Oct/2014:13:46:01 -0500] "GET /imagenes/QUEJA.gif HTTP/1.1" 200 1091
190.84.56.157 - - [12/Oct/2014:13:46:01 -0500] "GET /imagenes/ARBOL.gif HTTP/1.1" 200 1026
190.84.56.157 - - [12/Oct/2014:13:46:01 -0500] "GET /imagenes/Clipboard.gif HTTP/1.1" 200 1466
190.84.56.157 - - [12/Oct/2014:13:46:01 -0500] "GET /imagenes/DINERO.gif HTTP/1.1" 200 1766
190.84.56.157 - - [12/Oct/2014:13:46:01 -0500] "GET /imagenes/URGENTE.gif HTTP/1.1" 200 964
190.84.56.157 - - [12/Oct/2014:13:46:01 -0500] "GET /imagenes/TREE4.gif HTTP/1.1" 200 4150
190.84.56.157 - - [12/Oct/2014:13:46:01 -0500] "POST /forms/lservlet;jsessionid=ac16012b30d5781cb3d76ced48e48a4b8ab5cb0e91a7.e3iSbxaKaheRe34Sa3yKbhiTahb0n6jAmljGr5XDqQLvpAe HTTP/1.1" 200 7
190.84.56.157 - - [12/Oct/2014:13:46:01 -0500] "POST /forms/lservlet;jsessionid=ac16012b30d5781cb3d76ced48e48a4b8ab5cb0e91a7.e3iSbxaKaheRe34Sa3yKbhiTahb0n6jAmljGr5XDqQLvpAe HTTP/1.1" 200 34
190.84.56.157 - - [12/Oct/2014:13:46:01 -0500] "POST /forms/lservlet;jsessionid=ac16012b30d5781cb3d76ced48e48a4b8ab5cb0e91a7.e3iSbxaKaheRe34Sa3yKbhiTahb0n6jAmljGr5XDqQLvpAe HTTP/1.1" 200 2
186.154.188.91 - - [12/Oct/2014:13:46:05 -0500] "GET /BLA/boletinlegal/js/jquery.scrollShow.js HTTP/1.1" 200 4586
186.154.188.91 - - [12/Oct/2014:13:46:05 -0500] "GET /BLA/boletinlegal/js/jquery.scrollTo-min.js HTTP/1.1" 200 1150
186.154.188.91 - - [12/Oct/2014:13:46:05 -0500] "GET /BLA/boletinlegal/js/jquery.js HTTP/1.1" 200 57254
190.25.25.227 - - [12/Oct/2014:13:46:10 -0500] "GET /galeria/juegos/rompecabezas/ HTTP/1.1" 200 1108
190.25.25.227 - - [12/Oct/2014:13:46:14 -0500] "GET /galeria/juegos/rompecabezas/animales.swf HTTP/1.1" 200 352988
74.86.158.107 - - [12/Oct/2014:13:46:31 -0500] "HEAD / HTTP/1.1" 302 -
66.249.79.67 - - [12/Oct/2014:13:46:49 -0500] "GET /BLA/resoluciones/RESOLUCIONES%202012/1122.pdf HTTP/1.1" 304 -
190.84.56.157 - - [12/Oct/2014:13:47:02 -0500] "POST /forms/lservlet;jsessionid=ac16012b30d5781cb3d76ced48e48a4b8ab5cb0e91a7.e3iSbxaKaheRe34Sa3yKbhiTahb0n6jAmljGr5XDqQLvpAe HTTP/1.1" 200 2
186.144.252.190 - - [12/Oct/2014:13:47:29 -0500] "POST /forms/lservlet;jsessionid=ac16012b30d5b3a43a3d72a74a52af87cbc6b1534f72.e3iSbxaKaheRe34Sa3yKbhiTahb0n6jAmljGr5XDqQLvpAe HTTP/1.1" 200 2
207.46.13.26 - - [12/Oct/2014:13:48:02 -0500] "GET /robots.txt HTTP/1.1" 404 1019
66.249.79.75 - - [12/Oct/2014:13:48:23 -0500] "GET /Residuos/curtiembres/files/search/search88.xml HTTP/1.1" 404 1018
180.76.5.72 - - [12/Oct/2014:13:48:28 -0500] "GET /publi/Thumbs.db HTTP/1.1" 404 1019
187.170.250.147 - - [12/Oct/2014:13:48:35 -0500] "GET /BLA/boletinlegal/js/jquery.js HTTP/1.1" 200 57254
187.170.250.147 - - [12/Oct/2014:13:48:35 -0500] "GET /BLA/boletinlegal/js/jquery.scrollTo-min.js HTTP/1.1" 200 1150
187.170.250.147 - - [12/Oct/2014:13:48:35 -0500] "GET /BLA/boletinlegal/js/jquery.scrollShow.js HTTP/1.1" 200 4586
180.76.5.78 - - [12/Oct/2014:13:48:53 -0500] "GET /BLA/resoluciones/RESOLUCIONES%202008/2904.pdf HTTP/1.1" 200 274536
207.46.13.26 - - [12/Oct/2014:13:49:01 -0500] "GET /logos/logos.htm HTTP/1.1" 404 1019
190.84.56.157 - - [12/Oct/2014:13:49:02 -0500] "POST /forms/lservlet;jsessionid=ac16012b30d5781cb3d76ced48e48a4b8ab5cb0e91a7.e3iSbxaKaheRe34Sa3yKbhiTahb0n6jAmljGr5XDqQLvpAe HTTP/1.1" 200 2
186.144.252.190 - - [12/Oct/2014:13:49:30 -0500] "POST /forms/lservlet;jsessionid=ac16012b30d5b3a43a3d72a74a52af87cbc6b1534f72.e3iSbxaKaheRe34Sa3yKbhiTahb0n6jAmljGr5XDqQLvpAe HTTP/1.1" 200 2
66.249.79.119 - - [12/Oct/2014:13:49:42 -0500] "GET /POT-2013/memoria%20justificativa/ANEXOS_2,3,4.pdf HTTP/1.1" 304 -
181.135.208.101 - - [12/Oct/2014:13:49:50 -0500] "GET /BLA/boletinlegal/js/jquery.js HTTP/1.1" 200 57254
181.135.208.101 - - [12/Oct/2014:13:49:50 -0500] "GET /BLA/boletinlegal/js/jquery.scrollTo-min.js HTTP/1.1" 200 1150
