181.50.241.109 - - [12/Oct/2014:12:39:12 -0500] "POST /forms/lservlet;jsessionid=ac16012b30d550ac9d288d6b4352aeeffbc10323bbfe.e3iSbxaKaheRe34Sa3yKbhiTahb0n6jAmljGr5XDqQLvpAe HTTP/1.1" 200 3518
181.50.241.109 - - [12/Oct/2014:12:39:12 -0500] "POST /forms/lservlet;jsessionid=ac16012b30d550ac9d288d6b4352aeeffbc10323bbfe.e3iSbxaKaheRe34Sa3yKbhiTahb0n6jAmljGr5XDqQLvpAe HTTP/1.1" 200 2
181.50.241.109 - - [12/Oct/2014:12:39:13 -0500] "POST /forms/lservlet;jsessionid=ac16012b30d550ac9d288d6b4352aeeffbc10323bbfe.e3iSbxaKaheRe34Sa3yKbhiTahb0n6jAmljGr5XDqQLvpAe HTTP/1.1" 200 2
186.144.252.190 - - [12/Oct/2014:12:39:14 -0500] "POST /forms/lservlet;jsessionid=ac16012b30d5b3a43a3d72a74a52af87cbc6b1534f72.e3iSbxaKaheRe34Sa3yKbhiTahb0n6jAmljGr5XDqQLvpAe HTTP/1.1" 200 2
181.50.241.109 - - [12/Oct/2014:12:39:13 -0500] "POST /forms/lservlet;jsessionid=ac16012b30d550ac9d288d6b4352aeeffbc10323bbfe.e3iSbxaKaheRe34Sa3yKbhiTahb0n6jAmljGr5XDqQLvpAe HTTP/1.1" 200 3468
181.50.241.109 - - [12/Oct/2014:12:39:14 -0500] "POST /forms/lservlet;jsessionid=ac16012b30d550ac9d288d6b4352aeeffbc10323bbfe.e3iSbxaKaheRe34Sa3yKbhiTahb0n6jAmljGr5XDqQLvpAe HTTP/1.1" 200 2
181.50.241.109 - - [12/Oct/2014:12:39:15 -0500] "POST /forms/lservlet;jsessionid=ac16012b30d550ac9d288d6b4352aeeffbc10323bbfe.e3iSbxaKaheRe34Sa3yKbhiTahb0n6jAmljGr5XDqQLvpAe HTTP/1.1" 200 2
181.50.241.109 - - [12/Oct/2014:12:39:15 -0500] "POST /forms/lservlet;jsessionid=ac16012b30d550ac9d288d6b4352aeeffbc10323bbfe.e3iSbxaKaheRe34Sa3yKbhiTahb0n6jAmljGr5XDqQLvpAe HTTP/1.1" 200 3640
181.50.241.109 - - [12/Oct/2014:12:39:15 -0500] "POST /forms/lservlet;jsessionid=ac16012b30d550ac9d288d6b4352aeeffbc10323bbfe.e3iSbxaKaheRe34Sa3yKbhiTahb0n6jAmljGr5XDqQLvpAe HTTP/1.1" 200 2
181.50.241.109 - - [12/Oct/2014:12:39:16 -0500] "POST /forms/lservlet;jsessionid=ac16012b30d550ac9d288d6b4352aeeffbc10323bbfe.e3iSbxaKaheRe34Sa3yKbhiTahb0n6jAmljGr5XDqQLvpAe HTTP/1.1" 200 2
181.50.241.109 - - [12/Oct/2014:12:39:16 -0500] "POST /forms/lservlet;jsessionid=ac16012b30d550ac9d288d6b4352aeeffbc10323bbfe.e3iSbxaKaheRe34Sa3yKbhiTahb0n6jAmljGr5XDqQLvpAe HTTP/1.1" 200 3524
181.50.241.109 - - [12/Oct/2014:12:39:16 -0500] "POST /forms/lservlet;jsessionid=ac16012b30d550ac9d288d6b4352aeeffbc10323bbfe.e3iSbxaKaheRe34Sa3yKbhiTahb0n6jAmljGr5XDqQLvpAe HTTP/1.1" 200 2
181.50.241.109 - - [12/Oct/2014:12:39:17 -0500] "POST /forms/lservlet;jsessionid=ac16012b30d550ac9d288d6b4352aeeffbc10323bbfe.e3iSbxaKaheRe34Sa3yKbhiTahb0n6jAmljGr5XDqQLvpAe HTTP/1.1" 200 2
181.50.241.109 - - [12/Oct/2014:12:39:17 -0500] "POST /forms/lservlet;jsessionid=ac16012b30d550ac9d288d6b4352aeeffbc10323bbfe.e3iSbxaKaheRe34Sa3yKbhiTahb0n6jAmljGr5XDqQLvpAe HTTP/1.1" 200 3216
181.50.241.109 - - [12/Oct/2014:12:39:17 -0500] "POST /forms/lservlet;jsessionid=ac16012b30d550ac9d288d6b4352aeeffbc10323bbfe.e3iSbxaKaheRe34Sa3yKbhiTahb0n6jAmljGr5XDqQLvpAe HTTP/1.1" 200 2
181.50.241.109 - - [12/Oct/2014:12:39:20 -0500] "POST /forms/lservlet;jsessionid=ac16012b30d550ac9d288d6b4352aeeffbc10323bbfe.e3iSbxaKaheRe34Sa3yKbhiTahb0n6jAmljGr5XDqQLvpAe HTTP/1.1" 200 2
181.50.241.109 - - [12/Oct/2014:12:39:21 -0500] "POST /forms/lservlet;jsessionid=ac16012b30d550ac9d288d6b4352aeeffbc10323bbfe.e3iSbxaKaheRe34Sa3yKbhiTahb0n6jAmljGr5XDqQLvpAe HTTP/1.1" 200 3309
181.50.241.109 - - [12/Oct/2014:12:39:21 -0500] "POST /forms/lservlet;jsessionid=ac16012b30d550ac9d288d6b4352aeeffbc10323bbfe.e3iSbxaKaheRe34Sa3yKbhiTahb0n6jAmljGr5XDqQLvpAe HTTP/1.1" 200 2
181.50.241.109 - - [12/Oct/2014:12:39:22 -0500] "POST /forms/lservlet;jsessionid=ac16012b30d550ac9d288d6b4352aeeffbc10323bbfe.e3iSbxaKaheRe34Sa3yKbhiTahb0n6jAmljGr5XDqQLvpAe HTTP/1.1" 200 2
181.50.241.109 - - [12/Oct/2014:12:39:22 -0500] "POST /forms/lservlet;jsessionid=ac16012b30d550ac9d288d6b4352aeeffbc10323bbfe.e3iSbxaKaheRe34Sa3yKbhiTahb0n6jAmljGr5XDqQLvpAe HTTP/1.1" 200 3970
181.50.241.109 - - [12/Oct/2014:12:39:22 -0500] "POST /forms/lservlet;jsessionid=ac16012b30d550ac9d288d6b4352aeeffbc10323bbfe.e3iSbxaKaheRe34Sa3yKbhiTahb0n6jAmljGr5XDqQLvpAe HTTP/1.1" 200 2
181.50.241.109 - - [12/Oct/2014:12:39:23 -0500] "POST /forms/lservlet;jsessionid=ac16012b30d550ac9d288d6b4352aeeffbc10323bbfe.e3iSbxaKaheRe34Sa3yKbhiTahb0n6jAmljGr5XDqQLvpAe HTTP/1.1" 200 2
181.50.241.109 - - [12/Oct/2014:12:39:23 -0500] "POST /forms/lservlet;jsessionid=ac16012b30d550ac9d288d6b4352aeeffbc10323bbfe.e3iSbxaKaheRe34Sa3yKbhiTahb0n6jAmljGr5XDqQLvpAe HTTP/1.1" 200 3840
181.50.241.109 - - [12/Oct/2014:12:39:23 -0500] "POST /forms/lservlet;jsessionid=ac16012b30d550ac9d288d6b4352aeeffbc10323bbfe.e3iSbxaKaheRe34Sa3yKbhiTahb0n6jAmljGr5XDqQLvpAe HTTP/1.1" 200 2
181.50.241.109 - - [12/Oct/2014:12:39:26 -0500] "POST /forms/lservlet;jsessionid=ac16012b30d550ac9d288d6b4352aeeffbc10323bbfe.e3iSbxaKaheRe34Sa3yKbhiTahb0n6jAmljGr5XDqQLvpAe HTTP/1.1" 200 2
181.50.241.109 - - [12/Oct/2014:12:39:26 -0500] "POST /forms/lservlet;jsessionid=ac16012b30d550ac9d288d6b4352aeeffbc10323bbfe.e3iSbxaKaheRe34Sa3yKbhiTahb0n6jAmljGr5XDqQLvpAe HTTP/1.1" 200 4021
181.50.241.109 - - [12/Oct/2014:12:39:26 -0500] "POST /forms/lservlet;jsessionid=ac16012b30d550ac9d288d6b4352aeeffbc10323bbfe.e3iSbxaKaheRe34Sa3yKbhiTahb0n6jAmljGr5XDqQLvpAe HTTP/1.1" 200 2
181.50.241.109 - - [12/Oct/2014:12:39:33 -0500] "POST /forms/lservlet;jsessionid=ac16012b30d550ac9d288d6b4352aeeffbc10323bbfe.e3iSbxaKaheRe34Sa3yKbhiTahb0n6jAmljGr5XDqQLvpAe HTTP/1.1" 200 2
190.25.53.130 - - [12/Oct/2014:12:39:34 -0500] "GET /forest/css/escritorio.css?version=1408.271930 HTTP/1.1" 304 -
190.25.53.130 - - [12/Oct/2014:12:39:34 -0500] "GET /forest/css/autocomplete.css?version=1408.271930 HTTP/1.1" 304 -
190.25.53.130 - - [12/Oct/2014:12:39:34 -0500] "GET /forest/skins/gdocs-jar/css/tree.css?version=1408.271930 HTTP/1.1" 304 -
190.25.53.130 - - [12/Oct/2014:12:39:34 -0500] "GET /forest/js/sarissa.js?version=1408.271930 HTTP/1.1" 304 -
190.25.53.130 - - [12/Oct/2014:12:39:34 -0500] "GET /forest/js/internJS.js?version=1408.271930 HTTP/1.1" 304 -
190.25.53.130 - - [12/Oct/2014:12:39:34 -0500] "GET /forest/js/load_func.js?version=1408.271930 HTTP/1.1" 304 -
190.25.53.130 - - [12/Oct/2014:12:39:34 -0500] "GET /forest/js/escritorio/escritorio.js?version=1408.271930 HTTP/1.1" 304 -
190.25.53.130 - - [12/Oct/2014:12:39:34 -0500] "GET /forest/js/dialog.js?version=1408.271930 HTTP/1.1" 304 -
190.25.53.130 - - [12/Oct/2014:12:39:34 -0500] "GET /forest/js/autocompletar2.js?version=1408.271930 HTTP/1.1" 304 -
190.25.53.130 - - [12/Oct/2014:12:39:34 -0500] "GET /forest/1ibre/protoaculous.js?version=1408.271930 HTTP/1.1" 304 -
190.25.53.130 - - [12/Oct/2014:12:39:34 -0500] "GET /forest/1ibre/jscalendar/calendar.js?version=1408.271930 HTTP/1.1" 304 -
190.25.53.130 - - [12/Oct/2014:12:39:34 -0500] "GET /forest/1ibre/jscalendar/lang/calendar-es.js?version=1408.271930 HTTP/1.1" 304 -
190.25.53.130 - - [12/Oct/2014:12:39:34 -0500] "GET /forest/1ibre/jscalendar/calendar-setup.js?version=1408.271930 HTTP/1.1" 304 -
181.50.241.109 - - [12/Oct/2014:12:39:34 -0500] "POST /forms/lservlet;jsessionid=ac16012b30d550ac9d288d6b4352aeeffbc10323bbfe.e3iSbxaKaheRe34Sa3yKbhiTahb0n6jAmljGr5XDqQLvpAe HTTP/1.1" 200 3756
190.25.53.130 - - [12/Oct/2014:12:39:34 -0500] "GET /forest/1ibre/1ibre.js?version=1408.271930 HTTP/1.1" 304 -
190.25.53.130 - - [12/Oct/2014:12:39:34 -0500] "GET /forest/js/xml_utilities.js?version=1408.271930 HTTP/1.1" 304 -
181.50.241.109 - - [12/Oct/2014:12:39:34 -0500] "POST /forms/lservlet;jsessionid=ac16012b30d550ac9d288d6b4352aeeffbc10323bbfe.e3iSbxaKaheRe34Sa3yKbhiTahb0n6jAmljGr5XDqQLvpAe HTTP/1.1" 200 2
190.25.53.130 - - [12/Oct/2014:12:39:33 -0500] "GET /forest/buscar.do HTTP/1.1" 200 96527
181.50.241.109 - - [12/Oct/2014:12:39:35 -0500] "POST /forms/lservlet;jsessionid=ac16012b30d550ac9d288d6b4352aeeffbc10323bbfe.e3iSbxaKaheRe34Sa3yKbhiTahb0n6jAmljGr5XDqQLvpAe HTTP/1.1" 200 2
181.50.241.109 - - [12/Oct/2014:12:39:36 -0500] "POST /forms/lservlet;jsessionid=ac16012b30d550ac9d288d6b4352aeeffbc10323bbfe.e3iSbxaKaheRe34Sa3yKbhiTahb0n6jAmljGr5XDqQLvpAe HTTP/1.1" 200 3833
190.25.53.130 - - [12/Oct/2014:12:39:36 -0500] "GET /forest/json.do?query=usersByDep&coddep=7019 HTTP/1.1" 200 750
181.50.241.109 - - [12/Oct/2014:12:39:36 -0500] "POST /forms/lservlet;jsessionid=ac16012b30d550ac9d288d6b4352aeeffbc10323bbfe.e3iSbxaKaheRe34Sa3yKbhiTahb0n6jAmljGr5XDqQLvpAe HTTP/1.1" 200 2
190.25.53.130 - - [12/Oct/2014:12:39:36 -0500] "GET /forest/json.do?query=usersByDep&coddep=7019 HTTP/1.1" 200 750
181.50.241.109 - - [12/Oct/2014:12:39:37 -0500] "POST /forms/lservlet;jsessionid=ac16012b30d550ac9d288d6b4352aeeffbc10323bbfe.e3iSbxaKaheRe34Sa3yKbhiTahb0n6jAmljGr5XDqQLvpAe HTTP/1.1" 200 99
181.50.241.109 - - [12/Oct/2014:12:39:40 -0500] "POST /forms/lservlet;jsessionid=ac16012b30d550ac9d288d6b4352aeeffbc10323bbfe.e3iSbxaKaheRe34Sa3yKbhiTahb0n6jAmljGr5XDqQLvpAe HTTP/1.1" 200 111
181.50.241.109 - - [12/Oct/2014:12:39:41 -0500] "POST /forms/lservlet;jsessionid=ac16012b30d550ac9d288d6b4352aeeffbc10323bbfe.e3iSbxaKaheRe34Sa3yKbhiTahb0n6jAmljGr5XDqQLvpAe HTTP/1.1" 200 1092
181.50.241.109 - - [12/Oct/2014:12:39:42 -0500] "POST /forms/lservlet;jsessionid=ac16012b30d550ac9d288d6b4352aeeffbc10323bbfe.e3iSbxaKaheRe34Sa3yKbhiTahb0n6jAmljGr5XDqQLvpAe HTTP/1.1" 200 1046
181.50.241.109 - - [12/Oct/2014:12:39:42 -0500] "POST /forms/lservlet;jsessionid=ac16012b30d550ac9d288d6b4352aeeffbc10323bbfe.e3iSbxaKaheRe34Sa3yKbhiTahb0n6jAmljGr5XDqQLvpAe HTTP/1.1" 200 1046
181.50.241.109 - - [12/Oct/2014:12:39:42 -0500] "POST /forms/lservlet;jsessionid=ac16012b30d550ac9d288d6b4352aeeffbc10323bbfe.e3iSbxaKaheRe34Sa3yKbhiTahb0n6jAmljGr5XDqQLvpAe HTTP/1.1" 200 1079
181.50.241.109 - - [12/Oct/2014:12:39:42 -0500] "POST /forms/lservlet;jsessionid=ac16012b30d550ac9d288d6b4352aeeffbc10323bbfe.e3iSbxaKaheRe34Sa3yKbhiTahb0n6jAmljGr5XDqQLvpAe HTTP/1.1" 200 1111
190.25.53.130 - - [12/Oct/2014:12:39:46 -0500] "POST /forest/buscar.do? HTTP/1.1" 200 7205
181.50.241.109 - - [12/Oct/2014:12:39:46 -0500] "POST /forms/lservlet;jsessionid=ac16012b30d550ac9d288d6b4352aeeffbc10323bbfe.e3iSbxaKaheRe34Sa3yKbhiTahb0n6jAmljGr5XDqQLvpAe HTTP/1.1" 200 118
190.25.53.130 - - [12/Oct/2014:12:39:49 -0500] "GET /forest/skins/gdocs-jar/popup/popup.jsp?width=850&height=380&title=Informaci%F3n%20del%20radicado&uri=/forest/system/document.jsp%3FcodDoc%3D1587612&name=undefined&_a=0.3099633068362446&a=0.2278049519988622 HTTP/1.1" 200 1194
181.50.241.109 - - [12/Oct/2014:12:39:49 -0500] "POST /forms/lservlet;jsessionid=ac16012b30d550ac9d288d6b4352aeeffbc10323bbfe.e3iSbxaKaheRe34Sa3yKbhiTahb0n6jAmljGr5XDqQLvpAe HTTP/1.1" 200 176
190.25.53.130 - - [12/Oct/2014:12:39:49 -0500] "GET /forest/system/document.jsp?codDoc=1587612 HTTP/1.1" 200 14813
181.50.241.109 - - [12/Oct/2014:12:39:51 -0500] "POST /forms/lservlet;jsessionid=ac16012b30d550ac9d288d6b4352aeeffbc10323bbfe.e3iSbxaKaheRe34Sa3yKbhiTahb0n6jAmljGr5XDqQLvpAe HTTP/1.1" 200 98
181.50.241.109 - - [12/Oct/2014:12:39:54 -0500] "POST /forms/lservlet;jsessionid=ac16012b30d550ac9d288d6b4352aeeffbc10323bbfe.e3iSbxaKaheRe34Sa3yKbhiTahb0n6jAmljGr5XDqQLvpAe HTTP/1.1" 200 2
190.25.53.130 - - [12/Oct/2014:12:39:52 -0500] "GET /forest/documentos/1587612/2012EE163715.doc HTTP/1.1" 200 232448
181.50.241.109 - - [12/Oct/2014:12:39:54 -0500] "POST /forms/lservlet;jsessionid=ac16012b30d550ac9d288d6b4352aeeffbc10323bbfe.e3iSbxaKaheRe34Sa3yKbhiTahb0n6jAmljGr5XDqQLvpAe HTTP/1.1" 200 2905
181.50.241.109 - - [12/Oct/2014:12:39:54 -0500] "POST /forms/lservlet;jsessionid=ac16012b30d550ac9d288d6b4352aeeffbc10323bbfe.e3iSbxaKaheRe34Sa3yKbhiTahb0n6jAmljGr5XDqQLvpAe HTTP/1.1" 200 2
191.95.242.255 - - [12/Oct/2014:12:40:00 -0500] "POST /forest/login.do HTTP/1.1" 302 -
181.50.241.109 - - [12/Oct/2014:12:40:01 -0500] "POST /forms/lservlet;jsessionid=ac16012b30d550ac9d288d6b4352aeeffbc10323bbfe.e3iSbxaKaheRe34Sa3yKbhiTahb0n6jAmljGr5XDqQLvpAe HTTP/1.1" 200 2
181.50.241.109 - - [12/Oct/2014:12:40:02 -0500] "POST /forms/lservlet;jsessionid=ac16012b30d550ac9d288d6b4352aeeffbc10323bbfe.e3iSbxaKaheRe34Sa3yKbhiTahb0n6jAmljGr5XDqQLvpAe HTTP/1.1" 200 3428
191.95.242.255 - - [12/Oct/2014:12:40:02 -0500] "GET /forest/skins/gdocs-jar/css/forest.css?version=1408.271930 HTTP/1.1" 200 51
181.50.241.109 - - [12/Oct/2014:12:40:02 -0500] "POST /forms/lservlet;jsessionid=ac16012b30d550ac9d288d6b4352aeeffbc10323bbfe.e3iSbxaKaheRe34Sa3yKbhiTahb0n6jAmljGr5XDqQLvpAe HTTP/1.1" 200 2
181.50.241.109 - - [12/Oct/2014:12:40:03 -0500] "POST /forms/lservlet;jsessionid=ac16012b30d550ac9d288d6b4352aeeffbc10323bbfe.e3iSbxaKaheRe34Sa3yKbhiTahb0n6jAmljGr5XDqQLvpAe HTTP/1.1" 200 2
191.95.242.255 - - [12/Oct/2014:12:40:03 -0500] "GET /forest/skins/gdocs-jar/css/menu.css?version=1408.271930 HTTP/1.1" 200 4235
191.95.242.255 - - [12/Oct/2014:12:40:03 -0500] "GET /forest/skins/gdocs-jar/css/autocomplete.css?version=1408.271930 HTTP/1.1" 200 1620
181.50.241.109 - - [12/Oct/2014:12:40:03 -0500] "POST /forms/lservlet;jsessionid=ac16012b30d550ac9d288d6b4352aeeffbc10323bbfe.e3iSbxaKaheRe34Sa3yKbhiTahb0n6jAmljGr5XDqQLvpAe HTTP/1.1" 200 3041
181.50.241.109 - - [12/Oct/2014:12:40:03 -0500] "POST /forms/lservlet;jsessionid=ac16012b30d550ac9d288d6b4352aeeffbc10323bbfe.e3iSbxaKaheRe34Sa3yKbhiTahb0n6jAmljGr5XDqQLvpAe HTTP/1.1" 200 2
191.95.242.255 - - [12/Oct/2014:12:40:04 -0500] "GET /forest/css/index.css?version=1408.271930 HTTP/1.1" 200 1900
191.95.242.255 - - [12/Oct/2014:12:40:04 -0500] "GET /forest/1ibre/jscalendar/calendar-win2k-1.css?version=1408.271930 HTTP/1.1" 200 5986
181.50.241.109 - - [12/Oct/2014:12:40:04 -0500] "POST /forms/lservlet;jsessionid=ac16012b30d550ac9d288d6b4352aeeffbc10323bbfe.e3iSbxaKaheRe34Sa3yKbhiTahb0n6jAmljGr5XDqQLvpAe HTTP/1.1" 200 2
191.95.242.255 - - [12/Oct/2014:12:40:04 -0500] "GET /forest/skins/gdocs-jar/css/dialog.css?version=1408.271930 HTTP/1.1" 200 1430
181.50.241.109 - - [12/Oct/2014:12:40:04 -0500] "POST /forms/lservlet;jsessionid=ac16012b30d550ac9d288d6b4352aeeffbc10323bbfe.e3iSbxaKaheRe34Sa3yKbhiTahb0n6jAmljGr5XDqQLvpAe HTTP/1.1" 200 3429
191.95.242.255 - - [12/Oct/2014:12:40:05 -0500] "GET /forest/skins/gdocs-jar/css/forms.css?version=1408.271930 HTTP/1.1" 200 7180
181.50.241.109 - - [12/Oct/2014:12:40:05 -0500] "POST /forms/lservlet;jsessionid=ac16012b30d550ac9d288d6b4352aeeffbc10323bbfe.e3iSbxaKaheRe34Sa3yKbhiTahb0n6jAmljGr5XDqQLvpAe HTTP/1.1" 200 2
191.95.242.255 - - [12/Oct/2014:12:40:07 -0500] "GET /forest/skins/gdocs-jar/css/tree.css HTTP/1.1" 200 223
191.95.242.255 - - [12/Oct/2014:12:40:07 -0500] "GET /forest/skins/gdocs-jar/css/autocomplete.css HTTP/1.1" 200 1620
191.95.242.255 - - [12/Oct/2014:12:40:01 -0500] "GET /forest/index2.jsp?a=0.6097454387344347 HTTP/1.1" 200 54840
191.95.242.255 - - [12/Oct/2014:12:40:03 -0500] "GET /forest/css/escritorio.css?version=1408.271930 HTTP/1.1" 200 15878
181.50.241.109 - - [12/Oct/2014:12:40:09 -0500] "POST /forms/lservlet;jsessionid=ac16012b30d550ac9d288d6b4352aeeffbc10323bbfe.e3iSbxaKaheRe34Sa3yKbhiTahb0n6jAmljGr5XDqQLvpAe HTTP/1.1" 200 2
181.50.241.109 - - [12/Oct/2014:12:40:09 -0500] "POST /forms/lservlet;jsessionid=ac16012b30d550ac9d288d6b4352aeeffbc10323bbfe.e3iSbxaKaheRe34Sa3yKbhiTahb0n6jAmljGr5XDqQLvpAe HTTP/1.1" 200 2784
181.50.241.109 - - [12/Oct/2014:12:40:10 -0500] "POST /forms/lservlet;jsessionid=ac16012b30d550ac9d288d6b4352aeeffbc10323bbfe.e3iSbxaKaheRe34Sa3yKbhiTahb0n6jAmljGr5XDqQLvpAe HTTP/1.1" 200 2
181.50.241.109 - - [12/Oct/2014:12:40:11 -0500] "POST /forms/lservlet;jsessionid=ac16012b30d550ac9d288d6b4352aeeffbc10323bbfe.e3iSbxaKaheRe34Sa3yKbhiTahb0n6jAmljGr5XDqQLvpAe HTTP/1.1" 200 2
181.50.241.109 - - [12/Oct/2014:12:40:11 -0500] "POST /forms/lservlet;jsessionid=ac16012b30d550ac9d288d6b4352aeeffbc10323bbfe.e3iSbxaKaheRe34Sa3yKbhiTahb0n6jAmljGr5XDqQLvpAe HTTP/1.1" 200 2906
181.50.241.109 - - [12/Oct/2014:12:40:11 -0500] "POST /forms/lservlet;jsessionid=ac16012b30d550ac9d288d6b4352aeeffbc10323bbfe.e3iSbxaKaheRe34Sa3yKbhiTahb0n6jAmljGr5XDqQLvpAe HTTP/1.1" 200 2
191.95.242.255 - - [12/Oct/2014:12:40:12 -0500] "GET /forest/js/inicio.js?version=1408.271930 HTTP/1.1" 200 2303
181.50.241.109 - - [12/Oct/2014:12:40:12 -0500] "POST /forms/lservlet;jsessionid=ac16012b30d550ac9d288d6b4352aeeffbc10323bbfe.e3iSbxaKaheRe34Sa3yKbhiTahb0n6jAmljGr5XDqQLvpAe HTTP/1.1" 200 2
181.50.241.109 - - [12/Oct/2014:12:40:12 -0500] "POST /forms/lservlet;jsessionid=ac16012b30d550ac9d288d6b4352aeeffbc10323bbfe.e3iSbxaKaheRe34Sa3yKbhiTahb0n6jAmljGr5XDqQLvpAe HTTP/1.1" 200 3240
181.50.241.109 - - [12/Oct/2014:12:40:13 -0500] "POST /forms/lservlet;jsessionid=ac16012b30d550ac9d288d6b4352aeeffbc10323bbfe.e3iSbxaKaheRe34Sa3yKbhiTahb0n6jAmljGr5XDqQLvpAe HTTP/1.1" 200 2
191.95.242.255 - - [12/Oct/2014:12:40:14 -0500] "GET /forest/skins/gdocs-jar/js/misprocesos.js?version=1408.271930 HTTP/1.1" 200 5890
191.95.242.255 - - [12/Oct/2014:12:40:14 -0500] "GET /forest/skins/gdocs-jar/js/xml_utilities.js?version=1408.271930 HTTP/1.1" 200 2433
181.50.241.109 - - [12/Oct/2014:12:40:15 -0500] "POST /forms/lservlet;jsessionid=ac16012b30d550ac9d288d6b4352aeeffbc10323bbfe.e3iSbxaKaheRe34Sa3yKbhiTahb0n6jAmljGr5XDqQLvpAe HTTP/1.1" 200 2
191.95.242.255 - - [12/Oct/2014:12:40:15 -0500] "GET /forest/img/loading.gif HTTP/1.1" 200 1197
181.50.241.109 - - [12/Oct/2014:12:40:15 -0500] "POST /forms/lservlet;jsessionid=ac16012b30d550ac9d288d6b4352aeeffbc10323bbfe.e3iSbxaKaheRe34Sa3yKbhiTahb0n6jAmljGr5XDqQLvpAe HTTP/1.1" 200 3320
191.95.242.255 - - [12/Oct/2014:12:40:09 -0500] "GET /forest/skins/gdocs-jar/js/autocompletar2.js?version=1408.271930 HTTP/1.1" 200 24397
181.50.241.109 - - [12/Oct/2014:12:40:16 -0500] "POST /forms/lservlet;jsessionid=ac16012b30d550ac9d288d6b4352aeeffbc10323bbfe.e3iSbxaKaheRe34Sa3yKbhiTahb0n6jAmljGr5XDqQLvpAe HTTP/1.1" 200 2
191.95.242.255 - - [12/Oct/2014:12:40:16 -0500] "GET /forest/img/spacer.gif HTTP/1.1" 200 43
181.50.241.109 - - [12/Oct/2014:12:40:16 -0500] "POST /forms/lservlet;jsessionid=ac16012b30d550ac9d288d6b4352aeeffbc10323bbfe.e3iSbxaKaheRe34Sa3yKbhiTahb0n6jAmljGr5XDqQLvpAe HTTP/1.1" 200 2
191.95.242.255 - - [12/Oct/2014:12:40:17 -0500] "GET /forest/img/inicio.jpg HTTP/1.1" 200 897
181.50.241.109 - - [12/Oct/2014:12:40:16 -0500] "POST /forms/lservlet;jsessionid=ac16012b30d550ac9d288d6b4352aeeffbc10323bbfe.e3iSbxaKaheRe34Sa3yKbhiTahb0n6jAmljGr5XDqQLvpAe HTTP/1.1" 200 2527
191.95.242.255 - - [12/Oct/2014:12:40:17 -0500] "GET /forest/img/users/3.gif HTTP/1.1" 200 1513
181.50.241.109 - - [12/Oct/2014:12:40:17 -0500] "POST /forms/lservlet;jsessionid=ac16012b30d550ac9d288d6b4352aeeffbc10323bbfe.e3iSbxaKaheRe34Sa3yKbhiTahb0n6jAmljGr5XDqQLvpAe HTTP/1.1" 200 2
191.95.242.255 - - [12/Oct/2014:12:40:17 -0500] "GET /forest/img/users/5.gif HTTP/1.1" 200 1507
191.95.242.255 - - [12/Oct/2014:12:40:17 -0500] "GET /forest/img/users/7.gif HTTP/1.1" 200 1631
191.95.242.255 - - [12/Oct/2014:12:40:18 -0500] "GET /forest/img/download_large.gif HTTP/1.1" 200 203
191.95.242.255 - - [12/Oct/2014:12:40:18 -0500] "GET /forest/img/buscar.jpg HTTP/1.1" 200 736
181.50.241.109 - - [12/Oct/2014:12:40:18 -0500] "POST /forms/lservlet;jsessionid=ac16012b30d550ac9d288d6b4352aeeffbc10323bbfe.e3iSbxaKaheRe34Sa3yKbhiTahb0n6jAmljGr5XDqQLvpAe HTTP/1.1" 200 2
191.95.242.255 - - [12/Oct/2014:12:40:18 -0500] "GET /forest/img/buscar_documentos.gif HTTP/1.1" 200 674
191.95.242.255 - - [12/Oct/2014:12:40:18 -0500] "GET /forest/img/buscar_procesos.gif HTTP/1.1" 200 158
191.95.242.255 - - [12/Oct/2014:12:40:18 -0500] "GET /forest/img/notify.gif HTTP/1.1" 200 746
181.50.241.109 - - [12/Oct/2014:12:40:18 -0500] "POST /forms/lservlet;jsessionid=ac16012b30d550ac9d288d6b4352aeeffbc10323bbfe.e3iSbxaKaheRe34Sa3yKbhiTahb0n6jAmljGr5XDqQLvpAe HTTP/1.1" 200 2921
181.50.241.109 - - [12/Oct/2014:12:40:18 -0500] "POST /forms/lservlet;jsessionid=ac16012b30d550ac9d288d6b4352aeeffbc10323bbfe.e3iSbxaKaheRe34Sa3yKbhiTahb0n6jAmljGr5XDqQLvpAe HTTP/1.1" 200 2
191.95.242.255 - - [12/Oct/2014:12:40:19 -0500] "GET /forest/img/ayuda.gif HTTP/1.1" 200 716
191.95.242.255 - - [12/Oct/2014:12:40:19 -0500] "GET /forest/img/pantalla.gif HTTP/1.1" 200 1407
191.95.242.255 - - [12/Oct/2014:12:40:19 -0500] "GET /forest/img/salir3.gif HTTP/1.1" 200 1271
191.95.242.255 - - [12/Oct/2014:12:40:19 -0500] "GET /forest/img/panel/view_icon.gif HTTP/1.1" 200 681
181.50.241.109 - - [12/Oct/2014:12:40:19 -0500] "POST /forms/lservlet;jsessionid=ac16012b30d550ac9d288d6b4352aeeffbc10323bbfe.e3iSbxaKaheRe34Sa3yKbhiTahb0n6jAmljGr5XDqQLvpAe HTTP/1.1" 200 2
191.95.242.255 - - [12/Oct/2014:12:40:20 -0500] "GET /forest/img/panel/menu/add.png HTTP/1.1" 200 4044
191.95.242.255 - - [12/Oct/2014:12:40:20 -0500] "GET /forest/img/panel/menu/folder.png HTTP/1.1" 200 1382
181.50.241.109 - - [12/Oct/2014:12:40:19 -0500] "POST /forms/lservlet;jsessionid=ac16012b30d550ac9d288d6b4352aeeffbc10323bbfe.e3iSbxaKaheRe34Sa3yKbhiTahb0n6jAmljGr5XDqQLvpAe HTTP/1.1" 200 3124
181.50.241.109 - - [12/Oct/2014:12:40:20 -0500] "POST /forms/lservlet;jsessionid=ac16012b30d550ac9d288d6b4352aeeffbc10323bbfe.e3iSbxaKaheRe34Sa3yKbhiTahb0n6jAmljGr5XDqQLvpAe HTTP/1.1" 200 2
191.95.242.255 - - [12/Oct/2014:12:40:08 -0500] "GET /forest/jsoptimized/gz/js/gdocsall-1408.271930.js HTTP/1.1" 200 96552
191.95.242.255 - - [12/Oct/2014:12:40:20 -0500] "GET /forest/img/panel/menu/hoy.png HTTP/1.1" 200 1215
191.95.242.255 - - [12/Oct/2014:12:40:20 -0500] "GET /forest/img/panel/menu/danger2.png HTTP/1.1" 200 1358
191.95.242.255 - - [12/Oct/2014:12:40:21 -0500] "GET /forest/img/instanciar.gif HTTP/1.1" 200 1589
181.50.241.109 - - [12/Oct/2014:12:40:22 -0500] "POST /forms/lservlet;jsessionid=ac16012b30d550ac9d288d6b4352aeeffbc10323bbfe.e3iSbxaKaheRe34Sa3yKbhiTahb0n6jAmljGr5XDqQLvpAe HTTP/1.1" 200 2
191.95.242.255 - - [12/Oct/2014:12:40:22 -0500] "GET /forest/img/close.gif HTTP/1.1" 200 571
191.95.242.255 - - [12/Oct/2014:12:40:22 -0500] "GET /forest/skins/gdocs-jar/img/cancel.gif HTTP/1.1" 200 77
191.95.242.255 - - [12/Oct/2014:12:40:23 -0500] "GET /forest/img/misdocumentos.gif HTTP/1.1" 200 545
191.95.242.255 - - [12/Oct/2014:12:40:23 -0500] "GET /forest/img/mplogo.gif HTTP/1.1" 200 806
191.95.242.255 - - [12/Oct/2014:12:40:23 -0500] "GET /forest/skins/gdocs-jar/img/okey.gif HTTP/1.1" 200 203
191.95.242.255 - - [12/Oct/2014:12:40:09 -0500] "GET /forest/js/json3.js HTTP/1.1" 200 39592
181.50.241.109 - - [12/Oct/2014:12:40:32 -0500] "POST /forms/lservlet;jsessionid=ac16012b30d550ac9d288d6b4352aeeffbc10323bbfe.e3iSbxaKaheRe34Sa3yKbhiTahb0n6jAmljGr5XDqQLvpAe HTTP/1.1" 200 2
181.50.241.109 - - [12/Oct/2014:12:40:33 -0500] "POST /forms/lservlet;jsessionid=ac16012b30d550ac9d288d6b4352aeeffbc10323bbfe.e3iSbxaKaheRe34Sa3yKbhiTahb0n6jAmljGr5XDqQLvpAe HTTP/1.1" 200 2947
181.50.241.109 - - [12/Oct/2014:12:40:33 -0500] "POST /forms/lservlet;jsessionid=ac16012b30d550ac9d288d6b4352aeeffbc10323bbfe.e3iSbxaKaheRe34Sa3yKbhiTahb0n6jAmljGr5XDqQLvpAe HTTP/1.1" 200 2
66.249.79.103 - - [12/Oct/2014:12:40:35 -0500] "GET /POT-2013/Cartografia/36_Est_Funcional_servicios_Est_Socioeconomica_Espacial%20Area%20.pdf HTTP/1.1" 304 -
181.50.241.109 - - [12/Oct/2014:12:40:35 -0500] "POST /forms/lservlet;jsessionid=ac16012b30d550ac9d288d6b4352aeeffbc10323bbfe.e3iSbxaKaheRe34Sa3yKbhiTahb0n6jAmljGr5XDqQLvpAe HTTP/1.1" 200 2
181.50.241.109 - - [12/Oct/2014:12:40:35 -0500] "POST /forms/lservlet;jsessionid=ac16012b30d550ac9d288d6b4352aeeffbc10323bbfe.e3iSbxaKaheRe34Sa3yKbhiTahb0n6jAmljGr5XDqQLvpAe HTTP/1.1" 200 2626
181.50.241.109 - - [12/Oct/2014:12:40:36 -0500] "POST /forms/lservlet;jsessionid=ac16012b30d550ac9d288d6b4352aeeffbc10323bbfe.e3iSbxaKaheRe34Sa3yKbhiTahb0n6jAmljGr5XDqQLvpAe HTTP/1.1" 200 2
181.50.241.109 - - [12/Oct/2014:12:40:36 -0500] "POST /forms/lservlet;jsessionid=ac16012b30d550ac9d288d6b4352aeeffbc10323bbfe.e3iSbxaKaheRe34Sa3yKbhiTahb0n6jAmljGr5XDqQLvpAe HTTP/1.1" 200 2
181.50.241.109 - - [12/Oct/2014:12:40:36 -0500] "POST /forms/lservlet;jsessionid=ac16012b30d550ac9d288d6b4352aeeffbc10323bbfe.e3iSbxaKaheRe34Sa3yKbhiTahb0n6jAmljGr5XDqQLvpAe HTTP/1.1" 200 3008
181.50.241.109 - - [12/Oct/2014:12:40:37 -0500] "POST /forms/lservlet;jsessionid=ac16012b30d550ac9d288d6b4352aeeffbc10323bbfe.e3iSbxaKaheRe34Sa3yKbhiTahb0n6jAmljGr5XDqQLvpAe HTTP/1.1" 200 2
181.50.241.109 - - [12/Oct/2014:12:40:37 -0500] "POST /forms/lservlet;jsessionid=ac16012b30d550ac9d288d6b4352aeeffbc10323bbfe.e3iSbxaKaheRe34Sa3yKbhiTahb0n6jAmljGr5XDqQLvpAe HTTP/1.1" 200 2
181.50.241.109 - - [12/Oct/2014:12:40:38 -0500] "POST /forms/lservlet;jsessionid=ac16012b30d550ac9d288d6b4352aeeffbc10323bbfe.e3iSbxaKaheRe34Sa3yKbhiTahb0n6jAmljGr5XDqQLvpAe HTTP/1.1" 200 2863
181.50.241.109 - - [12/Oct/2014:12:40:38 -0500] "POST /forms/lservlet;jsessionid=ac16012b30d550ac9d288d6b4352aeeffbc10323bbfe.e3iSbxaKaheRe34Sa3yKbhiTahb0n6jAmljGr5XDqQLvpAe HTTP/1.1" 200 2
191.95.242.255 - - [12/Oct/2014:12:40:38 -0500] "GET /forest/img/base/bsc2_r1_c2.gif HTTP/1.1" 200 269
191.95.242.255 - - [12/Oct/2014:12:40:39 -0500] "GET /forest/img/base/bsc2_r1_c3.gif HTTP/1.1" 200 3704
191.95.242.255 - - [12/Oct/2014:12:40:39 -0500] "GET /forest/img/fondo-barra.gif HTTP/1.1" 200 282
181.50.241.109 - - [12/Oct/2014:12:40:41 -0500] "POST /forms/lservlet;jsessionid=ac16012b30d550ac9d288d6b4352aeeffbc10323bbfe.e3iSbxaKaheRe34Sa3yKbhiTahb0n6jAmljGr5XDqQLvpAe HTTP/1.1" 200 2
181.50.241.109 - - [12/Oct/2014:12:40:41 -0500] "POST /forms/lservlet;jsessionid=ac16012b30d550ac9d288d6b4352aeeffbc10323bbfe.e3iSbxaKaheRe34Sa3yKbhiTahb0n6jAmljGr5XDqQLvpAe HTTP/1.1" 200 2320
181.50.241.109 - - [12/Oct/2014:12:40:42 -0500] "POST /forms/lservlet;jsessionid=ac16012b30d550ac9d288d6b4352aeeffbc10323bbfe.e3iSbxaKaheRe34Sa3yKbhiTahb0n6jAmljGr5XDqQLvpAe HTTP/1.1" 200 2
181.50.241.109 - - [12/Oct/2014:12:40:42 -0500] "POST /forms/lservlet;jsessionid=ac16012b30d550ac9d288d6b4352aeeffbc10323bbfe.e3iSbxaKaheRe34Sa3yKbhiTahb0n6jAmljGr5XDqQLvpAe HTTP/1.1" 200 2
181.50.241.109 - - [12/Oct/2014:12:40:43 -0500] "POST /forms/lservlet;jsessionid=ac16012b30d550ac9d288d6b4352aeeffbc10323bbfe.e3iSbxaKaheRe34Sa3yKbhiTahb0n6jAmljGr5XDqQLvpAe HTTP/1.1" 200 3183
191.95.242.255 - - [12/Oct/2014:12:40:38 -0500] "GET /forest/img/base/bsc2_r1_c1.gif HTTP/1.1" 200 28640
181.50.241.109 - - [12/Oct/2014:12:40:43 -0500] "POST /forms/lservlet;jsessionid=ac16012b30d550ac9d288d6b4352aeeffbc10323bbfe.e3iSbxaKaheRe34Sa3yKbhiTahb0n6jAmljGr5XDqQLvpAe HTTP/1.1" 200 2
181.50.241.109 - - [12/Oct/2014:12:40:44 -0500] "POST /forms/lservlet;jsessionid=ac16012b30d550ac9d288d6b4352aeeffbc10323bbfe.e3iSbxaKaheRe34Sa3yKbhiTahb0n6jAmljGr5XDqQLvpAe HTTP/1.1" 200 2
191.95.242.255 - - [12/Oct/2014:12:40:44 -0500] "GET /forest/1ibre/1ibre.css HTTP/1.1" 200 614
181.50.241.109 - - [12/Oct/2014:12:40:44 -0500] "POST /forms/lservlet;jsessionid=ac16012b30d550ac9d288d6b4352aeeffbc10323bbfe.e3iSbxaKaheRe34Sa3yKbhiTahb0n6jAmljGr5XDqQLvpAe HTTP/1.1" 200 2916
181.50.241.109 - - [12/Oct/2014:12:40:45 -0500] "POST /forms/lservlet;jsessionid=ac16012b30d550ac9d288d6b4352aeeffbc10323bbfe.e3iSbxaKaheRe34Sa3yKbhiTahb0n6jAmljGr5XDqQLvpAe HTTP/1.1" 200 2
181.50.241.109 - - [12/Oct/2014:12:40:46 -0500] "POST /forms/lservlet;jsessionid=ac16012b30d550ac9d288d6b4352aeeffbc10323bbfe.e3iSbxaKaheRe34Sa3yKbhiTahb0n6jAmljGr5XDqQLvpAe HTTP/1.1" 200 2
181.50.241.109 - - [12/Oct/2014:12:40:46 -0500] "POST /forms/lservlet;jsessionid=ac16012b30d550ac9d288d6b4352aeeffbc10323bbfe.e3iSbxaKaheRe34Sa3yKbhiTahb0n6jAmljGr5XDqQLvpAe HTTP/1.1" 200 2687
191.95.242.255 - - [12/Oct/2014:12:40:46 -0500] "GET /forest/session.jsp?a=0.3865264463238418 HTTP/1.1" 200 4
181.50.241.109 - - [12/Oct/2014:12:40:46 -0500] "POST /forms/lservlet;jsessionid=ac16012b30d550ac9d288d6b4352aeeffbc10323bbfe.e3iSbxaKaheRe34Sa3yKbhiTahb0n6jAmljGr5XDqQLvpAe HTTP/1.1" 200 2
181.50.241.109 - - [12/Oct/2014:12:40:47 -0500] "POST /forms/lservlet;jsessionid=ac16012b30d550ac9d288d6b4352aeeffbc10323bbfe.e3iSbxaKaheRe34Sa3yKbhiTahb0n6jAmljGr5XDqQLvpAe HTTP/1.1" 200 2
181.50.241.109 - - [12/Oct/2014:12:40:47 -0500] "POST /forms/lservlet;jsessionid=ac16012b30d550ac9d288d6b4352aeeffbc10323bbfe.e3iSbxaKaheRe34Sa3yKbhiTahb0n6jAmljGr5XDqQLvpAe HTTP/1.1" 200 2958
181.50.241.109 - - [12/Oct/2014:12:40:47 -0500] "POST /forms/lservlet;jsessionid=ac16012b30d550ac9d288d6b4352aeeffbc10323bbfe.e3iSbxaKaheRe34Sa3yKbhiTahb0n6jAmljGr5XDqQLvpAe HTTP/1.1" 200 2
181.50.241.109 - - [12/Oct/2014:12:40:48 -0500] "POST /forms/lservlet;jsessionid=ac16012b30d550ac9d288d6b4352aeeffbc10323bbfe.e3iSbxaKaheRe34Sa3yKbhiTahb0n6jAmljGr5XDqQLvpAe HTTP/1.1" 200 2
181.50.241.109 - - [12/Oct/2014:12:40:48 -0500] "POST /forms/lservlet;jsessionid=ac16012b30d550ac9d288d6b4352aeeffbc10323bbfe.e3iSbxaKaheRe34Sa3yKbhiTahb0n6jAmljGr5XDqQLvpAe HTTP/1.1" 200 3307
181.50.241.109 - - [12/Oct/2014:12:40:49 -0500] "POST /forms/lservlet;jsessionid=ac16012b30d550ac9d288d6b4352aeeffbc10323bbfe.e3iSbxaKaheRe34Sa3yKbhiTahb0n6jAmljGr5XDqQLvpAe HTTP/1.1" 200 2
181.50.241.109 - - [12/Oct/2014:12:40:49 -0500] "POST /forms/lservlet;jsessionid=ac16012b30d550ac9d288d6b4352aeeffbc10323bbfe.e3iSbxaKaheRe34Sa3yKbhiTahb0n6jAmljGr5XDqQLvpAe HTTP/1.1" 200 2
181.50.241.109 - - [12/Oct/2014:12:40:50 -0500] "POST /forms/lservlet;jsessionid=ac16012b30d550ac9d288d6b4352aeeffbc10323bbfe.e3iSbxaKaheRe34Sa3yKbhiTahb0n6jAmljGr5XDqQLvpAe HTTP/1.1" 200 3076
181.50.241.109 - - [12/Oct/2014:12:40:50 -0500] "POST /forms/lservlet;jsessionid=ac16012b30d550ac9d288d6b4352aeeffbc10323bbfe.e3iSbxaKaheRe34Sa3yKbhiTahb0n6jAmljGr5XDqQLvpAe HTTP/1.1" 200 2
181.50.241.109 - - [12/Oct/2014:12:40:52 -0500] "POST /forms/lservlet;jsessionid=ac16012b30d550ac9d288d6b4352aeeffbc10323bbfe.e3iSbxaKaheRe34Sa3yKbhiTahb0n6jAmljGr5XDqQLvpAe HTTP/1.1" 200 2
181.50.241.109 - - [12/Oct/2014:12:40:52 -0500] "POST /forms/lservlet;jsessionid=ac16012b30d550ac9d288d6b4352aeeffbc10323bbfe.e3iSbxaKaheRe34Sa3yKbhiTahb0n6jAmljGr5XDqQLvpAe HTTP/1.1" 200 2692
181.50.241.109 - - [12/Oct/2014:12:40:52 -0500] "POST /forms/lservlet;jsessionid=ac16012b30d550ac9d288d6b4352aeeffbc10323bbfe.e3iSbxaKaheRe34Sa3yKbhiTahb0n6jAmljGr5XDqQLvpAe HTTP/1.1" 200 2
191.95.242.255 - - [12/Oct/2014:12:40:53 -0500] "GET /forest/js/jquery/css/jquery-ui-selectmenu.css HTTP/1.1" 200 2553
191.95.242.255 - - [12/Oct/2014:12:40:54 -0500] "GET /forest/js/jquery/grid/css/ui.jqgrid.css HTTP/1.1" 200 14763
181.50.241.109 - - [12/Oct/2014:12:40:54 -0500] "POST /forms/lservlet;jsessionid=ac16012b30d550ac9d288d6b4352aeeffbc10323bbfe.e3iSbxaKaheRe34Sa3yKbhiTahb0n6jAmljGr5XDqQLvpAe HTTP/1.1" 200 2
181.50.241.109 - - [12/Oct/2014:12:40:54 -0500] "POST /forms/lservlet;jsessionid=ac16012b30d550ac9d288d6b4352aeeffbc10323bbfe.e3iSbxaKaheRe34Sa3yKbhiTahb0n6jAmljGr5XDqQLvpAe HTTP/1.1" 200 2800
181.50.241.109 - - [12/Oct/2014:12:40:54 -0500] "POST /forms/lservlet;jsessionid=ac16012b30d550ac9d288d6b4352aeeffbc10323bbfe.e3iSbxaKaheRe34Sa3yKbhiTahb0n6jAmljGr5XDqQLvpAe HTTP/1.1" 200 2
191.95.242.255 - - [12/Oct/2014:12:40:55 -0500] "GET /forest/js/jquery/grid/css/ui.multiselect.css HTTP/1.1" 200 1886
191.95.242.255 - - [12/Oct/2014:12:40:48 -0500] "GET /forest/misactividades.do?group_system_actual=3&codPro=176&_a=0.20289492201011394 HTTP/1.1" 200 36791
181.50.241.109 - - [12/Oct/2014:12:40:58 -0500] "POST /forms/lservlet;jsessionid=ac16012b30d550ac9d288d6b4352aeeffbc10323bbfe.e3iSbxaKaheRe34Sa3yKbhiTahb0n6jAmljGr5XDqQLvpAe HTTP/1.1" 200 2
181.50.241.109 - - [12/Oct/2014:12:40:59 -0500] "POST /forms/lservlet;jsessionid=ac16012b30d550ac9d288d6b4352aeeffbc10323bbfe.e3iSbxaKaheRe34Sa3yKbhiTahb0n6jAmljGr5XDqQLvpAe HTTP/1.1" 200 3003
181.50.241.109 - - [12/Oct/2014:12:40:59 -0500] "POST /forms/lservlet;jsessionid=ac16012b30d550ac9d288d6b4352aeeffbc10323bbfe.e3iSbxaKaheRe34Sa3yKbhiTahb0n6jAmljGr5XDqQLvpAe HTTP/1.1" 200 2
191.95.242.255 - - [12/Oct/2014:12:41:01 -0500] "GET /forest/js/jquery/i18n/grid.locale-en.js HTTP/1.1" 200 3927
181.50.241.109 - - [12/Oct/2014:12:41:05 -0500] "POST /forms/lservlet;jsessionid=ac16012b30d550ac9d288d6b4352aeeffbc10323bbfe.e3iSbxaKaheRe34Sa3yKbhiTahb0n6jAmljGr5XDqQLvpAe HTTP/1.1" 200 2
181.50.241.109 - - [12/Oct/2014:12:41:05 -0500] "POST /forms/lservlet;jsessionid=ac16012b30d550ac9d288d6b4352aeeffbc10323bbfe.e3iSbxaKaheRe34Sa3yKbhiTahb0n6jAmljGr5XDqQLvpAe HTTP/1.1" 200 3672
181.50.241.109 - - [12/Oct/2014:12:41:05 -0500] "POST /forms/lservlet;jsessionid=ac16012b30d550ac9d288d6b4352aeeffbc10323bbfe.e3iSbxaKaheRe34Sa3yKbhiTahb0n6jAmljGr5XDqQLvpAe HTTP/1.1" 200 2
181.50.241.109 - - [12/Oct/2014:12:41:07 -0500] "POST /forms/lservlet;jsessionid=ac16012b30d550ac9d288d6b4352aeeffbc10323bbfe.e3iSbxaKaheRe34Sa3yKbhiTahb0n6jAmljGr5XDqQLvpAe HTTP/1.1" 200 2
181.50.241.109 - - [12/Oct/2014:12:41:07 -0500] "POST /forms/lservlet;jsessionid=ac16012b30d550ac9d288d6b4352aeeffbc10323bbfe.e3iSbxaKaheRe34Sa3yKbhiTahb0n6jAmljGr5XDqQLvpAe HTTP/1.1" 200 2917
181.50.241.109 - - [12/Oct/2014:12:41:08 -0500] "POST /forms/lservlet;jsessionid=ac16012b30d550ac9d288d6b4352aeeffbc10323bbfe.e3iSbxaKaheRe34Sa3yKbhiTahb0n6jAmljGr5XDqQLvpAe HTTP/1.1" 200 2
181.50.241.109 - - [12/Oct/2014:12:41:11 -0500] "POST /forms/lservlet;jsessionid=ac16012b30d550ac9d288d6b4352aeeffbc10323bbfe.e3iSbxaKaheRe34Sa3yKbhiTahb0n6jAmljGr5XDqQLvpAe HTTP/1.1" 200 2
181.50.241.109 - - [12/Oct/2014:12:41:11 -0500] "POST /forms/lservlet;jsessionid=ac16012b30d550ac9d288d6b4352aeeffbc10323bbfe.e3iSbxaKaheRe34Sa3yKbhiTahb0n6jAmljGr5XDqQLvpAe HTTP/1.1" 200 3008
181.50.241.109 - - [12/Oct/2014:12:41:11 -0500] "POST /forms/lservlet;jsessionid=ac16012b30d550ac9d288d6b4352aeeffbc10323bbfe.e3iSbxaKaheRe34Sa3yKbhiTahb0n6jAmljGr5XDqQLvpAe HTTP/1.1" 200 2
181.50.241.109 - - [12/Oct/2014:12:41:12 -0500] "POST /forms/lservlet;jsessionid=ac16012b30d550ac9d288d6b4352aeeffbc10323bbfe.e3iSbxaKaheRe34Sa3yKbhiTahb0n6jAmljGr5XDqQLvpAe HTTP/1.1" 200 2
181.50.241.109 - - [12/Oct/2014:12:41:12 -0500] "POST /forms/lservlet;jsessionid=ac16012b30d550ac9d288d6b4352aeeffbc10323bbfe.e3iSbxaKaheRe34Sa3yKbhiTahb0n6jAmljGr5XDqQLvpAe HTTP/1.1" 200 2630
66.249.79.67 - - [12/Oct/2014:12:41:13 -0500] "GET /BLA/resoluciones/RESOLUCIONES%202007/RES%202007%202601%20AL%202700/RESOLUCION%202624%20DE%202007.pdf HTTP/1.1" 200 268020
181.50.241.109 - - [12/Oct/2014:12:41:13 -0500] "POST /forms/lservlet;jsessionid=ac16012b30d550ac9d288d6b4352aeeffbc10323bbfe.e3iSbxaKaheRe34Sa3yKbhiTahb0n6jAmljGr5XDqQLvpAe HTTP/1.1" 200 2
181.50.241.109 - - [12/Oct/2014:12:41:13 -0500] "POST /forms/lservlet;jsessionid=ac16012b30d550ac9d288d6b4352aeeffbc10323bbfe.e3iSbxaKaheRe34Sa3yKbhiTahb0n6jAmljGr5XDqQLvpAe HTTP/1.1" 200 2
190.25.53.130 - - [12/Oct/2014:12:41:13 -0500] "GET /forest/css/escritorio.css?version=1408.271930 HTTP/1.1" 304 -
190.25.53.130 - - [12/Oct/2014:12:41:13 -0500] "GET /forest/css/autocomplete.css?version=1408.271930 HTTP/1.1" 304 -
190.25.53.130 - - [12/Oct/2014:12:41:13 -0500] "GET /forest/skins/gdocs-jar/css/tree.css?version=1408.271930 HTTP/1.1" 304 -
190.25.53.130 - - [12/Oct/2014:12:41:13 -0500] "GET /forest/js/internJS.js?version=1408.271930 HTTP/1.1" 304 -
190.25.53.130 - - [12/Oct/2014:12:41:13 -0500] "GET /forest/js/load_func.js?version=1408.271930 HTTP/1.1" 304 -
190.25.53.130 - - [12/Oct/2014:12:41:13 -0500] "GET /forest/js/dialog.js?version=1408.271930 HTTP/1.1" 304 -
190.25.53.130 - - [12/Oct/2014:12:41:13 -0500] "GET /forest/js/sarissa.js?version=1408.271930 HTTP/1.1" 304 -
190.25.53.130 - - [12/Oct/2014:12:41:13 -0500] "GET /forest/js/escritorio/escritorio.js?version=1408.271930 HTTP/1.1" 304 -
190.25.53.130 - - [12/Oct/2014:12:41:13 -0500] "GET /forest/js/autocompletar2.js?version=1408.271930 HTTP/1.1" 304 -
190.25.53.130 - - [12/Oct/2014:12:41:13 -0500] "GET /forest/1ibre/protoaculous.js?version=1408.271930 HTTP/1.1" 304 -
190.25.53.130 - - [12/Oct/2014:12:41:13 -0500] "GET /forest/1ibre/jscalendar/calendar.js?version=1408.271930 HTTP/1.1" 304 -
190.25.53.130 - - [12/Oct/2014:12:41:13 -0500] "GET /forest/1ibre/jscalendar/lang/calendar-es.js?version=1408.271930 HTTP/1.1" 304 -
190.25.53.130 - - [12/Oct/2014:12:41:13 -0500] "GET /forest/1ibre/jscalendar/calendar-setup.js?version=1408.271930 HTTP/1.1" 304 -
190.25.53.130 - - [12/Oct/2014:12:41:14 -0500] "GET /forest/1ibre/1ibre.js?version=1408.271930 HTTP/1.1" 304 -
190.25.53.130 - - [12/Oct/2014:12:41:14 -0500] "GET /forest/js/xml_utilities.js?version=1408.271930 HTTP/1.1" 304 -
181.50.241.109 - - [12/Oct/2014:12:41:13 -0500] "POST /forms/lservlet;jsessionid=ac16012b30d550ac9d288d6b4352aeeffbc10323bbfe.e3iSbxaKaheRe34Sa3yKbhiTahb0n6jAmljGr5XDqQLvpAe HTTP/1.1" 200 2311
186.144.252.190 - - [12/Oct/2014:12:41:14 -0500] "POST /forms/lservlet;jsessionid=ac16012b30d5b3a43a3d72a74a52af87cbc6b1534f72.e3iSbxaKaheRe34Sa3yKbhiTahb0n6jAmljGr5XDqQLvpAe HTTP/1.1" 200 2
181.50.241.109 - - [12/Oct/2014:12:41:14 -0500] "POST /forms/lservlet;jsessionid=ac16012b30d550ac9d288d6b4352aeeffbc10323bbfe.e3iSbxaKaheRe34Sa3yKbhiTahb0n6jAmljGr5XDqQLvpAe HTTP/1.1" 200 2
181.50.241.109 - - [12/Oct/2014:12:41:15 -0500] "POST /forms/lservlet;jsessionid=ac16012b30d550ac9d288d6b4352aeeffbc10323bbfe.e3iSbxaKaheRe34Sa3yKbhiTahb0n6jAmljGr5XDqQLvpAe HTTP/1.1" 200 2
190.25.53.130 - - [12/Oct/2014:12:41:13 -0500] "GET /forest/buscar.do HTTP/1.1" 200 96527
181.50.241.109 - - [12/Oct/2014:12:41:15 -0500] "POST /forms/lservlet;jsessionid=ac16012b30d550ac9d288d6b4352aeeffbc10323bbfe.e3iSbxaKaheRe34Sa3yKbhiTahb0n6jAmljGr5XDqQLvpAe HTTP/1.1" 200 2741
181.50.241.109 - - [12/Oct/2014:12:41:15 -0500] "POST /forms/lservlet;jsessionid=ac16012b30d550ac9d288d6b4352aeeffbc10323bbfe.e3iSbxaKaheRe34Sa3yKbhiTahb0n6jAmljGr5XDqQLvpAe HTTP/1.1" 200 2
190.25.53.130 - - [12/Oct/2014:12:41:15 -0500] "GET /forest/json.do?query=usersByDep&coddep=7019 HTTP/1.1" 200 750
190.25.53.130 - - [12/Oct/2014:12:41:16 -0500] "GET /forest/json.do?query=usersByDep&coddep=7019 HTTP/1.1" 200 750
181.50.241.109 - - [12/Oct/2014:12:41:17 -0500] "POST /forms/lservlet;jsessionid=ac16012b30d550ac9d288d6b4352aeeffbc10323bbfe.e3iSbxaKaheRe34Sa3yKbhiTahb0n6jAmljGr5XDqQLvpAe HTTP/1.1" 200 2
191.95.242.255 - - [12/Oct/2014:12:40:52 -0500] "GET /forest/js/jquery/css/jquery-ui-1.8.1.custom.css HTTP/1.1" 200 29141
181.50.241.109 - - [12/Oct/2014:12:41:17 -0500] "POST /forms/lservlet;jsessionid=ac16012b30d550ac9d288d6b4352aeeffbc10323bbfe.e3iSbxaKaheRe34Sa3yKbhiTahb0n6jAmljGr5XDqQLvpAe HTTP/1.1" 200 2917
181.50.241.109 - - [12/Oct/2014:12:41:18 -0500] "POST /forms/lservlet;jsessionid=ac16012b30d550ac9d288d6b4352aeeffbc10323bbfe.e3iSbxaKaheRe34Sa3yKbhiTahb0n6jAmljGr5XDqQLvpAe HTTP/1.1" 200 2
181.50.241.109 - - [12/Oct/2014:12:41:19 -0500] "POST /forms/lservlet;jsessionid=ac16012b30d550ac9d288d6b4352aeeffbc10323bbfe.e3iSbxaKaheRe34Sa3yKbhiTahb0n6jAmljGr5XDqQLvpAe HTTP/1.1" 200 2
181.50.241.109 - - [12/Oct/2014:12:41:19 -0500] "POST /forms/lservlet;jsessionid=ac16012b30d550ac9d288d6b4352aeeffbc10323bbfe.e3iSbxaKaheRe34Sa3yKbhiTahb0n6jAmljGr5XDqQLvpAe HTTP/1.1" 200 2825
181.50.241.109 - - [12/Oct/2014:12:41:19 -0500] "POST /forms/lservlet;jsessionid=ac16012b30d550ac9d288d6b4352aeeffbc10323bbfe.e3iSbxaKaheRe34Sa3yKbhiTahb0n6jAmljGr5XDqQLvpAe HTTP/1.1" 200 2
181.50.241.109 - - [12/Oct/2014:12:41:22 -0500] "POST /forms/lservlet;jsessionid=ac16012b30d550ac9d288d6b4352aeeffbc10323bbfe.e3iSbxaKaheRe34Sa3yKbhiTahb0n6jAmljGr5XDqQLvpAe HTTP/1.1" 200 2
190.25.53.130 - - [12/Oct/2014:12:41:22 -0500] "GET /forest/skins/gdocs-jar/popup/popup.jsp?width=1100&height=500&title=Buscar%20procesos&uri=/forest/buscar.do%3Ftype%3Dprocesos&name=undefined&_a=0.9491266479020417&a=0.8638618147813443 HTTP/1.1" 200 1175
181.50.241.109 - - [12/Oct/2014:12:41:22 -0500] "POST /forms/lservlet;jsessionid=ac16012b30d550ac9d288d6b4352aeeffbc10323bbfe.e3iSbxaKaheRe34Sa3yKbhiTahb0n6jAmljGr5XDqQLvpAe HTTP/1.1" 200 2661
181.50.241.109 - - [12/Oct/2014:12:41:23 -0500] "POST /forms/lservlet;jsessionid=ac16012b30d550ac9d288d6b4352aeeffbc10323bbfe.e3iSbxaKaheRe34Sa3yKbhiTahb0n6jAmljGr5XDqQLvpAe HTTP/1.1" 200 2
190.25.53.130 - - [12/Oct/2014:12:41:23 -0500] "GET /forest/css/escritorio.css?version=1408.271930 HTTP/1.1" 304 -
190.25.53.130 - - [12/Oct/2014:12:41:23 -0500] "GET /forest/css/autocomplete.css?version=1408.271930 HTTP/1.1" 304 -
190.25.53.130 - - [12/Oct/2014:12:41:23 -0500] "GET /forest/skins/gdocs-jar/css/tree.css?version=1408.271930 HTTP/1.1" 304 -
190.25.53.130 - - [12/Oct/2014:12:41:23 -0500] "GET /forest/js/sarissa.js?version=1408.271930 HTTP/1.1" 304 -
190.25.53.130 - - [12/Oct/2014:12:41:23 -0500] "GET /forest/js/internJS.js?version=1408.271930 HTTP/1.1" 304 -
190.25.53.130 - - [12/Oct/2014:12:41:23 -0500] "GET /forest/js/escritorio/escritorio.js?version=1408.271930 HTTP/1.1" 304 -
190.25.53.130 - - [12/Oct/2014:12:41:23 -0500] "GET /forest/js/load_func.js?version=1408.271930 HTTP/1.1" 304 -
190.25.53.130 - - [12/Oct/2014:12:41:23 -0500] "GET /forest/js/dialog.js?version=1408.271930 HTTP/1.1" 304 -
190.25.53.130 - - [12/Oct/2014:12:41:23 -0500] "GET /forest/js/autocompletar2.js?version=1408.271930 HTTP/1.1" 304 -
190.25.53.130 - - [12/Oct/2014:12:41:23 -0500] "GET /forest/1ibre/protoaculous.js?version=1408.271930 HTTP/1.1" 304 -
190.25.53.130 - - [12/Oct/2014:12:41:23 -0500] "GET /forest/1ibre/jscalendar/calendar.js?version=1408.271930 HTTP/1.1" 304 -
190.25.53.130 - - [12/Oct/2014:12:41:23 -0500] "GET /forest/1ibre/jscalendar/lang/calendar-es.js?version=1408.271930 HTTP/1.1" 304 -
190.25.53.130 - - [12/Oct/2014:12:41:23 -0500] "GET /forest/1ibre/jscalendar/calendar-setup.js?version=1408.271930 HTTP/1.1" 304 -
190.25.53.130 - - [12/Oct/2014:12:41:24 -0500] "GET /forest/1ibre/1ibre.js?version=1408.271930 HTTP/1.1" 304 -
190.25.53.130 - - [12/Oct/2014:12:41:24 -0500] "GET /forest/js/xml_utilities.js?version=1408.271930 HTTP/1.1" 304 -
190.25.53.130 - - [12/Oct/2014:12:41:22 -0500] "GET /forest/buscar.do?type=procesos HTTP/1.1" 200 96535
181.50.241.109 - - [12/Oct/2014:12:41:24 -0500] "POST /forms/lservlet;jsessionid=ac16012b30d550ac9d288d6b4352aeeffbc10323bbfe.e3iSbxaKaheRe34Sa3yKbhiTahb0n6jAmljGr5XDqQLvpAe HTTP/1.1" 200 2
181.50.241.109 - - [12/Oct/2014:12:41:24 -0500] "POST /forms/lservlet;jsessionid=ac16012b30d550ac9d288d6b4352aeeffbc10323bbfe.e3iSbxaKaheRe34Sa3yKbhiTahb0n6jAmljGr5XDqQLvpAe HTTP/1.1" 200 2858
181.50.241.109 - - [12/Oct/2014:12:41:25 -0500] "POST /forms/lservlet;jsessionid=ac16012b30d550ac9d288d6b4352aeeffbc10323bbfe.e3iSbxaKaheRe34Sa3yKbhiTahb0n6jAmljGr5XDqQLvpAe HTTP/1.1" 200 2
190.25.53.130 - - [12/Oct/2014:12:41:25 -0500] "GET /forest/json.do?query=usersByDep&coddep=7019 HTTP/1.1" 200 750
190.25.53.130 - - [12/Oct/2014:12:41:25 -0500] "GET /forest/json.do?query=usersByDep&coddep=7019 HTTP/1.1" 200 750
181.50.241.109 - - [12/Oct/2014:12:41:28 -0500] "POST /forms/lservlet;jsessionid=ac16012b30d550ac9d288d6b4352aeeffbc10323bbfe.e3iSbxaKaheRe34Sa3yKbhiTahb0n6jAmljGr5XDqQLvpAe HTTP/1.1" 200 2
181.50.241.109 - - [12/Oct/2014:12:41:28 -0500] "POST /forms/lservlet;jsessionid=ac16012b30d550ac9d288d6b4352aeeffbc10323bbfe.e3iSbxaKaheRe34Sa3yKbhiTahb0n6jAmljGr5XDqQLvpAe HTTP/1.1" 200 3217
181.50.241.109 - - [12/Oct/2014:12:41:29 -0500] "POST /forms/lservlet;jsessionid=ac16012b30d550ac9d288d6b4352aeeffbc10323bbfe.e3iSbxaKaheRe34Sa3yKbhiTahb0n6jAmljGr5XDqQLvpAe HTTP/1.1" 200 2
191.95.242.255 - - [12/Oct/2014:12:41:29 -0500] "GET /forest/js/jquery/plugins/jquery.contextmenu.js HTTP/1.1" 200 4443
191.95.242.255 - - [12/Oct/2014:12:41:29 -0500] "GET /forest/js/jquery/plugins/grid.setcolumns.js HTTP/1.1" 200 5638
74.86.158.107 - - [12/Oct/2014:12:41:31 -0500] "HEAD / HTTP/1.1" 302 -
191.95.242.255 - - [12/Oct/2014:12:41:28 -0500] "GET /forest/js/jquery/plugins/jquery.tablednd.js HTTP/1.1" 200 17091
190.25.53.130 - - [12/Oct/2014:12:41:35 -0500] "POST /forest/buscar.do? HTTP/1.1" 200 5150
181.50.241.109 - - [12/Oct/2014:12:41:35 -0500] "POST /forms/lservlet;jsessionid=ac16012b30d550ac9d288d6b4352aeeffbc10323bbfe.e3iSbxaKaheRe34Sa3yKbhiTahb0n6jAmljGr5XDqQLvpAe HTTP/1.1" 200 2
181.50.241.109 - - [12/Oct/2014:12:41:35 -0500] "POST /forms/lservlet;jsessionid=ac16012b30d550ac9d288d6b4352aeeffbc10323bbfe.e3iSbxaKaheRe34Sa3yKbhiTahb0n6jAmljGr5XDqQLvpAe HTTP/1.1" 200 2694
181.50.241.109 - - [12/Oct/2014:12:41:36 -0500] "POST /forms/lservlet;jsessionid=ac16012b30d550ac9d288d6b4352aeeffbc10323bbfe.e3iSbxaKaheRe34Sa3yKbhiTahb0n6jAmljGr5XDqQLvpAe HTTP/1.1" 200 2
181.50.241.109 - - [12/Oct/2014:12:41:37 -0500] "POST /forms/lservlet;jsessionid=ac16012b30d550ac9d288d6b4352aeeffbc10323bbfe.e3iSbxaKaheRe34Sa3yKbhiTahb0n6jAmljGr5XDqQLvpAe HTTP/1.1" 200 2
181.50.241.109 - - [12/Oct/2014:12:41:37 -0500] "POST /forms/lservlet;jsessionid=ac16012b30d550ac9d288d6b4352aeeffbc10323bbfe.e3iSbxaKaheRe34Sa3yKbhiTahb0n6jAmljGr5XDqQLvpAe HTTP/1.1" 200 2025
181.50.241.109 - - [12/Oct/2014:12:41:38 -0500] "POST /forms/lservlet;jsessionid=ac16012b30d550ac9d288d6b4352aeeffbc10323bbfe.e3iSbxaKaheRe34Sa3yKbhiTahb0n6jAmljGr5XDqQLvpAe HTTP/1.1" 200 2
190.25.53.130 - - [12/Oct/2014:12:41:38 -0500] "GET /forest/session.jsp?a=0.1597053055319636 HTTP/1.1" 200 4
191.95.242.255 - - [12/Oct/2014:12:41:30 -0500] "GET /forest/js/jqGridConf.js HTTP/1.1" 200 19506
181.50.241.109 - - [12/Oct/2014:12:41:38 -0500] "POST /forms/lservlet;jsessionid=ac16012b30d550ac9d288d6b4352aeeffbc10323bbfe.e3iSbxaKaheRe34Sa3yKbhiTahb0n6jAmljGr5XDqQLvpAe HTTP/1.1" 200 2
190.25.53.130 - - [12/Oct/2014:12:41:39 -0500] "GET /forest/skins/gdocs-jar/popup/popup.jsp?width=900&height=600&title=Informaci%F3n%20de%20proceso&uri=/forest/system/process.jsp%3FnumPro%3D2492733&name=undefined&_a=0.4935366477229729&a=0.32127386356052856 HTTP/1.1" 200 1191
181.50.241.109 - - [12/Oct/2014:12:41:38 -0500] "POST /forms/lservlet;jsessionid=ac16012b30d550ac9d288d6b4352aeeffbc10323bbfe.e3iSbxaKaheRe34Sa3yKbhiTahb0n6jAmljGr5XDqQLvpAe HTTP/1.1" 200 3114
181.50.241.109 - - [12/Oct/2014:12:41:39 -0500] "POST /forms/lservlet;jsessionid=ac16012b30d550ac9d288d6b4352aeeffbc10323bbfe.e3iSbxaKaheRe34Sa3yKbhiTahb0n6jAmljGr5XDqQLvpAe HTTP/1.1" 200 2
181.50.241.109 - - [12/Oct/2014:12:41:40 -0500] "POST /forms/lservlet;jsessionid=ac16012b30d550ac9d288d6b4352aeeffbc10323bbfe.e3iSbxaKaheRe34Sa3yKbhiTahb0n6jAmljGr5XDqQLvpAe HTTP/1.1" 200 2
181.50.241.109 - - [12/Oct/2014:12:41:40 -0500] "POST /forms/lservlet;jsessionid=ac16012b30d550ac9d288d6b4352aeeffbc10323bbfe.e3iSbxaKaheRe34Sa3yKbhiTahb0n6jAmljGr5XDqQLvpAe HTTP/1.1" 200 2837
181.50.241.109 - - [12/Oct/2014:12:41:40 -0500] "POST /forms/lservlet;jsessionid=ac16012b30d550ac9d288d6b4352aeeffbc10323bbfe.e3iSbxaKaheRe34Sa3yKbhiTahb0n6jAmljGr5XDqQLvpAe HTTP/1.1" 200 2
181.50.241.109 - - [12/Oct/2014:12:41:41 -0500] "POST /forms/lservlet;jsessionid=ac16012b30d550ac9d288d6b4352aeeffbc10323bbfe.e3iSbxaKaheRe34Sa3yKbhiTahb0n6jAmljGr5XDqQLvpAe HTTP/1.1" 200 2
191.95.242.255 - - [12/Oct/2014:12:41:32 -0500] "GET /forest/js/jquery/plugins/jquery.searchFilter.js HTTP/1.1" 200 37785
181.50.241.109 - - [12/Oct/2014:12:41:41 -0500] "POST /forms/lservlet;jsessionid=ac16012b30d550ac9d288d6b4352aeeffbc10323bbfe.e3iSbxaKaheRe34Sa3yKbhiTahb0n6jAmljGr5XDqQLvpAe HTTP/1.1" 200 2571
190.25.53.130 - - [12/Oct/2014:12:41:39 -0500] "GET /forest/system/process.jsp?numPro=2492733 HTTP/1.1" 200 82489
181.50.241.109 - - [12/Oct/2014:12:41:42 -0500] "POST /forms/lservlet;jsessionid=ac16012b30d550ac9d288d6b4352aeeffbc10323bbfe.e3iSbxaKaheRe34Sa3yKbhiTahb0n6jAmljGr5XDqQLvpAe HTTP/1.1" 200 2
181.50.241.109 - - [12/Oct/2014:12:41:43 -0500] "POST /forms/lservlet;jsessionid=ac16012b30d550ac9d288d6b4352aeeffbc10323bbfe.e3iSbxaKaheRe34Sa3yKbhiTahb0n6jAmljGr5XDqQLvpAe HTTP/1.1" 200 2
181.50.241.109 - - [12/Oct/2014:12:41:43 -0500] "POST /forms/lservlet;jsessionid=ac16012b30d550ac9d288d6b4352aeeffbc10323bbfe.e3iSbxaKaheRe34Sa3yKbhiTahb0n6jAmljGr5XDqQLvpAe HTTP/1.1" 200 2950
181.50.241.109 - - [12/Oct/2014:12:41:44 -0500] "POST /forms/lservlet;jsessionid=ac16012b30d550ac9d288d6b4352aeeffbc10323bbfe.e3iSbxaKaheRe34Sa3yKbhiTahb0n6jAmljGr5XDqQLvpAe HTTP/1.1" 200 2
181.50.241.109 - - [12/Oct/2014:12:41:44 -0500] "POST /forms/lservlet;jsessionid=ac16012b30d550ac9d288d6b4352aeeffbc10323bbfe.e3iSbxaKaheRe34Sa3yKbhiTahb0n6jAmljGr5XDqQLvpAe HTTP/1.1" 200 2
181.50.241.109 - - [12/Oct/2014:12:41:44 -0500] "POST /forms/lservlet;jsessionid=ac16012b30d550ac9d288d6b4352aeeffbc10323bbfe.e3iSbxaKaheRe34Sa3yKbhiTahb0n6jAmljGr5XDqQLvpAe HTTP/1.1" 200 2961
181.50.241.109 - - [12/Oct/2014:12:41:45 -0500] "POST /forms/lservlet;jsessionid=ac16012b30d550ac9d288d6b4352aeeffbc10323bbfe.e3iSbxaKaheRe34Sa3yKbhiTahb0n6jAmljGr5XDqQLvpAe HTTP/1.1" 200 2
190.25.53.130 - - [12/Oct/2014:12:41:45 -0500] "GET /forest/documentos/1596161/2013EE007434.doc HTTP/1.1" 200 231936
181.50.241.109 - - [12/Oct/2014:12:41:49 -0500] "POST /forms/lservlet;jsessionid=ac16012b30d550ac9d288d6b4352aeeffbc10323bbfe.e3iSbxaKaheRe34Sa3yKbhiTahb0n6jAmljGr5XDqQLvpAe HTTP/1.1" 200 2
181.50.241.109 - - [12/Oct/2014:12:41:49 -0500] "POST /forms/lservlet;jsessionid=ac16012b30d550ac9d288d6b4352aeeffbc10323bbfe.e3iSbxaKaheRe34Sa3yKbhiTahb0n6jAmljGr5XDqQLvpAe HTTP/1.1" 200 3141
181.50.241.109 - - [12/Oct/2014:12:41:49 -0500] "POST /forms/lservlet;jsessionid=ac16012b30d550ac9d288d6b4352aeeffbc10323bbfe.e3iSbxaKaheRe34Sa3yKbhiTahb0n6jAmljGr5XDqQLvpAe HTTP/1.1" 200 2
186.28.162.180 - - [12/Oct/2014:12:41:53 -0500] "GET /BLA/boletinlegal/js/jquery.js HTTP/1.1" 200 57254
186.28.162.180 - - [12/Oct/2014:12:41:53 -0500] "GET /BLA/boletinlegal/js/jquery.scrollTo-min.js HTTP/1.1" 200 1150
186.28.162.180 - - [12/Oct/2014:12:41:53 -0500] "GET /BLA/boletinlegal/js/jquery.scrollShow.js HTTP/1.1" 200 4586
181.50.241.109 - - [12/Oct/2014:12:41:53 -0500] "POST /forms/lservlet;jsessionid=ac16012b30d550ac9d288d6b4352aeeffbc10323bbfe.e3iSbxaKaheRe34Sa3yKbhiTahb0n6jAmljGr5XDqQLvpAe HTTP/1.1" 200 2
181.50.241.109 - - [12/Oct/2014:12:41:53 -0500] "POST /forms/lservlet;jsessionid=ac16012b30d550ac9d288d6b4352aeeffbc10323bbfe.e3iSbxaKaheRe34Sa3yKbhiTahb0n6jAmljGr5XDqQLvpAe HTTP/1.1" 200 3514
181.50.241.109 - - [12/Oct/2014:12:41:54 -0500] "POST /forms/lservlet;jsessionid=ac16012b30d550ac9d288d6b4352aeeffbc10323bbfe.e3iSbxaKaheRe34Sa3yKbhiTahb0n6jAmljGr5XDqQLvpAe HTTP/1.1" 200 2
181.50.241.109 - - [12/Oct/2014:12:41:55 -0500] "POST /forms/lservlet;jsessionid=ac16012b30d550ac9d288d6b4352aeeffbc10323bbfe.e3iSbxaKaheRe34Sa3yKbhiTahb0n6jAmljGr5XDqQLvpAe HTTP/1.1" 200 2
181.50.241.109 - - [12/Oct/2014:12:41:55 -0500] "POST /forms/lservlet;jsessionid=ac16012b30d550ac9d288d6b4352aeeffbc10323bbfe.e3iSbxaKaheRe34Sa3yKbhiTahb0n6jAmljGr5XDqQLvpAe HTTP/1.1" 200 2873
