181.48.210.234 - - [14/Oct/2014:08:50:52 -0500] "GET /galeria/nivo-slider/demo/scripts/jquery-1.7.1.min.js HTTP/1.1" 200 93868
181.48.210.234 - - [14/Oct/2014:08:50:52 -0500] "GET /galeria/nivo-slider/demo/images/banner-Animal.jpg HTTP/1.1" 200 257223
181.48.210.234 - - [14/Oct/2014:08:50:52 -0500] "GET /galeria/nivo-slider/demo/images/Tingua-azul.jpg HTTP/1.1" 200 307638
181.48.210.234 - - [14/Oct/2014:08:50:53 -0500] "GET /galeria/nivo-slider/demo/images/Banner-Caracol-Africano.jpg HTTP/1.1" 200 331986
181.48.210.234 - - [14/Oct/2014:08:50:53 -0500] "GET /galeria/nivo-slider/demo/images/9Signos.jpg HTTP/1.1" 200 93040
181.48.210.234 - - [14/Oct/2014:08:50:53 -0500] "GET /galeria/nivo-slider/demo/images/banner-encuesta.jpg HTTP/1.1" 200 42764
181.48.210.234 - - [14/Oct/2014:08:50:53 -0500] "GET /galeria/nivo-slider/demo/images/banner-llantas2.jpg HTTP/1.1" 200 73153
181.48.210.234 - - [14/Oct/2014:08:50:53 -0500] "GET /galeria/nivo-slider/demo/images/banner-caballos.png HTTP/1.1" 200 389106
181.48.210.234 - - [14/Oct/2014:08:50:53 -0500] "GET /galeria/nivo-slider/demo/images/ConstructorasFNL.jpg HTTP/1.1" 200 216551
181.48.210.234 - - [14/Oct/2014:08:50:53 -0500] "GET /galeria/nivo-slider/demo/images/Hacienda_Molinos.jpg HTTP/1.1" 200 319171
181.48.210.234 - - [14/Oct/2014:08:50:54 -0500] "GET /galeria/nivo-slider/demo/images/4Simple_Slider.png HTTP/1.1" 200 11722
181.48.210.234 - - [14/Oct/2014:08:50:54 -0500] "GET /galeria/nivo-slider/themes/default/loading.gif HTTP/1.1" 200 1737
181.48.210.234 - - [14/Oct/2014:08:50:54 -0500] "GET /galeria/nivo-slider/demo/images/bannerEcolecta3.jpg HTTP/1.1" 200 280034
66.249.79.75 - - [14/Oct/2014:08:50:54 -0500] "GET /BLA/resoluciones/AUTOS%202011/3243.pdf HTTP/1.1" 200 285337
181.48.210.234 - - [14/Oct/2014:08:50:55 -0500] "GET /galeria/nivo-slider/themes/default/arrows.png HTTP/1.1" 200 824
181.48.210.234 - - [14/Oct/2014:08:50:55 -0500] "GET /galeria/nivo-slider/themes/default/bullets.png HTTP/1.1" 200 1281
186.29.170.77 - - [14/Oct/2014:08:50:55 -0500] "POST /forms/lservlet;jsessionid=ac16012b30d5c405f743481b40798c53b9d89f55fce7.e3iSbxaKaheRe34Sa3yKbhiTahb0n6jAmljGr5XDqQLvpAe HTTP/1.1" 200 40
186.29.170.77 - - [14/Oct/2014:08:50:56 -0500] "POST /forms/lservlet;jsessionid=ac16012b30d5c405f743481b40798c53b9d89f55fce7.e3iSbxaKaheRe34Sa3yKbhiTahb0n6jAmljGr5XDqQLvpAe HTTP/1.1" 200 8
186.29.170.77 - - [14/Oct/2014:08:50:56 -0500] "POST /forms/lservlet;jsessionid=ac16012b30d5c405f743481b40798c53b9d89f55fce7.e3iSbxaKaheRe34Sa3yKbhiTahb0n6jAmljGr5XDqQLvpAe HTTP/1.1" 200 2
181.48.210.234 - - [14/Oct/2014:08:50:56 -0500] "GET /videos/Spot_Tinguas.flv HTTP/1.1" 200 2087054
201.245.192.253 - - [14/Oct/2014:08:50:43 -0500] "GET /forest/parameter?action=listRpts&a=0.9445575862191617 HTTP/1.1" 200 -
186.84.48.69 - - [14/Oct/2014:08:50:57 -0500] "POST /forms/lservlet;jsessionid=ac16012b30d55ad09f4d765b41bfba089854480ed155.e3iSbxaKaheRe34Sa3yKbhiTahb0n6jAmljGr5XDqQLvpAe HTTP/1.1" 200 2
186.29.170.77 - - [14/Oct/2014:08:50:59 -0500] "POST /forms/lservlet;jsessionid=ac16012b30d5c405f743481b40798c53b9d89f55fce7.e3iSbxaKaheRe34Sa3yKbhiTahb0n6jAmljGr5XDqQLvpAe HTTP/1.1" 200 24
186.29.170.77 - - [14/Oct/2014:08:50:59 -0500] "POST /forms/lservlet;jsessionid=ac16012b30d5c405f743481b40798c53b9d89f55fce7.e3iSbxaKaheRe34Sa3yKbhiTahb0n6jAmljGr5XDqQLvpAe HTTP/1.1" 200 14
186.29.170.77 - - [14/Oct/2014:08:51:00 -0500] "POST /forms/lservlet;jsessionid=ac16012b30d5c405f743481b40798c53b9d89f55fce7.e3iSbxaKaheRe34Sa3yKbhiTahb0n6jAmljGr5XDqQLvpAe HTTP/1.1" 200 14
186.29.170.77 - - [14/Oct/2014:08:51:01 -0500] "POST /forms/lservlet;jsessionid=ac16012b30d5c405f743481b40798c53b9d89f55fce7.e3iSbxaKaheRe34Sa3yKbhiTahb0n6jAmljGr5XDqQLvpAe HTTP/1.1" 200 4317
186.29.170.77 - - [14/Oct/2014:08:51:02 -0500] "POST /forms/lservlet;jsessionid=ac16012b30d5c405f743481b40798c53b9d89f55fce7.e3iSbxaKaheRe34Sa3yKbhiTahb0n6jAmljGr5XDqQLvpAe HTTP/1.1" 200 20
66.249.79.83 - - [14/Oct/2014:08:51:05 -0500] "GET /BLA/resoluciones/RESOLUCIONES%202007/RES%202007%20101%20AL%20200/RESOLUCION%200101%20DE%202007.pdf HTTP/1.1" 200 287146
186.29.170.77 - - [14/Oct/2014:08:51:05 -0500] "POST /forms/lservlet;jsessionid=ac16012b30d5c405f743481b40798c53b9d89f55fce7.e3iSbxaKaheRe34Sa3yKbhiTahb0n6jAmljGr5XDqQLvpAe HTTP/1.1" 200 60
186.29.170.77 - - [14/Oct/2014:08:51:08 -0500] "POST /forms/lservlet;jsessionid=ac16012b30d5c405f743481b40798c53b9d89f55fce7.e3iSbxaKaheRe34Sa3yKbhiTahb0n6jAmljGr5XDqQLvpAe HTTP/1.1" 200 51
186.29.170.77 - - [14/Oct/2014:08:51:09 -0500] "POST /forms/lservlet;jsessionid=ac16012b30d5c405f743481b40798c53b9d89f55fce7.e3iSbxaKaheRe34Sa3yKbhiTahb0n6jAmljGr5XDqQLvpAe HTTP/1.1" 200 54
201.245.192.253 - - [14/Oct/2014:08:51:10 -0500] "GET /BLA/boletinlegal/js/jquery.js HTTP/1.1" 200 57254
201.245.192.253 - - [14/Oct/2014:08:51:10 -0500] "GET /BLA/boletinlegal/js/jquery.scrollTo-min.js HTTP/1.1" 200 1150
201.245.192.253 - - [14/Oct/2014:08:51:10 -0500] "GET /BLA/boletinlegal/js/jquery.scrollShow.js HTTP/1.1" 200 4586
201.245.192.253 - - [14/Oct/2014:08:51:10 -0500] "GET /galeria/carrusel/Carrusel/jquery.thumbnailScroller.css HTTP/1.1" 200 2066
201.245.192.253 - - [14/Oct/2014:08:51:10 -0500] "GET /galeria/carrusel/Carrusel/jquery-ui-1.8.13.custom.min.js HTTP/1.1" 200 10800
201.245.192.253 - - [14/Oct/2014:08:51:10 -0500] "GET /galeria/carrusel/Carrusel/jquery.thumbnailScroller.js HTTP/1.1" 200 8157
201.245.192.253 - - [14/Oct/2014:08:51:11 -0500] "GET /galeria/nivo-slider/demo/demo.html HTTP/1.1" 200 3315
201.245.192.253 - - [14/Oct/2014:08:51:11 -0500] "GET /galeria/nivo-slider/themes/orman/orman.css HTTP/1.1" 200 2152
201.245.192.253 - - [14/Oct/2014:08:51:11 -0500] "GET /galeria/nivo-slider/themes/default/default.css HTTP/1.1" 200 1569
201.245.192.253 - - [14/Oct/2014:08:51:11 -0500] "GET /galeria/nivo-slider/demo/images/Hacienda_Molinos.jpg HTTP/1.1" 200 319171
201.245.192.253 - - [14/Oct/2014:08:51:11 -0500] "GET /galeria/nivo-slider/demo/images/banner-llantas2.jpg HTTP/1.1" 200 73153
201.245.192.253 - - [14/Oct/2014:08:51:11 -0500] "GET /galeria/nivo-slider/demo/images/banner-caballos.png HTTP/1.1" 200 389106
201.245.192.253 - - [14/Oct/2014:08:51:11 -0500] "GET /galeria/nivo-slider/demo/images/EncuentroAgua1.jpg HTTP/1.1" 200 274179
201.245.192.253 - - [14/Oct/2014:08:51:11 -0500] "GET /galeria/nivo-slider/demo/images/bannerEcolecta3.jpg HTTP/1.1" 200 280034
201.245.192.253 - - [14/Oct/2014:08:51:11 -0500] "GET /galeria/nivo-slider/demo/images/banner-encuesta.jpg HTTP/1.1" 200 42764
201.245.192.253 - - [14/Oct/2014:08:51:11 -0500] "GET /galeria/nivo-slider/demo/style.css HTTP/1.1" 200 2222
201.245.192.253 - - [14/Oct/2014:08:51:11 -0500] "GET /galeria/nivo-slider/demo/images/9Signos.jpg HTTP/1.1" 200 93040
201.245.192.253 - - [14/Oct/2014:08:51:11 -0500] "GET /galeria/nivo-slider/demo/images/Tingua-azul.jpg HTTP/1.1" 200 307638
201.245.192.253 - - [14/Oct/2014:08:51:11 -0500] "GET /galeria/nivo-slider/themes/pascal/pascal.css HTTP/1.1" 200 2258
201.245.192.253 - - [14/Oct/2014:08:51:11 -0500] "GET /galeria/nivo-slider/demo/images/ConstructorasFNL.jpg HTTP/1.1" 200 216551
201.245.192.253 - - [14/Oct/2014:08:51:11 -0500] "GET /galeria/nivo-slider/demo/images/Banner-Caracol-Africano.jpg HTTP/1.1" 200 331986
201.245.192.253 - - [14/Oct/2014:08:51:11 -0500] "GET /galeria/nivo-slider/demo/images/banner-Animal.jpg HTTP/1.1" 200 257223
201.245.192.253 - - [14/Oct/2014:08:51:11 -0500] "GET /galeria/nivo-slider/demo/scripts/jquery-1.7.1.min.js HTTP/1.1" 200 93868
201.245.192.253 - - [14/Oct/2014:08:51:11 -0500] "GET /galeria/nivo-slider/jquery.nivo.slider.pack.js HTTP/1.1" 200 11561
201.245.192.253 - - [14/Oct/2014:08:51:11 -0500] "GET /galeria/nivo-slider/nivo-slider.css HTTP/1.1" 200 1507
201.245.192.253 - - [14/Oct/2014:08:51:12 -0500] "GET /galeria/nivo-slider/themes/default/loading.gif HTTP/1.1" 200 1737
201.245.192.253 - - [14/Oct/2014:08:51:12 -0500] "GET /galeria/nivo-slider/demo/images/4Simple_Slider.png HTTP/1.1" 200 11722
100.43.85.25 - - [14/Oct/2014:08:51:12 -0500] "GET /counter/demo.php?digit=break3 HTTP/1.1" 404 1019
66.249.79.75 - - [14/Oct/2014:08:51:13 -0500] "GET /BLA/resoluciones/RESOLUCIONES%202008/3341.pdf HTTP/1.1" 200 233653
186.29.170.77 - - [14/Oct/2014:08:51:14 -0500] "POST /forms/lservlet;jsessionid=ac16012b30d5c405f743481b40798c53b9d89f55fce7.e3iSbxaKaheRe34Sa3yKbhiTahb0n6jAmljGr5XDqQLvpAe HTTP/1.1" 200 51
201.245.192.253 - - [14/Oct/2014:08:51:14 -0500] "GET /galeria/nivo-slider/themes/default/bullets.png HTTP/1.1" 200 1281
201.245.192.253 - - [14/Oct/2014:08:51:14 -0500] "GET /galeria/nivo-slider/themes/default/arrows.png HTTP/1.1" 200 824
186.29.170.77 - - [14/Oct/2014:08:51:14 -0500] "POST /forms/lservlet;jsessionid=ac16012b30d5c405f743481b40798c53b9d89f55fce7.e3iSbxaKaheRe34Sa3yKbhiTahb0n6jAmljGr5XDqQLvpAe HTTP/1.1" 200 2
186.29.170.77 - - [14/Oct/2014:08:51:15 -0500] "POST /forms/lservlet;jsessionid=ac16012b30d5c405f743481b40798c53b9d89f55fce7.e3iSbxaKaheRe34Sa3yKbhiTahb0n6jAmljGr5XDqQLvpAe HTTP/1.1" 200 2537
186.29.170.77 - - [14/Oct/2014:08:51:15 -0500] "POST /forms/lservlet;jsessionid=ac16012b30d5c405f743481b40798c53b9d89f55fce7.e3iSbxaKaheRe34Sa3yKbhiTahb0n6jAmljGr5XDqQLvpAe HTTP/1.1" 200 2
186.29.170.77 - - [14/Oct/2014:08:51:16 -0500] "POST /forms/lservlet;jsessionid=ac16012b30d5c405f743481b40798c53b9d89f55fce7.e3iSbxaKaheRe34Sa3yKbhiTahb0n6jAmljGr5XDqQLvpAe HTTP/1.1" 200 2
201.245.192.253 - - [14/Oct/2014:08:51:07 -0500] "GET /forest/parameter?action=listRpts&a=0.7720639656763524 HTTP/1.1" 200 -
186.29.170.77 - - [14/Oct/2014:08:51:16 -0500] "POST /forms/lservlet;jsessionid=ac16012b30d5c405f743481b40798c53b9d89f55fce7.e3iSbxaKaheRe34Sa3yKbhiTahb0n6jAmljGr5XDqQLvpAe HTTP/1.1" 200 3213
186.29.170.77 - - [14/Oct/2014:08:51:17 -0500] "POST /forms/lservlet;jsessionid=ac16012b30d5c405f743481b40798c53b9d89f55fce7.e3iSbxaKaheRe34Sa3yKbhiTahb0n6jAmljGr5XDqQLvpAe HTTP/1.1" 200 2
201.245.192.253 - - [14/Oct/2014:08:51:17 -0500] "GET /forest/session.jsp?a=0.38072552920119695 HTTP/1.1" 200 4
186.29.170.77 - - [14/Oct/2014:08:51:20 -0500] "POST /forms/lservlet;jsessionid=ac16012b30d5c405f743481b40798c53b9d89f55fce7.e3iSbxaKaheRe34Sa3yKbhiTahb0n6jAmljGr5XDqQLvpAe HTTP/1.1" 200 62
200.35.58.41 - - [14/Oct/2014:08:51:20 -0500] "GET /BLA/resoluciones/RESOLUCIONES%202007/RES%202007%201501%20AL%201600/RESOLUCION%201575%20DE%202007.pdf HTTP/1.0" 200 680956
66.249.79.83 - - [14/Oct/2014:08:51:21 -0500] "GET /BLA/resoluciones/RESOLUCIONES%202008/0136.pdf HTTP/1.1" 200 285034
186.29.170.77 - - [14/Oct/2014:08:51:24 -0500] "POST /forms/lservlet;jsessionid=ac16012b30d5c405f743481b40798c53b9d89f55fce7.e3iSbxaKaheRe34Sa3yKbhiTahb0n6jAmljGr5XDqQLvpAe HTTP/1.1" 200 51
180.76.6.137 - - [14/Oct/2014:08:51:25 -0500] "GET /BLA/resoluciones/AUTOS%202007/2345.pdf HTTP/1.1" 200 596321
186.29.170.77 - - [14/Oct/2014:08:51:26 -0500] "POST /forms/lservlet;jsessionid=ac16012b30d5c405f743481b40798c53b9d89f55fce7.e3iSbxaKaheRe34Sa3yKbhiTahb0n6jAmljGr5XDqQLvpAe HTTP/1.1" 200 2
74.86.158.107 - - [14/Oct/2014:08:51:26 -0500] "HEAD / HTTP/1.1" 302 -
186.29.170.77 - - [14/Oct/2014:08:51:26 -0500] "POST /forms/lservlet;jsessionid=ac16012b30d5c405f743481b40798c53b9d89f55fce7.e3iSbxaKaheRe34Sa3yKbhiTahb0n6jAmljGr5XDqQLvpAe HTTP/1.1" 200 2907
186.29.170.77 - - [14/Oct/2014:08:51:27 -0500] "POST /forms/lservlet;jsessionid=ac16012b30d5c405f743481b40798c53b9d89f55fce7.e3iSbxaKaheRe34Sa3yKbhiTahb0n6jAmljGr5XDqQLvpAe HTTP/1.1" 200 2
186.29.170.77 - - [14/Oct/2014:08:51:30 -0500] "POST /forms/lservlet;jsessionid=ac16012b30d5c405f743481b40798c53b9d89f55fce7.e3iSbxaKaheRe34Sa3yKbhiTahb0n6jAmljGr5XDqQLvpAe HTTP/1.1" 200 2
66.249.79.67 - - [14/Oct/2014:08:51:30 -0500] "GET /Residuos/impresion/files/search/search70.xml HTTP/1.1" 404 1018
186.29.170.77 - - [14/Oct/2014:08:51:30 -0500] "POST /forms/lservlet;jsessionid=ac16012b30d5c405f743481b40798c53b9d89f55fce7.e3iSbxaKaheRe34Sa3yKbhiTahb0n6jAmljGr5XDqQLvpAe HTTP/1.1" 200 3055
186.29.170.77 - - [14/Oct/2014:08:51:30 -0500] "POST /forms/lservlet;jsessionid=ac16012b30d5c405f743481b40798c53b9d89f55fce7.e3iSbxaKaheRe34Sa3yKbhiTahb0n6jAmljGr5XDqQLvpAe HTTP/1.1" 200 2
186.29.170.77 - - [14/Oct/2014:08:51:32 -0500] "POST /forms/lservlet;jsessionid=ac16012b30d5c405f743481b40798c53b9d89f55fce7.e3iSbxaKaheRe34Sa3yKbhiTahb0n6jAmljGr5XDqQLvpAe HTTP/1.1" 200 2
186.29.170.77 - - [14/Oct/2014:08:51:32 -0500] "POST /forms/lservlet;jsessionid=ac16012b30d5c405f743481b40798c53b9d89f55fce7.e3iSbxaKaheRe34Sa3yKbhiTahb0n6jAmljGr5XDqQLvpAe HTTP/1.1" 200 3874
186.29.170.77 - - [14/Oct/2014:08:51:33 -0500] "POST /forms/lservlet;jsessionid=ac16012b30d5c405f743481b40798c53b9d89f55fce7.e3iSbxaKaheRe34Sa3yKbhiTahb0n6jAmljGr5XDqQLvpAe HTTP/1.1" 200 2
201.245.192.253 - - [14/Oct/2014:08:51:27 -0500] "GET /forest/parameter?action=listRpts&a=0.9138307177927345 HTTP/1.1" 200 -
186.29.170.77 - - [14/Oct/2014:08:51:34 -0500] "POST /forms/lservlet;jsessionid=ac16012b30d5c405f743481b40798c53b9d89f55fce7.e3iSbxaKaheRe34Sa3yKbhiTahb0n6jAmljGr5XDqQLvpAe HTTP/1.1" 200 2
186.29.170.77 - - [14/Oct/2014:08:51:35 -0500] "POST /forms/lservlet;jsessionid=ac16012b30d5c405f743481b40798c53b9d89f55fce7.e3iSbxaKaheRe34Sa3yKbhiTahb0n6jAmljGr5XDqQLvpAe HTTP/1.1" 200 3484
186.29.170.77 - - [14/Oct/2014:08:51:35 -0500] "POST /forms/lservlet;jsessionid=ac16012b30d5c405f743481b40798c53b9d89f55fce7.e3iSbxaKaheRe34Sa3yKbhiTahb0n6jAmljGr5XDqQLvpAe HTTP/1.1" 200 2
186.29.170.77 - - [14/Oct/2014:08:51:36 -0500] "POST /forms/lservlet;jsessionid=ac16012b30d5c405f743481b40798c53b9d89f55fce7.e3iSbxaKaheRe34Sa3yKbhiTahb0n6jAmljGr5XDqQLvpAe HTTP/1.1" 200 2
66.249.79.75 - - [14/Oct/2014:08:51:36 -0500] "GET /BLA/resoluciones/RESOLUCIONES%202008/1820.pdf HTTP/1.1" 200 265363
186.29.170.77 - - [14/Oct/2014:08:51:36 -0500] "POST /forms/lservlet;jsessionid=ac16012b30d5c405f743481b40798c53b9d89f55fce7.e3iSbxaKaheRe34Sa3yKbhiTahb0n6jAmljGr5XDqQLvpAe HTTP/1.1" 200 2726
186.29.170.77 - - [14/Oct/2014:08:51:37 -0500] "POST /forms/lservlet;jsessionid=ac16012b30d5c405f743481b40798c53b9d89f55fce7.e3iSbxaKaheRe34Sa3yKbhiTahb0n6jAmljGr5XDqQLvpAe HTTP/1.1" 200 2
186.29.170.77 - - [14/Oct/2014:08:51:38 -0500] "POST /forms/lservlet;jsessionid=ac16012b30d5c405f743481b40798c53b9d89f55fce7.e3iSbxaKaheRe34Sa3yKbhiTahb0n6jAmljGr5XDqQLvpAe HTTP/1.1" 200 2
201.245.192.253 - - [14/Oct/2014:08:51:38 -0500] "GET /forest/session.jsp?a=0.3332634006729803 HTTP/1.1" 200 4
186.29.170.77 - - [14/Oct/2014:08:51:38 -0500] "POST /forms/lservlet;jsessionid=ac16012b30d5c405f743481b40798c53b9d89f55fce7.e3iSbxaKaheRe34Sa3yKbhiTahb0n6jAmljGr5XDqQLvpAe HTTP/1.1" 200 3454
186.29.170.77 - - [14/Oct/2014:08:51:39 -0500] "POST /forms/lservlet;jsessionid=ac16012b30d5c405f743481b40798c53b9d89f55fce7.e3iSbxaKaheRe34Sa3yKbhiTahb0n6jAmljGr5XDqQLvpAe HTTP/1.1" 200 2
186.29.170.77 - - [14/Oct/2014:08:51:41 -0500] "POST /forms/lservlet;jsessionid=ac16012b30d5c405f743481b40798c53b9d89f55fce7.e3iSbxaKaheRe34Sa3yKbhiTahb0n6jAmljGr5XDqQLvpAe HTTP/1.1" 200 2
186.29.170.77 - - [14/Oct/2014:08:51:41 -0500] "POST /forms/lservlet;jsessionid=ac16012b30d5c405f743481b40798c53b9d89f55fce7.e3iSbxaKaheRe34Sa3yKbhiTahb0n6jAmljGr5XDqQLvpAe HTTP/1.1" 200 2510
186.29.170.77 - - [14/Oct/2014:08:51:42 -0500] "POST /forms/lservlet;jsessionid=ac16012b30d5c405f743481b40798c53b9d89f55fce7.e3iSbxaKaheRe34Sa3yKbhiTahb0n6jAmljGr5XDqQLvpAe HTTP/1.1" 200 2
66.249.79.67 - - [14/Oct/2014:08:51:42 -0500] "GET /BLA/resoluciones/RESOLUCIONES%202008/3473.pdf HTTP/1.1" 200 402373
186.29.170.77 - - [14/Oct/2014:08:51:44 -0500] "POST /forms/lservlet;jsessionid=ac16012b30d5c405f743481b40798c53b9d89f55fce7.e3iSbxaKaheRe34Sa3yKbhiTahb0n6jAmljGr5XDqQLvpAe HTTP/1.1" 200 2
201.245.192.253 - - [14/Oct/2014:08:51:47 -0500] "GET /galeria/carrusel/Carrusel/jquery-ui-%20%201.8.13.custom.min.js HTTP/1.1" 404 1018
66.249.79.67 - - [14/Oct/2014:08:51:48 -0500] "GET /BLA/resoluciones/RESOLUCIONES%202007/RES%202007%201501%20AL%201600/RESOLUCION%201568%20DE%202007.pdf HTTP/1.1" 200 534448
201.244.134.202 - - [14/Oct/2014:08:51:49 -0500] "GET /BLA/boletinlegal/js/jquery.js HTTP/1.1" 200 57254
201.244.134.202 - - [14/Oct/2014:08:51:49 -0500] "GET /BLA/boletinlegal/js/jquery.scrollTo-min.js HTTP/1.1" 200 1150
201.244.134.202 - - [14/Oct/2014:08:51:49 -0500] "GET /BLA/boletinlegal/js/jquery.scrollShow.js HTTP/1.1" 200 4586
66.249.79.67 - - [14/Oct/2014:08:51:52 -0500] "GET /BLA/resoluciones/RESOLUCIONES%202008/1366.pdf HTTP/1.1" 200 238136
201.245.192.253 - - [14/Oct/2014:08:51:44 -0500] "GET /forest/parameter?action=listRpts&a=0.41814474994316697 HTTP/1.1" 200 -
66.249.79.111 - - [14/Oct/2014:08:51:57 -0500] "GET /re/Cuento/cuadro21/cuadro%2021%20hablando.jpg HTTP/1.1" 404 1019
201.245.192.253 - - [14/Oct/2014:08:51:57 -0500] "GET /forest/session.jsp?a=0.9959764900053356 HTTP/1.1" 200 4
190.242.127.106 - - [14/Oct/2014:08:51:58 -0500] "GET /BLA/boletinlegal/js/jquery.js HTTP/1.1" 200 57254
190.242.127.106 - - [14/Oct/2014:08:51:58 -0500] "GET /BLA/boletinlegal/js/jquery.scrollTo-min.js HTTP/1.1" 200 1150
190.242.127.106 - - [14/Oct/2014:08:51:58 -0500] "GET /BLA/boletinlegal/js/jquery.scrollShow.js HTTP/1.1" 200 4586
186.29.170.77 - - [14/Oct/2014:08:51:58 -0500] "POST /forms/lservlet;jsessionid=ac16012b30d52f5438bf6fb84e389b4edd052a00d277.e3iSbxaKaheRe34Sa3yKbhiTahb0n6jAmljGr5XDqQLvpAe HTTP/1.1" 200 86
186.29.170.77 - - [14/Oct/2014:08:51:58 -0500] "POST /forms/lservlet;jsessionid=ac16012b30d52f5438bf6fb84e389b4edd052a00d277.e3iSbxaKaheRe34Sa3yKbhiTahb0n6jAmljGr5XDqQLvpAe HTTP/1.1" 200 -
66.249.79.67 - - [14/Oct/2014:08:52:00 -0500] "GET /BLA/resoluciones/RESOLUCIONES%202009/0301.pdf HTTP/1.1" 200 524646
201.245.192.253 - - [14/Oct/2014:08:52:02 -0500] "GET /forest/session.jsp?a=0.9027169477484348 HTTP/1.1" 200 4
66.249.79.83 - - [14/Oct/2014:08:52:03 -0500] "GET /BLA/resoluciones/RESOLUCIONES%202008/3131.pdf HTTP/1.1" 200 163796
66.249.79.83 - - [14/Oct/2014:08:52:06 -0500] "GET /BLA/resoluciones/RESOLUCIONES%202010/3838.pdf HTTP/1.1" 200 330325
201.245.192.253 - - [14/Oct/2014:08:52:03 -0500] "GET /forest/parameter?action=listRpts&a=0.8648252375423908 HTTP/1.1" 200 -
66.249.79.75 - - [14/Oct/2014:08:52:22 -0500] "GET /BLA/resoluciones/RESOLUCIONES%202008/0127.pdf HTTP/1.1" 200 669715
201.245.192.253 - - [14/Oct/2014:08:52:23 -0500] "POST /forms/lservlet;jsessionid=ac16012b30d58471b2e8e7d44e148a9cc861856b3229.e3iSbxaKaheRe34Sa3yKbhiTahb0n6jAmljGr5XDqQLvpAe HTTP/1.1" 200 2
181.48.9.62 - - [14/Oct/2014:08:52:23 -0500] "GET /PORTAL_SIAC/swf/Residuos/impresion/files/guia_impresion-lit.pdf HTTP/1.1" 200 12573981
180.76.5.74 - - [14/Oct/2014:08:52:23 -0500] "GET /BLA/resoluciones/AUTOS%202009/3135.pdf HTTP/1.1" 200 131760
201.245.192.253 - - [14/Oct/2014:08:52:20 -0500] "GET /forest/parameter?action=listRpts&a=0.016081421170383692 HTTP/1.1" 200 -
190.9.192.24 - - [14/Oct/2014:08:52:35 -0500] "GET /BLA/boletinlegal/js/jquery.scrollShow.js HTTP/1.1" 200 4586
190.9.192.24 - - [14/Oct/2014:08:52:35 -0500] "GET /BLA/boletinlegal/js/jquery.js HTTP/1.1" 200 57254
190.9.192.24 - - [14/Oct/2014:08:52:35 -0500] "GET /BLA/boletinlegal/js/jquery.scrollTo-min.js HTTP/1.1" 200 1150
66.249.79.67 - - [14/Oct/2014:08:52:36 -0500] "GET /BLA/resoluciones/RESOLUCIONES%202007/RES%202007%202501%20AL%202600/RESOLUCION%202595%20DE%202007.pdf HTTP/1.1" 200 624721
207.46.13.132 - - [14/Oct/2014:08:52:38 -0500] "GET /silvicultura/8.pdf HTTP/1.1" 404 1018
186.29.170.77 - - [14/Oct/2014:08:52:43 -0500] "GET /forest/session.jsp?a=0.7190992541145533 HTTP/1.1" 200 4
66.249.79.67 - - [14/Oct/2014:08:52:43 -0500] "GET /BLA/resoluciones/RESOLUCIONES%202008/4033.pdf HTTP/1.1" 200 371126
201.245.192.253 - - [14/Oct/2014:08:52:45 -0500] "GET /forest/skins/gdocs-jar/img/spacer.gif HTTP/1.1" 304 -
201.245.192.253 - - [14/Oct/2014:08:52:46 -0500] "GET /forest/skins/gdocs-jar/popup/escritorio/subirborrador.jsp?form=DPC_RevisarConsolidador1&codTpl=&codBorr=496425&a=0.22226436794434873 HTTP/1.1" 200 23171
201.245.192.253 - - [14/Oct/2014:08:52:46 -0500] "GET /forest/json.do?query=borradoresByTpls&codInst=2957507&codTare=2321&firma=0&a=0.21697429625171666 HTTP/1.1" 200 629
201.245.192.253 - - [14/Oct/2014:08:52:46 -0500] "GET /forest/json.do?query=plantillasByTarea&codTare=2321&codInst=2957507&firma=0&a=0.4829954240362619 HTTP/1.1" 200 259
201.245.192.253 - - [14/Oct/2014:08:52:47 -0500] "GET /forest/json.do?query=terceroById&numTer=80196877&a=0.7591284336181701 HTTP/1.1" 200 713
201.245.192.253 - - [14/Oct/2014:08:52:47 -0500] "GET /forest/json.do?query=datosBorradorByCodTraBorr&codTraBorr=1466913&a=0.097231773987075 HTTP/1.1" 200 180
201.245.192.253 - - [14/Oct/2014:08:52:47 -0500] "GET /forest/json.do?query=adjuntosByBorrador&codTraBorr=1466913&a=0.10420648399854937 HTTP/1.1" 200 2
201.245.192.253 - - [14/Oct/2014:08:52:47 -0500] "GET /forest/json.do?query=ultimoBorradorByTpl&codTpl=2021&codInst=2957507&a=0.1522623174993742 HTTP/1.1" 200 2
201.245.192.253 - - [14/Oct/2014:08:52:47 -0500] "GET /forest/json.do?query=ultimoBorradorByTpl&codTpl=726&codInst=2957507&a=0.5097133710214308 HTTP/1.1" 200 20
201.245.192.253 - - [14/Oct/2014:08:52:49 -0500] "GET /isolucionsda//bancoconocimiento/D/DECRETO1510DE2013/decreto%201510%20de%2020130.pdf HTTP/1.1" 304 -
201.245.192.253 - - [14/Oct/2014:08:52:52 -0500] "POST /forest/usutareas.do?group_system_actual=3 HTTP/1.1" 200 236
201.245.192.253 - - [14/Oct/2014:08:52:36 -0500] "GET /forest/parameter?action=listRpts&a=0.842658877838403 HTTP/1.1" 200 -
201.245.192.253 - - [14/Oct/2014:08:52:55 -0500] "GET /galeria/nivo-slider/demo/images/banner-encuesta.jpg HTTP/1.1" 304 -
190.84.56.157 - - [14/Oct/2014:08:52:55 -0500] "GET /forms/frmservlet?config=sia HTTP/1.1" 200 4046
201.245.192.253 - - [14/Oct/2014:08:46:57 -0500] "GET /ForestMSG_SDA/channelAsync/template_word_16661791;jsessionid=rKY6faH7rFdVQDudJKKS7ieY.server1?X-Atmosphere-tracking-id=66b03a5e-00c3-fe88-2ef7-0cb79ed3cec8&X-Atmosphere-Framework=1.0.5&X-Atmosphere-Transport=long-polling&tabid=0.19101310977121594&X-Cache-Date=1413294665442&Content-Type=application/xml HTTP/1.1" 200 8193
201.245.192.253 - - [14/Oct/2014:08:52:55 -0500] "GET /ForestMSG_SDA/channelAsync/template_word_16661791;jsessionid=rKY6faH7rFdVQDudJKKS7ieY.server1?X-Atmosphere-tracking-id=5dc49456-dae8-3322-c4da-7e007f92a1f4&X-Atmosphere-Framework=1.0.5&X-Atmosphere-Transport=long-polling&tabid=0.6061052328122536&X-Cache-Date=0&Content-Type=application/xml HTTP/1.1" 200 8193
201.245.192.253 - - [14/Oct/2014:08:52:55 -0500] "GET /ForestMSG_SDA/channelAsync/template_word_16661791;jsessionid=rKY6faH7rFdVQDudJKKS7ieY.server1?X-Atmosphere-tracking-id=5dc49456-dae8-3322-c4da-7e007f92a1f4&X-Atmosphere-Framework=1.0.5&X-Atmosphere-Transport=long-polling&tabid=0.6061052328122536&X-Cache-Date=1413295023609&Content-Type=application/xml HTTP/1.1" 200 8193
201.245.192.253 - - [14/Oct/2014:08:52:55 -0500] "GET /ForestMSG_SDA/channelAsync/template_word_16661791;jsessionid=rKY6faH7rFdVQDudJKKS7ieY.server1?X-Atmosphere-tracking-id=5dc49456-dae8-3322-c4da-7e007f92a1f4&X-Atmosphere-Framework=1.0.5&X-Atmosphere-Transport=long-polling&tabid=0.6061052328122536&X-Cache-Date=1413295023613&Content-Type=application/xml HTTP/1.1" 200 8193
201.245.192.253 - - [14/Oct/2014:08:52:55 -0500] "GET /ForestMSG_SDA/channelAsync/template_word_16661791;jsessionid=rKY6faH7rFdVQDudJKKS7ieY.server1?X-Atmosphere-tracking-id=5dc49456-dae8-3322-c4da-7e007f92a1f4&X-Atmosphere-Framework=1.0.5&X-Atmosphere-Transport=long-polling&tabid=0.6061052328122536&X-Cache-Date=1413295023653&Content-Type=application/xml HTTP/1.1" 200 8193
201.245.192.253 - - [14/Oct/2014:08:52:55 -0500] "GET /ForestMSG_SDA/channelAsync/template_word_16661791;jsessionid=rKY6faH7rFdVQDudJKKS7ieY.server1?X-Atmosphere-tracking-id=5dc49456-dae8-3322-c4da-7e007f92a1f4&X-Atmosphere-Framework=1.0.5&X-Atmosphere-Transport=long-polling&tabid=0.6061052328122536&X-Cache-Date=1413295023658&Content-Type=application/xml HTTP/1.1" 200 -
201.245.192.253 - - [14/Oct/2014:08:52:54 -0500] "GET /forest/usutareas.do?group_system_actual=3&a=0.7543603757078399 HTTP/1.1" 200 113289
201.245.192.253 - - [14/Oct/2014:08:52:56 -0500] "GET /forest/session.jsp?a=0.377099823477605 HTTP/1.1" 200 4
201.245.192.253 - - [14/Oct/2014:08:52:55 -0500] "GET /ForestMSG_SDA/channelAsync/template_word_16661791;jsessionid=rKY6faH7rFdVQDudJKKS7ieY.server1?X-Atmosphere-tracking-id=5dc49456-dae8-3322-c4da-7e007f92a1f4&X-Atmosphere-Framework=1.0.5&X-Atmosphere-Transport=long-polling&tabid=0.6061052328122536&X-Cache-Date=1413295023658&Content-Type=application/xml HTTP/1.1" 200 8193
201.245.192.253 - - [14/Oct/2014:08:52:55 -0500] "GET /ForestMSG_SDA/channelAsync/template_word_16661791;jsessionid=rKY6faH7rFdVQDudJKKS7ieY.server1?X-Atmosphere-tracking-id=5dc49456-dae8-3322-c4da-7e007f92a1f4&X-Atmosphere-Framework=1.0.5&X-Atmosphere-Transport=long-polling&tabid=0.6061052328122536&X-Cache-Date=1413295023658&Content-Type=application/xml HTTP/1.1" 200 8193
201.245.192.253 - - [14/Oct/2014:08:52:56 -0500] "GET /ForestMSG_SDA/channelAsync/template_word_16661791;jsessionid=rKY6faH7rFdVQDudJKKS7ieY.server1?X-Atmosphere-tracking-id=5dc49456-dae8-3322-c4da-7e007f92a1f4&X-Atmosphere-Framework=1.0.5&X-Atmosphere-Transport=long-polling&tabid=0.6061052328122536&X-Cache-Date=1413295023678&Content-Type=application/xml HTTP/1.1" 200 -
201.245.192.253 - - [14/Oct/2014:08:52:55 -0500] "GET /ForestMSG_SDA/channelAsync/template_word_16661791;jsessionid=rKY6faH7rFdVQDudJKKS7ieY.server1?X-Atmosphere-tracking-id=5dc49456-dae8-3322-c4da-7e007f92a1f4&X-Atmosphere-Framework=1.0.5&X-Atmosphere-Transport=long-polling&tabid=0.6061052328122536&X-Cache-Date=1413295023678&Content-Type=application/xml HTTP/1.1" 200 8193
186.84.48.69 - - [14/Oct/2014:08:52:57 -0500] "POST /forms/lservlet;jsessionid=ac16012b30d55ad09f4d765b41bfba089854480ed155.e3iSbxaKaheRe34Sa3yKbhiTahb0n6jAmljGr5XDqQLvpAe HTTP/1.1" 200 2
190.84.56.157 - - [14/Oct/2014:08:52:58 -0500] "GET /forms/frmservlet?config=sia HTTP/1.1" 200 4046
190.84.56.157 - - [14/Oct/2014:08:52:59 -0500] "GET /forms/java/frmall_jinit.jar HTTP/1.1" 304 -
190.84.56.157 - - [14/Oct/2014:08:53:00 -0500] "GET /forms/java/icons.jar HTTP/1.1" 304 -
190.84.56.157 - - [14/Oct/2014:08:53:00 -0500] "GET /forms/java/java/awt/KeyboardFocusManager.class HTTP/1.1" 404 352
190.84.56.157 - - [14/Oct/2014:08:53:01 -0500] "GET /forms/java/java/awt/event/MouseWheelListener.class HTTP/1.1" 404 356
190.84.56.157 - - [14/Oct/2014:08:53:01 -0500] "GET /forms/java/oracle/forms/registry/Registry.dat HTTP/1.1" 200 4213
190.84.56.157 - - [14/Oct/2014:08:53:01 -0500] "GET /forms/java/oracle/forms/registry/default.dat HTTP/1.1" 404 350
201.245.192.253 - - [14/Oct/2014:08:52:58 -0500] "GET /forest/borrador/1466911/Oficio%20IDRD%20parque%20zonal%20Ladrillera%20H.%20Molinos.docx HTTP/1.1" 200 1943249
190.84.56.157 - - [14/Oct/2014:08:53:01 -0500] "GET /forms/frmservlet?config=sia&acceptLanguage=en-us,en;q=0.5&ifcmd=startsession HTTP/1.1" 200 119
190.84.56.157 - - [14/Oct/2014:08:53:01 -0500] "GET /forms/lservlet;jsessionid=ac16012b30d5578c97fde4684a818450b0ee07a70b46.e3iSbxaKaheRe34Sa3yKbhiTahb0n6jAmljGr5XDqQLvpAe?ifcmd=getinfo&ifhost=Rafael-PC&ifip=192.168.0.12 HTTP/1.1" 200 8
190.84.56.157 - - [14/Oct/2014:08:53:01 -0500] "POST /forms/lservlet;jsessionid=ac16012b30d5578c97fde4684a818450b0ee07a70b46.e3iSbxaKaheRe34Sa3yKbhiTahb0n6jAmljGr5XDqQLvpAe HTTP/1.1" 200 8
190.84.56.157 - - [14/Oct/2014:08:53:02 -0500] "GET /forms/java/oracle/forms/engine/RunformBundle_es_CO.class HTTP/1.1" 404 362
190.84.56.157 - - [14/Oct/2014:08:53:02 -0500] "GET /forms/java/oracle/forms/engine/RunformBundle_es_CO.properties HTTP/1.1" 404 367
190.84.56.157 - - [14/Oct/2014:08:53:02 -0500] "POST /forms/lservlet;jsessionid=ac16012b30d5578c97fde4684a818450b0ee07a70b46.e3iSbxaKaheRe34Sa3yKbhiTahb0n6jAmljGr5XDqQLvpAe HTTP/1.1" 200 64000
190.84.56.157 - - [14/Oct/2014:08:53:03 -0500] "POST /forms/lservlet;jsessionid=ac16012b30d5578c97fde4684a818450b0ee07a70b46.e3iSbxaKaheRe34Sa3yKbhiTahb0n6jAmljGr5XDqQLvpAe HTTP/1.1" 200 64000
190.84.56.157 - - [14/Oct/2014:08:53:03 -0500] "POST /forms/lservlet;jsessionid=ac16012b30d5578c97fde4684a818450b0ee07a70b46.e3iSbxaKaheRe34Sa3yKbhiTahb0n6jAmljGr5XDqQLvpAe HTTP/1.1" 200 63623
190.84.56.157 - - [14/Oct/2014:08:53:04 -0500] "HEAD /imagenes/dama_logo.gif HTTP/1.1" 200 -
190.84.56.157 - - [14/Oct/2014:08:53:04 -0500] "GET /imagenes/dama_logo.gif HTTP/1.1" 200 21482
190.84.56.157 - - [14/Oct/2014:08:53:04 -0500] "POST /forms/lservlet;jsessionid=ac16012b30d5578c97fde4684a818450b0ee07a70b46.e3iSbxaKaheRe34Sa3yKbhiTahb0n6jAmljGr5XDqQLvpAe HTTP/1.1" 200 2
190.84.56.157 - - [14/Oct/2014:08:53:05 -0500] "POST /forms/lservlet;jsessionid=ac16012b30d5578c97fde4684a818450b0ee07a70b46.e3iSbxaKaheRe34Sa3yKbhiTahb0n6jAmljGr5XDqQLvpAe HTTP/1.1" 200 2
66.249.79.67 - - [14/Oct/2014:08:53:05 -0500] "GET /BLA/resoluciones/RESOLUCIONES%202008/0494.pdf HTTP/1.1" 200 119828
201.245.192.253 - - [14/Oct/2014:08:53:05 -0500] "GET /forest/skins/gdocs-jar/img/vertodossubprocesos.gif HTTP/1.1" 304 -
181.33.182.51 - - [14/Oct/2014:08:53:06 -0500] "GET /BLA/resoluciones/AUTOS%202013/0324.pdf HTTP/1.1" 200 2912096
181.33.182.51 - - [14/Oct/2014:08:53:07 -0500] "GET /BLA/resoluciones/AUTOS%202013/0324.pdf HTTP/1.1" 200 2912096
190.242.127.106 - - [14/Oct/2014:08:53:09 -0500] "GET /BLA/boletinlegal/js/jquery.js HTTP/1.1" 200 57254
190.242.127.106 - - [14/Oct/2014:08:53:09 -0500] "GET /BLA/boletinlegal/js/jquery.scrollTo-min.js HTTP/1.1" 200 1150
190.242.127.106 - - [14/Oct/2014:08:53:09 -0500] "GET /BLA/boletinlegal/js/jquery.scrollShow.js HTTP/1.1" 200 4586
201.245.192.253 - - [14/Oct/2014:08:53:10 -0500] "GET /forest/skins/gdocs-jar/img/actividad2.gif HTTP/1.1" 304 -
201.245.192.253 - - [14/Oct/2014:08:53:05 -0500] "GET /forest/parameter?action=listRpts&a=0.7729083611629903 HTTP/1.1" 200 -
190.84.56.157 - - [14/Oct/2014:08:53:14 -0500] "POST /forms/lservlet;jsessionid=ac16012b30d5578c97fde4684a818450b0ee07a70b46.e3iSbxaKaheRe34Sa3yKbhiTahb0n6jAmljGr5XDqQLvpAe HTTP/1.1" 200 7992
190.84.56.157 - - [14/Oct/2014:08:53:14 -0500] "POST /forms/lservlet;jsessionid=ac16012b30d5578c97fde4684a818450b0ee07a70b46.e3iSbxaKaheRe34Sa3yKbhiTahb0n6jAmljGr5XDqQLvpAe HTTP/1.1" 200 64
190.84.56.157 - - [14/Oct/2014:08:53:14 -0500] "POST /forms/lservlet;jsessionid=ac16012b30d5578c97fde4684a818450b0ee07a70b46.e3iSbxaKaheRe34Sa3yKbhiTahb0n6jAmljGr5XDqQLvpAe HTTP/1.1" 200 2
190.84.56.157 - - [14/Oct/2014:08:53:15 -0500] "POST /forms/lservlet;jsessionid=ac16012b30d5578c97fde4684a818450b0ee07a70b46.e3iSbxaKaheRe34Sa3yKbhiTahb0n6jAmljGr5XDqQLvpAe HTTP/1.1" 200 2
190.84.56.157 - - [14/Oct/2014:08:53:15 -0500] "POST /forms/lservlet;jsessionid=ac16012b30d5578c97fde4684a818450b0ee07a70b46.e3iSbxaKaheRe34Sa3yKbhiTahb0n6jAmljGr5XDqQLvpAe HTTP/1.1" 200 2
201.245.192.253 - - [14/Oct/2014:08:53:21 -0500] "GET /forest/session.jsp?a=0.49954986828379333 HTTP/1.1" 200 4
201.245.192.253 - - [14/Oct/2014:08:53:22 -0500] "GET /forest/parameter?action=listRpts&a=0.3507978357374668 HTTP/1.1" 200 -
201.184.43.62 - - [14/Oct/2014:08:53:25 -0500] "GET /BLA/boletinlegal/js/jquery.js HTTP/1.1" 200 57254
201.184.43.62 - - [14/Oct/2014:08:53:25 -0500] "GET /BLA/boletinlegal/js/jquery.scrollTo-min.js HTTP/1.1" 200 1150
201.184.43.62 - - [14/Oct/2014:08:53:25 -0500] "GET /BLA/boletinlegal/js/jquery.scrollShow.js HTTP/1.1" 200 4586
201.184.43.62 - - [14/Oct/2014:08:53:25 -0500] "GET /galeria/carrusel/Carrusel/jquery-ui-1.8.13.custom.min.js HTTP/1.1" 200 10800
201.184.43.62 - - [14/Oct/2014:08:53:25 -0500] "GET /galeria/carrusel/Carrusel/jquery.thumbnailScroller.css HTTP/1.1" 200 2066
201.184.43.62 - - [14/Oct/2014:08:53:25 -0500] "GET /galeria/carrusel/Carrusel/jquery.thumbnailScroller.js HTTP/1.1" 200 8157
66.249.79.67 - - [14/Oct/2014:08:53:26 -0500] "GET /BLA/resoluciones/RESOLUCIONES%202008/5717.pdf HTTP/1.1" 200 250039
201.184.43.62 - - [14/Oct/2014:08:53:29 -0500] "GET /galeria/nivo-slider/demo/demo.html HTTP/1.1" 200 3315
201.184.43.62 - - [14/Oct/2014:08:53:29 -0500] "GET /galeria/nivo-slider/themes/default/default.css HTTP/1.1" 200 1569
201.184.43.62 - - [14/Oct/2014:08:53:29 -0500] "GET /galeria/nivo-slider/themes/pascal/pascal.css HTTP/1.1" 200 2258
201.184.43.62 - - [14/Oct/2014:08:53:29 -0500] "GET /galeria/nivo-slider/themes/orman/orman.css HTTP/1.1" 200 2152
201.184.43.62 - - [14/Oct/2014:08:53:29 -0500] "GET /galeria/nivo-slider/nivo-slider.css HTTP/1.1" 200 1507
201.184.43.62 - - [14/Oct/2014:08:53:29 -0500] "GET /galeria/nivo-slider/demo/style.css HTTP/1.1" 200 2222
201.184.43.62 - - [14/Oct/2014:08:53:29 -0500] "GET /galeria/nivo-slider/demo/images/EncuentroAgua1.jpg HTTP/1.1" 200 274179
201.184.43.62 - - [14/Oct/2014:08:53:29 -0500] "GET /galeria/nivo-slider/demo/images/banner-Animal.jpg HTTP/1.1" 200 257223
190.84.56.157 - - [14/Oct/2014:08:53:29 -0500] "POST /forms/lservlet;jsessionid=ac16012b30d5578c97fde4684a818450b0ee07a70b46.e3iSbxaKaheRe34Sa3yKbhiTahb0n6jAmljGr5XDqQLvpAe HTTP/1.1" 200 34711
201.184.43.62 - - [14/Oct/2014:08:53:29 -0500] "GET /galeria/nivo-slider/demo/images/Tingua-azul.jpg HTTP/1.1" 200 307638
201.184.43.62 - - [14/Oct/2014:08:53:29 -0500] "GET /galeria/nivo-slider/demo/images/Banner-Caracol-Africano.jpg HTTP/1.1" 200 331986
201.184.43.62 - - [14/Oct/2014:08:53:29 -0500] "GET /galeria/nivo-slider/demo/images/9Signos.jpg HTTP/1.1" 200 93040
201.184.43.62 - - [14/Oct/2014:08:53:30 -0500] "GET /galeria/nivo-slider/demo/images/banner-encuesta.jpg HTTP/1.1" 200 42764
190.84.56.157 - - [14/Oct/2014:08:53:30 -0500] "GET /imagenes/listval.gif HTTP/1.1" 200 905
190.84.56.157 - - [14/Oct/2014:08:53:30 -0500] "GET /imagenes/tree1.gif HTTP/1.1" 200 1161
190.84.56.157 - - [14/Oct/2014:08:53:30 -0500] "GET /imagenes/listval.gif HTTP/1.1" 200 905
190.84.56.157 - - [14/Oct/2014:08:53:30 -0500] "GET /imagenes/CAMERA3.gif HTTP/1.1" 200 4150
190.84.56.157 - - [14/Oct/2014:08:53:30 -0500] "GET /imagenes/SLIDE1.gif HTTP/1.1" 200 1111
190.84.56.157 - - [14/Oct/2014:08:53:30 -0500] "GET /imagenes/flexcomb.gif HTTP/1.1" 200 1169
190.84.56.157 - - [14/Oct/2014:08:53:30 -0500] "GET /imagenes/GO.gif HTTP/1.1" 200 904
190.84.56.157 - - [14/Oct/2014:08:53:30 -0500] "GET /imagenes/HRTOOLS.gif HTTP/1.1" 200 2238
190.84.56.157 - - [14/Oct/2014:08:53:30 -0500] "GET /imagenes/rt_rec1.gif HTTP/1.1" 200 867
190.84.56.157 - - [14/Oct/2014:08:53:30 -0500] "GET /imagenes/apply.gif HTTP/1.1" 200 903
190.84.56.157 - - [14/Oct/2014:08:53:30 -0500] "GET /imagenes/exit.gif HTTP/1.1" 200 916
190.84.56.157 - - [14/Oct/2014:08:53:30 -0500] "GET /imagenes/LISTVAL.gif HTTP/1.1" 200 905
190.84.56.157 - - [14/Oct/2014:08:53:30 -0500] "GET /imagenes/edit.gif HTTP/1.1" 200 919
190.84.56.157 - - [14/Oct/2014:08:53:30 -0500] "GET /imagenes/rt_rec4.gif HTTP/1.1" 200 865
190.84.56.157 - - [14/Oct/2014:08:53:30 -0500] "GET /imagenes/rt_rec3.gif HTTP/1.1" 200 844
190.84.56.157 - - [14/Oct/2014:08:53:30 -0500] "GET /imagenes/rt_rec2.gif HTTP/1.1" 200 847
190.84.56.157 - - [14/Oct/2014:08:53:30 -0500] "GET /imagenes/rt_rdel.gif HTTP/1.1" 200 899
190.84.56.157 - - [14/Oct/2014:08:53:30 -0500] "GET /imagenes/rt_radd.gif HTTP/1.1" 200 907
190.84.56.157 - - [14/Oct/2014:08:53:30 -0500] "GET /imagenes/rt_quer3.gif HTTP/1.1" 200 939
201.184.43.62 - - [14/Oct/2014:08:53:30 -0500] "GET /galeria/nivo-slider/demo/images/banner-llantas2.jpg HTTP/1.1" 200 73153
190.84.56.157 - - [14/Oct/2014:08:53:30 -0500] "GET /imagenes/rt_quer2.gif HTTP/1.1" 200 936
201.184.43.62 - - [14/Oct/2014:08:53:30 -0500] "GET /galeria/nivo-slider/demo/images/banner-caballos.png HTTP/1.1" 200 389106
190.84.56.157 - - [14/Oct/2014:08:53:30 -0500] "GET /imagenes/rt_quer1.gif HTTP/1.1" 200 930
201.184.43.62 - - [14/Oct/2014:08:53:30 -0500] "GET /galeria/nivo-slider/demo/images/ConstructorasFNL.jpg HTTP/1.1" 200 216551
190.84.56.157 - - [14/Oct/2014:08:53:30 -0500] "GET /imagenes/rt_save.gif HTTP/1.1" 200 903
190.84.56.157 - - [14/Oct/2014:08:53:30 -0500] "GET /imagenes/rt_pset.gif HTTP/1.1" 200 914
190.84.56.157 - - [14/Oct/2014:08:53:30 -0500] "GET /imagenes/QUEJA.gif HTTP/1.1" 200 1091
190.84.56.157 - - [14/Oct/2014:08:53:30 -0500] "GET /imagenes/ARBOL.gif HTTP/1.1" 200 1026
190.84.56.157 - - [14/Oct/2014:08:53:30 -0500] "GET /imagenes/Clipboard.gif HTTP/1.1" 200 1466
190.84.56.157 - - [14/Oct/2014:08:53:30 -0500] "GET /imagenes/DINERO.gif HTTP/1.1" 200 1766
190.84.56.157 - - [14/Oct/2014:08:53:30 -0500] "GET /imagenes/URGENTE.gif HTTP/1.1" 200 964
190.84.56.157 - - [14/Oct/2014:08:53:30 -0500] "GET /imagenes/TREE4.gif HTTP/1.1" 200 4150
201.184.43.62 - - [14/Oct/2014:08:53:30 -0500] "GET /galeria/nivo-slider/demo/images/Hacienda_Molinos.jpg HTTP/1.1" 200 319171
190.84.56.157 - - [14/Oct/2014:08:53:30 -0500] "POST /forms/lservlet;jsessionid=ac16012b30d5578c97fde4684a818450b0ee07a70b46.e3iSbxaKaheRe34Sa3yKbhiTahb0n6jAmljGr5XDqQLvpAe HTTP/1.1" 200 7
190.84.56.157 - - [14/Oct/2014:08:53:30 -0500] "POST /forms/lservlet;jsessionid=ac16012b30d5578c97fde4684a818450b0ee07a70b46.e3iSbxaKaheRe34Sa3yKbhiTahb0n6jAmljGr5XDqQLvpAe HTTP/1.1" 200 34
190.84.56.157 - - [14/Oct/2014:08:53:30 -0500] "POST /forms/lservlet;jsessionid=ac16012b30d5578c97fde4684a818450b0ee07a70b46.e3iSbxaKaheRe34Sa3yKbhiTahb0n6jAmljGr5XDqQLvpAe HTTP/1.1" 200 2
201.245.192.253 - - [14/Oct/2014:08:53:22 -0500] "GET /forest/parameter?action=listRpts&a=0.3507978357374668 HTTP/1.1" 200 -
201.184.43.62 - - [14/Oct/2014:08:53:31 -0500] "GET /galeria/nivo-slider/demo/images/bannerEcolecta3.jpg HTTP/1.1" 200 280034
201.184.43.62 - - [14/Oct/2014:08:53:31 -0500] "GET /galeria/nivo-slider/demo/scripts/jquery-1.7.1.min.js HTTP/1.1" 200 93868
201.184.43.62 - - [14/Oct/2014:08:53:31 -0500] "GET /galeria/nivo-slider/jquery.nivo.slider.pack.js HTTP/1.1" 200 11561
201.184.43.62 - - [14/Oct/2014:08:53:32 -0500] "GET /galeria/nivo-slider/demo/images/4Simple_Slider.png HTTP/1.1" 200 11722
201.184.43.62 - - [14/Oct/2014:08:53:32 -0500] "GET /galeria/nivo-slider/themes/default/loading.gif HTTP/1.1" 200 1737
190.84.56.157 - - [14/Oct/2014:08:53:32 -0500] "POST /forms/lservlet;jsessionid=ac16012b30d5578c97fde4684a818450b0ee07a70b46.e3iSbxaKaheRe34Sa3yKbhiTahb0n6jAmljGr5XDqQLvpAe HTTP/1.1" 200 2
201.184.43.62 - - [14/Oct/2014:08:53:32 -0500] "GET /galeria/nivo-slider/themes/default/arrows.png HTTP/1.1" 200 824
201.184.43.62 - - [14/Oct/2014:08:53:32 -0500] "GET /galeria/nivo-slider/themes/default/bullets.png HTTP/1.1" 200 1281
190.84.56.157 - - [14/Oct/2014:08:53:32 -0500] "POST /forms/lservlet;jsessionid=ac16012b30d5578c97fde4684a818450b0ee07a70b46.e3iSbxaKaheRe34Sa3yKbhiTahb0n6jAmljGr5XDqQLvpAe HTTP/1.1" 200 699
190.84.56.157 - - [14/Oct/2014:08:53:32 -0500] "GET /imagenes/Srch_frw.gif HTTP/1.1" 200 925
190.84.56.157 - - [14/Oct/2014:08:53:32 -0500] "POST /forms/lservlet;jsessionid=ac16012b30d5578c97fde4684a818450b0ee07a70b46.e3iSbxaKaheRe34Sa3yKbhiTahb0n6jAmljGr5XDqQLvpAe HTTP/1.1" 200 10
201.184.43.62 - - [14/Oct/2014:08:53:33 -0500] "GET /videos/Spot_Tinguas.flv HTTP/1.1" 200 2087054
201.245.192.253 - - [14/Oct/2014:08:53:35 -0500] "GET /forest/misactividades.do?group_system_actual=3&_a=0.020834552589803934 HTTP/1.1" 200 36406
201.245.192.253 - - [14/Oct/2014:08:53:35 -0500] "GET /forest/session.jsp?a=0.6318935006856918 HTTP/1.1" 200 4
201.245.192.253 - - [14/Oct/2014:08:53:35 -0500] "POST /forest/misactividades.do?ajax=true&a=0.7607110787648708 HTTP/1.1" 200 -
201.245.192.253 - - [14/Oct/2014:08:53:35 -0500] "GET /forest/reportes.do?group_system_actual=5&_a=0.32696578139439225 HTTP/1.1" 302 -
201.245.192.253 - - [14/Oct/2014:08:53:35 -0500] "GET /forest/reportes.do?menu=1&group_system_actual=5 HTTP/1.1" 200 -
201.245.192.253 - - [14/Oct/2014:08:53:35 -0500] "GET /forest/reportes.do?menu=1&group_system_actual=5 HTTP/1.1" 200 31266
201.245.192.253 - - [14/Oct/2014:08:53:36 -0500] "GET /forest/session.jsp?a=0.5611985346768051 HTTP/1.1" 200 4
201.245.192.253 - - [14/Oct/2014:08:53:36 -0500] "GET /forest/reportes.do?group_system_actual=5&_a=0.6631861124187708 HTTP/1.1" 200 -
201.245.192.253 - - [14/Oct/2014:08:53:36 -0500] "GET /forest/reportes.do?group_system_actual=5&_a=0.6631861124187708 HTTP/1.1" 302 -
201.245.192.253 - - [14/Oct/2014:08:53:36 -0500] "GET /forest/reportes.do?menu=1&group_system_actual=5 HTTP/1.1" 502 1336
190.84.56.157 - - [14/Oct/2014:08:53:37 -0500] "POST /forms/lservlet;jsessionid=ac16012b30d5578c97fde4684a818450b0ee07a70b46.e3iSbxaKaheRe34Sa3yKbhiTahb0n6jAmljGr5XDqQLvpAe HTTP/1.1" 200 24
190.84.56.157 - - [14/Oct/2014:08:53:37 -0500] "POST /forms/lservlet;jsessionid=ac16012b30d5578c97fde4684a818450b0ee07a70b46.e3iSbxaKaheRe34Sa3yKbhiTahb0n6jAmljGr5XDqQLvpAe HTTP/1.1" 200 4310
190.84.56.157 - - [14/Oct/2014:08:53:38 -0500] "POST /forms/lservlet;jsessionid=ac16012b30d5578c97fde4684a818450b0ee07a70b46.e3iSbxaKaheRe34Sa3yKbhiTahb0n6jAmljGr5XDqQLvpAe HTTP/1.1" 200 2
201.245.192.253 - - [14/Oct/2014:08:53:39 -0500] "GET /forest/session.jsp?a=0.8863411252386868 HTTP/1.1" 200 4
201.245.192.253 - - [14/Oct/2014:08:53:39 -0500] "POST /forest/misactividades.do?ajax=true&a=0.14865915174596012 HTTP/1.1" 200 -
190.242.127.106 - - [14/Oct/2014:08:53:40 -0500] "GET /BLA/boletinlegal/js/jquery.js HTTP/1.1" 200 57254
190.242.127.106 - - [14/Oct/2014:08:53:41 -0500] "GET /BLA/boletinlegal/js/jquery.scrollShow.js HTTP/1.1" 200 4586
190.242.127.106 - - [14/Oct/2014:08:53:41 -0500] "GET /BLA/boletinlegal/js/jquery.scrollTo-min.js HTTP/1.1" 200 1150
181.234.207.127 - - [14/Oct/2014:08:53:41 -0500] "GET /BLA/boletinlegal/js/jquery.js HTTP/1.1" 200 57254
181.234.207.127 - - [14/Oct/2014:08:53:41 -0500] "GET /BLA/boletinlegal/js/jquery.scrollShow.js HTTP/1.1" 200 4586
181.234.207.127 - - [14/Oct/2014:08:53:41 -0500] "GET /BLA/boletinlegal/js/jquery.scrollTo-min.js HTTP/1.1" 200 1150
201.245.192.253 - - [14/Oct/2014:08:53:40 -0500] "GET /forest/index2.jsp?_a=0.3684684503823519 HTTP/1.1" 200 63610
201.245.192.253 - - [14/Oct/2014:08:53:41 -0500] "GET /forest/index2.jsp?_a=0.8010158545803279 HTTP/1.1" 200 102990
201.245.192.253 - - [14/Oct/2014:08:53:41 -0500] "GET /forest/index2.jsp?_a=0.9608703961130232 HTTP/1.1" 200 130944
201.245.192.253 - - [14/Oct/2014:08:53:41 -0500] "GET /forest/index2.jsp?_a=0.0401594303548336 HTTP/1.1" 200 75274
201.245.192.253 - - [14/Oct/2014:08:53:41 -0500] "GET /forest/index2.jsp?_a=0.8534793800208718 HTTP/1.1" 200 81666
201.245.192.253 - - [14/Oct/2014:08:53:42 -0500] "GET /forest/index2.jsp?_a=0.4657310761976987 HTTP/1.1" 200 106392
201.245.192.253 - - [14/Oct/2014:08:53:42 -0500] "GET /forest/index2.jsp?_a=0.4995972425676882 HTTP/1.1" 200 98208
201.245.192.253 - - [14/Oct/2014:08:53:42 -0500] "GET /forest/index2.jsp?_a=0.10161169385537505 HTTP/1.1" 200 106392
201.245.192.253 - - [14/Oct/2014:08:53:42 -0500] "GET /forest/index2.jsp?_a=0.8273350968956947 HTTP/1.1" 200 173347
201.245.192.253 - - [14/Oct/2014:08:53:43 -0500] "GET /forest/index2.jsp?_a=0.8576138596981764 HTTP/1.1" 200 -
201.245.192.253 - - [14/Oct/2014:08:53:43 -0500] "GET /forest/index2.jsp?_a=0.8576138596981764 HTTP/1.1" 200 173343
201.245.192.253 - - [14/Oct/2014:08:53:43 -0500] "GET /forest/index2.jsp?_a=0.24648638674989343 HTTP/1.1" 200 173359
201.245.192.253 - - [14/Oct/2014:08:53:44 -0500] "GET /forest/index2.jsp?_a=0.08082270296290517 HTTP/1.1" 502 1334
186.29.170.77 - - [14/Oct/2014:08:53:44 -0500] "POST /forms/lservlet;jsessionid=ac16012b30d5c405f743481b40798c53b9d89f55fce7.e3iSbxaKaheRe34Sa3yKbhiTahb0n6jAmljGr5XDqQLvpAe HTTP/1.1" 200 2
66.249.79.83 - - [14/Oct/2014:08:53:44 -0500] "GET /resoluciones/AUTOS%202007/1516.pdf HTTP/1.1" 404 1018
201.245.192.253 - - [14/Oct/2014:08:53:36 -0500] "GET /forest/parameter?action=listRpts&a=0.28525456157512963 HTTP/1.1" 200 -
201.245.192.253 - - [14/Oct/2014:08:53:45 -0500] "GET /forest/session.jsp?a=0.9047476176638156 HTTP/1.1" 200 4
201.245.192.253 - - [14/Oct/2014:08:53:45 -0500] "POST /forest/misactividades.do?ajax=true&a=0.9954005111940205 HTTP/1.1" 200 -
190.84.56.157 - - [14/Oct/2014:08:53:46 -0500] "POST /forms/lservlet;jsessionid=ac16012b30d5578c97fde4684a818450b0ee07a70b46.e3iSbxaKaheRe34Sa3yKbhiTahb0n6jAmljGr5XDqQLvpAe HTTP/1.1" 200 546
190.84.56.157 - - [14/Oct/2014:08:53:46 -0500] "POST /forms/lservlet;jsessionid=ac16012b30d5578c97fde4684a818450b0ee07a70b46.e3iSbxaKaheRe34Sa3yKbhiTahb0n6jAmljGr5XDqQLvpAe HTTP/1.1" 200 7
66.249.79.83 - - [14/Oct/2014:08:53:46 -0500] "GET /BLA/resoluciones/RESOLUCIONES%202009/5511.pdf HTTP/1.1" 200 499341
201.245.192.253 - - [14/Oct/2014:08:53:47 -0500] "GET /forest/reportes.do?group_system_actual=5&_a=0.9138971820939332 HTTP/1.1" 302 -
201.245.192.253 - - [14/Oct/2014:08:53:47 -0500] "GET /forest/reportes.do?menu=1&group_system_actual=5 HTTP/1.1" 200 -
201.245.192.253 - - [14/Oct/2014:08:53:47 -0500] "GET /forest/reportes.do?menu=1&group_system_actual=5 HTTP/1.1" 200 31267
201.245.192.253 - - [14/Oct/2014:08:53:47 -0500] "GET /forest/parameter?action=listRpts&a=0.6924238277133554 HTTP/1.1" 406 -
201.245.192.253 - - [14/Oct/2014:08:53:47 -0500] "GET /forest/session.jsp?a=0.4827738832682371 HTTP/1.1" 200 4
190.84.56.157 - - [14/Oct/2014:08:53:47 -0500] "POST /forms/lservlet;jsessionid=ac16012b30d5578c97fde4684a818450b0ee07a70b46.e3iSbxaKaheRe34Sa3yKbhiTahb0n6jAmljGr5XDqQLvpAe HTTP/1.1" 200 426
190.84.56.157 - - [14/Oct/2014:08:53:47 -0500] "POST /forms/lservlet;jsessionid=ac16012b30d5578c97fde4684a818450b0ee07a70b46.e3iSbxaKaheRe34Sa3yKbhiTahb0n6jAmljGr5XDqQLvpAe HTTP/1.1" 200 420
190.84.56.157 - - [14/Oct/2014:08:53:48 -0500] "POST /forms/lservlet;jsessionid=ac16012b30d5578c97fde4684a818450b0ee07a70b46.e3iSbxaKaheRe34Sa3yKbhiTahb0n6jAmljGr5XDqQLvpAe HTTP/1.1" 200 415
190.84.56.157 - - [14/Oct/2014:08:53:48 -0500] "POST /forms/lservlet;jsessionid=ac16012b30d5578c97fde4684a818450b0ee07a70b46.e3iSbxaKaheRe34Sa3yKbhiTahb0n6jAmljGr5XDqQLvpAe HTTP/1.1" 200 400
66.249.79.67 - - [14/Oct/2014:08:53:48 -0500] "GET /BLA/resoluciones/RESOLUCIONES%202008/4560.pdf HTTP/1.1" 200 332703
190.84.56.157 - - [14/Oct/2014:08:53:48 -0500] "POST /forms/lservlet;jsessionid=ac16012b30d5578c97fde4684a818450b0ee07a70b46.e3iSbxaKaheRe34Sa3yKbhiTahb0n6jAmljGr5XDqQLvpAe HTTP/1.1" 200 424
190.84.56.157 - - [14/Oct/2014:08:53:49 -0500] "POST /forms/lservlet;jsessionid=ac16012b30d5578c97fde4684a818450b0ee07a70b46.e3iSbxaKaheRe34Sa3yKbhiTahb0n6jAmljGr5XDqQLvpAe HTTP/1.1" 200 431
190.84.56.157 - - [14/Oct/2014:08:53:50 -0500] "POST /forms/lservlet;jsessionid=ac16012b30d5578c97fde4684a818450b0ee07a70b46.e3iSbxaKaheRe34Sa3yKbhiTahb0n6jAmljGr5XDqQLvpAe HTTP/1.1" 200 515
190.84.56.157 - - [14/Oct/2014:08:53:50 -0500] "POST /forms/lservlet;jsessionid=ac16012b30d5578c97fde4684a818450b0ee07a70b46.e3iSbxaKaheRe34Sa3yKbhiTahb0n6jAmljGr5XDqQLvpAe HTTP/1.1" 200 7
201.245.192.253 - - [14/Oct/2014:08:53:52 -0500] "GET /forest/reportes.do?group_system_actual=5&_a=0.9009270560927689 HTTP/1.1" 200 -
201.245.192.253 - - [14/Oct/2014:08:53:52 -0500] "GET /forest/reportes.do?group_system_actual=5&_a=0.9009270560927689 HTTP/1.1" 302 -
201.245.192.253 - - [14/Oct/2014:08:53:52 -0500] "GET /forest/reportes.do?menu=1&group_system_actual=5 HTTP/1.1" 502 1336
190.84.56.157 - - [14/Oct/2014:08:53:53 -0500] "POST /forms/lservlet;jsessionid=ac16012b30d5578c97fde4684a818450b0ee07a70b46.e3iSbxaKaheRe34Sa3yKbhiTahb0n6jAmljGr5XDqQLvpAe HTTP/1.1" 200 2
201.245.192.253 - - [14/Oct/2014:08:53:54 -0500] "GET /forest/session.jsp?a=0.44548438722267747 HTTP/1.1" 200 4
190.84.56.157 - - [14/Oct/2014:08:53:54 -0500] "POST /forms/lservlet;jsessionid=ac16012b30d5578c97fde4684a818450b0ee07a70b46.e3iSbxaKaheRe34Sa3yKbhiTahb0n6jAmljGr5XDqQLvpAe HTTP/1.1" 200 14
201.245.192.253 - - [14/Oct/2014:08:53:54 -0500] "POST /forest/misactividades.do?ajax=true&a=0.5766485561616719 HTTP/1.1" 200 45941
190.252.109.214 - - [14/Oct/2014:08:53:56 -0500] "GET /BLA/boletinlegal/js/jquery.scrollTo-min.js HTTP/1.1" 200 1150
190.252.109.214 - - [14/Oct/2014:08:53:56 -0500] "GET /BLA/boletinlegal/js/jquery.js HTTP/1.1" 200 57254
190.252.109.214 - - [14/Oct/2014:08:53:56 -0500] "GET /BLA/boletinlegal/js/jquery.scrollShow.js HTTP/1.1" 200 4586
190.252.109.214 - - [14/Oct/2014:08:53:56 -0500] "GET /galeria/carrusel/Carrusel/jquery.thumbnailScroller.css HTTP/1.1" 200 2066
190.252.109.214 - - [14/Oct/2014:08:53:56 -0500] "GET /galeria/carrusel/Carrusel/jquery-ui-1.8.13.custom.min.js HTTP/1.1" 200 10800
190.84.56.157 - - [14/Oct/2014:08:53:55 -0500] "POST /forms/lservlet;jsessionid=ac16012b30d5578c97fde4684a818450b0ee07a70b46.e3iSbxaKaheRe34Sa3yKbhiTahb0n6jAmljGr5XDqQLvpAe HTTP/1.1" 200 14
190.252.109.214 - - [14/Oct/2014:08:53:56 -0500] "GET /galeria/carrusel/Carrusel/jquery.thumbnailScroller.js HTTP/1.1" 200 8157
190.84.56.157 - - [14/Oct/2014:08:53:56 -0500] "POST /forms/lservlet;jsessionid=ac16012b30d5578c97fde4684a818450b0ee07a70b46.e3iSbxaKaheRe34Sa3yKbhiTahb0n6jAmljGr5XDqQLvpAe HTTP/1.1" 200 68
190.84.56.157 - - [14/Oct/2014:08:53:57 -0500] "POST /forms/lservlet;jsessionid=ac16012b30d5578c97fde4684a818450b0ee07a70b46.e3iSbxaKaheRe34Sa3yKbhiTahb0n6jAmljGr5XDqQLvpAe HTTP/1.1" 200 7
190.252.109.214 - - [14/Oct/2014:08:53:59 -0500] "GET /galeria/nivo-slider/demo/demo.html HTTP/1.1" 200 3315
201.245.192.253 - - [14/Oct/2014:08:53:59 -0500] "GET /galeria/carrusel/Carrusel/jquery.thumbnailScroller.css HTTP/1.1" 304 -
201.245.192.253 - - [14/Oct/2014:08:53:59 -0500] "GET /galeria/carrusel/Carrusel/jquery-ui-1.8.13.custom.min.js HTTP/1.1" 304 -
190.252.109.214 - - [14/Oct/2014:08:53:59 -0500] "GET /galeria/nivo-slider/themes/default/default.css HTTP/1.1" 200 1569
190.252.109.214 - - [14/Oct/2014:08:53:59 -0500] "GET /galeria/nivo-slider/themes/pascal/pascal.css HTTP/1.1" 200 2258
190.252.109.214 - - [14/Oct/2014:08:53:59 -0500] "GET /galeria/nivo-slider/themes/orman/orman.css HTTP/1.1" 200 2152
190.252.109.214 - - [14/Oct/2014:08:53:59 -0500] "GET /galeria/nivo-slider/jquery.nivo.slider.pack.js HTTP/1.1" 200 11561
190.252.109.214 - - [14/Oct/2014:08:53:59 -0500] "GET /galeria/nivo-slider/nivo-slider.css HTTP/1.1" 200 1507
190.252.109.214 - - [14/Oct/2014:08:53:59 -0500] "GET /galeria/nivo-slider/demo/style.css HTTP/1.1" 200 2222
