190.144.34.170 - - [14/Oct/2014:08:58:11 -0500] "GET /galeria/carrusel/Carrusel/jquery-ui-1.8.13.custom.min.js HTTP/1.1" 200 10800
190.144.34.170 - - [14/Oct/2014:08:58:11 -0500] "GET /galeria/carrusel/Carrusel/jquery.thumbnailScroller.js HTTP/1.1" 200 8157
190.144.34.170 - - [14/Oct/2014:08:58:11 -0500] "GET /BLA/boletinlegal/js/jquery.scrollTo-min.js HTTP/1.1" 200 1150
201.245.192.253 - - [14/Oct/2014:08:58:11 -0500] "HEAD /forest/documentos/1938462/2014ER168079.docx HTTP/1.1" 200 -
190.84.56.157 - - [14/Oct/2014:08:58:11 -0500] "POST /forms/lservlet;jsessionid=ac16012b30d5578c97fde4684a818450b0ee07a70b46.e3iSbxaKaheRe34Sa3yKbhiTahb0n6jAmljGr5XDqQLvpAe HTTP/1.1" 200 160
190.144.34.170 - - [14/Oct/2014:08:58:11 -0500] "GET /galeria/nivo-slider/demo/demo.html HTTP/1.1" 200 3315
190.144.34.170 - - [14/Oct/2014:08:58:11 -0500] "GET /galeria/nivo-slider/themes/default/default.css HTTP/1.1" 200 1569
190.144.34.170 - - [14/Oct/2014:08:58:11 -0500] "GET /galeria/nivo-slider/themes/pascal/pascal.css HTTP/1.1" 200 2258
190.144.34.170 - - [14/Oct/2014:08:58:11 -0500] "GET /galeria/nivo-slider/nivo-slider.css HTTP/1.1" 200 1507
190.144.34.170 - - [14/Oct/2014:08:58:11 -0500] "GET /galeria/nivo-slider/themes/orman/orman.css HTTP/1.1" 200 2152
190.144.34.170 - - [14/Oct/2014:08:58:11 -0500] "GET /galeria/nivo-slider/demo/style.css HTTP/1.1" 200 2222
190.144.34.170 - - [14/Oct/2014:08:58:11 -0500] "GET /galeria/nivo-slider/demo/scripts/jquery-1.7.1.min.js HTTP/1.1" 200 93868
190.144.34.170 - - [14/Oct/2014:08:58:11 -0500] "GET /galeria/nivo-slider/jquery.nivo.slider.pack.js HTTP/1.1" 200 11561
190.144.34.170 - - [14/Oct/2014:08:58:11 -0500] "GET /galeria/nivo-slider/demo/images/EncuentroAgua1.jpg HTTP/1.1" 200 274179
190.144.34.170 - - [14/Oct/2014:08:58:11 -0500] "GET /galeria/nivo-slider/demo/images/banner-Animal.jpg HTTP/1.1" 200 257223
190.144.34.170 - - [14/Oct/2014:08:58:12 -0500] "GET /galeria/nivo-slider/demo/images/Tingua-azul.jpg HTTP/1.1" 200 307638
190.144.34.170 - - [14/Oct/2014:08:58:12 -0500] "GET /galeria/nivo-slider/demo/images/Banner-Caracol-Africano.jpg HTTP/1.1" 200 331986
190.144.34.170 - - [14/Oct/2014:08:58:12 -0500] "GET /galeria/nivo-slider/demo/images/9Signos.jpg HTTP/1.1" 200 93040
190.144.34.170 - - [14/Oct/2014:08:58:12 -0500] "GET /galeria/nivo-slider/demo/images/banner-encuesta.jpg HTTP/1.1" 200 42764
190.84.56.157 - - [14/Oct/2014:08:58:12 -0500] "POST /forms/lservlet;jsessionid=ac16012b30d5578c97fde4684a818450b0ee07a70b46.e3iSbxaKaheRe34Sa3yKbhiTahb0n6jAmljGr5XDqQLvpAe HTTP/1.1" 200 203
190.144.34.170 - - [14/Oct/2014:08:58:12 -0500] "GET /galeria/nivo-slider/demo/images/banner-llantas2.jpg HTTP/1.1" 200 73153
190.144.34.170 - - [14/Oct/2014:08:58:13 -0500] "GET /galeria/nivo-slider/demo/images/banner-caballos.png HTTP/1.1" 200 389106
190.144.34.170 - - [14/Oct/2014:08:58:13 -0500] "GET /galeria/nivo-slider/demo/images/4Simple_Slider.png HTTP/1.1" 200 11722
190.144.34.170 - - [14/Oct/2014:08:58:13 -0500] "GET /galeria/nivo-slider/themes/default/loading.gif HTTP/1.1" 200 1737
190.144.34.170 - - [14/Oct/2014:08:58:13 -0500] "GET /galeria/nivo-slider/demo/images/ConstructorasFNL.jpg HTTP/1.1" 200 216551
190.144.34.170 - - [14/Oct/2014:08:58:13 -0500] "GET /galeria/nivo-slider/demo/images/Hacienda_Molinos.jpg HTTP/1.1" 200 319171
186.112.96.245 - - [14/Oct/2014:08:58:13 -0500] "GET /galeria/nivo-slider/demo/images/banner-llantas2.jpg HTTP/1.1" 200 73153
186.112.96.245 - - [14/Oct/2014:08:58:13 -0500] "GET /galeria/nivo-slider/demo/images/banner-caballos.png HTTP/1.1" 200 389106
190.144.34.170 - - [14/Oct/2014:08:58:13 -0500] "GET /galeria/nivo-slider/demo/images/bannerEcolecta3.jpg HTTP/1.1" 200 280034
190.84.56.157 - - [14/Oct/2014:08:58:13 -0500] "POST /forms/lservlet;jsessionid=ac16012b30d5578c97fde4684a818450b0ee07a70b46.e3iSbxaKaheRe34Sa3yKbhiTahb0n6jAmljGr5XDqQLvpAe HTTP/1.1" 200 35342
190.144.34.170 - - [14/Oct/2014:08:58:14 -0500] "GET /galeria/nivo-slider/themes/default/arrows.png HTTP/1.1" 200 824
190.144.34.170 - - [14/Oct/2014:08:58:14 -0500] "GET /galeria/nivo-slider/themes/default/bullets.png HTTP/1.1" 200 1281
186.112.96.245 - - [14/Oct/2014:08:58:15 -0500] "GET /galeria/nivo-slider/demo/images/ConstructorasFNL.jpg HTTP/1.1" 200 216551
190.84.56.157 - - [14/Oct/2014:08:58:15 -0500] "POST /forms/lservlet;jsessionid=ac16012b30d5578c97fde4684a818450b0ee07a70b46.e3iSbxaKaheRe34Sa3yKbhiTahb0n6jAmljGr5XDqQLvpAe HTTP/1.1" 200 207
190.84.56.157 - - [14/Oct/2014:08:58:16 -0500] "POST /forms/lservlet;jsessionid=ac16012b30d5578c97fde4684a818450b0ee07a70b46.e3iSbxaKaheRe34Sa3yKbhiTahb0n6jAmljGr5XDqQLvpAe HTTP/1.1" 200 168
190.84.56.157 - - [14/Oct/2014:08:58:17 -0500] "POST /forms/lservlet;jsessionid=ac16012b30d5578c97fde4684a818450b0ee07a70b46.e3iSbxaKaheRe34Sa3yKbhiTahb0n6jAmljGr5XDqQLvpAe HTTP/1.1" 200 152
190.84.56.157 - - [14/Oct/2014:08:58:18 -0500] "POST /forms/lservlet;jsessionid=ac16012b30d5578c97fde4684a818450b0ee07a70b46.e3iSbxaKaheRe34Sa3yKbhiTahb0n6jAmljGr5XDqQLvpAe HTTP/1.1" 200 152
186.112.96.245 - - [14/Oct/2014:08:58:18 -0500] "GET /galeria/nivo-slider/demo/images/Hacienda_Molinos.jpg HTTP/1.1" 200 319171
186.112.96.245 - - [14/Oct/2014:08:58:18 -0500] "GET /galeria/nivo-slider/demo/images/bannerEcolecta3.jpg HTTP/1.1" 200 280034
186.112.96.245 - - [14/Oct/2014:08:58:19 -0500] "GET /videos/Spot_Tinguas.flv HTTP/1.1" 200 2087054
190.84.56.157 - - [14/Oct/2014:08:58:19 -0500] "POST /forms/lservlet;jsessionid=ac16012b30d5578c97fde4684a818450b0ee07a70b46.e3iSbxaKaheRe34Sa3yKbhiTahb0n6jAmljGr5XDqQLvpAe HTTP/1.1" 200 153
190.84.56.157 - - [14/Oct/2014:08:58:20 -0500] "POST /forms/lservlet;jsessionid=ac16012b30d5578c97fde4684a818450b0ee07a70b46.e3iSbxaKaheRe34Sa3yKbhiTahb0n6jAmljGr5XDqQLvpAe HTTP/1.1" 200 2
190.84.56.157 - - [14/Oct/2014:08:58:20 -0500] "POST /forms/lservlet;jsessionid=ac16012b30d5578c97fde4684a818450b0ee07a70b46.e3iSbxaKaheRe34Sa3yKbhiTahb0n6jAmljGr5XDqQLvpAe HTTP/1.1" 200 69
190.84.56.157 - - [14/Oct/2014:08:58:21 -0500] "POST /forms/lservlet;jsessionid=ac16012b30d5578c97fde4684a818450b0ee07a70b46.e3iSbxaKaheRe34Sa3yKbhiTahb0n6jAmljGr5XDqQLvpAe HTTP/1.1" 200 2
190.84.56.157 - - [14/Oct/2014:08:58:21 -0500] "POST /forms/lservlet;jsessionid=ac16012b30d5578c97fde4684a818450b0ee07a70b46.e3iSbxaKaheRe34Sa3yKbhiTahb0n6jAmljGr5XDqQLvpAe HTTP/1.1" 200 2
66.249.79.67 - - [14/Oct/2014:08:58:22 -0500] "GET /BLA/resoluciones/RESOLUCIONES%202011/1830.pdf HTTP/1.1" 200 503190
190.84.56.157 - - [14/Oct/2014:08:58:22 -0500] "POST /forms/lservlet;jsessionid=ac16012b30d5578c97fde4684a818450b0ee07a70b46.e3iSbxaKaheRe34Sa3yKbhiTahb0n6jAmljGr5XDqQLvpAe HTTP/1.1" 200 7906
190.84.56.157 - - [14/Oct/2014:08:58:22 -0500] "POST /forms/lservlet;jsessionid=ac16012b30d5578c97fde4684a818450b0ee07a70b46.e3iSbxaKaheRe34Sa3yKbhiTahb0n6jAmljGr5XDqQLvpAe HTTP/1.1" 200 2
186.155.152.195 - - [14/Oct/2014:08:58:22 -0500] "GET /videos/Spot_Tinguas.flv HTTP/1.1" 200 2087054
201.245.192.253 - - [14/Oct/2014:08:58:23 -0500] "POST /forms/lservlet;jsessionid=ac16012b30d58471b2e8e7d44e148a9cc861856b3229.e3iSbxaKaheRe34Sa3yKbhiTahb0n6jAmljGr5XDqQLvpAe HTTP/1.1" 200 2
200.69.103.254 - - [14/Oct/2014:08:58:23 -0500] "GET /BLA/boletinlegal/js/jquery.scrollShow.js HTTP/1.0" 200 4586
66.249.79.83 - - [14/Oct/2014:08:58:23 -0500] "GET /BLA/resoluciones/AUTOS%202007/3063.pdf HTTP/1.1" 200 177142
201.245.192.253 - - [14/Oct/2014:08:58:25 -0500] "GET /galeria/nivo-slider/demo/images/9Signos.jpg HTTP/1.1" 304 -
201.245.192.253 - - [14/Oct/2014:08:58:25 -0500] "GET /galeria/nivo-slider/demo/images/banner-llantas2.jpg HTTP/1.1" 304 -
190.84.56.157 - - [14/Oct/2014:08:58:26 -0500] "POST /forms/lservlet;jsessionid=ac16012b30d5578c97fde4684a818450b0ee07a70b46.e3iSbxaKaheRe34Sa3yKbhiTahb0n6jAmljGr5XDqQLvpAe HTTP/1.1" 200 84
186.29.170.77 - - [14/Oct/2014:08:58:27 -0500] "GET /forest/skins/gdocs-jar/popup/popup.jsp?width=900&height=600&title=Informaci%F3n%20de%20proceso&uri=/forest/system/process.jsp%3FnumPro%3D2464719&name=undefined&_a=0.21482443739660084&a=0.42692207847721875 HTTP/1.1" 200 1191
190.84.56.157 - - [14/Oct/2014:08:58:27 -0500] "POST /forms/lservlet;jsessionid=ac16012b30d5578c97fde4684a818450b0ee07a70b46.e3iSbxaKaheRe34Sa3yKbhiTahb0n6jAmljGr5XDqQLvpAe HTTP/1.1" 200 2
186.29.170.77 - - [14/Oct/2014:08:58:27 -0500] "GET /forest/system/process.jsp?numPro=2464719 HTTP/1.1" 200 18159
190.84.56.157 - - [14/Oct/2014:08:58:27 -0500] "POST /forms/lservlet;jsessionid=ac16012b30d5578c97fde4684a818450b0ee07a70b46.e3iSbxaKaheRe34Sa3yKbhiTahb0n6jAmljGr5XDqQLvpAe HTTP/1.1" 200 2335
190.84.56.157 - - [14/Oct/2014:08:58:27 -0500] "POST /forms/lservlet;jsessionid=ac16012b30d5578c97fde4684a818450b0ee07a70b46.e3iSbxaKaheRe34Sa3yKbhiTahb0n6jAmljGr5XDqQLvpAe HTTP/1.1" 200 10
186.29.170.77 - - [14/Oct/2014:08:58:27 -0500] "GET /forest/system/process.jsp?numPro=2464719 HTTP/1.1" 200 84656
186.29.170.77 - - [14/Oct/2014:08:58:30 -0500] "GET /forest/usudocumentos.do?p7z=1637395&a=0.9936384111642838&a=0.849480555858463 HTTP/1.1" 200 2557
186.29.170.77 - - [14/Oct/2014:08:58:30 -0500] "GET /forest/skins/gdocs-jar/img/contraido.gif HTTP/1.1" 200 195
200.69.103.254 - - [14/Oct/2014:08:58:30 -0500] "GET /BLA/boletinlegal/js/jquery.scrollTo-min.js HTTP/1.0" 200 1150
201.245.192.253 - - [14/Oct/2014:08:58:31 -0500] "GET /galeria/nivo-slider/demo/images/9Signos.jpg HTTP/1.1" 304 -
201.245.192.253 - - [14/Oct/2014:08:58:31 -0500] "GET /galeria/nivo-slider/demo/images/Hacienda_Molinos.jpg HTTP/1.1" 304 -
190.84.56.157 - - [14/Oct/2014:08:58:31 -0500] "POST /forms/lservlet;jsessionid=ac16012b30d5578c97fde4684a818450b0ee07a70b46.e3iSbxaKaheRe34Sa3yKbhiTahb0n6jAmljGr5XDqQLvpAe HTTP/1.1" 200 24
200.69.103.254 - - [14/Oct/2014:08:58:32 -0500] "GET /BLA/boletinlegal/js/jquery.js HTTP/1.0" 200 57254
201.245.192.253 - - [14/Oct/2014:08:58:32 -0500] "GET /galeria/nivo-slider/demo/images/banner-encuesta.jpg HTTP/1.1" 304 -
201.245.192.253 - - [14/Oct/2014:08:58:32 -0500] "GET /galeria/nivo-slider/demo/images/banner-llantas2.jpg HTTP/1.1" 304 -
190.84.56.157 - - [14/Oct/2014:08:58:32 -0500] "POST /forms/lservlet;jsessionid=ac16012b30d5578c97fde4684a818450b0ee07a70b46.e3iSbxaKaheRe34Sa3yKbhiTahb0n6jAmljGr5XDqQLvpAe HTTP/1.1" 200 4289
190.84.56.157 - - [14/Oct/2014:08:58:32 -0500] "POST /forms/lservlet;jsessionid=ac16012b30d5578c97fde4684a818450b0ee07a70b46.e3iSbxaKaheRe34Sa3yKbhiTahb0n6jAmljGr5XDqQLvpAe HTTP/1.1" 200 2
131.178.240.194 - - [14/Oct/2014:08:58:33 -0500] "GET /BLA/boletinlegal/js/jquery.scrollShow.js HTTP/1.1" 200 4586
131.178.240.194 - - [14/Oct/2014:08:58:33 -0500] "GET /BLA/boletinlegal/js/jquery.js HTTP/1.1" 200 57254
131.178.240.194 - - [14/Oct/2014:08:58:33 -0500] "GET /galeria/carrusel/Carrusel/jquery-ui-1.8.13.custom.min.js HTTP/1.1" 200 10800
131.178.240.194 - - [14/Oct/2014:08:58:33 -0500] "GET /BLA/boletinlegal/js/jquery.scrollTo-min.js HTTP/1.1" 200 1150
131.178.240.194 - - [14/Oct/2014:08:58:33 -0500] "GET /galeria/carrusel/Carrusel/jquery.thumbnailScroller.js HTTP/1.1" 200 8157
131.178.240.194 - - [14/Oct/2014:08:58:33 -0500] "GET /galeria/carrusel/Carrusel/jquery.thumbnailScroller.css HTTP/1.1" 200 2066
186.29.170.77 - - [14/Oct/2014:08:58:33 -0500] "GET /forest/documentos/1637395/2013EE048667.p7z HTTP/1.1" 200 225934
201.245.192.253 - - [14/Oct/2014:08:58:35 -0500] "GET /galeria/nivo-slider/demo/images/Tingua-azul.jpg HTTP/1.1" 304 -
201.245.192.253 - - [14/Oct/2014:08:58:35 -0500] "GET /galeria/nivo-slider/demo/images/Banner-Caracol-Africano.jpg HTTP/1.1" 304 -
201.245.192.253 - - [14/Oct/2014:08:58:35 -0500] "GET /galeria/nivo-slider/demo/images/9Signos.jpg HTTP/1.1" 304 -
201.245.192.253 - - [14/Oct/2014:08:58:35 -0500] "GET /galeria/nivo-slider/demo/images/banner-llantas2.jpg HTTP/1.1" 304 -
201.245.192.253 - - [14/Oct/2014:08:58:35 -0500] "GET /galeria/nivo-slider/demo/images/banner-encuesta.jpg HTTP/1.1" 304 -
201.245.192.253 - - [14/Oct/2014:08:58:35 -0500] "GET /galeria/nivo-slider/demo/images/banner-caballos.png HTTP/1.1" 304 -
201.245.192.253 - - [14/Oct/2014:08:58:35 -0500] "GET /galeria/nivo-slider/demo/images/Hacienda_Molinos.jpg HTTP/1.1" 304 -
201.245.192.253 - - [14/Oct/2014:08:58:35 -0500] "GET /galeria/nivo-slider/demo/images/bannerEcolecta3.jpg HTTP/1.1" 304 -
201.245.192.253 - - [14/Oct/2014:08:58:35 -0500] "GET /galeria/nivo-slider/demo/images/banner-Animal.jpg HTTP/1.1" 304 -
186.29.170.77 - - [14/Oct/2014:08:58:35 -0500] "GET /forest/documentos/1637395/2013EE048667.p7z:claro/Autos.doc HTTP/1.1" 200 221184
200.69.103.254 - - [14/Oct/2014:08:58:37 -0500] "GET /galeria/carrusel/Carrusel/jquery.thumbnailScroller.css HTTP/1.0" 200 2066
190.84.56.157 - - [14/Oct/2014:08:58:38 -0500] "POST /forms/lservlet;jsessionid=ac16012b30d5578c97fde4684a818450b0ee07a70b46.e3iSbxaKaheRe34Sa3yKbhiTahb0n6jAmljGr5XDqQLvpAe HTTP/1.1" 200 10
190.84.56.157 - - [14/Oct/2014:08:58:38 -0500] "POST /forms/lservlet;jsessionid=ac16012b30d5578c97fde4684a818450b0ee07a70b46.e3iSbxaKaheRe34Sa3yKbhiTahb0n6jAmljGr5XDqQLvpAe HTTP/1.1" 200 13830
190.84.56.157 - - [14/Oct/2014:08:58:38 -0500] "GET /imagenes/listval.gif HTTP/1.1" 200 905
190.84.56.157 - - [14/Oct/2014:08:58:38 -0500] "POST /forms/lservlet;jsessionid=ac16012b30d5578c97fde4684a818450b0ee07a70b46.e3iSbxaKaheRe34Sa3yKbhiTahb0n6jAmljGr5XDqQLvpAe HTTP/1.1" 200 29
186.29.170.77 - - [14/Oct/2014:08:58:39 -0500] "GET /forest/skins/gdocs-jar/popup/popup.jsp?width=850&height=380&title=Informaci%F3n%20del%20radicado&uri=/forest/system/document.jsp%3FcodDoc%3D546487&name=undefined&_a=0.6797482825350016&a=0.0030100056901574135 HTTP/1.1" 200 1193
186.29.170.77 - - [14/Oct/2014:08:58:39 -0500] "GET /forest/system/document.jsp?codDoc=546487 HTTP/1.1" 200 14842
186.29.170.77 - - [14/Oct/2014:08:58:39 -0500] "GET /forest/system/document.jsp?codDoc=546487 HTTP/1.1" 200 14842
190.84.56.157 - - [14/Oct/2014:08:58:39 -0500] "POST /forms/lservlet;jsessionid=ac16012b30d5578c97fde4684a818450b0ee07a70b46.e3iSbxaKaheRe34Sa3yKbhiTahb0n6jAmljGr5XDqQLvpAe HTTP/1.1" 200 2
190.84.56.157 - - [14/Oct/2014:08:58:39 -0500] "GET /imagenes/listval.gif HTTP/1.1" 200 905
190.84.56.157 - - [14/Oct/2014:08:58:40 -0500] "POST /forms/lservlet;jsessionid=ac16012b30d5578c97fde4684a818450b0ee07a70b46.e3iSbxaKaheRe34Sa3yKbhiTahb0n6jAmljGr5XDqQLvpAe HTTP/1.1" 200 25
190.84.56.157 - - [14/Oct/2014:08:58:40 -0500] "POST /forms/lservlet;jsessionid=ac16012b30d5578c97fde4684a818450b0ee07a70b46.e3iSbxaKaheRe34Sa3yKbhiTahb0n6jAmljGr5XDqQLvpAe HTTP/1.1" 200 22
186.29.170.77 - - [14/Oct/2014:08:58:41 -0500] "GET /forest/documentos/546487/2009ER19899.pdf HTTP/1.1" 200 214
190.84.56.157 - - [14/Oct/2014:08:58:41 -0500] "POST /forms/lservlet;jsessionid=ac16012b30d5578c97fde4684a818450b0ee07a70b46.e3iSbxaKaheRe34Sa3yKbhiTahb0n6jAmljGr5XDqQLvpAe HTTP/1.1" 200 2
190.84.56.157 - - [14/Oct/2014:08:58:41 -0500] "POST /forms/lservlet;jsessionid=ac16012b30d5578c97fde4684a818450b0ee07a70b46.e3iSbxaKaheRe34Sa3yKbhiTahb0n6jAmljGr5XDqQLvpAe HTTP/1.1" 200 22
190.84.56.157 - - [14/Oct/2014:08:58:42 -0500] "POST /forms/lservlet;jsessionid=ac16012b30d5578c97fde4684a818450b0ee07a70b46.e3iSbxaKaheRe34Sa3yKbhiTahb0n6jAmljGr5XDqQLvpAe HTTP/1.1" 200 22
201.245.192.253 - - [14/Oct/2014:08:58:42 -0500] "GET /forest/buscar.do HTTP/1.1" 200 96527
190.84.56.157 - - [14/Oct/2014:08:58:42 -0500] "POST /forms/lservlet;jsessionid=ac16012b30d5578c97fde4684a818450b0ee07a70b46.e3iSbxaKaheRe34Sa3yKbhiTahb0n6jAmljGr5XDqQLvpAe HTTP/1.1" 200 2
201.245.192.253 - - [14/Oct/2014:08:58:42 -0500] "GET /forest/css/autocomplete.css?version=1408.271930 HTTP/1.1" 304 -
201.245.192.253 - - [14/Oct/2014:08:58:42 -0500] "GET /forest/js/load_func.js?version=1408.271930 HTTP/1.1" 304 -
201.245.192.253 - - [14/Oct/2014:08:58:42 -0500] "GET /forest/js/sarissa.js?version=1408.271930 HTTP/1.1" 304 -
201.245.192.253 - - [14/Oct/2014:08:58:42 -0500] "GET /forest/js/dialog.js?version=1408.271930 HTTP/1.1" 304 -
201.245.192.253 - - [14/Oct/2014:08:58:42 -0500] "GET /forest/js/autocompletar2.js?version=1408.271930 HTTP/1.1" 304 -
201.245.192.253 - - [14/Oct/2014:08:58:42 -0500] "GET /forest/js/escritorio/escritorio.js?version=1408.271930 HTTP/1.1" 304 -
201.245.192.253 - - [14/Oct/2014:08:58:42 -0500] "GET /forest/1ibre/jscalendar/lang/calendar-es.js?version=1408.271930 HTTP/1.1" 304 -
201.245.192.253 - - [14/Oct/2014:08:58:42 -0500] "GET /forest/1ibre/jscalendar/calendar.js?version=1408.271930 HTTP/1.1" 304 -
201.245.192.253 - - [14/Oct/2014:08:58:42 -0500] "GET /forest/1ibre/jscalendar/calendar-setup.js?version=1408.271930 HTTP/1.1" 304 -
201.245.192.253 - - [14/Oct/2014:08:58:42 -0500] "GET /forest/1ibre/1ibre.js?version=1408.271930 HTTP/1.1" 304 -
201.245.192.253 - - [14/Oct/2014:08:58:42 -0500] "GET /forest/1ibre/protoaculous.js?version=1408.271930 HTTP/1.1" 304 -
201.245.192.253 - - [14/Oct/2014:08:58:43 -0500] "GET /forest/json.do?query=usersByDep&coddep=7025 HTTP/1.1" 200 659
201.245.192.253 - - [14/Oct/2014:08:58:43 -0500] "GET /forest/json.do?query=usersByDep&coddep=7025 HTTP/1.1" 200 659
190.84.56.157 - - [14/Oct/2014:08:58:43 -0500] "POST /forms/lservlet;jsessionid=ac16012b30d5578c97fde4684a818450b0ee07a70b46.e3iSbxaKaheRe34Sa3yKbhiTahb0n6jAmljGr5XDqQLvpAe HTTP/1.1" 200 22
66.249.79.83 - - [14/Oct/2014:08:58:43 -0500] "GET /BLA/resoluciones/RESOLUCIONES%202007/RES%202007%202501%20AL%202600/RESOLUCION%202533%20DE%202007.pdf HTTP/1.1" 200 65394
190.84.56.157 - - [14/Oct/2014:08:58:43 -0500] "POST /forms/lservlet;jsessionid=ac16012b30d5578c97fde4684a818450b0ee07a70b46.e3iSbxaKaheRe34Sa3yKbhiTahb0n6jAmljGr5XDqQLvpAe HTTP/1.1" 200 22
190.84.56.157 - - [14/Oct/2014:08:58:44 -0500] "POST /forms/lservlet;jsessionid=ac16012b30d5578c97fde4684a818450b0ee07a70b46.e3iSbxaKaheRe34Sa3yKbhiTahb0n6jAmljGr5XDqQLvpAe HTTP/1.1" 200 2
190.84.56.157 - - [14/Oct/2014:08:58:44 -0500] "POST /forms/lservlet;jsessionid=ac16012b30d5578c97fde4684a818450b0ee07a70b46.e3iSbxaKaheRe34Sa3yKbhiTahb0n6jAmljGr5XDqQLvpAe HTTP/1.1" 200 36328
190.84.56.157 - - [14/Oct/2014:08:58:45 -0500] "POST /forms/lservlet;jsessionid=ac16012b30d5578c97fde4684a818450b0ee07a70b46.e3iSbxaKaheRe34Sa3yKbhiTahb0n6jAmljGr5XDqQLvpAe HTTP/1.1" 200 11
190.84.56.157 - - [14/Oct/2014:08:58:48 -0500] "POST /forms/lservlet;jsessionid=ac16012b30d5578c97fde4684a818450b0ee07a70b46.e3iSbxaKaheRe34Sa3yKbhiTahb0n6jAmljGr5XDqQLvpAe HTTP/1.1" 200 327
190.84.56.157 - - [14/Oct/2014:08:58:49 -0500] "POST /forms/lservlet;jsessionid=ac16012b30d5578c97fde4684a818450b0ee07a70b46.e3iSbxaKaheRe34Sa3yKbhiTahb0n6jAmljGr5XDqQLvpAe HTTP/1.1" 200 2
190.84.56.157 - - [14/Oct/2014:08:58:50 -0500] "POST /forms/lservlet;jsessionid=ac16012b30d5578c97fde4684a818450b0ee07a70b46.e3iSbxaKaheRe34Sa3yKbhiTahb0n6jAmljGr5XDqQLvpAe HTTP/1.1" 200 99
190.84.56.157 - - [14/Oct/2014:08:58:51 -0500] "POST /forms/lservlet;jsessionid=ac16012b30d5578c97fde4684a818450b0ee07a70b46.e3iSbxaKaheRe34Sa3yKbhiTahb0n6jAmljGr5XDqQLvpAe HTTP/1.1" 200 330
190.84.56.157 - - [14/Oct/2014:08:58:53 -0500] "POST /forms/lservlet;jsessionid=ac16012b30d5578c97fde4684a818450b0ee07a70b46.e3iSbxaKaheRe34Sa3yKbhiTahb0n6jAmljGr5XDqQLvpAe HTTP/1.1" 200 256
190.84.56.157 - - [14/Oct/2014:08:58:53 -0500] "POST /forms/lservlet;jsessionid=ac16012b30d5578c97fde4684a818450b0ee07a70b46.e3iSbxaKaheRe34Sa3yKbhiTahb0n6jAmljGr5XDqQLvpAe HTTP/1.1" 200 35354
190.84.56.157 - - [14/Oct/2014:08:58:55 -0500] "POST /forms/lservlet;jsessionid=ac16012b30d5578c97fde4684a818450b0ee07a70b46.e3iSbxaKaheRe34Sa3yKbhiTahb0n6jAmljGr5XDqQLvpAe HTTP/1.1" 200 207
201.245.192.253 - - [14/Oct/2014:08:58:55 -0500] "POST /forest/buscar.do? HTTP/1.1" 200 9716
201.245.192.253 - - [14/Oct/2014:08:52:55 -0500] "GET /ForestMSG_SDA/channelAsync/template_word_16661791;jsessionid=rKY6faH7rFdVQDudJKKS7ieY.server1?X-Atmosphere-tracking-id=5dc49456-dae8-3322-c4da-7e007f92a1f4&X-Atmosphere-Framework=1.0.5&X-Atmosphere-Transport=long-polling&tabid=0.6061052328122536&X-Cache-Date=1413295023673&Content-Type=application/xml HTTP/1.1" 200 8193
201.245.192.253 - - [14/Oct/2014:08:52:55 -0500] "GET /ForestMSG_SDA/channelAsync/template_word_16661791;jsessionid=rKY6faH7rFdVQDudJKKS7ieY.server1?X-Atmosphere-tracking-id=5dc49456-dae8-3322-c4da-7e007f92a1f4&X-Atmosphere-Framework=1.0.5&X-Atmosphere-Transport=long-polling&tabid=0.6061052328122536&X-Cache-Date=1413295023669&Content-Type=application/xml HTTP/1.1" 200 8193
201.245.192.253 - - [14/Oct/2014:08:52:55 -0500] "GET /ForestMSG_SDA/channelAsync/template_word_16661791;jsessionid=rKY6faH7rFdVQDudJKKS7ieY.server1?X-Atmosphere-tracking-id=5dc49456-dae8-3322-c4da-7e007f92a1f4&X-Atmosphere-Framework=1.0.5&X-Atmosphere-Transport=long-polling&tabid=0.6061052328122536&X-Cache-Date=1413295023613&Content-Type=application/xml HTTP/1.1" 200 8193
201.245.192.253 - - [14/Oct/2014:08:52:56 -0500] "GET /ForestMSG_SDA/channelAsync/template_word_16661791;jsessionid=rKY6faH7rFdVQDudJKKS7ieY.server1?X-Atmosphere-tracking-id=5dc49456-dae8-3322-c4da-7e007f92a1f4&X-Atmosphere-Framework=1.0.5&X-Atmosphere-Transport=long-polling&tabid=0.6061052328122536&X-Cache-Date=1413295023678&Content-Type=application/xml HTTP/1.1" 200 8193
190.84.56.157 - - [14/Oct/2014:08:58:56 -0500] "POST /forms/lservlet;jsessionid=ac16012b30d5578c97fde4684a818450b0ee07a70b46.e3iSbxaKaheRe34Sa3yKbhiTahb0n6jAmljGr5XDqQLvpAe HTTP/1.1" 200 168
190.84.56.157 - - [14/Oct/2014:08:58:57 -0500] "POST /forms/lservlet;jsessionid=ac16012b30d5578c97fde4684a818450b0ee07a70b46.e3iSbxaKaheRe34Sa3yKbhiTahb0n6jAmljGr5XDqQLvpAe HTTP/1.1" 200 152
186.84.48.69 - - [14/Oct/2014:08:58:57 -0500] "POST /forms/lservlet;jsessionid=ac16012b30d55ad09f4d765b41bfba089854480ed155.e3iSbxaKaheRe34Sa3yKbhiTahb0n6jAmljGr5XDqQLvpAe HTTP/1.1" 200 2
201.245.192.253 - - [14/Oct/2014:08:58:57 -0500] "POST /forest/usutareas.do? HTTP/1.1" 200 76
190.84.56.157 - - [14/Oct/2014:08:58:57 -0500] "POST /forms/lservlet;jsessionid=ac16012b30d5578c97fde4684a818450b0ee07a70b46.e3iSbxaKaheRe34Sa3yKbhiTahb0n6jAmljGr5XDqQLvpAe HTTP/1.1" 200 152
201.245.192.253 - - [14/Oct/2014:08:58:58 -0500] "GET /forest/usutareas.do?group_system_actual=3&a=0.9760548366594476 HTTP/1.1" 200 107017
201.245.192.253 - - [14/Oct/2014:08:58:59 -0500] "GET /forest/skins/gdocs-jar/img/plus.gif HTTP/1.1" 200 352
201.245.192.253 - - [14/Oct/2014:08:58:59 -0500] "GET /forest/skins/gdocs-jar/css/menu.css?version=1408.271930 HTTP/1.1" 304 -
201.245.192.253 - - [14/Oct/2014:08:58:59 -0500] "GET /forest/skins/gdocs-jar/js/xml_utilities.js?version=1408.271930 HTTP/1.1" 304 -
201.245.192.253 - - [14/Oct/2014:08:58:59 -0500] "GET /forest/skins/gdocs-jar/js/graphicForm.js?version=1408.271930 HTTP/1.1" 304 -
201.245.192.253 - - [14/Oct/2014:08:58:59 -0500] "GET /forest/skins/gdocs-jar/js/number-functions.js?version=1408.271930 HTTP/1.1" 304 -
201.245.192.253 - - [14/Oct/2014:08:58:59 -0500] "GET /forest/skins/gdocs-jar/js/swfobject.js?version=1408.271930 HTTP/1.1" 304 -
201.245.192.253 - - [14/Oct/2014:08:58:59 -0500] "GET /forest/skins/gdocs-jar/img/plus.gif HTTP/1.1" 304 -
201.245.192.253 - - [14/Oct/2014:08:58:59 -0500] "GET /forest/skins/gdocs-jar/js/tareas.js?version=1408.271930 HTTP/1.1" 304 -
201.245.192.253 - - [14/Oct/2014:08:59:00 -0500] "GET /forest/skins/gdocs-jar/js/autocompletar2.js?version=1408.271930 HTTP/1.1" 304 -
201.245.192.253 - - [14/Oct/2014:08:59:00 -0500] "GET /forest/session.jsp?a=0.3927278543824151 HTTP/1.1" 200 4
201.245.192.253 - - [14/Oct/2014:08:59:00 -0500] "GET /forest/actions/forms.getMappedValues?id=id_EnlaceConcejo173&value=1413295835481&codForm=DPC_RepartoConsolidador&a=0.5030285452909355 HTTP/1.1" 200 24
190.84.56.157 - - [14/Oct/2014:08:59:00 -0500] "POST /forms/lservlet;jsessionid=ac16012b30d5578c97fde4684a818450b0ee07a70b46.e3iSbxaKaheRe34Sa3yKbhiTahb0n6jAmljGr5XDqQLvpAe HTTP/1.1" 200 40
190.84.56.157 - - [14/Oct/2014:08:59:01 -0500] "POST /forms/lservlet;jsessionid=ac16012b30d5578c97fde4684a818450b0ee07a70b46.e3iSbxaKaheRe34Sa3yKbhiTahb0n6jAmljGr5XDqQLvpAe HTTP/1.1" 200 2
201.245.192.253 - - [14/Oct/2014:08:59:02 -0500] "GET /forest/actions/forms.getList?codForm=DPC_RepartoConsolidador&id=funcionarioasignado&text=a HTTP/1.1" 200 1255
201.245.192.253 - - [14/Oct/2014:08:59:02 -0500] "GET /forest/actions/forms.getList?codForm=DPC_RepartoConsolidador&id=funcionarioasignado&text=ap HTTP/1.1" 200 825
190.84.56.157 - - [14/Oct/2014:08:59:02 -0500] "POST /forms/lservlet;jsessionid=ac16012b30d5578c97fde4684a818450b0ee07a70b46.e3iSbxaKaheRe34Sa3yKbhiTahb0n6jAmljGr5XDqQLvpAe HTTP/1.1" 200 2
201.245.192.253 - - [14/Oct/2014:08:59:02 -0500] "GET /forest/actions/forms.getList?codForm=DPC_RepartoConsolidador&id=funcionarioasignado&text=apo HTTP/1.1" 200 69
201.245.192.253 - - [14/Oct/2014:08:59:02 -0500] "GET /forest/actions/forms.getList?codForm=DPC_RepartoConsolidador&id=funcionarioasignado&text=apol HTTP/1.1" 200 69
201.245.192.253 - - [14/Oct/2014:08:59:02 -0500] "GET /forest/actions/forms.getList?codForm=DPC_RepartoConsolidador&id=funcionarioasignado&text=apoli HTTP/1.1" 200 69
201.245.192.253 - - [14/Oct/2014:08:59:03 -0500] "GET /forest/actions/forms.getList?codForm=DPC_RepartoConsolidador&id=funcionarioasignado&text=apolin HTTP/1.1" 200 69
201.245.192.253 - - [14/Oct/2014:08:59:03 -0500] "GET /forest/actions/forms.getList?codForm=DPC_RepartoConsolidador&id=funcionarioasignado&text=apolina HTTP/1.1" 200 69
190.84.56.157 - - [14/Oct/2014:08:59:03 -0500] "POST /forms/lservlet;jsessionid=ac16012b30d5578c97fde4684a818450b0ee07a70b46.e3iSbxaKaheRe34Sa3yKbhiTahb0n6jAmljGr5XDqQLvpAe HTTP/1.1" 200 30
190.84.56.157 - - [14/Oct/2014:08:59:04 -0500] "POST /forms/lservlet;jsessionid=ac16012b30d5578c97fde4684a818450b0ee07a70b46.e3iSbxaKaheRe34Sa3yKbhiTahb0n6jAmljGr5XDqQLvpAe HTTP/1.1" 200 2
201.245.192.253 - - [14/Oct/2014:08:59:04 -0500] "GET /forest/skins/gdocs-jar/popup/popup.jsp?width=900&height=600&title=Informaci%F3n%20de%20proceso&uri=/forest/system/process.jsp%3FnumPro%3D2890381&name=undefined&_a=0.06994230870650997&a=0.3920832250732056 HTTP/1.1" 200 1191
66.249.79.67 - - [14/Oct/2014:08:59:04 -0500] "GET /BLA/resoluciones/RESOLUCIONES%202011/4332.pdf HTTP/1.1" 200 652554
201.245.192.253 - - [14/Oct/2014:08:59:04 -0500] "GET /forest/system/process.jsp?numPro=2890381 HTTP/1.1" 200 18159
190.84.56.157 - - [14/Oct/2014:08:59:05 -0500] "POST /forms/lservlet;jsessionid=ac16012b30d5578c97fde4684a818450b0ee07a70b46.e3iSbxaKaheRe34Sa3yKbhiTahb0n6jAmljGr5XDqQLvpAe HTTP/1.1" 200 240
190.84.56.157 - - [14/Oct/2014:08:59:06 -0500] "POST /forms/lservlet;jsessionid=ac16012b30d5578c97fde4684a818450b0ee07a70b46.e3iSbxaKaheRe34Sa3yKbhiTahb0n6jAmljGr5XDqQLvpAe HTTP/1.1" 200 727
190.84.56.157 - - [14/Oct/2014:08:59:06 -0500] "POST /forms/lservlet;jsessionid=ac16012b30d5578c97fde4684a818450b0ee07a70b46.e3iSbxaKaheRe34Sa3yKbhiTahb0n6jAmljGr5XDqQLvpAe HTTP/1.1" 200 11
201.245.192.253 - - [14/Oct/2014:08:59:06 -0500] "GET /forest/actions/forms.getList?codForm=DPC_RepartoConsolidador&id=codigoFuncionario&text=l HTTP/1.1" 200 1285
201.245.192.253 - - [14/Oct/2014:08:59:06 -0500] "GET /forest/actions/forms.getList?codForm=DPC_RepartoConsolidador&id=codigoFuncionario&text=li HTTP/1.1" 200 1278
201.245.192.253 - - [14/Oct/2014:08:59:06 -0500] "GET /forest/actions/forms.getList?codForm=DPC_RepartoConsolidador&id=codigoFuncionario&text=lin HTTP/1.1" 200 1343
201.245.192.253 - - [14/Oct/2014:08:59:06 -0500] "GET /forest/actions/forms.getList?codForm=DPC_RepartoConsolidador&id=codigoFuncionario&text=lina HTTP/1.1" 200 1334
201.245.192.253 - - [14/Oct/2014:08:59:07 -0500] "GET /forest/actions/forms.getList?codForm=DPC_RepartoConsolidador&id=codigoFuncionario&text=lina. HTTP/1.1" 200 1170
201.245.192.253 - - [14/Oct/2014:08:59:07 -0500] "GET /forest/actions/forms.getList?codForm=DPC_RepartoConsolidador&id=codigoFuncionario&text=lina.h HTTP/1.1" 200 62
190.84.56.157 - - [14/Oct/2014:08:59:08 -0500] "POST /forms/lservlet;jsessionid=ac16012b30d5578c97fde4684a818450b0ee07a70b46.e3iSbxaKaheRe34Sa3yKbhiTahb0n6jAmljGr5XDqQLvpAe HTTP/1.1" 200 163
190.84.56.157 - - [14/Oct/2014:08:59:08 -0500] "POST /forms/lservlet;jsessionid=ac16012b30d5578c97fde4684a818450b0ee07a70b46.e3iSbxaKaheRe34Sa3yKbhiTahb0n6jAmljGr5XDqQLvpAe HTTP/1.1" 200 155
190.84.56.157 - - [14/Oct/2014:08:59:09 -0500] "POST /forms/lservlet;jsessionid=ac16012b30d5578c97fde4684a818450b0ee07a70b46.e3iSbxaKaheRe34Sa3yKbhiTahb0n6jAmljGr5XDqQLvpAe HTTP/1.1" 200 155
180.76.6.57 - - [14/Oct/2014:08:59:10 -0500] "GET /BLA/resoluciones/AUTOS%202009/2317.pdf HTTP/1.1" 200 152199
201.245.192.253 - - [14/Oct/2014:08:59:11 -0500] "GET /galeria/carrusel/Carrusel/jquery-ui-%20%201.8.13.custom.min.js HTTP/1.1" 404 1018
208.30.40.190 - - [14/Oct/2014:08:59:13 -0500] "GET /BLA/boletinlegal/js/jquery.js HTTP/1.1" 200 57254
208.30.40.190 - - [14/Oct/2014:08:59:13 -0500] "GET /BLA/boletinlegal/js/jquery.scrollShow.js HTTP/1.1" 200 4586
208.30.40.190 - - [14/Oct/2014:08:59:13 -0500] "GET /BLA/boletinlegal/js/jquery.scrollTo-min.js HTTP/1.1" 200 1150
201.245.192.253 - - [14/Oct/2014:08:59:14 -0500] "GET /forest/session.jsp?a=0.914191922172904 HTTP/1.1" 200 5
201.245.192.253 - - [14/Oct/2014:08:59:14 -0500] "GET /forest/login.jsp?a=0.9198957649059594 HTTP/1.1" 200 2875
190.84.56.157 - - [14/Oct/2014:08:59:15 -0500] "POST /forms/lservlet;jsessionid=ac16012b30d5578c97fde4684a818450b0ee07a70b46.e3iSbxaKaheRe34Sa3yKbhiTahb0n6jAmljGr5XDqQLvpAe HTTP/1.1" 200 75
190.242.127.106 - - [14/Oct/2014:08:59:19 -0500] "GET /BLA/boletinlegal/js/jquery.js HTTP/1.1" 200 57254
190.242.127.106 - - [14/Oct/2014:08:59:19 -0500] "GET /BLA/boletinlegal/js/jquery.scrollTo-min.js HTTP/1.1" 200 1150
190.242.127.106 - - [14/Oct/2014:08:59:19 -0500] "GET /BLA/boletinlegal/js/jquery.scrollShow.js HTTP/1.1" 200 4586
201.245.192.253 - - [14/Oct/2014:08:59:19 -0500] "GET /forest/system/process.jsp?numPro=2890381 HTTP/1.1" 200 55499
200.69.103.254 - - [14/Oct/2014:08:59:22 -0500] "GET /galeria/carrusel/Carrusel/jquery-ui-1.8.13.custom.min.js HTTP/1.0" 200 10800
200.69.103.254 - - [14/Oct/2014:08:59:22 -0500] "GET /galeria/carrusel/Carrusel/jquery.thumbnailScroller.js HTTP/1.0" 200 8157
201.245.192.253 - - [14/Oct/2014:08:59:23 -0500] "GET /galeria/nivo-slider/themes/default/default.css HTTP/1.1" 304 -
66.249.79.75 - - [14/Oct/2014:08:59:25 -0500] "GET /BLA/resoluciones/RESOLUCIONES%202011/3120.pdf HTTP/1.1" 200 683382
190.84.56.157 - - [14/Oct/2014:08:59:26 -0500] "POST /forms/lservlet;jsessionid=ac16012b30d5578c97fde4684a818450b0ee07a70b46.e3iSbxaKaheRe34Sa3yKbhiTahb0n6jAmljGr5XDqQLvpAe HTTP/1.1" 200 199
200.69.103.254 - - [14/Oct/2014:08:59:29 -0500] "GET /galeria/nivo-slider/demo/demo.html HTTP/1.0" 200 3315
66.249.79.83 - - [14/Oct/2014:08:59:31 -0500] "GET /BLA/resoluciones/RESOLUCIONES%202007/RES%202007%20501%20AL%20600/RESOLUCION%200557%20DE%202007.pdf HTTP/1.1" 200 1008510
190.84.56.157 - - [14/Oct/2014:08:59:36 -0500] "POST /forms/lservlet;jsessionid=ac16012b30d5578c97fde4684a818450b0ee07a70b46.e3iSbxaKaheRe34Sa3yKbhiTahb0n6jAmljGr5XDqQLvpAe HTTP/1.1" 200 29
190.84.56.157 - - [14/Oct/2014:08:59:36 -0500] "POST /forms/lservlet;jsessionid=ac16012b30d5578c97fde4684a818450b0ee07a70b46.e3iSbxaKaheRe34Sa3yKbhiTahb0n6jAmljGr5XDqQLvpAe HTTP/1.1" 200 2
201.245.192.253 - - [14/Oct/2014:08:59:37 -0500] "POST /forest/usutareas.do? HTTP/1.1" 200 76
190.84.56.157 - - [14/Oct/2014:08:59:38 -0500] "POST /forms/lservlet;jsessionid=ac16012b30d5578c97fde4684a818450b0ee07a70b46.e3iSbxaKaheRe34Sa3yKbhiTahb0n6jAmljGr5XDqQLvpAe HTTP/1.1" 200 2
190.84.56.157 - - [14/Oct/2014:08:59:38 -0500] "POST /forms/lservlet;jsessionid=ac16012b30d5578c97fde4684a818450b0ee07a70b46.e3iSbxaKaheRe34Sa3yKbhiTahb0n6jAmljGr5XDqQLvpAe HTTP/1.1" 200 230
190.84.56.157 - - [14/Oct/2014:08:59:39 -0500] "POST /forms/lservlet;jsessionid=ac16012b30d5578c97fde4684a818450b0ee07a70b46.e3iSbxaKaheRe34Sa3yKbhiTahb0n6jAmljGr5XDqQLvpAe HTTP/1.1" 200 2
201.245.192.253 - - [14/Oct/2014:08:59:39 -0500] "GET /forest/usutareas.do?group_system_actual=3&a=0.02368582636863359 HTTP/1.1" 200 108711
201.245.192.253 - - [14/Oct/2014:08:59:39 -0500] "GET /forest/skins/gdocs-jar/img/iconCallForm.gif HTTP/1.1" 200 1043
201.245.192.253 - - [14/Oct/2014:08:59:39 -0500] "GET /forest/skins/gdocs-jar/css/menu.css?version=1408.271930 HTTP/1.1" 304 -
190.84.56.157 - - [14/Oct/2014:08:59:39 -0500] "POST /forms/lservlet;jsessionid=ac16012b30d5578c97fde4684a818450b0ee07a70b46.e3iSbxaKaheRe34Sa3yKbhiTahb0n6jAmljGr5XDqQLvpAe HTTP/1.1" 200 2
201.245.192.253 - - [14/Oct/2014:08:59:39 -0500] "GET /forest/skins/gdocs-jar/js/tareas.js?version=1408.271930 HTTP/1.1" 304 -
201.245.192.253 - - [14/Oct/2014:08:59:39 -0500] "GET /forest/skins/gdocs-jar/js/number-functions.js?version=1408.271930 HTTP/1.1" 304 -
201.245.192.253 - - [14/Oct/2014:08:59:39 -0500] "GET /forest/skins/gdocs-jar/js/xml_utilities.js?version=1408.271930 HTTP/1.1" 304 -
201.245.192.253 - - [14/Oct/2014:08:59:39 -0500] "GET /forest/skins/gdocs-jar/js/autocompletar2.js?version=1408.271930 HTTP/1.1" 304 -
201.245.192.253 - - [14/Oct/2014:08:59:39 -0500] "GET /forest/skins/gdocs-jar/js/graphicForm.js?version=1408.271930 HTTP/1.1" 304 -
201.245.192.253 - - [14/Oct/2014:08:59:39 -0500] "GET /forest/skins/gdocs-jar/js/swfobject.js?version=1408.271930 HTTP/1.1" 304 -
201.245.192.253 - - [14/Oct/2014:08:59:39 -0500] "GET /forest/js/usutareas-docs.js HTTP/1.1" 304 -
201.245.192.253 - - [14/Oct/2014:08:59:39 -0500] "GET /forest/skins/gdocs-jar/img/bola.gif HTTP/1.1" 304 -
201.245.192.253 - - [14/Oct/2014:08:59:39 -0500] "GET /forest/js/socketConnection.js HTTP/1.1" 304 -
201.245.192.253 - - [14/Oct/2014:08:59:39 -0500] "GET /forest/skins/gdocs-jar/img/iconCallForm.gif HTTP/1.1" 304 -
201.245.192.253 - - [14/Oct/2014:08:59:39 -0500] "GET /forest/js/jquery/jquery.atmosphere.js HTTP/1.1" 304 -
190.84.56.157 - - [14/Oct/2014:08:59:40 -0500] "POST /forms/lservlet;jsessionid=ac16012b30d5578c97fde4684a818450b0ee07a70b46.e3iSbxaKaheRe34Sa3yKbhiTahb0n6jAmljGr5XDqQLvpAe HTTP/1.1" 200 208
201.245.192.253 - - [14/Oct/2014:08:59:40 -0500] "GET /forest/session.jsp?a=0.49896356941636355 HTTP/1.1" 200 4
201.245.192.253 - - [14/Oct/2014:08:59:40 -0500] "GET /forest/actions/forms.getMappedValues?id=id_EnlaceConcejo17&value=1413295835481&codForm=DPC_ElaborarBorradorConsolidador&a=0.5362750669706324 HTTP/1.1" 200 26
190.84.56.157 - - [14/Oct/2014:08:59:41 -0500] "POST /forms/lservlet;jsessionid=ac16012b30d5578c97fde4684a818450b0ee07a70b46.e3iSbxaKaheRe34Sa3yKbhiTahb0n6jAmljGr5XDqQLvpAe HTTP/1.1" 200 134
190.84.56.157 - - [14/Oct/2014:08:59:42 -0500] "POST /forms/lservlet;jsessionid=ac16012b30d5578c97fde4684a818450b0ee07a70b46.e3iSbxaKaheRe34Sa3yKbhiTahb0n6jAmljGr5XDqQLvpAe HTTP/1.1" 200 70
190.84.56.157 - - [14/Oct/2014:08:59:44 -0500] "POST /forms/lservlet;jsessionid=ac16012b30d5578c97fde4684a818450b0ee07a70b46.e3iSbxaKaheRe34Sa3yKbhiTahb0n6jAmljGr5XDqQLvpAe HTTP/1.1" 200 2
190.84.56.157 - - [14/Oct/2014:08:59:44 -0500] "POST /forms/lservlet;jsessionid=ac16012b30d5578c97fde4684a818450b0ee07a70b46.e3iSbxaKaheRe34Sa3yKbhiTahb0n6jAmljGr5XDqQLvpAe HTTP/1.1" 200 69
190.84.56.157 - - [14/Oct/2014:08:59:44 -0500] "POST /forms/lservlet;jsessionid=ac16012b30d5578c97fde4684a818450b0ee07a70b46.e3iSbxaKaheRe34Sa3yKbhiTahb0n6jAmljGr5XDqQLvpAe HTTP/1.1" 200 2
186.29.170.77 - - [14/Oct/2014:08:59:44 -0500] "POST /forms/lservlet;jsessionid=ac16012b30d5c405f743481b40798c53b9d89f55fce7.e3iSbxaKaheRe34Sa3yKbhiTahb0n6jAmljGr5XDqQLvpAe HTTP/1.1" 200 2
201.245.192.253 - - [14/Oct/2014:08:59:44 -0500] "GET /forest/index2.jsp?_a=0.03230050329804113 HTTP/1.1" 200 76282
201.245.192.253 - - [14/Oct/2014:08:59:45 -0500] "GET /forest/skins/gdocs-jar/css/menu.css?version=1408.271930 HTTP/1.1" 304 -
201.245.192.253 - - [14/Oct/2014:08:59:45 -0500] "GET /forest/skins/gdocs-jar/js/misprocesos.js?version=1408.271930 HTTP/1.1" 304 -
201.245.192.253 - - [14/Oct/2014:08:59:45 -0500] "GET /forest/js/inicio.js?version=1408.271930 HTTP/1.1" 304 -
201.245.192.253 - - [14/Oct/2014:08:59:45 -0500] "GET /forest/skins/gdocs-jar/js/xml_utilities.js?version=1408.271930 HTTP/1.1" 304 -
201.245.192.253 - - [14/Oct/2014:08:59:45 -0500] "GET /forest/skins/gdocs-jar/js/autocompletar2.js?version=1408.271930 HTTP/1.1" 304 -
201.245.192.253 - - [14/Oct/2014:08:59:45 -0500] "GET /forest/session.jsp?a=0.17650043589158726 HTTP/1.1" 200 4
190.84.56.157 - - [14/Oct/2014:08:59:45 -0500] "POST /forms/lservlet;jsessionid=ac16012b30d5578c97fde4684a818450b0ee07a70b46.e3iSbxaKaheRe34Sa3yKbhiTahb0n6jAmljGr5XDqQLvpAe HTTP/1.1" 200 2
190.84.56.157 - - [14/Oct/2014:08:59:46 -0500] "POST /forms/lservlet;jsessionid=ac16012b30d5578c97fde4684a818450b0ee07a70b46.e3iSbxaKaheRe34Sa3yKbhiTahb0n6jAmljGr5XDqQLvpAe HTTP/1.1" 200 7906
190.84.56.157 - - [14/Oct/2014:08:59:46 -0500] "POST /forms/lservlet;jsessionid=ac16012b30d5578c97fde4684a818450b0ee07a70b46.e3iSbxaKaheRe34Sa3yKbhiTahb0n6jAmljGr5XDqQLvpAe HTTP/1.1" 200 2
200.69.103.254 - - [14/Oct/2014:08:59:46 -0500] "GET /galeria/nivo-slider/themes/default/default.css HTTP/1.0" 200 1569
200.69.103.254 - - [14/Oct/2014:08:59:46 -0500] "GET /galeria/nivo-slider/themes/pascal/pascal.css HTTP/1.0" 200 2258
200.69.103.254 - - [14/Oct/2014:08:59:46 -0500] "GET /galeria/nivo-slider/nivo-slider.css HTTP/1.0" 200 1507
200.69.103.254 - - [14/Oct/2014:08:59:46 -0500] "GET /galeria/nivo-slider/themes/orman/orman.css HTTP/1.0" 200 2152
200.69.103.254 - - [14/Oct/2014:08:59:46 -0500] "GET /galeria/nivo-slider/demo/style.css HTTP/1.0" 200 2222
66.249.79.67 - - [14/Oct/2014:08:59:46 -0500] "GET /BLA/resoluciones/RESOLUCIONES%202011/5887.pdf HTTP/1.1" 200 363065
190.84.56.157 - - [14/Oct/2014:08:59:48 -0500] "POST /forms/lservlet;jsessionid=ac16012b30d5578c97fde4684a818450b0ee07a70b46.e3iSbxaKaheRe34Sa3yKbhiTahb0n6jAmljGr5XDqQLvpAe HTTP/1.1" 200 98
190.84.56.157 - - [14/Oct/2014:08:59:50 -0500] "POST /forms/lservlet;jsessionid=ac16012b30d5578c97fde4684a818450b0ee07a70b46.e3iSbxaKaheRe34Sa3yKbhiTahb0n6jAmljGr5XDqQLvpAe HTTP/1.1" 200 7
190.84.56.157 - - [14/Oct/2014:08:59:50 -0500] "POST /forms/lservlet;jsessionid=ac16012b30d5578c97fde4684a818450b0ee07a70b46.e3iSbxaKaheRe34Sa3yKbhiTahb0n6jAmljGr5XDqQLvpAe HTTP/1.1" 200 29902
190.84.56.157 - - [14/Oct/2014:08:59:50 -0500] "POST /forms/lservlet;jsessionid=ac16012b30d5578c97fde4684a818450b0ee07a70b46.e3iSbxaKaheRe34Sa3yKbhiTahb0n6jAmljGr5XDqQLvpAe HTTP/1.1" 200 7
190.84.56.157 - - [14/Oct/2014:08:59:50 -0500] "POST /forms/lservlet;jsessionid=ac16012b30d5578c97fde4684a818450b0ee07a70b46.e3iSbxaKaheRe34Sa3yKbhiTahb0n6jAmljGr5XDqQLvpAe HTTP/1.1" 200 27
190.84.56.157 - - [14/Oct/2014:08:59:51 -0500] "POST /forms/lservlet;jsessionid=ac16012b30d5578c97fde4684a818450b0ee07a70b46.e3iSbxaKaheRe34Sa3yKbhiTahb0n6jAmljGr5XDqQLvpAe HTTP/1.1" 200 2
190.84.56.157 - - [14/Oct/2014:08:59:52 -0500] "POST /forms/lservlet;jsessionid=ac16012b30d5578c97fde4684a818450b0ee07a70b46.e3iSbxaKaheRe34Sa3yKbhiTahb0n6jAmljGr5XDqQLvpAe HTTP/1.1" 200 7
201.245.192.253 - - [14/Oct/2014:08:59:56 -0500] "GET /ForestMSG_SDA/channelAsync/template_word_16661791;jsessionid=rKY6faH7rFdVQDudJKKS7ieY.server1?X-Atmosphere-tracking-id=a39ee826-dabe-e8f0-41df-4a7ed1f67d79&X-Atmosphere-Framework=1.0.5&X-Atmosphere-Transport=long-polling&tabid=0.6061052328122536&X-Cache-Date=0&Content-Type=application/xml HTTP/1.1" 200 8193
201.245.192.253 - - [14/Oct/2014:08:59:56 -0500] "GET /ForestMSG_SDA/channelAsync/template_word_16661791;jsessionid=rKY6faH7rFdVQDudJKKS7ieY.server1?X-Atmosphere-tracking-id=a39ee826-dabe-e8f0-41df-4a7ed1f67d79&X-Atmosphere-Framework=1.0.5&X-Atmosphere-Transport=long-polling&tabid=0.6061052328122536&X-Cache-Date=1413295444051&Content-Type=application/xml HTTP/1.1" 200 8193
201.245.192.253 - - [14/Oct/2014:08:59:56 -0500] "GET /ForestMSG_SDA/channelAsync/template_word_16661791;jsessionid=rKY6faH7rFdVQDudJKKS7ieY.server1?X-Atmosphere-tracking-id=a39ee826-dabe-e8f0-41df-4a7ed1f67d79&X-Atmosphere-Framework=1.0.5&X-Atmosphere-Transport=long-polling&tabid=0.6061052328122536&X-Cache-Date=1413295444051&Content-Type=application/xml HTTP/1.1" 200 8193
201.245.192.253 - - [14/Oct/2014:08:59:56 -0500] "GET /ForestMSG_SDA/channelAsync/template_word_16661791;jsessionid=rKY6faH7rFdVQDudJKKS7ieY.server1?X-Atmosphere-tracking-id=a39ee826-dabe-e8f0-41df-4a7ed1f67d79&X-Atmosphere-Framework=1.0.5&X-Atmosphere-Transport=long-polling&tabid=0.6061052328122536&X-Cache-Date=1413295444119&Content-Type=application/xml HTTP/1.1" 200 8193
201.245.192.253 - - [14/Oct/2014:08:59:56 -0500] "GET /ForestMSG_SDA/channelAsync/template_word_16661791;jsessionid=rKY6faH7rFdVQDudJKKS7ieY.server1?X-Atmosphere-tracking-id=a39ee826-dabe-e8f0-41df-4a7ed1f67d79&X-Atmosphere-Framework=1.0.5&X-Atmosphere-Transport=long-polling&tabid=0.6061052328122536&X-Cache-Date=1413295444155&Content-Type=application/xml HTTP/1.1" 200 8193
201.245.192.253 - - [14/Oct/2014:08:59:56 -0500] "GET /ForestMSG_SDA/channelAsync/template_word_16661791;jsessionid=rKY6faH7rFdVQDudJKKS7ieY.server1?X-Atmosphere-tracking-id=a39ee826-dabe-e8f0-41df-4a7ed1f67d79&X-Atmosphere-Framework=1.0.5&X-Atmosphere-Transport=long-polling&tabid=0.6061052328122536&X-Cache-Date=1413295444119&Content-Type=application/xml HTTP/1.1" 200 8193
190.144.42.91 - - [14/Oct/2014:08:59:58 -0500] "GET /BLA/boletinlegal/js/jquery.js HTTP/1.1" 200 57254
190.144.42.91 - - [14/Oct/2014:08:59:58 -0500] "GET /BLA/boletinlegal/js/jquery.scrollShow.js HTTP/1.1" 200 4586
190.144.42.91 - - [14/Oct/2014:08:59:58 -0500] "GET /galeria/carrusel/Carrusel/jquery.thumbnailScroller.css HTTP/1.1" 200 2066
190.144.42.91 - - [14/Oct/2014:08:59:58 -0500] "GET /BLA/boletinlegal/js/jquery.scrollTo-min.js HTTP/1.1" 200 1150
190.144.42.91 - - [14/Oct/2014:08:59:58 -0500] "GET /galeria/carrusel/Carrusel/jquery-ui-1.8.13.custom.min.js HTTP/1.1" 200 10800
190.144.42.91 - - [14/Oct/2014:08:59:58 -0500] "GET /galeria/carrusel/Carrusel/jquery.thumbnailScroller.js HTTP/1.1" 200 8157
190.84.56.157 - - [14/Oct/2014:08:59:58 -0500] "POST /forms/lservlet;jsessionid=ac16012b30d5578c97fde4684a818450b0ee07a70b46.e3iSbxaKaheRe34Sa3yKbhiTahb0n6jAmljGr5XDqQLvpAe HTTP/1.1" 200 92
190.84.56.157 - - [14/Oct/2014:08:59:58 -0500] "POST /forms/lservlet;jsessionid=ac16012b30d5578c97fde4684a818450b0ee07a70b46.e3iSbxaKaheRe34Sa3yKbhiTahb0n6jAmljGr5XDqQLvpAe HTTP/1.1" 200 2
190.144.42.91 - - [14/Oct/2014:08:59:59 -0500] "GET /galeria/nivo-slider/demo/demo.html HTTP/1.1" 200 3315
190.144.42.91 - - [14/Oct/2014:08:59:59 -0500] "GET /galeria/nivo-slider/themes/orman/orman.css HTTP/1.1" 200 2152
190.144.42.91 - - [14/Oct/2014:08:59:59 -0500] "GET /galeria/nivo-slider/themes/pascal/pascal.css HTTP/1.1" 200 2258
190.144.42.91 - - [14/Oct/2014:08:59:59 -0500] "GET /galeria/nivo-slider/demo/style.css HTTP/1.1" 200 2222
190.144.42.91 - - [14/Oct/2014:08:59:59 -0500] "GET /galeria/nivo-slider/themes/default/default.css HTTP/1.1" 200 1569
190.144.42.91 - - [14/Oct/2014:08:59:59 -0500] "GET /galeria/nivo-slider/nivo-slider.css HTTP/1.1" 200 1507
190.144.42.91 - - [14/Oct/2014:08:59:59 -0500] "GET /galeria/nivo-slider/demo/images/EncuentroAgua1.jpg HTTP/1.1" 200 274179
190.144.42.91 - - [14/Oct/2014:08:59:59 -0500] "GET /galeria/nivo-slider/demo/images/banner-Animal.jpg HTTP/1.1" 200 257223
190.144.42.91 - - [14/Oct/2014:08:59:59 -0500] "GET /galeria/nivo-slider/demo/images/banner-encuesta.jpg HTTP/1.1" 200 42764
190.144.42.91 - - [14/Oct/2014:08:59:59 -0500] "GET /galeria/nivo-slider/demo/images/Tingua-azul.jpg HTTP/1.1" 200 307638
190.144.42.91 - - [14/Oct/2014:08:59:59 -0500] "GET /galeria/nivo-slider/demo/images/Banner-Caracol-Africano.jpg HTTP/1.1" 200 331986
190.144.42.91 - - [14/Oct/2014:08:59:59 -0500] "GET /galeria/nivo-slider/demo/scripts/jquery-1.7.1.min.js HTTP/1.1" 200 93868
190.144.42.91 - - [14/Oct/2014:08:59:59 -0500] "GET /galeria/nivo-slider/jquery.nivo.slider.pack.js HTTP/1.1" 200 11561
190.144.42.91 - - [14/Oct/2014:08:59:59 -0500] "GET /galeria/nivo-slider/demo/images/9Signos.jpg HTTP/1.1" 200 93040
190.144.42.91 - - [14/Oct/2014:08:59:59 -0500] "GET /galeria/nivo-slider/demo/images/banner-caballos.png HTTP/1.1" 200 389106
190.144.42.91 - - [14/Oct/2014:09:00:00 -0500] "GET /galeria/nivo-slider/demo/images/banner-llantas2.jpg HTTP/1.1" 200 73153
190.144.42.91 - - [14/Oct/2014:09:00:00 -0500] "GET /galeria/nivo-slider/demo/images/ConstructorasFNL.jpg HTTP/1.1" 200 216551
190.144.42.91 - - [14/Oct/2014:09:00:00 -0500] "GET /galeria/nivo-slider/demo/images/Hacienda_Molinos.jpg HTTP/1.1" 200 319171
190.144.42.91 - - [14/Oct/2014:09:00:00 -0500] "GET /galeria/nivo-slider/demo/images/bannerEcolecta3.jpg HTTP/1.1" 200 280034
190.84.56.157 - - [14/Oct/2014:09:00:00 -0500] "POST /forms/lservlet;jsessionid=ac16012b30d5578c97fde4684a818450b0ee07a70b46.e3iSbxaKaheRe34Sa3yKbhiTahb0n6jAmljGr5XDqQLvpAe HTTP/1.1" 200 34
190.144.42.91 - - [14/Oct/2014:09:00:01 -0500] "GET /galeria/nivo-slider/demo/images/4Simple_Slider.png HTTP/1.1" 200 11722
190.144.42.91 - - [14/Oct/2014:09:00:01 -0500] "GET /galeria/nivo-slider/themes/default/loading.gif HTTP/1.1" 200 1737
181.48.86.98 - - [14/Oct/2014:09:00:01 -0500] "GET /BLA/resoluciones/RESOLUCIONES%202007/RES%202007%202301%20AL%202400/RESOLUCION%202355%20DE%202007.pdf HTTP/1.1" 200 563352
181.48.86.98 - - [14/Oct/2014:09:00:01 -0500] "GET /BLA/resoluciones/RESOLUCIONES%202007/RES%202007%202301%20AL%202400/RESOLUCION%202355%20DE%202007.pdf HTTP/1.1" 206 32768
181.48.86.98 - - [14/Oct/2014:09:00:01 -0500] "GET /BLA/resoluciones/RESOLUCIONES%202007/RES%202007%202301%20AL%202400/RESOLUCION%202355%20DE%202007.pdf HTTP/1.1" 206 530584
66.249.79.111 - - [14/Oct/2014:09:00:07 -0500] "GET /BLA/ HTTP/1.1" 200 538
201.245.192.253 - - [14/Oct/2014:09:00:07 -0500] "GET /forest/skins/gdocs-jar/popup/escritorio/subirborrador.jsp?form=DPC_ElaborarBorradorConsolidador&codTpl=2021&codBorr=&a=0.7254124033569916 HTTP/1.1" 200 23167
201.245.192.253 - - [14/Oct/2014:09:00:08 -0500] "GET /forest/json.do?query=borradoresByTpls&codInst=2947191&codTare=2320&firma=0&a=0.6607564287698838 HTTP/1.1" 200 2
201.245.192.253 - - [14/Oct/2014:09:00:08 -0500] "GET /forest/json.do?query=terceroById&numTer=ATM006643&a=0.6022748411835572 HTTP/1.1" 200 625
201.245.192.253 - - [14/Oct/2014:09:00:08 -0500] "GET /forest/json.do?query=plantillasByTarea&codTare=2320&codInst=2947191&firma=0&a=0.9662559797408974 HTTP/1.1" 200 259
201.245.192.253 - - [14/Oct/2014:09:00:08 -0500] "GET /forest/json.do?query=ultimoBorradorByTpl&codTpl=2021&codInst=2947191&a=0.2403255223458638 HTTP/1.1" 200 2
201.245.192.253 - - [14/Oct/2014:09:00:08 -0500] "GET /forest/json.do?query=ultimoBorradorByTpl&codTpl=726&codInst=2947191&a=0.5481043438441038 HTTP/1.1" 200 2
190.84.56.157 - - [14/Oct/2014:09:00:13 -0500] "POST /forms/lservlet;jsessionid=ac16012b30d5578c97fde4684a818450b0ee07a70b46.e3iSbxaKaheRe34Sa3yKbhiTahb0n6jAmljGr5XDqQLvpAe HTTP/1.1" 200 178
200.69.103.254 - - [14/Oct/2014:09:00:16 -0500] "GET /galeria/nivo-slider/nivo-slider.css HTTP/1.0" 200 1507
201.245.192.253 - - [14/Oct/2014:09:00:16 -0500] "GET /forest/usudocumentos.do?p7z=1896475&a=0.5018817873019825&a=0.990040022120704 HTTP/1.1" 200 2519
201.245.192.253 - - [14/Oct/2014:09:00:17 -0500] "GET /forest/documentos/1896475/2014EE126099.p7z:claro/Autos.docx HTTP/1.1" 200 128535
201.245.192.253 - - [14/Oct/2014:09:00:23 -0500] "POST /forms/lservlet;jsessionid=ac16012b30d58471b2e8e7d44e148a9cc861856b3229.e3iSbxaKaheRe34Sa3yKbhiTahb0n6jAmljGr5XDqQLvpAe HTTP/1.1" 200 2
190.84.56.157 - - [14/Oct/2014:09:00:25 -0500] "POST /forms/lservlet;jsessionid=ac16012b30d5578c97fde4684a818450b0ee07a70b46.e3iSbxaKaheRe34Sa3yKbhiTahb0n6jAmljGr5XDqQLvpAe HTTP/1.1" 200 12
190.84.56.157 - - [14/Oct/2014:09:00:26 -0500] "POST /forms/lservlet;jsessionid=ac16012b30d5578c97fde4684a818450b0ee07a70b46.e3iSbxaKaheRe34Sa3yKbhiTahb0n6jAmljGr5XDqQLvpAe HTTP/1.1" 200 8
190.84.56.157 - - [14/Oct/2014:09:00:26 -0500] "POST /forms/lservlet;jsessionid=ac16012b30d5578c97fde4684a818450b0ee07a70b46.e3iSbxaKaheRe34Sa3yKbhiTahb0n6jAmljGr5XDqQLvpAe HTTP/1.1" 200 2
190.84.56.157 - - [14/Oct/2014:09:00:26 -0500] "POST /forms/lservlet;jsessionid=ac16012b30d5578c97fde4684a818450b0ee07a70b46.e3iSbxaKaheRe34Sa3yKbhiTahb0n6jAmljGr5XDqQLvpAe HTTP/1.1" 200 60
180.76.5.193 - - [14/Oct/2014:09:00:26 -0500] "GET /BLA/resoluciones/Autos%202008/1681.pdf HTTP/1.1" 200 171165
201.245.192.253 - - [14/Oct/2014:09:00:27 -0500] "GET /galeria/nivo-slider/themes/default/default.css HTTP/1.1" 304 -
201.245.192.253 - - [14/Oct/2014:09:00:27 -0500] "GET /galeria/nivo-slider/demo/images/Banner-Caracol-Africano.jpg HTTP/1.1" 304 -
201.245.192.253 - - [14/Oct/2014:09:00:27 -0500] "GET /galeria/nivo-slider/demo/images/Tingua-azul.jpg HTTP/1.1" 304 -
201.245.192.253 - - [14/Oct/2014:09:00:27 -0500] "GET /galeria/nivo-slider/demo/images/banner-Animal.jpg HTTP/1.1" 304 -
201.245.192.253 - - [14/Oct/2014:09:00:27 -0500] "GET /galeria/nivo-slider/demo/images/9Signos.jpg HTTP/1.1" 304 -
201.245.192.253 - - [14/Oct/2014:09:00:27 -0500] "GET /galeria/nivo-slider/demo/images/banner-encuesta.jpg HTTP/1.1" 304 -
201.245.192.253 - - [14/Oct/2014:09:00:27 -0500] "GET /galeria/nivo-slider/demo/images/banner-llantas2.jpg HTTP/1.1" 304 -
201.245.192.253 - - [14/Oct/2014:09:00:27 -0500] "GET /galeria/nivo-slider/demo/images/banner-caballos.png HTTP/1.1" 304 -
201.245.192.253 - - [14/Oct/2014:09:00:27 -0500] "GET /galeria/nivo-slider/demo/images/ConstructorasFNL.jpg HTTP/1.1" 304 -
201.245.192.253 - - [14/Oct/2014:09:00:27 -0500] "GET /galeria/nivo-slider/demo/images/Hacienda_Molinos.jpg HTTP/1.1" 304 -
201.245.192.253 - - [14/Oct/2014:09:00:27 -0500] "GET /galeria/nivo-slider/demo/images/bannerEcolecta3.jpg HTTP/1.1" 304 -
200.69.103.254 - - [14/Oct/2014:09:00:27 -0500] "GET /galeria/nivo-slider/themes/pascal/pascal.css HTTP/1.0" 200 2258
200.69.103.254 - - [14/Oct/2014:09:00:28 -0500] "GET /galeria/nivo-slider/demo/scripts/jquery-1.7.1.min.js HTTP/1.0" 200 93868
200.69.103.254 - - [14/Oct/2014:09:00:28 -0500] "GET /galeria/nivo-slider/jquery.nivo.slider.pack.js HTTP/1.0" 200 11561
200.69.103.254 - - [14/Oct/2014:09:00:28 -0500] "GET /galeria/nivo-slider/demo/images/EncuentroAgua1.jpg HTTP/1.0" 200 274179
200.69.103.254 - - [14/Oct/2014:09:00:28 -0500] "GET /galeria/nivo-slider/demo/images/banner-Animal.jpg HTTP/1.0" 200 257223
