39.65.191.4 - - [14/Oct/2014:02:51:50 -0500] "GET /videos/Spot_Tinguas.flv HTTP/1.1" 200 2087054
39.65.191.4 - - [14/Oct/2014:02:51:51 -0500] "GET /galeria/nivo-slider/themes/default/arrows.png HTTP/1.1" 200 824
39.65.191.4 - - [14/Oct/2014:02:51:51 -0500] "GET /galeria/nivo-slider/themes/default/bullets.png HTTP/1.1" 200 1281
66.249.79.67 - - [14/Oct/2014:02:51:52 -0500] "GET /BLA/resoluciones/AUTOS%202011/0098.pdf HTTP/1.1" 200 125901
66.249.79.111 - - [14/Oct/2014:02:52:04 -0500] "GET /planesacc/pdf/ecosis/ HTTP/1.1" 404 1019
66.249.79.75 - - [14/Oct/2014:02:52:28 -0500] "GET /BLA/resoluciones/RESOLUCIONES%202013/1305.pdf HTTP/1.1" 200 543974
66.249.79.75 - - [14/Oct/2014:02:52:29 -0500] "GET /phpold/autoliquidacion/19221.txt HTTP/1.1" 404 1018
66.249.79.67 - - [14/Oct/2014:02:52:32 -0500] "GET /BLA/resoluciones/RESOLUCIONES%202012/1230.pdf HTTP/1.1" 304 -
66.249.79.67 - - [14/Oct/2014:02:52:47 -0500] "GET /BLA/resoluciones/RESOLUCIONES%202008/3234.pdf HTTP/1.1" 200 305954
66.249.79.119 - - [14/Oct/2014:02:52:48 -0500] "GET /htdocs/counter/digits/kosher/ HTTP/1.1" 404 1019
66.249.79.67 - - [14/Oct/2014:02:53:08 -0500] "GET /BLA/resoluciones/RESOLUCIONES%202008/2689.pdf HTTP/1.1" 200 391192
66.249.79.75 - - [14/Oct/2014:02:53:24 -0500] "GET /BLA/boletinlegal/Directivas/2014/Directiva%20No.%202%20del%205%20de%20Mayo%20de%202014.pdf HTTP/1.1" 200 591315
66.249.79.83 - - [14/Oct/2014:02:53:29 -0500] "GET /BLA/resoluciones/RESOLUCIONES%202008/5426.pdf HTTP/1.1" 200 379548
66.249.79.83 - - [14/Oct/2014:02:53:50 -0500] "GET /BLA/boletinlegal/images/screen_2.png HTTP/1.1" 200 362502
66.249.79.75 - - [14/Oct/2014:02:53:51 -0500] "GET /BLA/resoluciones/RESOLUCIONES%202008/2542.pdf HTTP/1.1" 200 170456
66.249.79.83 - - [14/Oct/2014:02:54:11 -0500] "GET /BLA/resoluciones/RESOLUCIONES%202007/RES%202007%20501%20AL%20600/RESOLUCION%200575%20DE%202007.pdf HTTP/1.1" 200 295073
66.249.79.83 - - [14/Oct/2014:02:54:15 -0500] "GET /BLA/resoluciones/RESOLUCIONES%202011/0036.pdf HTTP/1.1" 200 184909
66.249.79.75 - - [14/Oct/2014:02:54:32 -0500] "GET /BLA/resoluciones/AUTOS%202007/3427.pdf HTTP/1.1" 200 98507
66.249.79.75 - - [14/Oct/2014:02:54:53 -0500] "GET /BLA/resoluciones/RESOLUCIONES%202010/7598.pdf HTTP/1.1" 200 66657
157.55.39.38 - - [14/Oct/2014:02:54:57 -0500] "GET /BLA/boletinlegal/js/jquery.scrollTo-min.js HTTP/1.1" 200 1150
157.55.39.38 - - [14/Oct/2014:02:54:58 -0500] "GET /BLA/boletinlegal/js/jquery.scrollTo-min.js HTTP/1.1" 200 1150
66.249.79.83 - - [14/Oct/2014:02:55:15 -0500] "GET /BLA/resoluciones/AUTOS%202007/0796.pdf HTTP/1.1" 200 115333
66.249.79.75 - - [14/Oct/2014:02:55:36 -0500] "GET /BLA/resoluciones/AUTOS%202008/0692.pdf HTTP/1.1" 200 394393
180.76.6.29 - - [14/Oct/2014:02:55:49 -0500] "GET /BLA/resoluciones/RESOLUCIONES%202010/0604.pdf HTTP/1.1" 200 512770
66.249.79.83 - - [14/Oct/2014:02:55:57 -0500] "GET /BLA/resoluciones/AUTOS%202008/0273.pdf HTTP/1.1" 200 188100
66.249.79.67 - - [14/Oct/2014:02:56:12 -0500] "GET /BLA/resoluciones/RESOLUCIONES%202009/1386.pdf HTTP/1.1" 200 1110587
66.249.79.67 - - [14/Oct/2014:02:56:18 -0500] "GET /BLA/resoluciones/AUTOS%202012/1179.pdf HTTP/1.1" 200 152855
74.86.158.107 - - [14/Oct/2014:02:56:27 -0500] "HEAD / HTTP/1.1" 302 -
66.249.79.83 - - [14/Oct/2014:02:56:39 -0500] "GET /BLA/resoluciones/AUTOS%202013/0515.pdf HTTP/1.1" 304 -
66.249.79.67 - - [14/Oct/2014:02:57:00 -0500] "GET /BLA/resoluciones/RESOLUCIONES%202010/0555.pdf HTTP/1.1" 304 -
66.249.79.75 - - [14/Oct/2014:02:57:21 -0500] "GET /BLA/resoluciones/AUTOS%202008/2547.pdf HTTP/1.1" 200 135843
207.46.13.26 - - [14/Oct/2014:02:57:34 -0500] "GET /dama/libreria/php/decide.php?patron=01.0212 HTTP/1.1" 404 1015
66.249.79.83 - - [14/Oct/2014:02:57:42 -0500] "GET /BLA/resoluciones/AUTOS%202008/0578.pdf HTTP/1.1" 200 97145
66.249.79.83 - - [14/Oct/2014:02:58:04 -0500] "GET /BLA/resoluciones/AUTOS%202008/3470.pdf HTTP/1.1" 200 146936
66.249.79.83 - - [14/Oct/2014:02:58:08 -0500] "GET /BLA/resoluciones/RESOLUCIONES%202007/RES%202007%204201%20AL%204300/RESOLUCION%204275%20DE%202007.pdf HTTP/1.1" 200 849575
201.245.192.253 - - [14/Oct/2014:02:58:14 -0500] "GET /BLA/resoluciones/RESOLUCIONES%202013/0337.pdf HTTP/1.1" 200 2327132
66.249.79.75 - - [14/Oct/2014:02:58:25 -0500] "GET /BLA/resoluciones/RESOLUCIONES%202007/RES%202007%20301%20AL%20400/RESOLUCION%200399%20DE%202007.pdf HTTP/1.1" 200 914829
66.249.79.111 - - [14/Oct/2014:02:58:46 -0500] "GET /phpold/autoliquidacion/19321.txt HTTP/1.1" 404 1019
66.249.79.103 - - [14/Oct/2014:02:58:50 -0500] "GET /re/Cuento/cuadro18/cuadro18%20link.htm HTTP/1.1" 404 1019
66.249.79.67 - - [14/Oct/2014:02:59:07 -0500] "GET /BLA/resoluciones/AUTOS%202008/2596.pdf HTTP/1.1" 200 58395
66.249.79.67 - - [14/Oct/2014:02:59:28 -0500] "GET /BLA/resoluciones/AUTOS%202008/0877.pdf HTTP/1.1" 200 75629
66.249.79.75 - - [14/Oct/2014:02:59:49 -0500] "GET /BLA/resoluciones/AUTOS%202008/0601.pdf HTTP/1.1" 200 69163
66.249.79.83 - - [14/Oct/2014:03:00:02 -0500] "GET /BLA/resoluciones/RESOLUCIONES%202009/8305.pdf HTTP/1.1" 200 434230
66.249.79.83 - - [14/Oct/2014:03:00:04 -0500] "GET /BLA/resoluciones/AUTOS%202009/1177.pdf HTTP/1.1" 200 395713
66.249.79.75 - - [14/Oct/2014:03:00:10 -0500] "GET /BLA/resoluciones/AUTOS%202008/2463.pdf HTTP/1.1" 200 154861
66.115.130.20 - - [14/Oct/2014:03:00:26 -0500] "GET /old/wp-admin/ HTTP/1.1" 404 1018
66.249.79.75 - - [14/Oct/2014:03:00:32 -0500] "GET /BLA/resoluciones/AUTOS%202008/1803.pdf HTTP/1.1" 200 124147
66.249.79.67 - - [14/Oct/2014:03:00:53 -0500] "GET /BLA/resoluciones/AUTOS%202008/3305.pdf HTTP/1.1" 200 51451
66.249.79.67 - - [14/Oct/2014:03:01:14 -0500] "GET /BLA/resoluciones/AUTOS%202008/1229.pdf HTTP/1.1" 200 67485
74.86.158.107 - - [14/Oct/2014:03:01:27 -0500] "HEAD / HTTP/1.1" 302 -
66.249.79.75 - - [14/Oct/2014:03:01:33 -0500] "GET /BLA/resoluciones/RESOLUCIONES%202009/9821.pdf HTTP/1.1" 200 431841
66.249.79.67 - - [14/Oct/2014:03:01:36 -0500] "GET /BLA/resoluciones/AUTOS%202008/1072.pdf HTTP/1.1" 200 146900
66.249.79.75 - - [14/Oct/2014:03:01:49 -0500] "GET /BLA/resoluciones/RESOLUCIONES%202011/1316.pdf HTTP/1.1" 200 75341
66.249.79.83 - - [14/Oct/2014:03:01:56 -0500] "GET /BLA/resoluciones/AUTOS%202008/1804.pdf HTTP/1.1" 200 118228
66.249.79.83 - - [14/Oct/2014:03:02:00 -0500] "GET /BLA/resoluciones/AUTOS%202013/1106.pdf HTTP/1.1" 200 2557398
123.125.68.157 - - [14/Oct/2014:03:02:06 -0500] "GET /BLA/resoluciones/RESOLUCIONES%202009/7026.pdf HTTP/1.1" 200 724807
66.249.79.67 - - [14/Oct/2014:03:02:13 -0500] "GET /BLA/resoluciones/RESOLUCIONES%202011/0384.pdf HTTP/1.1" 200 83425
66.249.79.83 - - [14/Oct/2014:03:02:26 -0500] "GET /BLA/resoluciones/AUTOS%202008/0025.pdf HTTP/1.1" 200 86358
66.249.79.75 - - [14/Oct/2014:03:02:38 -0500] "GET /BLA/resoluciones/AUTOS%202008/1589.pdf HTTP/1.1" 200 133806
66.249.79.67 - - [14/Oct/2014:03:02:59 -0500] "GET /BLA/resoluciones/AUTOS%202008/0778.pdf HTTP/1.1" 200 77657
180.76.6.46 - - [14/Oct/2014:03:03:05 -0500] "GET /BLA/resoluciones/AUTOS%202007/0992.pdf HTTP/1.1" 200 27637
66.249.79.67 - - [14/Oct/2014:03:03:21 -0500] "GET /BLA/resoluciones/AUTOS%202008/0934.pdf HTTP/1.1" 200 175543
66.249.79.75 - - [14/Oct/2014:03:03:42 -0500] "GET /BLA/resoluciones/AUTOS%202008/3338.pdf HTTP/1.1" 200 69718
66.249.79.83 - - [14/Oct/2014:03:03:56 -0500] "GET /BLA/resoluciones/RESOLUCIONES%202008/4246.pdf HTTP/1.1" 200 592071
66.249.79.67 - - [14/Oct/2014:03:04:03 -0500] "GET /BLA/resoluciones/AUTOS%202008/0047.pdf HTTP/1.1" 200 86207
66.249.79.83 - - [14/Oct/2014:03:04:24 -0500] "GET /BLA/resoluciones/AUTOS%202008/2471.pdf HTTP/1.1" 200 177545
180.76.6.231 - - [14/Oct/2014:03:04:29 -0500] "GET /BLA/resoluciones/AUTOS%202011/0700.pdf HTTP/1.1" 200 99421
66.249.79.83 - - [14/Oct/2014:03:04:41 -0500] "GET /BLA/boletinlegal/images/img_3.jpg HTTP/1.1" 200 1841
66.249.79.75 - - [14/Oct/2014:03:04:43 -0500] "GET /BLA/resoluciones/RESOLUCIONES%202002/RES%202002%20101-150/2002RES144.tif HTTP/1.1" 200 39850
66.249.79.75 - - [14/Oct/2014:03:04:45 -0500] "GET /BLA/resoluciones/AUTOS%202008/1402.pdf HTTP/1.1" 200 234533
66.249.79.83 - - [14/Oct/2014:03:05:06 -0500] "GET /BLA/resoluciones/AUTOS%202008/2809.pdf HTTP/1.1" 200 116879
66.249.79.75 - - [14/Oct/2014:03:05:27 -0500] "GET /BLA/resoluciones/AUTOS%202008/0750.pdf HTTP/1.1" 200 224704
66.249.79.75 - - [14/Oct/2014:03:05:49 -0500] "GET /BLA/resoluciones/AUTOS%202008/1982.pdf HTTP/1.1" 200 98226
66.249.79.83 - - [14/Oct/2014:03:05:52 -0500] "GET /BLA/resoluciones/RESOLUCIONES%202011/0167.pdf HTTP/1.1" 200 604972
66.249.79.67 - - [14/Oct/2014:03:06:10 -0500] "GET /BLA/resoluciones/AUTOS%202008/2384.pdf HTTP/1.1" 200 100553
74.86.158.107 - - [14/Oct/2014:03:06:27 -0500] "HEAD / HTTP/1.1" 302 -
66.249.79.83 - - [14/Oct/2014:03:06:31 -0500] "GET /BLA/resoluciones/AUTOS%202008/3092.pdf HTTP/1.1" 200 56285
66.249.79.83 - - [14/Oct/2014:03:06:49 -0500] "GET /phpold/autoliquidacion/18157.txt HTTP/1.1" 404 1018
66.249.79.67 - - [14/Oct/2014:03:06:52 -0500] "GET /BLA/resoluciones/AUTOS%202008/0233.pdf HTTP/1.1" 200 103597
23.19.83.167 - - [14/Oct/2014:03:06:56 -0500] "GET / HTTP/1.1" 302 -
66.249.79.83 - - [14/Oct/2014:03:07:01 -0500] "GET /phpold/autoliquidacion/19214.txt HTTP/1.1" 404 1018
66.249.79.67 - - [14/Oct/2014:03:07:13 -0500] "GET /BLA/resoluciones/AUTOS%202008/1541.pdf HTTP/1.1" 200 85549
66.249.79.83 - - [14/Oct/2014:03:07:34 -0500] "GET /BLA/resoluciones/AUTOS%202008/0274.pdf HTTP/1.1" 200 191085
66.249.79.67 - - [14/Oct/2014:03:07:48 -0500] "GET /BLA/resoluciones/RESOLUCIONES%202007/RES%202007%203201%20AL%203300/RESOLUCION%203213%20DE%202007.pdf HTTP/1.1" 200 1043160
66.249.79.83 - - [14/Oct/2014:03:07:55 -0500] "GET /BLA/resoluciones/AUTOS%202008/2294.pdf HTTP/1.1" 200 128987
66.249.79.75 - - [14/Oct/2014:03:08:16 -0500] "GET /BLA/resoluciones/AUTOS%202008/1002.pdf HTTP/1.1" 200 112894
66.249.79.75 - - [14/Oct/2014:03:08:23 -0500] "GET /BLA/boletinlegal/Circulares/2013/Circular%20No.%203%20del%2005%20de%20abril%20de%202013.pdf HTTP/1.1" 200 93580
66.249.79.67 - - [14/Oct/2014:03:08:30 -0500] "GET /phpold/autoliquidacion/17988.txt HTTP/1.1" 404 1018
66.249.79.75 - - [14/Oct/2014:03:08:38 -0500] "GET /BLA/resoluciones/AUTOS%202008/1179.pdf HTTP/1.1" 200 91953
66.249.79.67 - - [14/Oct/2014:03:09:20 -0500] "GET /BLA/resoluciones/RESOLUCIONES%202013/0146.pdf HTTP/1.1" 200 1188264
66.249.79.83 - - [14/Oct/2014:03:09:38 -0500] "GET /portel_dama/libreria/pdf/anexossiac/Bases%20concertacion%20Residuos.pdf HTTP/1.1" 404 1018
66.249.79.75 - - [14/Oct/2014:03:09:41 -0500] "GET /BLA/resoluciones/AUTOS%202009/2602.pdf HTTP/1.1" 200 104111
66.249.79.83 - - [14/Oct/2014:03:09:46 -0500] "GET /Autoliquidacion/ HTTP/1.1" 200 6375
66.249.79.111 - - [14/Oct/2014:03:10:02 -0500] "GET /newsecs/ecox1.htm HTTP/1.1" 404 1019
66.249.79.83 - - [14/Oct/2014:03:10:23 -0500] "GET /BLA/resoluciones/RESOLUCIONES%202010/7806.pdf HTTP/1.1" 304 -
100.43.85.25 - - [14/Oct/2014:03:10:39 -0500] "GET /counter/demo.php?digit=break2 HTTP/1.1" 404 1019
66.249.79.75 - - [14/Oct/2014:03:10:40 -0500] "GET /BLA/resoluciones/RESOLUCIONES%202009/8129.pdf HTTP/1.1" 200 96587
66.249.79.67 - - [14/Oct/2014:03:10:44 -0500] "GET /BLA/resoluciones/AUTOS%202013/1077.pdf HTTP/1.1" 304 -
180.76.6.135 - - [14/Oct/2014:03:10:54 -0500] "GET /BLA/resoluciones/AUTOS%202007/2188.pdf HTTP/1.1" 200 180464
66.249.79.75 - - [14/Oct/2014:03:11:06 -0500] "GET /BLA/resoluciones/RESOLUCIONES%202011/0382.pdf HTTP/1.1" 304 -
74.86.158.107 - - [14/Oct/2014:03:11:27 -0500] "HEAD / HTTP/1.1" 302 -
201.234.176.170 - - [14/Oct/2014:03:11:38 -0500] "GET /galeria/nivo-slider/demo/demo.html HTTP/1.1" 304 -
66.249.79.75 - - [14/Oct/2014:03:11:41 -0500] "GET /BLA/resoluciones/RESOLUCIONES%202007/RES%202007%204201%20AL%204300/RESOLUCION%204229%20DE%202007.pdf HTTP/1.1" 200 268511
66.249.79.83 - - [14/Oct/2014:03:11:47 -0500] "GET /BLA/resoluciones/RESOLUCIONES%202006/RES%202006%201001-1050/00001046.tif HTTP/1.1" 200 162330
66.249.79.67 - - [14/Oct/2014:03:11:48 -0500] "GET /stormWeb/ HTTP/1.1" 200 12136
66.249.79.67 - - [14/Oct/2014:03:12:09 -0500] "GET /BLA/resoluciones/RESOLUCIONES%202011/4569.pdf HTTP/1.1" 304 -
66.249.79.75 - - [14/Oct/2014:03:12:22 -0500] "GET /BLA/resoluciones/RESOLUCIONES%202007/RES%202007%20501%20AL%20600/RESOLUCION%200574%20DE%202007.pdf HTTP/1.1" 200 510389
66.249.79.67 - - [14/Oct/2014:03:12:30 -0500] "GET /BLA/resoluciones/RESOLUCIONES%202013/0943.pdf HTTP/1.1" 304 -
66.249.79.67 - - [14/Oct/2014:03:12:51 -0500] "GET /BLA/resoluciones/RESOLUCIONES%202012/1323.pdf HTTP/1.1" 304 -
207.46.13.132 - - [14/Oct/2014:03:12:53 -0500] "GET /robots.txt HTTP/1.1" 404 1018
180.76.5.61 - - [14/Oct/2014:03:12:56 -0500] "GET /BLA/resoluciones/RESOLUCIONES%202008/1733.pdf HTTP/1.1" 200 412791
66.249.79.67 - - [14/Oct/2014:03:12:57 -0500] "GET /BLA/resoluciones/AUTOS%202011/0764.pdf HTTP/1.1" 200 103012
109.31.180.182 - - [14/Oct/2014:03:13:12 -0500] "GET /BLA/resoluciones/AUTOS%202012/0727.pdf HTTP/1.1" 200 262181
66.249.79.67 - - [14/Oct/2014:03:13:12 -0500] "GET /BLA/resoluciones/RESOLUCIONES%202007/RES%202007%202501%20AL%202600/RESOLUCION%202542%20DE%202007.pdf HTTP/1.1" 304 -
180.76.5.146 - - [14/Oct/2014:03:13:26 -0500] "GET /BLA/resoluciones/AUTOS%202009/2022.pdf HTTP/1.1" 200 101826
123.125.68.172 - - [14/Oct/2014:03:13:29 -0500] "GET /BLA/resoluciones/RESOLUCIONES%202009/7026.pdf HTTP/1.1" 200 724807
66.249.79.83 - - [14/Oct/2014:03:13:32 -0500] "GET /phpold/autoliquidacion/19321.txt HTTP/1.1" 404 1018
66.249.79.83 - - [14/Oct/2014:03:13:37 -0500] "GET /BLA/resoluciones/RESOLUCIONES%202008/3554.pdf HTTP/1.1" 200 197199
66.249.79.75 - - [14/Oct/2014:03:13:55 -0500] "GET /BLA/resoluciones/RESOLUCIONES%202007/RES%202007%202401%20AL%202500/RESOLUCION%202446%20%20DE%202007.pdf HTTP/1.1" 304 -
180.247.6.100 - - [14/Oct/2014:03:14:05 -0500] "GET /BLA/resoluciones/RESOLUCIONES%202012/0313.pdf HTTP/1.1" 200 476094
66.249.79.83 - - [14/Oct/2014:03:14:16 -0500] "GET /BLA/resoluciones/RESOLUCIONES%202007/RES%202007%204101%20AL%204200/RESOLUCION%204200%20DE%202007.pdf HTTP/1.1" 304 -
66.249.79.83 - - [14/Oct/2014:03:14:37 -0500] "GET /BLA/resoluciones/RESOLUCIONES%202009/4361.pdf HTTP/1.1" 304 -
66.249.79.75 - - [14/Oct/2014:03:14:58 -0500] "GET /BLA/circulares/6.pdf HTTP/1.1" 304 -
66.249.79.83 - - [14/Oct/2014:03:15:19 -0500] "GET /BLA/resoluciones/RESOLUCIONES%202013/2596.pdf HTTP/1.1" 304 -
66.249.79.75 - - [14/Oct/2014:03:15:32 -0500] "GET /BLA/boletinlegal/images/screen_3.png HTTP/1.1" 200 211853
66.249.79.75 - - [14/Oct/2014:03:15:34 -0500] "GET /BLA/resoluciones/RESOLUCIONES%202009/1525.pdf HTTP/1.1" 200 471214
66.249.79.75 - - [14/Oct/2014:03:15:40 -0500] "GET /autoliquidacion/TR%C3%81MITES%20VERTIMIENTOS/PERMISOS%20DE%20VERTIMIENTOS/ANEXO3.%20LISTA%20DE%20CHEQUEO%20PERMISO%20VERT.%20ALCANTARILLADO%20-%20F.xls HTTP/1.1" 304 -
180.76.6.144 - - [14/Oct/2014:03:15:42 -0500] "GET /BLA/resoluciones/AUTOS%202011/3109.pdf HTTP/1.1" 200 272451
66.249.79.83 - - [14/Oct/2014:03:16:01 -0500] "GET /BLA/resoluciones/RESOLUCIONES%202010/6810.pdf HTTP/1.1" 304 -
180.76.6.159 - - [14/Oct/2014:03:16:12 -0500] "GET /BLA/resoluciones/RESOLUCIONES%202013/0083.pdf HTTP/1.1" 200 403760
74.86.158.107 - - [14/Oct/2014:03:16:27 -0500] "HEAD / HTTP/1.1" 302 -
66.249.79.67 - - [14/Oct/2014:03:16:44 -0500] "GET /BLA/resoluciones/RESOLUCIONES%202012/0288.pdf HTTP/1.1" 304 -
66.249.79.75 - - [14/Oct/2014:03:17:05 -0500] "GET /BLA/resoluciones/RESOLUCIONES%202012/1114.pdf HTTP/1.1" 304 -
66.249.79.67 - - [14/Oct/2014:03:17:26 -0500] "GET /BLA/resoluciones/RESOLUCIONES%202011/5794.pdf HTTP/1.1" 304 -
66.249.79.67 - - [14/Oct/2014:03:17:29 -0500] "GET /BLA/resoluciones/RESOLUCIONES%202007/RES%202007%204101%20AL%204200/RESOLUCION%204154%20DE%202007.pdf HTTP/1.1" 200 296158
66.249.79.67 - - [14/Oct/2014:03:17:47 -0500] "GET /BLA/resoluciones/RESOLUCIONES%202013/1135.pdf HTTP/1.1" 304 -
66.249.79.75 - - [14/Oct/2014:03:17:51 -0500] "GET /BLA/resoluciones/AUTOS%202007/0778.pdf HTTP/1.1" 200 69591
66.249.79.83 - - [14/Oct/2014:03:18:07 -0500] "GET /phpold/autoliquidacion/18682.txt HTTP/1.1" 404 1018
66.249.79.67 - - [14/Oct/2014:03:18:08 -0500] "GET /BLA/resoluciones/AUTOS%202010/0479.pdf HTTP/1.1" 200 192411
66.249.79.83 - - [14/Oct/2014:03:18:09 -0500] "GET /BLA/resoluciones/RESOLUCIONES%202007/RES%202007%201401%20AL%201500/RESOLUCION%201407%20DE%202007.pdf HTTP/1.1" 304 -
157.55.39.40 - - [14/Oct/2014:03:18:24 -0500] "GET /BLA/boletinlegal/js/jquery.scrollTo-min.js HTTP/1.1" 200 1150
157.55.39.6 - - [14/Oct/2014:03:18:29 -0500] "GET /BLA/boletinlegal/js/jquery.scrollShow.js HTTP/1.1" 200 4586
66.249.79.103 - - [14/Oct/2014:03:18:51 -0500] "GET /phpold/autoliquidacion/17974.txt HTTP/1.1" 404 1019
190.25.232.143 - - [14/Oct/2014:03:19:06 -0500] "GET /galeria/nivo-slider/themes/orman/orman.css HTTP/1.1" 304 -
66.249.79.67 - - [14/Oct/2014:03:19:12 -0500] "GET /BLA/resoluciones/RESOLUCIONES%202013/0883.pdf HTTP/1.1" 304 -
207.46.13.132 - - [14/Oct/2014:03:19:13 -0500] "GET /robots.txt HTTP/1.1" 404 1018
207.46.13.132 - - [14/Oct/2014:03:19:16 -0500] "GET /BLA/boletinlegal/js/jquery.js HTTP/1.1" 200 57254
66.249.79.67 - - [14/Oct/2014:03:19:26 -0500] "GET /BLA/resoluciones/RESOLUCIONES%202007/RES%202007%204201%20AL%204300/RESOLUCION%204212%20DE%202007.pdf HTTP/1.1" 200 431350
66.249.79.67 - - [14/Oct/2014:03:19:33 -0500] "GET /BLA/resoluciones/RESOLUCIONES%202013/0372.pdf HTTP/1.1" 304 -
66.249.79.75 - - [14/Oct/2014:03:19:49 -0500] "GET /BLA/resoluciones/AUTOS%202011/0688.pdf HTTP/1.1" 200 101134
66.249.79.119 - - [14/Oct/2014:03:19:54 -0500] "GET /phpold/autoliquidacion/18225.txt HTTP/1.1" 404 1019
180.76.6.150 - - [14/Oct/2014:03:20:08 -0500] "GET /BLA/resoluciones/AUTOS%202007/1732.pdf HTTP/1.1" 200 37100
66.249.79.119 - - [14/Oct/2014:03:20:15 -0500] "GET /phpold/AjaxPhpCode/ HTTP/1.1" 404 1019
66.249.79.119 - - [14/Oct/2014:03:20:36 -0500] "GET /phpold/Presentacion/07diagnostico1.htm HTTP/1.1" 404 1019
66.249.79.103 - - [14/Oct/2014:03:20:57 -0500] "GET /phpold/autoliquidacion/18773.txt HTTP/1.1" 404 1019
180.76.5.71 - - [14/Oct/2014:03:21:06 -0500] "GET /manual_funciones_Listado/index.php?dir=2.5.+Direcci%F3n+de+Gesti%F3n+Corporativa%2F HTTP/1.1" 404 1018
66.249.79.111 - - [14/Oct/2014:03:21:18 -0500] "GET /phpold/autoliquidacion/18584.txt HTTP/1.1" 404 1019
66.249.79.83 - - [14/Oct/2014:03:21:22 -0500] "GET /BLA/resoluciones/RESOLUCIONES%202011/0296.pdf HTTP/1.1" 200 550790
74.86.158.107 - - [14/Oct/2014:03:21:27 -0500] "HEAD / HTTP/1.1" 302 -
66.249.79.111 - - [14/Oct/2014:03:21:40 -0500] "GET /phpold/autoliquidacion/18214.txt HTTP/1.1" 404 1019
66.249.79.119 - - [14/Oct/2014:03:22:01 -0500] "GET /phpold/autoliquidacion/17996.txt HTTP/1.1" 404 1019
66.249.79.119 - - [14/Oct/2014:03:22:43 -0500] "GET /phpold/autoliquidacion/18868.txt HTTP/1.1" 404 1019
66.249.79.75 - - [14/Oct/2014:03:23:24 -0500] "GET /BLA/boletinlegal/Directivas/2009/Directiva%20No.%20del%2023%20de%20Diciembre%20de%202009.pdf HTTP/1.1" 200 1636862
66.249.79.103 - - [14/Oct/2014:03:23:47 -0500] "GET /pread5/Fotos%20Pread/pages/6_JPG.htm HTTP/1.1" 404 1019
66.249.79.111 - - [14/Oct/2014:03:24:07 -0500] "GET /phpold/autoliquidacion/17961.txt HTTP/1.1" 404 1019
180.76.5.95 - - [14/Oct/2014:03:24:18 -0500] "GET /BLA/resoluciones/AUTOS%202007/0291.pdf HTTP/1.1" 200 118969
66.249.79.119 - - [14/Oct/2014:03:24:20 -0500] "GET /manual_funciones_Listado/index.php?dir=2.2.4.%20Subdirecci%F3n%20del%20Recurso%20H%EDdrico%20y%20del%20Suelo/&sort=size&order=asc HTTP/1.1" 404 1019
207.46.13.132 - - [14/Oct/2014:03:24:40 -0500] "GET /BLA/boletinlegal/js/jquery.js HTTP/1.1" 200 57254
180.76.6.50 - - [14/Oct/2014:03:25:34 -0500] "GET /BLA/resoluciones/AUTOS%202007/0589.pdf HTTP/1.1" 200 363628
66.249.79.75 - - [14/Oct/2014:03:25:40 -0500] "GET /BLA/resoluciones/AUTOS%202010/1384.pdf HTTP/1.1" 200 260219
66.249.79.111 - - [14/Oct/2014:03:25:52 -0500] "GET /phpold/autoliquidacion/18554.txt HTTP/1.1" 404 1019
180.76.6.158 - - [14/Oct/2014:03:26:04 -0500] "GET /BLA/resoluciones/Autos%202008/2480.pdf HTTP/1.1" 200 467343
66.249.79.75 - - [14/Oct/2014:03:26:10 -0500] "GET /BLA/resoluciones/RESOLUCIONES%202009/6549.pdf HTTP/1.1" 200 619491
74.86.158.107 - - [14/Oct/2014:03:26:27 -0500] "HEAD / HTTP/1.1" 302 -
66.249.79.103 - - [14/Oct/2014:03:26:30 -0500] "GET /re/Entrada/entrada.htm HTTP/1.1" 404 1019
66.249.79.103 - - [14/Oct/2014:03:26:35 -0500] "GET /phpold/imguv/ HTTP/1.1" 404 1019
66.249.79.119 - - [14/Oct/2014:03:26:40 -0500] "GET /re/Cuento/cuadro20/cuadro20%20link.htm HTTP/1.1" 404 1019
66.249.79.119 - - [14/Oct/2014:03:26:44 -0500] "GET /phpold/autoliquidacion/19696.txt HTTP/1.1" 404 1019
66.249.79.119 - - [14/Oct/2014:03:26:50 -0500] "GET /POT-2013/SEGUIMIENTO/Microsoft%20Word%20-%20seguimiento_evaluacion%20POT%20Oct%2029.doc.pdf HTTP/1.1" 200 791863
66.249.79.103 - - [14/Oct/2014:03:26:57 -0500] "GET /phpold/autoliquidacion/19241.txt HTTP/1.1" 404 1019
115.78.234.67 - - [14/Oct/2014:03:27:33 -0500] "GET /BLA/resoluciones/AUTOS%202010/1391.pdf HTTP/1.1" 200 247918
115.78.234.67 - - [14/Oct/2014:03:27:33 -0500] "GET /BLA/resoluciones/AUTOS%202010/1391.pdf HTTP/1.1" 206 122632
115.78.234.67 - - [14/Oct/2014:03:27:34 -0500] "GET /BLA/resoluciones/AUTOS%202010/1391.pdf HTTP/1.1" 206 57857
115.78.234.67 - - [14/Oct/2014:03:27:35 -0500] "GET /BLA/resoluciones/AUTOS%202010/1391.pdf HTTP/1.1" 206 44037
115.78.234.67 - - [14/Oct/2014:03:27:35 -0500] "GET /BLA/resoluciones/AUTOS%202010/1391.pdf HTTP/1.1" 206 22449
66.249.79.111 - - [14/Oct/2014:03:29:21 -0500] "GET /phpold/redaire/uv/pie.php HTTP/1.1" 404 1019
66.249.79.75 - - [14/Oct/2014:03:29:43 -0500] "GET /BLA/resoluciones/RESOLUCIONES%202006/RES%202006%202701-2750/00002727.tif HTTP/1.1" 200 202492
66.249.79.75 - - [14/Oct/2014:03:30:02 -0500] "GET /phpold/autoliquidacion/19476.txt HTTP/1.1" 404 1018
66.249.79.75 - - [14/Oct/2014:03:30:33 -0500] "GET /BLA/boletinlegal/js/jquery.js HTTP/1.1" 200 57254
66.249.79.119 - - [14/Oct/2014:03:30:45 -0500] "GET /phpold/autoliquidacion/19470.txt HTTP/1.1" 404 1019
66.249.79.103 - - [14/Oct/2014:03:30:55 -0500] "GET /phpold/autoliquidacion/18215.txt HTTP/1.1" 404 1019
66.249.79.103 - - [14/Oct/2014:03:31:12 -0500] "GET /phpold/images/ HTTP/1.1" 404 1019
66.249.79.111 - - [14/Oct/2014:03:31:18 -0500] "GET /phpold/autoliquidacion/19467.txt HTTP/1.1" 404 1019
66.249.79.83 - - [14/Oct/2014:03:31:24 -0500] "GET /autoliquidacion/TR%C3%81MITES%20AGUAS%20SUBTERR%C3%81NEAS/126PM04-PR94-SOLICITUD%20MODIFICACI%C3%92N%20CONCESI%C3%93N%20AGUAS%20SUBTERR%C3%81NEAS/PR94-F-A3-V%201.0(1)-FORMULARIO%20SOLICITUD.xls HTTP/1.1" 304 -
74.86.158.107 - - [14/Oct/2014:03:31:27 -0500] "HEAD / HTTP/1.1" 302 -
66.249.79.103 - - [14/Oct/2014:03:31:33 -0500] "GET /phpold/autoliquidacion/17905.txt HTTP/1.1" 404 1019
66.249.79.75 - - [14/Oct/2014:03:31:36 -0500] "GET /BLA/resoluciones/RESOLUCIONES%202007/RES%202007%201401%20AL%201500/RESOLUCION%201423%20DE%202007.pdf HTTP/1.1" 200 365475
66.249.79.75 - - [14/Oct/2014:03:31:39 -0500] "GET /phpold/autoliquidacion/18674.txt HTTP/1.1" 404 1018
66.249.79.119 - - [14/Oct/2014:03:31:42 -0500] "GET /phpold/AjaxPhpCode/Chapter03/ajax/foundations/php/ HTTP/1.1" 404 1019
66.249.79.83 - - [14/Oct/2014:03:31:44 -0500] "GET /BLA/resoluciones/RESOLUCIONES%202008/0523.pdf HTTP/1.1" 200 246439
66.249.79.75 - - [14/Oct/2014:03:31:47 -0500] "GET /BLA/resoluciones/RESOLUCIONES%202007/RES%202007%204001%20AL%204100/RESOLUCION%204100%20DE%202007.pdf HTTP/1.1" 200 262278
66.249.79.83 - - [14/Oct/2014:03:31:48 -0500] "GET /BLA/resoluciones/RESOLUCIONES%202010/6399.pdf HTTP/1.1" 200 413855
66.249.79.83 - - [14/Oct/2014:03:31:50 -0500] "GET /BLA/resoluciones/RESOLUCIONES%202007/RES%202007%204101%20AL%204200/RESOLUCION%204138%20DE%202007.pdf HTTP/1.1" 200 683535
66.249.79.67 - - [14/Oct/2014:03:31:53 -0500] "GET /BLA/resoluciones/Autos%202008/1968.pdf HTTP/1.1" 200 88322
66.249.79.83 - - [14/Oct/2014:03:31:56 -0500] "GET /BLA/resoluciones/AUTOS%202011/0664.pdf HTTP/1.1" 200 99407
66.249.79.75 - - [14/Oct/2014:03:31:58 -0500] "GET /BLA/resoluciones/RESOLUCIONES%202008/2184.pdf HTTP/1.1" 200 387740
66.249.79.83 - - [14/Oct/2014:03:31:59 -0500] "GET /BLA/resoluciones/AUTOS%202011/0742.pdf HTTP/1.1" 200 228679
66.249.79.75 - - [14/Oct/2014:03:32:01 -0500] "GET /BLA/resoluciones/AUTOS%202011/0132.pdf HTTP/1.1" 200 145145
66.249.79.111 - - [14/Oct/2014:03:32:02 -0500] "GET /phpold/autoliquidacion/18383.txt HTTP/1.1" 404 1019
123.125.68.168 - - [14/Oct/2014:03:32:25 -0500] "GET /BLA/resoluciones/RESOLUCIONES%202009/7026.pdf HTTP/1.1" 200 724807
180.76.5.21 - - [14/Oct/2014:03:33:49 -0500] "GET /BLA/resoluciones/RESOLUCIONES%202011/1859.pdf HTTP/1.1" 200 514235
180.76.6.141 - - [14/Oct/2014:03:34:19 -0500] "GET /BLA/resoluciones/Autos%202008/2596.pdf HTTP/1.1" 200 58395
66.249.79.75 - - [14/Oct/2014:03:34:32 -0500] "GET /BLA/resoluciones/AUTOS%202011/0235.pdf HTTP/1.1" 200 152483
66.249.79.103 - - [14/Oct/2014:03:34:53 -0500] "GET /phpold/demo.php HTTP/1.1" 404 1019
201.245.192.253 - - [14/Oct/2014:03:34:59 -0500] "GET /forest/img/panel/menu/add.png HTTP/1.1" 304 -
66.249.79.103 - - [14/Oct/2014:03:35:12 -0500] "GET /re/Cuento/cuadro7/cuadro7%20link.htm HTTP/1.1" 404 1019
66.249.79.111 - - [14/Oct/2014:03:35:27 -0500] "GET /phpold/descargas/circularexpediente.pdf HTTP/1.1" 404 1019
180.76.6.132 - - [14/Oct/2014:03:35:50 -0500] "GET /BLA/resoluciones/RESOLUCIONES%202008/0193.pdf HTTP/1.1" 200 307038
66.249.79.111 - - [14/Oct/2014:03:36:02 -0500] "GET /phpold/registro_done.php HTTP/1.1" 404 1019
66.249.79.103 - - [14/Oct/2014:03:36:18 -0500] "GET /phpold/autoliquidacion/18093.txt HTTP/1.1" 404 1019
66.249.79.67 - - [14/Oct/2014:03:36:25 -0500] "GET /BLA/resoluciones/RESOLUCIONES%202007/RES%202007%20301%20AL%20400/RESOLUCION%200399%20DE%202007.pdf HTTP/1.1" 200 914829
74.86.158.107 - - [14/Oct/2014:03:36:27 -0500] "HEAD / HTTP/1.1" 302 -
66.249.79.75 - - [14/Oct/2014:03:36:36 -0500] "GET /BLA/resoluciones/RESOLUCIONES%202010/6085.pdf HTTP/1.1" 200 3019834
66.249.79.111 - - [14/Oct/2014:03:36:46 -0500] "GET /phpold/autoliquidacion/18374.txt HTTP/1.1" 404 1019
66.249.79.103 - - [14/Oct/2014:03:36:49 -0500] "GET /POT-2013/Cartografia/28_USOS%20Y%20AREAS%20DE%20ACTIVIDAD.pdf HTTP/1.1" 304 -
66.249.79.67 - - [14/Oct/2014:03:36:53 -0500] "GET /BLA/resoluciones/RESOLUCIONES%202008/3175.pdf HTTP/1.1" 200 241201
66.249.79.111 - - [14/Oct/2014:03:36:56 -0500] "GET /phpold/autoliquidacion/17999.txt HTTP/1.1" 404 1019
66.249.79.67 - - [14/Oct/2014:03:37:00 -0500] "GET /BLA/resoluciones/RESOLUCIONES%202009/2398.pdf HTTP/1.1" 200 417444
66.249.79.83 - - [14/Oct/2014:03:37:03 -0500] "GET /autoliquidacion/Solicitudes%20relacionadas%20con%20calidad%20del%20aire%20auditiva%20y%20visual/Registro%20de%20Elementos%20de%20publicidad%20Exterior%20Visual/Aplicativo%20PEV%202014.xls HTTP/1.1" 200 146944
66.249.79.111 - - [14/Oct/2014:03:37:05 -0500] "GET /phpold/autoliquidacion/19646.txt HTTP/1.1" 404 1019
66.249.79.111 - - [14/Oct/2014:03:37:14 -0500] "GET /phpold/autoliquidacion/18681.txt HTTP/1.1" 404 1019
66.249.79.119 - - [14/Oct/2014:03:37:16 -0500] "GET /BLA/boletinlegal/images/img_1.jpg HTTP/1.1" 200 8067
66.249.79.83 - - [14/Oct/2014:03:37:20 -0500] "GET /BLA/resoluciones/index.php?dir=RESOLUCIONES+2010%2F HTTP/1.1" 200 1284744
66.249.79.119 - - [14/Oct/2014:03:37:27 -0500] "GET /phpold/autoliquidacion/18126.txt HTTP/1.1" 404 1019
66.249.79.75 - - [14/Oct/2014:03:37:36 -0500] "GET /BLA/resoluciones/RESOLUCIONES%202009/2697.pdf HTTP/1.1" 200 339336
66.249.79.75 - - [14/Oct/2014:03:37:53 -0500] "GET /BLA/resoluciones/RESOLUCIONES%202009/3122.pdf HTTP/1.1" 200 477893
66.249.79.103 - - [14/Oct/2014:03:38:31 -0500] "GET /phpold/autoliquidacion/18604.txt HTTP/1.1" 404 1019
180.76.6.151 - - [14/Oct/2014:03:38:31 -0500] "GET /BLA/resoluciones/Autos%202008/2495.pdf HTTP/1.1" 200 152010
66.249.79.119 - - [14/Oct/2014:03:38:52 -0500] "GET /phpold/correoinstitucional.php HTTP/1.1" 404 1019
66.249.79.111 - - [14/Oct/2014:03:39:13 -0500] "GET /phpold/autoliquidacion/19334.txt HTTP/1.1" 404 1019
180.76.6.51 - - [14/Oct/2014:03:39:30 -0500] "GET /BLA/resoluciones/AUTOS%202007/0525.pdf HTTP/1.1" 200 185321
66.249.79.119 - - [14/Oct/2014:03:39:34 -0500] "GET /htdocs/counter/digits/snyder/ HTTP/1.1" 404 1019
66.249.79.111 - - [14/Oct/2014:03:39:55 -0500] "GET /phpold/AjaxPhpCode/Chapter03/ajax/foundations/proxyping/proxyping.html HTTP/1.1" 404 1019
66.249.79.67 - - [14/Oct/2014:03:40:39 -0500] "GET /BLA/resoluciones/RESOLUCIONES%202006/RES%202006%201001-1050/00001037.tif HTTP/1.1" 200 110022
66.249.79.111 - - [14/Oct/2014:03:40:41 -0500] "GET /phpold/AjaxPhpCode/Chapter03/ajax/foundations/ping/ HTTP/1.1" 404 1019
66.249.79.103 - - [14/Oct/2014:03:40:58 -0500] "GET /phpold/autoliquidacion/19566.txt HTTP/1.1" 404 1019
74.86.158.107 - - [14/Oct/2014:03:41:27 -0500] "HEAD / HTTP/1.1" 302 -
66.249.79.75 - - [14/Oct/2014:03:41:53 -0500] "GET /phpold/autoliquidacion/17999.txt HTTP/1.1" 404 1018
186.31.36.227 - - [14/Oct/2014:03:42:11 -0500] "GET /BLA/boletinlegal/js/jquery.js HTTP/1.1" 200 57254
66.249.79.83 - - [14/Oct/2014:03:42:11 -0500] "GET /BLA/resoluciones/AUTOS%202011/0103.pdf HTTP/1.1" 200 171281
186.31.36.227 - - [14/Oct/2014:03:42:11 -0500] "GET /BLA/boletinlegal/js/jquery.scrollTo-min.js HTTP/1.1" 200 1150
186.31.36.227 - - [14/Oct/2014:03:42:11 -0500] "GET /BLA/boletinlegal/js/jquery.scrollShow.js HTTP/1.1" 200 4586
66.249.79.75 - - [14/Oct/2014:03:42:28 -0500] "GET /BLA/resoluciones/AUTOS%202011/0902.pdf HTTP/1.1" 200 288847
187.189.169.31 - - [14/Oct/2014:03:42:36 -0500] "GET /BLA/boletinlegal/js/jquery.js HTTP/1.1" 200 57254
187.189.169.31 - - [14/Oct/2014:03:42:36 -0500] "GET /BLA/boletinlegal/js/jquery.scrollTo-min.js HTTP/1.1" 200 1150
187.189.169.31 - - [14/Oct/2014:03:42:36 -0500] "GET /BLA/boletinlegal/js/jquery.scrollShow.js HTTP/1.1" 200 4586
66.249.79.67 - - [14/Oct/2014:03:42:41 -0500] "GET /portel_dama/libreria/pdf/anexossiac/Bases%20concertacion%20Culto.pdf HTTP/1.1" 404 1018
66.249.79.119 - - [14/Oct/2014:03:44:09 -0500] "GET /MANUALFUNC/Planeacion/314-17%20Tecnico%20Operativo%20-%20OAP.pdf HTTP/1.1" 404 1019
66.249.79.75 - - [14/Oct/2014:03:44:24 -0500] "GET /BLA/resoluciones/Autos%202008/3428.pdf HTTP/1.1" 200 88736
66.249.79.83 - - [14/Oct/2014:03:45:54 -0500] "GET /BLA/directivas/2009/0.pdf HTTP/1.1" 304 -
87.68.30.1 - - [14/Oct/2014:03:45:56 -0500] "GET /BLA/boletinlegal/js/jquery.js HTTP/1.1" 200 57254
87.68.30.1 - - [14/Oct/2014:03:45:56 -0500] "GET /BLA/boletinlegal/js/jquery.scrollTo-min.js HTTP/1.1" 200 1150
87.68.30.1 - - [14/Oct/2014:03:45:56 -0500] "GET /BLA/boletinlegal/js/jquery.scrollShow.js HTTP/1.1" 200 4586
74.86.158.107 - - [14/Oct/2014:03:46:27 -0500] "HEAD / HTTP/1.1" 302 -
180.76.5.95 - - [14/Oct/2014:03:46:27 -0500] "GET /BLA/resoluciones/AUTOS%202007/2038.pdf HTTP/1.1" 200 290610
84.88.59.1 - - [14/Oct/2014:03:47:00 -0500] "GET /BLA/boletinlegal/js/jquery.js HTTP/1.1" 200 57254
84.88.59.1 - - [14/Oct/2014:03:47:00 -0500] "GET /BLA/boletinlegal/js/jquery.scrollTo-min.js HTTP/1.1" 200 1150
84.88.59.1 - - [14/Oct/2014:03:47:00 -0500] "GET /galeria/carrusel/Carrusel/jquery.thumbnailScroller.css HTTP/1.1" 200 2066
84.88.59.1 - - [14/Oct/2014:03:47:00 -0500] "GET /BLA/boletinlegal/js/jquery.scrollShow.js HTTP/1.1" 200 4586
84.88.59.1 - - [14/Oct/2014:03:47:01 -0500] "GET /galeria/carrusel/Carrusel/jquery-ui-1.8.13.custom.min.js HTTP/1.1" 200 10800
84.88.59.1 - - [14/Oct/2014:03:47:01 -0500] "GET /galeria/carrusel/Carrusel/jquery.thumbnailScroller.js HTTP/1.1" 200 8157
84.88.59.1 - - [14/Oct/2014:03:47:02 -0500] "GET /galeria/nivo-slider/demo/demo.html HTTP/1.1" 200 3315
84.88.59.1 - - [14/Oct/2014:03:47:02 -0500] "GET /galeria/nivo-slider/themes/default/default.css HTTP/1.1" 200 1569
84.88.59.1 - - [14/Oct/2014:03:47:02 -0500] "GET /galeria/nivo-slider/themes/orman/orman.css HTTP/1.1" 200 2152
84.88.59.1 - - [14/Oct/2014:03:47:02 -0500] "GET /galeria/nivo-slider/themes/pascal/pascal.css HTTP/1.1" 200 2258
84.88.59.1 - - [14/Oct/2014:03:47:02 -0500] "GET /galeria/nivo-slider/demo/style.css HTTP/1.1" 200 2222
84.88.59.1 - - [14/Oct/2014:03:47:02 -0500] "GET /galeria/nivo-slider/nivo-slider.css HTTP/1.1" 200 1507
84.88.59.1 - - [14/Oct/2014:03:47:02 -0500] "GET /galeria/nivo-slider/demo/scripts/jquery-1.7.1.min.js HTTP/1.1" 200 93868
84.88.59.1 - - [14/Oct/2014:03:47:02 -0500] "GET /galeria/nivo-slider/jquery.nivo.slider.pack.js HTTP/1.1" 200 11561
84.88.59.1 - - [14/Oct/2014:03:47:02 -0500] "GET /galeria/nivo-slider/demo/images/EncuentroAgua1.jpg HTTP/1.1" 200 274179
84.88.59.1 - - [14/Oct/2014:03:47:02 -0500] "GET /galeria/nivo-slider/demo/images/banner-Animal.jpg HTTP/1.1" 200 257223
84.88.59.1 - - [14/Oct/2014:03:47:02 -0500] "GET /galeria/nivo-slider/demo/images/Tingua-azul.jpg HTTP/1.1" 200 307638
84.88.59.1 - - [14/Oct/2014:03:47:02 -0500] "GET /galeria/nivo-slider/demo/images/Banner-Caracol-Africano.jpg HTTP/1.1" 200 331986
84.88.59.1 - - [14/Oct/2014:03:47:03 -0500] "GET /galeria/nivo-slider/demo/images/4Simple_Slider.png HTTP/1.1" 200 11722
84.88.59.1 - - [14/Oct/2014:03:47:03 -0500] "GET /galeria/nivo-slider/themes/default/loading.gif HTTP/1.1" 200 1737
84.88.59.1 - - [14/Oct/2014:03:47:04 -0500] "GET /galeria/nivo-slider/demo/images/9Signos.jpg HTTP/1.1" 200 93040
66.249.79.119 - - [14/Oct/2014:03:46:37 -0500] "GET /BLA/boletinlegal/index.php HTTP/1.1" 200 36352
84.88.59.1 - - [14/Oct/2014:03:47:07 -0500] "GET /galeria/nivo-slider/demo/images/banner-encuesta.jpg HTTP/1.1" 200 42764
84.88.59.1 - - [14/Oct/2014:03:47:07 -0500] "GET /galeria/nivo-slider/demo/images/banner-llantas2.jpg HTTP/1.1" 200 73153
84.88.59.1 - - [14/Oct/2014:03:47:07 -0500] "GET /galeria/nivo-slider/demo/images/banner-caballos.png HTTP/1.1" 200 389106
84.88.59.1 - - [14/Oct/2014:03:47:08 -0500] "GET /galeria/nivo-slider/demo/images/ConstructorasFNL.jpg HTTP/1.1" 200 216551
84.88.59.1 - - [14/Oct/2014:03:47:08 -0500] "GET /galeria/nivo-slider/demo/images/Hacienda_Molinos.jpg HTTP/1.1" 200 319171
84.88.59.1 - - [14/Oct/2014:03:47:09 -0500] "GET /galeria/nivo-slider/demo/images/bannerEcolecta3.jpg HTTP/1.1" 200 280034
84.88.59.1 - - [14/Oct/2014:03:47:10 -0500] "GET /videos/Spot_Tinguas.flv HTTP/1.1" 200 2087054
84.88.59.1 - - [14/Oct/2014:03:47:14 -0500] "GET /galeria/nivo-slider/themes/default/arrows.png HTTP/1.1" 200 824
84.88.59.1 - - [14/Oct/2014:03:47:14 -0500] "GET /galeria/nivo-slider/themes/default/bullets.png HTTP/1.1" 200 1281
84.88.59.1 - - [14/Oct/2014:03:47:55 -0500] "GET /galeria/bibloteca/contentflow.js HTTP/1.1" 200 42804
84.88.59.1 - - [14/Oct/2014:03:47:56 -0500] "GET /galeria/bibloteca/contentflow.css HTTP/1.1" 200 3201
84.88.59.1 - - [14/Oct/2014:03:47:56 -0500] "GET /galeria/bibloteca/mycontentflow.css HTTP/1.1" 200 3110
84.88.59.1 - - [14/Oct/2014:03:47:56 -0500] "GET /galeria/bibloteca/ContentFlowAddOn_white.js HTTP/1.1" 200 2497
84.88.59.1 - - [14/Oct/2014:03:47:56 -0500] "GET /galeria/bibloteca/ContentFlowAddOn_white.css HTTP/1.1" 200 3355
84.88.59.1 - - [14/Oct/2014:03:47:57 -0500] "GET /galeria/bibloteca/img/loader.gif HTTP/1.1" 200 8238
84.88.59.1 - - [14/Oct/2014:03:47:57 -0500] "GET /galeria/bibloteca/img/scrollbar_white.png HTTP/1.1" 200 82
84.88.59.1 - - [14/Oct/2014:03:47:57 -0500] "GET /galeria/bibloteca/img/slider_white.png HTTP/1.1" 200 178
66.249.79.67 - - [14/Oct/2014:03:48:02 -0500] "GET /BLA/resoluciones/RESOLUCIONES%202012/0725.pdf HTTP/1.1" 200 376644
66.249.79.75 - - [14/Oct/2014:03:48:16 -0500] "GET /BLA/resoluciones/AUTOS%202011/1251.pdf HTTP/1.1" 200 306536
66.249.79.103 - - [14/Oct/2014:03:48:26 -0500] "GET /BLA/boletinlegal/actas/acta%20de%20acuerdo%2001%20adop%20regla%20inter%20CISPAER.pdf HTTP/1.1" 200 837068
66.249.79.103 - - [14/Oct/2014:03:48:30 -0500] "GET /BLA/boletinlegal/Circulares/2012/Circular%20No.%209%20del%2021%20de%20Agosto%20de%202012.pdf HTTP/1.1" 200 1402289
66.249.79.111 - - [14/Oct/2014:03:48:43 -0500] "GET /Autoliquidacion/index.php?dir=&sort=size&order=desc HTTP/1.1" 200 6374
66.249.79.67 - - [14/Oct/2014:03:49:05 -0500] "GET /BLA/resoluciones/RESOLUCIONES%202010/7214.pdf HTTP/1.1" 200 804152
66.249.79.67 - - [14/Oct/2014:03:49:26 -0500] "GET /BLA/boletinlegal?/? HTTP/1.1" 301 314
108.59.8.80 - - [14/Oct/2014:03:49:51 -0500] "GET /robots.txt HTTP/1.0" 404 1015
108.59.8.80 - - [14/Oct/2014:03:49:53 -0500] "GET /Anexos%20estudio%20Organizacional%20SDA/index.php HTTP/1.0" 200 5840
108.59.8.80 - - [14/Oct/2014:03:49:54 -0500] "GET /Anexos%20estudio%20Organizacional%20SDA/index.php?dir= HTTP/1.0" 200 5840
108.59.8.80 - - [14/Oct/2014:03:49:56 -0500] "GET /Anexos%20estudio%20Organizacional%20SDA/index.php?dir=&sort=date&order=asc HTTP/1.0" 200 5840
108.59.8.80 - - [14/Oct/2014:03:49:58 -0500] "GET /Anexos%20estudio%20Organizacional%20SDA/index.php?dir=&sort=name&order=asc HTTP/1.0" 200 5840
66.249.79.67 - - [14/Oct/2014:03:49:29 -0500] "GET /BLA/boletinlegal/?/? HTTP/1.1" 200 33482
66.249.79.67 - - [14/Oct/2014:03:49:59 -0500] "GET /BLA/resoluciones/RESOLUCIONES%202007/RES%202007%203201%20AL%203300/RESOLUCION%203257%20DE%202007.pdf HTTP/1.1" 304 -
108.59.8.80 - - [14/Oct/2014:03:50:01 -0500] "GET /Anexos%20estudio%20Organizacional%20SDA/index.php?dir=&sort=size&order=asc HTTP/1.0" 200 5840
108.59.8.80 - - [14/Oct/2014:03:50:03 -0500] "GET /Anexos%20estudio%20Organizacional%20SDA/index.php?dir=ANEXO%20No.%201-%20NORMAS%20LEGALES%20DE%20ESTRUCTURA%20Y%20PLANTA/ HTTP/1.0" 200 11016
108.59.8.80 - - [14/Oct/2014:03:50:05 -0500] "GET /Autoliquidacion/index.php HTTP/1.0" 200 6375
108.59.8.80 - - [14/Oct/2014:03:50:07 -0500] "GET /Autoliquidacion/index.php?dir=&sort=date&order=asc HTTP/1.0" 200 6375
66.249.79.83 - - [14/Oct/2014:03:50:08 -0500] "GET /BLA/resoluciones/RESOLUCIONES%202013/0003.pdf HTTP/1.1" 304 -
108.59.8.80 - - [14/Oct/2014:03:50:08 -0500] "GET /PruebasSTORM/StormSDA_pruebas/stormWeb/?C=D;O=A HTTP/1.0" 200 1471
108.59.8.80 - - [14/Oct/2014:03:50:10 -0500] "GET /PruebasSTORM/StormSDA_pruebas/stormWeb/?C=M;O=A HTTP/1.0" 200 1471
66.249.79.75 - - [14/Oct/2014:03:50:14 -0500] "GET /phpold/autoliquidacion/17996.txt HTTP/1.1" 404 1018
108.59.8.80 - - [14/Oct/2014:03:50:16 -0500] "GET /PruebasSTORM/StormSDA_pruebas/stormWeb/?C=N;O=A HTTP/1.0" 200 1471
108.59.8.80 - - [14/Oct/2014:03:50:17 -0500] "GET /re/Talleres/plastico/imagenes%20plastico/barra%20plasticos/_notes/?C=D;O=A HTTP/1.0" 404 1015
108.59.8.80 - - [14/Oct/2014:03:50:19 -0500] "GET /re/Talleres/plastico/imagenes%20plastico/barra%20plasticos/_notes/?C=M;O=A HTTP/1.0" 404 1015
108.59.8.80 - - [14/Oct/2014:03:50:20 -0500] "GET /re/Talleres/plastico/imagenes%20plastico/barra%20plasticos/_notes/?C=N;O=A HTTP/1.0" 404 1015
108.59.8.80 - - [14/Oct/2014:03:50:22 -0500] "GET /re/Talleres/plastico/imagenes%20plastico/barra%20plasticos/_notes/?C=S;O=A HTTP/1.0" 404 1015
66.249.79.103 - - [14/Oct/2014:03:50:23 -0500] "GET /BLA/boletinlegal/Directivas/2014/Directiva%20No.%202%20del%205%20de%20Mayo%20de%202014.pdf HTTP/1.1" 200 591315
108.59.8.80 - - [14/Oct/2014:03:50:24 -0500] "GET /sinmi2/htm7/INFORME%2007%20AM%20-%20VER%2097/sld001.htm HTTP/1.0" 404 1015
108.59.8.80 - - [14/Oct/2014:03:50:25 -0500] "GET /robots.txt HTTP/1.0" 404 1019
108.59.8.80 - - [14/Oct/2014:03:50:28 -0500] "GET /Anexos%20estudio%20Organizacional%20SDA/index.php?dir=ANEXO%20No.%2010%20-%20COSTO%20DETALLADO%20PLANTA%20DE%20CARGOS%20ACTUAL/&sort=date&order=asc HTTP/1.0" 200 2421
66.249.79.83 - - [14/Oct/2014:03:50:29 -0500] "GET /BLA/resoluciones/RESOLUCIONES%202010/0061.pdf HTTP/1.1" 200 502505
108.59.8.80 - - [14/Oct/2014:03:50:30 -0500] "GET /Anexos%20estudio%20Organizacional%20SDA/index.php?dir=ANEXO%20No.%2010%20-%20COSTO%20DETALLADO%20PLANTA%20DE%20CARGOS%20ACTUAL/&sort=name&order=asc HTTP/1.0" 200 2421
108.59.8.80 - - [14/Oct/2014:03:50:31 -0500] "GET /Anexos%20estudio%20Organizacional%20SDA/index.php?dir=ANEXO%20No.%2010%20-%20COSTO%20DETALLADO%20PLANTA%20DE%20CARGOS%20ACTUAL/&sort=size&order=asc HTTP/1.0" 200 2421
108.59.8.80 - - [14/Oct/2014:03:50:33 -0500] "GET /Anexos%20estudio%20Organizacional%20SDA/index.php?dir=ANEXO%20No.%202%20-%20EJECUCIONES%20PRESUPUESTALES%202008-2011%20Y%20PRESUPUESTO%202012/&sort=date&order=asc HTTP/1.0" 200 3708
108.59.8.80 - - [14/Oct/2014:03:50:37 -0500] "GET /Anexos%20estudio%20Organizacional%20SDA/index.php?dir=ANEXO%20No.%202%20-%20EJECUCIONES%20PRESUPUESTALES%202008-2011%20Y%20PRESUPUESTO%202012/&sort=name&order=asc HTTP/1.0" 200 3708
108.59.8.80 - - [14/Oct/2014:03:50:39 -0500] "GET /Anexos%20estudio%20Organizacional%20SDA/index.php?dir=ANEXO%20No.%202%20-%20EJECUCIONES%20PRESUPUESTALES%202008-2011%20Y%20PRESUPUESTO%202012/&sort=size&order=asc HTTP/1.0" 200 3708
108.59.8.80 - - [14/Oct/2014:03:50:41 -0500] "GET /Anexos%20estudio%20Organizacional%20SDA/index.php?dir=ANEXO%20No.%205%20-%20ESTUDIO%20Y%20PROPUESTA%20SERAMB%20IENTE/&sort=date&order=asc HTTP/1.0" 200 3623
108.59.8.80 - - [14/Oct/2014:03:50:43 -0500] "GET /Anexos%20estudio%20Organizacional%20SDA/index.php?dir=ANEXO%20No.%205%20-%20ESTUDIO%20Y%20PROPUESTA%20SERAMB%20IENTE/&sort=name&order=asc HTTP/1.0" 200 3623
108.59.8.80 - - [14/Oct/2014:03:50:45 -0500] "GET /Anexos%20estudio%20Organizacional%20SDA/index.php?dir=ANEXO%20No.%205%20-%20ESTUDIO%20Y%20PROPUESTA%20SERAMB%20IENTE/&sort=size&order=asc HTTP/1.0" 200 3623
108.59.8.80 - - [14/Oct/2014:03:50:46 -0500] "GET /Anexos%20estudio%20Organizacional%20SDA/index.php?dir=ANEXO%20No.%207%20-%20PROYECTO%20DE%20DECRETO%20MODIFICATORIO%20DE%20ESTRUCTURA%20DE%20LA%20SDA/&sort=date&order=asc HTTP/1.0" 200 2594
108.59.8.80 - - [14/Oct/2014:03:50:48 -0500] "GET /Anexos%20estudio%20Organizacional%20SDA/index.php?dir=ANEXO%20No.%207%20-%20PROYECTO%20DE%20DECRETO%20MODIFICATORIO%20DE%20ESTRUCTURA%20DE%20LA%20SDA/&sort=name&order=asc HTTP/1.0" 200 2594
108.59.8.80 - - [14/Oct/2014:03:50:49 -0500] "GET /Anexos%20estudio%20Organizacional%20SDA/index.php?dir=ANEXO%20No.%207%20-%20PROYECTO%20DE%20DECRETO%20MODIFICATORIO%20DE%20ESTRUCTURA%20DE%20LA%20SDA/&sort=size&order=asc HTTP/1.0" 200 2594
66.249.79.67 - - [14/Oct/2014:03:50:50 -0500] "GET /BLA/resoluciones/RESOLUCIONES%202010/4247.pdf HTTP/1.1" 200 401933
108.59.8.80 - - [14/Oct/2014:03:50:51 -0500] "GET /Anexos%20estudio%20Organizacional%20SDA/index.php?dir=ANEXO%20No.11-PROYECTO%20DE%20DECRETO%20MODIFICATORIO%20PLANTA%20DE%20CARGOS%20SDA/&sort=date&order=asc HTTP/1.0" 200 2569
108.59.8.80 - - [14/Oct/2014:03:50:55 -0500] "GET /Anexos%20estudio%20Organizacional%20SDA/index.php?dir=ANEXO%20No.11-PROYECTO%20DE%20DECRETO%20MODIFICATORIO%20PLANTA%20DE%20CARGOS%20SDA/&sort=name&order=asc HTTP/1.0" 200 2569
108.59.8.80 - - [14/Oct/2014:03:50:57 -0500] "GET /Anexos%20estudio%20Organizacional%20SDA/index.php?dir=ANEXO%20No.11-PROYECTO%20DE%20DECRETO%20MODIFICATORIO%20PLANTA%20DE%20CARGOS%20SDA/&sort=size&order=asc HTTP/1.0" 200 2569
108.59.8.80 - - [14/Oct/2014:03:50:59 -0500] "GET /Anexos%20estudio%20Organizacional%20SDA/index.php?dir=ANEXO%20No.12-PROYECTO%20ACTUALIZACION%20MANUAL%20DE%20FUNCIONES%20SDA/&sort=date&order=asc HTTP/1.0" 200 2515
108.59.8.80 - - [14/Oct/2014:03:51:01 -0500] "GET /Anexos%20estudio%20Organizacional%20SDA/index.php?dir=ANEXO%20No.12-PROYECTO%20ACTUALIZACION%20MANUAL%20DE%20FUNCIONES%20SDA/&sort=name&order=asc HTTP/1.0" 200 2515
108.59.8.80 - - [14/Oct/2014:03:51:03 -0500] "GET /Anexos%20estudio%20Organizacional%20SDA/index.php?dir=ANEXO%20No.12-PROYECTO%20ACTUALIZACION%20MANUAL%20DE%20FUNCIONES%20SDA/&sort=size&order=asc HTTP/1.0" 200 2515
108.59.8.80 - - [14/Oct/2014:03:51:05 -0500] "GET /Autoliquidacion/index.php?dir=Cobro%20Clasificacion%20Uso%20De%20Vivenda%20En%20Suelo%20Restringido/&sort=date&order=asc HTTP/1.0" 200 3220
66.249.79.83 - - [14/Oct/2014:03:51:05 -0500] "GET /portel_dama/libreria/pdf/anexossiac/Bases%20concertacion%20Educacion.pdf HTTP/1.1" 404 1018
108.59.8.80 - - [14/Oct/2014:03:51:10 -0500] "GET /Autoliquidacion/index.php?dir=Cobro%20Clasificacion%20Uso%20De%20Vivenda%20En%20Suelo%20Restringido/&sort=name&order=asc HTTP/1.0" 200 3220
108.59.8.80 - - [14/Oct/2014:03:51:11 -0500] "GET /Autoliquidacion/index.php?dir=Cobro%20Clasificacion%20Uso%20De%20Vivenda%20En%20Suelo%20Restringido/&sort=size&order=asc HTTP/1.0" 200 3220
66.249.79.67 - - [14/Oct/2014:03:51:11 -0500] "GET /BLA/resoluciones/AUTOS%202011/7186.pdf HTTP/1.1" 200 153961
108.59.8.80 - - [14/Oct/2014:03:51:13 -0500] "GET /Autoliquidacion/index.php?dir=Fauna%20Silvestre/&sort=date&order=asc HTTP/1.0" 200 3499
108.59.8.80 - - [14/Oct/2014:03:51:15 -0500] "GET /Autoliquidacion/index.php?dir=Fauna%20Silvestre/&sort=name&order=asc HTTP/1.0" 200 3499
108.59.8.80 - - [14/Oct/2014:03:51:16 -0500] "GET /Autoliquidacion/index.php?dir=Fauna%20Silvestre/&sort=size&order=asc HTTP/1.0" 200 3499
108.59.8.80 - - [14/Oct/2014:03:51:18 -0500] "GET /Autoliquidacion/index.php?dir=PERMISO%20DE%20OCUPACION%20DE%20SUELO/&sort=date&order=asc HTTP/1.0" 200 2141
108.59.8.80 - - [14/Oct/2014:03:51:19 -0500] "GET /Autoliquidacion/index.php?dir=PERMISO%20DE%20OCUPACION%20DE%20SUELO/&sort=name&order=asc HTTP/1.0" 200 2141
108.59.8.80 - - [14/Oct/2014:03:51:21 -0500] "GET /Autoliquidacion/index.php?dir=PERMISO%20DE%20OCUPACION%20DE%20SUELO/&sort=size&order=asc HTTP/1.0" 200 2141
108.59.8.80 - - [14/Oct/2014:03:51:24 -0500] "GET /MANUALFUNC/Gestion%20Local/?C=D;O=A HTTP/1.0" 404 1019
74.86.158.107 - - [14/Oct/2014:03:51:27 -0500] "HEAD / HTTP/1.1" 302 -
108.59.8.80 - - [14/Oct/2014:03:51:28 -0500] "GET /MANUALFUNC/Gestion%20Local/?C=M;O=A HTTP/1.0" 404 1019
108.59.8.80 - - [14/Oct/2014:03:51:30 -0500] "GET /MANUALFUNC/Gestion%20Local/?C=N;O=A HTTP/1.0" 404 1019
108.59.8.80 - - [14/Oct/2014:03:51:32 -0500] "GET /MANUALFUNC/Gestion%20Local/?C=S;O=A HTTP/1.0" 404 1019
108.59.8.80 - - [14/Oct/2014:03:51:33 -0500] "GET /MANUALFUNC/Planeacion/?C=D;O=A HTTP/1.0" 404 1019
66.249.79.75 - - [14/Oct/2014:03:51:35 -0500] "GET /BLA/resoluciones/AUTOS%202011/0197.pdf HTTP/1.1" 200 183821
61.135.190.103 - - [14/Oct/2014:03:51:44 -0500] "GET /BLA/boletinlegal/js/jquery.js HTTP/1.1" 200 57254
61.135.190.103 - - [14/Oct/2014:03:51:45 -0500] "GET /BLA/boletinlegal/js/jquery.scrollTo-min.js HTTP/1.1" 200 1150
61.135.190.103 - - [14/Oct/2014:03:51:45 -0500] "GET /BLA/boletinlegal/js/jquery.scrollShow.js HTTP/1.1" 200 4586
66.249.79.67 - - [14/Oct/2014:03:51:47 -0500] "GET /BLA/resoluciones/RESOLUCIONES%202005/RES%202005%202201-2250/00002228.tif HTTP/1.1" 200 148062
66.249.79.67 - - [14/Oct/2014:03:51:49 -0500] "GET /BLA/resoluciones/AUTOS%202007/2606.pdf HTTP/1.1" 200 42520
61.135.190.224 - - [14/Oct/2014:03:51:52 -0500] "GET /galeria/carrusel/Carrusel/jquery-ui-1.8.13.custom.min.js HTTP/1.1" 200 10800
61.135.190.224 - - [14/Oct/2014:03:51:53 -0500] "GET /galeria/carrusel/Carrusel/jquery.thumbnailScroller.js HTTP/1.1" 200 8157
66.249.79.111 - - [14/Oct/2014:03:51:54 -0500] "GET /phpold/autoliquidacion/18915.txt HTTP/1.1" 404 1019
66.249.79.75 - - [14/Oct/2014:03:52:01 -0500] "GET /BLA/resoluciones/RESOLUCIONES%202011/0417.pdf HTTP/1.1" 200 66691
66.249.79.119 - - [14/Oct/2014:03:52:15 -0500] "GET /phpold/autoliquidacion/17918.txt HTTP/1.1" 404 1019
108.59.8.80 - - [14/Oct/2014:03:52:17 -0500] "GET /MANUALFUNC/Planeacion/?C=N;O=A HTTP/1.0" 404 1019
108.59.8.80 - - [14/Oct/2014:03:52:19 -0500] "GET /MANUALFUNC/Planeacion/?C=S;O=A HTTP/1.0" 404 1019
108.59.8.80 - - [14/Oct/2014:03:52:20 -0500] "GET /POT-2013/index.php?dir=memoria%20justificativa/&sort=date&order=asc HTTP/1.0" 200 2484
108.59.8.80 - - [14/Oct/2014:03:52:22 -0500] "GET /POT-2013/index.php?dir=memoria%20justificativa/&sort=name&order=asc HTTP/1.0" 200 2484
108.59.8.80 - - [14/Oct/2014:03:52:24 -0500] "GET /POT-2013/index.php?dir=memoria%20justificativa/&sort=size&order=asc HTTP/1.0" 200 2484
66.249.79.67 - - [14/Oct/2014:03:52:25 -0500] "GET /pread/sec/ HTTP/1.1" 404 1018
108.59.8.80 - - [14/Oct/2014:03:52:27 -0500] "GET /chat/libs/?C=D;O=A HTTP/1.0" 404 1019
108.59.8.80 - - [14/Oct/2014:03:52:29 -0500] "GET /chat/libs/?C=M;O=A HTTP/1.0" 404 1019
108.59.8.80 - - [14/Oct/2014:03:52:30 -0500] "GET /chat/libs/?C=N;O=A HTTP/1.0" 404 1019
108.59.8.80 - - [14/Oct/2014:03:52:32 -0500] "GET /chat/libs/?C=S;O=A HTTP/1.0" 404 1019
108.59.8.80 - - [14/Oct/2014:03:52:34 -0500] "GET /chat/libs/libs.bundle.js HTTP/1.0" 404 1019
108.59.8.80 - - [14/Oct/2014:03:52:36 -0500] "GET /chat/libs/libs.min.js HTTP/1.0" 404 1019
108.59.8.80 - - [14/Oct/2014:03:52:38 -0500] "GET /chat/res/?C=D;O=A HTTP/1.0" 404 1019
108.59.8.80 - - [14/Oct/2014:03:52:39 -0500] "GET /chat/res/?C=M;O=A HTTP/1.0" 404 1019
108.59.8.80 - - [14/Oct/2014:03:52:41 -0500] "GET /chat/res/?C=N;O=A HTTP/1.0" 404 1019
66.249.79.75 - - [14/Oct/2014:03:52:41 -0500] "GET /BLA/boletinlegal/Directivas/2012/Directiva%20No.%201%20del%2030%20de%20octubre%20de%202012.pdf HTTP/1.1" 200 1522771
108.59.8.80 - - [14/Oct/2014:03:52:42 -0500] "GET /chat/res/?C=S;O=A HTTP/1.0" 404 1019
108.59.8.80 - - [14/Oct/2014:03:52:44 -0500] "GET /chat/res/default.css HTTP/1.0" 404 1019
108.59.8.80 - - [14/Oct/2014:03:52:45 -0500] "GET /chat/res/img/?C=D;O=A HTTP/1.0" 404 1019
108.59.8.80 - - [14/Oct/2014:03:52:47 -0500] "GET /chat/res/img/?C=M;O=A HTTP/1.0" 404 1019
108.59.8.80 - - [14/Oct/2014:03:52:52 -0500] "GET /chat/res/img/?C=N;O=A HTTP/1.0" 404 1019
108.59.8.80 - - [14/Oct/2014:03:52:53 -0500] "GET /chat/src/?C=D;O=A HTTP/1.0" 404 1019
108.59.8.80 - - [14/Oct/2014:03:52:55 -0500] "GET /chat/src/?C=M;O=A HTTP/1.0" 404 1019
66.249.79.111 - - [14/Oct/2014:03:52:57 -0500] "GET /MANUALFUNC/Vivienda/407-07%20Auxiliar%20Administrativo%20SCV.pdf HTTP/1.1" 404 1019
66.249.79.83 - - [14/Oct/2014:03:53:10 -0500] "GET /BLA/resoluciones/AUTOS%202011/0869.pdf HTTP/1.1" 200 97351
66.249.79.83 - - [14/Oct/2014:03:53:11 -0500] "GET /phpold/autoliquidacion/18214.txt HTTP/1.1" 404 1018
66.249.79.75 - - [14/Oct/2014:03:53:24 -0500] "GET /phpold/autoliquidacion/19241.txt HTTP/1.1" 404 1018
108.59.8.80 - - [14/Oct/2014:03:53:38 -0500] "GET /chat/src/?C=S;O=A HTTP/1.0" 404 1019
66.249.79.111 - - [14/Oct/2014:03:53:39 -0500] "GET /phpold/autoliquidacion/18523.txt HTTP/1.1" 404 1019
108.59.8.80 - - [14/Oct/2014:03:53:40 -0500] "GET /chat/src/candy.js HTTP/1.0" 404 1019
