181.50.192.137 - - [15/Oct/2014:08:56:10 -0500] "POST /forms/lservlet;jsessionid=ac16012b30d53c3fd5d2976e40ea8333ea0525b72121.e3iSbxaKaheRe34Sa3yKbhiTahb0n6jAmljGr5XDqQLvpAe HTTP/1.1" 200 74
181.50.192.137 - - [15/Oct/2014:08:56:11 -0500] "POST /forms/lservlet;jsessionid=ac16012b30d53c3fd5d2976e40ea8333ea0525b72121.e3iSbxaKaheRe34Sa3yKbhiTahb0n6jAmljGr5XDqQLvpAe HTTP/1.1" 200 7
181.50.192.137 - - [15/Oct/2014:08:56:12 -0500] "POST /forms/lservlet;jsessionid=ac16012b30d53c3fd5d2976e40ea8333ea0525b72121.e3iSbxaKaheRe34Sa3yKbhiTahb0n6jAmljGr5XDqQLvpAe HTTP/1.1" 200 64000
181.50.192.137 - - [15/Oct/2014:08:56:13 -0500] "POST /forms/lservlet;jsessionid=ac16012b30d53c3fd5d2976e40ea8333ea0525b72121.e3iSbxaKaheRe34Sa3yKbhiTahb0n6jAmljGr5XDqQLvpAe HTTP/1.1" 200 13523
181.50.192.137 - - [15/Oct/2014:08:56:13 -0500] "POST /forms/lservlet;jsessionid=ac16012b30d53c3fd5d2976e40ea8333ea0525b72121.e3iSbxaKaheRe34Sa3yKbhiTahb0n6jAmljGr5XDqQLvpAe HTTP/1.1" 200 109
181.50.192.137 - - [15/Oct/2014:08:56:15 -0500] "POST /forms/lservlet;jsessionid=ac16012b30d53c3fd5d2976e40ea8333ea0525b72121.e3iSbxaKaheRe34Sa3yKbhiTahb0n6jAmljGr5XDqQLvpAe HTTP/1.1" 200 2
181.50.192.137 - - [15/Oct/2014:08:56:15 -0500] "POST /forms/lservlet;jsessionid=ac16012b30d53c3fd5d2976e40ea8333ea0525b72121.e3iSbxaKaheRe34Sa3yKbhiTahb0n6jAmljGr5XDqQLvpAe HTTP/1.1" 200 248
181.50.192.137 - - [15/Oct/2014:08:56:15 -0500] "POST /forms/lservlet;jsessionid=ac16012b30d53c3fd5d2976e40ea8333ea0525b72121.e3iSbxaKaheRe34Sa3yKbhiTahb0n6jAmljGr5XDqQLvpAe HTTP/1.1" 200 2
181.50.192.137 - - [15/Oct/2014:08:56:16 -0500] "POST /forms/lservlet;jsessionid=ac16012b30d53c3fd5d2976e40ea8333ea0525b72121.e3iSbxaKaheRe34Sa3yKbhiTahb0n6jAmljGr5XDqQLvpAe HTTP/1.1" 200 2
181.50.192.137 - - [15/Oct/2014:08:56:16 -0500] "POST /forms/lservlet;jsessionid=ac16012b30d53c3fd5d2976e40ea8333ea0525b72121.e3iSbxaKaheRe34Sa3yKbhiTahb0n6jAmljGr5XDqQLvpAe HTTP/1.1" 200 260
201.245.192.253 - - [15/Oct/2014:08:56:16 -0500] "GET /galeria/carrusel/Carrusel/jquery-ui-%20%201.8.13.custom.min.js HTTP/1.1" 404 1018
181.50.192.137 - - [15/Oct/2014:08:56:17 -0500] "POST /forms/lservlet;jsessionid=ac16012b30d53c3fd5d2976e40ea8333ea0525b72121.e3iSbxaKaheRe34Sa3yKbhiTahb0n6jAmljGr5XDqQLvpAe HTTP/1.1" 200 2
181.50.192.137 - - [15/Oct/2014:08:56:17 -0500] "POST /forms/lservlet;jsessionid=ac16012b30d53c3fd5d2976e40ea8333ea0525b72121.e3iSbxaKaheRe34Sa3yKbhiTahb0n6jAmljGr5XDqQLvpAe HTTP/1.1" 200 75
181.50.192.137 - - [15/Oct/2014:08:56:17 -0500] "POST /forms/lservlet;jsessionid=ac16012b30d53c3fd5d2976e40ea8333ea0525b72121.e3iSbxaKaheRe34Sa3yKbhiTahb0n6jAmljGr5XDqQLvpAe HTTP/1.1" 200 2
181.50.192.137 - - [15/Oct/2014:08:56:18 -0500] "POST /forms/lservlet;jsessionid=ac16012b30d53c3fd5d2976e40ea8333ea0525b72121.e3iSbxaKaheRe34Sa3yKbhiTahb0n6jAmljGr5XDqQLvpAe HTTP/1.1" 200 1504
181.50.192.137 - - [15/Oct/2014:08:56:18 -0500] "POST /forms/lservlet;jsessionid=ac16012b30d53c3fd5d2976e40ea8333ea0525b72121.e3iSbxaKaheRe34Sa3yKbhiTahb0n6jAmljGr5XDqQLvpAe HTTP/1.1" 200 2
181.50.192.137 - - [15/Oct/2014:08:56:18 -0500] "POST /forms/lservlet;jsessionid=ac16012b30d53c3fd5d2976e40ea8333ea0525b72121.e3iSbxaKaheRe34Sa3yKbhiTahb0n6jAmljGr5XDqQLvpAe HTTP/1.1" 200 2
181.50.192.137 - - [15/Oct/2014:08:56:19 -0500] "POST /forms/lservlet;jsessionid=ac16012b30d53c3fd5d2976e40ea8333ea0525b72121.e3iSbxaKaheRe34Sa3yKbhiTahb0n6jAmljGr5XDqQLvpAe HTTP/1.1" 200 135
190.144.89.74 - - [15/Oct/2014:08:56:20 -0500] "GET /BLA/boletinlegal/js/jquery.scrollShow.js HTTP/1.1" 200 4586
190.144.89.74 - - [15/Oct/2014:08:56:20 -0500] "GET /BLA/boletinlegal/js/jquery.js HTTP/1.1" 200 57254
190.144.89.74 - - [15/Oct/2014:08:56:20 -0500] "GET /BLA/boletinlegal/js/jquery.scrollTo-min.js HTTP/1.1" 200 1150
181.50.192.137 - - [15/Oct/2014:08:56:20 -0500] "POST /forms/lservlet;jsessionid=ac16012b30d53c3fd5d2976e40ea8333ea0525b72121.e3iSbxaKaheRe34Sa3yKbhiTahb0n6jAmljGr5XDqQLvpAe HTTP/1.1" 200 7
181.50.192.137 - - [15/Oct/2014:08:56:20 -0500] "POST /forms/lservlet;jsessionid=ac16012b30d53c3fd5d2976e40ea8333ea0525b72121.e3iSbxaKaheRe34Sa3yKbhiTahb0n6jAmljGr5XDqQLvpAe HTTP/1.1" 200 30076
190.84.56.157 - - [15/Oct/2014:08:56:21 -0500] "POST /forms/lservlet;jsessionid=ac16012b30d567df56f0bf0f493b8e2b928ce0c690ef.e3iSbxaKaheRe34Sa3yKbhiTahb0n6jAmljGr5XDqQLvpAe HTTP/1.1" 200 391
190.84.56.157 - - [15/Oct/2014:08:56:21 -0500] "POST /forms/lservlet;jsessionid=ac16012b30d567df56f0bf0f493b8e2b928ce0c690ef.e3iSbxaKaheRe34Sa3yKbhiTahb0n6jAmljGr5XDqQLvpAe HTTP/1.1" 200 7
181.50.192.137 - - [15/Oct/2014:08:56:21 -0500] "POST /forms/lservlet;jsessionid=ac16012b30d53c3fd5d2976e40ea8333ea0525b72121.e3iSbxaKaheRe34Sa3yKbhiTahb0n6jAmljGr5XDqQLvpAe HTTP/1.1" 200 7
181.50.192.137 - - [15/Oct/2014:08:56:21 -0500] "POST /forms/lservlet;jsessionid=ac16012b30d53c3fd5d2976e40ea8333ea0525b72121.e3iSbxaKaheRe34Sa3yKbhiTahb0n6jAmljGr5XDqQLvpAe HTTP/1.1" 200 2
181.50.192.137 - - [15/Oct/2014:08:56:21 -0500] "POST /forms/lservlet;jsessionid=ac16012b30d53c3fd5d2976e40ea8333ea0525b72121.e3iSbxaKaheRe34Sa3yKbhiTahb0n6jAmljGr5XDqQLvpAe HTTP/1.1" 200 27
181.50.192.137 - - [15/Oct/2014:08:56:22 -0500] "POST /forms/lservlet;jsessionid=ac16012b30d53c3fd5d2976e40ea8333ea0525b72121.e3iSbxaKaheRe34Sa3yKbhiTahb0n6jAmljGr5XDqQLvpAe HTTP/1.1" 200 2
66.249.65.115 - - [15/Oct/2014:08:56:29 -0500] "GET /BLA/resoluciones/RESOLUCIONES%202009/2614.pdf HTTP/1.1" 200 340824
181.50.192.137 - - [15/Oct/2014:08:56:30 -0500] "POST /forms/lservlet;jsessionid=ac16012b30d53c3fd5d2976e40ea8333ea0525b72121.e3iSbxaKaheRe34Sa3yKbhiTahb0n6jAmljGr5XDqQLvpAe HTTP/1.1" 200 102
181.50.192.137 - - [15/Oct/2014:08:56:30 -0500] "POST /forms/lservlet;jsessionid=ac16012b30d53c3fd5d2976e40ea8333ea0525b72121.e3iSbxaKaheRe34Sa3yKbhiTahb0n6jAmljGr5XDqQLvpAe HTTP/1.1" 200 74
181.50.192.137 - - [15/Oct/2014:08:56:31 -0500] "POST /forms/lservlet;jsessionid=ac16012b30d53c3fd5d2976e40ea8333ea0525b72121.e3iSbxaKaheRe34Sa3yKbhiTahb0n6jAmljGr5XDqQLvpAe HTTP/1.1" 200 7
201.245.192.253 - - [15/Oct/2014:08:56:31 -0500] "POST /isolucionsda/FiltroNotaMejora.asp HTTP/1.1" 200 33875
190.60.237.90 - - [15/Oct/2014:08:56:31 -0500] "GET /BLA/boletinlegal/consulta.php?menu=publicidad HTTP/1.1" 200 19434
190.60.237.90 - - [15/Oct/2014:08:56:33 -0500] "GET /BLA/boletinlegal/consulta.php?menu=publicidad HTTP/1.1" 200 19434
181.50.192.137 - - [15/Oct/2014:08:56:32 -0500] "POST /forms/lservlet;jsessionid=ac16012b30d53c3fd5d2976e40ea8333ea0525b72121.e3iSbxaKaheRe34Sa3yKbhiTahb0n6jAmljGr5XDqQLvpAe HTTP/1.1" 200 64000
181.50.192.137 - - [15/Oct/2014:08:56:33 -0500] "POST /forms/lservlet;jsessionid=ac16012b30d53c3fd5d2976e40ea8333ea0525b72121.e3iSbxaKaheRe34Sa3yKbhiTahb0n6jAmljGr5XDqQLvpAe HTTP/1.1" 200 11099
181.50.192.137 - - [15/Oct/2014:08:56:33 -0500] "POST /forms/lservlet;jsessionid=ac16012b30d53c3fd5d2976e40ea8333ea0525b72121.e3iSbxaKaheRe34Sa3yKbhiTahb0n6jAmljGr5XDqQLvpAe HTTP/1.1" 200 109
201.245.192.253 - - [15/Oct/2014:08:56:34 -0500] "GET /forest/session.jsp?a=0.46391665611597566 HTTP/1.1" 200 4
181.50.192.137 - - [15/Oct/2014:08:56:35 -0500] "POST /forms/lservlet;jsessionid=ac16012b30d53c3fd5d2976e40ea8333ea0525b72121.e3iSbxaKaheRe34Sa3yKbhiTahb0n6jAmljGr5XDqQLvpAe HTTP/1.1" 200 2
201.245.192.253 - - [15/Oct/2014:08:56:35 -0500] "GET /forest/reportes.do?group_system_actual=5&_a=0.3435071816202253 HTTP/1.1" 302 -
181.50.192.137 - - [15/Oct/2014:08:56:35 -0500] "POST /forms/lservlet;jsessionid=ac16012b30d53c3fd5d2976e40ea8333ea0525b72121.e3iSbxaKaheRe34Sa3yKbhiTahb0n6jAmljGr5XDqQLvpAe HTTP/1.1" 200 248
201.245.192.253 - - [15/Oct/2014:08:56:35 -0500] "GET /forest/reportes.do?menu=1&group_system_actual=5 HTTP/1.1" 200 31267
181.50.192.137 - - [15/Oct/2014:08:56:35 -0500] "POST /forms/lservlet;jsessionid=ac16012b30d53c3fd5d2976e40ea8333ea0525b72121.e3iSbxaKaheRe34Sa3yKbhiTahb0n6jAmljGr5XDqQLvpAe HTTP/1.1" 200 2
201.245.192.253 - - [15/Oct/2014:08:56:36 -0500] "GET /forest/session.jsp?a=0.5026418422348797 HTTP/1.1" 200 4
181.50.192.137 - - [15/Oct/2014:08:56:36 -0500] "POST /forms/lservlet;jsessionid=ac16012b30d53c3fd5d2976e40ea8333ea0525b72121.e3iSbxaKaheRe34Sa3yKbhiTahb0n6jAmljGr5XDqQLvpAe HTTP/1.1" 200 2
181.50.192.137 - - [15/Oct/2014:08:56:36 -0500] "POST /forms/lservlet;jsessionid=ac16012b30d53c3fd5d2976e40ea8333ea0525b72121.e3iSbxaKaheRe34Sa3yKbhiTahb0n6jAmljGr5XDqQLvpAe HTTP/1.1" 200 260
201.245.192.253 - - [15/Oct/2014:08:56:35 -0500] "GET /forest/parameter?action=listRpts&a=0.027722910046577454 HTTP/1.1" 200 60036
181.50.192.137 - - [15/Oct/2014:08:56:38 -0500] "POST /forms/lservlet;jsessionid=ac16012b30d53c3fd5d2976e40ea8333ea0525b72121.e3iSbxaKaheRe34Sa3yKbhiTahb0n6jAmljGr5XDqQLvpAe HTTP/1.1" 200 2
181.50.192.137 - - [15/Oct/2014:08:56:38 -0500] "POST /forms/lservlet;jsessionid=ac16012b30d53c3fd5d2976e40ea8333ea0525b72121.e3iSbxaKaheRe34Sa3yKbhiTahb0n6jAmljGr5XDqQLvpAe HTTP/1.1" 200 75
201.245.192.253 - - [15/Oct/2014:08:56:38 -0500] "GET /forest/parameter?action=parametersReportMDX&id_rpt=261&currentTab=tab_presentacion&a=0.744260556763038 HTTP/1.1" 200 4227
181.50.192.137 - - [15/Oct/2014:08:56:38 -0500] "POST /forms/lservlet;jsessionid=ac16012b30d53c3fd5d2976e40ea8333ea0525b72121.e3iSbxaKaheRe34Sa3yKbhiTahb0n6jAmljGr5XDqQLvpAe HTTP/1.1" 200 2
181.50.192.137 - - [15/Oct/2014:08:56:39 -0500] "POST /forms/lservlet;jsessionid=ac16012b30d53c3fd5d2976e40ea8333ea0525b72121.e3iSbxaKaheRe34Sa3yKbhiTahb0n6jAmljGr5XDqQLvpAe HTTP/1.1" 200 2
201.245.192.253 - - [15/Oct/2014:08:56:39 -0500] "GET /forest/skins/gdocs-jar/popup/popup.jsp?width=1100&height=500&title=Buscar%20documentos&uri=/forest/buscar.do%3Ftype%3Ddocumentos&name=undefined&_a=0.9684325286336171&a=0.1355306999346051 HTTP/1.1" 200 1179
201.245.192.253 - - [15/Oct/2014:08:56:39 -0500] "GET /forest/buscar.do?type=documentos HTTP/1.1" 200 69775
181.50.192.137 - - [15/Oct/2014:08:56:39 -0500] "POST /forms/lservlet;jsessionid=ac16012b30d53c3fd5d2976e40ea8333ea0525b72121.e3iSbxaKaheRe34Sa3yKbhiTahb0n6jAmljGr5XDqQLvpAe HTTP/1.1" 200 1504
181.50.192.137 - - [15/Oct/2014:08:56:39 -0500] "POST /forms/lservlet;jsessionid=ac16012b30d53c3fd5d2976e40ea8333ea0525b72121.e3iSbxaKaheRe34Sa3yKbhiTahb0n6jAmljGr5XDqQLvpAe HTTP/1.1" 200 2
181.50.192.137 - - [15/Oct/2014:08:56:39 -0500] "POST /forms/lservlet;jsessionid=ac16012b30d53c3fd5d2976e40ea8333ea0525b72121.e3iSbxaKaheRe34Sa3yKbhiTahb0n6jAmljGr5XDqQLvpAe HTTP/1.1" 200 2
201.245.192.253 - - [15/Oct/2014:08:56:39 -0500] "GET /forest/buscar.do?type=documentos HTTP/1.1" 200 96537
201.245.192.253 - - [15/Oct/2014:08:56:39 -0500] "GET /forest/css/autocomplete.css?version=1408.271930 HTTP/1.1" 304 -
201.245.192.253 - - [15/Oct/2014:08:56:39 -0500] "GET /forest/js/dialog.js?version=1408.271930 HTTP/1.1" 304 -
201.245.192.253 - - [15/Oct/2014:08:56:39 -0500] "GET /forest/js/sarissa.js?version=1408.271930 HTTP/1.1" 304 -
201.245.192.253 - - [15/Oct/2014:08:56:39 -0500] "GET /forest/js/load_func.js?version=1408.271930 HTTP/1.1" 304 -
201.245.192.253 - - [15/Oct/2014:08:56:39 -0500] "GET /forest/js/escritorio/escritorio.js?version=1408.271930 HTTP/1.1" 304 -
201.245.192.253 - - [15/Oct/2014:08:56:39 -0500] "GET /forest/js/autocompletar2.js?version=1408.271930 HTTP/1.1" 304 -
201.245.192.253 - - [15/Oct/2014:08:56:39 -0500] "GET /forest/1ibre/protoaculous.js?version=1408.271930 HTTP/1.1" 304 -
201.245.192.253 - - [15/Oct/2014:08:56:39 -0500] "GET /forest/1ibre/jscalendar/calendar-setup.js?version=1408.271930 HTTP/1.1" 304 -
201.245.192.253 - - [15/Oct/2014:08:56:39 -0500] "GET /forest/1ibre/jscalendar/calendar.js?version=1408.271930 HTTP/1.1" 304 -
201.245.192.253 - - [15/Oct/2014:08:56:39 -0500] "GET /forest/1ibre/jscalendar/lang/calendar-es.js?version=1408.271930 HTTP/1.1" 304 -
201.245.192.253 - - [15/Oct/2014:08:56:39 -0500] "GET /forest/1ibre/1ibre.js?version=1408.271930 HTTP/1.1" 304 -
201.245.192.253 - - [15/Oct/2014:08:56:40 -0500] "GET /forest/json.do?query=usersByDep&coddep=7025 HTTP/1.1" 200 726
201.245.192.253 - - [15/Oct/2014:08:56:40 -0500] "GET /forest/json.do?query=usersByDep&coddep=7025 HTTP/1.1" 200 726
181.50.192.137 - - [15/Oct/2014:08:56:41 -0500] "POST /forms/lservlet;jsessionid=ac16012b30d53c3fd5d2976e40ea8333ea0525b72121.e3iSbxaKaheRe34Sa3yKbhiTahb0n6jAmljGr5XDqQLvpAe HTTP/1.1" 200 267
181.50.192.137 - - [15/Oct/2014:08:56:41 -0500] "POST /forms/lservlet;jsessionid=ac16012b30d53c3fd5d2976e40ea8333ea0525b72121.e3iSbxaKaheRe34Sa3yKbhiTahb0n6jAmljGr5XDqQLvpAe HTTP/1.1" 200 229
190.60.237.90 - - [15/Oct/2014:08:56:41 -0500] "GET /BLA/boletinlegal/images/arr_l.jpg HTTP/1.1" 200 1979
190.60.237.90 - - [15/Oct/2014:08:56:41 -0500] "GET /BLA/boletinlegal/images/screen_1.png HTTP/1.1" 200 202547
190.60.237.90 - - [15/Oct/2014:08:56:41 -0500] "GET /BLA/boletinlegal/images/launch.jpg HTTP/1.1" 200 14577
190.60.237.90 - - [15/Oct/2014:08:56:41 -0500] "GET /BLA/boletinlegal/images/screen_2.png HTTP/1.1" 200 362502
190.60.237.90 - - [15/Oct/2014:08:56:41 -0500] "GET /BLA/boletinlegal/images/screen_3.png HTTP/1.1" 200 211853
181.50.192.137 - - [15/Oct/2014:08:56:41 -0500] "POST /forms/lservlet;jsessionid=ac16012b30d53c3fd5d2976e40ea8333ea0525b72121.e3iSbxaKaheRe34Sa3yKbhiTahb0n6jAmljGr5XDqQLvpAe HTTP/1.1" 200 229
190.60.237.90 - - [15/Oct/2014:08:56:41 -0500] "GET /BLA/boletinlegal/images/screen_5.png HTTP/1.1" 200 368876
201.245.192.253 - - [15/Oct/2014:08:56:42 -0500] "POST /forest/parameter?action=runReportMDX&json=true&listdep=CODFUN&id_rpt=261&a=0.18271504645235837 HTTP/1.1" 200 63
190.60.237.90 - - [15/Oct/2014:08:56:42 -0500] "GET /BLA/boletinlegal/images/arr_r.jpg HTTP/1.1" 200 1998
181.50.192.137 - - [15/Oct/2014:08:56:42 -0500] "POST /forms/lservlet;jsessionid=ac16012b30d53c3fd5d2976e40ea8333ea0525b72121.e3iSbxaKaheRe34Sa3yKbhiTahb0n6jAmljGr5XDqQLvpAe HTTP/1.1" 200 271
201.245.192.253 - - [15/Oct/2014:08:56:43 -0500] "POST /forest/frameset? HTTP/1.1" 200 48695
181.50.192.137 - - [15/Oct/2014:08:56:43 -0500] "POST /forms/lservlet;jsessionid=ac16012b30d53c3fd5d2976e40ea8333ea0525b72121.e3iSbxaKaheRe34Sa3yKbhiTahb0n6jAmljGr5XDqQLvpAe HTTP/1.1" 200 37
201.245.192.253 - - [15/Oct/2014:08:56:43 -0500] "GET /forestReports/webcontent/birt/pages/common/processing.jsp?__rtl=false HTTP/1.1" 200 719
201.245.192.253 - - [15/Oct/2014:08:56:44 -0500] "GET /forestReports/webcontent/birt/pages/common/processing.jsp?__rtl=false HTTP/1.1" 200 719
201.245.192.253 - - [15/Oct/2014:08:56:44 -0500] "POST /forest/frameset?__toolbar=true&__report=forest%2Frpts%2F261.rptdesign&__app=forest&__format=&__sessionId=20141015_090136_771&__dpi=96 HTTP/1.1" 200 13027
201.245.192.253 - - [15/Oct/2014:08:56:44 -0500] "GET /forest/preview?__sessionId=20141015_090136_771&__imageid=file2793d5d71490ef731101670.gif HTTP/1.1" 200 4169
201.245.192.253 - - [15/Oct/2014:08:56:44 -0500] "GET /forest/preview?__sessionId=20141015_090136_771&__imageid=file2793d5d71490ef731101671.gif HTTP/1.1" 200 2367
181.50.192.137 - - [15/Oct/2014:08:56:44 -0500] "POST /forms/lservlet;jsessionid=ac16012b30d53c3fd5d2976e40ea8333ea0525b72121.e3iSbxaKaheRe34Sa3yKbhiTahb0n6jAmljGr5XDqQLvpAe HTTP/1.1" 200 7
181.50.192.137 - - [15/Oct/2014:08:56:45 -0500] "POST /forms/lservlet;jsessionid=ac16012b30d53c3fd5d2976e40ea8333ea0525b72121.e3iSbxaKaheRe34Sa3yKbhiTahb0n6jAmljGr5XDqQLvpAe HTTP/1.1" 200 30098
181.50.192.137 - - [15/Oct/2014:08:56:45 -0500] "POST /forms/lservlet;jsessionid=ac16012b30d53c3fd5d2976e40ea8333ea0525b72121.e3iSbxaKaheRe34Sa3yKbhiTahb0n6jAmljGr5XDqQLvpAe HTTP/1.1" 200 7
181.50.192.137 - - [15/Oct/2014:08:56:45 -0500] "POST /forms/lservlet;jsessionid=ac16012b30d53c3fd5d2976e40ea8333ea0525b72121.e3iSbxaKaheRe34Sa3yKbhiTahb0n6jAmljGr5XDqQLvpAe HTTP/1.1" 200 2
181.50.192.137 - - [15/Oct/2014:08:56:45 -0500] "POST /forms/lservlet;jsessionid=ac16012b30d53c3fd5d2976e40ea8333ea0525b72121.e3iSbxaKaheRe34Sa3yKbhiTahb0n6jAmljGr5XDqQLvpAe HTTP/1.1" 200 27
181.50.192.137 - - [15/Oct/2014:08:56:46 -0500] "POST /forms/lservlet;jsessionid=ac16012b30d53c3fd5d2976e40ea8333ea0525b72121.e3iSbxaKaheRe34Sa3yKbhiTahb0n6jAmljGr5XDqQLvpAe HTTP/1.1" 200 2
201.245.192.253 - - [15/Oct/2014:08:56:50 -0500] "POST /forest/buscar.do? HTTP/1.1" 200 5890
201.245.192.253 - - [15/Oct/2014:08:56:53 -0500] "POST /isolucionsda/FiltroNotaMejora.asp HTTP/1.1" 200 34804
190.60.237.90 - - [15/Oct/2014:08:56:53 -0500] "GET /BLA/boletinlegal/images/pdf.gif HTTP/1.1" 200 567
186.86.227.168 - - [15/Oct/2014:08:56:54 -0500] "GET /BLA/boletinlegal/js/jquery.js HTTP/1.1" 200 57254
186.86.227.168 - - [15/Oct/2014:08:56:54 -0500] "GET /BLA/boletinlegal/js/jquery.scrollTo-min.js HTTP/1.1" 200 1150
181.50.192.137 - - [15/Oct/2014:08:56:55 -0500] "POST /forms/lservlet;jsessionid=ac16012b30d53c3fd5d2976e40ea8333ea0525b72121.e3iSbxaKaheRe34Sa3yKbhiTahb0n6jAmljGr5XDqQLvpAe HTTP/1.1" 200 102
181.50.192.137 - - [15/Oct/2014:08:56:55 -0500] "POST /forms/lservlet;jsessionid=ac16012b30d53c3fd5d2976e40ea8333ea0525b72121.e3iSbxaKaheRe34Sa3yKbhiTahb0n6jAmljGr5XDqQLvpAe HTTP/1.1" 200 74
186.86.227.168 - - [15/Oct/2014:08:56:56 -0500] "GET /BLA/boletinlegal/js/jquery.scrollShow.js HTTP/1.1" 200 4586
181.50.192.137 - - [15/Oct/2014:08:56:56 -0500] "POST /forms/lservlet;jsessionid=ac16012b30d53c3fd5d2976e40ea8333ea0525b72121.e3iSbxaKaheRe34Sa3yKbhiTahb0n6jAmljGr5XDqQLvpAe HTTP/1.1" 200 7
66.249.65.115 - - [15/Oct/2014:08:56:57 -0500] "GET /BLA/resoluciones/AUTOS%202009/0477.pdf HTTP/1.1" 200 433781
181.50.192.137 - - [15/Oct/2014:08:56:57 -0500] "POST /forms/lservlet;jsessionid=ac16012b30d53c3fd5d2976e40ea8333ea0525b72121.e3iSbxaKaheRe34Sa3yKbhiTahb0n6jAmljGr5XDqQLvpAe HTTP/1.1" 200 64000
190.84.56.157 - - [15/Oct/2014:08:56:58 -0500] "POST /forms/lservlet;jsessionid=ac16012b30d567df56f0bf0f493b8e2b928ce0c690ef.e3iSbxaKaheRe34Sa3yKbhiTahb0n6jAmljGr5XDqQLvpAe HTTP/1.1" 200 2
181.50.192.137 - - [15/Oct/2014:08:56:58 -0500] "POST /forms/lservlet;jsessionid=ac16012b30d53c3fd5d2976e40ea8333ea0525b72121.e3iSbxaKaheRe34Sa3yKbhiTahb0n6jAmljGr5XDqQLvpAe HTTP/1.1" 200 11678
181.50.192.137 - - [15/Oct/2014:08:56:58 -0500] "POST /forms/lservlet;jsessionid=ac16012b30d53c3fd5d2976e40ea8333ea0525b72121.e3iSbxaKaheRe34Sa3yKbhiTahb0n6jAmljGr5XDqQLvpAe HTTP/1.1" 200 109
190.60.237.90 - - [15/Oct/2014:08:57:00 -0500] "GET /autoliquidacion HTTP/1.1" 301 310
190.60.237.90 - - [15/Oct/2014:08:57:00 -0500] "GET /autoliquidacion/ HTTP/1.1" 200 6375
190.60.237.90 - - [15/Oct/2014:08:57:00 -0500] "GET /autoliquidacion/dlf/folder.png HTTP/1.1" 200 410
190.60.237.90 - - [15/Oct/2014:08:57:00 -0500] "GET /autoliquidacion/dlf/styles.css HTTP/1.1" 200 3045
190.60.237.90 - - [15/Oct/2014:08:57:00 -0500] "GET /autoliquidacion/dlf/bg.gif HTTP/1.1" 200 54
181.50.192.137 - - [15/Oct/2014:08:57:00 -0500] "POST /forms/lservlet;jsessionid=ac16012b30d53c3fd5d2976e40ea8333ea0525b72121.e3iSbxaKaheRe34Sa3yKbhiTahb0n6jAmljGr5XDqQLvpAe HTTP/1.1" 200 2
181.50.192.137 - - [15/Oct/2014:08:57:00 -0500] "POST /forms/lservlet;jsessionid=ac16012b30d53c3fd5d2976e40ea8333ea0525b72121.e3iSbxaKaheRe34Sa3yKbhiTahb0n6jAmljGr5XDqQLvpAe HTTP/1.1" 200 248
181.50.192.137 - - [15/Oct/2014:08:57:00 -0500] "POST /forms/lservlet;jsessionid=ac16012b30d53c3fd5d2976e40ea8333ea0525b72121.e3iSbxaKaheRe34Sa3yKbhiTahb0n6jAmljGr5XDqQLvpAe HTTP/1.1" 200 2
181.50.192.137 - - [15/Oct/2014:08:57:01 -0500] "POST /forms/lservlet;jsessionid=ac16012b30d53c3fd5d2976e40ea8333ea0525b72121.e3iSbxaKaheRe34Sa3yKbhiTahb0n6jAmljGr5XDqQLvpAe HTTP/1.1" 200 260
186.29.172.183 - - [15/Oct/2014:08:57:01 -0500] "POST /forms/lservlet;jsessionid=ac16012b30d56f88d85a8f774ef4a95caa0afe9ee402.e3iSbxaKaheRe34Sa3yKbhiTahb0n6jAmljGr5XDqQLvpAe HTTP/1.1" 200 2
181.50.192.137 - - [15/Oct/2014:08:57:02 -0500] "POST /forms/lservlet;jsessionid=ac16012b30d53c3fd5d2976e40ea8333ea0525b72121.e3iSbxaKaheRe34Sa3yKbhiTahb0n6jAmljGr5XDqQLvpAe HTTP/1.1" 200 2
181.50.192.137 - - [15/Oct/2014:08:57:02 -0500] "POST /forms/lservlet;jsessionid=ac16012b30d53c3fd5d2976e40ea8333ea0525b72121.e3iSbxaKaheRe34Sa3yKbhiTahb0n6jAmljGr5XDqQLvpAe HTTP/1.1" 200 75
190.60.237.90 - - [15/Oct/2014:08:57:02 -0500] "GET /autoliquidacion/index.php?dir=Solicitudes+relacionadas+con+calidad+del+aire+auditiva+y+visual%2F HTTP/1.1" 200 5748
190.60.237.90 - - [15/Oct/2014:08:57:02 -0500] "GET /autoliquidacion/dlf/dirup.png HTTP/1.1" 200 644
181.50.192.137 - - [15/Oct/2014:08:57:02 -0500] "POST /forms/lservlet;jsessionid=ac16012b30d53c3fd5d2976e40ea8333ea0525b72121.e3iSbxaKaheRe34Sa3yKbhiTahb0n6jAmljGr5XDqQLvpAe HTTP/1.1" 200 2
181.50.192.137 - - [15/Oct/2014:08:57:03 -0500] "POST /forms/lservlet;jsessionid=ac16012b30d53c3fd5d2976e40ea8333ea0525b72121.e3iSbxaKaheRe34Sa3yKbhiTahb0n6jAmljGr5XDqQLvpAe HTTP/1.1" 200 1504
181.50.192.137 - - [15/Oct/2014:08:57:03 -0500] "POST /forms/lservlet;jsessionid=ac16012b30d53c3fd5d2976e40ea8333ea0525b72121.e3iSbxaKaheRe34Sa3yKbhiTahb0n6jAmljGr5XDqQLvpAe HTTP/1.1" 200 2
181.50.192.137 - - [15/Oct/2014:08:57:03 -0500] "POST /forms/lservlet;jsessionid=ac16012b30d53c3fd5d2976e40ea8333ea0525b72121.e3iSbxaKaheRe34Sa3yKbhiTahb0n6jAmljGr5XDqQLvpAe HTTP/1.1" 200 2
190.25.143.192 - - [15/Oct/2014:08:57:03 -0500] "GET /forest/login.do HTTP/1.1" 200 12365
66.249.65.115 - - [15/Oct/2014:08:57:04 -0500] "GET /BLA/resoluciones/RESOLUCIONES%202009/2149.pdf HTTP/1.1" 200 480247
190.60.237.90 - - [15/Oct/2014:08:57:05 -0500] "GET /autoliquidacion/index.php?dir=Solicitudes+relacionadas+con+calidad+del+aire+auditiva+y+visual%2FRegistro+de+Elementos+de+publicidad+Exterior+Visual%2F HTTP/1.1" 200 4038
190.60.237.90 - - [15/Oct/2014:08:57:05 -0500] "GET /autoliquidacion/dlf/xls.gif HTTP/1.1" 200 636
190.60.237.90 - - [15/Oct/2014:08:57:05 -0500] "GET /autoliquidacion/dlf/pdf.gif HTTP/1.1" 200 272
181.50.192.137 - - [15/Oct/2014:08:57:05 -0500] "POST /forms/lservlet;jsessionid=ac16012b30d53c3fd5d2976e40ea8333ea0525b72121.e3iSbxaKaheRe34Sa3yKbhiTahb0n6jAmljGr5XDqQLvpAe HTTP/1.1" 200 328
186.84.7.142 - - [15/Oct/2014:08:57:07 -0500] "GET /BLA/boletinlegal/js/jquery.js HTTP/1.1" 200 57254
186.84.7.142 - - [15/Oct/2014:08:57:07 -0500] "GET /galeria/carrusel/Carrusel/jquery.thumbnailScroller.js HTTP/1.1" 200 8157
186.84.7.142 - - [15/Oct/2014:08:57:07 -0500] "GET /BLA/boletinlegal/js/jquery.scrollShow.js HTTP/1.1" 200 4586
186.84.7.142 - - [15/Oct/2014:08:57:07 -0500] "GET /BLA/boletinlegal/js/jquery.scrollTo-min.js HTTP/1.1" 200 1150
186.84.7.142 - - [15/Oct/2014:08:57:07 -0500] "GET /galeria/carrusel/Carrusel/jquery.thumbnailScroller.css HTTP/1.1" 200 2066
186.84.7.142 - - [15/Oct/2014:08:57:07 -0500] "GET /galeria/carrusel/Carrusel/jquery-ui-1.8.13.custom.min.js HTTP/1.1" 200 10800
190.60.237.90 - - [15/Oct/2014:08:57:08 -0500] "GET /autoliquidacion/Solicitudes%20relacionadas%20con%20calidad%20del%20aire%20auditiva%20y%20visual/Registro%20de%20Elementos%20de%20publicidad%20Exterior%20Visual/126pm04-pr16-f-a20-1%20Lista%20de%20Chequeo.xls HTTP/1.1" 200 114176
190.60.237.90 - - [15/Oct/2014:08:56:41 -0500] "GET /BLA/boletinlegal/index.php HTTP/1.1" 200 32271
186.84.7.142 - - [15/Oct/2014:08:57:11 -0500] "GET /galeria/nivo-slider/demo/demo.html HTTP/1.1" 200 3169
186.84.7.142 - - [15/Oct/2014:08:57:11 -0500] "GET /galeria/nivo-slider/themes/pascal/pascal.css HTTP/1.1" 200 2258
186.84.7.142 - - [15/Oct/2014:08:57:11 -0500] "GET /galeria/nivo-slider/nivo-slider.css HTTP/1.1" 200 1507
186.84.7.142 - - [15/Oct/2014:08:57:11 -0500] "GET /galeria/nivo-slider/themes/orman/orman.css HTTP/1.1" 200 2152
186.84.7.142 - - [15/Oct/2014:08:57:11 -0500] "GET /galeria/nivo-slider/demo/style.css HTTP/1.1" 200 2222
186.84.7.142 - - [15/Oct/2014:08:57:11 -0500] "GET /galeria/nivo-slider/themes/default/default.css HTTP/1.1" 200 1569
186.84.7.142 - - [15/Oct/2014:08:57:11 -0500] "GET /galeria/nivo-slider/demo/scripts/jquery-1.7.1.min.js HTTP/1.1" 200 93868
186.84.7.142 - - [15/Oct/2014:08:57:11 -0500] "GET /galeria/nivo-slider/jquery.nivo.slider.pack.js HTTP/1.1" 200 11561
190.60.237.90 - - [15/Oct/2014:08:57:12 -0500] "GET /autoliquidacion/Solicitudes%20relacionadas%20con%20calidad%20del%20aire%20auditiva%20y%20visual/Registro%20de%20Elementos%20de%20publicidad%20Exterior%20Visual/126pm04-pr16-f-a301%20Formato%20Solicitud%20de%20registro.xls HTTP/1.1" 200 3573248
186.84.7.142 - - [15/Oct/2014:08:57:12 -0500] "GET /galeria/nivo-slider/demo/images/EncuentroAgua1.jpg HTTP/1.1" 200 274179
186.84.7.142 - - [15/Oct/2014:08:57:12 -0500] "GET /galeria/nivo-slider/demo/images/Tingua-azul.jpg HTTP/1.1" 200 307638
186.84.7.142 - - [15/Oct/2014:08:57:12 -0500] "GET /galeria/nivo-slider/demo/images/9Signos.jpg HTTP/1.1" 200 93040
186.84.7.142 - - [15/Oct/2014:08:57:12 -0500] "GET /galeria/nivo-slider/demo/images/Banner-Caracol-Africano.jpg HTTP/1.1" 200 331986
186.84.7.142 - - [15/Oct/2014:08:57:12 -0500] "GET /galeria/nivo-slider/demo/images/4Simple_Slider.png HTTP/1.1" 200 11722
186.84.7.142 - - [15/Oct/2014:08:57:12 -0500] "GET /galeria/nivo-slider/themes/default/loading.gif HTTP/1.1" 200 1737
186.84.7.142 - - [15/Oct/2014:08:57:12 -0500] "GET /galeria/nivo-slider/demo/images/banner-encuesta.jpg HTTP/1.1" 200 42764
190.25.143.192 - - [15/Oct/2014:08:57:12 -0500] "POST /forest/login.do HTTP/1.1" 302 -
190.25.143.192 - - [15/Oct/2014:08:57:13 -0500] "GET /forest/img/inicio.jpg HTTP/1.1" 200 897
190.25.143.192 - - [15/Oct/2014:08:57:13 -0500] "GET /forest/img/users/3.gif HTTP/1.1" 200 1513
190.25.143.192 - - [15/Oct/2014:08:57:13 -0500] "GET /forest/img/users/5.gif HTTP/1.1" 200 1507
190.25.143.192 - - [15/Oct/2014:08:57:13 -0500] "GET /forest/img/users/7.gif HTTP/1.1" 200 1631
190.25.143.192 - - [15/Oct/2014:08:57:13 -0500] "GET /forest/img/download_large.gif HTTP/1.1" 200 203
190.25.143.192 - - [15/Oct/2014:08:57:13 -0500] "GET /forest/img/buscar.jpg HTTP/1.1" 200 736
190.25.143.192 - - [15/Oct/2014:08:57:13 -0500] "GET /forest/img/salir3.gif HTTP/1.1" 200 1271
190.25.143.192 - - [15/Oct/2014:08:57:13 -0500] "GET /forest/img/ayuda.gif HTTP/1.1" 200 716
190.25.143.192 - - [15/Oct/2014:08:57:13 -0500] "GET /forest/skins/gdocs-jar/css/tree.css HTTP/1.1" 200 223
190.25.143.192 - - [15/Oct/2014:08:57:13 -0500] "GET /forest/index2.jsp?a=0.9651130060770142 HTTP/1.1" 200 35927
186.84.7.142 - - [15/Oct/2014:08:57:13 -0500] "GET /galeria/nivo-slider/demo/images/banner-llantas2.jpg HTTP/1.1" 200 73153
190.25.143.192 - - [15/Oct/2014:08:57:13 -0500] "GET /forest/skins/gdocs-jar/css/autocomplete.css HTTP/1.1" 200 1620
190.25.143.192 - - [15/Oct/2014:08:57:13 -0500] "GET /forest/skins/gdocs-jar/js/xml_utilities.js?version=1408.271930 HTTP/1.1" 200 2433
190.25.143.192 - - [15/Oct/2014:08:57:13 -0500] "GET /forest/js/inicio.js?version=1408.271930 HTTP/1.1" 200 2303
190.25.143.192 - - [15/Oct/2014:08:57:13 -0500] "GET /forest/skins/gdocs-jar/js/misprocesos.js?version=1408.271930 HTTP/1.1" 200 5890
190.25.143.192 - - [15/Oct/2014:08:57:13 -0500] "GET /forest/img/pantalla.gif HTTP/1.1" 200 1407
190.25.143.192 - - [15/Oct/2014:08:57:13 -0500] "GET /forest/img/notify.gif HTTP/1.1" 200 746
190.25.143.192 - - [15/Oct/2014:08:57:13 -0500] "GET /forest/img/buscar_documentos.gif HTTP/1.1" 200 674
190.25.143.192 - - [15/Oct/2014:08:57:13 -0500] "GET /forest/img/fondo-barra.gif HTTP/1.1" 200 282
186.84.7.142 - - [15/Oct/2014:08:57:13 -0500] "GET /galeria/nivo-slider/demo/images/banner-caballos.png HTTP/1.1" 200 389106
190.25.143.192 - - [15/Oct/2014:08:57:13 -0500] "GET /forest/img/buscar_procesos.gif HTTP/1.1" 200 158
186.84.7.142 - - [15/Oct/2014:08:57:13 -0500] "GET /galeria/nivo-slider/demo/images/ConstructorasFNL.jpg HTTP/1.1" 200 216551
190.25.143.192 - - [15/Oct/2014:08:57:13 -0500] "GET /forest/img/panel/menu/add.png HTTP/1.1" 200 4044
190.25.143.192 - - [15/Oct/2014:08:57:13 -0500] "GET /forest/img/panel/menu/folder.png HTTP/1.1" 200 1382
190.25.143.192 - - [15/Oct/2014:08:57:13 -0500] "GET /forest/img/panel/menu/hoy.png HTTP/1.1" 200 1215
190.25.143.192 - - [15/Oct/2014:08:57:13 -0500] "GET /forest/img/panel/menu/danger2.png HTTP/1.1" 200 1358
190.25.143.192 - - [15/Oct/2014:08:57:13 -0500] "GET /forest/img/instanciar.gif HTTP/1.1" 200 1589
190.25.143.192 - - [15/Oct/2014:08:57:13 -0500] "GET /forest/skins/gdocs-jar/img/cancel.gif HTTP/1.1" 200 77
190.25.143.192 - - [15/Oct/2014:08:57:13 -0500] "GET /forest/img/misdocumentos.gif HTTP/1.1" 200 545
190.25.143.192 - - [15/Oct/2014:08:57:13 -0500] "GET /forest/skins/gdocs-jar/img/icons/pdf.gif HTTP/1.1" 200 230
190.25.143.192 - - [15/Oct/2014:08:57:13 -0500] "GET /forest/img/misactividades.gif HTTP/1.1" 200 1798
190.25.143.192 - - [15/Oct/2014:08:57:13 -0500] "GET /forest/skins/gdocs-jar/js/autocompletar2.js?version=1408.271930 HTTP/1.1" 200 24397
190.25.143.192 - - [15/Oct/2014:08:57:14 -0500] "GET /forest/session.jsp?a=0.7879705021623522 HTTP/1.1" 200 4
186.84.7.142 - - [15/Oct/2014:08:57:15 -0500] "GET /galeria/nivo-slider/demo/images/Hacienda_Molinos.jpg HTTP/1.1" 200 319171
190.60.237.90 - - [15/Oct/2014:08:57:15 -0500] "GET /autoliquidacion/Solicitudes%20relacionadas%20con%20calidad%20del%20aire%20auditiva%20y%20visual/Registro%20de%20Elementos%20de%20publicidad%20Exterior%20Visual/Aplicativo%20PEV%202014.xls HTTP/1.1" 200 146944
186.84.7.142 - - [15/Oct/2014:08:57:15 -0500] "GET /galeria/nivo-slider/demo/images/bannerEcolecta3.jpg HTTP/1.1" 200 280034
186.84.7.142 - - [15/Oct/2014:08:57:17 -0500] "GET /galeria/nivo-slider/themes/default/arrows.png HTTP/1.1" 200 824
186.84.7.142 - - [15/Oct/2014:08:57:17 -0500] "GET /galeria/nivo-slider/themes/default/bullets.png HTTP/1.1" 200 1281
186.84.7.142 - - [15/Oct/2014:08:57:17 -0500] "GET /videos/Spot_Tinguas.flv HTTP/1.1" 200 2087054
201.245.192.253 - - [15/Oct/2014:08:51:22 -0500] "GET /ForestMSG_SDA/channelAsync/template_word_16660772?X-Atmosphere-tracking-id=f1562016-f074-a93d-0463-91e45dca98b9&X-Atmosphere-Framework=1.0.5&X-Atmosphere-Transport=long-polling&tabid=0.9366233645913772&X-Cache-Date=0&Content-Type=application/xml&_=1413381248102 HTTP/1.1" 200 8193
186.30.95.113 - - [15/Oct/2014:08:57:26 -0500] "POST /forms/lservlet;jsessionid=ac16012b30d56cf194c0d6e6461a9e24aaf26668d73e.e3iSbxaKaheRe34Sa3yKbhiTahb0n6jAmljGr5XDqQLvpAe HTTP/1.1" 200 2
201.245.192.253 - - [15/Oct/2014:08:57:19 -0500] "GET /forest/documentos/1930632/2014ER160251.pdf HTTP/1.1" 200 778069
186.30.95.113 - - [15/Oct/2014:08:57:27 -0500] "POST /forest/usudocumentos.do HTTP/1.1" 200 1244
201.245.192.253 - - [15/Oct/2014:08:57:29 -0500] "GET /galeria/nivo-slider/themes/default/default.css HTTP/1.1" 304 -
201.245.192.253 - - [15/Oct/2014:08:57:29 -0500] "GET /galeria/nivo-slider/nivo-slider.css HTTP/1.1" 304 -
201.245.192.253 - - [15/Oct/2014:08:57:29 -0500] "GET /galeria/nivo-slider/themes/orman/orman.css HTTP/1.1" 304 -
201.245.192.253 - - [15/Oct/2014:08:57:29 -0500] "GET /galeria/nivo-slider/themes/pascal/pascal.css HTTP/1.1" 304 -
201.245.192.253 - - [15/Oct/2014:08:57:29 -0500] "GET /galeria/nivo-slider/demo/style.css HTTP/1.1" 304 -
201.245.192.253 - - [15/Oct/2014:08:57:29 -0500] "GET /galeria/nivo-slider/demo/images/ConstructorasFNL.jpg HTTP/1.1" 304 -
201.245.192.253 - - [15/Oct/2014:08:57:29 -0500] "GET /galeria/nivo-slider/demo/scripts/jquery-1.7.1.min.js HTTP/1.1" 304 -
201.245.192.253 - - [15/Oct/2014:08:57:29 -0500] "GET /galeria/nivo-slider/demo/images/Hacienda_Molinos.jpg HTTP/1.1" 304 -
201.245.192.253 - - [15/Oct/2014:08:57:29 -0500] "GET /galeria/nivo-slider/demo/images/banner-llantas2.jpg HTTP/1.1" 304 -
201.245.192.253 - - [15/Oct/2014:08:57:29 -0500] "GET /galeria/nivo-slider/demo/images/9Signos.jpg HTTP/1.1" 304 -
201.245.192.253 - - [15/Oct/2014:08:57:29 -0500] "GET /galeria/nivo-slider/demo/images/banner-caballos.png HTTP/1.1" 304 -
201.245.192.253 - - [15/Oct/2014:08:57:29 -0500] "GET /galeria/nivo-slider/jquery.nivo.slider.pack.js HTTP/1.1" 304 -
201.245.192.253 - - [15/Oct/2014:08:57:29 -0500] "GET /galeria/nivo-slider/demo/images/banner-encuesta.jpg HTTP/1.1" 304 -
201.245.192.253 - - [15/Oct/2014:08:57:30 -0500] "GET /galeria/nivo-slider/themes/default/loading.gif HTTP/1.1" 304 -
201.245.192.253 - - [15/Oct/2014:08:57:30 -0500] "GET /galeria/nivo-slider/demo/images/4Simple_Slider.png HTTP/1.1" 304 -
201.245.192.253 - - [15/Oct/2014:08:57:31 -0500] "GET /galeria/nivo-slider/themes/default/arrows.png HTTP/1.1" 304 -
201.245.192.253 - - [15/Oct/2014:08:57:31 -0500] "GET /galeria/nivo-slider/themes/default/bullets.png HTTP/1.1" 304 -
190.60.237.90 - - [15/Oct/2014:08:57:03 -0500] "GET /BLA/boletinlegal/index.php HTTP/1.1" 200 33482
66.249.65.119 - - [15/Oct/2014:08:57:39 -0500] "GET /BLA/resoluciones/RESOLUCIONES%202009/9421.pdf HTTP/1.1" 200 474148
201.245.192.253 - - [15/Oct/2014:08:57:41 -0500] "POST /forest/parameter HTTP/1.1" 200 4372
201.245.192.253 - - [15/Oct/2014:08:57:43 -0500] "GET /forest/reportes.do?group_system_actual=5&_a=0.6607622723095119 HTTP/1.1" 302 -
201.245.192.253 - - [15/Oct/2014:08:57:44 -0500] "GET /forest/reportes.do?menu=1&group_system_actual=5 HTTP/1.1" 200 31267
201.245.192.253 - - [15/Oct/2014:08:57:44 -0500] "GET /forest/session.jsp?a=0.9102796374354511 HTTP/1.1" 200 4
201.245.192.253 - - [15/Oct/2014:08:57:44 -0500] "GET /forest/parameter?action=listRpts&a=0.9339386872015893 HTTP/1.1" 200 60036
181.132.225.215 - - [15/Oct/2014:08:57:45 -0500] "GET /BLA/resoluciones/RESOLUCIONES%202010/2838.pdf HTTP/1.1" 200 533685
181.132.225.215 - - [15/Oct/2014:08:57:46 -0500] "GET /BLA/resoluciones/RESOLUCIONES%202010/2838.pdf HTTP/1.1" 206 32768
181.132.225.215 - - [15/Oct/2014:08:57:46 -0500] "GET /BLA/resoluciones/RESOLUCIONES%202010/2838.pdf HTTP/1.1" 206 500917
201.245.192.253 - - [15/Oct/2014:08:57:46 -0500] "GET /forest/parameter?action=parametersReportMDX&id_rpt=117&currentTab=tab_presentacion&a=0.7761454426217824 HTTP/1.1" 200 6434
181.132.225.215 - - [15/Oct/2014:08:57:48 -0500] "GET /favicon.ico HTTP/1.1" 200 7782
180.76.6.57 - - [15/Oct/2014:08:57:49 -0500] "GET /BLA/resoluciones/AUTOS%202007/1141.pdf HTTP/1.1" 200 27554
201.245.192.253 - - [15/Oct/2014:08:57:52 -0500] "GET /forest/session.jsp?a=0.019881688191369373 HTTP/1.1" 200 4
181.50.192.137 - - [15/Oct/2014:08:57:58 -0500] "POST /forms/lservlet;jsessionid=ac16012b30d53c3fd5d2976e40ea8333ea0525b72121.e3iSbxaKaheRe34Sa3yKbhiTahb0n6jAmljGr5XDqQLvpAe HTTP/1.1" 200 2
74.86.158.107 - - [15/Oct/2014:08:58:05 -0500] "HEAD / HTTP/1.1" 302 -
201.245.192.253 - - [15/Oct/2014:08:58:05 -0500] "GET /galeria/nivo-slider/demo/images/banner-caballos.png HTTP/1.1" 304 -
201.245.192.253 - - [15/Oct/2014:08:55:07 -0500] "GET /ForestMSG_SDA/channelAsync/template_word_16660844?X-Atmosphere-tracking-id=eb6c5da8-0c4c-e3e8-b6b9-80a2854bfdfa&X-Atmosphere-Framework=1.0.5&X-Atmosphere-Transport=long-polling&tabid=0.6990105283048299&X-Cache-Date=0&Content-Type=application/xml&_=1413381472958 HTTP/1.1" 200 8193
66.249.65.123 - - [15/Oct/2014:08:58:15 -0500] "GET /BLA/resoluciones/AUTOS%202010/0189.pdf HTTP/1.1" 200 266465
200.26.154.131 - - [15/Oct/2014:08:58:20 -0500] "GET /galeria/nivo-slider/demo/demo.html HTTP/1.1" 304 -
200.26.154.131 - - [15/Oct/2014:08:58:22 -0500] "GET /galeria/nivo-slider/demo/images/EncuentroAgua1.jpg HTTP/1.1" 304 -
200.26.154.131 - - [15/Oct/2014:08:58:22 -0500] "GET /galeria/nivo-slider/demo/images/4Simple_Slider.png HTTP/1.1" 200 11722
200.26.154.131 - - [15/Oct/2014:08:58:22 -0500] "GET /galeria/nivo-slider/demo/images/Hacienda_Molinos.jpg HTTP/1.1" 206 1
200.26.154.131 - - [15/Oct/2014:08:58:22 -0500] "GET /galeria/nivo-slider/demo/images/bannerEcolecta3.jpg HTTP/1.1" 206 1
200.26.154.131 - - [15/Oct/2014:08:58:22 -0500] "GET /galeria/nivo-slider/demo/images/bannerEcolecta3.jpg HTTP/1.1" 206 55909
200.26.154.131 - - [15/Oct/2014:08:58:22 -0500] "GET /galeria/nivo-slider/demo/images/Hacienda_Molinos.jpg HTTP/1.1" 206 138374
66.249.65.123 - - [15/Oct/2014:08:58:22 -0500] "GET /BLA/resoluciones/RESOLUCIONES%202008/4314.pdf HTTP/1.1" 200 213295
200.26.154.131 - - [15/Oct/2014:08:58:23 -0500] "GET /videos/Spot_Tinguas.flv HTTP/1.1" 206 1
200.26.154.131 - - [15/Oct/2014:08:58:23 -0500] "GET /videos/Spot_Tinguas.flv HTTP/1.1" 206 1823331
190.60.251.178 - - [15/Oct/2014:08:58:27 -0500] "GET /BLA/boletinlegal/js/jquery.scrollTo-min.js HTTP/1.1" 200 1150
190.60.251.178 - - [15/Oct/2014:08:58:27 -0500] "GET /BLA/boletinlegal/js/jquery.js HTTP/1.1" 200 57254
190.60.251.178 - - [15/Oct/2014:08:58:27 -0500] "GET /BLA/boletinlegal/js/jquery.scrollShow.js HTTP/1.1" 200 4586
190.60.251.178 - - [15/Oct/2014:08:58:40 -0500] "GET /galeria/carrusel/Carrusel/jquery-ui-1.8.13.custom.min.js HTTP/1.1" 200 10800
190.60.251.178 - - [15/Oct/2014:08:58:40 -0500] "GET /galeria/carrusel/Carrusel/jquery.thumbnailScroller.css HTTP/1.1" 200 2066
190.60.251.178 - - [15/Oct/2014:08:58:40 -0500] "GET /galeria/carrusel/Carrusel/jquery.thumbnailScroller.js HTTP/1.1" 200 8157
190.60.251.178 - - [15/Oct/2014:08:58:41 -0500] "GET /galeria/nivo-slider/demo/demo.html HTTP/1.1" 200 3169
190.60.251.178 - - [15/Oct/2014:08:58:41 -0500] "GET /galeria/nivo-slider/themes/default/default.css HTTP/1.1" 200 1569
190.60.251.178 - - [15/Oct/2014:08:58:41 -0500] "GET /galeria/nivo-slider/themes/pascal/pascal.css HTTP/1.1" 200 2258
190.60.251.178 - - [15/Oct/2014:08:58:41 -0500] "GET /galeria/nivo-slider/themes/orman/orman.css HTTP/1.1" 200 2152
190.60.251.178 - - [15/Oct/2014:08:58:41 -0500] "GET /galeria/nivo-slider/nivo-slider.css HTTP/1.1" 200 1507
190.60.251.178 - - [15/Oct/2014:08:58:41 -0500] "GET /galeria/nivo-slider/demo/style.css HTTP/1.1" 200 2222
190.60.251.178 - - [15/Oct/2014:08:58:41 -0500] "GET /galeria/nivo-slider/demo/images/EncuentroAgua1.jpg HTTP/1.1" 200 274179
190.60.251.178 - - [15/Oct/2014:08:58:41 -0500] "GET /galeria/nivo-slider/demo/scripts/jquery-1.7.1.min.js HTTP/1.1" 200 93868
190.60.251.178 - - [15/Oct/2014:08:58:41 -0500] "GET /galeria/nivo-slider/jquery.nivo.slider.pack.js HTTP/1.1" 200 11561
190.60.251.178 - - [15/Oct/2014:08:58:41 -0500] "GET /galeria/nivo-slider/demo/images/Tingua-azul.jpg HTTP/1.1" 200 307638
190.60.251.178 - - [15/Oct/2014:08:58:41 -0500] "GET /galeria/nivo-slider/demo/images/Banner-Caracol-Africano.jpg HTTP/1.1" 200 331986
190.60.251.178 - - [15/Oct/2014:08:58:41 -0500] "GET /galeria/nivo-slider/demo/images/9Signos.jpg HTTP/1.1" 200 93040
190.60.251.178 - - [15/Oct/2014:08:58:41 -0500] "GET /galeria/nivo-slider/demo/images/4Simple_Slider.png HTTP/1.1" 200 11722
190.60.251.178 - - [15/Oct/2014:08:58:41 -0500] "GET /galeria/nivo-slider/themes/default/loading.gif HTTP/1.1" 200 1737
190.60.251.178 - - [15/Oct/2014:08:58:41 -0500] "GET /galeria/nivo-slider/demo/images/banner-encuesta.jpg HTTP/1.1" 200 42764
190.60.251.178 - - [15/Oct/2014:08:58:41 -0500] "GET /galeria/nivo-slider/demo/images/banner-llantas2.jpg HTTP/1.1" 200 73153
190.60.251.178 - - [15/Oct/2014:08:58:41 -0500] "GET /galeria/nivo-slider/demo/images/banner-caballos.png HTTP/1.1" 200 389106
190.60.251.178 - - [15/Oct/2014:08:58:41 -0500] "GET /galeria/nivo-slider/demo/images/ConstructorasFNL.jpg HTTP/1.1" 200 216551
190.60.251.178 - - [15/Oct/2014:08:58:41 -0500] "GET /galeria/nivo-slider/demo/images/Hacienda_Molinos.jpg HTTP/1.1" 200 319171
190.60.251.178 - - [15/Oct/2014:08:58:42 -0500] "GET /galeria/nivo-slider/demo/images/bannerEcolecta3.jpg HTTP/1.1" 200 280034
190.60.251.178 - - [15/Oct/2014:08:58:43 -0500] "GET /videos/Spot_Tinguas.flv HTTP/1.1" 200 2087054
190.60.251.178 - - [15/Oct/2014:08:58:43 -0500] "GET /galeria/nivo-slider/themes/default/arrows.png HTTP/1.1" 200 824
190.60.251.178 - - [15/Oct/2014:08:58:43 -0500] "GET /galeria/nivo-slider/themes/default/bullets.png HTTP/1.1" 200 1281
66.249.65.115 - - [15/Oct/2014:08:58:50 -0500] "GET /BLA/resoluciones/RESOLUCIONES%202009/8908.pdf HTTP/1.1" 200 297795
186.30.95.113 - - [15/Oct/2014:08:58:55 -0500] "GET /forest/skins/gdocs-jar/popup/popup.jsp?width=1100&height=500&title=Buscar%20documentos&uri=/forest/buscar.do%3Ftype%3Ddocumentos&name=undefined&_a=0.07748516672290862&a=0.036133813206106424 HTTP/1.1" 200 1179
201.245.192.253 - - [15/Oct/2014:08:58:09 -0500] "GET /forest/session.jsp?a=0.33399595032370877 HTTP/1.1" 200 4
201.245.192.253 - - [15/Oct/2014:08:58:24 -0500] "GET /forest/parameter?action=parametersReportMDX&id_rpt=117&currentTab=tab_presentacion&a=0.008554631611332297 HTTP/1.1" 200 6434
201.245.192.253 - - [15/Oct/2014:08:58:54 -0500] "GET /forest/session.jsp?a=0.06755195586163809 HTTP/1.1" 200 4
201.245.192.253 - - [15/Oct/2014:08:57:53 -0500] "POST /forest/frameset? HTTP/1.1" 200 53241
190.84.56.157 - - [15/Oct/2014:08:58:58 -0500] "POST /forms/lservlet;jsessionid=ac16012b30d567df56f0bf0f493b8e2b928ce0c690ef.e3iSbxaKaheRe34Sa3yKbhiTahb0n6jAmljGr5XDqQLvpAe HTTP/1.1" 200 2
186.30.95.113 - - [15/Oct/2014:08:58:51 -0500] "GET /forest/misactividades.do?_a=0.03368330001831055&group_system_actual=3 HTTP/1.1" 200 23085
186.30.95.113 - - [15/Oct/2014:08:58:50 -0500] "GET /forest/index2.jsp?_a=0.8624845996964723 HTTP/1.1" 200 16368
186.30.95.113 - - [15/Oct/2014:08:58:57 -0500] "GET /forest/buscar.do?type=documentos HTTP/1.1" 200 18148
186.30.95.113 - - [15/Oct/2014:08:58:47 -0500] "GET /forest/usutareas.do?_a=0.2620732202194631&group_system_actual=3 HTTP/1.1" 200 14559
186.30.95.113 - - [15/Oct/2014:08:58:52 -0500] "GET /forest/usutareas.do?_a=0.6047312133014202&group_system_actual=3 HTTP/1.1" 200 120440
186.29.172.183 - - [15/Oct/2014:08:59:01 -0500] "POST /forms/lservlet;jsessionid=ac16012b30d56f88d85a8f774ef4a95caa0afe9ee402.e3iSbxaKaheRe34Sa3yKbhiTahb0n6jAmljGr5XDqQLvpAe HTTP/1.1" 200 2
186.30.95.113 - - [15/Oct/2014:08:59:01 -0500] "GET /forest/usutareas.do?_a=0.6047312133014202&group_system_actual=3 HTTP/1.1" 200 120441
186.30.95.113 - - [15/Oct/2014:08:59:02 -0500] "GET /forest/session.jsp?a=0.8922678278759122 HTTP/1.1" 200 4
201.245.192.253 - - [15/Oct/2014:08:59:03 -0500] "POST /forest/frameset? HTTP/1.1" 200 53241
201.245.192.253 - - [15/Oct/2014:08:59:03 -0500] "GET /forestReports/webcontent/birt/pages/common/processing.jsp?__rtl=false HTTP/1.1" 200 719
201.245.192.253 - - [15/Oct/2014:08:59:03 -0500] "GET /forestReports/webcontent/birt/pages/common/processing.jsp?__rtl=false HTTP/1.1" 200 719
190.66.20.50 - - [15/Oct/2014:08:59:04 -0500] "GET /BLA/boletinlegal/js/jquery.scrollTo-min.js HTTP/1.1" 200 1150
190.66.20.50 - - [15/Oct/2014:08:59:04 -0500] "GET /BLA/boletinlegal/js/jquery.js HTTP/1.1" 200 57254
190.66.20.50 - - [15/Oct/2014:08:59:04 -0500] "GET /galeria/carrusel/Carrusel/jquery-ui-1.8.13.custom.min.js HTTP/1.1" 200 10800
190.66.20.50 - - [15/Oct/2014:08:59:04 -0500] "GET /galeria/carrusel/Carrusel/jquery.thumbnailScroller.js HTTP/1.1" 200 8157
186.30.95.113 - - [15/Oct/2014:08:59:04 -0500] "GET /forest/index2.jsp?_a=0.47244300367310643 HTTP/1.1" 200 67217
190.66.20.50 - - [15/Oct/2014:08:59:04 -0500] "GET /BLA/boletinlegal/js/jquery.scrollShow.js HTTP/1.1" 200 4586
190.66.20.50 - - [15/Oct/2014:08:59:04 -0500] "GET /galeria/carrusel/Carrusel/jquery.thumbnailScroller.css HTTP/1.1" 200 2066
201.245.192.253 - - [15/Oct/2014:08:59:03 -0500] "POST /forest/frameset?__toolbar=true&__report=forest%2Frpts%2F117.rptdesign&__format=&__app=forest&__sessionId=20141015_090356_861&__dpi=96 HTTP/1.1" 200 69463
186.30.95.113 - - [15/Oct/2014:08:59:04 -0500] "GET /forest/session.jsp?a=0.1882566954009235 HTTP/1.1" 200 4
201.245.192.253 - - [15/Oct/2014:08:59:04 -0500] "GET /forest/preview?__sessionId=20141015_090356_861&__imageid=file2793d5d71490ef731101675.gif HTTP/1.1" 200 2367
201.245.192.253 - - [15/Oct/2014:08:59:04 -0500] "GET /forest/preview?__sessionId=20141015_090356_861&__imageid=file2793d5d71490ef731101674.gif HTTP/1.1" 200 4169
190.66.20.50 - - [15/Oct/2014:08:59:05 -0500] "GET /galeria/nivo-slider/demo/demo.html HTTP/1.1" 200 3169
190.66.20.50 - - [15/Oct/2014:08:59:05 -0500] "GET /galeria/nivo-slider/themes/default/default.css HTTP/1.1" 200 1569
190.66.20.50 - - [15/Oct/2014:08:59:05 -0500] "GET /galeria/nivo-slider/themes/orman/orman.css HTTP/1.1" 200 2152
190.66.20.50 - - [15/Oct/2014:08:59:05 -0500] "GET /galeria/nivo-slider/themes/pascal/pascal.css HTTP/1.1" 200 2258
190.66.20.50 - - [15/Oct/2014:08:59:05 -0500] "GET /galeria/nivo-slider/nivo-slider.css HTTP/1.1" 200 1507
190.66.20.50 - - [15/Oct/2014:08:59:05 -0500] "GET /galeria/nivo-slider/demo/style.css HTTP/1.1" 200 2222
190.66.20.50 - - [15/Oct/2014:08:59:05 -0500] "GET /galeria/nivo-slider/demo/images/EncuentroAgua1.jpg HTTP/1.1" 200 274179
190.66.20.50 - - [15/Oct/2014:08:59:05 -0500] "GET /galeria/nivo-slider/demo/images/Tingua-azul.jpg HTTP/1.1" 200 307638
190.66.20.50 - - [15/Oct/2014:08:59:05 -0500] "GET /galeria/nivo-slider/demo/images/Banner-Caracol-Africano.jpg HTTP/1.1" 200 331986
190.66.20.50 - - [15/Oct/2014:08:59:05 -0500] "GET /galeria/nivo-slider/demo/images/9Signos.jpg HTTP/1.1" 200 93040
190.66.20.50 - - [15/Oct/2014:08:59:05 -0500] "GET /galeria/nivo-slider/demo/images/banner-encuesta.jpg HTTP/1.1" 200 42764
190.66.20.50 - - [15/Oct/2014:08:59:05 -0500] "GET /galeria/nivo-slider/demo/images/banner-llantas2.jpg HTTP/1.1" 200 73153
190.66.20.50 - - [15/Oct/2014:08:59:05 -0500] "GET /galeria/nivo-slider/demo/images/ConstructorasFNL.jpg HTTP/1.1" 200 216551
190.66.20.50 - - [15/Oct/2014:08:59:05 -0500] "GET /galeria/nivo-slider/demo/images/Hacienda_Molinos.jpg HTTP/1.1" 200 319171
190.66.20.50 - - [15/Oct/2014:08:59:05 -0500] "GET /galeria/nivo-slider/demo/images/bannerEcolecta3.jpg HTTP/1.1" 200 280034
190.66.20.50 - - [15/Oct/2014:08:59:05 -0500] "GET /galeria/nivo-slider/demo/scripts/jquery-1.7.1.min.js HTTP/1.1" 200 93868
190.66.20.50 - - [15/Oct/2014:08:59:05 -0500] "GET /galeria/nivo-slider/jquery.nivo.slider.pack.js HTTP/1.1" 200 11561
190.66.20.50 - - [15/Oct/2014:08:59:05 -0500] "GET /galeria/nivo-slider/themes/default/loading.gif HTTP/1.1" 200 1737
190.66.20.50 - - [15/Oct/2014:08:59:06 -0500] "GET /galeria/nivo-slider/demo/images/4Simple_Slider.png HTTP/1.1" 200 11722
190.66.20.50 - - [15/Oct/2014:08:59:06 -0500] "GET /videos/Spot_Tinguas.flv HTTP/1.1" 200 2087054
201.245.192.253 - - [15/Oct/2014:08:59:07 -0500] "POST /forest/frameset?__toolbar=true&__report=forest%2Frpts%2F117.rptdesign&__format=&__app=forest&__sessionId=20141015_090356_861&__dpi=96 HTTP/1.1" 200 56687
201.245.192.253 - - [15/Oct/2014:08:59:07 -0500] "GET /forest/preview?__sessionId=20141015_090356_861&__imageid=file2793d5d71490ef731101676.gif HTTP/1.1" 200 4169
201.245.192.253 - - [15/Oct/2014:08:59:07 -0500] "GET /forest/preview?__sessionId=20141015_090356_861&__imageid=file2793d5d71490ef731101677.gif HTTP/1.1" 200 2367
190.66.20.50 - - [15/Oct/2014:08:59:08 -0500] "GET /galeria/nivo-slider/demo/images/banner-caballos.png HTTP/1.1" 200 389106
190.66.20.50 - - [15/Oct/2014:08:59:09 -0500] "GET /galeria/nivo-slider/themes/default/arrows.png HTTP/1.1" 200 824
190.66.20.50 - - [15/Oct/2014:08:59:09 -0500] "GET /galeria/nivo-slider/themes/default/bullets.png HTTP/1.1" 200 1281
186.30.95.113 - - [15/Oct/2014:08:59:10 -0500] "GET /forest/usutareas.do?group_system_actual=3&codTraEsc=16685351&_a=0.860218760879412 HTTP/1.1" 200 178886
186.30.95.113 - - [15/Oct/2014:08:59:10 -0500] "GET /forest/session.jsp?a=0.06425551674328744 HTTP/1.1" 200 4
186.30.95.113 - - [15/Oct/2014:08:59:10 -0500] "GET /forest/actions/forms.getItemList?codForm=veriflista&id=field33&value=177&a=0.3153982385993004 HTTP/1.1" 200 4
186.30.95.113 - - [15/Oct/2014:08:59:15 -0500] "POST /forest/usutareas.do? HTTP/1.1" 200 76
186.30.95.113 - - [15/Oct/2014:08:59:17 -0500] "GET /forest/usutareas.do?group_system_actual=3&a=0.028131397208198905 HTTP/1.1" 200 100550
186.30.95.113 - - [15/Oct/2014:08:59:18 -0500] "GET /forest/session.jsp?a=0.4540717259515077 HTTP/1.1" 200 4
186.30.95.113 - - [15/Oct/2014:08:59:18 -0500] "GET /forest/actions/forms.getList?codForm=primerasactividades&id=tipo_solicitud591 HTTP/1.1" 200 79
181.137.150.7 - - [15/Oct/2014:08:59:19 -0500] "GET /BLA/boletinlegal/js/jquery.js HTTP/1.1" 200 57254
181.137.150.7 - - [15/Oct/2014:08:59:19 -0500] "GET /BLA/boletinlegal/js/jquery.scrollTo-min.js HTTP/1.1" 200 1150
181.137.150.7 - - [15/Oct/2014:08:59:19 -0500] "GET /BLA/boletinlegal/js/jquery.scrollShow.js HTTP/1.1" 200 4586
201.245.192.253 - - [15/Oct/2014:08:59:20 -0500] "GET /BLA/boletinlegal/js/jquery.js HTTP/1.1" 304 -
201.245.192.253 - - [15/Oct/2014:08:59:20 -0500] "GET /BLA/boletinlegal/js/jquery.scrollShow.js HTTP/1.1" 304 -
201.245.192.253 - - [15/Oct/2014:08:59:20 -0500] "GET /BLA/boletinlegal/js/jquery.scrollTo-min.js HTTP/1.1" 304 -
201.245.192.253 - - [15/Oct/2014:08:59:21 -0500] "GET /videos/Video_ServidorMesRespons.flv HTTP/1.1" 200 40732342
201.245.192.253 - - [15/Oct/2014:08:59:20 -0500] "GET /forest/buscar.do HTTP/1.1" 200 96527
201.245.192.253 - - [15/Oct/2014:08:59:22 -0500] "GET /forest/css/autocomplete.css?version=1408.271930 HTTP/1.1" 304 -
201.245.192.253 - - [15/Oct/2014:08:59:22 -0500] "GET /forest/js/load_func.js?version=1408.271930 HTTP/1.1" 304 -
201.245.192.253 - - [15/Oct/2014:08:59:22 -0500] "GET /forest/js/autocompletar2.js?version=1408.271930 HTTP/1.1" 304 -
201.245.192.253 - - [15/Oct/2014:08:59:22 -0500] "GET /forest/js/dialog.js?version=1408.271930 HTTP/1.1" 304 -
201.245.192.253 - - [15/Oct/2014:08:59:22 -0500] "GET /forest/1ibre/jscalendar/lang/calendar-es.js?version=1408.271930 HTTP/1.1" 304 -
201.245.192.253 - - [15/Oct/2014:08:59:22 -0500] "GET /forest/js/escritorio/escritorio.js?version=1408.271930 HTTP/1.1" 304 -
201.245.192.253 - - [15/Oct/2014:08:59:22 -0500] "GET /forest/js/sarissa.js?version=1408.271930 HTTP/1.1" 304 -
201.245.192.253 - - [15/Oct/2014:08:59:22 -0500] "GET /forest/1ibre/jscalendar/calendar-setup.js?version=1408.271930 HTTP/1.1" 304 -
201.245.192.253 - - [15/Oct/2014:08:59:22 -0500] "GET /forest/1ibre/1ibre.js?version=1408.271930 HTTP/1.1" 304 -
201.245.192.253 - - [15/Oct/2014:08:59:22 -0500] "GET /forest/1ibre/protoaculous.js?version=1408.271930 HTTP/1.1" 304 -
201.245.192.253 - - [15/Oct/2014:08:59:22 -0500] "GET /forest/1ibre/jscalendar/calendar.js?version=1408.271930 HTTP/1.1" 304 -
201.245.192.253 - - [15/Oct/2014:08:59:22 -0500] "GET /forest/json.do?query=usersByDep&coddep=7025 HTTP/1.1" 200 726
201.245.192.253 - - [15/Oct/2014:08:59:22 -0500] "GET /forest/json.do?query=usersByDep&coddep=7025 HTTP/1.1" 200 726
