190.66.114.118 - - [15/Oct/2014:06:13:11 -0500] "GET /isolucionsda/FrameSetGeneral.asp?Pagina=ListadoMaestroDocumentos3.asp HTTP/1.1" 200 6634
190.66.114.118 - - [15/Oct/2014:06:13:11 -0500] "GET /isolucionsda/Encabezado.asp?Pagina=ListadoMaestroDocumentos3.asp HTTP/1.1" 200 15364
190.66.114.118 - - [15/Oct/2014:06:13:11 -0500] "GET /isolucionsda/BarraTitulos.asp?Pagina=ListadoMaestroDocumentos3.asp HTTP/1.1" 200 6985
190.66.114.118 - - [15/Oct/2014:06:13:11 -0500] "GET /isolucionsda/BarraFavoritos.asp HTTP/1.1" 200 911
190.66.114.118 - - [15/Oct/2014:06:13:11 -0500] "GET /isolucionsda/ListadoMaestroDocumentos3.asp?Pagina=ListadoMaestroDocumentos3.asp HTTP/1.1" 200 11467
190.66.114.118 - - [15/Oct/2014:06:13:11 -0500] "GET /isolucionsda/Session.asp?Continue=1 HTTP/1.1" 200 6324
190.66.114.118 - - [15/Oct/2014:06:13:13 -0500] "GET /isolucionsda/Jerarquia.asp?Tabla=Proceso&Form=Admon&CampoDisplay=ProcesoDisplayObjetoProceso&CampoHidden=Proceso&bSubmit=True&items= HTTP/1.1" 200 10587
190.66.114.118 - - [15/Oct/2014:06:13:13 -0500] "GET /isolucionsda/StyleSheet/Stylesheet.css HTTP/1.1" 200 22894
190.66.114.118 - - [15/Oct/2014:06:13:15 -0500] "POST /isolucionsda/Jerarquia.asp HTTP/1.1" 200 8102
190.66.114.118 - - [15/Oct/2014:06:13:15 -0500] "POST /isolucionsda/ListadoMaestroDocumentos3.asp HTTP/1.1" 200 17347
181.50.192.137 - - [15/Oct/2014:06:13:24 -0500] "POST /forms/lservlet;jsessionid=ac16012b30d53c3fd5d2976e40ea8333ea0525b72121.e3iSbxaKaheRe34Sa3yKbhiTahb0n6jAmljGr5XDqQLvpAe HTTP/1.1" 200 2
181.50.192.137 - - [15/Oct/2014:06:13:24 -0500] "POST /forms/lservlet;jsessionid=ac16012b30d53c3fd5d2976e40ea8333ea0525b72121.e3iSbxaKaheRe34Sa3yKbhiTahb0n6jAmljGr5XDqQLvpAe HTTP/1.1" 200 302
181.50.192.137 - - [15/Oct/2014:06:13:25 -0500] "POST /forms/lservlet;jsessionid=ac16012b30d53c3fd5d2976e40ea8333ea0525b72121.e3iSbxaKaheRe34Sa3yKbhiTahb0n6jAmljGr5XDqQLvpAe HTTP/1.1" 200 7
66.249.65.115 - - [15/Oct/2014:06:13:30 -0500] "GET /BLA/resoluciones/AUTOS%202007/2261.pdf HTTP/1.1" 200 79898
66.249.65.51 - - [15/Oct/2014:06:13:32 -0500] "GET /Autoliquidacion/index.php?dir=Solicitudes%20relacionadas%20con%20calidad%20del%20aire%20auditiva%20y%20visual/Evaluaci%F3n%20de%20Estudios%20de%20ruido/&sort=size&order=asc HTTP/1.1" 200 2808
180.76.6.139 - - [15/Oct/2014:06:13:36 -0500] "GET /BLA/resoluciones/AUTOS%202007/0667.pdf HTTP/1.1" 200 65067
190.66.114.118 - - [15/Oct/2014:06:13:37 -0500] "POST /isolucionsda/ListadoMaestroDocumentos3.asp?Accion=Consultar&Mande=Buscar&paginaactual=2 HTTP/1.1" 200 17130
190.66.114.118 - - [15/Oct/2014:06:13:48 -0500] "GET /isolucionsda/FramesetArticulo.asp?Pagina=bancoconocimiento%2FO%2FOrientacionparalaFormulaciondeInstrumentosdePlaneacion%5Fv6%2FOrientacionparalaFormulaciondeInstrumentosdePlaneacion%5Fv6%2Easp&IdArticulo=5817 HTTP/1.1" 200 7541
190.66.114.118 - - [15/Oct/2014:06:13:48 -0500] "GET /isolucionsda/Arriba.asp?Pagina=bancoconocimiento%2FO%2FOrientacionparalaFormulaciondeInstrumentosdePlaneacion%5Fv6%2FOrientacionparalaFormulaciondeInstrumentosdePlaneacion%5Fv6%2Easp&IdArticulo=5817 HTTP/1.1" 200 10679
190.66.114.118 - - [15/Oct/2014:06:13:48 -0500] "GET /isolucionsda/StyleSheet.css HTTP/1.1" 200 4664
190.66.114.118 - - [15/Oct/2014:06:13:48 -0500] "GET /isolucionsda/g/icono_noconformidad.jpg HTTP/1.1" 200 1235
190.66.114.118 - - [15/Oct/2014:06:13:48 -0500] "GET /isolucionsda/g/icono_alerta.jpg HTTP/1.1" 200 1448
190.66.114.118 - - [15/Oct/2014:06:13:48 -0500] "GET /isolucionsda/bancoconocimiento/O/OrientacionparalaFormulaciondeInstrumentosdePlaneacion_v6/OrientacionparalaFormulaciondeInstrumentosdePlaneacion_v6.asp?IdArticulo=5817 HTTP/1.1" 200 58510
190.66.114.118 - - [15/Oct/2014:06:13:49 -0500] "GET /isolucionsda/g/vacio1x1.gif HTTP/1.1" 404 5195
190.66.114.118 - - [15/Oct/2014:06:13:49 -0500] "GET /isolucionsda/grafvinetas/logo%20documento0.jpg HTTP/1.1" 200 36055
181.50.192.137 - - [15/Oct/2014:06:13:51 -0500] "POST /forms/lservlet;jsessionid=ac16012b30d53c3fd5d2976e40ea8333ea0525b72121.e3iSbxaKaheRe34Sa3yKbhiTahb0n6jAmljGr5XDqQLvpAe HTTP/1.1" 200 130
181.50.192.137 - - [15/Oct/2014:06:13:52 -0500] "POST /forms/lservlet;jsessionid=ac16012b30d53c3fd5d2976e40ea8333ea0525b72121.e3iSbxaKaheRe34Sa3yKbhiTahb0n6jAmljGr5XDqQLvpAe HTTP/1.1" 200 2
181.50.192.137 - - [15/Oct/2014:06:13:53 -0500] "POST /forms/lservlet;jsessionid=ac16012b30d53c3fd5d2976e40ea8333ea0525b72121.e3iSbxaKaheRe34Sa3yKbhiTahb0n6jAmljGr5XDqQLvpAe HTTP/1.1" 200 2
181.50.192.137 - - [15/Oct/2014:06:13:53 -0500] "POST /forms/lservlet;jsessionid=ac16012b30d53c3fd5d2976e40ea8333ea0525b72121.e3iSbxaKaheRe34Sa3yKbhiTahb0n6jAmljGr5XDqQLvpAe HTTP/1.1" 200 2340
181.50.192.137 - - [15/Oct/2014:06:13:53 -0500] "POST /forms/lservlet;jsessionid=ac16012b30d53c3fd5d2976e40ea8333ea0525b72121.e3iSbxaKaheRe34Sa3yKbhiTahb0n6jAmljGr5XDqQLvpAe HTTP/1.1" 200 10
181.50.192.137 - - [15/Oct/2014:06:13:55 -0500] "POST /forms/lservlet;jsessionid=ac16012b30d53c3fd5d2976e40ea8333ea0525b72121.e3iSbxaKaheRe34Sa3yKbhiTahb0n6jAmljGr5XDqQLvpAe HTTP/1.1" 200 21
181.50.192.137 - - [15/Oct/2014:06:13:55 -0500] "POST /forms/lservlet;jsessionid=ac16012b30d53c3fd5d2976e40ea8333ea0525b72121.e3iSbxaKaheRe34Sa3yKbhiTahb0n6jAmljGr5XDqQLvpAe HTTP/1.1" 200 3622
181.50.192.137 - - [15/Oct/2014:06:13:56 -0500] "POST /forms/lservlet;jsessionid=ac16012b30d53c3fd5d2976e40ea8333ea0525b72121.e3iSbxaKaheRe34Sa3yKbhiTahb0n6jAmljGr5XDqQLvpAe HTTP/1.1" 200 2
181.50.192.137 - - [15/Oct/2014:06:13:57 -0500] "POST /forms/lservlet;jsessionid=ac16012b30d53c3fd5d2976e40ea8333ea0525b72121.e3iSbxaKaheRe34Sa3yKbhiTahb0n6jAmljGr5XDqQLvpAe HTTP/1.1" 200 138
181.50.192.137 - - [15/Oct/2014:06:14:00 -0500] "POST /forms/lservlet;jsessionid=ac16012b30d53c3fd5d2976e40ea8333ea0525b72121.e3iSbxaKaheRe34Sa3yKbhiTahb0n6jAmljGr5XDqQLvpAe HTTP/1.1" 200 2
181.50.192.137 - - [15/Oct/2014:06:14:00 -0500] "POST /forms/lservlet;jsessionid=ac16012b30d53c3fd5d2976e40ea8333ea0525b72121.e3iSbxaKaheRe34Sa3yKbhiTahb0n6jAmljGr5XDqQLvpAe HTTP/1.1" 200 14
181.50.192.137 - - [15/Oct/2014:06:14:01 -0500] "POST /forms/lservlet;jsessionid=ac16012b30d53c3fd5d2976e40ea8333ea0525b72121.e3iSbxaKaheRe34Sa3yKbhiTahb0n6jAmljGr5XDqQLvpAe HTTP/1.1" 200 14
181.50.192.137 - - [15/Oct/2014:06:14:02 -0500] "POST /forms/lservlet;jsessionid=ac16012b30d53c3fd5d2976e40ea8333ea0525b72121.e3iSbxaKaheRe34Sa3yKbhiTahb0n6jAmljGr5XDqQLvpAe HTTP/1.1" 200 112
181.50.192.137 - - [15/Oct/2014:06:14:03 -0500] "POST /forms/lservlet;jsessionid=ac16012b30d53c3fd5d2976e40ea8333ea0525b72121.e3iSbxaKaheRe34Sa3yKbhiTahb0n6jAmljGr5XDqQLvpAe HTTP/1.1" 200 11
181.50.192.137 - - [15/Oct/2014:06:14:03 -0500] "GET /reports/rwservlet/getjobid329990?server=rep_srvapsda HTTP/1.0" 200 47718
66.249.65.115 - - [15/Oct/2014:06:14:05 -0500] "GET /BLA/resoluciones/AUTOS%202008/1073.pdf HTTP/1.1" 200 215159
190.66.114.118 - - [15/Oct/2014:06:14:08 -0500] "GET /isolucionsda/FrameSetArticulo.asp?Pagina=/isolucionsda/BancoConocimiento/P/Percepciondeusuariosdelineamientostecnicos_v5/Percepciondeusuariosdelineamientostecnicos_v5.asp?IdArticulo=4061 HTTP/1.1" 200 7493
190.66.114.118 - - [15/Oct/2014:06:14:08 -0500] "GET /isolucionsda/Arriba.asp?Pagina=/isolucionsda/BancoConocimiento/P/Percepciondeusuariosdelineamientostecnicos_v5/Percepciondeusuariosdelineamientostecnicos_v5.asp?IdArticulo=4061 HTTP/1.1" 200 10634
190.66.114.118 - - [15/Oct/2014:06:14:08 -0500] "GET /isolucionsda/BancoConocimiento/P/Percepciondeusuariosdelineamientostecnicos_v5/Percepciondeusuariosdelineamientostecnicos_v5.asp?IdArticulo=4061 HTTP/1.1" 302 211
190.66.114.118 - - [15/Oct/2014:06:14:08 -0500] "GET /isolucionsda/BancoConocimiento/P/Percepciondeusuariosdelineamientostecnicos_v5/anexo%205%20formato%20de%20percepcion%20de%20usuarios%20de%20lineamientos%20tecnicos00.xls HTTP/1.1" 200 444416
66.249.65.55 - - [15/Oct/2014:06:14:21 -0500] "GET /POT-2013/Cartografia/Anexo01_Sistema_Hidrico.pdf HTTP/1.1" 304 -
180.76.5.69 - - [15/Oct/2014:06:14:28 -0500] "GET /BLA/boletinlegal/doctrina.php HTTP/1.1" 200 4953
181.48.9.60 - - [15/Oct/2014:06:14:30 -0500] "GET /BLA/boletinlegal/js/jquery.scrollTo-min.js HTTP/1.1" 304 -
181.50.192.137 - - [15/Oct/2014:06:14:36 -0500] "POST /forms/lservlet;jsessionid=ac16012b30d53c3fd5d2976e40ea8333ea0525b72121.e3iSbxaKaheRe34Sa3yKbhiTahb0n6jAmljGr5XDqQLvpAe HTTP/1.1" 200 2
181.50.192.137 - - [15/Oct/2014:06:14:36 -0500] "POST /forms/lservlet;jsessionid=ac16012b30d53c3fd5d2976e40ea8333ea0525b72121.e3iSbxaKaheRe34Sa3yKbhiTahb0n6jAmljGr5XDqQLvpAe HTTP/1.1" 200 113
181.50.192.137 - - [15/Oct/2014:06:14:37 -0500] "POST /forms/lservlet;jsessionid=ac16012b30d53c3fd5d2976e40ea8333ea0525b72121.e3iSbxaKaheRe34Sa3yKbhiTahb0n6jAmljGr5XDqQLvpAe HTTP/1.1" 200 7
181.50.192.137 - - [15/Oct/2014:06:14:37 -0500] "GET /reports/rwservlet/getjobid329991?server=rep_srvapsda HTTP/1.0" 200 47527
66.249.65.119 - - [15/Oct/2014:06:14:40 -0500] "GET /BLA/resoluciones/AUTOS%202009/2167.pdf HTTP/1.1" 200 182297
181.50.192.137 - - [15/Oct/2014:06:14:59 -0500] "POST /forms/lservlet;jsessionid=ac16012b30d53c3fd5d2976e40ea8333ea0525b72121.e3iSbxaKaheRe34Sa3yKbhiTahb0n6jAmljGr5XDqQLvpAe HTTP/1.1" 200 2
181.50.192.137 - - [15/Oct/2014:06:14:59 -0500] "POST /forms/lservlet;jsessionid=ac16012b30d53c3fd5d2976e40ea8333ea0525b72121.e3iSbxaKaheRe34Sa3yKbhiTahb0n6jAmljGr5XDqQLvpAe HTTP/1.1" 200 113
181.50.192.137 - - [15/Oct/2014:06:15:00 -0500] "POST /forms/lservlet;jsessionid=ac16012b30d53c3fd5d2976e40ea8333ea0525b72121.e3iSbxaKaheRe34Sa3yKbhiTahb0n6jAmljGr5XDqQLvpAe HTTP/1.1" 200 7
181.50.192.137 - - [15/Oct/2014:06:15:00 -0500] "GET /reports/rwservlet/getjobid329992?server=rep_srvapsda HTTP/1.0" 200 503808
100.43.85.25 - - [15/Oct/2014:06:15:12 -0500] "GET /hum/HC-fotosForo-En05/HC%C3%B3rdoba23.JPG HTTP/1.1" 404 1019
190.66.114.118 - - [15/Oct/2014:06:15:14 -0500] "GET /isolucionsda/g/Bot_SiguienteOver.jpg HTTP/1.1" 200 1668
190.66.114.118 - - [15/Oct/2014:06:15:14 -0500] "GET /isolucionsda/g/Bot_SiguienteOver.jpg HTTP/1.1" 200 1668
190.66.114.118 - - [15/Oct/2014:06:15:14 -0500] "GET /isolucionsda/g/Bot_AnteriorOver.jpg HTTP/1.1" 200 1752
66.249.65.123 - - [15/Oct/2014:06:15:15 -0500] "GET /BLA/resoluciones/RESOLUCIONES%202008/5651.pdf HTTP/1.1" 200 298829
190.66.114.118 - - [15/Oct/2014:06:15:16 -0500] "GET /isolucionsda/FrameSetArticulo.asp?Pagina=/isolucionsda/BancoConocimiento/P/Percepciondeusuariosdelineamientostecnicos_v5/Percepciondeusuariosdelineamientostecnicos_v5.asp?IdArticulo=4061 HTTP/1.1" 200 7493
190.66.114.118 - - [15/Oct/2014:06:15:17 -0500] "GET /isolucionsda/Arriba.asp?Pagina=/isolucionsda/BancoConocimiento/P/Percepciondeusuariosdelineamientostecnicos_v5/Percepciondeusuariosdelineamientostecnicos_v5.asp?IdArticulo=4061 HTTP/1.1" 200 10634
190.66.114.118 - - [15/Oct/2014:06:15:17 -0500] "GET /isolucionsda/BancoConocimiento/P/Percepciondeusuariosdelineamientostecnicos_v5/Percepciondeusuariosdelineamientostecnicos_v5.asp?IdArticulo=4061 HTTP/1.1" 302 211
190.66.114.118 - - [15/Oct/2014:06:15:17 -0500] "GET /isolucionsda/BancoConocimiento/P/Percepciondeusuariosdelineamientostecnicos_v5/anexo%205%20formato%20de%20percepcion%20de%20usuarios%20de%20lineamientos%20tecnicos00.xls HTTP/1.1" 206 1
190.66.114.118 - - [15/Oct/2014:06:15:17 -0500] "GET /isolucionsda/BancoConocimiento/P/Percepciondeusuariosdelineamientostecnicos_v5/anexo%205%20formato%20de%20percepcion%20de%20usuarios%20de%20lineamientos%20tecnicos00.xls HTTP/1.1" 206 440639
190.66.114.118 - - [15/Oct/2014:06:15:25 -0500] "GET /isolucionsda/g/Bot_CerrarOver.jpg HTTP/1.1" 200 1873
181.50.192.137 - - [15/Oct/2014:06:15:32 -0500] "POST /forms/lservlet;jsessionid=ac16012b30d53c3fd5d2976e40ea8333ea0525b72121.e3iSbxaKaheRe34Sa3yKbhiTahb0n6jAmljGr5XDqQLvpAe HTTP/1.1" 200 2
181.50.192.137 - - [15/Oct/2014:06:15:32 -0500] "POST /forms/lservlet;jsessionid=ac16012b30d53c3fd5d2976e40ea8333ea0525b72121.e3iSbxaKaheRe34Sa3yKbhiTahb0n6jAmljGr5XDqQLvpAe HTTP/1.1" 200 106
181.50.192.137 - - [15/Oct/2014:06:15:33 -0500] "POST /forms/lservlet;jsessionid=ac16012b30d53c3fd5d2976e40ea8333ea0525b72121.e3iSbxaKaheRe34Sa3yKbhiTahb0n6jAmljGr5XDqQLvpAe HTTP/1.1" 200 2
181.50.192.137 - - [15/Oct/2014:06:15:33 -0500] "POST /forms/lservlet;jsessionid=ac16012b30d53c3fd5d2976e40ea8333ea0525b72121.e3iSbxaKaheRe34Sa3yKbhiTahb0n6jAmljGr5XDqQLvpAe HTTP/1.1" 200 2
181.50.192.137 - - [15/Oct/2014:06:15:34 -0500] "POST /forms/lservlet;jsessionid=ac16012b30d53c3fd5d2976e40ea8333ea0525b72121.e3iSbxaKaheRe34Sa3yKbhiTahb0n6jAmljGr5XDqQLvpAe HTTP/1.1" 200 1992
181.50.192.137 - - [15/Oct/2014:06:15:34 -0500] "POST /forms/lservlet;jsessionid=ac16012b30d53c3fd5d2976e40ea8333ea0525b72121.e3iSbxaKaheRe34Sa3yKbhiTahb0n6jAmljGr5XDqQLvpAe HTTP/1.1" 200 78
66.249.65.51 - - [15/Oct/2014:06:15:46 -0500] "GET /BLA/ HTTP/1.1" 200 538
66.249.65.119 - - [15/Oct/2014:06:15:50 -0500] "GET /BLA/resoluciones/RESOLUCIONES%202008/5166.pdf HTTP/1.1" 200 356925
181.50.192.137 - - [15/Oct/2014:06:15:52 -0500] "POST /forms/lservlet;jsessionid=ac16012b30d53c3fd5d2976e40ea8333ea0525b72121.e3iSbxaKaheRe34Sa3yKbhiTahb0n6jAmljGr5XDqQLvpAe HTTP/1.1" 200 2
181.50.192.137 - - [15/Oct/2014:06:15:56 -0500] "POST /forms/lservlet;jsessionid=ac16012b30d53c3fd5d2976e40ea8333ea0525b72121.e3iSbxaKaheRe34Sa3yKbhiTahb0n6jAmljGr5XDqQLvpAe HTTP/1.1" 200 34750
181.50.192.137 - - [15/Oct/2014:06:15:56 -0500] "GET /imagenes/listval.gif HTTP/1.1" 200 905
181.50.192.137 - - [15/Oct/2014:06:15:56 -0500] "POST /forms/lservlet;jsessionid=ac16012b30d53c3fd5d2976e40ea8333ea0525b72121.e3iSbxaKaheRe34Sa3yKbhiTahb0n6jAmljGr5XDqQLvpAe HTTP/1.1" 200 7
181.50.192.137 - - [15/Oct/2014:06:15:56 -0500] "POST /forms/lservlet;jsessionid=ac16012b30d53c3fd5d2976e40ea8333ea0525b72121.e3iSbxaKaheRe34Sa3yKbhiTahb0n6jAmljGr5XDqQLvpAe HTTP/1.1" 200 34
181.50.192.137 - - [15/Oct/2014:06:15:56 -0500] "POST /forms/lservlet;jsessionid=ac16012b30d53c3fd5d2976e40ea8333ea0525b72121.e3iSbxaKaheRe34Sa3yKbhiTahb0n6jAmljGr5XDqQLvpAe HTTP/1.1" 200 2
181.50.192.137 - - [15/Oct/2014:06:15:58 -0500] "POST /forms/lservlet;jsessionid=ac16012b30d53c3fd5d2976e40ea8333ea0525b72121.e3iSbxaKaheRe34Sa3yKbhiTahb0n6jAmljGr5XDqQLvpAe HTTP/1.1" 200 2
181.50.192.137 - - [15/Oct/2014:06:15:58 -0500] "POST /forms/lservlet;jsessionid=ac16012b30d53c3fd5d2976e40ea8333ea0525b72121.e3iSbxaKaheRe34Sa3yKbhiTahb0n6jAmljGr5XDqQLvpAe HTTP/1.1" 200 662
181.50.192.137 - - [15/Oct/2014:06:15:58 -0500] "POST /forms/lservlet;jsessionid=ac16012b30d53c3fd5d2976e40ea8333ea0525b72121.e3iSbxaKaheRe34Sa3yKbhiTahb0n6jAmljGr5XDqQLvpAe HTTP/1.1" 200 10
181.50.192.137 - - [15/Oct/2014:06:15:59 -0500] "POST /forms/lservlet;jsessionid=ac16012b30d53c3fd5d2976e40ea8333ea0525b72121.e3iSbxaKaheRe34Sa3yKbhiTahb0n6jAmljGr5XDqQLvpAe HTTP/1.1" 200 26
181.50.192.137 - - [15/Oct/2014:06:15:59 -0500] "POST /forms/lservlet;jsessionid=ac16012b30d53c3fd5d2976e40ea8333ea0525b72121.e3iSbxaKaheRe34Sa3yKbhiTahb0n6jAmljGr5XDqQLvpAe HTTP/1.1" 200 4254
181.50.192.137 - - [15/Oct/2014:06:16:00 -0500] "POST /forms/lservlet;jsessionid=ac16012b30d53c3fd5d2976e40ea8333ea0525b72121.e3iSbxaKaheRe34Sa3yKbhiTahb0n6jAmljGr5XDqQLvpAe HTTP/1.1" 200 2
181.50.192.137 - - [15/Oct/2014:06:16:03 -0500] "POST /forms/lservlet;jsessionid=ac16012b30d53c3fd5d2976e40ea8333ea0525b72121.e3iSbxaKaheRe34Sa3yKbhiTahb0n6jAmljGr5XDqQLvpAe HTTP/1.1" 200 2
181.50.192.137 - - [15/Oct/2014:06:16:03 -0500] "POST /forms/lservlet;jsessionid=ac16012b30d53c3fd5d2976e40ea8333ea0525b72121.e3iSbxaKaheRe34Sa3yKbhiTahb0n6jAmljGr5XDqQLvpAe HTTP/1.1" 200 14
190.66.114.118 - - [15/Oct/2014:06:16:05 -0500] "GET /isolucionsda/FrameSetArticulo.asp?Pagina=/isolucionsda/BancoConocimiento/P/Percepciondeusuariosdelineamientostecnicos_v5/Percepciondeusuariosdelineamientostecnicos_v5.asp?IdArticulo=4061 HTTP/1.1" 200 7493
190.66.114.118 - - [15/Oct/2014:06:16:05 -0500] "GET /isolucionsda/Arriba.asp?Pagina=/isolucionsda/BancoConocimiento/P/Percepciondeusuariosdelineamientostecnicos_v5/Percepciondeusuariosdelineamientostecnicos_v5.asp?IdArticulo=4061 HTTP/1.1" 200 10634
190.66.114.118 - - [15/Oct/2014:06:16:05 -0500] "GET /isolucionsda/BancoConocimiento/P/Percepciondeusuariosdelineamientostecnicos_v5/Percepciondeusuariosdelineamientostecnicos_v5.asp?IdArticulo=4061 HTTP/1.1" 302 211
181.50.192.137 - - [15/Oct/2014:06:16:05 -0500] "POST /forms/lservlet;jsessionid=ac16012b30d53c3fd5d2976e40ea8333ea0525b72121.e3iSbxaKaheRe34Sa3yKbhiTahb0n6jAmljGr5XDqQLvpAe HTTP/1.1" 200 14
181.50.192.137 - - [15/Oct/2014:06:16:06 -0500] "POST /forms/lservlet;jsessionid=ac16012b30d53c3fd5d2976e40ea8333ea0525b72121.e3iSbxaKaheRe34Sa3yKbhiTahb0n6jAmljGr5XDqQLvpAe HTTP/1.1" 200 133
181.50.192.137 - - [15/Oct/2014:06:16:07 -0500] "POST /forms/lservlet;jsessionid=ac16012b30d53c3fd5d2976e40ea8333ea0525b72121.e3iSbxaKaheRe34Sa3yKbhiTahb0n6jAmljGr5XDqQLvpAe HTTP/1.1" 200 2
181.50.192.137 - - [15/Oct/2014:06:16:07 -0500] "GET /reports/rwservlet/getjobid329993?server=rep_srvapsda HTTP/1.0" 200 47902
66.249.65.123 - - [15/Oct/2014:06:16:26 -0500] "GET /BLA/resoluciones/RESOLUCIONES%202008/2797.pdf HTTP/1.1" 200 322337
181.50.192.137 - - [15/Oct/2014:06:16:46 -0500] "POST /forms/lservlet;jsessionid=ac16012b30d53c3fd5d2976e40ea8333ea0525b72121.e3iSbxaKaheRe34Sa3yKbhiTahb0n6jAmljGr5XDqQLvpAe HTTP/1.1" 200 2
190.66.114.118 - - [15/Oct/2014:06:16:46 -0500] "GET /isolucionsda/FrameSetArticulo.asp?Pagina=/isolucionsda/BancoConocimiento/P/Percepciondeusuariosdelineamientostecnicos_v5/Percepciondeusuariosdelineamientostecnicos_v5.asp?IdArticulo=4061 HTTP/1.1" 200 7493
190.66.114.118 - - [15/Oct/2014:06:16:46 -0500] "GET /isolucionsda/Arriba.asp?Pagina=/isolucionsda/BancoConocimiento/P/Percepciondeusuariosdelineamientostecnicos_v5/Percepciondeusuariosdelineamientostecnicos_v5.asp?IdArticulo=4061 HTTP/1.1" 200 10634
190.66.114.118 - - [15/Oct/2014:06:16:46 -0500] "GET /isolucionsda/BancoConocimiento/P/Percepciondeusuariosdelineamientostecnicos_v5/Percepciondeusuariosdelineamientostecnicos_v5.asp?IdArticulo=4061 HTTP/1.1" 302 211
181.50.192.137 - - [15/Oct/2014:06:16:46 -0500] "POST /forms/lservlet;jsessionid=ac16012b30d53c3fd5d2976e40ea8333ea0525b72121.e3iSbxaKaheRe34Sa3yKbhiTahb0n6jAmljGr5XDqQLvpAe HTTP/1.1" 200 14
181.50.192.137 - - [15/Oct/2014:06:16:47 -0500] "POST /forms/lservlet;jsessionid=ac16012b30d53c3fd5d2976e40ea8333ea0525b72121.e3iSbxaKaheRe34Sa3yKbhiTahb0n6jAmljGr5XDqQLvpAe HTTP/1.1" 200 118
181.50.192.137 - - [15/Oct/2014:06:16:47 -0500] "POST /forms/lservlet;jsessionid=ac16012b30d53c3fd5d2976e40ea8333ea0525b72121.e3iSbxaKaheRe34Sa3yKbhiTahb0n6jAmljGr5XDqQLvpAe HTTP/1.1" 200 2
181.50.192.137 - - [15/Oct/2014:06:16:47 -0500] "GET /reports/rwservlet/getjobid329994?server=rep_srvapsda HTTP/1.0" 200 47562
66.249.65.115 - - [15/Oct/2014:06:17:01 -0500] "GET /BLA/resoluciones/AUTOS%202010/1085.pdf HTTP/1.1" 200 191803
66.249.65.51 - - [15/Oct/2014:06:17:12 -0500] "GET /BLA/boletinlegal/jurisprudencia/analisis/Analisis%20Sentencia%20T-1077,%202%20corregida.doc HTTP/1.1" 304 -
181.50.192.137 - - [15/Oct/2014:06:17:18 -0500] "POST /forms/lservlet;jsessionid=ac16012b30d53c3fd5d2976e40ea8333ea0525b72121.e3iSbxaKaheRe34Sa3yKbhiTahb0n6jAmljGr5XDqQLvpAe HTTP/1.1" 200 2
181.50.192.137 - - [15/Oct/2014:06:17:21 -0500] "POST /forms/lservlet;jsessionid=ac16012b30d53c3fd5d2976e40ea8333ea0525b72121.e3iSbxaKaheRe34Sa3yKbhiTahb0n6jAmljGr5XDqQLvpAe HTTP/1.1" 200 14
181.50.192.137 - - [15/Oct/2014:06:17:22 -0500] "POST /forms/lservlet;jsessionid=ac16012b30d53c3fd5d2976e40ea8333ea0525b72121.e3iSbxaKaheRe34Sa3yKbhiTahb0n6jAmljGr5XDqQLvpAe HTTP/1.1" 200 115
181.50.192.137 - - [15/Oct/2014:06:17:22 -0500] "POST /forms/lservlet;jsessionid=ac16012b30d53c3fd5d2976e40ea8333ea0525b72121.e3iSbxaKaheRe34Sa3yKbhiTahb0n6jAmljGr5XDqQLvpAe HTTP/1.1" 200 2
66.249.65.119 - - [15/Oct/2014:06:17:24 -0500] "GET /BLA/resoluciones/RESOLUCIONES%202005/RES%202005%20851-900/00000894.tif HTTP/1.1" 200 187624
181.50.192.137 - - [15/Oct/2014:06:17:22 -0500] "GET /reports/rwservlet/getjobid329995?server=rep_srvapsda HTTP/1.0" 200 650013
66.249.65.123 - - [15/Oct/2014:06:17:33 -0500] "GET /BLA/resoluciones/RESOLUCIONES%202004/RES%202004%201301-1350/00001306.tif HTTP/1.1" 200 98990
66.249.65.119 - - [15/Oct/2014:06:17:36 -0500] "GET /BLA/resoluciones/RESOLUCIONES%202008/4214.pdf HTTP/1.1" 200 444580
181.50.192.137 - - [15/Oct/2014:06:17:52 -0500] "POST /forms/lservlet;jsessionid=ac16012b30d53c3fd5d2976e40ea8333ea0525b72121.e3iSbxaKaheRe34Sa3yKbhiTahb0n6jAmljGr5XDqQLvpAe HTTP/1.1" 200 2
74.86.158.107 - - [15/Oct/2014:06:18:05 -0500] "HEAD / HTTP/1.1" 302 -
66.249.65.115 - - [15/Oct/2014:06:18:11 -0500] "GET /BLA/resoluciones/AUTOS%202009/0451.pdf HTTP/1.1" 200 404567
181.50.192.137 - - [15/Oct/2014:06:18:14 -0500] "POST /forms/lservlet;jsessionid=ac16012b30d53c3fd5d2976e40ea8333ea0525b72121.e3iSbxaKaheRe34Sa3yKbhiTahb0n6jAmljGr5XDqQLvpAe HTTP/1.1" 200 2
181.50.192.137 - - [15/Oct/2014:06:18:14 -0500] "POST /forms/lservlet;jsessionid=ac16012b30d53c3fd5d2976e40ea8333ea0525b72121.e3iSbxaKaheRe34Sa3yKbhiTahb0n6jAmljGr5XDqQLvpAe HTTP/1.1" 200 106
181.50.192.137 - - [15/Oct/2014:06:18:15 -0500] "POST /forms/lservlet;jsessionid=ac16012b30d53c3fd5d2976e40ea8333ea0525b72121.e3iSbxaKaheRe34Sa3yKbhiTahb0n6jAmljGr5XDqQLvpAe HTTP/1.1" 200 2
181.50.192.137 - - [15/Oct/2014:06:18:15 -0500] "POST /forms/lservlet;jsessionid=ac16012b30d53c3fd5d2976e40ea8333ea0525b72121.e3iSbxaKaheRe34Sa3yKbhiTahb0n6jAmljGr5XDqQLvpAe HTTP/1.1" 200 2
181.50.192.137 - - [15/Oct/2014:06:18:16 -0500] "POST /forms/lservlet;jsessionid=ac16012b30d53c3fd5d2976e40ea8333ea0525b72121.e3iSbxaKaheRe34Sa3yKbhiTahb0n6jAmljGr5XDqQLvpAe HTTP/1.1" 200 2029
181.50.192.137 - - [15/Oct/2014:06:18:16 -0500] "POST /forms/lservlet;jsessionid=ac16012b30d53c3fd5d2976e40ea8333ea0525b72121.e3iSbxaKaheRe34Sa3yKbhiTahb0n6jAmljGr5XDqQLvpAe HTTP/1.1" 200 78
180.76.6.132 - - [15/Oct/2014:06:18:17 -0500] "GET /BLA/resoluciones/AUTOS%202007/1239.pdf HTTP/1.1" 200 161182
66.249.65.59 - - [15/Oct/2014:06:18:38 -0500] "GET /BLA/boletinlegal/Circulares/2014/Circular%2008%20de%20Mayo%20de%202014.pdf HTTP/1.1" 304 -
181.50.192.137 - - [15/Oct/2014:06:18:46 -0500] "POST /forms/lservlet;jsessionid=ac16012b30d53c3fd5d2976e40ea8333ea0525b72121.e3iSbxaKaheRe34Sa3yKbhiTahb0n6jAmljGr5XDqQLvpAe HTTP/1.1" 200 34756
66.249.65.123 - - [15/Oct/2014:06:18:46 -0500] "GET /BLA/resoluciones/RESOLUCIONES%202008/2860.pdf HTTP/1.1" 200 347838
181.50.192.137 - - [15/Oct/2014:06:18:46 -0500] "GET /imagenes/listval.gif HTTP/1.1" 200 905
181.50.192.137 - - [15/Oct/2014:06:18:47 -0500] "POST /forms/lservlet;jsessionid=ac16012b30d53c3fd5d2976e40ea8333ea0525b72121.e3iSbxaKaheRe34Sa3yKbhiTahb0n6jAmljGr5XDqQLvpAe HTTP/1.1" 200 7
181.50.192.137 - - [15/Oct/2014:06:18:47 -0500] "POST /forms/lservlet;jsessionid=ac16012b30d53c3fd5d2976e40ea8333ea0525b72121.e3iSbxaKaheRe34Sa3yKbhiTahb0n6jAmljGr5XDqQLvpAe HTTP/1.1" 200 34
181.50.192.137 - - [15/Oct/2014:06:18:47 -0500] "POST /forms/lservlet;jsessionid=ac16012b30d53c3fd5d2976e40ea8333ea0525b72121.e3iSbxaKaheRe34Sa3yKbhiTahb0n6jAmljGr5XDqQLvpAe HTTP/1.1" 200 2
181.50.192.137 - - [15/Oct/2014:06:18:48 -0500] "POST /forms/lservlet;jsessionid=ac16012b30d53c3fd5d2976e40ea8333ea0525b72121.e3iSbxaKaheRe34Sa3yKbhiTahb0n6jAmljGr5XDqQLvpAe HTTP/1.1" 200 2
181.50.192.137 - - [15/Oct/2014:06:18:48 -0500] "POST /forms/lservlet;jsessionid=ac16012b30d53c3fd5d2976e40ea8333ea0525b72121.e3iSbxaKaheRe34Sa3yKbhiTahb0n6jAmljGr5XDqQLvpAe HTTP/1.1" 200 662
181.50.192.137 - - [15/Oct/2014:06:18:48 -0500] "POST /forms/lservlet;jsessionid=ac16012b30d53c3fd5d2976e40ea8333ea0525b72121.e3iSbxaKaheRe34Sa3yKbhiTahb0n6jAmljGr5XDqQLvpAe HTTP/1.1" 200 10
181.50.192.137 - - [15/Oct/2014:06:18:49 -0500] "POST /forms/lservlet;jsessionid=ac16012b30d53c3fd5d2976e40ea8333ea0525b72121.e3iSbxaKaheRe34Sa3yKbhiTahb0n6jAmljGr5XDqQLvpAe HTTP/1.1" 200 32
181.50.192.137 - - [15/Oct/2014:06:18:51 -0500] "POST /forms/lservlet;jsessionid=ac16012b30d53c3fd5d2976e40ea8333ea0525b72121.e3iSbxaKaheRe34Sa3yKbhiTahb0n6jAmljGr5XDqQLvpAe HTTP/1.1" 200 26
181.50.192.137 - - [15/Oct/2014:06:18:51 -0500] "POST /forms/lservlet;jsessionid=ac16012b30d53c3fd5d2976e40ea8333ea0525b72121.e3iSbxaKaheRe34Sa3yKbhiTahb0n6jAmljGr5XDqQLvpAe HTTP/1.1" 200 14
181.50.192.137 - - [15/Oct/2014:06:18:52 -0500] "POST /forms/lservlet;jsessionid=ac16012b30d53c3fd5d2976e40ea8333ea0525b72121.e3iSbxaKaheRe34Sa3yKbhiTahb0n6jAmljGr5XDqQLvpAe HTTP/1.1" 200 3996
181.50.192.137 - - [15/Oct/2014:06:18:52 -0500] "POST /forms/lservlet;jsessionid=ac16012b30d53c3fd5d2976e40ea8333ea0525b72121.e3iSbxaKaheRe34Sa3yKbhiTahb0n6jAmljGr5XDqQLvpAe HTTP/1.1" 200 20
157.55.39.45 - - [15/Oct/2014:06:18:55 -0500] "GET / HTTP/1.1" 302 -
180.76.6.63 - - [15/Oct/2014:06:19:08 -0500] "GET /BLA/resoluciones/Autos%202008/1173.pdf HTTP/1.1" 200 132044
66.249.65.115 - - [15/Oct/2014:06:19:16 -0500] "GET /galeria/nivo-slider/demo/demo.html HTTP/1.1" 200 3169
66.249.65.115 - - [15/Oct/2014:06:19:21 -0500] "GET /BLA/resoluciones/RESOLUCIONES%202008/0840.pdf HTTP/1.1" 200 422596
181.50.192.137 - - [15/Oct/2014:06:19:52 -0500] "POST /forms/lservlet;jsessionid=ac16012b30d53c3fd5d2976e40ea8333ea0525b72121.e3iSbxaKaheRe34Sa3yKbhiTahb0n6jAmljGr5XDqQLvpAe HTTP/1.1" 200 2
66.249.65.115 - - [15/Oct/2014:06:19:57 -0500] "GET /BLA/resoluciones/RESOLUCIONES%202008/1058.pdf HTTP/1.1" 200 374076
66.249.65.55 - - [15/Oct/2014:06:20:03 -0500] "GET /BLA/boletinlegal/jurisprudencia/analisis/CUADRO%20SENTENCIA%20T-299%20DE%202008.doc HTTP/1.1" 304 -
100.43.85.25 - - [15/Oct/2014:06:20:06 -0500] "GET /ince/conretamodesp.jpg HTTP/1.1" 404 1019
66.249.65.115 - - [15/Oct/2014:06:20:32 -0500] "GET /BLA/resoluciones/RESOLUCIONES%202008/3374.pdf HTTP/1.1" 200 117142
181.50.192.137 - - [15/Oct/2014:06:20:40 -0500] "POST /forms/lservlet;jsessionid=ac16012b30d53c3fd5d2976e40ea8333ea0525b72121.e3iSbxaKaheRe34Sa3yKbhiTahb0n6jAmljGr5XDqQLvpAe HTTP/1.1" 200 7
181.50.192.137 - - [15/Oct/2014:06:20:41 -0500] "POST /forms/lservlet;jsessionid=ac16012b30d53c3fd5d2976e40ea8333ea0525b72121.e3iSbxaKaheRe34Sa3yKbhiTahb0n6jAmljGr5XDqQLvpAe HTTP/1.1" 200 219
181.50.192.137 - - [15/Oct/2014:06:20:42 -0500] "POST /forms/lservlet;jsessionid=ac16012b30d53c3fd5d2976e40ea8333ea0525b72121.e3iSbxaKaheRe34Sa3yKbhiTahb0n6jAmljGr5XDqQLvpAe HTTP/1.1" 200 7
181.50.192.137 - - [15/Oct/2014:06:20:42 -0500] "POST /forms/lservlet;jsessionid=ac16012b30d53c3fd5d2976e40ea8333ea0525b72121.e3iSbxaKaheRe34Sa3yKbhiTahb0n6jAmljGr5XDqQLvpAe HTTP/1.1" 200 239
181.50.192.137 - - [15/Oct/2014:06:20:43 -0500] "POST /forms/lservlet;jsessionid=ac16012b30d53c3fd5d2976e40ea8333ea0525b72121.e3iSbxaKaheRe34Sa3yKbhiTahb0n6jAmljGr5XDqQLvpAe HTTP/1.1" 200 58
181.50.192.137 - - [15/Oct/2014:06:20:43 -0500] "POST /forms/lservlet;jsessionid=ac16012b30d53c3fd5d2976e40ea8333ea0525b72121.e3iSbxaKaheRe34Sa3yKbhiTahb0n6jAmljGr5XDqQLvpAe HTTP/1.1" 200 18
181.50.192.137 - - [15/Oct/2014:06:20:44 -0500] "POST /forms/lservlet;jsessionid=ac16012b30d53c3fd5d2976e40ea8333ea0525b72121.e3iSbxaKaheRe34Sa3yKbhiTahb0n6jAmljGr5XDqQLvpAe HTTP/1.1" 200 2
190.253.77.34 - - [15/Oct/2014:06:20:48 -0500] "GET /BLA/boletinlegal/js/jquery.js HTTP/1.1" 200 57254
190.253.77.34 - - [15/Oct/2014:06:20:48 -0500] "GET /BLA/boletinlegal/js/jquery.scrollShow.js HTTP/1.1" 200 4586
190.253.77.34 - - [15/Oct/2014:06:20:48 -0500] "GET /BLA/boletinlegal/js/jquery.scrollTo-min.js HTTP/1.1" 200 1150
181.50.192.137 - - [15/Oct/2014:06:20:48 -0500] "POST /forms/lservlet;jsessionid=ac16012b30d53c3fd5d2976e40ea8333ea0525b72121.e3iSbxaKaheRe34Sa3yKbhiTahb0n6jAmljGr5XDqQLvpAe HTTP/1.1" 200 66
181.50.192.137 - - [15/Oct/2014:06:20:48 -0500] "POST /forms/lservlet;jsessionid=ac16012b30d53c3fd5d2976e40ea8333ea0525b72121.e3iSbxaKaheRe34Sa3yKbhiTahb0n6jAmljGr5XDqQLvpAe HTTP/1.1" 200 27
181.50.192.137 - - [15/Oct/2014:06:20:49 -0500] "POST /forms/lservlet;jsessionid=ac16012b30d53c3fd5d2976e40ea8333ea0525b72121.e3iSbxaKaheRe34Sa3yKbhiTahb0n6jAmljGr5XDqQLvpAe HTTP/1.1" 200 129
181.50.192.137 - - [15/Oct/2014:06:20:51 -0500] "POST /forms/lservlet;jsessionid=ac16012b30d53c3fd5d2976e40ea8333ea0525b72121.e3iSbxaKaheRe34Sa3yKbhiTahb0n6jAmljGr5XDqQLvpAe HTTP/1.1" 200 7
181.50.192.137 - - [15/Oct/2014:06:20:51 -0500] "POST /forms/lservlet;jsessionid=ac16012b30d53c3fd5d2976e40ea8333ea0525b72121.e3iSbxaKaheRe34Sa3yKbhiTahb0n6jAmljGr5XDqQLvpAe HTTP/1.1" 200 328
190.253.77.34 - - [15/Oct/2014:06:20:52 -0500] "GET /hidrico/aguas%20subterraneas/ HTTP/1.1" 404 1296
180.76.6.48 - - [15/Oct/2014:06:20:52 -0500] "GET /BLA/resoluciones/RESOLUCIONES%202011/5251.pdf HTTP/1.1" 200 358658
181.50.192.137 - - [15/Oct/2014:06:20:52 -0500] "POST /forms/lservlet;jsessionid=ac16012b30d53c3fd5d2976e40ea8333ea0525b72121.e3iSbxaKaheRe34Sa3yKbhiTahb0n6jAmljGr5XDqQLvpAe HTTP/1.1" 200 116
181.50.192.137 - - [15/Oct/2014:06:20:52 -0500] "POST /forms/lservlet;jsessionid=ac16012b30d53c3fd5d2976e40ea8333ea0525b72121.e3iSbxaKaheRe34Sa3yKbhiTahb0n6jAmljGr5XDqQLvpAe HTTP/1.1" 200 2
181.50.192.137 - - [15/Oct/2014:06:20:53 -0500] "POST /forms/lservlet;jsessionid=ac16012b30d53c3fd5d2976e40ea8333ea0525b72121.e3iSbxaKaheRe34Sa3yKbhiTahb0n6jAmljGr5XDqQLvpAe HTTP/1.1" 200 14
181.50.192.137 - - [15/Oct/2014:06:20:54 -0500] "POST /forms/lservlet;jsessionid=ac16012b30d53c3fd5d2976e40ea8333ea0525b72121.e3iSbxaKaheRe34Sa3yKbhiTahb0n6jAmljGr5XDqQLvpAe HTTP/1.1" 200 14
181.50.192.137 - - [15/Oct/2014:06:20:55 -0500] "POST /forms/lservlet;jsessionid=ac16012b30d53c3fd5d2976e40ea8333ea0525b72121.e3iSbxaKaheRe34Sa3yKbhiTahb0n6jAmljGr5XDqQLvpAe HTTP/1.1" 200 90
181.50.192.137 - - [15/Oct/2014:06:20:56 -0500] "POST /forms/lservlet;jsessionid=ac16012b30d53c3fd5d2976e40ea8333ea0525b72121.e3iSbxaKaheRe34Sa3yKbhiTahb0n6jAmljGr5XDqQLvpAe HTTP/1.1" 200 485
181.50.192.137 - - [15/Oct/2014:06:20:57 -0500] "POST /forms/lservlet;jsessionid=ac16012b30d53c3fd5d2976e40ea8333ea0525b72121.e3iSbxaKaheRe34Sa3yKbhiTahb0n6jAmljGr5XDqQLvpAe HTTP/1.1" 200 2
181.50.192.137 - - [15/Oct/2014:06:20:57 -0500] "POST /forms/lservlet;jsessionid=ac16012b30d53c3fd5d2976e40ea8333ea0525b72121.e3iSbxaKaheRe34Sa3yKbhiTahb0n6jAmljGr5XDqQLvpAe HTTP/1.1" 200 78
181.50.192.137 - - [15/Oct/2014:06:20:58 -0500] "POST /forms/lservlet;jsessionid=ac16012b30d53c3fd5d2976e40ea8333ea0525b72121.e3iSbxaKaheRe34Sa3yKbhiTahb0n6jAmljGr5XDqQLvpAe HTTP/1.1" 200 11
181.50.192.137 - - [15/Oct/2014:06:20:59 -0500] "POST /forms/lservlet;jsessionid=ac16012b30d53c3fd5d2976e40ea8333ea0525b72121.e3iSbxaKaheRe34Sa3yKbhiTahb0n6jAmljGr5XDqQLvpAe HTTP/1.1" 200 98
181.50.192.137 - - [15/Oct/2014:06:21:00 -0500] "POST /forms/lservlet;jsessionid=ac16012b30d53c3fd5d2976e40ea8333ea0525b72121.e3iSbxaKaheRe34Sa3yKbhiTahb0n6jAmljGr5XDqQLvpAe HTTP/1.1" 200 91
181.50.192.137 - - [15/Oct/2014:06:21:00 -0500] "POST /forms/lservlet;jsessionid=ac16012b30d53c3fd5d2976e40ea8333ea0525b72121.e3iSbxaKaheRe34Sa3yKbhiTahb0n6jAmljGr5XDqQLvpAe HTTP/1.1" 200 2
181.50.192.137 - - [15/Oct/2014:06:21:00 -0500] "POST /forms/lservlet;jsessionid=ac16012b30d53c3fd5d2976e40ea8333ea0525b72121.e3iSbxaKaheRe34Sa3yKbhiTahb0n6jAmljGr5XDqQLvpAe HTTP/1.1" 200 107
181.50.192.137 - - [15/Oct/2014:06:21:00 -0500] "POST /forms/lservlet;jsessionid=ac16012b30d53c3fd5d2976e40ea8333ea0525b72121.e3iSbxaKaheRe34Sa3yKbhiTahb0n6jAmljGr5XDqQLvpAe HTTP/1.1" 200 2
181.50.192.137 - - [15/Oct/2014:06:21:01 -0500] "POST /forms/lservlet;jsessionid=ac16012b30d53c3fd5d2976e40ea8333ea0525b72121.e3iSbxaKaheRe34Sa3yKbhiTahb0n6jAmljGr5XDqQLvpAe HTTP/1.1" 200 2
181.50.192.137 - - [15/Oct/2014:06:21:01 -0500] "POST /forms/lservlet;jsessionid=ac16012b30d53c3fd5d2976e40ea8333ea0525b72121.e3iSbxaKaheRe34Sa3yKbhiTahb0n6jAmljGr5XDqQLvpAe HTTP/1.1" 200 104
181.50.192.137 - - [15/Oct/2014:06:21:02 -0500] "POST /forms/lservlet;jsessionid=ac16012b30d53c3fd5d2976e40ea8333ea0525b72121.e3iSbxaKaheRe34Sa3yKbhiTahb0n6jAmljGr5XDqQLvpAe HTTP/1.1" 200 2
181.50.192.137 - - [15/Oct/2014:06:21:03 -0500] "POST /forms/lservlet;jsessionid=ac16012b30d53c3fd5d2976e40ea8333ea0525b72121.e3iSbxaKaheRe34Sa3yKbhiTahb0n6jAmljGr5XDqQLvpAe HTTP/1.1" 200 2
181.50.192.137 - - [15/Oct/2014:06:21:03 -0500] "POST /forms/lservlet;jsessionid=ac16012b30d53c3fd5d2976e40ea8333ea0525b72121.e3iSbxaKaheRe34Sa3yKbhiTahb0n6jAmljGr5XDqQLvpAe HTTP/1.1" 200 192
181.50.192.137 - - [15/Oct/2014:06:21:03 -0500] "POST /forms/lservlet;jsessionid=ac16012b30d53c3fd5d2976e40ea8333ea0525b72121.e3iSbxaKaheRe34Sa3yKbhiTahb0n6jAmljGr5XDqQLvpAe HTTP/1.1" 200 96
181.50.192.137 - - [15/Oct/2014:06:21:05 -0500] "POST /forms/lservlet;jsessionid=ac16012b30d53c3fd5d2976e40ea8333ea0525b72121.e3iSbxaKaheRe34Sa3yKbhiTahb0n6jAmljGr5XDqQLvpAe HTTP/1.1" 200 2
181.50.192.137 - - [15/Oct/2014:06:21:05 -0500] "POST /forms/lservlet;jsessionid=ac16012b30d53c3fd5d2976e40ea8333ea0525b72121.e3iSbxaKaheRe34Sa3yKbhiTahb0n6jAmljGr5XDqQLvpAe HTTP/1.1" 200 2272
181.50.192.137 - - [15/Oct/2014:06:21:06 -0500] "POST /forms/lservlet;jsessionid=ac16012b30d53c3fd5d2976e40ea8333ea0525b72121.e3iSbxaKaheRe34Sa3yKbhiTahb0n6jAmljGr5XDqQLvpAe HTTP/1.1" 200 10
181.50.192.137 - - [15/Oct/2014:06:21:07 -0500] "POST /forms/lservlet;jsessionid=ac16012b30d53c3fd5d2976e40ea8333ea0525b72121.e3iSbxaKaheRe34Sa3yKbhiTahb0n6jAmljGr5XDqQLvpAe HTTP/1.1" 200 22
66.249.65.119 - - [15/Oct/2014:06:21:07 -0500] "GET /BLA/resoluciones/AUTOS%202008/3177.pdf HTTP/1.1" 200 193930
181.50.192.137 - - [15/Oct/2014:06:21:07 -0500] "POST /forms/lservlet;jsessionid=ac16012b30d53c3fd5d2976e40ea8333ea0525b72121.e3iSbxaKaheRe34Sa3yKbhiTahb0n6jAmljGr5XDqQLvpAe HTTP/1.1" 200 3218
181.50.192.137 - - [15/Oct/2014:06:21:08 -0500] "POST /forms/lservlet;jsessionid=ac16012b30d53c3fd5d2976e40ea8333ea0525b72121.e3iSbxaKaheRe34Sa3yKbhiTahb0n6jAmljGr5XDqQLvpAe HTTP/1.1" 200 2
181.50.192.137 - - [15/Oct/2014:06:21:08 -0500] "POST /forms/lservlet;jsessionid=ac16012b30d53c3fd5d2976e40ea8333ea0525b72121.e3iSbxaKaheRe34Sa3yKbhiTahb0n6jAmljGr5XDqQLvpAe HTTP/1.1" 200 141
181.50.192.137 - - [15/Oct/2014:06:21:09 -0500] "POST /forms/lservlet;jsessionid=ac16012b30d53c3fd5d2976e40ea8333ea0525b72121.e3iSbxaKaheRe34Sa3yKbhiTahb0n6jAmljGr5XDqQLvpAe HTTP/1.1" 200 72
181.50.192.137 - - [15/Oct/2014:06:21:10 -0500] "POST /forms/lservlet;jsessionid=ac16012b30d53c3fd5d2976e40ea8333ea0525b72121.e3iSbxaKaheRe34Sa3yKbhiTahb0n6jAmljGr5XDqQLvpAe HTTP/1.1" 200 33
181.50.192.137 - - [15/Oct/2014:06:21:10 -0500] "POST /forms/lservlet;jsessionid=ac16012b30d53c3fd5d2976e40ea8333ea0525b72121.e3iSbxaKaheRe34Sa3yKbhiTahb0n6jAmljGr5XDqQLvpAe HTTP/1.1" 200 72
181.50.192.137 - - [15/Oct/2014:06:21:10 -0500] "POST /forms/lservlet;jsessionid=ac16012b30d53c3fd5d2976e40ea8333ea0525b72121.e3iSbxaKaheRe34Sa3yKbhiTahb0n6jAmljGr5XDqQLvpAe HTTP/1.1" 200 2
181.50.192.137 - - [15/Oct/2014:06:21:10 -0500] "POST /forms/lservlet;jsessionid=ac16012b30d53c3fd5d2976e40ea8333ea0525b72121.e3iSbxaKaheRe34Sa3yKbhiTahb0n6jAmljGr5XDqQLvpAe HTTP/1.1" 200 77
181.50.192.137 - - [15/Oct/2014:06:21:10 -0500] "POST /forms/lservlet;jsessionid=ac16012b30d53c3fd5d2976e40ea8333ea0525b72121.e3iSbxaKaheRe34Sa3yKbhiTahb0n6jAmljGr5XDqQLvpAe HTTP/1.1" 200 2
181.50.192.137 - - [15/Oct/2014:06:21:12 -0500] "POST /forms/lservlet;jsessionid=ac16012b30d53c3fd5d2976e40ea8333ea0525b72121.e3iSbxaKaheRe34Sa3yKbhiTahb0n6jAmljGr5XDqQLvpAe HTTP/1.1" 200 2
181.50.192.137 - - [15/Oct/2014:06:21:12 -0500] "POST /forms/lservlet;jsessionid=ac16012b30d53c3fd5d2976e40ea8333ea0525b72121.e3iSbxaKaheRe34Sa3yKbhiTahb0n6jAmljGr5XDqQLvpAe HTTP/1.1" 200 104
181.50.192.137 - - [15/Oct/2014:06:21:12 -0500] "POST /forms/lservlet;jsessionid=ac16012b30d53c3fd5d2976e40ea8333ea0525b72121.e3iSbxaKaheRe34Sa3yKbhiTahb0n6jAmljGr5XDqQLvpAe HTTP/1.1" 200 2
181.50.192.137 - - [15/Oct/2014:06:21:13 -0500] "POST /forms/lservlet;jsessionid=ac16012b30d53c3fd5d2976e40ea8333ea0525b72121.e3iSbxaKaheRe34Sa3yKbhiTahb0n6jAmljGr5XDqQLvpAe HTTP/1.1" 200 142
181.50.192.137 - - [15/Oct/2014:06:21:13 -0500] "POST /forms/lservlet;jsessionid=ac16012b30d53c3fd5d2976e40ea8333ea0525b72121.e3iSbxaKaheRe34Sa3yKbhiTahb0n6jAmljGr5XDqQLvpAe HTTP/1.1" 200 130
181.50.192.137 - - [15/Oct/2014:06:21:13 -0500] "POST /forms/lservlet;jsessionid=ac16012b30d53c3fd5d2976e40ea8333ea0525b72121.e3iSbxaKaheRe34Sa3yKbhiTahb0n6jAmljGr5XDqQLvpAe HTTP/1.1" 200 7
181.50.192.137 - - [15/Oct/2014:06:21:15 -0500] "POST /forms/lservlet;jsessionid=ac16012b30d53c3fd5d2976e40ea8333ea0525b72121.e3iSbxaKaheRe34Sa3yKbhiTahb0n6jAmljGr5XDqQLvpAe HTTP/1.1" 200 191
181.50.192.137 - - [15/Oct/2014:06:21:15 -0500] "POST /forms/lservlet;jsessionid=ac16012b30d53c3fd5d2976e40ea8333ea0525b72121.e3iSbxaKaheRe34Sa3yKbhiTahb0n6jAmljGr5XDqQLvpAe HTTP/1.1" 200 7
181.50.192.137 - - [15/Oct/2014:06:21:15 -0500] "POST /forms/lservlet;jsessionid=ac16012b30d53c3fd5d2976e40ea8333ea0525b72121.e3iSbxaKaheRe34Sa3yKbhiTahb0n6jAmljGr5XDqQLvpAe HTTP/1.1" 200 99
181.50.192.137 - - [15/Oct/2014:06:21:16 -0500] "POST /forms/lservlet;jsessionid=ac16012b30d53c3fd5d2976e40ea8333ea0525b72121.e3iSbxaKaheRe34Sa3yKbhiTahb0n6jAmljGr5XDqQLvpAe HTTP/1.1" 200 2
181.50.192.137 - - [15/Oct/2014:06:21:16 -0500] "GET /imagenes/listval.gif HTTP/1.1" 200 905
181.50.192.137 - - [15/Oct/2014:06:21:16 -0500] "POST /forms/lservlet;jsessionid=ac16012b30d53c3fd5d2976e40ea8333ea0525b72121.e3iSbxaKaheRe34Sa3yKbhiTahb0n6jAmljGr5XDqQLvpAe HTTP/1.1" 200 120
181.50.192.137 - - [15/Oct/2014:06:21:16 -0500] "POST /forms/lservlet;jsessionid=ac16012b30d53c3fd5d2976e40ea8333ea0525b72121.e3iSbxaKaheRe34Sa3yKbhiTahb0n6jAmljGr5XDqQLvpAe HTTP/1.1" 200 7
181.50.192.137 - - [15/Oct/2014:06:21:16 -0500] "POST /forms/lservlet;jsessionid=ac16012b30d53c3fd5d2976e40ea8333ea0525b72121.e3iSbxaKaheRe34Sa3yKbhiTahb0n6jAmljGr5XDqQLvpAe HTTP/1.1" 200 167
181.50.192.137 - - [15/Oct/2014:06:21:16 -0500] "GET /imagenes/listval.gif HTTP/1.1" 200 905
181.50.192.137 - - [15/Oct/2014:06:21:17 -0500] "POST /forms/lservlet;jsessionid=ac16012b30d53c3fd5d2976e40ea8333ea0525b72121.e3iSbxaKaheRe34Sa3yKbhiTahb0n6jAmljGr5XDqQLvpAe HTTP/1.1" 200 11
181.50.192.137 - - [15/Oct/2014:06:21:17 -0500] "POST /forms/lservlet;jsessionid=ac16012b30d53c3fd5d2976e40ea8333ea0525b72121.e3iSbxaKaheRe34Sa3yKbhiTahb0n6jAmljGr5XDqQLvpAe HTTP/1.1" 200 589
181.50.192.137 - - [15/Oct/2014:06:21:18 -0500] "POST /forms/lservlet;jsessionid=ac16012b30d53c3fd5d2976e40ea8333ea0525b72121.e3iSbxaKaheRe34Sa3yKbhiTahb0n6jAmljGr5XDqQLvpAe HTTP/1.1" 200 7
181.50.192.137 - - [15/Oct/2014:06:21:18 -0500] "POST /forms/lservlet;jsessionid=ac16012b30d53c3fd5d2976e40ea8333ea0525b72121.e3iSbxaKaheRe34Sa3yKbhiTahb0n6jAmljGr5XDqQLvpAe HTTP/1.1" 200 285
181.50.192.137 - - [15/Oct/2014:06:21:18 -0500] "POST /forms/lservlet;jsessionid=ac16012b30d53c3fd5d2976e40ea8333ea0525b72121.e3iSbxaKaheRe34Sa3yKbhiTahb0n6jAmljGr5XDqQLvpAe HTTP/1.1" 200 47
181.50.192.137 - - [15/Oct/2014:06:21:18 -0500] "POST /forms/lservlet;jsessionid=ac16012b30d53c3fd5d2976e40ea8333ea0525b72121.e3iSbxaKaheRe34Sa3yKbhiTahb0n6jAmljGr5XDqQLvpAe HTTP/1.1" 200 18
181.50.192.137 - - [15/Oct/2014:06:21:19 -0500] "POST /forms/lservlet;jsessionid=ac16012b30d53c3fd5d2976e40ea8333ea0525b72121.e3iSbxaKaheRe34Sa3yKbhiTahb0n6jAmljGr5XDqQLvpAe HTTP/1.1" 200 2
181.50.192.137 - - [15/Oct/2014:06:21:26 -0500] "POST /forms/lservlet;jsessionid=ac16012b30d53c3fd5d2976e40ea8333ea0525b72121.e3iSbxaKaheRe34Sa3yKbhiTahb0n6jAmljGr5XDqQLvpAe HTTP/1.1" 200 60
181.50.192.137 - - [15/Oct/2014:06:21:26 -0500] "POST /forms/lservlet;jsessionid=ac16012b30d53c3fd5d2976e40ea8333ea0525b72121.e3iSbxaKaheRe34Sa3yKbhiTahb0n6jAmljGr5XDqQLvpAe HTTP/1.1" 200 60
181.50.192.137 - - [15/Oct/2014:06:21:26 -0500] "POST /forms/lservlet;jsessionid=ac16012b30d53c3fd5d2976e40ea8333ea0525b72121.e3iSbxaKaheRe34Sa3yKbhiTahb0n6jAmljGr5XDqQLvpAe HTTP/1.1" 200 296
181.50.192.137 - - [15/Oct/2014:06:21:28 -0500] "POST /forms/lservlet;jsessionid=ac16012b30d53c3fd5d2976e40ea8333ea0525b72121.e3iSbxaKaheRe34Sa3yKbhiTahb0n6jAmljGr5XDqQLvpAe HTTP/1.1" 200 178
181.50.192.137 - - [15/Oct/2014:06:21:28 -0500] "POST /forms/lservlet;jsessionid=ac16012b30d53c3fd5d2976e40ea8333ea0525b72121.e3iSbxaKaheRe34Sa3yKbhiTahb0n6jAmljGr5XDqQLvpAe HTTP/1.1" 200 11
181.50.192.137 - - [15/Oct/2014:06:21:29 -0500] "POST /forms/lservlet;jsessionid=ac16012b30d53c3fd5d2976e40ea8333ea0525b72121.e3iSbxaKaheRe34Sa3yKbhiTahb0n6jAmljGr5XDqQLvpAe HTTP/1.1" 200 7
66.249.65.59 - - [15/Oct/2014:06:21:29 -0500] "GET /POT-2013/Cartografia/10_EEP_Urbana.pdf HTTP/1.1" 304 -
181.50.192.137 - - [15/Oct/2014:06:21:30 -0500] "POST /forms/lservlet;jsessionid=ac16012b30d53c3fd5d2976e40ea8333ea0525b72121.e3iSbxaKaheRe34Sa3yKbhiTahb0n6jAmljGr5XDqQLvpAe HTTP/1.1" 200 136
181.50.192.137 - - [15/Oct/2014:06:21:30 -0500] "POST /forms/lservlet;jsessionid=ac16012b30d53c3fd5d2976e40ea8333ea0525b72121.e3iSbxaKaheRe34Sa3yKbhiTahb0n6jAmljGr5XDqQLvpAe HTTP/1.1" 200 7
181.50.192.137 - - [15/Oct/2014:06:21:31 -0500] "POST /forms/lservlet;jsessionid=ac16012b30d53c3fd5d2976e40ea8333ea0525b72121.e3iSbxaKaheRe34Sa3yKbhiTahb0n6jAmljGr5XDqQLvpAe HTTP/1.1" 200 130
181.50.192.137 - - [15/Oct/2014:06:21:32 -0500] "POST /forms/lservlet;jsessionid=ac16012b30d53c3fd5d2976e40ea8333ea0525b72121.e3iSbxaKaheRe34Sa3yKbhiTahb0n6jAmljGr5XDqQLvpAe HTTP/1.1" 200 2
181.50.192.137 - - [15/Oct/2014:06:21:33 -0500] "POST /forms/lservlet;jsessionid=ac16012b30d53c3fd5d2976e40ea8333ea0525b72121.e3iSbxaKaheRe34Sa3yKbhiTahb0n6jAmljGr5XDqQLvpAe HTTP/1.1" 200 116
181.50.192.137 - - [15/Oct/2014:06:21:33 -0500] "POST /forms/lservlet;jsessionid=ac16012b30d53c3fd5d2976e40ea8333ea0525b72121.e3iSbxaKaheRe34Sa3yKbhiTahb0n6jAmljGr5XDqQLvpAe HTTP/1.1" 200 2
181.50.192.137 - - [15/Oct/2014:06:21:34 -0500] "POST /forms/lservlet;jsessionid=ac16012b30d53c3fd5d2976e40ea8333ea0525b72121.e3iSbxaKaheRe34Sa3yKbhiTahb0n6jAmljGr5XDqQLvpAe HTTP/1.1" 200 2
181.50.192.137 - - [15/Oct/2014:06:21:34 -0500] "POST /forms/lservlet;jsessionid=ac16012b30d53c3fd5d2976e40ea8333ea0525b72121.e3iSbxaKaheRe34Sa3yKbhiTahb0n6jAmljGr5XDqQLvpAe HTTP/1.1" 200 348
181.50.192.137 - - [15/Oct/2014:06:21:35 -0500] "POST /forms/lservlet;jsessionid=ac16012b30d53c3fd5d2976e40ea8333ea0525b72121.e3iSbxaKaheRe34Sa3yKbhiTahb0n6jAmljGr5XDqQLvpAe HTTP/1.1" 200 2
181.50.192.137 - - [15/Oct/2014:06:21:35 -0500] "POST /forms/lservlet;jsessionid=ac16012b30d53c3fd5d2976e40ea8333ea0525b72121.e3iSbxaKaheRe34Sa3yKbhiTahb0n6jAmljGr5XDqQLvpAe HTTP/1.1" 200 82
181.50.192.137 - - [15/Oct/2014:06:21:35 -0500] "POST /forms/lservlet;jsessionid=ac16012b30d53c3fd5d2976e40ea8333ea0525b72121.e3iSbxaKaheRe34Sa3yKbhiTahb0n6jAmljGr5XDqQLvpAe HTTP/1.1" 200 2
181.50.192.137 - - [15/Oct/2014:06:21:36 -0500] "POST /forms/lservlet;jsessionid=ac16012b30d53c3fd5d2976e40ea8333ea0525b72121.e3iSbxaKaheRe34Sa3yKbhiTahb0n6jAmljGr5XDqQLvpAe HTTP/1.1" 200 2
181.50.192.137 - - [15/Oct/2014:06:21:37 -0500] "POST /forms/lservlet;jsessionid=ac16012b30d53c3fd5d2976e40ea8333ea0525b72121.e3iSbxaKaheRe34Sa3yKbhiTahb0n6jAmljGr5XDqQLvpAe HTTP/1.1" 200 11
181.50.192.137 - - [15/Oct/2014:06:21:38 -0500] "POST /forms/lservlet;jsessionid=ac16012b30d53c3fd5d2976e40ea8333ea0525b72121.e3iSbxaKaheRe34Sa3yKbhiTahb0n6jAmljGr5XDqQLvpAe HTTP/1.1" 200 7
181.50.192.137 - - [15/Oct/2014:06:21:40 -0500] "POST /forms/lservlet;jsessionid=ac16012b30d53c3fd5d2976e40ea8333ea0525b72121.e3iSbxaKaheRe34Sa3yKbhiTahb0n6jAmljGr5XDqQLvpAe HTTP/1.1" 200 2
181.50.192.137 - - [15/Oct/2014:06:21:40 -0500] "POST /forms/lservlet;jsessionid=ac16012b30d53c3fd5d2976e40ea8333ea0525b72121.e3iSbxaKaheRe34Sa3yKbhiTahb0n6jAmljGr5XDqQLvpAe HTTP/1.1" 200 101
181.50.192.137 - - [15/Oct/2014:06:21:40 -0500] "POST /forms/lservlet;jsessionid=ac16012b30d53c3fd5d2976e40ea8333ea0525b72121.e3iSbxaKaheRe34Sa3yKbhiTahb0n6jAmljGr5XDqQLvpAe HTTP/1.1" 200 2
181.50.192.137 - - [15/Oct/2014:06:21:41 -0500] "POST /forms/lservlet;jsessionid=ac16012b30d53c3fd5d2976e40ea8333ea0525b72121.e3iSbxaKaheRe34Sa3yKbhiTahb0n6jAmljGr5XDqQLvpAe HTTP/1.1" 200 107
181.50.192.137 - - [15/Oct/2014:06:21:41 -0500] "POST /forms/lservlet;jsessionid=ac16012b30d53c3fd5d2976e40ea8333ea0525b72121.e3iSbxaKaheRe34Sa3yKbhiTahb0n6jAmljGr5XDqQLvpAe HTTP/1.1" 200 2
66.249.65.119 - - [15/Oct/2014:06:21:42 -0500] "GET /BLA/resoluciones/RESOLUCIONES%202008/3259.pdf HTTP/1.1" 200 675206
181.50.192.137 - - [15/Oct/2014:06:21:42 -0500] "POST /forms/lservlet;jsessionid=ac16012b30d53c3fd5d2976e40ea8333ea0525b72121.e3iSbxaKaheRe34Sa3yKbhiTahb0n6jAmljGr5XDqQLvpAe HTTP/1.1" 200 7
180.76.6.43 - - [15/Oct/2014:06:21:44 -0500] "GET /BLA/resoluciones/RESOLUCIONES%202010/1596.pdf HTTP/1.1" 200 427906
181.50.192.137 - - [15/Oct/2014:06:21:44 -0500] "POST /forms/lservlet;jsessionid=ac16012b30d53c3fd5d2976e40ea8333ea0525b72121.e3iSbxaKaheRe34Sa3yKbhiTahb0n6jAmljGr5XDqQLvpAe HTTP/1.1" 200 7
181.50.192.137 - - [15/Oct/2014:06:21:44 -0500] "POST /forms/lservlet;jsessionid=ac16012b30d53c3fd5d2976e40ea8333ea0525b72121.e3iSbxaKaheRe34Sa3yKbhiTahb0n6jAmljGr5XDqQLvpAe HTTP/1.1" 200 13823
181.50.192.137 - - [15/Oct/2014:06:21:45 -0500] "GET /imagenes/open.gif HTTP/1.1" 200 919
181.50.192.137 - - [15/Oct/2014:06:21:45 -0500] "GET /imagenes/listval.gif HTTP/1.1" 200 905
181.50.192.137 - - [15/Oct/2014:06:21:45 -0500] "GET /imagenes/rt_print.gif HTTP/1.1" 200 916
181.50.192.137 - - [15/Oct/2014:06:21:45 -0500] "POST /forms/lservlet;jsessionid=ac16012b30d53c3fd5d2976e40ea8333ea0525b72121.e3iSbxaKaheRe34Sa3yKbhiTahb0n6jAmljGr5XDqQLvpAe HTTP/1.1" 200 29
181.50.192.137 - - [15/Oct/2014:06:21:45 -0500] "POST /forms/lservlet;jsessionid=ac16012b30d53c3fd5d2976e40ea8333ea0525b72121.e3iSbxaKaheRe34Sa3yKbhiTahb0n6jAmljGr5XDqQLvpAe HTTP/1.1" 200 2
181.50.192.137 - - [15/Oct/2014:06:21:45 -0500] "GET /imagenes/listval.gif HTTP/1.1" 200 905
181.50.192.137 - - [15/Oct/2014:06:21:45 -0500] "POST /forms/lservlet;jsessionid=ac16012b30d53c3fd5d2976e40ea8333ea0525b72121.e3iSbxaKaheRe34Sa3yKbhiTahb0n6jAmljGr5XDqQLvpAe HTTP/1.1" 200 875
181.50.192.137 - - [15/Oct/2014:06:21:46 -0500] "POST /forms/lservlet;jsessionid=ac16012b30d53c3fd5d2976e40ea8333ea0525b72121.e3iSbxaKaheRe34Sa3yKbhiTahb0n6jAmljGr5XDqQLvpAe HTTP/1.1" 200 11
66.249.65.123 - - [15/Oct/2014:06:21:50 -0500] "GET /BLA/resoluciones/RESOLUCIONES%202010/3847.pdf HTTP/1.1" 304 -
181.50.192.137 - - [15/Oct/2014:06:21:52 -0500] "POST /forms/lservlet;jsessionid=ac16012b30d53c3fd5d2976e40ea8333ea0525b72121.e3iSbxaKaheRe34Sa3yKbhiTahb0n6jAmljGr5XDqQLvpAe HTTP/1.1" 200 2
66.249.65.115 - - [15/Oct/2014:06:22:17 -0500] "GET /BLA/resoluciones/RESOLUCIONES%202007/RES%202007%20501%20AL%20600/RESOLUCION%200587%20DE%202007.pdf HTTP/1.1" 200 2387795
152.61.128.66 - - [15/Oct/2014:06:22:18 -0500] "HEAD / HTTP/1.1" 302 -
152.61.128.66 - - [15/Oct/2014:06:22:18 -0500] "GET /arcgis/services/Calidad_del_Agua_WQI/MapServer/WMSServer?SERVICE=WMS&REQUEST=GetCapabilities HTTP/1.1" 200 32135
152.61.128.66 - - [15/Oct/2014:06:22:19 -0500] "GET /arcgis/services/Calidad_del_Agua_WQI/MapServer/WMSServer?SERVICE=WMS&REQUEST=GetCapabilities HTTP/1.0" 200 32135
152.61.128.66 - - [15/Oct/2014:06:22:20 -0500] "GET /arcgis/services/Calidad_del_Agua_WQI/MapServer/WMSServer?SERVICE=WMS&REQUEST=GetCapabilities HTTP/1.0" 200 32135
152.61.128.66 - - [15/Oct/2014:06:22:21 -0500] "GET /arcgis/services/Calidad_del_Agua_WQI/MapServer/WMSServer?SERVICE=WMS&REQUEST=GetCapabilities HTTP/1.0" 200 32135
152.61.128.66 - - [15/Oct/2014:06:22:22 -0500] "GET /arcgis/services/Calidad_del_Agua_WQI/MapServer/WMSServer?VERSION=1.1.1&REQUEST=GetMap&LAYERS=0&SRS=EPSG:4326&BBOX=-74.473395,3.674381,-73.963300,4.920569&WIDTH=250&HEIGHT=250&FORMAT=image/bmp&STYLES=& HTTP/1.1" 200 188054
190.66.114.118 - - [15/Oct/2014:06:22:31 -0500] "GET /isolucionsda/g/Bot_MeciOver_ESP.jpg HTTP/1.1" 200 4440
190.66.114.118 - - [15/Oct/2014:06:22:31 -0500] "GET /isolucionsda/g/Bot_AdministradorOver.jpg HTTP/1.1" 200 1630
180.76.5.62 - - [15/Oct/2014:06:22:35 -0500] "GET /BLA/resoluciones/AUTOS%202012/0449.pdf HTTP/1.1" 200 270221
190.66.114.118 - - [15/Oct/2014:06:22:40 -0500] "GET /isolucionsda/g/Bot_AdministradorOver.jpg HTTP/1.1" 200 1630
190.66.114.118 - - [15/Oct/2014:06:22:40 -0500] "GET /isolucionsda/g/Bot_MeciOver_ESP.jpg HTTP/1.1" 200 4440
190.66.114.118 - - [15/Oct/2014:06:22:41 -0500] "GET /isolucionsda/FrameSetGeneral.asp?Pagina=BancoConocimiento/m/meci/meci.asp&IdModulo=16 HTTP/1.1" 200 6686
190.66.114.118 - - [15/Oct/2014:06:22:41 -0500] "GET /isolucionsda/Encabezado.asp?Pagina=BancoConocimiento/m/meci/meci.asp&IdModulo=16 HTTP/1.1" 200 15374
190.66.114.118 - - [15/Oct/2014:06:22:41 -0500] "GET /isolucionsda/BarraTitulos.asp?Pagina=BancoConocimiento/m/meci/meci.asp&IdModulo=16 HTTP/1.1" 200 6976
190.66.114.118 - - [15/Oct/2014:06:22:42 -0500] "GET /isolucionsda/BarraFavoritos.asp HTTP/1.1" 200 911
190.66.114.118 - - [15/Oct/2014:06:22:41 -0500] "GET /isolucionsda/BancoConocimiento/m/meci/meci.asp?Pagina=BancoConocimiento/m/meci/meci.asp&IdModulo=16 HTTP/1.1" 200 43638
190.66.114.118 - - [15/Oct/2014:06:22:42 -0500] "GET /isolucionsda/Session.asp?Continue=1 HTTP/1.1" 200 6324
190.66.114.118 - - [15/Oct/2014:06:22:42 -0500] "GET /isolucionsda/g/gifTrasnparente.gif HTTP/1.1" 404 5209
190.66.114.118 - - [15/Oct/2014:06:22:42 -0500] "GET /isolucionsda/estilosmapa.css HTTP/1.1" 200 1310
190.66.114.118 - - [15/Oct/2014:06:22:42 -0500] "GET /isolucionsda/g/img_puntaiz.jpg HTTP/1.1" 200 443
190.66.114.118 - - [15/Oct/2014:06:22:42 -0500] "GET /isolucionsda/g/img_puntader.jpg HTTP/1.1" 200 460
190.66.114.118 - - [15/Oct/2014:06:22:42 -0500] "GET /isolucionsda/g/img_flecha01.jpg HTTP/1.1" 200 1043
190.66.114.118 - - [15/Oct/2014:06:22:42 -0500] "GET /isolucionsda/g/img_flechaoscura.jpg HTTP/1.1" 200 860
190.66.114.118 - - [15/Oct/2014:06:22:42 -0500] "GET /isolucionsda/g/img_bullet.jpg HTTP/1.1" 200 536
190.66.114.118 - - [15/Oct/2014:06:22:42 -0500] "GET /isolucionsda/g/img_flecha02.jpg HTTP/1.1" 200 1131
190.66.114.118 - - [15/Oct/2014:06:22:42 -0500] "GET /isolucionsda/g/img_flecha03.jpg HTTP/1.1" 200 1089
190.66.114.118 - - [15/Oct/2014:06:22:42 -0500] "GET /isolucionsda/g/bgr_linea.jpg HTTP/1.1" 200 333
190.66.114.118 - - [15/Oct/2014:06:22:43 -0500] "GET /isolucionsda/g/Bot_RiesgosOver_ESP.jpg HTTP/1.1" 200 4907
66.249.65.119 - - [15/Oct/2014:06:22:52 -0500] "GET /BLA/resoluciones/RESOLUCIONES%202008/3664.pdf HTTP/1.1" 200 260974
66.249.65.55 - - [15/Oct/2014:06:22:54 -0500] "GET /POT-2013/Cartografia/32_Altura%20para%20c%C3%A1lculo%20de%20edificabilidad%20predominante%20y%20aisl.pdf HTTP/1.1" 304 -
