186.30.95.113 - - [15/Oct/2014:08:48:38 -0500] "GET /forest/img/jquery/ui-bg_gloss-wave_55_5c9ccc_500x100.png HTTP/1.1" 304 -
186.30.95.113 - - [15/Oct/2014:08:48:38 -0500] "GET /forest/img/jquery/ui-icons_d8e7f3_256x240.png HTTP/1.1" 304 -
186.30.95.113 - - [15/Oct/2014:08:48:38 -0500] "GET /forest/skins/gdocs-jar/img/doc-alert.gif HTTP/1.1" 304 -
201.245.192.253 - - [15/Oct/2014:08:48:38 -0500] "GET /galeria/carrusel/Carrusel/jquery-ui-%20%201.8.13.custom.min.js HTTP/1.1" 404 1018
186.28.189.142 - - [15/Oct/2014:08:48:39 -0500] "GET /galeria/nivo-slider/themes/default/default.css HTTP/1.1" 200 1569
186.28.189.142 - - [15/Oct/2014:08:48:39 -0500] "GET /galeria/nivo-slider/themes/pascal/pascal.css HTTP/1.1" 200 2258
186.28.189.142 - - [15/Oct/2014:08:48:39 -0500] "GET /galeria/nivo-slider/themes/orman/orman.css HTTP/1.1" 200 2152
186.28.189.142 - - [15/Oct/2014:08:48:39 -0500] "GET /galeria/nivo-slider/nivo-slider.css HTTP/1.1" 200 1507
186.28.189.142 - - [15/Oct/2014:08:48:39 -0500] "GET /galeria/nivo-slider/demo/style.css HTTP/1.1" 200 2222
186.28.189.142 - - [15/Oct/2014:08:48:39 -0500] "GET /galeria/nivo-slider/demo/scripts/jquery-1.7.1.min.js HTTP/1.1" 200 93868
186.28.189.142 - - [15/Oct/2014:08:48:39 -0500] "GET /galeria/nivo-slider/jquery.nivo.slider.pack.js HTTP/1.1" 200 11561
186.28.189.142 - - [15/Oct/2014:08:48:39 -0500] "GET /galeria/nivo-slider/demo/images/EncuentroAgua1.jpg HTTP/1.1" 200 274179
186.28.189.142 - - [15/Oct/2014:08:48:39 -0500] "GET /galeria/nivo-slider/demo/images/Tingua-azul.jpg HTTP/1.1" 200 307638
186.28.189.142 - - [15/Oct/2014:08:48:39 -0500] "GET /galeria/nivo-slider/demo/images/Banner-Caracol-Africano.jpg HTTP/1.1" 200 331986
186.28.189.142 - - [15/Oct/2014:08:48:39 -0500] "GET /galeria/nivo-slider/demo/images/9Signos.jpg HTTP/1.1" 200 93040
186.28.189.142 - - [15/Oct/2014:08:48:40 -0500] "GET /galeria/nivo-slider/demo/images/banner-encuesta.jpg HTTP/1.1" 200 42764
186.28.189.142 - - [15/Oct/2014:08:48:42 -0500] "GET /galeria/nivo-slider/demo/images/banner-llantas2.jpg HTTP/1.1" 200 73153
186.28.189.142 - - [15/Oct/2014:08:48:43 -0500] "GET /galeria/nivo-slider/demo/images/banner-caballos.png HTTP/1.1" 200 389106
186.28.189.142 - - [15/Oct/2014:08:48:43 -0500] "GET /galeria/nivo-slider/demo/images/ConstructorasFNL.jpg HTTP/1.1" 200 216551
186.28.189.142 - - [15/Oct/2014:08:48:44 -0500] "GET /galeria/nivo-slider/demo/images/Hacienda_Molinos.jpg HTTP/1.1" 200 319171
186.28.189.142 - - [15/Oct/2014:08:48:46 -0500] "GET /galeria/nivo-slider/demo/images/4Simple_Slider.png HTTP/1.1" 200 11722
186.28.189.142 - - [15/Oct/2014:08:48:46 -0500] "GET /galeria/nivo-slider/themes/default/loading.gif HTTP/1.1" 200 1737
186.28.189.142 - - [15/Oct/2014:08:48:47 -0500] "GET /galeria/nivo-slider/demo/images/bannerEcolecta3.jpg HTTP/1.1" 200 280034
66.249.65.123 - - [15/Oct/2014:08:48:52 -0500] "GET /BLA/boletinlegal/Directivas/2011/Directiva%20No.%206%20del%208%20de%20Septiembre%20de%202011.pdf HTTP/1.1" 200 996625
191.95.246.177 - - [15/Oct/2014:08:48:54 -0500] "POST /isolucionsda/IdentificaUsuario.asp?Pagina1=FrameSetGeneral.asp& HTTP/1.1" 302 173
201.245.192.253 - - [15/Oct/2014:08:48:54 -0500] "GET /forest/session.jsp?a=0.18327814967914524 HTTP/1.1" 200 4
186.28.189.142 - - [15/Oct/2014:08:48:54 -0500] "GET /galeria/nivo-slider/themes/default/arrows.png HTTP/1.1" 200 824
186.28.189.142 - - [15/Oct/2014:08:48:54 -0500] "GET /galeria/nivo-slider/themes/default/bullets.png HTTP/1.1" 200 1281
201.245.192.253 - - [15/Oct/2014:08:48:57 -0500] "GET /forest/actions/forms.getList?codForm=PRESTAMOEXPE&id=Funcionario6&text=M HTTP/1.1" 200 1276
201.245.192.253 - - [15/Oct/2014:08:48:57 -0500] "GET /forest/actions/forms.getList?codForm=PRESTAMOEXPE&id=Funcionario6&text=MA HTTP/1.1" 200 1230
201.245.192.253 - - [15/Oct/2014:08:48:57 -0500] "GET /forest/actions/forms.getList?codForm=PRESTAMOEXPE&id=Funcionario6&text=MAR HTTP/1.1" 200 1255
201.245.192.253 - - [15/Oct/2014:08:48:58 -0500] "GET /forest/actions/forms.getList?codForm=PRESTAMOEXPE&id=Funcionario6&text=MART HTTP/1.1" 200 1260
201.245.192.253 - - [15/Oct/2014:08:48:58 -0500] "GET /forest/actions/forms.getList?codForm=PRESTAMOEXPE&id=Funcionario6&text=MARTH HTTP/1.1" 200 853
201.245.192.253 - - [15/Oct/2014:08:48:58 -0500] "GET /forest/actions/forms.getList?codForm=PRESTAMOEXPE&id=Funcionario6&text=MARTHA HTTP/1.1" 200 853
201.245.192.253 - - [15/Oct/2014:08:48:58 -0500] "GET /forest/actions/forms.getList?codForm=PRESTAMOEXPE&id=Funcionario6&text=MARTHA%20 HTTP/1.1" 200 853
201.245.192.253 - - [15/Oct/2014:08:48:58 -0500] "GET /forest/actions/forms.getList?codForm=PRESTAMOEXPE&id=Funcionario6&text=MARTHA%20H HTTP/1.1" 200 63
201.245.192.253 - - [15/Oct/2014:08:48:58 -0500] "GET /forest/actions/forms.getList?codForm=PRESTAMOEXPE&id=Funcionario6&text=MARTHA%20HE HTTP/1.1" 200 63
201.245.192.253 - - [15/Oct/2014:08:48:58 -0500] "GET /forest/actions/forms.getList?codForm=PRESTAMOEXPE&id=Funcionario6&text=MARTHA%20HEL HTTP/1.1" 200 63
201.245.192.253 - - [15/Oct/2014:08:48:59 -0500] "GET /forest/actions/forms.getList?codForm=PRESTAMOEXPE&id=Funcionario6&text=MARTHA%20HELE HTTP/1.1" 200 63
201.245.192.253 - - [15/Oct/2014:08:48:59 -0500] "GET /forest/actions/forms.getList?codForm=PRESTAMOEXPE&id=Funcionario6&text=MARTHA%20HELEN HTTP/1.1" 200 63
201.245.192.253 - - [15/Oct/2014:08:48:59 -0500] "GET /forest/actions/forms.getList?codForm=PRESTAMOEXPE&id=Funcionario6&text=MARTHA%20HELENA HTTP/1.1" 200 63
201.245.192.253 - - [15/Oct/2014:08:48:59 -0500] "GET /forest/actions/forms.getList?codForm=PRESTAMOEXPE&id=Funcionario6&text=MARTHA%20HELENA%20 HTTP/1.1" 200 63
201.245.192.253 - - [15/Oct/2014:08:49:00 -0500] "GET /forest/actions/forms.getList?codForm=PRESTAMOEXPE&id=Funcionario6&text=MARTHA%20HELENA%20P HTTP/1.1" 200 63
201.245.192.253 - - [15/Oct/2014:08:49:00 -0500] "GET /forest/actions/forms.getList?codForm=PRESTAMOEXPE&id=Funcionario6&text=MARTHA%20HELENA%20PA HTTP/1.1" 200 63
201.245.192.253 - - [15/Oct/2014:08:49:00 -0500] "GET /forest/actions/forms.getList?codForm=PRESTAMOEXPE&id=Funcionario6&text=MARTHA%20HELENA%20PAE HTTP/1.1" 200 63
201.245.192.253 - - [15/Oct/2014:08:49:00 -0500] "GET /forest/actions/forms.getList?codForm=PRESTAMOEXPE&id=Funcionario6&text=MARTHA%20HELENA%20PAEZ HTTP/1.1" 200 63
186.29.172.183 - - [15/Oct/2014:08:49:01 -0500] "POST /forms/lservlet;jsessionid=ac16012b30d56f88d85a8f774ef4a95caa0afe9ee402.e3iSbxaKaheRe34Sa3yKbhiTahb0n6jAmljGr5XDqQLvpAe HTTP/1.1" 200 2
186.29.172.183 - - [15/Oct/2014:08:49:03 -0500] "POST /forms/lservlet;jsessionid=ac16012b30d56f88d85a8f774ef4a95caa0afe9ee402.e3iSbxaKaheRe34Sa3yKbhiTahb0n6jAmljGr5XDqQLvpAe HTTP/1.1" 200 179
191.95.246.177 - - [15/Oct/2014:08:49:04 -0500] "GET /isolucionsda/FrameSetGeneral.asp?Pagina1=FrameSetGeneral.asp& HTTP/1.1" 200 6485
191.95.246.177 - - [15/Oct/2014:08:49:05 -0500] "GET /isolucionsda/Encabezado.asp?Pagina1=FrameSetGeneral.asp&&Pagina=MagazinHome.asp HTTP/1.1" 200 15232
191.95.246.177 - - [15/Oct/2014:08:49:05 -0500] "GET /isolucionsda/BarraTitulos.asp?Pagina1=FrameSetGeneral.asp&&Pagina=MagazinHome.asp HTTP/1.1" 200 6844
186.29.172.183 - - [15/Oct/2014:08:49:05 -0500] "POST /forms/lservlet;jsessionid=ac16012b30d56f88d85a8f774ef4a95caa0afe9ee402.e3iSbxaKaheRe34Sa3yKbhiTahb0n6jAmljGr5XDqQLvpAe HTTP/1.1" 200 2027
186.29.172.183 - - [15/Oct/2014:08:49:05 -0500] "POST /forms/lservlet;jsessionid=ac16012b30d56f88d85a8f774ef4a95caa0afe9ee402.e3iSbxaKaheRe34Sa3yKbhiTahb0n6jAmljGr5XDqQLvpAe HTTP/1.1" 200 78
186.29.172.183 - - [15/Oct/2014:08:49:08 -0500] "POST /forms/lservlet;jsessionid=ac16012b30d56f88d85a8f774ef4a95caa0afe9ee402.e3iSbxaKaheRe34Sa3yKbhiTahb0n6jAmljGr5XDqQLvpAe HTTP/1.1" 200 29506
186.29.172.183 - - [15/Oct/2014:08:49:09 -0500] "GET /imagenes/rt_print.gif HTTP/1.1" 200 916
186.29.172.183 - - [15/Oct/2014:08:49:09 -0500] "POST /forms/lservlet;jsessionid=ac16012b30d56f88d85a8f774ef4a95caa0afe9ee402.e3iSbxaKaheRe34Sa3yKbhiTahb0n6jAmljGr5XDqQLvpAe HTTP/1.1" 200 2
186.29.172.183 - - [15/Oct/2014:08:49:09 -0500] "POST /forms/lservlet;jsessionid=ac16012b30d56f88d85a8f774ef4a95caa0afe9ee402.e3iSbxaKaheRe34Sa3yKbhiTahb0n6jAmljGr5XDqQLvpAe HTTP/1.1" 200 27
201.245.192.253 - - [15/Oct/2014:08:49:09 -0500] "GET /forest/actions/forms.getList?codForm=PRESTAMOEXPE&id=Numeroexpedientenuevo60&text=SDA-08-2009-35 HTTP/1.1" 200 838
186.29.172.183 - - [15/Oct/2014:08:49:09 -0500] "POST /forms/lservlet;jsessionid=ac16012b30d56f88d85a8f774ef4a95caa0afe9ee402.e3iSbxaKaheRe34Sa3yKbhiTahb0n6jAmljGr5XDqQLvpAe HTTP/1.1" 200 2
186.29.172.183 - - [15/Oct/2014:08:49:10 -0500] "POST /forms/lservlet;jsessionid=ac16012b30d56f88d85a8f774ef4a95caa0afe9ee402.e3iSbxaKaheRe34Sa3yKbhiTahb0n6jAmljGr5XDqQLvpAe HTTP/1.1" 200 125
201.245.192.253 - - [15/Oct/2014:08:49:12 -0500] "GET /forest/actions/forms.getMappedValues?id=Numeroexpedientenuevo60&value=25611&codForm=PRESTAMOEXPE&a=0.3526949821971357 HTTP/1.1" 200 33
186.29.172.183 - - [15/Oct/2014:08:49:12 -0500] "POST /forms/lservlet;jsessionid=ac16012b30d56f88d85a8f774ef4a95caa0afe9ee402.e3iSbxaKaheRe34Sa3yKbhiTahb0n6jAmljGr5XDqQLvpAe HTTP/1.1" 200 2
181.232.111.60 - - [15/Oct/2014:08:49:12 -0500] "GET /BLA/boletinlegal/js/jquery.scrollTo-min.js HTTP/1.1" 200 1150
181.232.111.60 - - [15/Oct/2014:08:49:12 -0500] "GET /BLA/boletinlegal/js/jquery.js HTTP/1.1" 200 57254
186.29.172.183 - - [15/Oct/2014:08:49:12 -0500] "POST /forms/lservlet;jsessionid=ac16012b30d56f88d85a8f774ef4a95caa0afe9ee402.e3iSbxaKaheRe34Sa3yKbhiTahb0n6jAmljGr5XDqQLvpAe HTTP/1.1" 200 630
186.29.172.183 - - [15/Oct/2014:08:49:12 -0500] "GET /imagenes/Srch_frw.gif HTTP/1.1" 200 925
186.29.172.183 - - [15/Oct/2014:08:49:12 -0500] "POST /forms/lservlet;jsessionid=ac16012b30d56f88d85a8f774ef4a95caa0afe9ee402.e3iSbxaKaheRe34Sa3yKbhiTahb0n6jAmljGr5XDqQLvpAe HTTP/1.1" 200 10
186.30.95.113 - - [15/Oct/2014:08:49:12 -0500] "GET /forms/frmservlet?config=sia HTTP/1.1" 200 4028
186.29.172.183 - - [15/Oct/2014:08:49:13 -0500] "POST /forms/lservlet;jsessionid=ac16012b30d56f88d85a8f774ef4a95caa0afe9ee402.e3iSbxaKaheRe34Sa3yKbhiTahb0n6jAmljGr5XDqQLvpAe HTTP/1.1" 200 28
191.95.246.177 - - [15/Oct/2014:08:49:14 -0500] "GET /isolucionsda/BarraFavoritos.asp HTTP/1.1" 200 911
191.95.246.177 - - [15/Oct/2014:08:49:15 -0500] "GET /isolucionsda/g/Bot_Siguiente.jpg HTTP/1.1" 200 1727
191.95.246.177 - - [15/Oct/2014:08:49:15 -0500] "GET /isolucionsda/Session.asp?Continue=1 HTTP/1.1" 200 6196
181.232.111.60 - - [15/Oct/2014:08:49:15 -0500] "GET /BLA/boletinlegal/js/jquery.scrollShow.js HTTP/1.1" 200 4586
66.249.65.119 - - [15/Oct/2014:08:49:16 -0500] "GET /BLA/resoluciones/RESOLUCIONES%202007/RES%202007%20801%20AL%20900/RESOLUCION%200850%20DE%202007.pdf HTTP/1.1" 200 369770
191.95.246.177 - - [15/Oct/2014:08:49:14 -0500] "GET /isolucionsda/MagazinHome.asp HTTP/1.1" 200 25725
201.245.192.253 - - [15/Oct/2014:08:49:19 -0500] "POST /forest/actions/forms.saveForm?codPro=90 HTTP/1.1" 200 284
201.245.192.253 - - [15/Oct/2014:08:49:20 -0500] "GET /forest/index2.jsp?group_system_actual=5&a=0.819694465957582 HTTP/1.1" 200 177525
201.245.192.253 - - [15/Oct/2014:08:49:20 -0500] "GET /forest/session.jsp?a=0.7487334576435387 HTTP/1.1" 200 4
186.29.172.183 - - [15/Oct/2014:08:49:21 -0500] "POST /forms/lservlet;jsessionid=ac16012b30d56f88d85a8f774ef4a95caa0afe9ee402.e3iSbxaKaheRe34Sa3yKbhiTahb0n6jAmljGr5XDqQLvpAe HTTP/1.1" 200 47
186.30.95.113 - - [15/Oct/2014:08:49:21 -0500] "GET /forms/java/frmall_jinit.jar HTTP/1.1" 304 -
201.245.192.253 - - [15/Oct/2014:08:49:21 -0500] "GET /forest/forms/showform.jsp?codPro=90&codForm=PRESTAMOEXPE&a=0.33012336725369096 HTTP/1.1" 200 16735
186.30.95.113 - - [15/Oct/2014:08:49:22 -0500] "GET /forms/java/icons.jar HTTP/1.1" 304 -
186.30.95.113 - - [15/Oct/2014:08:49:22 -0500] "GET /forms/java/java/awt/KeyboardFocusManager.class HTTP/1.1" 404 352
186.30.95.113 - - [15/Oct/2014:08:49:22 -0500] "GET /forms/java/java/awt/KeyboardFocusManager.class HTTP/1.1" 404 352
181.50.192.137 - - [15/Oct/2014:08:49:23 -0500] "POST /forms/lservlet;jsessionid=ac16012b30d53c3fd5d2976e40ea8333ea0525b72121.e3iSbxaKaheRe34Sa3yKbhiTahb0n6jAmljGr5XDqQLvpAe HTTP/1.1" 200 37
186.30.95.113 - - [15/Oct/2014:08:49:23 -0500] "GET /favicon.ico HTTP/1.1" 200 7782
191.95.246.177 - - [15/Oct/2014:08:49:23 -0500] "GET /isolucionsda/g/Bot_Anterior.jpg HTTP/1.1" 200 1797
191.95.246.177 - - [15/Oct/2014:08:49:23 -0500] "GET /isolucionsda/g/Bot_Home.jpg HTTP/1.1" 200 1936
191.95.246.177 - - [15/Oct/2014:08:49:24 -0500] "GET /isolucionsda/g/Bot_Mejoramiento_ESP.jpg HTTP/1.1" 200 5904
191.95.246.177 - - [15/Oct/2014:08:49:24 -0500] "GET /isolucionsda/g/Bot_Tareas_ESP.jpg HTTP/1.1" 200 4242
191.95.246.177 - - [15/Oct/2014:08:49:24 -0500] "GET /isolucionsda/g/Bot_ProveedoresOff_ESP.jpg HTTP/1.1" 200 3801
191.95.246.177 - - [15/Oct/2014:08:49:24 -0500] "GET /isolucionsda/g/Bot_TalentoOff_ESP.jpg HTTP/1.1" 200 3258
186.30.95.113 - - [15/Oct/2014:08:49:24 -0500] "GET /forms/java/java/awt/event/MouseWheelListener.class HTTP/1.1" 404 356
191.95.246.177 - - [15/Oct/2014:08:49:24 -0500] "GET /isolucionsda/g/Bot_Calibracion_ESP.jpg HTTP/1.1" 200 5594
191.95.246.177 - - [15/Oct/2014:08:49:24 -0500] "GET /isolucionsda/g/Bot_Riesgos_ESP.jpg HTTP/1.1" 200 4903
186.30.95.113 - - [15/Oct/2014:08:49:24 -0500] "GET /forms/java/java/awt/event/MouseWheelListener.class HTTP/1.1" 404 356
191.95.246.177 - - [15/Oct/2014:08:49:24 -0500] "GET /isolucionsda/g/Bot_Meci_ESP.jpg HTTP/1.1" 200 4380
191.95.246.177 - - [15/Oct/2014:08:49:24 -0500] "GET /isolucionsda/g/Bot_ClientesOff_ESP.jpg HTTP/1.1" 200 2917
186.30.95.113 - - [15/Oct/2014:08:49:25 -0500] "GET /forms/java/oracle/forms/registry/Registry.dat HTTP/1.1" 200 4213
186.30.95.113 - - [15/Oct/2014:08:49:25 -0500] "GET /forms/java/oracle/forms/registry/default.dat HTTP/1.1" 404 350
186.30.95.113 - - [15/Oct/2014:08:49:25 -0500] "GET /forms/frmservlet?config=sia&acceptLanguage=es-CO&ifcmd=startsession HTTP/1.1" 200 119
186.30.95.113 - - [15/Oct/2014:08:49:25 -0500] "GET /forms/lservlet;jsessionid=ac16012b30d56cf194c0d6e6461a9e24aaf26668d73e.e3iSbxaKaheRe34Sa3yKbhiTahb0n6jAmljGr5XDqQLvpAe?ifcmd=getinfo&ifhost=MClaudia-PC&ifip=192.168.0.3 HTTP/1.1" 200 8
186.30.95.113 - - [15/Oct/2014:08:49:25 -0500] "POST /forms/lservlet;jsessionid=ac16012b30d56cf194c0d6e6461a9e24aaf26668d73e.e3iSbxaKaheRe34Sa3yKbhiTahb0n6jAmljGr5XDqQLvpAe HTTP/1.1" 200 8
186.30.95.113 - - [15/Oct/2014:08:49:25 -0500] "GET /forms/java/oracle/forms/engine/RunformBundle_es_CO.class HTTP/1.1" 404 362
186.30.95.113 - - [15/Oct/2014:08:49:25 -0500] "GET /forms/java/oracle/forms/engine/RunformBundle_es_CO.class HTTP/1.1" 404 362
186.30.95.113 - - [15/Oct/2014:08:49:25 -0500] "GET /forms/java/oracle/forms/engine/RunformBundle_es_CO.properties HTTP/1.1" 404 367
191.95.246.177 - - [15/Oct/2014:08:49:26 -0500] "GET /isolucionsda/g/Bgr_BarraCurva.jpg HTTP/1.1" 200 374
191.95.246.177 - - [15/Oct/2014:08:49:26 -0500] "GET /isolucionsda/g/Bgr_BarraCurva2.jpg HTTP/1.1" 200 409
191.95.246.177 - - [15/Oct/2014:08:49:26 -0500] "GET /isolucionsda/g/Bot_Ambiental_ESP.jpg HTTP/1.1" 200 5259
191.95.246.177 - - [15/Oct/2014:08:49:26 -0500] "GET /isolucionsda/g/Bot_SySOOff_ESP.jpg HTTP/1.1" 200 3270
191.95.246.177 - - [15/Oct/2014:08:49:26 -0500] "GET /isolucionsda/g/Bullet_PuntoAzul.gif HTTP/1.1" 200 75
191.95.246.177 - - [15/Oct/2014:08:49:26 -0500] "GET /isolucionsda/g/Bgr_BarraInferior.jpg HTTP/1.1" 200 398
191.95.246.177 - - [15/Oct/2014:08:49:26 -0500] "GET /isolucionsda/g/Bgr_BarraMediaHome.jpg HTTP/1.1" 200 446
191.95.246.177 - - [15/Oct/2014:08:49:26 -0500] "GET /isolucionsda/g/Bgr_TituloCabezote3.jpg HTTP/1.1" 200 841
191.95.246.177 - - [15/Oct/2014:08:49:26 -0500] "GET /isolucionsda/g/Img_BarraCurva.jpg HTTP/1.1" 200 1826
191.95.246.177 - - [15/Oct/2014:08:49:26 -0500] "GET /isolucionsda/g/GifTransparente.gif HTTP/1.1" 200 51
191.95.246.177 - - [15/Oct/2014:08:49:26 -0500] "GET /isolucionsda/g/Img_LogoIcono.jpg HTTP/1.1" 200 7870
191.95.246.177 - - [15/Oct/2014:08:49:26 -0500] "GET /isolucionsda/TareasSFRedirect.asp HTTP/1.1" 302 195
191.95.246.177 - - [15/Oct/2014:08:49:26 -0500] "GET /isolucionsda/g/Bullet_FlechaAzul.gif HTTP/1.1" 200 72
186.29.172.183 - - [15/Oct/2014:08:49:26 -0500] "POST /forms/lservlet;jsessionid=ac16012b30d56f88d85a8f774ef4a95caa0afe9ee402.e3iSbxaKaheRe34Sa3yKbhiTahb0n6jAmljGr5XDqQLvpAe HTTP/1.1" 200 22
191.95.246.177 - - [15/Oct/2014:08:49:26 -0500] "GET /isolucionsda/g/Img_LineaPunteada.gif HTTP/1.1" 200 123
186.30.95.113 - - [15/Oct/2014:08:49:26 -0500] "POST /forms/lservlet;jsessionid=ac16012b30d56cf194c0d6e6461a9e24aaf26668d73e.e3iSbxaKaheRe34Sa3yKbhiTahb0n6jAmljGr5XDqQLvpAe HTTP/1.1" 200 64000
191.95.246.177 - - [15/Oct/2014:08:49:26 -0500] "GET /isolucionsda/g/Bgr_Destacado3399CC.jpg HTTP/1.1" 404 5217
191.95.246.177 - - [15/Oct/2014:08:49:26 -0500] "GET /isolucionsda/grafvinetas/logo%2030.jpg HTTP/1.1" 200 36055
186.30.95.113 - - [15/Oct/2014:08:49:27 -0500] "POST /forms/lservlet;jsessionid=ac16012b30d56cf194c0d6e6461a9e24aaf26668d73e.e3iSbxaKaheRe34Sa3yKbhiTahb0n6jAmljGr5XDqQLvpAe HTTP/1.1" 200 64000
181.50.192.137 - - [15/Oct/2014:08:49:27 -0500] "POST /forms/lservlet;jsessionid=ac16012b30d53c3fd5d2976e40ea8333ea0525b72121.e3iSbxaKaheRe34Sa3yKbhiTahb0n6jAmljGr5XDqQLvpAe HTTP/1.1" 200 7
186.29.172.183 - - [15/Oct/2014:08:49:26 -0500] "POST /forms/lservlet;jsessionid=ac16012b30d56f88d85a8f774ef4a95caa0afe9ee402.e3iSbxaKaheRe34Sa3yKbhiTahb0n6jAmljGr5XDqQLvpAe HTTP/1.1" 200 677
186.29.172.183 - - [15/Oct/2014:08:49:27 -0500] "POST /forms/lservlet;jsessionid=ac16012b30d56f88d85a8f774ef4a95caa0afe9ee402.e3iSbxaKaheRe34Sa3yKbhiTahb0n6jAmljGr5XDqQLvpAe HTTP/1.1" 200 7
186.30.95.113 - - [15/Oct/2014:08:49:27 -0500] "POST /forms/lservlet;jsessionid=ac16012b30d56cf194c0d6e6461a9e24aaf26668d73e.e3iSbxaKaheRe34Sa3yKbhiTahb0n6jAmljGr5XDqQLvpAe HTTP/1.1" 200 63623
191.95.246.177 - - [15/Oct/2014:08:49:27 -0500] "GET /isolucionsda/Login.aspx?TARGET=SFContainerFiltrado.aspx&number=54676948517057484550 HTTP/1.1" 302 886
186.30.95.113 - - [15/Oct/2014:08:49:28 -0500] "HEAD /imagenes/dama_logo.gif HTTP/1.1" 200 -
191.95.246.177 - - [15/Oct/2014:08:49:28 -0500] "GET /isolucionsda/SFContainerFiltrado.aspx?Number=54676948517057484550 HTTP/1.1" 200 14686
186.30.95.113 - - [15/Oct/2014:08:49:28 -0500] "GET /imagenes/dama_logo.gif HTTP/1.1" 200 21482
191.95.246.177 - - [15/Oct/2014:08:49:29 -0500] "GET /isolucionsda/g/img_titulo_Tpendientes.jpg HTTP/1.1" 200 2433
181.50.192.137 - - [15/Oct/2014:08:49:28 -0500] "POST /forms/lservlet;jsessionid=ac16012b30d53c3fd5d2976e40ea8333ea0525b72121.e3iSbxaKaheRe34Sa3yKbhiTahb0n6jAmljGr5XDqQLvpAe HTTP/1.1" 200 30108
191.95.246.177 - - [15/Oct/2014:08:49:29 -0500] "GET /isolucionsda/DetalleTareas.aspx?Number=54676948517057484550 HTTP/1.1" 200 5463
201.245.192.253 - - [15/Oct/2014:08:49:29 -0500] "GET /isolucionsda/FramesetArticulo.asp?Pagina=bancoconocimiento%2FF%2FFormulareimplementarprogramasyproyectosderestauracionecologica%5Frehabilitacionecologicao%5Fv6%2FFormulareimplementarprogramasyproyectosderestauracionecologica%5Frehabilitacionecologicao%5Fv6%2Easp&IdArticulo=7567 HTTP/1.1" 200 7813
191.95.246.177 - - [15/Oct/2014:08:49:29 -0500] "GET /isolucionsda/g/Bgr_TituloCabezote3Avanzado.jpg HTTP/1.1" 200 745
201.245.192.253 - - [15/Oct/2014:08:49:29 -0500] "GET /isolucionsda/bancoconocimiento/F/Formulareimplementarprogramasyproyectosderestauracionecologica_rehabilitacionecologicao_v6/Formulareimplementarprogramasyproyectosderestauracionecologica_rehabilitacionecologicao_v6.asp?IdArticulo=7567 HTTP/1.1" 200 205
186.30.95.113 - - [15/Oct/2014:08:49:29 -0500] "POST /forms/lservlet;jsessionid=ac16012b30d56cf194c0d6e6461a9e24aaf26668d73e.e3iSbxaKaheRe34Sa3yKbhiTahb0n6jAmljGr5XDqQLvpAe HTTP/1.1" 200 2
201.245.192.253 - - [15/Oct/2014:08:49:29 -0500] "GET /isolucionsda/Arriba.asp?Pagina=bancoconocimiento%2FF%2FFormulareimplementarprogramasyproyectosderestauracionecologica%5Frehabilitacionecologicao%5Fv6%2FFormulareimplementarprogramasyproyectosderestauracionecologica%5Frehabilitacionecologicao%5Fv6%2Easp&IdArticulo=7567 HTTP/1.1" 200 10823
186.30.95.113 - - [15/Oct/2014:08:49:29 -0500] "POST /forms/lservlet;jsessionid=ac16012b30d56cf194c0d6e6461a9e24aaf26668d73e.e3iSbxaKaheRe34Sa3yKbhiTahb0n6jAmljGr5XDqQLvpAe HTTP/1.1" 200 2
191.95.246.177 - - [15/Oct/2014:08:49:29 -0500] "GET /isolucionsda/StyleSheet/StyleSheetSF.css HTTP/1.1" 200 7210
201.245.192.253 - - [15/Oct/2014:08:49:29 -0500] "GET /isolucionsda/bancoconocimiento/F/Formulareimplementarprogramasyproyectosderestauracionecologica_rehabilitacionecologicao_v6/Formulareimplementarprogramasyproyectosderestauracionecologica_rehabilitacionecologicao_v6.asp?IdArticulo=7567 HTTP/1.1" 200 85764
201.245.192.253 - - [15/Oct/2014:08:49:29 -0500] "GET /isolucionsda/g/vacio1x1.gif HTTP/1.1" 404 5195
191.95.246.177 - - [15/Oct/2014:08:49:29 -0500] "GET /isolucionsda/auxlib.js HTTP/1.1" 404 5185
191.95.246.177 - - [15/Oct/2014:08:49:29 -0500] "GET /isolucionsda/infowndpublic.js HTTP/1.1" 404 5199
191.95.246.177 - - [15/Oct/2014:08:49:30 -0500] "GET /isolucionsda/infowndcore.js HTTP/1.1" 404 5195
191.95.246.177 - - [15/Oct/2014:08:49:30 -0500] "GET /isolucionsda/g/bt_rojo.jpg HTTP/1.1" 200 132
201.245.192.253 - - [15/Oct/2014:08:49:30 -0500] "GET /forest/actions/forms.getList?codForm=PRESTAMOEXPE&id=Numeroexpedientenuevo60&text=0 HTTP/1.1" 200 677
201.245.192.253 - - [15/Oct/2014:08:49:30 -0500] "GET /forest/actions/forms.getList?codForm=PRESTAMOEXPE&id=Numeroexpedientenuevo60&text=05 HTTP/1.1" 200 665
201.245.192.253 - - [15/Oct/2014:08:49:31 -0500] "GET /forest/actions/forms.getList?codForm=PRESTAMOEXPE&id=Numeroexpedientenuevo60&text=05- HTTP/1.1" 200 810
201.245.192.253 - - [15/Oct/2014:08:49:31 -0500] "GET /forest/actions/forms.getList?codForm=PRESTAMOEXPE&id=Numeroexpedientenuevo60&text=05-2 HTTP/1.1" 200 805
201.245.192.253 - - [15/Oct/2014:08:49:31 -0500] "GET /forest/actions/forms.getList?codForm=PRESTAMOEXPE&id=Numeroexpedientenuevo60&text=05-20 HTTP/1.1" 200 807
201.245.192.253 - - [15/Oct/2014:08:49:31 -0500] "GET /forest/actions/forms.getList?codForm=PRESTAMOEXPE&id=Numeroexpedientenuevo60&text=05-200 HTTP/1.1" 200 890
201.245.192.253 - - [15/Oct/2014:08:49:31 -0500] "GET /forest/actions/forms.getList?codForm=PRESTAMOEXPE&id=Numeroexpedientenuevo60&text=05-2009 HTTP/1.1" 200 839
201.245.192.253 - - [15/Oct/2014:08:49:32 -0500] "GET /forest/actions/forms.getList?codForm=PRESTAMOEXPE&id=Numeroexpedientenuevo60&text=05-2009- HTTP/1.1" 200 840
201.245.192.253 - - [15/Oct/2014:08:49:34 -0500] "GET /forest/actions/forms.getList?codForm=PRESTAMOEXPE&id=Numeroexpedientenuevo60&text=05-2009-3 HTTP/1.1" 200 837
201.245.192.253 - - [15/Oct/2014:08:49:34 -0500] "GET /forest/actions/forms.getList?codForm=PRESTAMOEXPE&id=Numeroexpedientenuevo60&text=05-2009-33 HTTP/1.1" 200 839
201.245.192.253 - - [15/Oct/2014:08:49:34 -0500] "GET /forest/actions/forms.getList?codForm=PRESTAMOEXPE&id=Numeroexpedientenuevo60&text=05-2009-337 HTTP/1.1" 200 85
201.245.192.253 - - [15/Oct/2014:08:49:34 -0500] "GET /forest/actions/forms.getList?codForm=PRESTAMOEXPE&id=Numeroexpedientenuevo60&text=05-2009-3378 HTTP/1.1" 200 43
201.245.192.253 - - [15/Oct/2014:08:49:35 -0500] "GET /forest/actions/forms.getMappedValues?id=Numeroexpedientenuevo60&value=29465&codForm=PRESTAMOEXPE&a=0.2839891263283789 HTTP/1.1" 200 35
201.245.192.253 - - [15/Oct/2014:08:49:41 -0500] "GET /galeria/carrusel/Carrusel/jquery-ui-%20%201.8.13.custom.min.js HTTP/1.1" 404 1018
181.50.192.137 - - [15/Oct/2014:08:49:31 -0500] "POST /forms/lservlet;jsessionid=ac16012b30d53c3fd5d2976e40ea8333ea0525b72121.e3iSbxaKaheRe34Sa3yKbhiTahb0n6jAmljGr5XDqQLvpAe HTTP/1.1" 200 7
201.245.192.253 - - [15/Oct/2014:08:49:43 -0500] "GET /forest/actions/forms.getList?codForm=PRESTAMOEXPE&id=tercero12&text=C HTTP/1.1" 200 1351
201.245.192.253 - - [15/Oct/2014:08:49:43 -0500] "GET /galeria/nivo-slider/themes/default/default.css HTTP/1.1" 304 -
201.245.192.253 - - [15/Oct/2014:08:49:43 -0500] "GET /forest/actions/forms.getList?codForm=PRESTAMOEXPE&id=tercero12&text=CE HTTP/1.1" 200 1236
201.245.192.253 - - [15/Oct/2014:08:49:44 -0500] "GET /forest/actions/forms.getList?codForm=PRESTAMOEXPE&id=tercero12&text=CER HTTP/1.1" 200 1139
181.50.192.137 - - [15/Oct/2014:08:49:45 -0500] "POST /forms/lservlet;jsessionid=ac16012b30d53c3fd5d2976e40ea8333ea0525b72121.e3iSbxaKaheRe34Sa3yKbhiTahb0n6jAmljGr5XDqQLvpAe HTTP/1.1" 200 2
181.50.192.137 - - [15/Oct/2014:08:49:46 -0500] "POST /forms/lservlet;jsessionid=ac16012b30d53c3fd5d2976e40ea8333ea0525b72121.e3iSbxaKaheRe34Sa3yKbhiTahb0n6jAmljGr5XDqQLvpAe HTTP/1.1" 200 27
201.245.192.253 - - [15/Oct/2014:08:49:44 -0500] "GET /forest/actions/forms.getList?codForm=PRESTAMOEXPE&id=tercero12&text=CERC HTTP/1.1" 200 1023
201.245.192.253 - - [15/Oct/2014:08:49:44 -0500] "GET /forest/actions/forms.getList?codForm=PRESTAMOEXPE&id=tercero12&text=CERCO HTTP/1.1" 200 135
201.245.192.253 - - [15/Oct/2014:08:49:44 -0500] "GET /forest/actions/forms.getList?codForm=PRESTAMOEXPE&id=tercero12&text=CERCOL HTTP/1.1" 200 56
201.245.192.253 - - [15/Oct/2014:08:49:44 -0500] "GET /forest/actions/forms.getList?codForm=PRESTAMOEXPE&id=tercero12&text=CERCOLO HTTP/1.1" 200 2
201.245.192.253 - - [15/Oct/2014:08:49:44 -0500] "GET /forest/actions/forms.getList?codForm=PRESTAMOEXPE&id=tercero12&text=CERCOLOR HTTP/1.1" 200 2
201.245.192.253 - - [15/Oct/2014:08:49:48 -0500] "GET /forest/actions/forms.getList?codForm=PRESTAMOEXPE&id=tercero12&text=CER HTTP/1.1" 200 1139
201.245.192.253 - - [15/Oct/2014:08:49:48 -0500] "GET /forest/actions/forms.getList?codForm=PRESTAMOEXPE&id=tercero12&text=CE HTTP/1.1" 200 1236
201.245.192.253 - - [15/Oct/2014:08:49:48 -0500] "GET /forest/actions/forms.getList?codForm=PRESTAMOEXPE&id=tercero12&text=C HTTP/1.1" 200 1351
66.249.65.115 - - [15/Oct/2014:08:49:49 -0500] "GET /BLA/resoluciones/RESOLUCIONES%202012/0317.pdf HTTP/1.1" 200 380151
201.245.192.253 - - [15/Oct/2014:08:49:47 -0500] "GET /forest/actions/forms.getList?codForm=PRESTAMOEXPE&id=tercero12&text=CERCOLO HTTP/1.1" 200 2
201.245.192.253 - - [15/Oct/2014:08:49:48 -0500] "GET /forest/actions/forms.getList?codForm=PRESTAMOEXPE&id=tercero12&text=CERCOL HTTP/1.1" 200 56
201.245.192.253 - - [15/Oct/2014:08:49:48 -0500] "GET /forest/actions/forms.getList?codForm=PRESTAMOEXPE&id=tercero12&text=CERCO HTTP/1.1" 200 135
201.245.192.253 - - [15/Oct/2014:08:49:48 -0500] "GET /forest/actions/forms.getList?codForm=PRESTAMOEXPE&id=tercero12&text=CERC HTTP/1.1" 200 1023
201.245.192.253 - - [15/Oct/2014:08:49:54 -0500] "GET /forest/actions/forms.getList?codForm=PRESTAMOEXPE&id=tercero12&text=CC HTTP/1.1" 200 1347
201.245.192.253 - - [15/Oct/2014:08:49:54 -0500] "GET /forest/actions/forms.getList?codForm=PRESTAMOEXPE&id=tercero12&text=CCE HTTP/1.1" 200 1275
201.245.192.253 - - [15/Oct/2014:08:49:55 -0500] "GET /forest/login.do HTTP/1.1" 200 12365
201.245.192.253 - - [15/Oct/2014:08:49:55 -0500] "GET /forest/jsoptimized/gz/js/gdocsall-1408.271930.js HTTP/1.1" 304 -
201.245.192.253 - - [15/Oct/2014:08:49:55 -0500] "GET /forest/skins/gdocs-jar/css/menu.css?version=1408.271930 HTTP/1.1" 200 4235
201.245.192.253 - - [15/Oct/2014:08:49:55 -0500] "GET /forest/js/json3.js HTTP/1.1" 200 39592
201.245.192.253 - - [15/Oct/2014:08:49:55 -0500] "GET /forest/img/inicio/5.gif HTTP/1.1" 200 25611
201.245.192.253 - - [15/Oct/2014:08:49:55 -0500] "GET /forest/img/inicio/1.gif HTTP/1.1" 200 23925
201.245.192.253 - - [15/Oct/2014:08:49:55 -0500] "GET /forest/img/inicio/6.gif HTTP/1.1" 200 12239
201.245.192.253 - - [15/Oct/2014:08:49:55 -0500] "GET /forest/img/inicio/7.gif HTTP/1.1" 200 18547
201.245.192.253 - - [15/Oct/2014:08:49:55 -0500] "GET /forest/img/inicio/3.gif HTTP/1.1" 200 29737
201.245.192.253 - - [15/Oct/2014:08:49:55 -0500] "GET /forest/img/inicio/2.gif HTTP/1.1" 200 42562
201.245.192.253 - - [15/Oct/2014:08:49:55 -0500] "GET /forest/img/inicio/4.gif HTTP/1.1" 200 27784
181.50.192.137 - - [15/Oct/2014:08:49:56 -0500] "POST /forms/lservlet;jsessionid=ac16012b30d53c3fd5d2976e40ea8333ea0525b72121.e3iSbxaKaheRe34Sa3yKbhiTahb0n6jAmljGr5XDqQLvpAe HTTP/1.1" 200 102
181.50.192.137 - - [15/Oct/2014:08:49:57 -0500] "POST /forms/lservlet;jsessionid=ac16012b30d53c3fd5d2976e40ea8333ea0525b72121.e3iSbxaKaheRe34Sa3yKbhiTahb0n6jAmljGr5XDqQLvpAe HTTP/1.1" 200 2
201.245.192.253 - - [15/Oct/2014:08:49:55 -0500] "GET /forest/actions/forms.getList?codForm=PRESTAMOEXPE&id=tercero12&text=CCECO HTTP/1.1" 200 61
201.245.192.253 - - [15/Oct/2014:08:49:55 -0500] "GET /forest/actions/forms.getList?codForm=PRESTAMOEXPE&id=tercero12&text=CCEC HTTP/1.1" 200 61
201.245.192.253 - - [15/Oct/2014:08:49:55 -0500] "GET /forest/actions/forms.getList?codForm=PRESTAMOEXPE&id=tercero12&text=CCECOL HTTP/1.1" 200 2
201.245.192.253 - - [15/Oct/2014:08:49:55 -0500] "GET /forest/actions/forms.getList?codForm=PRESTAMOEXPE&id=tercero12&text=CCECOLOR HTTP/1.1" 200 2
201.245.192.253 - - [15/Oct/2014:08:49:55 -0500] "GET /forest/actions/forms.getList?codForm=PRESTAMOEXPE&id=tercero12&text=CCECOLO HTTP/1.1" 200 2
201.245.192.253 - - [15/Oct/2014:08:49:56 -0500] "GET /forest/actions/forms.getList?codForm=PRESTAMOEXPE&id=tercero12&text=CCECOLOR%20 HTTP/1.1" 200 2
201.245.192.253 - - [15/Oct/2014:08:49:58 -0500] "GET /forest/actions/forms.getList?codForm=PRESTAMOEXPE&id=tercero12&text=CCE HTTP/1.1" 200 1275
201.245.192.253 - - [15/Oct/2014:08:49:58 -0500] "GET /forest/actions/forms.getList?codForm=PRESTAMOEXPE&id=tercero12&text=CC HTTP/1.1" 200 1347
201.245.192.253 - - [15/Oct/2014:08:49:58 -0500] "GET /forest/actions/forms.getList?codForm=PRESTAMOEXPE&id=tercero12&text=C HTTP/1.1" 200 1351
181.50.192.137 - - [15/Oct/2014:08:49:58 -0500] "POST /forms/lservlet;jsessionid=ac16012b30d53c3fd5d2976e40ea8333ea0525b72121.e3iSbxaKaheRe34Sa3yKbhiTahb0n6jAmljGr5XDqQLvpAe HTTP/1.1" 200 74
201.245.192.253 - - [15/Oct/2014:08:49:58 -0500] "GET /galeria/nivo-slider/themes/default/default.css HTTP/1.1" 304 -
201.245.192.253 - - [15/Oct/2014:08:49:58 -0500] "GET /galeria/nivo-slider/demo/images/banner-encuesta.jpg HTTP/1.1" 304 -
201.245.192.253 - - [15/Oct/2014:08:49:58 -0500] "GET /galeria/nivo-slider/demo/images/ConstructorasFNL.jpg HTTP/1.1" 304 -
201.245.192.253 - - [15/Oct/2014:08:49:59 -0500] "GET /forest/actions/forms.getList?codForm=PRESTAMOEXPE&id=tercero12&text=CE HTTP/1.1" 200 1236
201.245.192.253 - - [15/Oct/2014:08:49:59 -0500] "GET /forest/actions/forms.getList?codForm=PRESTAMOEXPE&id=tercero12&text=CEC HTTP/1.1" 200 1170
181.50.192.137 - - [15/Oct/2014:08:49:59 -0500] "POST /forms/lservlet;jsessionid=ac16012b30d53c3fd5d2976e40ea8333ea0525b72121.e3iSbxaKaheRe34Sa3yKbhiTahb0n6jAmljGr5XDqQLvpAe HTTP/1.1" 200 7
201.245.192.253 - - [15/Oct/2014:08:49:57 -0500] "GET /forest/actions/forms.getList?codForm=PRESTAMOEXPE&id=tercero12&text=CCECOL HTTP/1.1" 200 2
201.245.192.253 - - [15/Oct/2014:08:49:57 -0500] "GET /forest/actions/forms.getList?codForm=PRESTAMOEXPE&id=tercero12&text=CCECOLOR HTTP/1.1" 200 2
201.245.192.253 - - [15/Oct/2014:08:49:57 -0500] "GET /forest/actions/forms.getList?codForm=PRESTAMOEXPE&id=tercero12&text=CCEC HTTP/1.1" 200 61
201.245.192.253 - - [15/Oct/2014:08:49:57 -0500] "GET /forest/actions/forms.getList?codForm=PRESTAMOEXPE&id=tercero12&text=CCECO HTTP/1.1" 200 61
201.245.192.253 - - [15/Oct/2014:08:49:57 -0500] "GET /forest/actions/forms.getList?codForm=PRESTAMOEXPE&id=tercero12&text=CCECOLO HTTP/1.1" 200 2
186.29.172.183 - - [15/Oct/2014:08:50:00 -0500] "POST /forms/lservlet;jsessionid=ac16012b30d56f88d85a8f774ef4a95caa0afe9ee402.e3iSbxaKaheRe34Sa3yKbhiTahb0n6jAmljGr5XDqQLvpAe HTTP/1.1" 200 30
186.29.172.183 - - [15/Oct/2014:08:50:00 -0500] "POST /forms/lservlet;jsessionid=ac16012b30d56f88d85a8f774ef4a95caa0afe9ee402.e3iSbxaKaheRe34Sa3yKbhiTahb0n6jAmljGr5XDqQLvpAe HTTP/1.1" 200 14
201.245.192.253 - - [15/Oct/2014:08:49:59 -0500] "GET /forest/actions/forms.getList?codForm=PRESTAMOEXPE&id=tercero12&text=CECO HTTP/1.1" 200 1036
181.50.192.137 - - [15/Oct/2014:08:50:00 -0500] "POST /forms/lservlet;jsessionid=ac16012b30d53c3fd5d2976e40ea8333ea0525b72121.e3iSbxaKaheRe34Sa3yKbhiTahb0n6jAmljGr5XDqQLvpAe HTTP/1.1" 200 64000
201.245.192.253 - - [15/Oct/2014:08:49:59 -0500] "GET /forest/actions/forms.getList?codForm=PRESTAMOEXPE&id=tercero12&text=CECOL HTTP/1.1" 200 344
181.50.192.137 - - [15/Oct/2014:08:50:02 -0500] "POST /forms/lservlet;jsessionid=ac16012b30d53c3fd5d2976e40ea8333ea0525b72121.e3iSbxaKaheRe34Sa3yKbhiTahb0n6jAmljGr5XDqQLvpAe HTTP/1.1" 200 13304
201.245.192.253 - - [15/Oct/2014:08:50:00 -0500] "GET /forest/actions/forms.getList?codForm=PRESTAMOEXPE&id=tercero12&text=CECOLOR HTTP/1.1" 200 2
201.245.192.253 - - [15/Oct/2014:08:50:00 -0500] "GET /forest/actions/forms.getList?codForm=PRESTAMOEXPE&id=tercero12&text=CECOLO HTTP/1.1" 200 2
186.29.172.183 - - [15/Oct/2014:08:50:01 -0500] "POST /forms/lservlet;jsessionid=ac16012b30d56f88d85a8f774ef4a95caa0afe9ee402.e3iSbxaKaheRe34Sa3yKbhiTahb0n6jAmljGr5XDqQLvpAe HTTP/1.1" 200 14
66.249.65.119 - - [15/Oct/2014:08:50:02 -0500] "GET /Residuos/metalmecanica/files/search/search20.xml HTTP/1.1" 404 1018
181.50.192.137 - - [15/Oct/2014:08:50:03 -0500] "POST /forms/lservlet;jsessionid=ac16012b30d53c3fd5d2976e40ea8333ea0525b72121.e3iSbxaKaheRe34Sa3yKbhiTahb0n6jAmljGr5XDqQLvpAe HTTP/1.1" 200 109
186.29.172.183 - - [15/Oct/2014:08:50:02 -0500] "POST /forms/lservlet;jsessionid=ac16012b30d56f88d85a8f774ef4a95caa0afe9ee402.e3iSbxaKaheRe34Sa3yKbhiTahb0n6jAmljGr5XDqQLvpAe HTTP/1.1" 200 14
201.245.192.253 - - [15/Oct/2014:08:50:02 -0500] "GET /forest/actions/forms.getList?codForm=PRESTAMOEXPE&id=tercero12&text=CECOLO HTTP/1.1" 200 2
201.245.192.253 - - [15/Oct/2014:08:50:04 -0500] "GET /forest/actions/forms.getList?codForm=PRESTAMOEXPE&id=tercero12&text=CEC HTTP/1.1" 200 1170
181.50.192.137 - - [15/Oct/2014:08:50:04 -0500] "POST /forms/lservlet;jsessionid=ac16012b30d53c3fd5d2976e40ea8333ea0525b72121.e3iSbxaKaheRe34Sa3yKbhiTahb0n6jAmljGr5XDqQLvpAe HTTP/1.1" 200 2
201.245.192.253 - - [15/Oct/2014:08:50:04 -0500] "GET /forest/actions/forms.getList?codForm=PRESTAMOEXPE&id=tercero12&text=CE HTTP/1.1" 200 1236
181.50.192.137 - - [15/Oct/2014:08:50:04 -0500] "POST /forms/lservlet;jsessionid=ac16012b30d53c3fd5d2976e40ea8333ea0525b72121.e3iSbxaKaheRe34Sa3yKbhiTahb0n6jAmljGr5XDqQLvpAe HTTP/1.1" 200 248
186.29.172.183 - - [15/Oct/2014:08:50:04 -0500] "POST /forms/lservlet;jsessionid=ac16012b30d56f88d85a8f774ef4a95caa0afe9ee402.e3iSbxaKaheRe34Sa3yKbhiTahb0n6jAmljGr5XDqQLvpAe HTTP/1.1" 200 14
181.50.192.137 - - [15/Oct/2014:08:50:05 -0500] "POST /forms/lservlet;jsessionid=ac16012b30d53c3fd5d2976e40ea8333ea0525b72121.e3iSbxaKaheRe34Sa3yKbhiTahb0n6jAmljGr5XDqQLvpAe HTTP/1.1" 200 2
201.245.192.253 - - [15/Oct/2014:08:50:03 -0500] "GET /forest/actions/forms.getList?codForm=PRESTAMOEXPE&id=tercero12&text=CECOL HTTP/1.1" 200 344
181.50.192.137 - - [15/Oct/2014:08:50:06 -0500] "POST /forms/lservlet;jsessionid=ac16012b30d53c3fd5d2976e40ea8333ea0525b72121.e3iSbxaKaheRe34Sa3yKbhiTahb0n6jAmljGr5XDqQLvpAe HTTP/1.1" 200 2
201.245.192.253 - - [15/Oct/2014:08:50:06 -0500] "POST /forest/login.do HTTP/1.1" 302 -
201.245.192.253 - - [15/Oct/2014:08:50:06 -0500] "GET /forest/skins/gdocs-jar/css/menu.css?version=1408.271930 HTTP/1.1" 304 -
201.245.192.253 - - [15/Oct/2014:08:50:06 -0500] "GET /forest/img/inicio.jpg HTTP/1.1" 200 897
201.245.192.253 - - [15/Oct/2014:08:50:06 -0500] "GET /forest/img/users/9.gif HTTP/1.1" 200 1048
181.50.192.137 - - [15/Oct/2014:08:50:06 -0500] "POST /forms/lservlet;jsessionid=ac16012b30d53c3fd5d2976e40ea8333ea0525b72121.e3iSbxaKaheRe34Sa3yKbhiTahb0n6jAmljGr5XDqQLvpAe HTTP/1.1" 200 260
201.245.192.253 - - [15/Oct/2014:08:50:06 -0500] "GET /forest/img/users/3.gif HTTP/1.1" 200 1513
201.245.192.253 - - [15/Oct/2014:08:50:06 -0500] "GET /forest/img/users/4.gif HTTP/1.1" 200 1572
201.245.192.253 - - [15/Oct/2014:08:50:06 -0500] "GET /forest/img/users/7.gif HTTP/1.1" 200 1631
201.245.192.253 - - [15/Oct/2014:08:50:06 -0500] "GET /forest/img/users/9.gif HTTP/1.1" 200 1048
201.245.192.253 - - [15/Oct/2014:08:50:06 -0500] "GET /forest/img/users/5.gif HTTP/1.1" 200 1507
201.245.192.253 - - [15/Oct/2014:08:50:06 -0500] "GET /forest/img/users/2.gif HTTP/1.1" 200 1237
201.245.192.253 - - [15/Oct/2014:08:50:06 -0500] "GET /forest/img/users/6.gif HTTP/1.1" 200 1338
201.245.192.253 - - [15/Oct/2014:08:50:04 -0500] "GET /forest/actions/forms.getList?codForm=PRESTAMOEXPE&id=tercero12&text=CECO HTTP/1.1" 200 1036
186.29.172.183 - - [15/Oct/2014:08:50:05 -0500] "POST /forms/lservlet;jsessionid=ac16012b30d56f88d85a8f774ef4a95caa0afe9ee402.e3iSbxaKaheRe34Sa3yKbhiTahb0n6jAmljGr5XDqQLvpAe HTTP/1.1" 200 15
201.245.192.253 - - [15/Oct/2014:08:50:07 -0500] "POST /isolucionsda/FiltroNoConformidades.asp?PintarAuditorias=SI&Usuario= HTTP/1.1" 200 31200
181.50.192.137 - - [15/Oct/2014:08:50:07 -0500] "POST /forms/lservlet;jsessionid=ac16012b30d53c3fd5d2976e40ea8333ea0525b72121.e3iSbxaKaheRe34Sa3yKbhiTahb0n6jAmljGr5XDqQLvpAe HTTP/1.1" 200 2
181.50.192.137 - - [15/Oct/2014:08:50:07 -0500] "POST /forms/lservlet;jsessionid=ac16012b30d53c3fd5d2976e40ea8333ea0525b72121.e3iSbxaKaheRe34Sa3yKbhiTahb0n6jAmljGr5XDqQLvpAe HTTP/1.1" 200 75
186.29.172.183 - - [15/Oct/2014:08:50:08 -0500] "POST /forms/lservlet;jsessionid=ac16012b30d56f88d85a8f774ef4a95caa0afe9ee402.e3iSbxaKaheRe34Sa3yKbhiTahb0n6jAmljGr5XDqQLvpAe HTTP/1.1" 200 1950
186.29.172.183 - - [15/Oct/2014:08:50:08 -0500] "POST /forms/lservlet;jsessionid=ac16012b30d56f88d85a8f774ef4a95caa0afe9ee402.e3iSbxaKaheRe34Sa3yKbhiTahb0n6jAmljGr5XDqQLvpAe HTTP/1.1" 200 2
201.245.192.253 - - [15/Oct/2014:08:50:09 -0500] "GET /forest/actions/forms.getList?codForm=PRESTAMOEXPE&id=tercero12&text=C HTTP/1.1" 200 1351
181.50.192.137 - - [15/Oct/2014:08:50:09 -0500] "POST /forms/lservlet;jsessionid=ac16012b30d53c3fd5d2976e40ea8333ea0525b72121.e3iSbxaKaheRe34Sa3yKbhiTahb0n6jAmljGr5XDqQLvpAe HTTP/1.1" 200 2
201.245.192.253 - - [15/Oct/2014:08:50:09 -0500] "GET /forest/actions/forms.getList?codForm=PRESTAMOEXPE&id=tercero12&text= HTTP/1.1" 200 1373
186.29.172.183 - - [15/Oct/2014:08:50:09 -0500] "POST /forms/lservlet;jsessionid=ac16012b30d56f88d85a8f774ef4a95caa0afe9ee402.e3iSbxaKaheRe34Sa3yKbhiTahb0n6jAmljGr5XDqQLvpAe HTTP/1.1" 200 2
181.50.192.137 - - [15/Oct/2014:08:50:10 -0500] "POST /forms/lservlet;jsessionid=ac16012b30d53c3fd5d2976e40ea8333ea0525b72121.e3iSbxaKaheRe34Sa3yKbhiTahb0n6jAmljGr5XDqQLvpAe HTTP/1.1" 200 2
181.50.192.137 - - [15/Oct/2014:08:50:10 -0500] "POST /forms/lservlet;jsessionid=ac16012b30d53c3fd5d2976e40ea8333ea0525b72121.e3iSbxaKaheRe34Sa3yKbhiTahb0n6jAmljGr5XDqQLvpAe HTTP/1.1" 200 1504
201.245.192.253 - - [15/Oct/2014:08:50:06 -0500] "GET /forest/index2.jsp?a=0.6425187535761006 HTTP/1.1" 200 63211
201.245.192.253 - - [15/Oct/2014:08:50:10 -0500] "POST /isolucionsda/FiltroNoConformidades.asp?PintarAuditorias=SI&Usuario= HTTP/1.1" 200 31200
201.245.192.253 - - [15/Oct/2014:08:50:11 -0500] "GET /forest/img/download_large.gif HTTP/1.1" 200 203
201.245.192.253 - - [15/Oct/2014:08:50:11 -0500] "GET /forest/img/buscar.jpg HTTP/1.1" 200 736
186.29.172.183 - - [15/Oct/2014:08:50:11 -0500] "POST /forms/lservlet;jsessionid=ac16012b30d56f88d85a8f774ef4a95caa0afe9ee402.e3iSbxaKaheRe34Sa3yKbhiTahb0n6jAmljGr5XDqQLvpAe HTTP/1.1" 200 1166
201.245.192.253 - - [15/Oct/2014:08:50:11 -0500] "GET /forest/skins/gdocs-jar/css/tree.css HTTP/1.1" 200 223
201.245.192.253 - - [15/Oct/2014:08:50:11 -0500] "GET /forest/skins/gdocs-jar/css/autocomplete.css HTTP/1.1" 200 1620
201.245.192.253 - - [15/Oct/2014:08:50:11 -0500] "GET /forest/img/mireparto.gif HTTP/1.1" 200 2341
201.245.192.253 - - [15/Oct/2014:08:50:11 -0500] "GET /forest/js/inicio.js?version=1408.271930 HTTP/1.1" 200 2303
201.245.192.253 - - [15/Oct/2014:08:50:11 -0500] "GET /forest/skins/gdocs-jar/js/xml_utilities.js?version=1408.271930 HTTP/1.1" 200 2433
201.245.192.253 - - [15/Oct/2014:08:50:11 -0500] "GET /forest/skins/gdocs-jar/js/misprocesos.js?version=1408.271930 HTTP/1.1" 200 5890
201.245.192.253 - - [15/Oct/2014:08:50:11 -0500] "GET /forest/skins/gdocs-jar/js/autocompletar2.js?version=1408.271930 HTTP/1.1" 200 24397
201.245.192.253 - - [15/Oct/2014:08:50:11 -0500] "GET /forest/actions/forms.getList?codForm=PRESTAMOEXPE&id=tercero12&text=8 HTTP/1.1" 200 1328
201.245.192.253 - - [15/Oct/2014:08:50:11 -0500] "GET /forest/session.jsp?a=0.6105940438881611 HTTP/1.1" 200 4
201.245.192.253 - - [15/Oct/2014:08:50:11 -0500] "GET /forest/actions/forms.getList?codForm=PRESTAMOEXPE&id=tercero12&text=80 HTTP/1.1" 200 1252
201.245.192.253 - - [15/Oct/2014:08:50:11 -0500] "GET /forest/actions/forms.getList?codForm=PRESTAMOEXPE&id=tercero12&text=800 HTTP/1.1" 200 1237
201.245.192.253 - - [15/Oct/2014:08:50:12 -0500] "GET /forest/actions/forms.getList?codForm=PRESTAMOEXPE&id=tercero12&text=8001 HTTP/1.1" 200 1137
201.245.192.253 - - [15/Oct/2014:08:50:12 -0500] "GET /forest/actions/forms.getList?codForm=PRESTAMOEXPE&id=tercero12&text=80014 HTTP/1.1" 200 1178
201.245.192.253 - - [15/Oct/2014:08:50:12 -0500] "GET /forest/actions/forms.getList?codForm=PRESTAMOEXPE&id=tercero12&text=800142 HTTP/1.1" 200 1209
186.29.172.183 - - [15/Oct/2014:08:50:13 -0500] "POST /forms/lservlet;jsessionid=ac16012b30d56f88d85a8f774ef4a95caa0afe9ee402.e3iSbxaKaheRe34Sa3yKbhiTahb0n6jAmljGr5XDqQLvpAe HTTP/1.1" 200 1203
186.29.172.183 - - [15/Oct/2014:08:50:14 -0500] "POST /forms/lservlet;jsessionid=ac16012b30d56f88d85a8f774ef4a95caa0afe9ee402.e3iSbxaKaheRe34Sa3yKbhiTahb0n6jAmljGr5XDqQLvpAe HTTP/1.1" 200 2
186.29.172.183 - - [15/Oct/2014:08:50:14 -0500] "POST /forms/lservlet;jsessionid=ac16012b30d56f88d85a8f774ef4a95caa0afe9ee402.e3iSbxaKaheRe34Sa3yKbhiTahb0n6jAmljGr5XDqQLvpAe HTTP/1.1" 200 887
181.50.192.137 - - [15/Oct/2014:08:50:14 -0500] "POST /forms/lservlet;jsessionid=ac16012b30d53c3fd5d2976e40ea8333ea0525b72121.e3iSbxaKaheRe34Sa3yKbhiTahb0n6jAmljGr5XDqQLvpAe HTTP/1.1" 200 2
186.29.172.183 - - [15/Oct/2014:08:50:15 -0500] "POST /forms/lservlet;jsessionid=ac16012b30d56f88d85a8f774ef4a95caa0afe9ee402.e3iSbxaKaheRe34Sa3yKbhiTahb0n6jAmljGr5XDqQLvpAe HTTP/1.1" 200 1348
201.245.192.253 - - [15/Oct/2014:08:50:13 -0500] "GET /forest/actions/forms.getList?codForm=PRESTAMOEXPE&id=tercero12&text=8001428 HTTP/1.1" 200 546
186.29.172.183 - - [15/Oct/2014:08:50:15 -0500] "POST /forms/lservlet;jsessionid=ac16012b30d56f88d85a8f774ef4a95caa0afe9ee402.e3iSbxaKaheRe34Sa3yKbhiTahb0n6jAmljGr5XDqQLvpAe HTTP/1.1" 200 1537
201.245.192.253 - - [15/Oct/2014:08:50:13 -0500] "GET /forest/actions/forms.getList?codForm=PRESTAMOEXPE&id=tercero12&text=80014281 HTTP/1.1" 200 154
201.245.192.253 - - [15/Oct/2014:08:50:14 -0500] "GET /forest/actions/forms.getList?codForm=PRESTAMOEXPE&id=tercero12&text=800142811 HTTP/1.1" 200 82
186.29.172.183 - - [15/Oct/2014:08:50:16 -0500] "POST /forms/lservlet;jsessionid=ac16012b30d56f88d85a8f774ef4a95caa0afe9ee402.e3iSbxaKaheRe34Sa3yKbhiTahb0n6jAmljGr5XDqQLvpAe HTTP/1.1" 200 1274
186.29.172.183 - - [15/Oct/2014:08:50:17 -0500] "POST /forms/lservlet;jsessionid=ac16012b30d56f88d85a8f774ef4a95caa0afe9ee402.e3iSbxaKaheRe34Sa3yKbhiTahb0n6jAmljGr5XDqQLvpAe HTTP/1.1" 200 1229
200.118.70.141 - - [15/Oct/2014:08:50:17 -0500] "GET /BLA/boletinlegal/js/jquery.scrollTo-min.js HTTP/1.1" 200 1150
200.118.70.141 - - [15/Oct/2014:08:50:17 -0500] "GET /BLA/boletinlegal/js/jquery.scrollShow.js HTTP/1.1" 200 4586
200.118.70.141 - - [15/Oct/2014:08:50:17 -0500] "GET /galeria/carrusel/Carrusel/jquery-ui-1.8.13.custom.min.js HTTP/1.1" 200 10800
200.118.70.141 - - [15/Oct/2014:08:50:17 -0500] "GET /galeria/carrusel/Carrusel/jquery.thumbnailScroller.js HTTP/1.1" 200 8157
200.118.70.141 - - [15/Oct/2014:08:50:17 -0500] "GET /BLA/boletinlegal/js/jquery.js HTTP/1.1" 200 57254
200.118.70.141 - - [15/Oct/2014:08:50:17 -0500] "GET /galeria/carrusel/Carrusel/jquery.thumbnailScroller.css HTTP/1.1" 200 2066
201.245.192.253 - - [15/Oct/2014:08:50:18 -0500] "GET /forest/skins/gdocs-jar/css/menu.css?version=1408.271930 HTTP/1.1" 304 -
201.245.192.253 - - [15/Oct/2014:08:50:18 -0500] "GET /forest/suactividades.do?group_system_actual=3&_a=0.21381210129508954 HTTP/1.1" 200 50597
186.29.172.183 - - [15/Oct/2014:08:50:18 -0500] "POST /forms/lservlet;jsessionid=ac16012b30d56f88d85a8f774ef4a95caa0afe9ee402.e3iSbxaKaheRe34Sa3yKbhiTahb0n6jAmljGr5XDqQLvpAe HTTP/1.1" 200 2
201.245.192.253 - - [15/Oct/2014:08:50:18 -0500] "GET /forest/skins/gdocs-jar/js/autocompletar2.js?version=1408.271930 HTTP/1.1" 304 -
186.29.172.183 - - [15/Oct/2014:08:50:18 -0500] "POST /forms/lservlet;jsessionid=ac16012b30d56f88d85a8f774ef4a95caa0afe9ee402.e3iSbxaKaheRe34Sa3yKbhiTahb0n6jAmljGr5XDqQLvpAe HTTP/1.1" 200 815
201.245.192.253 - - [15/Oct/2014:08:50:18 -0500] "GET /forest/session.jsp?a=0.6775917101429885 HTTP/1.1" 200 4
181.50.192.137 - - [15/Oct/2014:08:50:19 -0500] "POST /forms/lservlet;jsessionid=ac16012b30d53c3fd5d2976e40ea8333ea0525b72121.e3iSbxaKaheRe34Sa3yKbhiTahb0n6jAmljGr5XDqQLvpAe HTTP/1.1" 200 2
200.118.70.141 - - [15/Oct/2014:08:50:19 -0500] "GET /galeria/nivo-slider/demo/demo.html HTTP/1.1" 200 3169
181.50.192.137 - - [15/Oct/2014:08:50:20 -0500] "POST /forms/lservlet;jsessionid=ac16012b30d53c3fd5d2976e40ea8333ea0525b72121.e3iSbxaKaheRe34Sa3yKbhiTahb0n6jAmljGr5XDqQLvpAe HTTP/1.1" 200 135
201.245.192.253 - - [15/Oct/2014:08:50:21 -0500] "GET /isolucionsda/FrameSetGeneral.asp?Pagina=ListaPlanPrograma.asp&Estado=1 HTTP/1.1" 200 6501
201.245.192.253 - - [15/Oct/2014:08:50:21 -0500] "GET /isolucionsda/BarraFavoritos.asp HTTP/1.1" 200 911
201.245.192.253 - - [15/Oct/2014:08:50:21 -0500] "GET /isolucionsda/Encabezado.asp?Pagina=ListaPlanPrograma.asp&Estado=1 HTTP/1.1" 200 15260
201.245.192.253 - - [15/Oct/2014:08:50:21 -0500] "GET /isolucionsda/BarraTitulos.asp?Pagina=ListaPlanPrograma.asp&Estado=1 HTTP/1.1" 200 6865
201.245.192.253 - - [15/Oct/2014:08:50:21 -0500] "GET /isolucionsda/ListaPlanPrograma.asp?Pagina=ListaPlanPrograma.asp&Estado=1 HTTP/1.1" 200 13064
201.245.192.253 - - [15/Oct/2014:08:50:21 -0500] "GET /isolucionsda/Session.asp?Continue=1 HTTP/1.1" 200 6196
200.118.70.141 - - [15/Oct/2014:08:50:21 -0500] "GET /galeria/nivo-slider/themes/pascal/pascal.css HTTP/1.1" 200 2258
200.118.70.141 - - [15/Oct/2014:08:50:21 -0500] "GET /galeria/nivo-slider/nivo-slider.css HTTP/1.1" 200 1507
200.118.70.141 - - [15/Oct/2014:08:50:21 -0500] "GET /galeria/nivo-slider/themes/default/default.css HTTP/1.1" 200 1569
200.118.70.141 - - [15/Oct/2014:08:50:21 -0500] "GET /galeria/nivo-slider/themes/orman/orman.css HTTP/1.1" 200 2152
200.118.70.141 - - [15/Oct/2014:08:50:21 -0500] "GET /galeria/nivo-slider/demo/style.css HTTP/1.1" 200 2222
200.118.70.141 - - [15/Oct/2014:08:50:21 -0500] "GET /galeria/nivo-slider/demo/images/EncuentroAgua1.jpg HTTP/1.1" 200 274179
200.118.70.141 - - [15/Oct/2014:08:50:21 -0500] "GET /galeria/nivo-slider/demo/scripts/jquery-1.7.1.min.js HTTP/1.1" 200 93868
200.118.70.141 - - [15/Oct/2014:08:50:21 -0500] "GET /galeria/nivo-slider/jquery.nivo.slider.pack.js HTTP/1.1" 200 11561
200.118.70.141 - - [15/Oct/2014:08:50:21 -0500] "GET /galeria/nivo-slider/demo/images/Banner-Caracol-Africano.jpg HTTP/1.1" 200 331986
200.118.70.141 - - [15/Oct/2014:08:50:21 -0500] "GET /galeria/nivo-slider/demo/images/Tingua-azul.jpg HTTP/1.1" 200 307638
200.118.70.141 - - [15/Oct/2014:08:50:21 -0500] "GET /galeria/nivo-slider/demo/images/9Signos.jpg HTTP/1.1" 200 93040
200.118.70.141 - - [15/Oct/2014:08:50:21 -0500] "GET /galeria/nivo-slider/themes/default/loading.gif HTTP/1.1" 200 1737
200.118.70.141 - - [15/Oct/2014:08:50:22 -0500] "GET /galeria/nivo-slider/demo/images/banner-encuesta.jpg HTTP/1.1" 200 42764
200.118.70.141 - - [15/Oct/2014:08:50:22 -0500] "GET /galeria/nivo-slider/demo/images/4Simple_Slider.png HTTP/1.1" 200 11722
200.118.70.141 - - [15/Oct/2014:08:50:22 -0500] "GET /galeria/nivo-slider/demo/images/banner-llantas2.jpg HTTP/1.1" 200 73153
181.50.192.137 - - [15/Oct/2014:08:50:22 -0500] "POST /forms/lservlet;jsessionid=ac16012b30d53c3fd5d2976e40ea8333ea0525b72121.e3iSbxaKaheRe34Sa3yKbhiTahb0n6jAmljGr5XDqQLvpAe HTTP/1.1" 200 7
200.118.70.141 - - [15/Oct/2014:08:50:22 -0500] "GET /galeria/nivo-slider/demo/images/banner-caballos.png HTTP/1.1" 200 389106
186.29.172.183 - - [15/Oct/2014:08:50:22 -0500] "POST /forms/lservlet;jsessionid=ac16012b30d56f88d85a8f774ef4a95caa0afe9ee402.e3iSbxaKaheRe34Sa3yKbhiTahb0n6jAmljGr5XDqQLvpAe HTTP/1.1" 200 2
186.29.172.183 - - [15/Oct/2014:08:50:22 -0500] "POST /forms/lservlet;jsessionid=ac16012b30d56f88d85a8f774ef4a95caa0afe9ee402.e3iSbxaKaheRe34Sa3yKbhiTahb0n6jAmljGr5XDqQLvpAe HTTP/1.1" 200 1223
200.118.70.141 - - [15/Oct/2014:08:50:22 -0500] "GET /galeria/nivo-slider/demo/images/ConstructorasFNL.jpg HTTP/1.1" 200 216551
201.245.192.253 - - [15/Oct/2014:08:50:18 -0500] "POST /forest/actions/workplace.getReparto?a=0.6066885574273584 HTTP/1.1" 200 3402
200.118.70.141 - - [15/Oct/2014:08:50:23 -0500] "GET /galeria/nivo-slider/demo/images/Hacienda_Molinos.jpg HTTP/1.1" 200 319171
201.245.192.253 - - [15/Oct/2014:08:50:23 -0500] "GET /forest/session.jsp?a=0.3739972992833376 HTTP/1.1" 200 4
186.29.172.183 - - [15/Oct/2014:08:50:23 -0500] "POST /forms/lservlet;jsessionid=ac16012b30d56f88d85a8f774ef4a95caa0afe9ee402.e3iSbxaKaheRe34Sa3yKbhiTahb0n6jAmljGr5XDqQLvpAe HTTP/1.1" 200 10
200.118.70.141 - - [15/Oct/2014:08:50:23 -0500] "GET /galeria/nivo-slider/demo/images/bannerEcolecta3.jpg HTTP/1.1" 200 280034
181.50.192.137 - - [15/Oct/2014:08:50:23 -0500] "POST /forms/lservlet;jsessionid=ac16012b30d53c3fd5d2976e40ea8333ea0525b72121.e3iSbxaKaheRe34Sa3yKbhiTahb0n6jAmljGr5XDqQLvpAe HTTP/1.1" 200 30062
181.50.192.137 - - [15/Oct/2014:08:50:25 -0500] "POST /forms/lservlet;jsessionid=ac16012b30d53c3fd5d2976e40ea8333ea0525b72121.e3iSbxaKaheRe34Sa3yKbhiTahb0n6jAmljGr5XDqQLvpAe HTTP/1.1" 200 7
181.50.192.137 - - [15/Oct/2014:08:50:27 -0500] "POST /forms/lservlet;jsessionid=ac16012b30d53c3fd5d2976e40ea8333ea0525b72121.e3iSbxaKaheRe34Sa3yKbhiTahb0n6jAmljGr5XDqQLvpAe HTTP/1.1" 200 2
191.95.246.177 - - [15/Oct/2014:08:50:27 -0500] "GET /isolucionsda/FrameSetGeneral.asp?Pagina=Magazin.asp&Sigla=MAC&IdModulo=2 HTTP/1.1" 200 6497
