181.50.192.137 - - [15/Oct/2014:08:52:42 -0500] "POST /forms/lservlet;jsessionid=ac16012b30d53c3fd5d2976e40ea8333ea0525b72121.e3iSbxaKaheRe34Sa3yKbhiTahb0n6jAmljGr5XDqQLvpAe HTTP/1.1" 200 2
186.84.200.52 - - [15/Oct/2014:08:52:43 -0500] "GET /galeria/nivo-slider/demo/demo.html HTTP/1.1" 200 3169
181.50.192.137 - - [15/Oct/2014:08:52:43 -0500] "POST /forms/lservlet;jsessionid=ac16012b30d53c3fd5d2976e40ea8333ea0525b72121.e3iSbxaKaheRe34Sa3yKbhiTahb0n6jAmljGr5XDqQLvpAe HTTP/1.1" 200 260
186.84.200.52 - - [15/Oct/2014:08:52:43 -0500] "GET /galeria/nivo-slider/themes/orman/orman.css HTTP/1.1" 200 2152
186.84.200.52 - - [15/Oct/2014:08:52:43 -0500] "GET /galeria/nivo-slider/themes/default/default.css HTTP/1.1" 200 1569
186.84.200.52 - - [15/Oct/2014:08:52:43 -0500] "GET /galeria/nivo-slider/themes/pascal/pascal.css HTTP/1.1" 200 2258
186.84.200.52 - - [15/Oct/2014:08:52:43 -0500] "GET /galeria/nivo-slider/nivo-slider.css HTTP/1.1" 200 1507
186.84.200.52 - - [15/Oct/2014:08:52:43 -0500] "GET /galeria/nivo-slider/demo/style.css HTTP/1.1" 200 2222
186.84.200.52 - - [15/Oct/2014:08:52:43 -0500] "GET /galeria/nivo-slider/demo/images/EncuentroAgua1.jpg HTTP/1.1" 200 274179
186.84.200.52 - - [15/Oct/2014:08:52:43 -0500] "GET /galeria/nivo-slider/jquery.nivo.slider.pack.js HTTP/1.1" 200 11561
186.84.200.52 - - [15/Oct/2014:08:52:43 -0500] "GET /galeria/nivo-slider/demo/scripts/jquery-1.7.1.min.js HTTP/1.1" 200 93868
186.84.200.52 - - [15/Oct/2014:08:52:43 -0500] "GET /galeria/nivo-slider/demo/images/Tingua-azul.jpg HTTP/1.1" 200 307638
186.84.200.52 - - [15/Oct/2014:08:52:43 -0500] "GET /galeria/nivo-slider/demo/images/Banner-Caracol-Africano.jpg HTTP/1.1" 200 331986
186.84.200.52 - - [15/Oct/2014:08:52:43 -0500] "GET /galeria/nivo-slider/demo/images/9Signos.jpg HTTP/1.1" 200 93040
186.84.200.52 - - [15/Oct/2014:08:52:43 -0500] "GET /galeria/nivo-slider/demo/images/banner-encuesta.jpg HTTP/1.1" 200 42764
200.26.147.214 - - [15/Oct/2014:08:52:43 -0500] "GET /Autoliquidacion/dlf/dirup.png HTTP/1.1" 200 644
186.84.200.52 - - [15/Oct/2014:08:52:43 -0500] "GET /galeria/nivo-slider/demo/images/banner-llantas2.jpg HTTP/1.1" 200 73153
186.84.200.52 - - [15/Oct/2014:08:52:44 -0500] "GET /galeria/nivo-slider/demo/images/banner-caballos.png HTTP/1.1" 200 389106
181.50.192.137 - - [15/Oct/2014:08:52:44 -0500] "POST /forms/lservlet;jsessionid=ac16012b30d53c3fd5d2976e40ea8333ea0525b72121.e3iSbxaKaheRe34Sa3yKbhiTahb0n6jAmljGr5XDqQLvpAe HTTP/1.1" 200 2
181.50.192.137 - - [15/Oct/2014:08:52:44 -0500] "POST /forms/lservlet;jsessionid=ac16012b30d53c3fd5d2976e40ea8333ea0525b72121.e3iSbxaKaheRe34Sa3yKbhiTahb0n6jAmljGr5XDqQLvpAe HTTP/1.1" 200 75
181.50.192.137 - - [15/Oct/2014:08:52:44 -0500] "POST /forms/lservlet;jsessionid=ac16012b30d53c3fd5d2976e40ea8333ea0525b72121.e3iSbxaKaheRe34Sa3yKbhiTahb0n6jAmljGr5XDqQLvpAe HTTP/1.1" 200 2
186.84.200.52 - - [15/Oct/2014:08:52:44 -0500] "GET /galeria/nivo-slider/demo/images/ConstructorasFNL.jpg HTTP/1.1" 200 216551
181.50.192.137 - - [15/Oct/2014:08:52:45 -0500] "POST /forms/lservlet;jsessionid=ac16012b30d53c3fd5d2976e40ea8333ea0525b72121.e3iSbxaKaheRe34Sa3yKbhiTahb0n6jAmljGr5XDqQLvpAe HTTP/1.1" 200 1504
181.50.192.137 - - [15/Oct/2014:08:52:45 -0500] "POST /forms/lservlet;jsessionid=ac16012b30d53c3fd5d2976e40ea8333ea0525b72121.e3iSbxaKaheRe34Sa3yKbhiTahb0n6jAmljGr5XDqQLvpAe HTTP/1.1" 200 2
181.50.192.137 - - [15/Oct/2014:08:52:45 -0500] "POST /forms/lservlet;jsessionid=ac16012b30d53c3fd5d2976e40ea8333ea0525b72121.e3iSbxaKaheRe34Sa3yKbhiTahb0n6jAmljGr5XDqQLvpAe HTTP/1.1" 200 2
186.84.200.52 - - [15/Oct/2014:08:52:45 -0500] "GET /galeria/nivo-slider/demo/images/Hacienda_Molinos.jpg HTTP/1.1" 200 319171
190.26.242.47 - - [15/Oct/2014:08:52:45 -0500] "GET /galeria/nivo-slider/demo/demo.html HTTP/1.1" 200 3169
186.84.200.52 - - [15/Oct/2014:08:52:45 -0500] "GET /galeria/nivo-slider/demo/images/bannerEcolecta3.jpg HTTP/1.1" 200 280034
186.84.200.52 - - [15/Oct/2014:08:52:45 -0500] "GET /galeria/nivo-slider/demo/images/4Simple_Slider.png HTTP/1.1" 200 11722
190.26.242.47 - - [15/Oct/2014:08:52:46 -0500] "GET /galeria/nivo-slider/demo/images/EncuentroAgua1.jpg HTTP/1.1" 304 -
186.84.200.52 - - [15/Oct/2014:08:52:46 -0500] "GET /galeria/nivo-slider/themes/default/loading.gif HTTP/1.1" 200 1737
181.50.192.137 - - [15/Oct/2014:08:52:46 -0500] "POST /forms/lservlet;jsessionid=ac16012b30d53c3fd5d2976e40ea8333ea0525b72121.e3iSbxaKaheRe34Sa3yKbhiTahb0n6jAmljGr5XDqQLvpAe HTTP/1.1" 200 135
186.84.200.52 - - [15/Oct/2014:08:52:46 -0500] "GET /galeria/nivo-slider/themes/default/arrows.png HTTP/1.1" 200 824
186.84.200.52 - - [15/Oct/2014:08:52:46 -0500] "GET /galeria/nivo-slider/themes/default/bullets.png HTTP/1.1" 200 1281
181.50.192.137 - - [15/Oct/2014:08:52:47 -0500] "POST /forms/lservlet;jsessionid=ac16012b30d53c3fd5d2976e40ea8333ea0525b72121.e3iSbxaKaheRe34Sa3yKbhiTahb0n6jAmljGr5XDqQLvpAe HTTP/1.1" 200 7
181.50.192.137 - - [15/Oct/2014:08:52:47 -0500] "POST /forms/lservlet;jsessionid=ac16012b30d53c3fd5d2976e40ea8333ea0525b72121.e3iSbxaKaheRe34Sa3yKbhiTahb0n6jAmljGr5XDqQLvpAe HTTP/1.1" 200 30097
181.50.192.137 - - [15/Oct/2014:08:52:47 -0500] "POST /forms/lservlet;jsessionid=ac16012b30d53c3fd5d2976e40ea8333ea0525b72121.e3iSbxaKaheRe34Sa3yKbhiTahb0n6jAmljGr5XDqQLvpAe HTTP/1.1" 200 7
201.245.192.253 - - [15/Oct/2014:08:52:47 -0500] "GET /galeria/nivo-slider/demo/images/9Signos.jpg HTTP/1.1" 304 -
201.245.192.253 - - [15/Oct/2014:08:52:47 -0500] "GET /galeria/nivo-slider/demo/images/banner-encuesta.jpg HTTP/1.1" 304 -
201.245.192.253 - - [15/Oct/2014:08:52:47 -0500] "GET /galeria/nivo-slider/demo/images/banner-caballos.png HTTP/1.1" 304 -
201.245.192.253 - - [15/Oct/2014:08:52:47 -0500] "GET /galeria/nivo-slider/demo/images/banner-llantas2.jpg HTTP/1.1" 304 -
181.50.192.137 - - [15/Oct/2014:08:52:47 -0500] "POST /forms/lservlet;jsessionid=ac16012b30d53c3fd5d2976e40ea8333ea0525b72121.e3iSbxaKaheRe34Sa3yKbhiTahb0n6jAmljGr5XDqQLvpAe HTTP/1.1" 200 2
201.245.192.253 - - [15/Oct/2014:08:52:47 -0500] "GET /galeria/nivo-slider/demo/images/Hacienda_Molinos.jpg HTTP/1.1" 304 -
181.50.192.137 - - [15/Oct/2014:08:52:47 -0500] "POST /forms/lservlet;jsessionid=ac16012b30d53c3fd5d2976e40ea8333ea0525b72121.e3iSbxaKaheRe34Sa3yKbhiTahb0n6jAmljGr5XDqQLvpAe HTTP/1.1" 200 27
190.26.242.47 - - [15/Oct/2014:08:52:47 -0500] "GET /videos/Spot_Tinguas.flv HTTP/1.1" 304 -
181.50.192.137 - - [15/Oct/2014:08:52:48 -0500] "POST /forms/lservlet;jsessionid=ac16012b30d53c3fd5d2976e40ea8333ea0525b72121.e3iSbxaKaheRe34Sa3yKbhiTahb0n6jAmljGr5XDqQLvpAe HTTP/1.1" 200 2
201.245.192.253 - - [15/Oct/2014:08:52:48 -0500] "GET /forest/skins/gdocs-jar/popup/escritorio/asignaruser.jsp?a=0.373742146967612 HTTP/1.1" 200 6759
201.245.192.253 - - [15/Oct/2014:08:52:48 -0500] "GET /isolucionsda/FrameSetGeneral.asp?Pagina=Menu.asp&IdModulo=4 HTTP/1.1" 200 6455
201.245.192.253 - - [15/Oct/2014:08:52:49 -0500] "GET /forest/actions/forms.getList?codForm=DPC_RevisarConsolidador1&id=funcionarioasignado31&text=m HTTP/1.1" 200 1276
201.245.192.253 - - [15/Oct/2014:08:52:50 -0500] "GET /isolucionsda/Encabezado.asp?Pagina=Menu.asp&IdModulo=4 HTTP/1.1" 200 15722
201.245.192.253 - - [15/Oct/2014:08:52:50 -0500] "GET /isolucionsda/BarraFavoritos.asp HTTP/1.1" 200 -
201.245.192.253 - - [15/Oct/2014:08:52:50 -0500] "GET /isolucionsda/BarraTitulos.asp?Pagina=Menu.asp&IdModulo=4 HTTP/1.1" 200 6857
201.245.192.253 - - [15/Oct/2014:08:52:50 -0500] "GET /isolucionsda/BarraFavoritos.asp HTTP/1.1" 200 911
201.245.192.253 - - [15/Oct/2014:08:52:50 -0500] "GET /isolucionsda/Menu.asp?Pagina=Menu.asp&IdModulo=4 HTTP/1.1" 200 17856
201.245.192.253 - - [15/Oct/2014:08:52:50 -0500] "GET /isolucionsda/Session.asp?Continue=1 HTTP/1.1" 200 6196
190.24.138.66 - - [15/Oct/2014:08:52:50 -0500] "GET /autoliquidacion/index.php?dir=Solicitudes+relacionadas+con+calidad+del+aire+auditiva+y+visual%2FAcompa%F1amiento+para+muestreo+isocin%E9tico+y+o+determinaciones+de+emisiones+a+fuentes+fijas%2F HTTP/1.1" 200 5703
201.245.192.253 - - [15/Oct/2014:08:52:50 -0500] "GET /forest/actions/forms.getList?codForm=DPC_RevisarConsolidador1&id=funcionarioasignado31&text=ma HTTP/1.1" 200 1204
201.245.192.253 - - [15/Oct/2014:08:52:50 -0500] "GET /forest/actions/forms.getList?codForm=DPC_RevisarConsolidador1&id=funcionarioasignado31&text=mar HTTP/1.1" 200 1239
201.245.192.253 - - [15/Oct/2014:08:52:51 -0500] "GET /forest/actions/forms.getList?codForm=DPC_RevisarConsolidador1&id=funcionarioasignado31&text=mari HTTP/1.1" 200 1229
190.84.56.157 - - [15/Oct/2014:08:52:51 -0500] "GET /forms/frmservlet?config=sia HTTP/1.1" 200 4046
201.245.192.253 - - [15/Oct/2014:08:52:51 -0500] "GET /isolucionsda/FrameSetGeneral.asp?Pagina=ListadoMaestroDocumentos3.asp HTTP/1.1" 200 6506
201.245.192.253 - - [15/Oct/2014:08:52:51 -0500] "GET /isolucionsda/Encabezado.asp?Pagina=ListadoMaestroDocumentos3.asp HTTP/1.1" 200 15698
201.245.192.253 - - [15/Oct/2014:08:52:51 -0500] "GET /isolucionsda/BarraTitulos.asp?Pagina=ListadoMaestroDocumentos3.asp HTTP/1.1" 200 6857
201.245.192.253 - - [15/Oct/2014:08:52:51 -0500] "GET /isolucionsda/Session.asp?Continue=1 HTTP/1.1" 200 6196
201.245.192.253 - - [15/Oct/2014:08:52:52 -0500] "GET /isolucionsda/ListadoMaestroDocumentos3.asp?Pagina=ListadoMaestroDocumentos3.asp HTTP/1.1" 200 11339
201.245.192.253 - - [15/Oct/2014:08:52:52 -0500] "GET /forest/actions/forms.getList?codForm=DPC_RevisarConsolidador1&id=funcionarioasignado31&text=mar HTTP/1.1" 200 1239
201.245.192.253 - - [15/Oct/2014:08:52:52 -0500] "GET /forest/actions/forms.getList?codForm=DPC_RevisarConsolidador1&id=funcionarioasignado31&text=ma HTTP/1.1" 200 1204
201.245.192.253 - - [15/Oct/2014:08:52:53 -0500] "GET /forest/actions/forms.getList?codForm=DPC_RevisarConsolidador1&id=funcionarioasignado31&text=man HTTP/1.1" 200 1277
201.245.192.253 - - [15/Oct/2014:08:52:53 -0500] "GET /forest/actions/forms.getList?codForm=DPC_RevisarConsolidador1&id=funcionarioasignado31&text=manr HTTP/1.1" 200 134
201.245.192.253 - - [15/Oct/2014:08:52:54 -0500] "GET /forest/actions/forms.getList?codForm=DPC_RevisarConsolidador1&id=funcionarioasignado31&text=manrq HTTP/1.1" 200 2
201.245.192.253 - - [15/Oct/2014:08:52:54 -0500] "GET /isolucionsda/BarraFavoritos.asp HTTP/1.1" 200 911
190.84.56.157 - - [15/Oct/2014:08:52:54 -0500] "GET /forms/frmservlet?config=sia HTTP/1.1" 200 4046
201.245.192.253 - - [15/Oct/2014:08:52:54 -0500] "GET /forest/actions/forms.getList?codForm=DPC_RevisarConsolidador1&id=funcionarioasignado31&text=manr HTTP/1.1" 200 134
201.245.192.253 - - [15/Oct/2014:08:52:55 -0500] "GET /forest/actions/forms.getList?codForm=DPC_RevisarConsolidador1&id=funcionarioasignado31&text=manri HTTP/1.1" 200 134
190.84.56.157 - - [15/Oct/2014:08:52:55 -0500] "GET /forms/java/frmall_jinit.jar HTTP/1.1" 304 -
190.84.56.157 - - [15/Oct/2014:08:52:56 -0500] "GET /forms/java/icons.jar HTTP/1.1" 304 -
190.84.56.157 - - [15/Oct/2014:08:52:56 -0500] "GET /forms/java/java/awt/KeyboardFocusManager.class HTTP/1.1" 404 352
190.84.56.157 - - [15/Oct/2014:08:52:57 -0500] "GET /forms/java/java/awt/event/MouseWheelListener.class HTTP/1.1" 404 356
190.84.56.157 - - [15/Oct/2014:08:52:57 -0500] "GET /forms/java/oracle/forms/registry/Registry.dat HTTP/1.1" 200 4213
190.84.56.157 - - [15/Oct/2014:08:52:57 -0500] "GET /forms/java/oracle/forms/registry/default.dat HTTP/1.1" 404 350
190.84.56.157 - - [15/Oct/2014:08:52:57 -0500] "GET /forms/frmservlet?config=sia&acceptLanguage=en-us,en;q=0.5&ifcmd=startsession HTTP/1.1" 200 119
190.84.56.157 - - [15/Oct/2014:08:52:57 -0500] "GET /forms/lservlet;jsessionid=ac16012b30d567df56f0bf0f493b8e2b928ce0c690ef.e3iSbxaKaheRe34Sa3yKbhiTahb0n6jAmljGr5XDqQLvpAe?ifcmd=getinfo&ifhost=Rafael-PC&ifip=192.168.0.12 HTTP/1.1" 200 8
66.249.65.115 - - [15/Oct/2014:08:52:58 -0500] "GET /BLA/resoluciones/RESOLUCIONES%202009/4603.pdf HTTP/1.1" 200 645477
190.84.56.157 - - [15/Oct/2014:08:52:57 -0500] "POST /forms/lservlet;jsessionid=ac16012b30d567df56f0bf0f493b8e2b928ce0c690ef.e3iSbxaKaheRe34Sa3yKbhiTahb0n6jAmljGr5XDqQLvpAe HTTP/1.1" 200 8
190.84.56.157 - - [15/Oct/2014:08:52:58 -0500] "GET /forms/java/oracle/forms/engine/RunformBundle_es_CO.class HTTP/1.1" 404 362
190.84.56.157 - - [15/Oct/2014:08:52:58 -0500] "GET /forms/java/oracle/forms/engine/RunformBundle_es_CO.properties HTTP/1.1" 404 367
181.50.192.137 - - [15/Oct/2014:08:52:59 -0500] "POST /forms/lservlet;jsessionid=ac16012b30d53c3fd5d2976e40ea8333ea0525b72121.e3iSbxaKaheRe34Sa3yKbhiTahb0n6jAmljGr5XDqQLvpAe HTTP/1.1" 200 102
190.84.56.157 - - [15/Oct/2014:08:52:58 -0500] "POST /forms/lservlet;jsessionid=ac16012b30d567df56f0bf0f493b8e2b928ce0c690ef.e3iSbxaKaheRe34Sa3yKbhiTahb0n6jAmljGr5XDqQLvpAe HTTP/1.1" 200 64000
190.84.56.157 - - [15/Oct/2014:08:52:59 -0500] "POST /forms/lservlet;jsessionid=ac16012b30d567df56f0bf0f493b8e2b928ce0c690ef.e3iSbxaKaheRe34Sa3yKbhiTahb0n6jAmljGr5XDqQLvpAe HTTP/1.1" 200 64000
190.84.56.157 - - [15/Oct/2014:08:52:59 -0500] "POST /forms/lservlet;jsessionid=ac16012b30d567df56f0bf0f493b8e2b928ce0c690ef.e3iSbxaKaheRe34Sa3yKbhiTahb0n6jAmljGr5XDqQLvpAe HTTP/1.1" 200 63623
200.26.147.214 - - [15/Oct/2014:08:53:00 -0500] "GET /Autoliquidacion/index.php?dir=Solicitudes+relacionadas+con+calidad+del+aire+auditiva+y+visual%2FEvaluaci%F3n+de+estudios+de+Emisiones+con+miras+a+verificar+el+cumplimiento+de+las+normas+de+emisiones%2F HTTP/1.1" 200 3381
201.245.192.253 - - [15/Oct/2014:08:52:59 -0500] "POST /forest/usutareas.do? HTTP/1.1" 200 76
200.26.147.214 - - [15/Oct/2014:08:53:00 -0500] "GET /Autoliquidacion/dlf/unknown.png HTTP/1.1" 200 266
181.50.192.137 - - [15/Oct/2014:08:53:00 -0500] "POST /forms/lservlet;jsessionid=ac16012b30d53c3fd5d2976e40ea8333ea0525b72121.e3iSbxaKaheRe34Sa3yKbhiTahb0n6jAmljGr5XDqQLvpAe HTTP/1.1" 200 74
190.84.56.157 - - [15/Oct/2014:08:53:00 -0500] "HEAD /imagenes/dama_logo.gif HTTP/1.1" 200 -
190.84.56.157 - - [15/Oct/2014:08:53:00 -0500] "GET /imagenes/dama_logo.gif HTTP/1.1" 200 21482
181.50.192.137 - - [15/Oct/2014:08:53:01 -0500] "POST /forms/lservlet;jsessionid=ac16012b30d53c3fd5d2976e40ea8333ea0525b72121.e3iSbxaKaheRe34Sa3yKbhiTahb0n6jAmljGr5XDqQLvpAe HTTP/1.1" 200 7
190.84.56.157 - - [15/Oct/2014:08:53:01 -0500] "POST /forms/lservlet;jsessionid=ac16012b30d567df56f0bf0f493b8e2b928ce0c690ef.e3iSbxaKaheRe34Sa3yKbhiTahb0n6jAmljGr5XDqQLvpAe HTTP/1.1" 200 2
190.84.56.157 - - [15/Oct/2014:08:53:01 -0500] "POST /forms/lservlet;jsessionid=ac16012b30d567df56f0bf0f493b8e2b928ce0c690ef.e3iSbxaKaheRe34Sa3yKbhiTahb0n6jAmljGr5XDqQLvpAe HTTP/1.1" 200 2
186.29.172.183 - - [15/Oct/2014:08:53:01 -0500] "POST /forms/lservlet;jsessionid=ac16012b30d56f88d85a8f774ef4a95caa0afe9ee402.e3iSbxaKaheRe34Sa3yKbhiTahb0n6jAmljGr5XDqQLvpAe HTTP/1.1" 200 2
201.245.192.253 - - [15/Oct/2014:08:53:01 -0500] "GET /forest/skins/gdocs-jar/popup/escritorio/asignaruser.jsp?a=0.5326579210123614 HTTP/1.1" 200 6759
201.245.192.253 - - [15/Oct/2014:08:53:01 -0500] "GET /forest/usutareas.do?group_system_actual=3&a=0.4987251505291068 HTTP/1.1" 200 19113
201.245.192.253 - - [15/Oct/2014:08:53:01 -0500] "GET /forest/skins/gdocs-jar/css/menu.css?version=1408.271930 HTTP/1.1" 304 -
201.245.192.253 - - [15/Oct/2014:08:53:02 -0500] "GET /forest/session.jsp?a=0.48671201901600314 HTTP/1.1" 200 4
200.26.147.214 - - [15/Oct/2014:08:53:02 -0500] "GET /Autoliquidacion/Solicitudes%20relacionadas%20con%20calidad%20del%20aire%20auditiva%20y%20visual/Evaluaci%C3%B3n%20de%20estudios%20de%20Emisiones%20con%20miras%20a%20verificar%20el%20cumplimiento%20de%20las%20normas%20de%20emisiones/Aplicativo%20Evaluaci%C3%B3n%20de%20estudios%20de%20emisiones%202014.xlsx HTTP/1.1" 200 62671
181.50.192.137 - - [15/Oct/2014:08:53:01 -0500] "POST /forms/lservlet;jsessionid=ac16012b30d53c3fd5d2976e40ea8333ea0525b72121.e3iSbxaKaheRe34Sa3yKbhiTahb0n6jAmljGr5XDqQLvpAe HTTP/1.1" 200 64000
181.50.192.137 - - [15/Oct/2014:08:53:02 -0500] "POST /forms/lservlet;jsessionid=ac16012b30d53c3fd5d2976e40ea8333ea0525b72121.e3iSbxaKaheRe34Sa3yKbhiTahb0n6jAmljGr5XDqQLvpAe HTTP/1.1" 200 7001
190.24.138.66 - - [15/Oct/2014:08:53:03 -0500] "GET /autoliquidacion/Solicitudes%20relacionadas%20con%20calidad%20del%20aire%20auditiva%20y%20visual/Acompa%C3%B1amiento%20para%20muestreo%20isocin%C3%A9tico%20y%20o%20determinaciones%20de%20emisiones%20a%20fuentes%20fijas/protocolo%20para%20el%20monitoreo%20de%20emisiones%20atmosfericas.pdf HTTP/1.1" 200 -
181.50.192.137 - - [15/Oct/2014:08:53:03 -0500] "POST /forms/lservlet;jsessionid=ac16012b30d53c3fd5d2976e40ea8333ea0525b72121.e3iSbxaKaheRe34Sa3yKbhiTahb0n6jAmljGr5XDqQLvpAe HTTP/1.1" 200 109
201.245.192.253 - - [15/Oct/2014:08:53:03 -0500] "GET /forest/misactividades.do?_a=0.5245153331714058&group_system_actual=3 HTTP/1.1" 200 36397
201.245.192.253 - - [15/Oct/2014:08:53:04 -0500] "GET /forest/skins/gdocs-jar/css/menu.css?version=1408.271930 HTTP/1.1" 304 -
201.245.192.253 - - [15/Oct/2014:08:53:04 -0500] "POST /forest/misactividades.do?ajax=true&a=0.06247951309224231 HTTP/1.1" 200 56
201.245.192.253 - - [15/Oct/2014:08:53:04 -0500] "GET /forest/session.jsp?a=0.7026926138197459 HTTP/1.1" 200 4
74.86.158.107 - - [15/Oct/2014:08:53:05 -0500] "HEAD / HTTP/1.1" 302 -
181.50.192.137 - - [15/Oct/2014:08:53:06 -0500] "POST /forms/lservlet;jsessionid=ac16012b30d53c3fd5d2976e40ea8333ea0525b72121.e3iSbxaKaheRe34Sa3yKbhiTahb0n6jAmljGr5XDqQLvpAe HTTP/1.1" 200 2
181.50.192.137 - - [15/Oct/2014:08:53:06 -0500] "POST /forms/lservlet;jsessionid=ac16012b30d53c3fd5d2976e40ea8333ea0525b72121.e3iSbxaKaheRe34Sa3yKbhiTahb0n6jAmljGr5XDqQLvpAe HTTP/1.1" 200 248
181.50.192.137 - - [15/Oct/2014:08:53:06 -0500] "POST /forms/lservlet;jsessionid=ac16012b30d53c3fd5d2976e40ea8333ea0525b72121.e3iSbxaKaheRe34Sa3yKbhiTahb0n6jAmljGr5XDqQLvpAe HTTP/1.1" 200 2
181.50.192.137 - - [15/Oct/2014:08:53:07 -0500] "POST /forms/lservlet;jsessionid=ac16012b30d53c3fd5d2976e40ea8333ea0525b72121.e3iSbxaKaheRe34Sa3yKbhiTahb0n6jAmljGr5XDqQLvpAe HTTP/1.1" 200 2
181.50.192.137 - - [15/Oct/2014:08:53:07 -0500] "POST /forms/lservlet;jsessionid=ac16012b30d53c3fd5d2976e40ea8333ea0525b72121.e3iSbxaKaheRe34Sa3yKbhiTahb0n6jAmljGr5XDqQLvpAe HTTP/1.1" 200 260
190.84.56.157 - - [15/Oct/2014:08:53:08 -0500] "POST /forms/lservlet;jsessionid=ac16012b30d567df56f0bf0f493b8e2b928ce0c690ef.e3iSbxaKaheRe34Sa3yKbhiTahb0n6jAmljGr5XDqQLvpAe HTTP/1.1" 200 7992
181.50.192.137 - - [15/Oct/2014:08:53:09 -0500] "POST /forms/lservlet;jsessionid=ac16012b30d53c3fd5d2976e40ea8333ea0525b72121.e3iSbxaKaheRe34Sa3yKbhiTahb0n6jAmljGr5XDqQLvpAe HTTP/1.1" 200 2
190.84.56.157 - - [15/Oct/2014:08:53:09 -0500] "POST /forms/lservlet;jsessionid=ac16012b30d567df56f0bf0f493b8e2b928ce0c690ef.e3iSbxaKaheRe34Sa3yKbhiTahb0n6jAmljGr5XDqQLvpAe HTTP/1.1" 200 64
201.245.192.253 - - [15/Oct/2014:08:53:09 -0500] "GET /forest/session.jsp?a=0.2757654619889589 HTTP/1.1" 200 4
190.84.56.157 - - [15/Oct/2014:08:53:09 -0500] "POST /forms/lservlet;jsessionid=ac16012b30d567df56f0bf0f493b8e2b928ce0c690ef.e3iSbxaKaheRe34Sa3yKbhiTahb0n6jAmljGr5XDqQLvpAe HTTP/1.1" 200 2
181.50.192.137 - - [15/Oct/2014:08:53:09 -0500] "POST /forms/lservlet;jsessionid=ac16012b30d53c3fd5d2976e40ea8333ea0525b72121.e3iSbxaKaheRe34Sa3yKbhiTahb0n6jAmljGr5XDqQLvpAe HTTP/1.1" 200 75
190.84.56.157 - - [15/Oct/2014:08:53:09 -0500] "POST /forms/lservlet;jsessionid=ac16012b30d567df56f0bf0f493b8e2b928ce0c690ef.e3iSbxaKaheRe34Sa3yKbhiTahb0n6jAmljGr5XDqQLvpAe HTTP/1.1" 200 2
190.84.56.157 - - [15/Oct/2014:08:53:09 -0500] "POST /forms/lservlet;jsessionid=ac16012b30d567df56f0bf0f493b8e2b928ce0c690ef.e3iSbxaKaheRe34Sa3yKbhiTahb0n6jAmljGr5XDqQLvpAe HTTP/1.1" 200 2
181.50.192.137 - - [15/Oct/2014:08:53:09 -0500] "POST /forms/lservlet;jsessionid=ac16012b30d53c3fd5d2976e40ea8333ea0525b72121.e3iSbxaKaheRe34Sa3yKbhiTahb0n6jAmljGr5XDqQLvpAe HTTP/1.1" 200 2
181.50.192.137 - - [15/Oct/2014:08:53:10 -0500] "POST /forms/lservlet;jsessionid=ac16012b30d53c3fd5d2976e40ea8333ea0525b72121.e3iSbxaKaheRe34Sa3yKbhiTahb0n6jAmljGr5XDqQLvpAe HTTP/1.1" 200 2
181.50.192.137 - - [15/Oct/2014:08:53:10 -0500] "POST /forms/lservlet;jsessionid=ac16012b30d53c3fd5d2976e40ea8333ea0525b72121.e3iSbxaKaheRe34Sa3yKbhiTahb0n6jAmljGr5XDqQLvpAe HTTP/1.1" 200 1504
181.50.192.137 - - [15/Oct/2014:08:53:10 -0500] "POST /forms/lservlet;jsessionid=ac16012b30d53c3fd5d2976e40ea8333ea0525b72121.e3iSbxaKaheRe34Sa3yKbhiTahb0n6jAmljGr5XDqQLvpAe HTTP/1.1" 200 2
181.50.192.137 - - [15/Oct/2014:08:53:10 -0500] "POST /forms/lservlet;jsessionid=ac16012b30d53c3fd5d2976e40ea8333ea0525b72121.e3iSbxaKaheRe34Sa3yKbhiTahb0n6jAmljGr5XDqQLvpAe HTTP/1.1" 200 2
181.50.192.137 - - [15/Oct/2014:08:53:11 -0500] "POST /forms/lservlet;jsessionid=ac16012b30d53c3fd5d2976e40ea8333ea0525b72121.e3iSbxaKaheRe34Sa3yKbhiTahb0n6jAmljGr5XDqQLvpAe HTTP/1.1" 200 135
181.50.192.137 - - [15/Oct/2014:08:53:12 -0500] "POST /forms/lservlet;jsessionid=ac16012b30d53c3fd5d2976e40ea8333ea0525b72121.e3iSbxaKaheRe34Sa3yKbhiTahb0n6jAmljGr5XDqQLvpAe HTTP/1.1" 200 7
190.84.56.157 - - [15/Oct/2014:08:53:12 -0500] "POST /forms/lservlet;jsessionid=ac16012b30d567df56f0bf0f493b8e2b928ce0c690ef.e3iSbxaKaheRe34Sa3yKbhiTahb0n6jAmljGr5XDqQLvpAe HTTP/1.1" 200 34711
181.50.192.137 - - [15/Oct/2014:08:53:12 -0500] "POST /forms/lservlet;jsessionid=ac16012b30d53c3fd5d2976e40ea8333ea0525b72121.e3iSbxaKaheRe34Sa3yKbhiTahb0n6jAmljGr5XDqQLvpAe HTTP/1.1" 200 30097
181.50.192.137 - - [15/Oct/2014:08:53:13 -0500] "POST /forms/lservlet;jsessionid=ac16012b30d53c3fd5d2976e40ea8333ea0525b72121.e3iSbxaKaheRe34Sa3yKbhiTahb0n6jAmljGr5XDqQLvpAe HTTP/1.1" 200 7
181.50.192.137 - - [15/Oct/2014:08:53:13 -0500] "GET /imagenes/rt_quer3.gif HTTP/1.1" 200 939
181.50.192.137 - - [15/Oct/2014:08:53:13 -0500] "GET /imagenes/rt_print.gif HTTP/1.1" 200 916
181.50.192.137 - - [15/Oct/2014:08:53:13 -0500] "GET /imagenes/rt_pset.gif HTTP/1.1" 200 914
181.50.192.137 - - [15/Oct/2014:08:53:13 -0500] "POST /forms/lservlet;jsessionid=ac16012b30d53c3fd5d2976e40ea8333ea0525b72121.e3iSbxaKaheRe34Sa3yKbhiTahb0n6jAmljGr5XDqQLvpAe HTTP/1.1" 200 2
190.84.56.157 - - [15/Oct/2014:08:53:13 -0500] "GET /imagenes/listval.gif HTTP/1.1" 200 905
190.84.56.157 - - [15/Oct/2014:08:53:13 -0500] "GET /imagenes/tree1.gif HTTP/1.1" 200 1161
181.50.192.137 - - [15/Oct/2014:08:53:13 -0500] "POST /forms/lservlet;jsessionid=ac16012b30d53c3fd5d2976e40ea8333ea0525b72121.e3iSbxaKaheRe34Sa3yKbhiTahb0n6jAmljGr5XDqQLvpAe HTTP/1.1" 200 27
190.84.56.157 - - [15/Oct/2014:08:53:13 -0500] "GET /imagenes/listval.gif HTTP/1.1" 200 905
190.84.56.157 - - [15/Oct/2014:08:53:13 -0500] "GET /imagenes/CAMERA3.gif HTTP/1.1" 200 4150
190.84.56.157 - - [15/Oct/2014:08:53:13 -0500] "GET /imagenes/SLIDE1.gif HTTP/1.1" 200 1111
190.84.56.157 - - [15/Oct/2014:08:53:13 -0500] "GET /imagenes/flexcomb.gif HTTP/1.1" 200 1169
190.84.56.157 - - [15/Oct/2014:08:53:13 -0500] "GET /imagenes/GO.gif HTTP/1.1" 200 904
190.84.56.157 - - [15/Oct/2014:08:53:13 -0500] "GET /imagenes/HRTOOLS.gif HTTP/1.1" 200 2238
190.84.56.157 - - [15/Oct/2014:08:53:13 -0500] "GET /imagenes/rt_rec1.gif HTTP/1.1" 200 867
190.84.56.157 - - [15/Oct/2014:08:53:13 -0500] "GET /imagenes/apply.gif HTTP/1.1" 200 903
190.84.56.157 - - [15/Oct/2014:08:53:13 -0500] "GET /imagenes/exit.gif HTTP/1.1" 200 916
190.84.56.157 - - [15/Oct/2014:08:53:13 -0500] "GET /imagenes/LISTVAL.gif HTTP/1.1" 200 905
190.84.56.157 - - [15/Oct/2014:08:53:13 -0500] "GET /imagenes/edit.gif HTTP/1.1" 200 919
190.84.56.157 - - [15/Oct/2014:08:53:13 -0500] "GET /imagenes/rt_rec4.gif HTTP/1.1" 200 865
190.84.56.157 - - [15/Oct/2014:08:53:13 -0500] "GET /imagenes/rt_rec3.gif HTTP/1.1" 200 844
190.84.56.157 - - [15/Oct/2014:08:53:13 -0500] "GET /imagenes/rt_rec2.gif HTTP/1.1" 200 847
190.84.56.157 - - [15/Oct/2014:08:53:13 -0500] "GET /imagenes/rt_rdel.gif HTTP/1.1" 200 899
190.84.56.157 - - [15/Oct/2014:08:53:13 -0500] "GET /imagenes/rt_radd.gif HTTP/1.1" 200 907
190.84.56.157 - - [15/Oct/2014:08:53:13 -0500] "GET /imagenes/rt_quer3.gif HTTP/1.1" 200 939
190.84.56.157 - - [15/Oct/2014:08:53:13 -0500] "GET /imagenes/rt_quer2.gif HTTP/1.1" 200 936
190.84.56.157 - - [15/Oct/2014:08:53:13 -0500] "GET /imagenes/rt_quer1.gif HTTP/1.1" 200 930
190.84.56.157 - - [15/Oct/2014:08:53:13 -0500] "GET /imagenes/rt_save.gif HTTP/1.1" 200 903
190.84.56.157 - - [15/Oct/2014:08:53:13 -0500] "GET /imagenes/rt_pset.gif HTTP/1.1" 200 914
190.84.56.157 - - [15/Oct/2014:08:53:13 -0500] "GET /imagenes/QUEJA.gif HTTP/1.1" 200 1091
190.84.56.157 - - [15/Oct/2014:08:53:13 -0500] "GET /imagenes/ARBOL.gif HTTP/1.1" 200 1026
190.84.56.157 - - [15/Oct/2014:08:53:13 -0500] "GET /imagenes/Clipboard.gif HTTP/1.1" 200 1466
190.84.56.157 - - [15/Oct/2014:08:53:13 -0500] "GET /imagenes/DINERO.gif HTTP/1.1" 200 1766
190.84.56.157 - - [15/Oct/2014:08:53:14 -0500] "GET /imagenes/URGENTE.gif HTTP/1.1" 200 964
190.84.56.157 - - [15/Oct/2014:08:53:14 -0500] "GET /imagenes/TREE4.gif HTTP/1.1" 200 4150
190.84.56.157 - - [15/Oct/2014:08:53:14 -0500] "POST /forms/lservlet;jsessionid=ac16012b30d567df56f0bf0f493b8e2b928ce0c690ef.e3iSbxaKaheRe34Sa3yKbhiTahb0n6jAmljGr5XDqQLvpAe HTTP/1.1" 200 7
190.84.56.157 - - [15/Oct/2014:08:53:14 -0500] "POST /forms/lservlet;jsessionid=ac16012b30d567df56f0bf0f493b8e2b928ce0c690ef.e3iSbxaKaheRe34Sa3yKbhiTahb0n6jAmljGr5XDqQLvpAe HTTP/1.1" 200 34
190.84.56.157 - - [15/Oct/2014:08:53:14 -0500] "POST /forms/lservlet;jsessionid=ac16012b30d567df56f0bf0f493b8e2b928ce0c690ef.e3iSbxaKaheRe34Sa3yKbhiTahb0n6jAmljGr5XDqQLvpAe HTTP/1.1" 200 2
181.50.192.137 - - [15/Oct/2014:08:53:14 -0500] "POST /forms/lservlet;jsessionid=ac16012b30d53c3fd5d2976e40ea8333ea0525b72121.e3iSbxaKaheRe34Sa3yKbhiTahb0n6jAmljGr5XDqQLvpAe HTTP/1.1" 200 2
201.245.192.253 - - [15/Oct/2014:08:53:15 -0500] "POST /isolucionsda/ListadoMaestroDocumentos3.asp HTTP/1.1" 200 16225
190.157.138.179 - - [15/Oct/2014:08:53:16 -0500] "GET /Residuos/cosmeticos/cosmeticos.html HTTP/1.1" 404 1324
190.157.138.179 - - [15/Oct/2014:08:53:17 -0500] "GET /favicon.ico HTTP/1.1" 200 7782
190.26.254.253 - - [15/Oct/2014:08:53:18 -0500] "GET /galeria/carrusel/Carrusel/jquery.thumbnailScroller.css HTTP/1.1" 200 2066
190.26.254.253 - - [15/Oct/2014:08:53:18 -0500] "GET /BLA/boletinlegal/js/jquery.js HTTP/1.1" 200 57254
190.26.254.253 - - [15/Oct/2014:08:53:19 -0500] "GET /galeria/carrusel/Carrusel/jquery.thumbnailScroller.js HTTP/1.1" 200 8157
190.26.254.253 - - [15/Oct/2014:08:53:19 -0500] "GET /BLA/boletinlegal/js/jquery.scrollTo-min.js HTTP/1.1" 200 1150
190.26.254.253 - - [15/Oct/2014:08:53:19 -0500] "GET /BLA/boletinlegal/js/jquery.scrollShow.js HTTP/1.1" 200 4586
190.26.254.253 - - [15/Oct/2014:08:53:19 -0500] "GET /galeria/carrusel/Carrusel/jquery-ui-1.8.13.custom.min.js HTTP/1.1" 200 10800
190.26.254.253 - - [15/Oct/2014:08:53:20 -0500] "GET /galeria/nivo-slider/demo/demo.html HTTP/1.1" 200 3169
190.26.254.253 - - [15/Oct/2014:08:53:20 -0500] "GET /galeria/nivo-slider/themes/default/default.css HTTP/1.1" 200 1569
190.26.254.253 - - [15/Oct/2014:08:53:20 -0500] "GET /galeria/nivo-slider/themes/pascal/pascal.css HTTP/1.1" 200 2258
190.26.254.253 - - [15/Oct/2014:08:53:20 -0500] "GET /galeria/nivo-slider/themes/orman/orman.css HTTP/1.1" 200 2152
190.26.254.253 - - [15/Oct/2014:08:53:20 -0500] "GET /galeria/nivo-slider/nivo-slider.css HTTP/1.1" 200 1507
190.26.254.253 - - [15/Oct/2014:08:53:20 -0500] "GET /galeria/nivo-slider/demo/style.css HTTP/1.1" 200 2222
190.26.254.253 - - [15/Oct/2014:08:53:20 -0500] "GET /galeria/nivo-slider/demo/scripts/jquery-1.7.1.min.js HTTP/1.1" 200 93868
190.26.254.253 - - [15/Oct/2014:08:53:20 -0500] "GET /galeria/nivo-slider/jquery.nivo.slider.pack.js HTTP/1.1" 200 11561
190.26.254.253 - - [15/Oct/2014:08:53:20 -0500] "GET /galeria/nivo-slider/demo/images/EncuentroAgua1.jpg HTTP/1.1" 200 274179
190.26.254.253 - - [15/Oct/2014:08:53:20 -0500] "GET /galeria/nivo-slider/demo/images/Tingua-azul.jpg HTTP/1.1" 200 307638
190.26.254.253 - - [15/Oct/2014:08:53:20 -0500] "GET /galeria/nivo-slider/demo/images/Banner-Caracol-Africano.jpg HTTP/1.1" 200 331986
190.26.254.253 - - [15/Oct/2014:08:53:20 -0500] "GET /galeria/nivo-slider/demo/images/9Signos.jpg HTTP/1.1" 200 93040
190.26.254.253 - - [15/Oct/2014:08:53:20 -0500] "GET /galeria/nivo-slider/demo/images/4Simple_Slider.png HTTP/1.1" 200 11722
190.26.254.253 - - [15/Oct/2014:08:53:21 -0500] "GET /galeria/nivo-slider/themes/default/loading.gif HTTP/1.1" 200 1737
190.26.254.253 - - [15/Oct/2014:08:53:21 -0500] "GET /galeria/nivo-slider/demo/images/banner-encuesta.jpg HTTP/1.1" 200 42764
190.26.254.253 - - [15/Oct/2014:08:53:21 -0500] "GET /galeria/nivo-slider/demo/images/banner-llantas2.jpg HTTP/1.1" 200 73153
190.26.254.253 - - [15/Oct/2014:08:53:22 -0500] "GET /galeria/nivo-slider/demo/images/banner-caballos.png HTTP/1.1" 200 389106
190.26.254.253 - - [15/Oct/2014:08:53:22 -0500] "GET /galeria/nivo-slider/demo/images/ConstructorasFNL.jpg HTTP/1.1" 200 216551
190.26.254.253 - - [15/Oct/2014:08:53:22 -0500] "GET /galeria/nivo-slider/demo/images/Hacienda_Molinos.jpg HTTP/1.1" 200 319171
190.26.254.253 - - [15/Oct/2014:08:53:23 -0500] "GET /galeria/nivo-slider/demo/images/bannerEcolecta3.jpg HTTP/1.1" 200 280034
181.50.192.137 - - [15/Oct/2014:08:53:24 -0500] "POST /forms/lservlet;jsessionid=ac16012b30d53c3fd5d2976e40ea8333ea0525b72121.e3iSbxaKaheRe34Sa3yKbhiTahb0n6jAmljGr5XDqQLvpAe HTTP/1.1" 200 102
190.26.254.253 - - [15/Oct/2014:08:53:24 -0500] "GET /galeria/nivo-slider/themes/default/arrows.png HTTP/1.1" 200 824
190.26.254.253 - - [15/Oct/2014:08:53:24 -0500] "GET /galeria/nivo-slider/themes/default/bullets.png HTTP/1.1" 200 1281
190.26.254.253 - - [15/Oct/2014:08:53:25 -0500] "GET /videos/Spot_Tinguas.flv HTTP/1.1" 200 2087054
181.50.192.137 - - [15/Oct/2014:08:53:25 -0500] "POST /forms/lservlet;jsessionid=ac16012b30d53c3fd5d2976e40ea8333ea0525b72121.e3iSbxaKaheRe34Sa3yKbhiTahb0n6jAmljGr5XDqQLvpAe HTTP/1.1" 200 74
186.30.95.113 - - [15/Oct/2014:08:53:25 -0500] "POST /forms/lservlet;jsessionid=ac16012b30d56cf194c0d6e6461a9e24aaf26668d73e.e3iSbxaKaheRe34Sa3yKbhiTahb0n6jAmljGr5XDqQLvpAe HTTP/1.1" 200 2
201.245.192.253 - - [15/Oct/2014:08:53:26 -0500] "GET /isolucionsda/FramesetArticulo.asp?Pagina=bancoconocimiento%2FA%2FAdquisicionymodelamientodelainformacionespacial%5Fv7%2FAdquisicionymodelamientodelainformacionespacial%5Fv7%2Easp&IdArticulo=6136 HTTP/1.1" 200 7357
201.245.192.253 - - [15/Oct/2014:08:53:26 -0500] "GET /isolucionsda/Arriba.asp?Pagina=bancoconocimiento%2FA%2FAdquisicionymodelamientodelainformacionespacial%5Fv7%2FAdquisicionymodelamientodelainformacionespacial%5Fv7%2Easp&IdArticulo=6136 HTTP/1.1" 200 10521
201.245.192.253 - - [15/Oct/2014:08:53:26 -0500] "GET /isolucionsda/bancoconocimiento/A/Adquisicionymodelamientodelainformacionespacial_v7/Adquisicionymodelamientodelainformacionespacial_v7.asp?IdArticulo=6136 HTTP/1.1" 200 63605
181.50.192.137 - - [15/Oct/2014:08:53:26 -0500] "POST /forms/lservlet;jsessionid=ac16012b30d53c3fd5d2976e40ea8333ea0525b72121.e3iSbxaKaheRe34Sa3yKbhiTahb0n6jAmljGr5XDqQLvpAe HTTP/1.1" 200 7
201.245.192.253 - - [15/Oct/2014:08:53:27 -0500] "GET /isolucionsda/g/vacio1x1.gif HTTP/1.1" 404 5195
201.245.192.253 - - [15/Oct/2014:08:53:27 -0500] "GET /galeria/carrusel/Carrusel/jquery-ui-%20%201.8.13.custom.min.js HTTP/1.1" 404 1018
181.50.192.137 - - [15/Oct/2014:08:53:27 -0500] "POST /forms/lservlet;jsessionid=ac16012b30d53c3fd5d2976e40ea8333ea0525b72121.e3iSbxaKaheRe34Sa3yKbhiTahb0n6jAmljGr5XDqQLvpAe HTTP/1.1" 200 64000
181.50.192.137 - - [15/Oct/2014:08:53:28 -0500] "POST /forms/lservlet;jsessionid=ac16012b30d53c3fd5d2976e40ea8333ea0525b72121.e3iSbxaKaheRe34Sa3yKbhiTahb0n6jAmljGr5XDqQLvpAe HTTP/1.1" 200 8862
181.50.192.137 - - [15/Oct/2014:08:53:28 -0500] "POST /forms/lservlet;jsessionid=ac16012b30d53c3fd5d2976e40ea8333ea0525b72121.e3iSbxaKaheRe34Sa3yKbhiTahb0n6jAmljGr5XDqQLvpAe HTTP/1.1" 200 109
190.84.56.157 - - [15/Oct/2014:08:53:28 -0500] "POST /forms/lservlet;jsessionid=ac16012b30d567df56f0bf0f493b8e2b928ce0c690ef.e3iSbxaKaheRe34Sa3yKbhiTahb0n6jAmljGr5XDqQLvpAe HTTP/1.1" 200 2
190.84.56.157 - - [15/Oct/2014:08:53:29 -0500] "POST /forms/lservlet;jsessionid=ac16012b30d567df56f0bf0f493b8e2b928ce0c690ef.e3iSbxaKaheRe34Sa3yKbhiTahb0n6jAmljGr5XDqQLvpAe HTTP/1.1" 200 699
190.84.56.157 - - [15/Oct/2014:08:53:29 -0500] "GET /imagenes/Srch_frw.gif HTTP/1.1" 200 925
190.84.56.157 - - [15/Oct/2014:08:53:29 -0500] "POST /forms/lservlet;jsessionid=ac16012b30d567df56f0bf0f493b8e2b928ce0c690ef.e3iSbxaKaheRe34Sa3yKbhiTahb0n6jAmljGr5XDqQLvpAe HTTP/1.1" 200 10
181.50.192.137 - - [15/Oct/2014:08:53:30 -0500] "POST /forms/lservlet;jsessionid=ac16012b30d53c3fd5d2976e40ea8333ea0525b72121.e3iSbxaKaheRe34Sa3yKbhiTahb0n6jAmljGr5XDqQLvpAe HTTP/1.1" 200 2
181.50.192.137 - - [15/Oct/2014:08:53:30 -0500] "POST /forms/lservlet;jsessionid=ac16012b30d53c3fd5d2976e40ea8333ea0525b72121.e3iSbxaKaheRe34Sa3yKbhiTahb0n6jAmljGr5XDqQLvpAe HTTP/1.1" 200 248
181.50.192.137 - - [15/Oct/2014:08:53:30 -0500] "POST /forms/lservlet;jsessionid=ac16012b30d53c3fd5d2976e40ea8333ea0525b72121.e3iSbxaKaheRe34Sa3yKbhiTahb0n6jAmljGr5XDqQLvpAe HTTP/1.1" 200 2
181.50.192.137 - - [15/Oct/2014:08:53:31 -0500] "POST /forms/lservlet;jsessionid=ac16012b30d53c3fd5d2976e40ea8333ea0525b72121.e3iSbxaKaheRe34Sa3yKbhiTahb0n6jAmljGr5XDqQLvpAe HTTP/1.1" 200 2
181.50.192.137 - - [15/Oct/2014:08:53:31 -0500] "POST /forms/lservlet;jsessionid=ac16012b30d53c3fd5d2976e40ea8333ea0525b72121.e3iSbxaKaheRe34Sa3yKbhiTahb0n6jAmljGr5XDqQLvpAe HTTP/1.1" 200 260
181.50.192.137 - - [15/Oct/2014:08:53:32 -0500] "POST /forms/lservlet;jsessionid=ac16012b30d53c3fd5d2976e40ea8333ea0525b72121.e3iSbxaKaheRe34Sa3yKbhiTahb0n6jAmljGr5XDqQLvpAe HTTP/1.1" 200 2
181.50.192.137 - - [15/Oct/2014:08:53:32 -0500] "POST /forms/lservlet;jsessionid=ac16012b30d53c3fd5d2976e40ea8333ea0525b72121.e3iSbxaKaheRe34Sa3yKbhiTahb0n6jAmljGr5XDqQLvpAe HTTP/1.1" 200 75
201.245.192.253 - - [15/Oct/2014:08:53:32 -0500] "GET /galeria/nivo-slider/demo/images/banner-llantas2.jpg HTTP/1.1" 304 -
201.245.192.253 - - [15/Oct/2014:08:53:32 -0500] "GET /galeria/nivo-slider/demo/images/banner-caballos.png HTTP/1.1" 304 -
181.50.192.137 - - [15/Oct/2014:08:53:32 -0500] "POST /forms/lservlet;jsessionid=ac16012b30d53c3fd5d2976e40ea8333ea0525b72121.e3iSbxaKaheRe34Sa3yKbhiTahb0n6jAmljGr5XDqQLvpAe HTTP/1.1" 200 2
201.245.192.253 - - [15/Oct/2014:08:53:33 -0500] "GET /forest/skins/gdocs-jar/css/menu.css?version=1408.271930 HTTP/1.1" 304 -
181.50.192.137 - - [15/Oct/2014:08:53:33 -0500] "POST /forms/lservlet;jsessionid=ac16012b30d53c3fd5d2976e40ea8333ea0525b72121.e3iSbxaKaheRe34Sa3yKbhiTahb0n6jAmljGr5XDqQLvpAe HTTP/1.1" 200 1504
181.50.192.137 - - [15/Oct/2014:08:53:33 -0500] "POST /forms/lservlet;jsessionid=ac16012b30d53c3fd5d2976e40ea8333ea0525b72121.e3iSbxaKaheRe34Sa3yKbhiTahb0n6jAmljGr5XDqQLvpAe HTTP/1.1" 200 2
181.50.192.137 - - [15/Oct/2014:08:53:33 -0500] "POST /forms/lservlet;jsessionid=ac16012b30d53c3fd5d2976e40ea8333ea0525b72121.e3iSbxaKaheRe34Sa3yKbhiTahb0n6jAmljGr5XDqQLvpAe HTTP/1.1" 200 2
201.245.192.253 - - [15/Oct/2014:08:53:33 -0500] "GET /forest/skins/gdocs-jar/js/autocompletar2.js?version=1408.271930 HTTP/1.1" 304 -
66.249.65.123 - - [15/Oct/2014:08:53:33 -0500] "GET /BLA/resoluciones/AUTOS%202008/0812.pdf HTTP/1.1" 200 82731
201.245.192.253 - - [15/Oct/2014:08:53:33 -0500] "POST /forest/suactividades.do?group_system_actual=3 HTTP/1.1" 200 52527
201.245.192.253 - - [15/Oct/2014:08:53:34 -0500] "GET /forest/session.jsp?a=0.9175417601345496 HTTP/1.1" 200 4
186.29.172.183 - - [15/Oct/2014:08:53:34 -0500] "POST /forms/lservlet;jsessionid=ac16012b30d56f88d85a8f774ef4a95caa0afe9ee402.e3iSbxaKaheRe34Sa3yKbhiTahb0n6jAmljGr5XDqQLvpAe HTTP/1.1" 200 2
186.29.172.183 - - [15/Oct/2014:08:53:34 -0500] "POST /forms/lservlet;jsessionid=ac16012b30d56f88d85a8f774ef4a95caa0afe9ee402.e3iSbxaKaheRe34Sa3yKbhiTahb0n6jAmljGr5XDqQLvpAe HTTP/1.1" 200 495
186.29.172.183 - - [15/Oct/2014:08:53:34 -0500] "POST /forms/lservlet;jsessionid=ac16012b30d56f88d85a8f774ef4a95caa0afe9ee402.e3iSbxaKaheRe34Sa3yKbhiTahb0n6jAmljGr5XDqQLvpAe HTTP/1.1" 200 7
181.50.192.137 - - [15/Oct/2014:08:53:34 -0500] "POST /forms/lservlet;jsessionid=ac16012b30d53c3fd5d2976e40ea8333ea0525b72121.e3iSbxaKaheRe34Sa3yKbhiTahb0n6jAmljGr5XDqQLvpAe HTTP/1.1" 200 135
181.50.192.137 - - [15/Oct/2014:08:53:35 -0500] "POST /forms/lservlet;jsessionid=ac16012b30d53c3fd5d2976e40ea8333ea0525b72121.e3iSbxaKaheRe34Sa3yKbhiTahb0n6jAmljGr5XDqQLvpAe HTTP/1.1" 200 7
181.50.192.137 - - [15/Oct/2014:08:53:35 -0500] "POST /forms/lservlet;jsessionid=ac16012b30d53c3fd5d2976e40ea8333ea0525b72121.e3iSbxaKaheRe34Sa3yKbhiTahb0n6jAmljGr5XDqQLvpAe HTTP/1.1" 200 30086
181.50.192.137 - - [15/Oct/2014:08:53:36 -0500] "POST /forms/lservlet;jsessionid=ac16012b30d53c3fd5d2976e40ea8333ea0525b72121.e3iSbxaKaheRe34Sa3yKbhiTahb0n6jAmljGr5XDqQLvpAe HTTP/1.1" 200 7
181.50.192.137 - - [15/Oct/2014:08:53:36 -0500] "POST /forms/lservlet;jsessionid=ac16012b30d53c3fd5d2976e40ea8333ea0525b72121.e3iSbxaKaheRe34Sa3yKbhiTahb0n6jAmljGr5XDqQLvpAe HTTP/1.1" 200 2
181.50.192.137 - - [15/Oct/2014:08:53:36 -0500] "POST /forms/lservlet;jsessionid=ac16012b30d53c3fd5d2976e40ea8333ea0525b72121.e3iSbxaKaheRe34Sa3yKbhiTahb0n6jAmljGr5XDqQLvpAe HTTP/1.1" 200 27
181.50.192.137 - - [15/Oct/2014:08:53:37 -0500] "POST /forms/lservlet;jsessionid=ac16012b30d53c3fd5d2976e40ea8333ea0525b72121.e3iSbxaKaheRe34Sa3yKbhiTahb0n6jAmljGr5XDqQLvpAe HTTP/1.1" 200 2
186.30.95.113 - - [15/Oct/2014:08:53:38 -0500] "GET /forest/session.jsp?a=0.3049157008063048 HTTP/1.1" 200 4
201.245.192.253 - - [15/Oct/2014:08:53:34 -0500] "POST /forest/actions/workplace.getReparto?a=0.5487908400494064 HTTP/1.1" 200 2174
201.245.192.253 - - [15/Oct/2014:08:53:39 -0500] "GET /PruebasSTORM/StormSDA_pruebas/userFiles/93.jar HTTP/1.1" 304 -
190.84.56.157 - - [15/Oct/2014:08:53:39 -0500] "POST /forms/lservlet;jsessionid=ac16012b30d567df56f0bf0f493b8e2b928ce0c690ef.e3iSbxaKaheRe34Sa3yKbhiTahb0n6jAmljGr5XDqQLvpAe HTTP/1.1" 200 24
190.84.56.157 - - [15/Oct/2014:08:53:39 -0500] "POST /forms/lservlet;jsessionid=ac16012b30d567df56f0bf0f493b8e2b928ce0c690ef.e3iSbxaKaheRe34Sa3yKbhiTahb0n6jAmljGr5XDqQLvpAe HTTP/1.1" 200 4121
190.84.56.157 - - [15/Oct/2014:08:53:40 -0500] "POST /forms/lservlet;jsessionid=ac16012b30d567df56f0bf0f493b8e2b928ce0c690ef.e3iSbxaKaheRe34Sa3yKbhiTahb0n6jAmljGr5XDqQLvpAe HTTP/1.1" 200 2
190.84.56.157 - - [15/Oct/2014:08:53:42 -0500] "POST /forms/lservlet;jsessionid=ac16012b30d567df56f0bf0f493b8e2b928ce0c690ef.e3iSbxaKaheRe34Sa3yKbhiTahb0n6jAmljGr5XDqQLvpAe HTTP/1.1" 200 376
190.84.56.157 - - [15/Oct/2014:08:53:42 -0500] "POST /forms/lservlet;jsessionid=ac16012b30d567df56f0bf0f493b8e2b928ce0c690ef.e3iSbxaKaheRe34Sa3yKbhiTahb0n6jAmljGr5XDqQLvpAe HTTP/1.1" 200 7
190.84.56.157 - - [15/Oct/2014:08:53:43 -0500] "POST /forms/lservlet;jsessionid=ac16012b30d567df56f0bf0f493b8e2b928ce0c690ef.e3iSbxaKaheRe34Sa3yKbhiTahb0n6jAmljGr5XDqQLvpAe HTTP/1.1" 200 283
190.84.56.157 - - [15/Oct/2014:08:53:43 -0500] "POST /forms/lservlet;jsessionid=ac16012b30d567df56f0bf0f493b8e2b928ce0c690ef.e3iSbxaKaheRe34Sa3yKbhiTahb0n6jAmljGr5XDqQLvpAe HTTP/1.1" 200 286
190.84.56.157 - - [15/Oct/2014:08:53:43 -0500] "POST /forms/lservlet;jsessionid=ac16012b30d567df56f0bf0f493b8e2b928ce0c690ef.e3iSbxaKaheRe34Sa3yKbhiTahb0n6jAmljGr5XDqQLvpAe HTTP/1.1" 200 286
190.84.56.157 - - [15/Oct/2014:08:53:43 -0500] "POST /forms/lservlet;jsessionid=ac16012b30d567df56f0bf0f493b8e2b928ce0c690ef.e3iSbxaKaheRe34Sa3yKbhiTahb0n6jAmljGr5XDqQLvpAe HTTP/1.1" 200 286
181.50.192.137 - - [15/Oct/2014:08:53:44 -0500] "POST /forms/lservlet;jsessionid=ac16012b30d53c3fd5d2976e40ea8333ea0525b72121.e3iSbxaKaheRe34Sa3yKbhiTahb0n6jAmljGr5XDqQLvpAe HTTP/1.1" 200 102
190.84.56.157 - - [15/Oct/2014:08:53:44 -0500] "POST /forms/lservlet;jsessionid=ac16012b30d567df56f0bf0f493b8e2b928ce0c690ef.e3iSbxaKaheRe34Sa3yKbhiTahb0n6jAmljGr5XDqQLvpAe HTTP/1.1" 200 288
190.84.56.157 - - [15/Oct/2014:08:53:44 -0500] "POST /forms/lservlet;jsessionid=ac16012b30d567df56f0bf0f493b8e2b928ce0c690ef.e3iSbxaKaheRe34Sa3yKbhiTahb0n6jAmljGr5XDqQLvpAe HTTP/1.1" 200 288
190.84.56.157 - - [15/Oct/2014:08:53:44 -0500] "POST /forms/lservlet;jsessionid=ac16012b30d567df56f0bf0f493b8e2b928ce0c690ef.e3iSbxaKaheRe34Sa3yKbhiTahb0n6jAmljGr5XDqQLvpAe HTTP/1.1" 200 288
181.50.192.137 - - [15/Oct/2014:08:53:44 -0500] "POST /forms/lservlet;jsessionid=ac16012b30d53c3fd5d2976e40ea8333ea0525b72121.e3iSbxaKaheRe34Sa3yKbhiTahb0n6jAmljGr5XDqQLvpAe HTTP/1.1" 200 74
190.84.56.157 - - [15/Oct/2014:08:53:44 -0500] "POST /forms/lservlet;jsessionid=ac16012b30d567df56f0bf0f493b8e2b928ce0c690ef.e3iSbxaKaheRe34Sa3yKbhiTahb0n6jAmljGr5XDqQLvpAe HTTP/1.1" 200 289
190.84.56.157 - - [15/Oct/2014:08:53:44 -0500] "POST /forms/lservlet;jsessionid=ac16012b30d567df56f0bf0f493b8e2b928ce0c690ef.e3iSbxaKaheRe34Sa3yKbhiTahb0n6jAmljGr5XDqQLvpAe HTTP/1.1" 200 289
190.84.56.157 - - [15/Oct/2014:08:53:45 -0500] "POST /forms/lservlet;jsessionid=ac16012b30d567df56f0bf0f493b8e2b928ce0c690ef.e3iSbxaKaheRe34Sa3yKbhiTahb0n6jAmljGr5XDqQLvpAe HTTP/1.1" 200 289
181.50.192.137 - - [15/Oct/2014:08:53:45 -0500] "POST /forms/lservlet;jsessionid=ac16012b30d53c3fd5d2976e40ea8333ea0525b72121.e3iSbxaKaheRe34Sa3yKbhiTahb0n6jAmljGr5XDqQLvpAe HTTP/1.1" 200 7
190.84.56.157 - - [15/Oct/2014:08:53:45 -0500] "POST /forms/lservlet;jsessionid=ac16012b30d567df56f0bf0f493b8e2b928ce0c690ef.e3iSbxaKaheRe34Sa3yKbhiTahb0n6jAmljGr5XDqQLvpAe HTTP/1.1" 200 289
190.84.56.157 - - [15/Oct/2014:08:53:45 -0500] "POST /forms/lservlet;jsessionid=ac16012b30d567df56f0bf0f493b8e2b928ce0c690ef.e3iSbxaKaheRe34Sa3yKbhiTahb0n6jAmljGr5XDqQLvpAe HTTP/1.1" 200 289
190.84.56.157 - - [15/Oct/2014:08:53:45 -0500] "POST /forms/lservlet;jsessionid=ac16012b30d567df56f0bf0f493b8e2b928ce0c690ef.e3iSbxaKaheRe34Sa3yKbhiTahb0n6jAmljGr5XDqQLvpAe HTTP/1.1" 200 289
190.84.56.157 - - [15/Oct/2014:08:53:45 -0500] "POST /forms/lservlet;jsessionid=ac16012b30d567df56f0bf0f493b8e2b928ce0c690ef.e3iSbxaKaheRe34Sa3yKbhiTahb0n6jAmljGr5XDqQLvpAe HTTP/1.1" 200 289
190.84.56.157 - - [15/Oct/2014:08:53:46 -0500] "POST /forms/lservlet;jsessionid=ac16012b30d567df56f0bf0f493b8e2b928ce0c690ef.e3iSbxaKaheRe34Sa3yKbhiTahb0n6jAmljGr5XDqQLvpAe HTTP/1.1" 200 289
190.84.56.157 - - [15/Oct/2014:08:53:46 -0500] "POST /forms/lservlet;jsessionid=ac16012b30d567df56f0bf0f493b8e2b928ce0c690ef.e3iSbxaKaheRe34Sa3yKbhiTahb0n6jAmljGr5XDqQLvpAe HTTP/1.1" 200 289
190.84.56.157 - - [15/Oct/2014:08:53:46 -0500] "POST /forms/lservlet;jsessionid=ac16012b30d567df56f0bf0f493b8e2b928ce0c690ef.e3iSbxaKaheRe34Sa3yKbhiTahb0n6jAmljGr5XDqQLvpAe HTTP/1.1" 200 289
190.84.56.157 - - [15/Oct/2014:08:53:46 -0500] "POST /forms/lservlet;jsessionid=ac16012b30d567df56f0bf0f493b8e2b928ce0c690ef.e3iSbxaKaheRe34Sa3yKbhiTahb0n6jAmljGr5XDqQLvpAe HTTP/1.1" 200 289
181.50.192.137 - - [15/Oct/2014:08:53:46 -0500] "POST /forms/lservlet;jsessionid=ac16012b30d53c3fd5d2976e40ea8333ea0525b72121.e3iSbxaKaheRe34Sa3yKbhiTahb0n6jAmljGr5XDqQLvpAe HTTP/1.1" 200 64000
181.50.192.137 - - [15/Oct/2014:08:53:47 -0500] "POST /forms/lservlet;jsessionid=ac16012b30d53c3fd5d2976e40ea8333ea0525b72121.e3iSbxaKaheRe34Sa3yKbhiTahb0n6jAmljGr5XDqQLvpAe HTTP/1.1" 200 4613
201.245.192.253 - - [15/Oct/2014:08:53:47 -0500] "GET /isolucionsda/FrameSetGeneral.asp?Pagina=Menu.asp&IdModulo=7 HTTP/1.1" 200 6455
190.84.56.157 - - [15/Oct/2014:08:53:47 -0500] "POST /forms/lservlet;jsessionid=ac16012b30d567df56f0bf0f493b8e2b928ce0c690ef.e3iSbxaKaheRe34Sa3yKbhiTahb0n6jAmljGr5XDqQLvpAe HTTP/1.1" 200 289
201.245.192.253 - - [15/Oct/2014:08:53:47 -0500] "GET /isolucionsda/Encabezado.asp?Pagina=Menu.asp&IdModulo=7 HTTP/1.1" 200 15708
201.245.192.253 - - [15/Oct/2014:08:53:47 -0500] "GET /isolucionsda/BarraTitulos.asp?Pagina=Menu.asp&IdModulo=7 HTTP/1.1" 200 6865
201.245.192.253 - - [15/Oct/2014:08:53:47 -0500] "GET /isolucionsda/BarraFavoritos.asp HTTP/1.1" 200 911
201.245.192.253 - - [15/Oct/2014:08:53:47 -0500] "GET /isolucionsda/Session.asp?Continue=1 HTTP/1.1" 200 6196
201.245.192.253 - - [15/Oct/2014:08:53:47 -0500] "GET /isolucionsda/Menu.asp?Pagina=Menu.asp&IdModulo=7 HTTP/1.1" 200 30437
190.84.56.157 - - [15/Oct/2014:08:53:47 -0500] "POST /forms/lservlet;jsessionid=ac16012b30d567df56f0bf0f493b8e2b928ce0c690ef.e3iSbxaKaheRe34Sa3yKbhiTahb0n6jAmljGr5XDqQLvpAe HTTP/1.1" 200 289
190.84.56.157 - - [15/Oct/2014:08:53:47 -0500] "POST /forms/lservlet;jsessionid=ac16012b30d567df56f0bf0f493b8e2b928ce0c690ef.e3iSbxaKaheRe34Sa3yKbhiTahb0n6jAmljGr5XDqQLvpAe HTTP/1.1" 200 289
181.50.192.137 - - [15/Oct/2014:08:53:47 -0500] "POST /forms/lservlet;jsessionid=ac16012b30d53c3fd5d2976e40ea8333ea0525b72121.e3iSbxaKaheRe34Sa3yKbhiTahb0n6jAmljGr5XDqQLvpAe HTTP/1.1" 200 109
190.84.56.157 - - [15/Oct/2014:08:53:47 -0500] "POST /forms/lservlet;jsessionid=ac16012b30d567df56f0bf0f493b8e2b928ce0c690ef.e3iSbxaKaheRe34Sa3yKbhiTahb0n6jAmljGr5XDqQLvpAe HTTP/1.1" 200 289
201.245.192.253 - - [15/Oct/2014:08:53:47 -0500] "GET /isolucionsda/NotaMejora.asp?CodSucursal=&ID_NotaMejora=165&Accion=ModificarForma HTTP/1.1" 200 64085
190.84.56.157 - - [15/Oct/2014:08:53:47 -0500] "POST /forms/lservlet;jsessionid=ac16012b30d567df56f0bf0f493b8e2b928ce0c690ef.e3iSbxaKaheRe34Sa3yKbhiTahb0n6jAmljGr5XDqQLvpAe HTTP/1.1" 200 289
190.84.56.157 - - [15/Oct/2014:08:53:48 -0500] "POST /forms/lservlet;jsessionid=ac16012b30d567df56f0bf0f493b8e2b928ce0c690ef.e3iSbxaKaheRe34Sa3yKbhiTahb0n6jAmljGr5XDqQLvpAe HTTP/1.1" 200 289
190.84.56.157 - - [15/Oct/2014:08:53:48 -0500] "POST /forms/lservlet;jsessionid=ac16012b30d567df56f0bf0f493b8e2b928ce0c690ef.e3iSbxaKaheRe34Sa3yKbhiTahb0n6jAmljGr5XDqQLvpAe HTTP/1.1" 200 331
190.84.56.157 - - [15/Oct/2014:08:53:48 -0500] "POST /forms/lservlet;jsessionid=ac16012b30d567df56f0bf0f493b8e2b928ce0c690ef.e3iSbxaKaheRe34Sa3yKbhiTahb0n6jAmljGr5XDqQLvpAe HTTP/1.1" 200 289
190.84.56.157 - - [15/Oct/2014:08:53:49 -0500] "POST /forms/lservlet;jsessionid=ac16012b30d567df56f0bf0f493b8e2b928ce0c690ef.e3iSbxaKaheRe34Sa3yKbhiTahb0n6jAmljGr5XDqQLvpAe HTTP/1.1" 200 289
201.245.192.253 - - [15/Oct/2014:08:53:50 -0500] "GET /forest/suactividades.do?verDocs=&codPro=95&numPro=2932009&codInst=2964471&a=0.9170733920190944 HTTP/1.1" 200 47006
190.84.56.157 - - [15/Oct/2014:08:53:50 -0500] "POST /forms/lservlet;jsessionid=ac16012b30d567df56f0bf0f493b8e2b928ce0c690ef.e3iSbxaKaheRe34Sa3yKbhiTahb0n6jAmljGr5XDqQLvpAe HTTP/1.1" 200 289
201.245.192.253 - - [15/Oct/2014:08:53:50 -0500] "GET /isolucionsda/FrameSetGeneral.asp?Pagina=Menu.asp&IdModulo=7 HTTP/1.1" 200 6455
201.245.192.253 - - [15/Oct/2014:08:53:51 -0500] "GET /isolucionsda/Encabezado.asp?Pagina=Menu.asp&IdModulo=7 HTTP/1.1" 200 15698
201.245.192.253 - - [15/Oct/2014:08:53:51 -0500] "GET /isolucionsda/Session.asp?Continue=1 HTTP/1.1" 200 6196
190.84.56.157 - - [15/Oct/2014:08:53:51 -0500] "POST /forms/lservlet;jsessionid=ac16012b30d567df56f0bf0f493b8e2b928ce0c690ef.e3iSbxaKaheRe34Sa3yKbhiTahb0n6jAmljGr5XDqQLvpAe HTTP/1.1" 200 289
201.245.192.253 - - [15/Oct/2014:08:53:51 -0500] "GET /isolucionsda/BarraTitulos.asp?Pagina=Menu.asp&IdModulo=7 HTTP/1.1" 200 6865
201.245.192.253 - - [15/Oct/2014:08:53:51 -0500] "GET /isolucionsda/BarraFavoritos.asp HTTP/1.1" 200 911
201.245.192.253 - - [15/Oct/2014:08:53:51 -0500] "GET /isolucionsda/g/Img_LogoIcono.jpg HTTP/1.1" 304 -
201.245.192.253 - - [15/Oct/2014:08:53:51 -0500] "GET /isolucionsda/g/Bgr_BarraInferior.jpg HTTP/1.1" 304 -
190.84.56.157 - - [15/Oct/2014:08:53:51 -0500] "POST /forms/lservlet;jsessionid=ac16012b30d567df56f0bf0f493b8e2b928ce0c690ef.e3iSbxaKaheRe34Sa3yKbhiTahb0n6jAmljGr5XDqQLvpAe HTTP/1.1" 200 289
201.245.192.253 - - [15/Oct/2014:08:53:51 -0500] "GET /isolucionsda/Menu.asp?Pagina=Menu.asp&IdModulo=7 HTTP/1.1" 200 30437
190.84.56.157 - - [15/Oct/2014:08:53:51 -0500] "POST /forms/lservlet;jsessionid=ac16012b30d567df56f0bf0f493b8e2b928ce0c690ef.e3iSbxaKaheRe34Sa3yKbhiTahb0n6jAmljGr5XDqQLvpAe HTTP/1.1" 200 289
190.84.56.157 - - [15/Oct/2014:08:53:51 -0500] "POST /forms/lservlet;jsessionid=ac16012b30d567df56f0bf0f493b8e2b928ce0c690ef.e3iSbxaKaheRe34Sa3yKbhiTahb0n6jAmljGr5XDqQLvpAe HTTP/1.1" 200 289
201.245.192.253 - - [15/Oct/2014:08:53:52 -0500] "GET /isolucionsda/FrameSetGeneral.asp?Pagina=Menu.asp&IdModulo=4 HTTP/1.1" 200 6455
201.245.192.253 - - [15/Oct/2014:08:53:52 -0500] "GET /isolucionsda/Encabezado.asp?Pagina=Menu.asp&IdModulo=4 HTTP/1.1" 200 15698
201.245.192.253 - - [15/Oct/2014:08:53:52 -0500] "GET /isolucionsda/BarraFavoritos.asp HTTP/1.1" 200 911
201.245.192.253 - - [15/Oct/2014:08:53:52 -0500] "GET /isolucionsda/Session.asp?Continue=1 HTTP/1.1" 200 6196
201.245.192.253 - - [15/Oct/2014:08:53:52 -0500] "GET /forest/documentos/1939188/2014IE168805.docx HTTP/1.1" 200 147818
201.245.192.253 - - [15/Oct/2014:08:53:52 -0500] "GET /isolucionsda/BarraTitulos.asp?Pagina=Menu.asp&IdModulo=4 HTTP/1.1" 200 6857
201.245.192.253 - - [15/Oct/2014:08:53:52 -0500] "GET /isolucionsda/Menu.asp?Pagina=Menu.asp&IdModulo=4 HTTP/1.1" 200 17856
201.245.192.253 - - [15/Oct/2014:08:53:54 -0500] "GET /isolucionsda/FrameSetGeneral.asp?Pagina=Administracion/SalaEdicion/Magazines.asp HTTP/1.1" 200 6550
201.245.192.253 - - [15/Oct/2014:08:53:54 -0500] "GET /isolucionsda/Encabezado.asp?Pagina=Administracion/SalaEdicion/Magazines.asp HTTP/1.1" 200 15698
201.245.192.253 - - [15/Oct/2014:08:53:54 -0500] "GET /isolucionsda/Session.asp?Continue=1 HTTP/1.1" 200 6196
201.245.192.253 - - [15/Oct/2014:08:53:54 -0500] "GET /isolucionsda/BarraFavoritos.asp HTTP/1.1" 200 911
201.245.192.253 - - [15/Oct/2014:08:53:54 -0500] "GET /isolucionsda/BarraTitulos.asp?Pagina=Administracion/SalaEdicion/Magazines.asp HTTP/1.1" 200 6857
201.245.192.253 - - [15/Oct/2014:08:53:54 -0500] "GET /isolucionsda/Administracion/SalaEdicion/Magazines.asp?Pagina=Administracion/SalaEdicion/Magazines.asp HTTP/1.1" 200 8551
201.245.192.253 - - [15/Oct/2014:08:53:54 -0500] "GET /forest/session.jsp?a=0.10368922881792142 HTTP/1.1" 200 4
201.245.192.253 - - [15/Oct/2014:08:53:56 -0500] "GET /isolucionsda/Administracion/SalaEdicion/ArticuloMenu.asp?Palabra=&Buscar=Buscar&Letra=TODO HTTP/1.1" 200 48526
190.84.56.157 - - [15/Oct/2014:08:53:59 -0500] "POST /forms/lservlet;jsessionid=ac16012b30d567df56f0bf0f493b8e2b928ce0c690ef.e3iSbxaKaheRe34Sa3yKbhiTahb0n6jAmljGr5XDqQLvpAe HTTP/1.1" 200 7
