181.50.192.137 - - [15/Oct/2014:09:04:34 -0500] "POST /forms/lservlet;jsessionid=ac16012b30d53c3fd5d2976e40ea8333ea0525b72121.e3iSbxaKaheRe34Sa3yKbhiTahb0n6jAmljGr5XDqQLvpAe HTTP/1.1" 200 260
181.50.192.137 - - [15/Oct/2014:09:04:35 -0500] "POST /forms/lservlet;jsessionid=ac16012b30d53c3fd5d2976e40ea8333ea0525b72121.e3iSbxaKaheRe34Sa3yKbhiTahb0n6jAmljGr5XDqQLvpAe HTTP/1.1" 200 2
181.50.192.137 - - [15/Oct/2014:09:04:35 -0500] "POST /forms/lservlet;jsessionid=ac16012b30d53c3fd5d2976e40ea8333ea0525b72121.e3iSbxaKaheRe34Sa3yKbhiTahb0n6jAmljGr5XDqQLvpAe HTTP/1.1" 200 75
181.50.192.137 - - [15/Oct/2014:09:04:38 -0500] "POST /forms/lservlet;jsessionid=ac16012b30d53c3fd5d2976e40ea8333ea0525b72121.e3iSbxaKaheRe34Sa3yKbhiTahb0n6jAmljGr5XDqQLvpAe HTTP/1.1" 200 2
181.50.192.137 - - [15/Oct/2014:09:04:38 -0500] "POST /forms/lservlet;jsessionid=ac16012b30d53c3fd5d2976e40ea8333ea0525b72121.e3iSbxaKaheRe34Sa3yKbhiTahb0n6jAmljGr5XDqQLvpAe HTTP/1.1" 200 2
181.50.192.137 - - [15/Oct/2014:09:04:39 -0500] "POST /forms/lservlet;jsessionid=ac16012b30d53c3fd5d2976e40ea8333ea0525b72121.e3iSbxaKaheRe34Sa3yKbhiTahb0n6jAmljGr5XDqQLvpAe HTTP/1.1" 200 1504
181.50.192.137 - - [15/Oct/2014:09:04:39 -0500] "POST /forms/lservlet;jsessionid=ac16012b30d53c3fd5d2976e40ea8333ea0525b72121.e3iSbxaKaheRe34Sa3yKbhiTahb0n6jAmljGr5XDqQLvpAe HTTP/1.1" 200 2
181.50.192.137 - - [15/Oct/2014:09:04:39 -0500] "POST /forms/lservlet;jsessionid=ac16012b30d53c3fd5d2976e40ea8333ea0525b72121.e3iSbxaKaheRe34Sa3yKbhiTahb0n6jAmljGr5XDqQLvpAe HTTP/1.1" 200 2
181.50.192.137 - - [15/Oct/2014:09:04:40 -0500] "POST /forms/lservlet;jsessionid=ac16012b30d53c3fd5d2976e40ea8333ea0525b72121.e3iSbxaKaheRe34Sa3yKbhiTahb0n6jAmljGr5XDqQLvpAe HTTP/1.1" 200 135
181.50.192.137 - - [15/Oct/2014:09:04:41 -0500] "POST /forms/lservlet;jsessionid=ac16012b30d53c3fd5d2976e40ea8333ea0525b72121.e3iSbxaKaheRe34Sa3yKbhiTahb0n6jAmljGr5XDqQLvpAe HTTP/1.1" 200 7
181.50.192.137 - - [15/Oct/2014:09:04:41 -0500] "POST /forms/lservlet;jsessionid=ac16012b30d53c3fd5d2976e40ea8333ea0525b72121.e3iSbxaKaheRe34Sa3yKbhiTahb0n6jAmljGr5XDqQLvpAe HTTP/1.1" 200 30068
181.50.192.137 - - [15/Oct/2014:09:04:42 -0500] "POST /forms/lservlet;jsessionid=ac16012b30d53c3fd5d2976e40ea8333ea0525b72121.e3iSbxaKaheRe34Sa3yKbhiTahb0n6jAmljGr5XDqQLvpAe HTTP/1.1" 200 7
66.249.65.123 - - [15/Oct/2014:09:04:42 -0500] "GET /BLA/resoluciones/RESOLUCIONES%202009/1644.pdf HTTP/1.1" 200 553658
181.50.192.137 - - [15/Oct/2014:09:04:42 -0500] "POST /forms/lservlet;jsessionid=ac16012b30d53c3fd5d2976e40ea8333ea0525b72121.e3iSbxaKaheRe34Sa3yKbhiTahb0n6jAmljGr5XDqQLvpAe HTTP/1.1" 200 2
181.50.192.137 - - [15/Oct/2014:09:04:42 -0500] "POST /forms/lservlet;jsessionid=ac16012b30d53c3fd5d2976e40ea8333ea0525b72121.e3iSbxaKaheRe34Sa3yKbhiTahb0n6jAmljGr5XDqQLvpAe HTTP/1.1" 200 27
181.250.83.179 - - [15/Oct/2014:09:04:42 -0500] "GET /galeria/nivo-slider/demo/images/bannerEcolecta3.jpg HTTP/1.1" 200 280034
181.50.192.137 - - [15/Oct/2014:09:04:43 -0500] "POST /forms/lservlet;jsessionid=ac16012b30d53c3fd5d2976e40ea8333ea0525b72121.e3iSbxaKaheRe34Sa3yKbhiTahb0n6jAmljGr5XDqQLvpAe HTTP/1.1" 200 2
201.245.192.253 - - [15/Oct/2014:09:04:48 -0500] "GET /forest/skins/gdocs-jar/css/menu.css?version=1408.271930 HTTP/1.1" 304 -
201.245.192.253 - - [15/Oct/2014:09:04:48 -0500] "GET /forest/usutareas.do?group_system_actual=3&codTraEsc=16684134&_a=0.9750072516200684 HTTP/1.1" 200 117601
201.245.192.253 - - [15/Oct/2014:09:04:48 -0500] "GET /forest/skins/gdocs-jar/js/autocompletar2.js?version=1408.271930 HTTP/1.1" 304 -
201.245.192.253 - - [15/Oct/2014:09:04:48 -0500] "GET /forest/skins/gdocs-jar/js/xml_utilities.js?version=1408.271930 HTTP/1.1" 304 -
201.245.192.253 - - [15/Oct/2014:09:04:48 -0500] "GET /forest/skins/gdocs-jar/img/desasociarUser.gif HTTP/1.1" 200 1209
201.245.192.253 - - [15/Oct/2014:09:04:48 -0500] "GET /forest/skins/gdocs-jar/img/plus.gif HTTP/1.1" 200 352
201.245.192.253 - - [15/Oct/2014:09:04:48 -0500] "GET /forest/skins/gdocs-jar/js/number-functions.js?version=1408.271930 HTTP/1.1" 200 9577
201.245.192.253 - - [15/Oct/2014:09:04:48 -0500] "GET /forest/skins/gdocs-jar/js/swfobject.js?version=1408.271930 HTTP/1.1" 200 6887
201.245.192.253 - - [15/Oct/2014:09:04:48 -0500] "GET /forest/skins/gdocs-jar/img/plus.gif HTTP/1.1" 200 352
201.245.192.253 - - [15/Oct/2014:09:04:48 -0500] "GET /forest/skins/gdocs-jar/js/graphicForm.js?version=1408.271930 HTTP/1.1" 200 16490
201.245.192.253 - - [15/Oct/2014:09:04:48 -0500] "GET /forest/skins/gdocs-jar/js/tareas.js?version=1408.271930 HTTP/1.1" 200 41387
201.245.192.253 - - [15/Oct/2014:09:04:48 -0500] "GET /forest/skins/gdocs-jar/img/disk.png HTTP/1.1" 200 22070
201.245.192.253 - - [15/Oct/2014:09:04:48 -0500] "GET /forest/skins/gdocs-jar/img/control-double.png HTTP/1.1" 200 21754
201.245.192.253 - - [15/Oct/2014:09:04:49 -0500] "GET /forest/session.jsp?a=0.4983564748143491 HTTP/1.1" 200 4
181.50.192.137 - - [15/Oct/2014:09:04:50 -0500] "POST /forms/lservlet;jsessionid=ac16012b30d53c3fd5d2976e40ea8333ea0525b72121.e3iSbxaKaheRe34Sa3yKbhiTahb0n6jAmljGr5XDqQLvpAe HTTP/1.1" 200 102
181.50.192.137 - - [15/Oct/2014:09:04:50 -0500] "POST /forms/lservlet;jsessionid=ac16012b30d53c3fd5d2976e40ea8333ea0525b72121.e3iSbxaKaheRe34Sa3yKbhiTahb0n6jAmljGr5XDqQLvpAe HTTP/1.1" 200 74
181.50.192.137 - - [15/Oct/2014:09:04:51 -0500] "POST /forms/lservlet;jsessionid=ac16012b30d53c3fd5d2976e40ea8333ea0525b72121.e3iSbxaKaheRe34Sa3yKbhiTahb0n6jAmljGr5XDqQLvpAe HTTP/1.1" 200 7
201.245.192.253 - - [15/Oct/2014:09:04:51 -0500] "GET /forest/documentos/1940579/2014IE170196.docx HTTP/1.1" 200 191123
201.245.192.253 - - [15/Oct/2014:09:04:52 -0500] "GET /isolucionsda/NotaMejora.asp?CodSucursal=&ID_NotaMejora=406&Accion=ModificarForma HTTP/1.1" 200 48942
181.50.192.137 - - [15/Oct/2014:09:04:52 -0500] "POST /forms/lservlet;jsessionid=ac16012b30d53c3fd5d2976e40ea8333ea0525b72121.e3iSbxaKaheRe34Sa3yKbhiTahb0n6jAmljGr5XDqQLvpAe HTTP/1.1" 200 64000
181.50.192.137 - - [15/Oct/2014:09:04:53 -0500] "POST /forms/lservlet;jsessionid=ac16012b30d53c3fd5d2976e40ea8333ea0525b72121.e3iSbxaKaheRe34Sa3yKbhiTahb0n6jAmljGr5XDqQLvpAe HTTP/1.1" 200 5994
181.50.192.137 - - [15/Oct/2014:09:04:53 -0500] "POST /forms/lservlet;jsessionid=ac16012b30d53c3fd5d2976e40ea8333ea0525b72121.e3iSbxaKaheRe34Sa3yKbhiTahb0n6jAmljGr5XDqQLvpAe HTTP/1.1" 200 109
181.50.192.137 - - [15/Oct/2014:09:04:55 -0500] "POST /forms/lservlet;jsessionid=ac16012b30d53c3fd5d2976e40ea8333ea0525b72121.e3iSbxaKaheRe34Sa3yKbhiTahb0n6jAmljGr5XDqQLvpAe HTTP/1.1" 200 2
181.50.192.137 - - [15/Oct/2014:09:04:55 -0500] "POST /forms/lservlet;jsessionid=ac16012b30d53c3fd5d2976e40ea8333ea0525b72121.e3iSbxaKaheRe34Sa3yKbhiTahb0n6jAmljGr5XDqQLvpAe HTTP/1.1" 200 248
186.30.95.113 - - [15/Oct/2014:09:04:55 -0500] "GET /forest/session.jsp?a=0.47713259886950254 HTTP/1.1" 200 4
181.50.192.137 - - [15/Oct/2014:09:04:55 -0500] "POST /forms/lservlet;jsessionid=ac16012b30d53c3fd5d2976e40ea8333ea0525b72121.e3iSbxaKaheRe34Sa3yKbhiTahb0n6jAmljGr5XDqQLvpAe HTTP/1.1" 200 2
181.250.83.179 - - [15/Oct/2014:09:04:55 -0500] "GET /galeria/nivo-slider/themes/default/arrows.png HTTP/1.1" 200 824
181.250.83.179 - - [15/Oct/2014:09:04:55 -0500] "GET /galeria/nivo-slider/themes/default/bullets.png HTTP/1.1" 200 1281
181.50.192.137 - - [15/Oct/2014:09:04:56 -0500] "POST /forms/lservlet;jsessionid=ac16012b30d53c3fd5d2976e40ea8333ea0525b72121.e3iSbxaKaheRe34Sa3yKbhiTahb0n6jAmljGr5XDqQLvpAe HTTP/1.1" 200 2
181.50.192.137 - - [15/Oct/2014:09:04:56 -0500] "POST /forms/lservlet;jsessionid=ac16012b30d53c3fd5d2976e40ea8333ea0525b72121.e3iSbxaKaheRe34Sa3yKbhiTahb0n6jAmljGr5XDqQLvpAe HTTP/1.1" 200 260
181.50.192.137 - - [15/Oct/2014:09:04:57 -0500] "POST /forms/lservlet;jsessionid=ac16012b30d53c3fd5d2976e40ea8333ea0525b72121.e3iSbxaKaheRe34Sa3yKbhiTahb0n6jAmljGr5XDqQLvpAe HTTP/1.1" 200 2
181.50.192.137 - - [15/Oct/2014:09:04:57 -0500] "POST /forms/lservlet;jsessionid=ac16012b30d53c3fd5d2976e40ea8333ea0525b72121.e3iSbxaKaheRe34Sa3yKbhiTahb0n6jAmljGr5XDqQLvpAe HTTP/1.1" 200 75
181.50.192.137 - - [15/Oct/2014:09:04:57 -0500] "POST /forms/lservlet;jsessionid=ac16012b30d53c3fd5d2976e40ea8333ea0525b72121.e3iSbxaKaheRe34Sa3yKbhiTahb0n6jAmljGr5XDqQLvpAe HTTP/1.1" 200 2
181.50.192.137 - - [15/Oct/2014:09:04:58 -0500] "POST /forms/lservlet;jsessionid=ac16012b30d53c3fd5d2976e40ea8333ea0525b72121.e3iSbxaKaheRe34Sa3yKbhiTahb0n6jAmljGr5XDqQLvpAe HTTP/1.1" 200 2
181.50.192.137 - - [15/Oct/2014:09:04:58 -0500] "POST /forms/lservlet;jsessionid=ac16012b30d53c3fd5d2976e40ea8333ea0525b72121.e3iSbxaKaheRe34Sa3yKbhiTahb0n6jAmljGr5XDqQLvpAe HTTP/1.1" 200 1504
190.84.56.157 - - [15/Oct/2014:09:04:58 -0500] "POST /forms/lservlet;jsessionid=ac16012b30d567df56f0bf0f493b8e2b928ce0c690ef.e3iSbxaKaheRe34Sa3yKbhiTahb0n6jAmljGr5XDqQLvpAe HTTP/1.1" 200 2
181.50.192.137 - - [15/Oct/2014:09:04:58 -0500] "POST /forms/lservlet;jsessionid=ac16012b30d53c3fd5d2976e40ea8333ea0525b72121.e3iSbxaKaheRe34Sa3yKbhiTahb0n6jAmljGr5XDqQLvpAe HTTP/1.1" 200 2
181.50.192.137 - - [15/Oct/2014:09:04:58 -0500] "POST /forms/lservlet;jsessionid=ac16012b30d53c3fd5d2976e40ea8333ea0525b72121.e3iSbxaKaheRe34Sa3yKbhiTahb0n6jAmljGr5XDqQLvpAe HTTP/1.1" 200 2
181.50.192.137 - - [15/Oct/2014:09:05:00 -0500] "POST /forms/lservlet;jsessionid=ac16012b30d53c3fd5d2976e40ea8333ea0525b72121.e3iSbxaKaheRe34Sa3yKbhiTahb0n6jAmljGr5XDqQLvpAe HTTP/1.1" 200 37
181.50.192.137 - - [15/Oct/2014:09:05:01 -0500] "POST /forms/lservlet;jsessionid=ac16012b30d53c3fd5d2976e40ea8333ea0525b72121.e3iSbxaKaheRe34Sa3yKbhiTahb0n6jAmljGr5XDqQLvpAe HTTP/1.1" 200 7
186.29.172.183 - - [15/Oct/2014:09:05:01 -0500] "POST /forms/lservlet;jsessionid=ac16012b30d56f88d85a8f774ef4a95caa0afe9ee402.e3iSbxaKaheRe34Sa3yKbhiTahb0n6jAmljGr5XDqQLvpAe HTTP/1.1" 200 2
181.50.192.137 - - [15/Oct/2014:09:05:01 -0500] "POST /forms/lservlet;jsessionid=ac16012b30d53c3fd5d2976e40ea8333ea0525b72121.e3iSbxaKaheRe34Sa3yKbhiTahb0n6jAmljGr5XDqQLvpAe HTTP/1.1" 200 30121
181.50.192.137 - - [15/Oct/2014:09:05:02 -0500] "POST /forms/lservlet;jsessionid=ac16012b30d53c3fd5d2976e40ea8333ea0525b72121.e3iSbxaKaheRe34Sa3yKbhiTahb0n6jAmljGr5XDqQLvpAe HTTP/1.1" 200 7
200.14.47.34 - - [15/Oct/2014:09:05:02 -0500] "GET /galeria/nivo-slider/demo/demo.html HTTP/1.1" 200 3169
181.50.192.137 - - [15/Oct/2014:09:05:02 -0500] "POST /forms/lservlet;jsessionid=ac16012b30d53c3fd5d2976e40ea8333ea0525b72121.e3iSbxaKaheRe34Sa3yKbhiTahb0n6jAmljGr5XDqQLvpAe HTTP/1.1" 200 2
181.50.192.137 - - [15/Oct/2014:09:05:02 -0500] "POST /forms/lservlet;jsessionid=ac16012b30d53c3fd5d2976e40ea8333ea0525b72121.e3iSbxaKaheRe34Sa3yKbhiTahb0n6jAmljGr5XDqQLvpAe HTTP/1.1" 200 27
181.50.192.137 - - [15/Oct/2014:09:05:03 -0500] "POST /forms/lservlet;jsessionid=ac16012b30d53c3fd5d2976e40ea8333ea0525b72121.e3iSbxaKaheRe34Sa3yKbhiTahb0n6jAmljGr5XDqQLvpAe HTTP/1.1" 200 2
200.14.47.34 - - [15/Oct/2014:09:05:03 -0500] "GET /galeria/nivo-slider/themes/default/default.css HTTP/1.1" 200 1569
200.14.47.34 - - [15/Oct/2014:09:05:03 -0500] "GET /galeria/nivo-slider/themes/pascal/pascal.css HTTP/1.1" 200 2258
181.50.192.137 - - [15/Oct/2014:09:05:04 -0500] "POST /forms/lservlet;jsessionid=ac16012b30d53c3fd5d2976e40ea8333ea0525b72121.e3iSbxaKaheRe34Sa3yKbhiTahb0n6jAmljGr5XDqQLvpAe HTTP/1.1" 200 2
181.50.192.137 - - [15/Oct/2014:09:05:04 -0500] "POST /forms/lservlet;jsessionid=ac16012b30d53c3fd5d2976e40ea8333ea0525b72121.e3iSbxaKaheRe34Sa3yKbhiTahb0n6jAmljGr5XDqQLvpAe HTTP/1.1" 200 95
181.50.192.137 - - [15/Oct/2014:09:05:04 -0500] "POST /forms/lservlet;jsessionid=ac16012b30d53c3fd5d2976e40ea8333ea0525b72121.e3iSbxaKaheRe34Sa3yKbhiTahb0n6jAmljGr5XDqQLvpAe HTTP/1.1" 200 2
200.14.47.34 - - [15/Oct/2014:09:05:04 -0500] "GET /galeria/nivo-slider/themes/orman/orman.css HTTP/1.1" 200 2152
200.14.47.34 - - [15/Oct/2014:09:05:04 -0500] "GET /galeria/nivo-slider/demo/scripts/jquery-1.7.1.min.js HTTP/1.1" 200 93868
200.14.47.34 - - [15/Oct/2014:09:05:04 -0500] "GET /galeria/nivo-slider/demo/style.css HTTP/1.1" 200 2222
200.14.47.34 - - [15/Oct/2014:09:05:04 -0500] "GET /galeria/nivo-slider/jquery.nivo.slider.pack.js HTTP/1.1" 200 11561
200.14.47.34 - - [15/Oct/2014:09:05:04 -0500] "GET /galeria/nivo-slider/nivo-slider.css HTTP/1.1" 200 1507
201.245.192.253 - - [15/Oct/2014:09:05:06 -0500] "GET /forest/skins/gdocs-jar/popup/escritorio/reasignar.jsp?codTraEsc=16684134&a=0.06381691464950145 HTTP/1.1" 200 3621
200.14.47.34 - - [15/Oct/2014:09:05:06 -0500] "GET /galeria/nivo-slider/demo/images/4Simple_Slider.png HTTP/1.1" 200 11722
200.14.47.34 - - [15/Oct/2014:09:05:06 -0500] "GET /galeria/nivo-slider/themes/default/loading.gif HTTP/1.1" 200 1737
201.245.192.253 - - [15/Oct/2014:09:05:07 -0500] "GET /forest/buscar.do HTTP/1.1" 200 96527
201.245.192.253 - - [15/Oct/2014:09:05:07 -0500] "GET /forest/css/autocomplete.css?version=1408.271930 HTTP/1.1" 304 -
201.245.192.253 - - [15/Oct/2014:09:05:07 -0500] "GET /forest/js/load_func.js?version=1408.271930 HTTP/1.1" 304 -
201.245.192.253 - - [15/Oct/2014:09:05:07 -0500] "GET /forest/js/escritorio/escritorio.js?version=1408.271930 HTTP/1.1" 304 -
201.245.192.253 - - [15/Oct/2014:09:05:07 -0500] "GET /forest/1ibre/protoaculous.js?version=1408.271930 HTTP/1.1" 304 -
201.245.192.253 - - [15/Oct/2014:09:05:07 -0500] "GET /forest/js/dialog.js?version=1408.271930 HTTP/1.1" 304 -
201.245.192.253 - - [15/Oct/2014:09:05:07 -0500] "GET /forest/js/autocompletar2.js?version=1408.271930 HTTP/1.1" 304 -
201.245.192.253 - - [15/Oct/2014:09:05:07 -0500] "GET /forest/js/sarissa.js?version=1408.271930 HTTP/1.1" 304 -
201.245.192.253 - - [15/Oct/2014:09:05:07 -0500] "GET /forest/1ibre/jscalendar/calendar.js?version=1408.271930 HTTP/1.1" 304 -
201.245.192.253 - - [15/Oct/2014:09:05:07 -0500] "GET /forest/1ibre/jscalendar/lang/calendar-es.js?version=1408.271930 HTTP/1.1" 304 -
201.245.192.253 - - [15/Oct/2014:09:05:07 -0500] "GET /forest/1ibre/jscalendar/calendar-setup.js?version=1408.271930 HTTP/1.1" 304 -
201.245.192.253 - - [15/Oct/2014:09:05:07 -0500] "GET /forest/1ibre/1ibre.js?version=1408.271930 HTTP/1.1" 304 -
201.245.192.253 - - [15/Oct/2014:09:05:07 -0500] "GET /forest/json.do?query=usersByDep&coddep=7025 HTTP/1.1" 200 726
201.245.192.253 - - [15/Oct/2014:09:05:07 -0500] "GET /forest/json.do?query=usersByDep&coddep=7025 HTTP/1.1" 200 726
181.50.192.137 - - [15/Oct/2014:09:05:08 -0500] "POST /forms/lservlet;jsessionid=ac16012b30d53c3fd5d2976e40ea8333ea0525b72121.e3iSbxaKaheRe34Sa3yKbhiTahb0n6jAmljGr5XDqQLvpAe HTTP/1.1" 200 1504
181.50.192.137 - - [15/Oct/2014:09:05:08 -0500] "POST /forms/lservlet;jsessionid=ac16012b30d53c3fd5d2976e40ea8333ea0525b72121.e3iSbxaKaheRe34Sa3yKbhiTahb0n6jAmljGr5XDqQLvpAe HTTP/1.1" 200 2
181.50.192.137 - - [15/Oct/2014:09:05:08 -0500] "POST /forms/lservlet;jsessionid=ac16012b30d53c3fd5d2976e40ea8333ea0525b72121.e3iSbxaKaheRe34Sa3yKbhiTahb0n6jAmljGr5XDqQLvpAe HTTP/1.1" 200 2
200.14.47.34 - - [15/Oct/2014:09:05:08 -0500] "GET /galeria/nivo-slider/demo/images/EncuentroAgua1.jpg HTTP/1.1" 200 274179
200.14.47.34 - - [15/Oct/2014:09:05:09 -0500] "GET /galeria/nivo-slider/demo/images/Tingua-azul.jpg HTTP/1.1" 200 307638
200.14.47.34 - - [15/Oct/2014:09:05:09 -0500] "GET /galeria/nivo-slider/demo/images/Banner-Caracol-Africano.jpg HTTP/1.1" 200 331986
200.14.47.34 - - [15/Oct/2014:09:05:09 -0500] "GET /galeria/nivo-slider/demo/images/banner-encuesta.jpg HTTP/1.1" 200 42764
200.14.47.34 - - [15/Oct/2014:09:05:10 -0500] "GET /galeria/nivo-slider/demo/images/9Signos.jpg HTTP/1.1" 200 93040
201.217.200.118 - - [15/Oct/2014:09:05:10 -0500] "GET /BLA/boletinlegal/js/jquery.js HTTP/1.1" 200 57254
201.217.200.118 - - [15/Oct/2014:09:05:10 -0500] "GET /galeria/carrusel/Carrusel/jquery.thumbnailScroller.css HTTP/1.1" 200 2066
201.217.200.118 - - [15/Oct/2014:09:05:10 -0500] "GET /galeria/carrusel/Carrusel/jquery-ui-1.8.13.custom.min.js HTTP/1.1" 200 10800
201.217.200.118 - - [15/Oct/2014:09:05:10 -0500] "GET /galeria/carrusel/Carrusel/jquery.thumbnailScroller.js HTTP/1.1" 200 8157
181.50.192.137 - - [15/Oct/2014:09:05:10 -0500] "POST /forms/lservlet;jsessionid=ac16012b30d53c3fd5d2976e40ea8333ea0525b72121.e3iSbxaKaheRe34Sa3yKbhiTahb0n6jAmljGr5XDqQLvpAe HTTP/1.1" 200 135
201.217.200.118 - - [15/Oct/2014:09:05:10 -0500] "GET /galeria/nivo-slider/demo/demo.html HTTP/1.1" 200 3169
201.217.200.118 - - [15/Oct/2014:09:05:11 -0500] "GET /galeria/nivo-slider/themes/default/default.css HTTP/1.1" 200 1569
201.217.200.118 - - [15/Oct/2014:09:05:11 -0500] "GET /galeria/nivo-slider/demo/images/EncuentroAgua1.jpg HTTP/1.1" 304 -
201.217.200.118 - - [15/Oct/2014:09:05:11 -0500] "GET /galeria/nivo-slider/demo/images/Banner-Caracol-Africano.jpg HTTP/1.1" 200 331986
201.217.200.118 - - [15/Oct/2014:09:05:11 -0500] "GET /galeria/nivo-slider/demo/images/9Signos.jpg HTTP/1.1" 200 93040
201.245.192.253 - - [15/Oct/2014:09:05:10 -0500] "POST /forest/buscar.do? HTTP/1.1" 200 9698
181.50.192.137 - - [15/Oct/2014:09:05:12 -0500] "POST /forms/lservlet;jsessionid=ac16012b30d53c3fd5d2976e40ea8333ea0525b72121.e3iSbxaKaheRe34Sa3yKbhiTahb0n6jAmljGr5XDqQLvpAe HTTP/1.1" 200 7
181.50.192.137 - - [15/Oct/2014:09:05:12 -0500] "POST /forms/lservlet;jsessionid=ac16012b30d53c3fd5d2976e40ea8333ea0525b72121.e3iSbxaKaheRe34Sa3yKbhiTahb0n6jAmljGr5XDqQLvpAe HTTP/1.1" 200 30097
181.50.192.137 - - [15/Oct/2014:09:05:12 -0500] "POST /forms/lservlet;jsessionid=ac16012b30d53c3fd5d2976e40ea8333ea0525b72121.e3iSbxaKaheRe34Sa3yKbhiTahb0n6jAmljGr5XDqQLvpAe HTTP/1.1" 200 7
181.50.192.137 - - [15/Oct/2014:09:05:12 -0500] "POST /forms/lservlet;jsessionid=ac16012b30d53c3fd5d2976e40ea8333ea0525b72121.e3iSbxaKaheRe34Sa3yKbhiTahb0n6jAmljGr5XDqQLvpAe HTTP/1.1" 200 2
181.50.192.137 - - [15/Oct/2014:09:05:12 -0500] "POST /forms/lservlet;jsessionid=ac16012b30d53c3fd5d2976e40ea8333ea0525b72121.e3iSbxaKaheRe34Sa3yKbhiTahb0n6jAmljGr5XDqQLvpAe HTTP/1.1" 200 27
181.50.192.137 - - [15/Oct/2014:09:05:13 -0500] "POST /forms/lservlet;jsessionid=ac16012b30d53c3fd5d2976e40ea8333ea0525b72121.e3iSbxaKaheRe34Sa3yKbhiTahb0n6jAmljGr5XDqQLvpAe HTTP/1.1" 200 2
180.76.5.151 - - [15/Oct/2014:09:05:13 -0500] "GET /videos/RCN-18012013.flv HTTP/1.1" 200 12936053
201.217.200.118 - - [15/Oct/2014:09:05:14 -0500] "GET /galeria/nivo-slider/demo/images/bannerEcolecta3.jpg HTTP/1.1" 200 280034
201.217.200.118 - - [15/Oct/2014:09:05:14 -0500] "GET /galeria/nivo-slider/demo/images/Hacienda_Molinos.jpg HTTP/1.1" 304 -
186.30.95.113 - - [15/Oct/2014:09:05:14 -0500] "POST /forest/usutareas.do? HTTP/1.1" 200 76
66.249.65.115 - - [15/Oct/2014:09:05:17 -0500] "GET /BLA/resoluciones/RESOLUCIONES%202013/0026.pdf HTTP/1.1" 200 2110967
200.14.47.34 - - [15/Oct/2014:09:05:18 -0500] "GET /galeria/nivo-slider/demo/images/banner-llantas2.jpg HTTP/1.1" 200 73153
186.30.95.113 - - [15/Oct/2014:09:05:17 -0500] "GET /forest/usutareas.do?group_system_actual=3&a=0.6608554203994572 HTTP/1.1" 200 245446
186.30.95.113 - - [15/Oct/2014:09:05:21 -0500] "GET /forest/session.jsp?a=0.41373433521948755 HTTP/1.1" 200 4
186.30.95.113 - - [15/Oct/2014:09:05:21 -0500] "GET /forest/actions/forms.getList?codForm=Anexo4&id=p300 HTTP/1.1" 200 136
186.30.95.113 - - [15/Oct/2014:09:05:21 -0500] "GET /forest/actions/forms.getList?codForm=Anexo4&id=p312 HTTP/1.1" 200 88
186.30.95.113 - - [15/Oct/2014:09:05:21 -0500] "GET /forest/actions/forms.getList?codForm=Anexo4&id=p368 HTTP/1.1" 200 209
181.50.192.137 - - [15/Oct/2014:09:05:21 -0500] "POST /forms/lservlet;jsessionid=ac16012b30d53c3fd5d2976e40ea8333ea0525b72121.e3iSbxaKaheRe34Sa3yKbhiTahb0n6jAmljGr5XDqQLvpAe HTTP/1.1" 200 102
181.50.192.137 - - [15/Oct/2014:09:05:22 -0500] "POST /forms/lservlet;jsessionid=ac16012b30d53c3fd5d2976e40ea8333ea0525b72121.e3iSbxaKaheRe34Sa3yKbhiTahb0n6jAmljGr5XDqQLvpAe HTTP/1.1" 200 74
201.245.192.253 - - [15/Oct/2014:09:05:22 -0500] "POST /forest/usutareas.do?group_system_actual=3 HTTP/1.1" 200 165
181.50.192.137 - - [15/Oct/2014:09:05:23 -0500] "POST /forms/lservlet;jsessionid=ac16012b30d53c3fd5d2976e40ea8333ea0525b72121.e3iSbxaKaheRe34Sa3yKbhiTahb0n6jAmljGr5XDqQLvpAe HTTP/1.1" 200 7
181.50.192.137 - - [15/Oct/2014:09:05:23 -0500] "POST /forms/lservlet;jsessionid=ac16012b30d53c3fd5d2976e40ea8333ea0525b72121.e3iSbxaKaheRe34Sa3yKbhiTahb0n6jAmljGr5XDqQLvpAe HTTP/1.1" 200 64000
181.50.192.137 - - [15/Oct/2014:09:05:24 -0500] "POST /forms/lservlet;jsessionid=ac16012b30d53c3fd5d2976e40ea8333ea0525b72121.e3iSbxaKaheRe34Sa3yKbhiTahb0n6jAmljGr5XDqQLvpAe HTTP/1.1" 200 6844
201.245.192.253 - - [15/Oct/2014:09:05:24 -0500] "GET /forest/usutareas.do?group_system_actual=3&a=0.6197269072200708 HTTP/1.1" 200 21398
201.245.192.253 - - [15/Oct/2014:09:05:24 -0500] "GET /forest/skins/gdocs-jar/css/menu.css?version=1408.271930 HTTP/1.1" 304 -
201.245.192.253 - - [15/Oct/2014:09:05:25 -0500] "GET /forest/session.jsp?a=0.12064744849828257 HTTP/1.1" 200 4
181.50.192.137 - - [15/Oct/2014:09:05:25 -0500] "POST /forms/lservlet;jsessionid=ac16012b30d53c3fd5d2976e40ea8333ea0525b72121.e3iSbxaKaheRe34Sa3yKbhiTahb0n6jAmljGr5XDqQLvpAe HTTP/1.1" 200 109
186.30.95.113 - - [15/Oct/2014:09:05:26 -0500] "POST /forms/lservlet;jsessionid=ac16012b30d56cf194c0d6e6461a9e24aaf26668d73e.e3iSbxaKaheRe34Sa3yKbhiTahb0n6jAmljGr5XDqQLvpAe HTTP/1.1" 200 2
181.50.192.137 - - [15/Oct/2014:09:05:26 -0500] "POST /forms/lservlet;jsessionid=ac16012b30d53c3fd5d2976e40ea8333ea0525b72121.e3iSbxaKaheRe34Sa3yKbhiTahb0n6jAmljGr5XDqQLvpAe HTTP/1.1" 200 2
181.50.192.137 - - [15/Oct/2014:09:05:26 -0500] "POST /forms/lservlet;jsessionid=ac16012b30d53c3fd5d2976e40ea8333ea0525b72121.e3iSbxaKaheRe34Sa3yKbhiTahb0n6jAmljGr5XDqQLvpAe HTTP/1.1" 200 248
181.50.192.137 - - [15/Oct/2014:09:05:27 -0500] "POST /forms/lservlet;jsessionid=ac16012b30d53c3fd5d2976e40ea8333ea0525b72121.e3iSbxaKaheRe34Sa3yKbhiTahb0n6jAmljGr5XDqQLvpAe HTTP/1.1" 200 2
181.50.192.137 - - [15/Oct/2014:09:05:27 -0500] "POST /forms/lservlet;jsessionid=ac16012b30d53c3fd5d2976e40ea8333ea0525b72121.e3iSbxaKaheRe34Sa3yKbhiTahb0n6jAmljGr5XDqQLvpAe HTTP/1.1" 200 2
181.50.192.137 - - [15/Oct/2014:09:05:28 -0500] "POST /forms/lservlet;jsessionid=ac16012b30d53c3fd5d2976e40ea8333ea0525b72121.e3iSbxaKaheRe34Sa3yKbhiTahb0n6jAmljGr5XDqQLvpAe HTTP/1.1" 200 260
201.245.192.253 - - [15/Oct/2014:09:05:28 -0500] "GET /forest/skins/gdocs-jar/css/menu.css?version=1408.271930 HTTP/1.1" 304 -
181.50.192.137 - - [15/Oct/2014:09:05:28 -0500] "POST /forms/lservlet;jsessionid=ac16012b30d53c3fd5d2976e40ea8333ea0525b72121.e3iSbxaKaheRe34Sa3yKbhiTahb0n6jAmljGr5XDqQLvpAe HTTP/1.1" 200 2
181.50.192.137 - - [15/Oct/2014:09:05:29 -0500] "POST /forms/lservlet;jsessionid=ac16012b30d53c3fd5d2976e40ea8333ea0525b72121.e3iSbxaKaheRe34Sa3yKbhiTahb0n6jAmljGr5XDqQLvpAe HTTP/1.1" 200 75
181.50.192.137 - - [15/Oct/2014:09:05:29 -0500] "POST /forms/lservlet;jsessionid=ac16012b30d53c3fd5d2976e40ea8333ea0525b72121.e3iSbxaKaheRe34Sa3yKbhiTahb0n6jAmljGr5XDqQLvpAe HTTP/1.1" 200 2
181.50.192.137 - - [15/Oct/2014:09:05:30 -0500] "POST /forms/lservlet;jsessionid=ac16012b30d53c3fd5d2976e40ea8333ea0525b72121.e3iSbxaKaheRe34Sa3yKbhiTahb0n6jAmljGr5XDqQLvpAe HTTP/1.1" 200 2
181.50.192.137 - - [15/Oct/2014:09:05:30 -0500] "POST /forms/lservlet;jsessionid=ac16012b30d53c3fd5d2976e40ea8333ea0525b72121.e3iSbxaKaheRe34Sa3yKbhiTahb0n6jAmljGr5XDqQLvpAe HTTP/1.1" 200 1504
201.245.192.253 - - [15/Oct/2014:09:05:30 -0500] "GET /forest/skins/gdocs-jar/popup/popup.jsp?width=900&height=600&title=Informaci%F3n%20de%20proceso&uri=/forest/system/process.jsp%3FnumPro%3D2891177&name=undefined&_a=0.19597900648398414&a=0.6174326774133491 HTTP/1.1" 200 1191
181.50.192.137 - - [15/Oct/2014:09:05:30 -0500] "POST /forms/lservlet;jsessionid=ac16012b30d53c3fd5d2976e40ea8333ea0525b72121.e3iSbxaKaheRe34Sa3yKbhiTahb0n6jAmljGr5XDqQLvpAe HTTP/1.1" 200 2
181.50.192.137 - - [15/Oct/2014:09:05:30 -0500] "POST /forms/lservlet;jsessionid=ac16012b30d53c3fd5d2976e40ea8333ea0525b72121.e3iSbxaKaheRe34Sa3yKbhiTahb0n6jAmljGr5XDqQLvpAe HTTP/1.1" 200 2
201.245.192.253 - - [15/Oct/2014:09:05:30 -0500] "GET /forest/system/process.jsp?numPro=2891177 HTTP/1.1" 200 32736
201.245.192.253 - - [15/Oct/2014:09:05:30 -0500] "GET /forest/system/process.jsp?numPro=2891177 HTTP/1.1" 200 71140
200.14.47.34 - - [15/Oct/2014:09:05:30 -0500] "GET /galeria/nivo-slider/demo/images/banner-caballos.png HTTP/1.1" 200 389106
66.249.65.119 - - [15/Oct/2014:09:05:30 -0500] "GET /BLA/resoluciones/AUTOS%202009/1655.pdf HTTP/1.1" 200 100505
181.50.192.137 - - [15/Oct/2014:09:05:32 -0500] "POST /forms/lservlet;jsessionid=ac16012b30d53c3fd5d2976e40ea8333ea0525b72121.e3iSbxaKaheRe34Sa3yKbhiTahb0n6jAmljGr5XDqQLvpAe HTTP/1.1" 200 267
181.50.192.137 - - [15/Oct/2014:09:05:32 -0500] "POST /forms/lservlet;jsessionid=ac16012b30d53c3fd5d2976e40ea8333ea0525b72121.e3iSbxaKaheRe34Sa3yKbhiTahb0n6jAmljGr5XDqQLvpAe HTTP/1.1" 200 229
181.50.192.137 - - [15/Oct/2014:09:05:32 -0500] "POST /forms/lservlet;jsessionid=ac16012b30d53c3fd5d2976e40ea8333ea0525b72121.e3iSbxaKaheRe34Sa3yKbhiTahb0n6jAmljGr5XDqQLvpAe HTTP/1.1" 200 229
201.245.192.253 - - [15/Oct/2014:09:05:28 -0500] "GET /forest/index2.jsp?_a=0.08137021557311785 HTTP/1.1" 200 55498
181.50.192.137 - - [15/Oct/2014:09:05:32 -0500] "POST /forms/lservlet;jsessionid=ac16012b30d53c3fd5d2976e40ea8333ea0525b72121.e3iSbxaKaheRe34Sa3yKbhiTahb0n6jAmljGr5XDqQLvpAe HTTP/1.1" 200 271
201.245.192.253 - - [15/Oct/2014:09:05:33 -0500] "GET /forest/skins/gdocs-jar/js/autocompletar2.js?version=1408.271930 HTTP/1.1" 304 -
201.245.192.253 - - [15/Oct/2014:09:05:33 -0500] "GET /forest/skins/gdocs-jar/js/xml_utilities.js?version=1408.271930 HTTP/1.1" 304 -
201.245.192.253 - - [15/Oct/2014:09:05:33 -0500] "GET /forest/skins/gdocs-jar/js/misprocesos.js?version=1408.271930 HTTP/1.1" 304 -
201.245.192.253 - - [15/Oct/2014:09:05:33 -0500] "GET /forest/js/inicio.js?version=1408.271930 HTTP/1.1" 304 -
201.245.192.253 - - [15/Oct/2014:09:05:33 -0500] "GET /forest/session.jsp?a=0.6851519696140768 HTTP/1.1" 200 4
181.50.192.137 - - [15/Oct/2014:09:05:33 -0500] "POST /forms/lservlet;jsessionid=ac16012b30d53c3fd5d2976e40ea8333ea0525b72121.e3iSbxaKaheRe34Sa3yKbhiTahb0n6jAmljGr5XDqQLvpAe HTTP/1.1" 200 37
181.50.192.137 - - [15/Oct/2014:09:05:34 -0500] "POST /forms/lservlet;jsessionid=ac16012b30d53c3fd5d2976e40ea8333ea0525b72121.e3iSbxaKaheRe34Sa3yKbhiTahb0n6jAmljGr5XDqQLvpAe HTTP/1.1" 200 7
200.14.47.34 - - [15/Oct/2014:09:05:35 -0500] "GET /galeria/nivo-slider/demo/images/ConstructorasFNL.jpg HTTP/1.1" 200 216551
181.50.192.137 - - [15/Oct/2014:09:05:35 -0500] "POST /forms/lservlet;jsessionid=ac16012b30d53c3fd5d2976e40ea8333ea0525b72121.e3iSbxaKaheRe34Sa3yKbhiTahb0n6jAmljGr5XDqQLvpAe HTTP/1.1" 200 30098
181.50.192.137 - - [15/Oct/2014:09:05:35 -0500] "POST /forms/lservlet;jsessionid=ac16012b30d53c3fd5d2976e40ea8333ea0525b72121.e3iSbxaKaheRe34Sa3yKbhiTahb0n6jAmljGr5XDqQLvpAe HTTP/1.1" 200 7
181.50.192.137 - - [15/Oct/2014:09:05:35 -0500] "POST /forms/lservlet;jsessionid=ac16012b30d53c3fd5d2976e40ea8333ea0525b72121.e3iSbxaKaheRe34Sa3yKbhiTahb0n6jAmljGr5XDqQLvpAe HTTP/1.1" 200 2
181.50.192.137 - - [15/Oct/2014:09:05:35 -0500] "POST /forms/lservlet;jsessionid=ac16012b30d53c3fd5d2976e40ea8333ea0525b72121.e3iSbxaKaheRe34Sa3yKbhiTahb0n6jAmljGr5XDqQLvpAe HTTP/1.1" 200 27
181.50.192.137 - - [15/Oct/2014:09:05:36 -0500] "POST /forms/lservlet;jsessionid=ac16012b30d53c3fd5d2976e40ea8333ea0525b72121.e3iSbxaKaheRe34Sa3yKbhiTahb0n6jAmljGr5XDqQLvpAe HTTP/1.1" 200 2
201.245.192.253 - - [15/Oct/2014:09:05:34 -0500] "GET /forest/documentos/1896351/2014EE125975.docx HTTP/1.1" 200 167795
201.245.192.253 - - [15/Oct/2014:09:05:41 -0500] "GET /forest/skins/gdocs-jar/css/menu.css?version=1408.271930 HTTP/1.1" 304 -
181.50.192.137 - - [15/Oct/2014:09:05:41 -0500] "POST /forms/lservlet;jsessionid=ac16012b30d53c3fd5d2976e40ea8333ea0525b72121.e3iSbxaKaheRe34Sa3yKbhiTahb0n6jAmljGr5XDqQLvpAe HTTP/1.1" 200 102
201.245.192.253 - - [15/Oct/2014:09:05:41 -0500] "GET /forest/skins/gdocs-jar/js/tareas.js?version=1408.271930 HTTP/1.1" 304 -
201.245.192.253 - - [15/Oct/2014:09:05:41 -0500] "GET /forest/skins/gdocs-jar/js/autocompletar2.js?version=1408.271930 HTTP/1.1" 304 -
201.245.192.253 - - [15/Oct/2014:09:05:41 -0500] "GET /forest/skins/gdocs-jar/js/xml_utilities.js?version=1408.271930 HTTP/1.1" 304 -
201.245.192.253 - - [15/Oct/2014:09:05:41 -0500] "GET /forest/skins/gdocs-jar/js/number-functions.js?version=1408.271930 HTTP/1.1" 304 -
201.245.192.253 - - [15/Oct/2014:09:05:41 -0500] "GET /forest/skins/gdocs-jar/js/swfobject.js?version=1408.271930 HTTP/1.1" 304 -
201.245.192.253 - - [15/Oct/2014:09:05:41 -0500] "GET /forest/skins/gdocs-jar/js/graphicForm.js?version=1408.271930 HTTP/1.1" 304 -
181.50.192.137 - - [15/Oct/2014:09:05:41 -0500] "POST /forms/lservlet;jsessionid=ac16012b30d53c3fd5d2976e40ea8333ea0525b72121.e3iSbxaKaheRe34Sa3yKbhiTahb0n6jAmljGr5XDqQLvpAe HTTP/1.1" 200 74
201.245.192.253 - - [15/Oct/2014:09:05:40 -0500] "GET /forest/usutareas.do?group_system_actual=3&codTraEsc=16684117&_a=0.6182813228730857 HTTP/1.1" 200 117044
201.245.192.253 - - [15/Oct/2014:09:05:41 -0500] "GET /forest/session.jsp?a=0.21383754849179604 HTTP/1.1" 200 4
181.50.192.137 - - [15/Oct/2014:09:05:42 -0500] "POST /forms/lservlet;jsessionid=ac16012b30d53c3fd5d2976e40ea8333ea0525b72121.e3iSbxaKaheRe34Sa3yKbhiTahb0n6jAmljGr5XDqQLvpAe HTTP/1.1" 200 7
181.50.192.137 - - [15/Oct/2014:09:05:43 -0500] "POST /forms/lservlet;jsessionid=ac16012b30d53c3fd5d2976e40ea8333ea0525b72121.e3iSbxaKaheRe34Sa3yKbhiTahb0n6jAmljGr5XDqQLvpAe HTTP/1.1" 200 64000
181.50.192.137 - - [15/Oct/2014:09:05:44 -0500] "POST /forms/lservlet;jsessionid=ac16012b30d53c3fd5d2976e40ea8333ea0525b72121.e3iSbxaKaheRe34Sa3yKbhiTahb0n6jAmljGr5XDqQLvpAe HTTP/1.1" 200 6225
201.245.192.253 - - [15/Oct/2014:09:05:44 -0500] "GET /forest/documentos/1940578/2014IE170195.docx HTTP/1.1" 200 187863
181.50.192.137 - - [15/Oct/2014:09:05:44 -0500] "POST /forms/lservlet;jsessionid=ac16012b30d53c3fd5d2976e40ea8333ea0525b72121.e3iSbxaKaheRe34Sa3yKbhiTahb0n6jAmljGr5XDqQLvpAe HTTP/1.1" 200 109
181.50.192.137 - - [15/Oct/2014:09:05:45 -0500] "POST /forms/lservlet;jsessionid=ac16012b30d53c3fd5d2976e40ea8333ea0525b72121.e3iSbxaKaheRe34Sa3yKbhiTahb0n6jAmljGr5XDqQLvpAe HTTP/1.1" 200 2
181.50.192.137 - - [15/Oct/2014:09:05:45 -0500] "POST /forms/lservlet;jsessionid=ac16012b30d53c3fd5d2976e40ea8333ea0525b72121.e3iSbxaKaheRe34Sa3yKbhiTahb0n6jAmljGr5XDqQLvpAe HTTP/1.1" 200 248
181.50.192.137 - - [15/Oct/2014:09:05:46 -0500] "POST /forms/lservlet;jsessionid=ac16012b30d53c3fd5d2976e40ea8333ea0525b72121.e3iSbxaKaheRe34Sa3yKbhiTahb0n6jAmljGr5XDqQLvpAe HTTP/1.1" 200 2
181.50.192.137 - - [15/Oct/2014:09:05:46 -0500] "POST /forms/lservlet;jsessionid=ac16012b30d53c3fd5d2976e40ea8333ea0525b72121.e3iSbxaKaheRe34Sa3yKbhiTahb0n6jAmljGr5XDqQLvpAe HTTP/1.1" 200 260
181.50.192.137 - - [15/Oct/2014:09:05:47 -0500] "POST /forms/lservlet;jsessionid=ac16012b30d53c3fd5d2976e40ea8333ea0525b72121.e3iSbxaKaheRe34Sa3yKbhiTahb0n6jAmljGr5XDqQLvpAe HTTP/1.1" 200 2
181.50.192.137 - - [15/Oct/2014:09:05:47 -0500] "POST /forms/lservlet;jsessionid=ac16012b30d53c3fd5d2976e40ea8333ea0525b72121.e3iSbxaKaheRe34Sa3yKbhiTahb0n6jAmljGr5XDqQLvpAe HTTP/1.1" 200 75
181.50.192.137 - - [15/Oct/2014:09:05:48 -0500] "POST /forms/lservlet;jsessionid=ac16012b30d53c3fd5d2976e40ea8333ea0525b72121.e3iSbxaKaheRe34Sa3yKbhiTahb0n6jAmljGr5XDqQLvpAe HTTP/1.1" 200 2
181.50.192.137 - - [15/Oct/2014:09:05:49 -0500] "POST /forms/lservlet;jsessionid=ac16012b30d53c3fd5d2976e40ea8333ea0525b72121.e3iSbxaKaheRe34Sa3yKbhiTahb0n6jAmljGr5XDqQLvpAe HTTP/1.1" 200 2
181.50.192.137 - - [15/Oct/2014:09:05:49 -0500] "POST /forms/lservlet;jsessionid=ac16012b30d53c3fd5d2976e40ea8333ea0525b72121.e3iSbxaKaheRe34Sa3yKbhiTahb0n6jAmljGr5XDqQLvpAe HTTP/1.1" 200 1504
181.50.192.137 - - [15/Oct/2014:09:05:49 -0500] "POST /forms/lservlet;jsessionid=ac16012b30d53c3fd5d2976e40ea8333ea0525b72121.e3iSbxaKaheRe34Sa3yKbhiTahb0n6jAmljGr5XDqQLvpAe HTTP/1.1" 200 2
181.50.192.137 - - [15/Oct/2014:09:05:49 -0500] "POST /forms/lservlet;jsessionid=ac16012b30d53c3fd5d2976e40ea8333ea0525b72121.e3iSbxaKaheRe34Sa3yKbhiTahb0n6jAmljGr5XDqQLvpAe HTTP/1.1" 200 2
181.50.192.137 - - [15/Oct/2014:09:05:50 -0500] "POST /forms/lservlet;jsessionid=ac16012b30d53c3fd5d2976e40ea8333ea0525b72121.e3iSbxaKaheRe34Sa3yKbhiTahb0n6jAmljGr5XDqQLvpAe HTTP/1.1" 200 135
181.50.192.137 - - [15/Oct/2014:09:05:51 -0500] "POST /forms/lservlet;jsessionid=ac16012b30d53c3fd5d2976e40ea8333ea0525b72121.e3iSbxaKaheRe34Sa3yKbhiTahb0n6jAmljGr5XDqQLvpAe HTTP/1.1" 200 7
181.50.192.137 - - [15/Oct/2014:09:05:51 -0500] "POST /forms/lservlet;jsessionid=ac16012b30d53c3fd5d2976e40ea8333ea0525b72121.e3iSbxaKaheRe34Sa3yKbhiTahb0n6jAmljGr5XDqQLvpAe HTTP/1.1" 200 30092
181.50.192.137 - - [15/Oct/2014:09:05:51 -0500] "POST /forms/lservlet;jsessionid=ac16012b30d53c3fd5d2976e40ea8333ea0525b72121.e3iSbxaKaheRe34Sa3yKbhiTahb0n6jAmljGr5XDqQLvpAe HTTP/1.1" 200 7
181.50.192.137 - - [15/Oct/2014:09:05:51 -0500] "POST /forms/lservlet;jsessionid=ac16012b30d53c3fd5d2976e40ea8333ea0525b72121.e3iSbxaKaheRe34Sa3yKbhiTahb0n6jAmljGr5XDqQLvpAe HTTP/1.1" 200 2
181.50.192.137 - - [15/Oct/2014:09:05:51 -0500] "POST /forms/lservlet;jsessionid=ac16012b30d53c3fd5d2976e40ea8333ea0525b72121.e3iSbxaKaheRe34Sa3yKbhiTahb0n6jAmljGr5XDqQLvpAe HTTP/1.1" 200 27
66.249.65.119 - - [15/Oct/2014:09:05:52 -0500] "GET /BLA/resoluciones/RESOLUCIONES%202007/RES%202007%202901%20AL%203000/RESOLUCION%202968%20DE%202007.pdf HTTP/1.1" 200 672004
181.50.192.137 - - [15/Oct/2014:09:05:52 -0500] "POST /forms/lservlet;jsessionid=ac16012b30d53c3fd5d2976e40ea8333ea0525b72121.e3iSbxaKaheRe34Sa3yKbhiTahb0n6jAmljGr5XDqQLvpAe HTTP/1.1" 200 2
186.30.95.113 - - [15/Oct/2014:08:59:55 -0500] "GET /ForestMSG_SDA/channelAsync/template_word_16685384?X-Atmosphere-tracking-id=a2a9962a-b944-38a2-970a-10947e316c30&X-Atmosphere-Framework=1.0.5&X-Atmosphere-Transport=long-polling&tabid=0.296041845344007&X-Cache-Date=0&Content-Type=application/xml&_=1413381794908 HTTP/1.1" 200 8193
181.50.192.137 - - [15/Oct/2014:09:05:58 -0500] "POST /forms/lservlet;jsessionid=ac16012b30d53c3fd5d2976e40ea8333ea0525b72121.e3iSbxaKaheRe34Sa3yKbhiTahb0n6jAmljGr5XDqQLvpAe HTTP/1.1" 200 102
181.50.192.137 - - [15/Oct/2014:09:05:58 -0500] "POST /forms/lservlet;jsessionid=ac16012b30d53c3fd5d2976e40ea8333ea0525b72121.e3iSbxaKaheRe34Sa3yKbhiTahb0n6jAmljGr5XDqQLvpAe HTTP/1.1" 200 2
181.50.192.137 - - [15/Oct/2014:09:05:59 -0500] "POST /forms/lservlet;jsessionid=ac16012b30d53c3fd5d2976e40ea8333ea0525b72121.e3iSbxaKaheRe34Sa3yKbhiTahb0n6jAmljGr5XDqQLvpAe HTTP/1.1" 200 74
181.50.192.137 - - [15/Oct/2014:09:06:02 -0500] "POST /forms/lservlet;jsessionid=ac16012b30d53c3fd5d2976e40ea8333ea0525b72121.e3iSbxaKaheRe34Sa3yKbhiTahb0n6jAmljGr5XDqQLvpAe HTTP/1.1" 200 7
201.245.192.253 - - [15/Oct/2014:09:06:03 -0500] "GET /forest/skins/gdocs-jar/popup/escritorio/reasignar.jsp?codTraEsc=16684117&a=0.17267928551301537 HTTP/1.1" 200 3621
181.50.192.137 - - [15/Oct/2014:09:06:04 -0500] "POST /forms/lservlet;jsessionid=ac16012b30d53c3fd5d2976e40ea8333ea0525b72121.e3iSbxaKaheRe34Sa3yKbhiTahb0n6jAmljGr5XDqQLvpAe HTTP/1.1" 200 64000
181.50.192.137 - - [15/Oct/2014:09:06:05 -0500] "POST /forms/lservlet;jsessionid=ac16012b30d53c3fd5d2976e40ea8333ea0525b72121.e3iSbxaKaheRe34Sa3yKbhiTahb0n6jAmljGr5XDqQLvpAe HTTP/1.1" 200 10114
181.50.192.137 - - [15/Oct/2014:09:06:05 -0500] "POST /forms/lservlet;jsessionid=ac16012b30d53c3fd5d2976e40ea8333ea0525b72121.e3iSbxaKaheRe34Sa3yKbhiTahb0n6jAmljGr5XDqQLvpAe HTTP/1.1" 200 109
181.50.192.137 - - [15/Oct/2014:09:06:07 -0500] "POST /forms/lservlet;jsessionid=ac16012b30d53c3fd5d2976e40ea8333ea0525b72121.e3iSbxaKaheRe34Sa3yKbhiTahb0n6jAmljGr5XDqQLvpAe HTTP/1.1" 200 2
186.30.95.113 - - [15/Oct/2014:09:06:07 -0500] "GET /forest/downloads.jsp?_a=0.26801674254238605 HTTP/1.1" 200 18047
181.50.192.137 - - [15/Oct/2014:09:06:07 -0500] "POST /forms/lservlet;jsessionid=ac16012b30d53c3fd5d2976e40ea8333ea0525b72121.e3iSbxaKaheRe34Sa3yKbhiTahb0n6jAmljGr5XDqQLvpAe HTTP/1.1" 200 248
186.30.95.113 - - [15/Oct/2014:09:06:07 -0500] "GET /forest/session.jsp?a=0.5437334049493074 HTTP/1.1" 200 4
181.50.192.137 - - [15/Oct/2014:09:06:07 -0500] "POST /forms/lservlet;jsessionid=ac16012b30d53c3fd5d2976e40ea8333ea0525b72121.e3iSbxaKaheRe34Sa3yKbhiTahb0n6jAmljGr5XDqQLvpAe HTTP/1.1" 200 2
181.50.192.137 - - [15/Oct/2014:09:06:08 -0500] "POST /forms/lservlet;jsessionid=ac16012b30d53c3fd5d2976e40ea8333ea0525b72121.e3iSbxaKaheRe34Sa3yKbhiTahb0n6jAmljGr5XDqQLvpAe HTTP/1.1" 200 2
181.50.192.137 - - [15/Oct/2014:09:06:08 -0500] "POST /forms/lservlet;jsessionid=ac16012b30d53c3fd5d2976e40ea8333ea0525b72121.e3iSbxaKaheRe34Sa3yKbhiTahb0n6jAmljGr5XDqQLvpAe HTTP/1.1" 200 260
181.50.192.137 - - [15/Oct/2014:09:06:09 -0500] "POST /forms/lservlet;jsessionid=ac16012b30d53c3fd5d2976e40ea8333ea0525b72121.e3iSbxaKaheRe34Sa3yKbhiTahb0n6jAmljGr5XDqQLvpAe HTTP/1.1" 200 2
181.50.192.137 - - [15/Oct/2014:09:06:09 -0500] "POST /forms/lservlet;jsessionid=ac16012b30d53c3fd5d2976e40ea8333ea0525b72121.e3iSbxaKaheRe34Sa3yKbhiTahb0n6jAmljGr5XDqQLvpAe HTTP/1.1" 200 75
181.50.192.137 - - [15/Oct/2014:09:06:09 -0500] "POST /forms/lservlet;jsessionid=ac16012b30d53c3fd5d2976e40ea8333ea0525b72121.e3iSbxaKaheRe34Sa3yKbhiTahb0n6jAmljGr5XDqQLvpAe HTTP/1.1" 200 2
181.50.192.137 - - [15/Oct/2014:09:06:10 -0500] "POST /forms/lservlet;jsessionid=ac16012b30d53c3fd5d2976e40ea8333ea0525b72121.e3iSbxaKaheRe34Sa3yKbhiTahb0n6jAmljGr5XDqQLvpAe HTTP/1.1" 200 2
181.50.192.137 - - [15/Oct/2014:09:06:11 -0500] "POST /forms/lservlet;jsessionid=ac16012b30d53c3fd5d2976e40ea8333ea0525b72121.e3iSbxaKaheRe34Sa3yKbhiTahb0n6jAmljGr5XDqQLvpAe HTTP/1.1" 200 1504
181.50.192.137 - - [15/Oct/2014:09:06:11 -0500] "POST /forms/lservlet;jsessionid=ac16012b30d53c3fd5d2976e40ea8333ea0525b72121.e3iSbxaKaheRe34Sa3yKbhiTahb0n6jAmljGr5XDqQLvpAe HTTP/1.1" 200 2
181.50.192.137 - - [15/Oct/2014:09:06:11 -0500] "POST /forms/lservlet;jsessionid=ac16012b30d53c3fd5d2976e40ea8333ea0525b72121.e3iSbxaKaheRe34Sa3yKbhiTahb0n6jAmljGr5XDqQLvpAe HTTP/1.1" 200 2
181.50.192.137 - - [15/Oct/2014:09:06:12 -0500] "POST /forms/lservlet;jsessionid=ac16012b30d53c3fd5d2976e40ea8333ea0525b72121.e3iSbxaKaheRe34Sa3yKbhiTahb0n6jAmljGr5XDqQLvpAe HTTP/1.1" 200 135
181.50.192.137 - - [15/Oct/2014:09:06:13 -0500] "POST /forms/lservlet;jsessionid=ac16012b30d53c3fd5d2976e40ea8333ea0525b72121.e3iSbxaKaheRe34Sa3yKbhiTahb0n6jAmljGr5XDqQLvpAe HTTP/1.1" 200 7
181.50.192.137 - - [15/Oct/2014:09:06:13 -0500] "POST /forms/lservlet;jsessionid=ac16012b30d53c3fd5d2976e40ea8333ea0525b72121.e3iSbxaKaheRe34Sa3yKbhiTahb0n6jAmljGr5XDqQLvpAe HTTP/1.1" 200 30092
181.50.192.137 - - [15/Oct/2014:09:06:13 -0500] "GET /imagenes/rt_quer3.gif HTTP/1.1" 200 939
181.50.192.137 - - [15/Oct/2014:09:06:13 -0500] "GET /imagenes/rt_pset.gif HTTP/1.1" 200 914
181.50.192.137 - - [15/Oct/2014:09:06:13 -0500] "GET /imagenes/rt_print.gif HTTP/1.1" 200 916
181.50.192.137 - - [15/Oct/2014:09:06:13 -0500] "POST /forms/lservlet;jsessionid=ac16012b30d53c3fd5d2976e40ea8333ea0525b72121.e3iSbxaKaheRe34Sa3yKbhiTahb0n6jAmljGr5XDqQLvpAe HTTP/1.1" 200 7
181.50.192.137 - - [15/Oct/2014:09:06:13 -0500] "POST /forms/lservlet;jsessionid=ac16012b30d53c3fd5d2976e40ea8333ea0525b72121.e3iSbxaKaheRe34Sa3yKbhiTahb0n6jAmljGr5XDqQLvpAe HTTP/1.1" 200 2
181.50.192.137 - - [15/Oct/2014:09:06:13 -0500] "POST /forms/lservlet;jsessionid=ac16012b30d53c3fd5d2976e40ea8333ea0525b72121.e3iSbxaKaheRe34Sa3yKbhiTahb0n6jAmljGr5XDqQLvpAe HTTP/1.1" 200 27
181.50.192.137 - - [15/Oct/2014:09:06:14 -0500] "POST /forms/lservlet;jsessionid=ac16012b30d53c3fd5d2976e40ea8333ea0525b72121.e3iSbxaKaheRe34Sa3yKbhiTahb0n6jAmljGr5XDqQLvpAe HTTP/1.1" 200 2
201.245.192.253 - - [15/Oct/2014:09:06:18 -0500] "POST /forest/usutareas.do?group_system_actual=3 HTTP/1.1" 200 165
201.245.192.253 - - [15/Oct/2014:09:06:20 -0500] "GET /forest/usutareas.do?group_system_actual=3&a=0.9102713474563355 HTTP/1.1" 200 21399
201.245.192.253 - - [15/Oct/2014:09:06:20 -0500] "GET /forest/skins/gdocs-jar/css/menu.css?version=1408.271930 HTTP/1.1" 304 -
201.245.192.253 - - [15/Oct/2014:09:06:20 -0500] "GET /forest/session.jsp?a=0.750969406050541 HTTP/1.1" 200 4
201.245.192.253 - - [15/Oct/2014:09:06:22 -0500] "GET /forest/skins/gdocs-jar/css/menu.css?version=1408.271930 HTTP/1.1" 304 -
181.50.192.137 - - [15/Oct/2014:09:06:24 -0500] "POST /forms/lservlet;jsessionid=ac16012b30d53c3fd5d2976e40ea8333ea0525b72121.e3iSbxaKaheRe34Sa3yKbhiTahb0n6jAmljGr5XDqQLvpAe HTTP/1.1" 200 102
181.50.192.137 - - [15/Oct/2014:09:06:25 -0500] "POST /forms/lservlet;jsessionid=ac16012b30d53c3fd5d2976e40ea8333ea0525b72121.e3iSbxaKaheRe34Sa3yKbhiTahb0n6jAmljGr5XDqQLvpAe HTTP/1.1" 200 74
201.245.192.253 - - [15/Oct/2014:09:06:26 -0500] "GET /galeria/nivo-slider/themes/pascal/pascal.css HTTP/1.1" 304 -
201.245.192.253 - - [15/Oct/2014:09:06:26 -0500] "GET /galeria/nivo-slider/themes/orman/orman.css HTTP/1.1" 304 -
201.245.192.253 - - [15/Oct/2014:09:06:26 -0500] "GET /galeria/nivo-slider/nivo-slider.css HTTP/1.1" 304 -
201.245.192.253 - - [15/Oct/2014:09:06:26 -0500] "GET /galeria/nivo-slider/demo/style.css HTTP/1.1" 304 -
186.84.17.36 - - [15/Oct/2014:09:06:26 -0500] "GET /BLA/resoluciones/RESOLUCIONES%202013/0869.pdf HTTP/1.1" 200 1650984
201.245.192.253 - - [15/Oct/2014:09:06:26 -0500] "GET /galeria/nivo-slider/demo/images/banner-encuesta.jpg HTTP/1.1" 304 -
201.245.192.253 - - [15/Oct/2014:09:06:26 -0500] "GET /galeria/nivo-slider/demo/images/banner-llantas2.jpg HTTP/1.1" 304 -
201.245.192.253 - - [15/Oct/2014:09:06:26 -0500] "GET /galeria/nivo-slider/demo/images/banner-caballos.png HTTP/1.1" 304 -
201.245.192.253 - - [15/Oct/2014:09:06:26 -0500] "GET /galeria/nivo-slider/demo/images/ConstructorasFNL.jpg HTTP/1.1" 304 -
201.245.192.253 - - [15/Oct/2014:09:06:26 -0500] "GET /galeria/nivo-slider/demo/scripts/jquery-1.7.1.min.js HTTP/1.1" 304 -
201.245.192.253 - - [15/Oct/2014:09:06:26 -0500] "GET /galeria/nivo-slider/jquery.nivo.slider.pack.js HTTP/1.1" 304 -
201.245.192.253 - - [15/Oct/2014:09:06:26 -0500] "GET /galeria/nivo-slider/demo/images/4Simple_Slider.png HTTP/1.1" 304 -
201.245.192.253 - - [15/Oct/2014:09:06:26 -0500] "GET /galeria/nivo-slider/themes/default/loading.gif HTTP/1.1" 304 -
181.50.192.137 - - [15/Oct/2014:09:06:26 -0500] "POST /forms/lservlet;jsessionid=ac16012b30d53c3fd5d2976e40ea8333ea0525b72121.e3iSbxaKaheRe34Sa3yKbhiTahb0n6jAmljGr5XDqQLvpAe HTTP/1.1" 200 7
186.84.17.36 - - [15/Oct/2014:09:06:26 -0500] "GET /BLA/resoluciones/RESOLUCIONES%202013/0869.pdf HTTP/1.1" 206 32768
186.84.17.36 - - [15/Oct/2014:09:06:26 -0500] "GET /BLA/resoluciones/RESOLUCIONES%202013/0869.pdf HTTP/1.1" 206 1618216
201.245.192.253 - - [15/Oct/2014:09:06:26 -0500] "GET /galeria/nivo-slider/themes/default/arrows.png HTTP/1.1" 304 -
201.245.192.253 - - [15/Oct/2014:09:06:26 -0500] "GET /galeria/nivo-slider/themes/default/bullets.png HTTP/1.1" 304 -
201.245.192.253 - - [15/Oct/2014:09:06:22 -0500] "GET /forest/index2.jsp?_a=0.18040348922564575 HTTP/1.1" 200 55010
201.245.192.253 - - [15/Oct/2014:09:06:27 -0500] "GET /forest/skins/gdocs-jar/js/xml_utilities.js?version=1408.271930 HTTP/1.1" 304 -
201.245.192.253 - - [15/Oct/2014:09:06:27 -0500] "GET /forest/js/inicio.js?version=1408.271930 HTTP/1.1" 304 -
201.245.192.253 - - [15/Oct/2014:09:06:27 -0500] "GET /forest/skins/gdocs-jar/js/autocompletar2.js?version=1408.271930 HTTP/1.1" 304 -
201.245.192.253 - - [15/Oct/2014:09:06:27 -0500] "GET /forest/skins/gdocs-jar/js/misprocesos.js?version=1408.271930 HTTP/1.1" 304 -
201.245.192.253 - - [15/Oct/2014:09:06:26 -0500] "GET /forest/usutareas.do?_a=0.2106881510228764&group_system_actual=3 HTTP/1.1" 200 110045
201.245.192.253 - - [15/Oct/2014:09:06:27 -0500] "GET /forest/skins/gdocs-jar/css/menu.css?version=1408.271930 HTTP/1.1" 304 -
201.245.192.253 - - [15/Oct/2014:09:06:27 -0500] "GET /forest/skins/gdocs-jar/js/tareas.js?version=1408.271930 HTTP/1.1" 304 -
201.245.192.253 - - [15/Oct/2014:09:06:27 -0500] "GET /forest/skins/gdocs-jar/js/number-functions.js?version=1408.271930 HTTP/1.1" 304 -
201.245.192.253 - - [15/Oct/2014:09:06:27 -0500] "GET /forest/skins/gdocs-jar/js/autocompletar2.js?version=1408.271930 HTTP/1.1" 304 -
201.245.192.253 - - [15/Oct/2014:09:06:27 -0500] "GET /forest/skins/gdocs-jar/js/xml_utilities.js?version=1408.271930 HTTP/1.1" 304 -
201.245.192.253 - - [15/Oct/2014:09:06:27 -0500] "GET /forest/skins/gdocs-jar/js/swfobject.js?version=1408.271930 HTTP/1.1" 304 -
201.245.192.253 - - [15/Oct/2014:09:06:27 -0500] "GET /forest/skins/gdocs-jar/js/graphicForm.js?version=1408.271930 HTTP/1.1" 304 -
201.245.192.253 - - [15/Oct/2014:09:06:27 -0500] "GET /forest/session.jsp?a=0.9800104529968615 HTTP/1.1" 200 4
201.245.192.253 - - [15/Oct/2014:09:03:22 -0500] "GET /ForestMSG_SDA/channelAsync/template_word_16684522?X-Atmosphere-tracking-id=725022eb-509d-d62f-70ad-9d5435976fcb&X-Atmosphere-Framework=1.0.5&X-Atmosphere-Transport=long-polling&tabid=0.968528583446216&X-Cache-Date=0&Content-Type=application/xml&_=1413381967147 HTTP/1.1" 200 8193
66.249.65.123 - - [15/Oct/2014:09:06:27 -0500] "GET /BLA/resoluciones/RESOLUCIONES%202009/1880.pdf HTTP/1.1" 200 356546
201.245.192.253 - - [15/Oct/2014:09:06:27 -0500] "GET /forest/session.jsp?a=0.3061543106994523 HTTP/1.1" 200 4
201.245.192.253 - - [15/Oct/2014:09:06:27 -0500] "GET /forest/actions/forms.getMappedValues?id=id_Numeracion4&value=1413346076220&codForm=RevisarDocumento&a=0.6018213601539568 HTTP/1.1" 200 118
181.50.192.137 - - [15/Oct/2014:09:06:26 -0500] "POST /forms/lservlet;jsessionid=ac16012b30d53c3fd5d2976e40ea8333ea0525b72121.e3iSbxaKaheRe34Sa3yKbhiTahb0n6jAmljGr5XDqQLvpAe HTTP/1.1" 200 64000
181.50.192.137 - - [15/Oct/2014:09:06:27 -0500] "POST /forms/lservlet;jsessionid=ac16012b30d53c3fd5d2976e40ea8333ea0525b72121.e3iSbxaKaheRe34Sa3yKbhiTahb0n6jAmljGr5XDqQLvpAe HTTP/1.1" 200 7020
181.50.192.137 - - [15/Oct/2014:09:06:28 -0500] "POST /forms/lservlet;jsessionid=ac16012b30d53c3fd5d2976e40ea8333ea0525b72121.e3iSbxaKaheRe34Sa3yKbhiTahb0n6jAmljGr5XDqQLvpAe HTTP/1.1" 200 109
181.50.192.137 - - [15/Oct/2014:09:06:29 -0500] "POST /forms/lservlet;jsessionid=ac16012b30d53c3fd5d2976e40ea8333ea0525b72121.e3iSbxaKaheRe34Sa3yKbhiTahb0n6jAmljGr5XDqQLvpAe HTTP/1.1" 200 2
181.50.192.137 - - [15/Oct/2014:09:06:29 -0500] "POST /forms/lservlet;jsessionid=ac16012b30d53c3fd5d2976e40ea8333ea0525b72121.e3iSbxaKaheRe34Sa3yKbhiTahb0n6jAmljGr5XDqQLvpAe HTTP/1.1" 200 248
181.50.192.137 - - [15/Oct/2014:09:06:30 -0500] "POST /forms/lservlet;jsessionid=ac16012b30d53c3fd5d2976e40ea8333ea0525b72121.e3iSbxaKaheRe34Sa3yKbhiTahb0n6jAmljGr5XDqQLvpAe HTTP/1.1" 200 2
186.84.17.36 - - [15/Oct/2014:09:06:30 -0500] "GET /favicon.ico HTTP/1.1" 200 7782
201.245.192.253 - - [15/Oct/2014:09:06:30 -0500] "GET /forest/skins/gdocs-jar/css/menu.css?version=1408.271930 HTTP/1.1" 304 -
181.50.192.137 - - [15/Oct/2014:09:06:30 -0500] "POST /forms/lservlet;jsessionid=ac16012b30d53c3fd5d2976e40ea8333ea0525b72121.e3iSbxaKaheRe34Sa3yKbhiTahb0n6jAmljGr5XDqQLvpAe HTTP/1.1" 200 260
201.245.192.253 - - [15/Oct/2014:09:06:30 -0500] "GET /forest/usutareas.do?group_system_actual=3&codTraEsc=16682998&_a=0.5691685628881592 HTTP/1.1" 200 128449
201.245.192.253 - - [15/Oct/2014:09:06:31 -0500] "GET /forest/skins/gdocs-jar/js/tareas.js?version=1408.271930 HTTP/1.1" 304 -
201.245.192.253 - - [15/Oct/2014:09:06:31 -0500] "GET /forest/skins/gdocs-jar/js/autocompletar2.js?version=1408.271930 HTTP/1.1" 304 -
201.245.192.253 - - [15/Oct/2014:09:06:31 -0500] "GET /forest/js/usutareas-docs.js HTTP/1.1" 200 646
201.245.192.253 - - [15/Oct/2014:09:06:31 -0500] "GET /forest/js/socketConnection.js HTTP/1.1" 200 3648
201.245.192.253 - - [15/Oct/2014:09:06:31 -0500] "GET /forest/skins/gdocs-jar/img/bola.gif HTTP/1.1" 200 272
201.245.192.253 - - [15/Oct/2014:09:06:31 -0500] "GET /forest/skins/gdocs-jar/js/number-functions.js?version=1408.271930 HTTP/1.1" 304 -
201.245.192.253 - - [15/Oct/2014:09:06:31 -0500] "GET /forest/skins/gdocs-jar/js/graphicForm.js?version=1408.271930 HTTP/1.1" 304 -
201.245.192.253 - - [15/Oct/2014:09:06:31 -0500] "GET /forest/skins/gdocs-jar/js/swfobject.js?version=1408.271930 HTTP/1.1" 304 -
181.50.192.137 - - [15/Oct/2014:09:06:31 -0500] "POST /forms/lservlet;jsessionid=ac16012b30d53c3fd5d2976e40ea8333ea0525b72121.e3iSbxaKaheRe34Sa3yKbhiTahb0n6jAmljGr5XDqQLvpAe HTTP/1.1" 200 2
181.50.192.137 - - [15/Oct/2014:09:06:31 -0500] "POST /forms/lservlet;jsessionid=ac16012b30d53c3fd5d2976e40ea8333ea0525b72121.e3iSbxaKaheRe34Sa3yKbhiTahb0n6jAmljGr5XDqQLvpAe HTTP/1.1" 200 75
201.245.192.253 - - [15/Oct/2014:09:06:31 -0500] "GET /forest/js/jquery/jquery.atmosphere.js HTTP/1.1" 200 103614
181.50.192.137 - - [15/Oct/2014:09:06:32 -0500] "POST /forms/lservlet;jsessionid=ac16012b30d53c3fd5d2976e40ea8333ea0525b72121.e3iSbxaKaheRe34Sa3yKbhiTahb0n6jAmljGr5XDqQLvpAe HTTP/1.1" 200 2
181.50.192.137 - - [15/Oct/2014:09:06:32 -0500] "POST /forms/lservlet;jsessionid=ac16012b30d53c3fd5d2976e40ea8333ea0525b72121.e3iSbxaKaheRe34Sa3yKbhiTahb0n6jAmljGr5XDqQLvpAe HTTP/1.1" 200 1504
181.50.192.137 - - [15/Oct/2014:09:06:32 -0500] "POST /forms/lservlet;jsessionid=ac16012b30d53c3fd5d2976e40ea8333ea0525b72121.e3iSbxaKaheRe34Sa3yKbhiTahb0n6jAmljGr5XDqQLvpAe HTTP/1.1" 200 2
181.50.192.137 - - [15/Oct/2014:09:06:32 -0500] "POST /forms/lservlet;jsessionid=ac16012b30d53c3fd5d2976e40ea8333ea0525b72121.e3iSbxaKaheRe34Sa3yKbhiTahb0n6jAmljGr5XDqQLvpAe HTTP/1.1" 200 2
181.50.192.137 - - [15/Oct/2014:09:06:33 -0500] "POST /forms/lservlet;jsessionid=ac16012b30d53c3fd5d2976e40ea8333ea0525b72121.e3iSbxaKaheRe34Sa3yKbhiTahb0n6jAmljGr5XDqQLvpAe HTTP/1.1" 200 135
201.245.192.253 - - [15/Oct/2014:09:06:34 -0500] "GET /forest/session.jsp?a=0.2845590120331196 HTTP/1.1" 200 4
181.50.192.137 - - [15/Oct/2014:09:06:35 -0500] "POST /forms/lservlet;jsessionid=ac16012b30d53c3fd5d2976e40ea8333ea0525b72121.e3iSbxaKaheRe34Sa3yKbhiTahb0n6jAmljGr5XDqQLvpAe HTTP/1.1" 200 7
181.50.192.137 - - [15/Oct/2014:09:06:35 -0500] "POST /forms/lservlet;jsessionid=ac16012b30d53c3fd5d2976e40ea8333ea0525b72121.e3iSbxaKaheRe34Sa3yKbhiTahb0n6jAmljGr5XDqQLvpAe HTTP/1.1" 200 30097
181.50.192.137 - - [15/Oct/2014:09:06:35 -0500] "POST /forms/lservlet;jsessionid=ac16012b30d53c3fd5d2976e40ea8333ea0525b72121.e3iSbxaKaheRe34Sa3yKbhiTahb0n6jAmljGr5XDqQLvpAe HTTP/1.1" 200 7
