181.50.192.137 - - [15/Oct/2014:08:59:25 -0500] "POST /forms/lservlet;jsessionid=ac16012b30d53c3fd5d2976e40ea8333ea0525b72121.e3iSbxaKaheRe34Sa3yKbhiTahb0n6jAmljGr5XDqQLvpAe HTTP/1.1" 200 37
66.249.65.115 - - [15/Oct/2014:08:59:25 -0500] "GET /BLA/resoluciones/RESOLUCIONES%202009/0425.pdf HTTP/1.1" 200 200781
181.50.192.137 - - [15/Oct/2014:08:59:26 -0500] "POST /forms/lservlet;jsessionid=ac16012b30d53c3fd5d2976e40ea8333ea0525b72121.e3iSbxaKaheRe34Sa3yKbhiTahb0n6jAmljGr5XDqQLvpAe HTTP/1.1" 200 7
186.30.95.113 - - [15/Oct/2014:08:59:26 -0500] "POST /forms/lservlet;jsessionid=ac16012b30d56cf194c0d6e6461a9e24aaf26668d73e.e3iSbxaKaheRe34Sa3yKbhiTahb0n6jAmljGr5XDqQLvpAe HTTP/1.1" 200 2
181.50.192.137 - - [15/Oct/2014:08:59:26 -0500] "POST /forms/lservlet;jsessionid=ac16012b30d53c3fd5d2976e40ea8333ea0525b72121.e3iSbxaKaheRe34Sa3yKbhiTahb0n6jAmljGr5XDqQLvpAe HTTP/1.1" 200 30092
181.50.192.137 - - [15/Oct/2014:08:59:26 -0500] "POST /forms/lservlet;jsessionid=ac16012b30d53c3fd5d2976e40ea8333ea0525b72121.e3iSbxaKaheRe34Sa3yKbhiTahb0n6jAmljGr5XDqQLvpAe HTTP/1.1" 200 7
181.50.192.137 - - [15/Oct/2014:08:59:26 -0500] "POST /forms/lservlet;jsessionid=ac16012b30d53c3fd5d2976e40ea8333ea0525b72121.e3iSbxaKaheRe34Sa3yKbhiTahb0n6jAmljGr5XDqQLvpAe HTTP/1.1" 200 2
181.50.192.137 - - [15/Oct/2014:08:59:26 -0500] "POST /forms/lservlet;jsessionid=ac16012b30d53c3fd5d2976e40ea8333ea0525b72121.e3iSbxaKaheRe34Sa3yKbhiTahb0n6jAmljGr5XDqQLvpAe HTTP/1.1" 200 27
181.50.192.137 - - [15/Oct/2014:08:59:27 -0500] "POST /forms/lservlet;jsessionid=ac16012b30d53c3fd5d2976e40ea8333ea0525b72121.e3iSbxaKaheRe34Sa3yKbhiTahb0n6jAmljGr5XDqQLvpAe HTTP/1.1" 200 2
181.50.192.137 - - [15/Oct/2014:08:59:28 -0500] "POST /forms/lservlet;jsessionid=ac16012b30d53c3fd5d2976e40ea8333ea0525b72121.e3iSbxaKaheRe34Sa3yKbhiTahb0n6jAmljGr5XDqQLvpAe HTTP/1.1" 200 102
181.50.192.137 - - [15/Oct/2014:08:59:29 -0500] "POST /forms/lservlet;jsessionid=ac16012b30d53c3fd5d2976e40ea8333ea0525b72121.e3iSbxaKaheRe34Sa3yKbhiTahb0n6jAmljGr5XDqQLvpAe HTTP/1.1" 200 74
181.50.192.137 - - [15/Oct/2014:08:59:30 -0500] "POST /forms/lservlet;jsessionid=ac16012b30d53c3fd5d2976e40ea8333ea0525b72121.e3iSbxaKaheRe34Sa3yKbhiTahb0n6jAmljGr5XDqQLvpAe HTTP/1.1" 200 7
181.50.192.137 - - [15/Oct/2014:08:59:31 -0500] "POST /forms/lservlet;jsessionid=ac16012b30d53c3fd5d2976e40ea8333ea0525b72121.e3iSbxaKaheRe34Sa3yKbhiTahb0n6jAmljGr5XDqQLvpAe HTTP/1.1" 200 64000
181.50.192.137 - - [15/Oct/2014:08:59:32 -0500] "POST /forms/lservlet;jsessionid=ac16012b30d53c3fd5d2976e40ea8333ea0525b72121.e3iSbxaKaheRe34Sa3yKbhiTahb0n6jAmljGr5XDqQLvpAe HTTP/1.1" 200 8452
201.245.192.253 - - [15/Oct/2014:08:59:32 -0500] "POST /forest/buscar.do? HTTP/1.1" 200 5945
181.50.192.137 - - [15/Oct/2014:08:59:33 -0500] "POST /forms/lservlet;jsessionid=ac16012b30d53c3fd5d2976e40ea8333ea0525b72121.e3iSbxaKaheRe34Sa3yKbhiTahb0n6jAmljGr5XDqQLvpAe HTTP/1.1" 200 109
181.50.192.137 - - [15/Oct/2014:08:59:34 -0500] "POST /forms/lservlet;jsessionid=ac16012b30d53c3fd5d2976e40ea8333ea0525b72121.e3iSbxaKaheRe34Sa3yKbhiTahb0n6jAmljGr5XDqQLvpAe HTTP/1.1" 200 2
181.50.192.137 - - [15/Oct/2014:08:59:34 -0500] "POST /forms/lservlet;jsessionid=ac16012b30d53c3fd5d2976e40ea8333ea0525b72121.e3iSbxaKaheRe34Sa3yKbhiTahb0n6jAmljGr5XDqQLvpAe HTTP/1.1" 200 248
201.245.192.253 - - [15/Oct/2014:08:59:36 -0500] "GET /forest/skins/gdocs-jar/popup/popup.jsp?width=900&height=600&title=Informaci%F3n%20de%20proceso&uri=/forest/system/process.jsp%3FnumPro%3D2887158&name=undefined&_a=0.6416385970236973&a=0.8641760128144843 HTTP/1.1" 200 1191
201.245.192.253 - - [15/Oct/2014:08:59:36 -0500] "GET /forest/system/process.jsp?numPro=2887158 HTTP/1.1" 200 81600
201.245.192.253 - - [15/Oct/2014:08:59:36 -0500] "GET /forest/system/process.jsp?numPro=2887158 HTTP/1.1" 200 81600
181.50.192.137 - - [15/Oct/2014:08:59:38 -0500] "POST /forms/lservlet;jsessionid=ac16012b30d53c3fd5d2976e40ea8333ea0525b72121.e3iSbxaKaheRe34Sa3yKbhiTahb0n6jAmljGr5XDqQLvpAe HTTP/1.1" 200 2
181.50.192.137 - - [15/Oct/2014:08:59:38 -0500] "POST /forms/lservlet;jsessionid=ac16012b30d53c3fd5d2976e40ea8333ea0525b72121.e3iSbxaKaheRe34Sa3yKbhiTahb0n6jAmljGr5XDqQLvpAe HTTP/1.1" 200 2
181.50.192.137 - - [15/Oct/2014:08:59:38 -0500] "POST /forms/lservlet;jsessionid=ac16012b30d53c3fd5d2976e40ea8333ea0525b72121.e3iSbxaKaheRe34Sa3yKbhiTahb0n6jAmljGr5XDqQLvpAe HTTP/1.1" 200 260
181.50.192.137 - - [15/Oct/2014:08:59:40 -0500] "POST /forms/lservlet;jsessionid=ac16012b30d53c3fd5d2976e40ea8333ea0525b72121.e3iSbxaKaheRe34Sa3yKbhiTahb0n6jAmljGr5XDqQLvpAe HTTP/1.1" 200 2
181.50.192.137 - - [15/Oct/2014:08:59:40 -0500] "POST /forms/lservlet;jsessionid=ac16012b30d53c3fd5d2976e40ea8333ea0525b72121.e3iSbxaKaheRe34Sa3yKbhiTahb0n6jAmljGr5XDqQLvpAe HTTP/1.1" 200 75
181.50.192.137 - - [15/Oct/2014:08:59:40 -0500] "POST /forms/lservlet;jsessionid=ac16012b30d53c3fd5d2976e40ea8333ea0525b72121.e3iSbxaKaheRe34Sa3yKbhiTahb0n6jAmljGr5XDqQLvpAe HTTP/1.1" 200 2
181.50.192.137 - - [15/Oct/2014:08:59:41 -0500] "POST /forms/lservlet;jsessionid=ac16012b30d53c3fd5d2976e40ea8333ea0525b72121.e3iSbxaKaheRe34Sa3yKbhiTahb0n6jAmljGr5XDqQLvpAe HTTP/1.1" 200 1504
181.50.192.137 - - [15/Oct/2014:08:59:41 -0500] "POST /forms/lservlet;jsessionid=ac16012b30d53c3fd5d2976e40ea8333ea0525b72121.e3iSbxaKaheRe34Sa3yKbhiTahb0n6jAmljGr5XDqQLvpAe HTTP/1.1" 200 2
181.50.192.137 - - [15/Oct/2014:08:59:41 -0500] "POST /forms/lservlet;jsessionid=ac16012b30d53c3fd5d2976e40ea8333ea0525b72121.e3iSbxaKaheRe34Sa3yKbhiTahb0n6jAmljGr5XDqQLvpAe HTTP/1.1" 200 2
181.50.192.137 - - [15/Oct/2014:08:59:42 -0500] "POST /forms/lservlet;jsessionid=ac16012b30d53c3fd5d2976e40ea8333ea0525b72121.e3iSbxaKaheRe34Sa3yKbhiTahb0n6jAmljGr5XDqQLvpAe HTTP/1.1" 200 135
181.50.192.137 - - [15/Oct/2014:08:59:43 -0500] "POST /forms/lservlet;jsessionid=ac16012b30d53c3fd5d2976e40ea8333ea0525b72121.e3iSbxaKaheRe34Sa3yKbhiTahb0n6jAmljGr5XDqQLvpAe HTTP/1.1" 200 7
181.50.192.137 - - [15/Oct/2014:08:59:43 -0500] "POST /forms/lservlet;jsessionid=ac16012b30d53c3fd5d2976e40ea8333ea0525b72121.e3iSbxaKaheRe34Sa3yKbhiTahb0n6jAmljGr5XDqQLvpAe HTTP/1.1" 200 30086
181.50.192.137 - - [15/Oct/2014:08:59:43 -0500] "POST /forms/lservlet;jsessionid=ac16012b30d53c3fd5d2976e40ea8333ea0525b72121.e3iSbxaKaheRe34Sa3yKbhiTahb0n6jAmljGr5XDqQLvpAe HTTP/1.1" 200 7
181.50.192.137 - - [15/Oct/2014:08:59:46 -0500] "POST /forms/lservlet;jsessionid=ac16012b30d53c3fd5d2976e40ea8333ea0525b72121.e3iSbxaKaheRe34Sa3yKbhiTahb0n6jAmljGr5XDqQLvpAe HTTP/1.1" 200 2
181.50.192.137 - - [15/Oct/2014:08:59:46 -0500] "POST /forms/lservlet;jsessionid=ac16012b30d53c3fd5d2976e40ea8333ea0525b72121.e3iSbxaKaheRe34Sa3yKbhiTahb0n6jAmljGr5XDqQLvpAe HTTP/1.1" 200 2
181.50.192.137 - - [15/Oct/2014:08:59:46 -0500] "POST /forms/lservlet;jsessionid=ac16012b30d53c3fd5d2976e40ea8333ea0525b72121.e3iSbxaKaheRe34Sa3yKbhiTahb0n6jAmljGr5XDqQLvpAe HTTP/1.1" 200 27
186.30.95.113 - - [15/Oct/2014:08:59:46 -0500] "GET /forest/actions/forms.getList?codForm=primerasactividades&id=funcionariodest27&text=M HTTP/1.1" 200 1130
186.30.95.113 - - [15/Oct/2014:08:59:47 -0500] "GET /forest/actions/forms.getList?codForm=primerasactividades&id=funcionariodest27&text=MA HTTP/1.1" 200 1121
186.30.95.113 - - [15/Oct/2014:08:59:47 -0500] "GET /forest/actions/forms.getList?codForm=primerasactividades&id=funcionariodest27&text=MAR HTTP/1.1" 200 1143
186.30.95.113 - - [15/Oct/2014:08:59:47 -0500] "GET /forest/actions/forms.getList?codForm=primerasactividades&id=funcionariodest27&text=MARI HTTP/1.1" 200 1071
186.30.95.113 - - [15/Oct/2014:08:59:47 -0500] "GET /forest/actions/forms.getList?codForm=primerasactividades&id=funcionariodest27&text=MARIA HTTP/1.1" 200 1087
186.30.95.113 - - [15/Oct/2014:08:59:47 -0500] "GET /forest/actions/forms.getList?codForm=primerasactividades&id=funcionariodest27&text=MARIA%20 HTTP/1.1" 200 1091
186.30.95.113 - - [15/Oct/2014:08:59:47 -0500] "GET /forest/actions/forms.getList?codForm=primerasactividades&id=funcionariodest27&text=MARIA%20C HTTP/1.1" 200 1167
186.30.95.113 - - [15/Oct/2014:08:59:47 -0500] "GET /forest/actions/forms.getList?codForm=primerasactividades&id=funcionariodest27&text=MARIA%20CL HTTP/1.1" 200 720
186.30.95.113 - - [15/Oct/2014:08:59:47 -0500] "GET /forest/actions/forms.getList?codForm=primerasactividades&id=funcionariodest27&text=MARIA%20CLA HTTP/1.1" 200 602
186.30.95.113 - - [15/Oct/2014:08:59:48 -0500] "GET /forest/actions/forms.getList?codForm=primerasactividades&id=funcionariodest27&text=MARIA%20CLAU HTTP/1.1" 200 472
220.181.108.84 - - [15/Oct/2014:08:59:48 -0500] "GET / HTTP/1.1" 302 -
186.30.95.113 - - [15/Oct/2014:08:59:48 -0500] "GET /forest/actions/forms.getList?codForm=primerasactividades&id=funcionariodest27&text=MARIA%20CLAUD HTTP/1.1" 200 472
186.30.95.113 - - [15/Oct/2014:08:59:48 -0500] "GET /forest/actions/forms.getList?codForm=primerasactividades&id=funcionariodest27&text=MARIA%20CLAUDI HTTP/1.1" 200 472
66.249.65.119 - - [15/Oct/2014:08:59:48 -0500] "GET /BLA/resoluciones/RESOLUCIONES%202007/RES%202007%202001%20AL%202100/RESOLUCION%202050%20DE%202007.pdf HTTP/1.1" 200 422091
186.30.95.113 - - [15/Oct/2014:08:59:48 -0500] "GET /forest/actions/forms.getList?codForm=primerasactividades&id=funcionariodest27&text=MARIA%20CLAUDIA HTTP/1.1" 200 472
201.245.192.253 - - [15/Oct/2014:08:59:51 -0500] "GET /isolucionsda/NotaMejora.asp?CodSucursal=&ID_NotaMejora=407&Accion=ModificarForma HTTP/1.1" 200 205
181.50.192.137 - - [15/Oct/2014:08:59:51 -0500] "POST /forms/lservlet;jsessionid=ac16012b30d53c3fd5d2976e40ea8333ea0525b72121.e3iSbxaKaheRe34Sa3yKbhiTahb0n6jAmljGr5XDqQLvpAe HTTP/1.1" 200 102
191.95.242.158 - - [15/Oct/2014:08:59:51 -0500] "GET /galeria/carrusel/Carrusel/jquery.thumbnailScroller.css HTTP/1.1" 200 2066
181.50.192.137 - - [15/Oct/2014:08:59:51 -0500] "POST /forms/lservlet;jsessionid=ac16012b30d53c3fd5d2976e40ea8333ea0525b72121.e3iSbxaKaheRe34Sa3yKbhiTahb0n6jAmljGr5XDqQLvpAe HTTP/1.1" 200 74
191.95.242.158 - - [15/Oct/2014:08:59:51 -0500] "GET /BLA/boletinlegal/js/jquery.js HTTP/1.1" 200 57254
191.95.242.158 - - [15/Oct/2014:08:59:52 -0500] "GET /BLA/boletinlegal/js/jquery.scrollTo-min.js HTTP/1.1" 200 1150
191.95.242.158 - - [15/Oct/2014:08:59:52 -0500] "GET /BLA/boletinlegal/js/jquery.scrollShow.js HTTP/1.1" 200 4586
186.30.95.113 - - [15/Oct/2014:08:59:52 -0500] "POST /forest/usutareas.do? HTTP/1.1" 200 76
191.95.242.158 - - [15/Oct/2014:08:59:52 -0500] "GET /galeria/carrusel/Carrusel/jquery-ui-1.8.13.custom.min.js HTTP/1.1" 200 10800
181.50.192.137 - - [15/Oct/2014:08:59:52 -0500] "POST /forms/lservlet;jsessionid=ac16012b30d53c3fd5d2976e40ea8333ea0525b72121.e3iSbxaKaheRe34Sa3yKbhiTahb0n6jAmljGr5XDqQLvpAe HTTP/1.1" 200 7
191.95.242.158 - - [15/Oct/2014:08:59:53 -0500] "GET /galeria/carrusel/Carrusel/jquery.thumbnailScroller.js HTTP/1.1" 200 8157
201.245.192.253 - - [15/Oct/2014:08:59:54 -0500] "GET /isolucionsda/NotaMejora.asp?CodSucursal=&ID_NotaMejora=407&Accion=ModificarForma HTTP/1.1" 200 205
181.50.192.137 - - [15/Oct/2014:08:59:53 -0500] "POST /forms/lservlet;jsessionid=ac16012b30d53c3fd5d2976e40ea8333ea0525b72121.e3iSbxaKaheRe34Sa3yKbhiTahb0n6jAmljGr5XDqQLvpAe HTTP/1.1" 200 64000
181.50.192.137 - - [15/Oct/2014:08:59:54 -0500] "POST /forms/lservlet;jsessionid=ac16012b30d53c3fd5d2976e40ea8333ea0525b72121.e3iSbxaKaheRe34Sa3yKbhiTahb0n6jAmljGr5XDqQLvpAe HTTP/1.1" 200 13653
150.70.97.116 - - [15/Oct/2014:08:59:54 -0500] "GET /galeria/carrusel/Carrusel/jquery-ui-1.8.13.custom.min.js HTTP/1.1" 200 10800
150.70.97.116 - - [15/Oct/2014:08:59:54 -0500] "GET /galeria/carrusel/Carrusel/jquery.thumbnailScroller.js HTTP/1.1" 200 8157
181.50.192.137 - - [15/Oct/2014:08:59:54 -0500] "POST /forms/lservlet;jsessionid=ac16012b30d53c3fd5d2976e40ea8333ea0525b72121.e3iSbxaKaheRe34Sa3yKbhiTahb0n6jAmljGr5XDqQLvpAe HTTP/1.1" 200 109
186.30.95.113 - - [15/Oct/2014:08:59:53 -0500] "GET /forest/usutareas.do?group_system_actual=3&a=0.5114061459898949 HTTP/1.1" 200 106314
186.30.95.113 - - [15/Oct/2014:08:59:55 -0500] "GET /forest/session.jsp?a=0.4428684760350734 HTTP/1.1" 200 4
186.30.95.113 - - [15/Oct/2014:08:59:55 -0500] "GET /forest/actions/forms.getMappedValues?id=NUMTER1&value=899999061-9%20SDA&codForm=visita&a=0.42250225716270506 HTTP/1.1" 200 55
181.50.192.137 - - [15/Oct/2014:08:59:56 -0500] "POST /forms/lservlet;jsessionid=ac16012b30d53c3fd5d2976e40ea8333ea0525b72121.e3iSbxaKaheRe34Sa3yKbhiTahb0n6jAmljGr5XDqQLvpAe HTTP/1.1" 200 2
181.50.192.137 - - [15/Oct/2014:08:59:56 -0500] "POST /forms/lservlet;jsessionid=ac16012b30d53c3fd5d2976e40ea8333ea0525b72121.e3iSbxaKaheRe34Sa3yKbhiTahb0n6jAmljGr5XDqQLvpAe HTTP/1.1" 200 248
181.50.192.137 - - [15/Oct/2014:08:59:57 -0500] "POST /forms/lservlet;jsessionid=ac16012b30d53c3fd5d2976e40ea8333ea0525b72121.e3iSbxaKaheRe34Sa3yKbhiTahb0n6jAmljGr5XDqQLvpAe HTTP/1.1" 200 2
181.50.192.137 - - [15/Oct/2014:08:59:57 -0500] "POST /forms/lservlet;jsessionid=ac16012b30d53c3fd5d2976e40ea8333ea0525b72121.e3iSbxaKaheRe34Sa3yKbhiTahb0n6jAmljGr5XDqQLvpAe HTTP/1.1" 200 260
181.50.192.137 - - [15/Oct/2014:08:59:58 -0500] "POST /forms/lservlet;jsessionid=ac16012b30d53c3fd5d2976e40ea8333ea0525b72121.e3iSbxaKaheRe34Sa3yKbhiTahb0n6jAmljGr5XDqQLvpAe HTTP/1.1" 200 2
181.50.192.137 - - [15/Oct/2014:08:59:58 -0500] "POST /forms/lservlet;jsessionid=ac16012b30d53c3fd5d2976e40ea8333ea0525b72121.e3iSbxaKaheRe34Sa3yKbhiTahb0n6jAmljGr5XDqQLvpAe HTTP/1.1" 200 2
181.50.192.137 - - [15/Oct/2014:08:59:58 -0500] "POST /forms/lservlet;jsessionid=ac16012b30d53c3fd5d2976e40ea8333ea0525b72121.e3iSbxaKaheRe34Sa3yKbhiTahb0n6jAmljGr5XDqQLvpAe HTTP/1.1" 200 75
190.24.138.98 - - [15/Oct/2014:08:59:58 -0500] "GET /BLA/boletinlegal/js/jquery.scrollTo-min.js HTTP/1.1" 304 -
190.24.138.98 - - [15/Oct/2014:08:59:58 -0500] "GET /galeria/carrusel/Carrusel/jquery-ui-1.8.13.custom.min.js HTTP/1.1" 304 -
190.24.138.98 - - [15/Oct/2014:08:59:59 -0500] "GET /BLA/boletinlegal/js/jquery.js HTTP/1.1" 304 -
190.24.138.98 - - [15/Oct/2014:08:59:59 -0500] "GET /BLA/boletinlegal/js/jquery.scrollShow.js HTTP/1.1" 304 -
190.24.138.98 - - [15/Oct/2014:08:59:59 -0500] "GET /galeria/carrusel/Carrusel/jquery.thumbnailScroller.css HTTP/1.1" 304 -
190.24.138.98 - - [15/Oct/2014:08:59:59 -0500] "GET /galeria/carrusel/Carrusel/jquery.thumbnailScroller.js HTTP/1.1" 304 -
181.50.192.137 - - [15/Oct/2014:08:59:59 -0500] "POST /forms/lservlet;jsessionid=ac16012b30d53c3fd5d2976e40ea8333ea0525b72121.e3iSbxaKaheRe34Sa3yKbhiTahb0n6jAmljGr5XDqQLvpAe HTTP/1.1" 200 2
190.24.138.98 - - [15/Oct/2014:08:59:59 -0500] "GET /galeria/nivo-slider/demo/demo.html HTTP/1.1" 304 -
190.24.138.98 - - [15/Oct/2014:08:59:59 -0500] "GET /galeria/nivo-slider/themes/default/default.css HTTP/1.1" 304 -
190.24.138.98 - - [15/Oct/2014:08:59:59 -0500] "GET /galeria/nivo-slider/themes/pascal/pascal.css HTTP/1.1" 304 -
190.24.138.98 - - [15/Oct/2014:08:59:59 -0500] "GET /galeria/nivo-slider/themes/orman/orman.css HTTP/1.1" 304 -
190.24.138.98 - - [15/Oct/2014:08:59:59 -0500] "GET /galeria/nivo-slider/nivo-slider.css HTTP/1.1" 304 -
190.24.138.98 - - [15/Oct/2014:08:59:59 -0500] "GET /galeria/nivo-slider/demo/style.css HTTP/1.1" 304 -
190.24.138.98 - - [15/Oct/2014:08:59:59 -0500] "GET /galeria/nivo-slider/demo/images/EncuentroAgua1.jpg HTTP/1.1" 304 -
190.24.138.98 - - [15/Oct/2014:08:59:59 -0500] "GET /galeria/nivo-slider/demo/images/Tingua-azul.jpg HTTP/1.1" 304 -
190.24.138.98 - - [15/Oct/2014:08:59:59 -0500] "GET /galeria/nivo-slider/demo/images/Banner-Caracol-Africano.jpg HTTP/1.1" 304 -
190.24.138.98 - - [15/Oct/2014:08:59:59 -0500] "GET /galeria/nivo-slider/demo/images/9Signos.jpg HTTP/1.1" 304 -
181.50.192.137 - - [15/Oct/2014:08:59:59 -0500] "POST /forms/lservlet;jsessionid=ac16012b30d53c3fd5d2976e40ea8333ea0525b72121.e3iSbxaKaheRe34Sa3yKbhiTahb0n6jAmljGr5XDqQLvpAe HTTP/1.1" 200 2
190.24.138.98 - - [15/Oct/2014:08:59:59 -0500] "GET /galeria/nivo-slider/demo/images/banner-llantas2.jpg HTTP/1.1" 304 -
190.24.138.98 - - [15/Oct/2014:09:00:00 -0500] "GET /galeria/nivo-slider/demo/images/Hacienda_Molinos.jpg HTTP/1.1" 304 -
190.24.138.98 - - [15/Oct/2014:09:00:00 -0500] "GET /galeria/nivo-slider/demo/images/bannerEcolecta3.jpg HTTP/1.1" 304 -
190.24.138.98 - - [15/Oct/2014:09:00:00 -0500] "GET /galeria/nivo-slider/demo/scripts/jquery-1.7.1.min.js HTTP/1.1" 304 -
190.24.138.98 - - [15/Oct/2014:09:00:00 -0500] "GET /galeria/nivo-slider/jquery.nivo.slider.pack.js HTTP/1.1" 304 -
191.95.242.158 - - [15/Oct/2014:09:00:00 -0500] "GET /galeria/nivo-slider/demo/demo.html HTTP/1.1" 200 3169
190.24.138.98 - - [15/Oct/2014:09:00:00 -0500] "GET /galeria/nivo-slider/themes/default/loading.gif HTTP/1.1" 304 -
201.245.192.253 - - [15/Oct/2014:09:00:00 -0500] "GET /isolucionsda/NotaMejora.asp?CodSucursal=&ID_NotaMejora=407&Accion=ModificarForma HTTP/1.1" 200 205
190.24.138.98 - - [15/Oct/2014:09:00:00 -0500] "GET /galeria/nivo-slider/demo/images/4Simple_Slider.png HTTP/1.1" 304 -
66.249.65.123 - - [15/Oct/2014:09:00:00 -0500] "GET /BLA/resoluciones/AUTOS%202012/0094.pdf HTTP/1.1" 200 175936
191.95.242.158 - - [15/Oct/2014:09:00:01 -0500] "GET /galeria/nivo-slider/themes/default/default.css HTTP/1.1" 200 1569
191.95.242.158 - - [15/Oct/2014:09:00:01 -0500] "GET /galeria/nivo-slider/themes/pascal/pascal.css HTTP/1.1" 200 2258
191.95.242.158 - - [15/Oct/2014:09:00:01 -0500] "GET /galeria/nivo-slider/themes/orman/orman.css HTTP/1.1" 200 2152
191.95.242.158 - - [15/Oct/2014:09:00:01 -0500] "GET /galeria/nivo-slider/nivo-slider.css HTTP/1.1" 200 1507
191.95.242.158 - - [15/Oct/2014:09:00:01 -0500] "GET /galeria/nivo-slider/demo/style.css HTTP/1.1" 200 2222
191.95.242.158 - - [15/Oct/2014:09:00:01 -0500] "GET /galeria/nivo-slider/demo/scripts/jquery-1.7.1.min.js HTTP/1.1" 200 93868
191.95.242.158 - - [15/Oct/2014:09:00:01 -0500] "GET /galeria/nivo-slider/jquery.nivo.slider.pack.js HTTP/1.1" 200 11561
191.95.242.158 - - [15/Oct/2014:09:00:01 -0500] "GET /galeria/nivo-slider/demo/images/EncuentroAgua1.jpg HTTP/1.1" 200 274179
191.95.242.158 - - [15/Oct/2014:09:00:01 -0500] "GET /galeria/nivo-slider/demo/images/Tingua-azul.jpg HTTP/1.1" 200 307638
191.95.242.158 - - [15/Oct/2014:09:00:01 -0500] "GET /galeria/nivo-slider/demo/images/Banner-Caracol-Africano.jpg HTTP/1.1" 200 331986
191.95.242.158 - - [15/Oct/2014:09:00:01 -0500] "GET /galeria/nivo-slider/demo/images/9Signos.jpg HTTP/1.1" 200 93040
181.50.192.137 - - [15/Oct/2014:09:00:01 -0500] "POST /forms/lservlet;jsessionid=ac16012b30d53c3fd5d2976e40ea8333ea0525b72121.e3iSbxaKaheRe34Sa3yKbhiTahb0n6jAmljGr5XDqQLvpAe HTTP/1.1" 200 1504
201.245.192.253 - - [15/Oct/2014:09:00:01 -0500] "GET /isolucionsda/NotaMejora.asp?CodSucursal=&ID_NotaMejora=407&Accion=ModificarForma HTTP/1.1" 200 205
181.50.192.137 - - [15/Oct/2014:09:00:01 -0500] "POST /forms/lservlet;jsessionid=ac16012b30d53c3fd5d2976e40ea8333ea0525b72121.e3iSbxaKaheRe34Sa3yKbhiTahb0n6jAmljGr5XDqQLvpAe HTTP/1.1" 200 2
181.50.192.137 - - [15/Oct/2014:09:00:01 -0500] "POST /forms/lservlet;jsessionid=ac16012b30d53c3fd5d2976e40ea8333ea0525b72121.e3iSbxaKaheRe34Sa3yKbhiTahb0n6jAmljGr5XDqQLvpAe HTTP/1.1" 200 2
191.95.242.158 - - [15/Oct/2014:09:00:02 -0500] "GET /galeria/nivo-slider/demo/images/4Simple_Slider.png HTTP/1.1" 200 11722
191.95.242.158 - - [15/Oct/2014:09:00:02 -0500] "GET /galeria/nivo-slider/themes/default/loading.gif HTTP/1.1" 200 1737
181.50.192.137 - - [15/Oct/2014:09:00:02 -0500] "POST /forms/lservlet;jsessionid=ac16012b30d53c3fd5d2976e40ea8333ea0525b72121.e3iSbxaKaheRe34Sa3yKbhiTahb0n6jAmljGr5XDqQLvpAe HTTP/1.1" 200 135
191.95.242.158 - - [15/Oct/2014:09:00:03 -0500] "GET /galeria/nivo-slider/demo/images/banner-encuesta.jpg HTTP/1.1" 200 42764
181.50.192.137 - - [15/Oct/2014:09:00:03 -0500] "POST /forms/lservlet;jsessionid=ac16012b30d53c3fd5d2976e40ea8333ea0525b72121.e3iSbxaKaheRe34Sa3yKbhiTahb0n6jAmljGr5XDqQLvpAe HTTP/1.1" 200 7
181.50.192.137 - - [15/Oct/2014:09:00:03 -0500] "POST /forms/lservlet;jsessionid=ac16012b30d53c3fd5d2976e40ea8333ea0525b72121.e3iSbxaKaheRe34Sa3yKbhiTahb0n6jAmljGr5XDqQLvpAe HTTP/1.1" 200 30097
181.50.192.137 - - [15/Oct/2014:09:00:04 -0500] "GET /imagenes/rt_print.gif HTTP/1.1" 200 916
181.50.192.137 - - [15/Oct/2014:09:00:04 -0500] "GET /imagenes/rt_quer3.gif HTTP/1.1" 200 939
181.50.192.137 - - [15/Oct/2014:09:00:04 -0500] "GET /imagenes/rt_pset.gif HTTP/1.1" 200 914
181.50.192.137 - - [15/Oct/2014:09:00:04 -0500] "POST /forms/lservlet;jsessionid=ac16012b30d53c3fd5d2976e40ea8333ea0525b72121.e3iSbxaKaheRe34Sa3yKbhiTahb0n6jAmljGr5XDqQLvpAe HTTP/1.1" 200 7
181.50.192.137 - - [15/Oct/2014:09:00:04 -0500] "POST /forms/lservlet;jsessionid=ac16012b30d53c3fd5d2976e40ea8333ea0525b72121.e3iSbxaKaheRe34Sa3yKbhiTahb0n6jAmljGr5XDqQLvpAe HTTP/1.1" 200 2
181.50.192.137 - - [15/Oct/2014:09:00:04 -0500] "POST /forms/lservlet;jsessionid=ac16012b30d53c3fd5d2976e40ea8333ea0525b72121.e3iSbxaKaheRe34Sa3yKbhiTahb0n6jAmljGr5XDqQLvpAe HTTP/1.1" 200 27
191.95.242.158 - - [15/Oct/2014:09:00:04 -0500] "GET /galeria/nivo-slider/demo/images/banner-llantas2.jpg HTTP/1.1" 200 73153
181.50.192.137 - - [15/Oct/2014:09:00:05 -0500] "POST /forms/lservlet;jsessionid=ac16012b30d53c3fd5d2976e40ea8333ea0525b72121.e3iSbxaKaheRe34Sa3yKbhiTahb0n6jAmljGr5XDqQLvpAe HTTP/1.1" 200 2
191.95.242.158 - - [15/Oct/2014:09:00:05 -0500] "GET /galeria/nivo-slider/demo/images/banner-caballos.png HTTP/1.1" 200 389106
150.70.173.41 - - [15/Oct/2014:09:00:05 -0500] "GET /galeria/nivo-slider/demo/demo.html HTTP/1.1" 200 3169
191.95.242.158 - - [15/Oct/2014:09:00:05 -0500] "GET /galeria/nivo-slider/demo/images/ConstructorasFNL.jpg HTTP/1.1" 200 216551
201.245.192.253 - - [15/Oct/2014:09:00:08 -0500] "GET /forest/session.jsp?a=0.022716012295908472 HTTP/1.1" 200 4
201.245.192.253 - - [15/Oct/2014:09:00:08 -0500] "GET /galeria/nivo-slider/demo/images/Hacienda_Molinos.jpg HTTP/1.1" 304 -
181.50.192.137 - - [15/Oct/2014:09:00:10 -0500] "POST /forms/lservlet;jsessionid=ac16012b30d53c3fd5d2976e40ea8333ea0525b72121.e3iSbxaKaheRe34Sa3yKbhiTahb0n6jAmljGr5XDqQLvpAe HTTP/1.1" 200 102
181.50.192.137 - - [15/Oct/2014:09:00:11 -0500] "POST /forms/lservlet;jsessionid=ac16012b30d53c3fd5d2976e40ea8333ea0525b72121.e3iSbxaKaheRe34Sa3yKbhiTahb0n6jAmljGr5XDqQLvpAe HTTP/1.1" 200 74
181.50.192.137 - - [15/Oct/2014:09:00:12 -0500] "POST /forms/lservlet;jsessionid=ac16012b30d53c3fd5d2976e40ea8333ea0525b72121.e3iSbxaKaheRe34Sa3yKbhiTahb0n6jAmljGr5XDqQLvpAe HTTP/1.1" 200 7
191.95.242.158 - - [15/Oct/2014:09:00:12 -0500] "GET /galeria/nivo-slider/demo/images/Hacienda_Molinos.jpg HTTP/1.1" 200 319171
150.70.173.45 - - [15/Oct/2014:09:00:12 -0500] "GET /videos/Spot_Tinguas.flv HTTP/1.1" 200 2087054
191.95.242.158 - - [15/Oct/2014:09:00:13 -0500] "GET /galeria/nivo-slider/demo/images/bannerEcolecta3.jpg HTTP/1.1" 200 280034
181.50.192.137 - - [15/Oct/2014:09:00:13 -0500] "POST /forms/lservlet;jsessionid=ac16012b30d53c3fd5d2976e40ea8333ea0525b72121.e3iSbxaKaheRe34Sa3yKbhiTahb0n6jAmljGr5XDqQLvpAe HTTP/1.1" 200 64000
181.50.192.137 - - [15/Oct/2014:09:00:14 -0500] "POST /forms/lservlet;jsessionid=ac16012b30d53c3fd5d2976e40ea8333ea0525b72121.e3iSbxaKaheRe34Sa3yKbhiTahb0n6jAmljGr5XDqQLvpAe HTTP/1.1" 200 12298
181.50.192.137 - - [15/Oct/2014:09:00:14 -0500] "POST /forms/lservlet;jsessionid=ac16012b30d53c3fd5d2976e40ea8333ea0525b72121.e3iSbxaKaheRe34Sa3yKbhiTahb0n6jAmljGr5XDqQLvpAe HTTP/1.1" 200 109
201.245.192.253 - - [15/Oct/2014:09:00:14 -0500] "GET /forest/documentos/1940144/2014IE169761.docx HTTP/1.1" 200 161265
181.50.192.137 - - [15/Oct/2014:09:00:16 -0500] "POST /forms/lservlet;jsessionid=ac16012b30d53c3fd5d2976e40ea8333ea0525b72121.e3iSbxaKaheRe34Sa3yKbhiTahb0n6jAmljGr5XDqQLvpAe HTTP/1.1" 200 2
181.50.192.137 - - [15/Oct/2014:09:00:16 -0500] "POST /forms/lservlet;jsessionid=ac16012b30d53c3fd5d2976e40ea8333ea0525b72121.e3iSbxaKaheRe34Sa3yKbhiTahb0n6jAmljGr5XDqQLvpAe HTTP/1.1" 200 248
181.50.192.137 - - [15/Oct/2014:09:00:17 -0500] "POST /forms/lservlet;jsessionid=ac16012b30d53c3fd5d2976e40ea8333ea0525b72121.e3iSbxaKaheRe34Sa3yKbhiTahb0n6jAmljGr5XDqQLvpAe HTTP/1.1" 200 2
181.50.192.137 - - [15/Oct/2014:09:00:17 -0500] "POST /forms/lservlet;jsessionid=ac16012b30d53c3fd5d2976e40ea8333ea0525b72121.e3iSbxaKaheRe34Sa3yKbhiTahb0n6jAmljGr5XDqQLvpAe HTTP/1.1" 200 2
181.50.192.137 - - [15/Oct/2014:09:00:17 -0500] "POST /forms/lservlet;jsessionid=ac16012b30d53c3fd5d2976e40ea8333ea0525b72121.e3iSbxaKaheRe34Sa3yKbhiTahb0n6jAmljGr5XDqQLvpAe HTTP/1.1" 200 260
191.95.242.158 - - [15/Oct/2014:09:00:18 -0500] "GET /galeria/nivo-slider/themes/default/arrows.png HTTP/1.1" 200 824
191.95.242.158 - - [15/Oct/2014:09:00:18 -0500] "GET /galeria/nivo-slider/themes/default/bullets.png HTTP/1.1" 200 1281
181.50.192.137 - - [15/Oct/2014:09:00:19 -0500] "POST /forms/lservlet;jsessionid=ac16012b30d53c3fd5d2976e40ea8333ea0525b72121.e3iSbxaKaheRe34Sa3yKbhiTahb0n6jAmljGr5XDqQLvpAe HTTP/1.1" 200 2
181.50.192.137 - - [15/Oct/2014:09:00:19 -0500] "POST /forms/lservlet;jsessionid=ac16012b30d53c3fd5d2976e40ea8333ea0525b72121.e3iSbxaKaheRe34Sa3yKbhiTahb0n6jAmljGr5XDqQLvpAe HTTP/1.1" 200 75
181.50.192.137 - - [15/Oct/2014:09:00:19 -0500] "POST /forms/lservlet;jsessionid=ac16012b30d53c3fd5d2976e40ea8333ea0525b72121.e3iSbxaKaheRe34Sa3yKbhiTahb0n6jAmljGr5XDqQLvpAe HTTP/1.1" 200 2
66.249.65.123 - - [15/Oct/2014:09:00:19 -0500] "GET /BLA/resoluciones/RESOLUCIONES%202005/RES%202005%20851-900/00000880.tif HTTP/1.1" 200 146612
181.50.192.137 - - [15/Oct/2014:09:00:20 -0500] "POST /forms/lservlet;jsessionid=ac16012b30d53c3fd5d2976e40ea8333ea0525b72121.e3iSbxaKaheRe34Sa3yKbhiTahb0n6jAmljGr5XDqQLvpAe HTTP/1.1" 200 2
181.50.192.137 - - [15/Oct/2014:09:00:20 -0500] "POST /forms/lservlet;jsessionid=ac16012b30d53c3fd5d2976e40ea8333ea0525b72121.e3iSbxaKaheRe34Sa3yKbhiTahb0n6jAmljGr5XDqQLvpAe HTTP/1.1" 200 1504
181.50.192.137 - - [15/Oct/2014:09:00:21 -0500] "POST /forms/lservlet;jsessionid=ac16012b30d53c3fd5d2976e40ea8333ea0525b72121.e3iSbxaKaheRe34Sa3yKbhiTahb0n6jAmljGr5XDqQLvpAe HTTP/1.1" 200 2
181.50.192.137 - - [15/Oct/2014:09:00:21 -0500] "POST /forms/lservlet;jsessionid=ac16012b30d53c3fd5d2976e40ea8333ea0525b72121.e3iSbxaKaheRe34Sa3yKbhiTahb0n6jAmljGr5XDqQLvpAe HTTP/1.1" 200 2
181.50.192.137 - - [15/Oct/2014:09:00:21 -0500] "POST /forms/lservlet;jsessionid=ac16012b30d53c3fd5d2976e40ea8333ea0525b72121.e3iSbxaKaheRe34Sa3yKbhiTahb0n6jAmljGr5XDqQLvpAe HTTP/1.1" 200 135
181.50.192.137 - - [15/Oct/2014:09:00:22 -0500] "POST /forms/lservlet;jsessionid=ac16012b30d53c3fd5d2976e40ea8333ea0525b72121.e3iSbxaKaheRe34Sa3yKbhiTahb0n6jAmljGr5XDqQLvpAe HTTP/1.1" 200 7
186.30.95.113 - - [15/Oct/2014:09:00:22 -0500] "GET /forest/actions/sgc.getPlantillaByInst?codForm=1849&codInst=2965323 HTTP/1.1" 200 29321
181.50.192.137 - - [15/Oct/2014:09:00:22 -0500] "POST /forms/lservlet;jsessionid=ac16012b30d53c3fd5d2976e40ea8333ea0525b72121.e3iSbxaKaheRe34Sa3yKbhiTahb0n6jAmljGr5XDqQLvpAe HTTP/1.1" 200 30097
181.50.192.137 - - [15/Oct/2014:09:00:23 -0500] "POST /forms/lservlet;jsessionid=ac16012b30d53c3fd5d2976e40ea8333ea0525b72121.e3iSbxaKaheRe34Sa3yKbhiTahb0n6jAmljGr5XDqQLvpAe HTTP/1.1" 200 7
181.50.192.137 - - [15/Oct/2014:09:00:23 -0500] "POST /forms/lservlet;jsessionid=ac16012b30d53c3fd5d2976e40ea8333ea0525b72121.e3iSbxaKaheRe34Sa3yKbhiTahb0n6jAmljGr5XDqQLvpAe HTTP/1.1" 200 2
181.50.192.137 - - [15/Oct/2014:09:00:23 -0500] "POST /forms/lservlet;jsessionid=ac16012b30d53c3fd5d2976e40ea8333ea0525b72121.e3iSbxaKaheRe34Sa3yKbhiTahb0n6jAmljGr5XDqQLvpAe HTTP/1.1" 200 27
181.50.192.137 - - [15/Oct/2014:09:00:24 -0500] "POST /forms/lservlet;jsessionid=ac16012b30d53c3fd5d2976e40ea8333ea0525b72121.e3iSbxaKaheRe34Sa3yKbhiTahb0n6jAmljGr5XDqQLvpAe HTTP/1.1" 200 2
201.245.192.253 - - [15/Oct/2014:09:00:28 -0500] "POST /forest/parameter HTTP/1.1" 200 6584
181.50.192.137 - - [15/Oct/2014:09:00:30 -0500] "POST /forms/lservlet;jsessionid=ac16012b30d53c3fd5d2976e40ea8333ea0525b72121.e3iSbxaKaheRe34Sa3yKbhiTahb0n6jAmljGr5XDqQLvpAe HTTP/1.1" 200 102
181.50.192.137 - - [15/Oct/2014:09:00:31 -0500] "POST /forms/lservlet;jsessionid=ac16012b30d53c3fd5d2976e40ea8333ea0525b72121.e3iSbxaKaheRe34Sa3yKbhiTahb0n6jAmljGr5XDqQLvpAe HTTP/1.1" 200 74
181.50.192.137 - - [15/Oct/2014:09:00:31 -0500] "POST /forms/lservlet;jsessionid=ac16012b30d53c3fd5d2976e40ea8333ea0525b72121.e3iSbxaKaheRe34Sa3yKbhiTahb0n6jAmljGr5XDqQLvpAe HTTP/1.1" 200 7
181.50.192.137 - - [15/Oct/2014:09:00:33 -0500] "POST /forms/lservlet;jsessionid=ac16012b30d53c3fd5d2976e40ea8333ea0525b72121.e3iSbxaKaheRe34Sa3yKbhiTahb0n6jAmljGr5XDqQLvpAe HTTP/1.1" 200 64000
181.50.192.137 - - [15/Oct/2014:09:00:33 -0500] "POST /forms/lservlet;jsessionid=ac16012b30d53c3fd5d2976e40ea8333ea0525b72121.e3iSbxaKaheRe34Sa3yKbhiTahb0n6jAmljGr5XDqQLvpAe HTTP/1.1" 200 6532
181.50.192.137 - - [15/Oct/2014:09:00:34 -0500] "POST /forms/lservlet;jsessionid=ac16012b30d53c3fd5d2976e40ea8333ea0525b72121.e3iSbxaKaheRe34Sa3yKbhiTahb0n6jAmljGr5XDqQLvpAe HTTP/1.1" 200 109
181.50.192.137 - - [15/Oct/2014:09:00:35 -0500] "POST /forms/lservlet;jsessionid=ac16012b30d53c3fd5d2976e40ea8333ea0525b72121.e3iSbxaKaheRe34Sa3yKbhiTahb0n6jAmljGr5XDqQLvpAe HTTP/1.1" 200 2
181.50.192.137 - - [15/Oct/2014:09:00:35 -0500] "POST /forms/lservlet;jsessionid=ac16012b30d53c3fd5d2976e40ea8333ea0525b72121.e3iSbxaKaheRe34Sa3yKbhiTahb0n6jAmljGr5XDqQLvpAe HTTP/1.1" 200 248
66.249.65.123 - - [15/Oct/2014:09:00:35 -0500] "GET /BLA/resoluciones/RESOLUCIONES%202009/6559.pdf HTTP/1.1" 200 212365
181.50.192.137 - - [15/Oct/2014:09:00:36 -0500] "POST /forms/lservlet;jsessionid=ac16012b30d53c3fd5d2976e40ea8333ea0525b72121.e3iSbxaKaheRe34Sa3yKbhiTahb0n6jAmljGr5XDqQLvpAe HTTP/1.1" 200 2
200.26.147.214 - - [15/Oct/2014:09:00:36 -0500] "GET /Autoliquidacion/index.php?dir=Solicitudes+relacionadas+con+calidad+del+aire+auditiva+y+visual%2F HTTP/1.1" 200 5748
181.50.192.137 - - [15/Oct/2014:09:00:36 -0500] "POST /forms/lservlet;jsessionid=ac16012b30d53c3fd5d2976e40ea8333ea0525b72121.e3iSbxaKaheRe34Sa3yKbhiTahb0n6jAmljGr5XDqQLvpAe HTTP/1.1" 200 2
181.50.192.137 - - [15/Oct/2014:09:00:37 -0500] "POST /forms/lservlet;jsessionid=ac16012b30d53c3fd5d2976e40ea8333ea0525b72121.e3iSbxaKaheRe34Sa3yKbhiTahb0n6jAmljGr5XDqQLvpAe HTTP/1.1" 200 260
190.24.138.66 - - [15/Oct/2014:09:00:37 -0500] "GET /autoliquidacion/Solicitudes%20relacionadas%20con%20calidad%20del%20aire%20auditiva%20y%20visual/Acompa%C3%B1amiento%20para%20muestreo%20isocin%C3%A9tico%20y%20o%20determinaciones%20de%20emisiones%20a%20fuentes%20fijas/formato%20inspeccion%20orificios%20criticos.xls HTTP/1.1" 200 387072
190.24.138.66 - - [15/Oct/2014:09:00:37 -0500] "GET /autoliquidacion/Solicitudes%20relacionadas%20con%20calidad%20del%20aire%20auditiva%20y%20visual/Acompa%C3%B1amiento%20para%20muestreo%20isocin%C3%A9tico%20y%20o%20determinaciones%20de%20emisiones%20a%20fuentes%20fijas/formato%20inspeccion%20orificios%20criticos.xls HTTP/1.1" 206 1
181.50.192.137 - - [15/Oct/2014:09:00:38 -0500] "POST /forms/lservlet;jsessionid=ac16012b30d53c3fd5d2976e40ea8333ea0525b72121.e3iSbxaKaheRe34Sa3yKbhiTahb0n6jAmljGr5XDqQLvpAe HTTP/1.1" 200 2
181.50.192.137 - - [15/Oct/2014:09:00:38 -0500] "POST /forms/lservlet;jsessionid=ac16012b30d53c3fd5d2976e40ea8333ea0525b72121.e3iSbxaKaheRe34Sa3yKbhiTahb0n6jAmljGr5XDqQLvpAe HTTP/1.1" 200 75
181.50.192.137 - - [15/Oct/2014:09:00:38 -0500] "POST /forms/lservlet;jsessionid=ac16012b30d53c3fd5d2976e40ea8333ea0525b72121.e3iSbxaKaheRe34Sa3yKbhiTahb0n6jAmljGr5XDqQLvpAe HTTP/1.1" 200 2
181.50.192.137 - - [15/Oct/2014:09:00:39 -0500] "POST /forms/lservlet;jsessionid=ac16012b30d53c3fd5d2976e40ea8333ea0525b72121.e3iSbxaKaheRe34Sa3yKbhiTahb0n6jAmljGr5XDqQLvpAe HTTP/1.1" 200 1504
181.50.192.137 - - [15/Oct/2014:09:00:39 -0500] "POST /forms/lservlet;jsessionid=ac16012b30d53c3fd5d2976e40ea8333ea0525b72121.e3iSbxaKaheRe34Sa3yKbhiTahb0n6jAmljGr5XDqQLvpAe HTTP/1.1" 200 2
181.50.192.137 - - [15/Oct/2014:09:00:39 -0500] "POST /forms/lservlet;jsessionid=ac16012b30d53c3fd5d2976e40ea8333ea0525b72121.e3iSbxaKaheRe34Sa3yKbhiTahb0n6jAmljGr5XDqQLvpAe HTTP/1.1" 200 2
201.245.192.253 - - [15/Oct/2014:09:00:41 -0500] "GET /isolucionsda/NotaMejora.asp?CodSucursal=&ID_NotaMejora=407&Accion=ModificarForma HTTP/1.1" 200 205
181.50.192.137 - - [15/Oct/2014:09:00:42 -0500] "POST /forms/lservlet;jsessionid=ac16012b30d53c3fd5d2976e40ea8333ea0525b72121.e3iSbxaKaheRe34Sa3yKbhiTahb0n6jAmljGr5XDqQLvpAe HTTP/1.1" 200 267
181.50.192.137 - - [15/Oct/2014:09:00:42 -0500] "POST /forms/lservlet;jsessionid=ac16012b30d53c3fd5d2976e40ea8333ea0525b72121.e3iSbxaKaheRe34Sa3yKbhiTahb0n6jAmljGr5XDqQLvpAe HTTP/1.1" 200 229
181.50.192.137 - - [15/Oct/2014:09:00:42 -0500] "POST /forms/lservlet;jsessionid=ac16012b30d53c3fd5d2976e40ea8333ea0525b72121.e3iSbxaKaheRe34Sa3yKbhiTahb0n6jAmljGr5XDqQLvpAe HTTP/1.1" 200 229
201.245.192.253 - - [15/Oct/2014:09:00:42 -0500] "GET /isolucionsda/NotaMejora.asp?CodSucursal=&ID_NotaMejora=407&Accion=ModificarForma HTTP/1.1" 200 205
181.50.192.137 - - [15/Oct/2014:09:00:45 -0500] "POST /forms/lservlet;jsessionid=ac16012b30d53c3fd5d2976e40ea8333ea0525b72121.e3iSbxaKaheRe34Sa3yKbhiTahb0n6jAmljGr5XDqQLvpAe HTTP/1.1" 200 271
181.50.192.137 - - [15/Oct/2014:09:00:47 -0500] "POST /forms/lservlet;jsessionid=ac16012b30d53c3fd5d2976e40ea8333ea0525b72121.e3iSbxaKaheRe34Sa3yKbhiTahb0n6jAmljGr5XDqQLvpAe HTTP/1.1" 200 37
181.250.83.179 - - [15/Oct/2014:09:00:51 -0500] "GET /galeria/carrusel/Carrusel/jquery.thumbnailScroller.css HTTP/1.1" 200 2066
181.50.192.137 - - [15/Oct/2014:09:00:51 -0500] "POST /forms/lservlet;jsessionid=ac16012b30d53c3fd5d2976e40ea8333ea0525b72121.e3iSbxaKaheRe34Sa3yKbhiTahb0n6jAmljGr5XDqQLvpAe HTTP/1.1" 200 7
181.250.83.179 - - [15/Oct/2014:09:00:51 -0500] "GET /BLA/boletinlegal/js/jquery.js HTTP/1.1" 200 57254
181.250.83.179 - - [15/Oct/2014:09:00:51 -0500] "GET /BLA/boletinlegal/js/jquery.scrollTo-min.js HTTP/1.1" 200 1150
181.50.192.137 - - [15/Oct/2014:09:00:51 -0500] "POST /forms/lservlet;jsessionid=ac16012b30d53c3fd5d2976e40ea8333ea0525b72121.e3iSbxaKaheRe34Sa3yKbhiTahb0n6jAmljGr5XDqQLvpAe HTTP/1.1" 200 30093
181.250.83.179 - - [15/Oct/2014:09:00:51 -0500] "GET /BLA/boletinlegal/js/jquery.scrollShow.js HTTP/1.1" 200 4586
181.250.83.179 - - [15/Oct/2014:09:00:52 -0500] "GET /galeria/carrusel/Carrusel/jquery-ui-1.8.13.custom.min.js HTTP/1.1" 200 10800
201.245.192.253 - - [15/Oct/2014:09:00:52 -0500] "GET /forest/skins/gdocs-jar/popup/escritorio/asignaruser.jsp?a=0.11718421040170979 HTTP/1.1" 200 6759
150.70.97.124 - - [15/Oct/2014:09:00:53 -0500] "GET /BLA/boletinlegal/js/jquery.scrollShow.js HTTP/1.1" 200 4586
181.250.83.179 - - [15/Oct/2014:09:00:53 -0500] "GET /galeria/carrusel/Carrusel/jquery.thumbnailScroller.js HTTP/1.1" 200 8157
181.50.192.137 - - [15/Oct/2014:09:00:53 -0500] "POST /forms/lservlet;jsessionid=ac16012b30d53c3fd5d2976e40ea8333ea0525b72121.e3iSbxaKaheRe34Sa3yKbhiTahb0n6jAmljGr5XDqQLvpAe HTTP/1.1" 200 7
181.50.192.137 - - [15/Oct/2014:09:00:53 -0500] "POST /forms/lservlet;jsessionid=ac16012b30d53c3fd5d2976e40ea8333ea0525b72121.e3iSbxaKaheRe34Sa3yKbhiTahb0n6jAmljGr5XDqQLvpAe HTTP/1.1" 200 2
181.50.192.137 - - [15/Oct/2014:09:00:53 -0500] "POST /forms/lservlet;jsessionid=ac16012b30d53c3fd5d2976e40ea8333ea0525b72121.e3iSbxaKaheRe34Sa3yKbhiTahb0n6jAmljGr5XDqQLvpAe HTTP/1.1" 200 27
181.50.192.137 - - [15/Oct/2014:09:00:54 -0500] "POST /forms/lservlet;jsessionid=ac16012b30d53c3fd5d2976e40ea8333ea0525b72121.e3iSbxaKaheRe34Sa3yKbhiTahb0n6jAmljGr5XDqQLvpAe HTTP/1.1" 200 2
201.245.192.253 - - [15/Oct/2014:09:00:58 -0500] "GET /galeria/nivo-slider/themes/default/default.css HTTP/1.1" 304 -
201.245.192.253 - - [15/Oct/2014:09:00:58 -0500] "GET /galeria/nivo-slider/demo/images/9Signos.jpg HTTP/1.1" 304 -
201.245.192.253 - - [15/Oct/2014:09:00:58 -0500] "GET /forest/session.jsp?a=0.04262592760147543 HTTP/1.1" 200 4
201.245.192.253 - - [15/Oct/2014:09:00:58 -0500] "GET /galeria/nivo-slider/demo/images/banner-caballos.png HTTP/1.1" 304 -
190.84.56.157 - - [15/Oct/2014:09:00:58 -0500] "POST /forms/lservlet;jsessionid=ac16012b30d567df56f0bf0f493b8e2b928ce0c690ef.e3iSbxaKaheRe34Sa3yKbhiTahb0n6jAmljGr5XDqQLvpAe HTTP/1.1" 200 2
66.249.65.115 - - [15/Oct/2014:09:00:58 -0500] "GET /BLA/resoluciones/RESOLUCIONES%202007/RES%202007%201101%20AL%201200/RESOLUCION%201171%20DE%202007.pdf HTTP/1.1" 200 1224669
201.245.192.253 - - [15/Oct/2014:09:00:59 -0500] "GET /isolucionsda/NotaMejora.asp?CodSucursal=&ID_NotaMejora=407&Accion=ModificarForma HTTP/1.1" 200 205
150.70.97.121 - - [15/Oct/2014:09:00:59 -0500] "GET /galeria/nivo-slider/demo/scripts/jquery-1.7.1.min.js HTTP/1.1" 200 93868
150.70.97.119 - - [15/Oct/2014:09:01:00 -0500] "GET /videos/Spot_Tinguas.flv HTTP/1.1" 200 2087054
201.245.192.253 - - [15/Oct/2014:09:01:00 -0500] "POST /forest/frameset? HTTP/1.1" 200 53280
201.245.192.253 - - [15/Oct/2014:09:01:00 -0500] "GET /forestReports/webcontent/birt/pages/common/processing.jsp?__rtl=false HTTP/1.1" 200 719
201.245.192.253 - - [15/Oct/2014:09:01:00 -0500] "GET /isolucionsda/NotaMejora.asp?CodSucursal=&ID_NotaMejora=407&Accion=ModificarForma HTTP/1.1" 200 205
201.245.192.253 - - [15/Oct/2014:09:01:00 -0500] "GET /forestReports/webcontent/birt/pages/common/processing.jsp?__rtl=false HTTP/1.1" 200 719
201.245.192.253 - - [15/Oct/2014:09:01:00 -0500] "POST /forest/frameset?__toolbar=true&__report=forest%2Frpts%2F117.rptdesign&__format=&__app=forest&__sessionIdOLD=20141015_090356_861&__sessionId=20141015_090553_953&__dpi=96 HTTP/1.1" 200 11078
201.245.192.253 - - [15/Oct/2014:09:01:01 -0500] "GET /forest/preview?__sessionId=20141015_090553_953&__imageid=file2793d5d71490ef731101679.gif HTTP/1.1" 200 2367
201.245.192.253 - - [15/Oct/2014:09:01:01 -0500] "GET /forest/preview?__sessionId=20141015_090553_953&__imageid=file2793d5d71490ef731101678.gif HTTP/1.1" 200 4169
150.70.97.118 - - [15/Oct/2014:09:01:01 -0500] "GET /galeria/nivo-slider/jquery.nivo.slider.pack.js HTTP/1.1" 200 11561
186.29.172.183 - - [15/Oct/2014:09:01:01 -0500] "POST /forms/lservlet;jsessionid=ac16012b30d56f88d85a8f774ef4a95caa0afe9ee402.e3iSbxaKaheRe34Sa3yKbhiTahb0n6jAmljGr5XDqQLvpAe HTTP/1.1" 200 2
181.50.192.137 - - [15/Oct/2014:09:01:02 -0500] "POST /forms/lservlet;jsessionid=ac16012b30d53c3fd5d2976e40ea8333ea0525b72121.e3iSbxaKaheRe34Sa3yKbhiTahb0n6jAmljGr5XDqQLvpAe HTTP/1.1" 200 102
201.245.192.253 - - [15/Oct/2014:09:01:02 -0500] "POST /forest/parameter HTTP/1.1" 200 6585
181.50.192.137 - - [15/Oct/2014:09:01:03 -0500] "POST /forms/lservlet;jsessionid=ac16012b30d53c3fd5d2976e40ea8333ea0525b72121.e3iSbxaKaheRe34Sa3yKbhiTahb0n6jAmljGr5XDqQLvpAe HTTP/1.1" 200 74
181.50.192.137 - - [15/Oct/2014:09:01:04 -0500] "POST /forms/lservlet;jsessionid=ac16012b30d53c3fd5d2976e40ea8333ea0525b72121.e3iSbxaKaheRe34Sa3yKbhiTahb0n6jAmljGr5XDqQLvpAe HTTP/1.1" 200 7
201.245.192.253 - - [15/Oct/2014:09:01:05 -0500] "POST /forest/frameset? HTTP/1.1" 200 53272
201.245.192.253 - - [15/Oct/2014:09:01:05 -0500] "GET /forestReports/webcontent/birt/pages/common/processing.jsp?__rtl=false HTTP/1.1" 200 719
201.245.192.253 - - [15/Oct/2014:09:01:05 -0500] "POST /forest/frameset?__toolbar=true&__report=forest%2Frpts%2F117.rptdesign&__app=forest&__format=&__sessionIdOLD=20141015_090553_953&__sessionId=20141015_090558_564&__dpi=96 HTTP/1.1" 200 11076
201.245.192.253 - - [15/Oct/2014:09:01:05 -0500] "GET /forest/preview?__sessionId=20141015_090558_564&__imageid=file2793d5d71490ef731101680.gif HTTP/1.1" 200 4169
201.245.192.253 - - [15/Oct/2014:09:01:05 -0500] "GET /forest/preview?__sessionId=20141015_090558_564&__imageid=file2793d5d71490ef731101681.gif HTTP/1.1" 200 2367
181.50.192.137 - - [15/Oct/2014:09:01:05 -0500] "POST /forms/lservlet;jsessionid=ac16012b30d53c3fd5d2976e40ea8333ea0525b72121.e3iSbxaKaheRe34Sa3yKbhiTahb0n6jAmljGr5XDqQLvpAe HTTP/1.1" 200 64000
181.50.192.137 - - [15/Oct/2014:09:01:06 -0500] "POST /forms/lservlet;jsessionid=ac16012b30d53c3fd5d2976e40ea8333ea0525b72121.e3iSbxaKaheRe34Sa3yKbhiTahb0n6jAmljGr5XDqQLvpAe HTTP/1.1" 200 4830
181.50.192.137 - - [15/Oct/2014:09:01:06 -0500] "POST /forms/lservlet;jsessionid=ac16012b30d53c3fd5d2976e40ea8333ea0525b72121.e3iSbxaKaheRe34Sa3yKbhiTahb0n6jAmljGr5XDqQLvpAe HTTP/1.1" 200 109
201.245.192.253 - - [15/Oct/2014:09:01:07 -0500] "POST /forest/parameter HTTP/1.1" 200 6583
181.50.192.137 - - [15/Oct/2014:09:01:08 -0500] "POST /forms/lservlet;jsessionid=ac16012b30d53c3fd5d2976e40ea8333ea0525b72121.e3iSbxaKaheRe34Sa3yKbhiTahb0n6jAmljGr5XDqQLvpAe HTTP/1.1" 200 2
201.245.192.253 - - [15/Oct/2014:08:58:08 -0500] "GET /ForestMSG_SDA/channelAsync/template_word_16660844?X-Atmosphere-tracking-id=eb6c5da8-0c4c-e3e8-b6b9-80a2854bfdfa&X-Atmosphere-Framework=1.0.5&X-Atmosphere-Transport=long-polling&tabid=0.6990105283048299&X-Cache-Date=0&Content-Type=application/xml&_=1413381653505 HTTP/1.1" 200 8193
181.50.192.137 - - [15/Oct/2014:09:01:08 -0500] "POST /forms/lservlet;jsessionid=ac16012b30d53c3fd5d2976e40ea8333ea0525b72121.e3iSbxaKaheRe34Sa3yKbhiTahb0n6jAmljGr5XDqQLvpAe HTTP/1.1" 200 248
181.50.192.137 - - [15/Oct/2014:09:01:08 -0500] "POST /forms/lservlet;jsessionid=ac16012b30d53c3fd5d2976e40ea8333ea0525b72121.e3iSbxaKaheRe34Sa3yKbhiTahb0n6jAmljGr5XDqQLvpAe HTTP/1.1" 200 2
27.159.199.177 - - [15/Oct/2014:09:01:08 -0500] "GET /formasII/arbol.pdf HTTP/1.1" 404 1019
150.70.97.113 - - [15/Oct/2014:09:01:08 -0500] "GET /BLA/boletinlegal/js/jquery.scrollTo-min.js HTTP/1.1" 200 1150
181.50.192.137 - - [15/Oct/2014:09:01:09 -0500] "POST /forms/lservlet;jsessionid=ac16012b30d53c3fd5d2976e40ea8333ea0525b72121.e3iSbxaKaheRe34Sa3yKbhiTahb0n6jAmljGr5XDqQLvpAe HTTP/1.1" 200 260
181.50.192.137 - - [15/Oct/2014:09:01:10 -0500] "POST /forms/lservlet;jsessionid=ac16012b30d53c3fd5d2976e40ea8333ea0525b72121.e3iSbxaKaheRe34Sa3yKbhiTahb0n6jAmljGr5XDqQLvpAe HTTP/1.1" 200 2
190.60.253.234 - - [15/Oct/2014:09:01:10 -0500] "GET /BLA/boletinlegal/js/jquery.js HTTP/1.1" 200 57254
181.50.192.137 - - [15/Oct/2014:09:01:10 -0500] "POST /forms/lservlet;jsessionid=ac16012b30d53c3fd5d2976e40ea8333ea0525b72121.e3iSbxaKaheRe34Sa3yKbhiTahb0n6jAmljGr5XDqQLvpAe HTTP/1.1" 200 75
190.60.253.234 - - [15/Oct/2014:09:01:10 -0500] "GET /BLA/boletinlegal/js/jquery.scrollTo-min.js HTTP/1.1" 200 1150
190.60.253.234 - - [15/Oct/2014:09:01:10 -0500] "GET /BLA/boletinlegal/js/jquery.scrollShow.js HTTP/1.1" 200 4586
190.60.253.234 - - [15/Oct/2014:09:01:10 -0500] "GET /galeria/carrusel/Carrusel/jquery.thumbnailScroller.css HTTP/1.1" 200 2066
190.60.253.234 - - [15/Oct/2014:09:01:10 -0500] "GET /galeria/carrusel/Carrusel/jquery-ui-1.8.13.custom.min.js HTTP/1.1" 200 10800
190.60.253.234 - - [15/Oct/2014:09:01:10 -0500] "GET /galeria/carrusel/Carrusel/jquery.thumbnailScroller.js HTTP/1.1" 200 8157
181.50.192.137 - - [15/Oct/2014:09:01:10 -0500] "POST /forms/lservlet;jsessionid=ac16012b30d53c3fd5d2976e40ea8333ea0525b72121.e3iSbxaKaheRe34Sa3yKbhiTahb0n6jAmljGr5XDqQLvpAe HTTP/1.1" 200 2
66.249.65.123 - - [15/Oct/2014:09:01:11 -0500] "GET /BLA/resoluciones/RESOLUCIONES%202009/1379.pdf HTTP/1.1" 200 691086
201.245.192.253 - - [15/Oct/2014:09:01:11 -0500] "GET /galeria/carrusel/Carrusel/jquery.thumbnailScroller.css HTTP/1.1" 304 -
201.245.192.253 - - [15/Oct/2014:09:01:11 -0500] "GET /galeria/carrusel/Carrusel/jquery-ui-1.8.13.custom.min.js HTTP/1.1" 304 -
181.50.192.137 - - [15/Oct/2014:09:01:11 -0500] "POST /forms/lservlet;jsessionid=ac16012b30d53c3fd5d2976e40ea8333ea0525b72121.e3iSbxaKaheRe34Sa3yKbhiTahb0n6jAmljGr5XDqQLvpAe HTTP/1.1" 200 1504
181.50.192.137 - - [15/Oct/2014:09:01:11 -0500] "POST /forms/lservlet;jsessionid=ac16012b30d53c3fd5d2976e40ea8333ea0525b72121.e3iSbxaKaheRe34Sa3yKbhiTahb0n6jAmljGr5XDqQLvpAe HTTP/1.1" 200 2
181.50.192.137 - - [15/Oct/2014:09:01:11 -0500] "POST /forms/lservlet;jsessionid=ac16012b30d53c3fd5d2976e40ea8333ea0525b72121.e3iSbxaKaheRe34Sa3yKbhiTahb0n6jAmljGr5XDqQLvpAe HTTP/1.1" 200 2
201.245.192.253 - - [15/Oct/2014:09:01:11 -0500] "GET /galeria/carrusel/Carrusel/jquery.thumbnailScroller.js HTTP/1.1" 304 -
201.245.192.253 - - [15/Oct/2014:09:01:11 -0500] "POST /forest/frameset? HTTP/1.1" 200 53268
201.245.192.253 - - [15/Oct/2014:09:01:12 -0500] "GET /forestReports/webcontent/birt/pages/common/processing.jsp?__rtl=false HTTP/1.1" 200 719
201.245.192.253 - - [15/Oct/2014:09:01:12 -0500] "POST /forest/frameset?__toolbar=true&__report=forest%2Frpts%2F117.rptdesign&__format=&__app=forest&__sessionIdOLD=20141015_090558_564&__sessionId=20141015_090605_225&__dpi=96 HTTP/1.1" 200 11075
201.245.192.253 - - [15/Oct/2014:09:01:12 -0500] "GET /forest/preview?__sessionId=20141015_090605_225&__imageid=file2793d5d71490ef731101683.gif HTTP/1.1" 200 2367
201.245.192.253 - - [15/Oct/2014:09:01:12 -0500] "GET /forest/preview?__sessionId=20141015_090605_225&__imageid=file2793d5d71490ef731101682.gif HTTP/1.1" 200 4169
181.50.192.137 - - [15/Oct/2014:09:01:12 -0500] "POST /forms/lservlet;jsessionid=ac16012b30d53c3fd5d2976e40ea8333ea0525b72121.e3iSbxaKaheRe34Sa3yKbhiTahb0n6jAmljGr5XDqQLvpAe HTTP/1.1" 200 135
190.60.253.234 - - [15/Oct/2014:09:01:12 -0500] "GET /BLA/boletinlegal/js/jquery.scrollTo-min.js HTTP/1.1" 200 1150
181.50.192.137 - - [15/Oct/2014:09:01:13 -0500] "POST /forms/lservlet;jsessionid=ac16012b30d53c3fd5d2976e40ea8333ea0525b72121.e3iSbxaKaheRe34Sa3yKbhiTahb0n6jAmljGr5XDqQLvpAe HTTP/1.1" 200 7
181.50.192.137 - - [15/Oct/2014:09:01:13 -0500] "POST /forms/lservlet;jsessionid=ac16012b30d53c3fd5d2976e40ea8333ea0525b72121.e3iSbxaKaheRe34Sa3yKbhiTahb0n6jAmljGr5XDqQLvpAe HTTP/1.1" 200 30097
201.245.192.253 - - [15/Oct/2014:09:01:14 -0500] "GET /forest/actions/forms.getList?codForm=DPC_RevisarConsolidador1&id=funcionarioasignado31&text=m HTTP/1.1" 200 1276
201.245.192.253 - - [15/Oct/2014:09:01:14 -0500] "GET /isolucionsda/NotaMejora.asp?CodSucursal=&ID_NotaMejora=407&Accion=ModificarForma HTTP/1.1" 200 205
201.245.192.253 - - [15/Oct/2014:09:01:14 -0500] "POST /forest/parameter HTTP/1.1" 200 6582
190.60.253.234 - - [15/Oct/2014:09:01:14 -0500] "GET /galeria/nivo-slider/demo/demo.html HTTP/1.1" 200 3169
181.50.192.137 - - [15/Oct/2014:09:01:14 -0500] "POST /forms/lservlet;jsessionid=ac16012b30d53c3fd5d2976e40ea8333ea0525b72121.e3iSbxaKaheRe34Sa3yKbhiTahb0n6jAmljGr5XDqQLvpAe HTTP/1.1" 200 7
181.50.192.137 - - [15/Oct/2014:09:01:14 -0500] "POST /forms/lservlet;jsessionid=ac16012b30d53c3fd5d2976e40ea8333ea0525b72121.e3iSbxaKaheRe34Sa3yKbhiTahb0n6jAmljGr5XDqQLvpAe HTTP/1.1" 200 2
181.50.192.137 - - [15/Oct/2014:09:01:14 -0500] "POST /forms/lservlet;jsessionid=ac16012b30d53c3fd5d2976e40ea8333ea0525b72121.e3iSbxaKaheRe34Sa3yKbhiTahb0n6jAmljGr5XDqQLvpAe HTTP/1.1" 200 27
190.60.253.234 - - [15/Oct/2014:09:01:14 -0500] "GET /galeria/nivo-slider/themes/default/default.css HTTP/1.1" 200 1569
190.60.253.234 - - [15/Oct/2014:09:01:14 -0500] "GET /galeria/nivo-slider/themes/pascal/pascal.css HTTP/1.1" 200 2258
190.60.253.234 - - [15/Oct/2014:09:01:14 -0500] "GET /galeria/nivo-slider/themes/orman/orman.css HTTP/1.1" 200 2152
190.60.253.234 - - [15/Oct/2014:09:01:14 -0500] "GET /galeria/nivo-slider/nivo-slider.css HTTP/1.1" 200 1507
190.60.253.234 - - [15/Oct/2014:09:01:14 -0500] "GET /galeria/nivo-slider/demo/images/EncuentroAgua1.jpg HTTP/1.1" 200 274179
190.60.253.234 - - [15/Oct/2014:09:01:14 -0500] "GET /galeria/nivo-slider/demo/images/Tingua-azul.jpg HTTP/1.1" 200 307638
190.60.253.234 - - [15/Oct/2014:09:01:14 -0500] "GET /galeria/nivo-slider/demo/style.css HTTP/1.1" 200 2222
190.60.253.234 - - [15/Oct/2014:09:01:14 -0500] "GET /galeria/nivo-slider/demo/scripts/jquery-1.7.1.min.js HTTP/1.1" 200 93868
190.60.253.234 - - [15/Oct/2014:09:01:14 -0500] "GET /galeria/nivo-slider/jquery.nivo.slider.pack.js HTTP/1.1" 200 11561
190.60.253.234 - - [15/Oct/2014:09:01:14 -0500] "GET /galeria/nivo-slider/demo/images/Banner-Caracol-Africano.jpg HTTP/1.1" 200 331986
190.60.253.234 - - [15/Oct/2014:09:01:14 -0500] "GET /galeria/nivo-slider/demo/images/9Signos.jpg HTTP/1.1" 200 93040
201.245.192.253 - - [15/Oct/2014:09:01:14 -0500] "GET /forest/actions/forms.getList?codForm=DPC_RevisarConsolidador1&id=funcionarioasignado31&text=ma HTTP/1.1" 200 1204
201.245.192.253 - - [15/Oct/2014:09:01:14 -0500] "GET /forest/actions/forms.getList?codForm=DPC_RevisarConsolidador1&id=funcionarioasignado31&text=man HTTP/1.1" 200 1277
201.245.192.253 - - [15/Oct/2014:09:01:15 -0500] "GET /forest/actions/forms.getList?codForm=DPC_RevisarConsolidador1&id=funcionarioasignado31&text=manr HTTP/1.1" 200 134
181.50.192.137 - - [15/Oct/2014:09:01:15 -0500] "POST /forms/lservlet;jsessionid=ac16012b30d53c3fd5d2976e40ea8333ea0525b72121.e3iSbxaKaheRe34Sa3yKbhiTahb0n6jAmljGr5XDqQLvpAe HTTP/1.1" 200 2
201.245.192.253 - - [15/Oct/2014:09:01:15 -0500] "GET /forest/actions/forms.getList?codForm=DPC_RevisarConsolidador1&id=funcionarioasignado31&text=manri HTTP/1.1" 200 134
66.249.65.123 - - [15/Oct/2014:09:01:15 -0500] "GET /BLA/resoluciones/RESOLUCIONES%202009/0181.pdf HTTP/1.1" 200 268578
201.245.192.253 - - [15/Oct/2014:09:01:15 -0500] "GET /isolucionsda/NotaMejora.asp?CodSucursal=&ID_NotaMejora=407&Accion=ModificarForma HTTP/1.1" 200 205
201.245.192.253 - - [15/Oct/2014:09:01:15 -0500] "GET /forest/actions/forms.getList?codForm=DPC_RevisarConsolidador1&id=funcionarioasignado31&text=manriq HTTP/1.1" 200 134
190.60.253.234 - - [15/Oct/2014:09:01:16 -0500] "GET /galeria/nivo-slider/themes/default/loading.gif HTTP/1.1" 200 1737
190.60.253.234 - - [15/Oct/2014:09:01:16 -0500] "GET /galeria/nivo-slider/demo/images/banner-encuesta.jpg HTTP/1.1" 200 42764
190.60.253.234 - - [15/Oct/2014:09:01:16 -0500] "GET /galeria/nivo-slider/demo/images/banner-llantas2.jpg HTTP/1.1" 200 73153
190.60.253.234 - - [15/Oct/2014:09:01:17 -0500] "GET /galeria/nivo-slider/demo/images/4Simple_Slider.png HTTP/1.1" 200 11722
190.60.253.234 - - [15/Oct/2014:09:01:17 -0500] "GET /galeria/nivo-slider/demo/images/banner-caballos.png HTTP/1.1" 200 389106
190.60.253.234 - - [15/Oct/2014:09:01:17 -0500] "GET /galeria/nivo-slider/demo/images/ConstructorasFNL.jpg HTTP/1.1" 200 216551
190.60.253.234 - - [15/Oct/2014:09:01:17 -0500] "GET /galeria/nivo-slider/demo/images/Hacienda_Molinos.jpg HTTP/1.1" 200 319171
180.76.6.45 - - [15/Oct/2014:09:01:18 -0500] "GET /BLA/resoluciones/AUTOS%202007/1373.pdf HTTP/1.1" 200 32903
190.60.253.234 - - [15/Oct/2014:09:01:20 -0500] "GET /galeria/nivo-slider/demo/images/bannerEcolecta3.jpg HTTP/1.1" 200 280034
