201.245.192.253 - - [15/Oct/2014:09:09:07 -0500] "POST /forest/buscar.do? HTTP/1.1" 200 5945
201.245.192.253 - - [15/Oct/2014:09:09:05 -0500] "GET /forest/actions/forms.getList?codForm=PRESTAMOEXPE&id=tercero12&text=EDS%20TERPEL%20SEVIL HTTP/1.1" 200 2
172.22.2.1 - - [15/Oct/2014:09:09:09 -0500] "GET /autoliquidacion/index.php?dir=Solicitudes+relacionadas+con+calidad+del+aire+auditiva+y+visual%2F HTTP/1.1" 200 5748
201.245.192.253 - - [15/Oct/2014:09:09:07 -0500] "GET /forest/actions/forms.getList?codForm=PRESTAMOEXPE&id=tercero12&text=EDS%20TERPEL%20SEVILL HTTP/1.1" 200 2
201.245.192.253 - - [15/Oct/2014:09:09:07 -0500] "GET /forest/actions/forms.getList?codForm=PRESTAMOEXPE&id=tercero12&text=EDS%20TERPEL%20SEVILLA HTTP/1.1" 200 2
201.245.192.253 - - [15/Oct/2014:09:09:07 -0500] "GET /forest/actions/forms.getList?codForm=PRESTAMOEXPE&id=tercero12&text=EDS%20TERPEL%20SEVILLAN HTTP/1.1" 200 2
201.245.192.253 - - [15/Oct/2014:09:09:09 -0500] "GET /forest/actions/forms.getList?codForm=PRESTAMOEXPE&id=tercero12&text= HTTP/1.1" 200 1373
201.245.192.253 - - [15/Oct/2014:09:09:08 -0500] "GET /forest/actions/forms.getList?codForm=PRESTAMOEXPE&id=tercero12&text=EDS%20TERPEL%20SEVILLANA HTTP/1.1" 200 2
190.84.208.187 - - [15/Oct/2014:09:09:10 -0500] "GET /arcgis/services/Calidad_del_Agua_WQI/MapServer/WMSServer?HEIGHT=955&SERVICE=WMS&SRS=EPSG%3A4686&REQUEST=GetMap&VERSION=1%2E1%2E1&TRANSPARENT=TRUE&BBOX=%2D74%2E04865580369588%2C4%2E788174129132438%2C%2D74%2E02581297803991%2C4%2E7995360554352775&STYLES=&WIDTH=1920&FORMAT=image%2Fpng&LAYERS=3%2C4%2C5%2C6%2C7 HTTP/1.1" 200 11287
201.245.192.253 - - [15/Oct/2014:09:09:10 -0500] "GET /forest/actions/forms.getList?codForm=PRESTAMOEXPE&id=Numeroexpedientenuevo60&text=SDA-08-2008-2326 HTTP/1.1" 200 51
190.84.208.187 - - [15/Oct/2014:09:09:11 -0500] "GET /crossdomain.xml HTTP/1.1" 404 1280
190.84.208.187 - - [15/Oct/2014:09:09:11 -0500] "GET /arcgis/services/Calidad_del_Agua_WQI/MapServer/WMSServer?HEIGHT=955&SERVICE=WMS&SRS=EPSG%3A4686&REQUEST=GetMap&VERSION=1%2E1%2E1&TRANSPARENT=TRUE&BBOX=%2D74%2E04834846933049%2C4%2E79000734377999%2C%2D74%2E02550564367452%2C4%2E80136927008283&STYLES=&WIDTH=1920&FORMAT=image%2Fpng&LAYERS=3%2C4%2C5%2C6%2C7 HTTP/1.1" 200 11419
201.245.192.253 - - [15/Oct/2014:09:09:12 -0500] "GET /forest/skins/gdocs-jar/popup/popup.jsp?width=900&height=600&title=Informaci%F3n%20de%20proceso&uri=/forest/system/process.jsp%3FnumPro%3D2887158&name=undefined&_a=0.5383908123035893&a=0.4413707603103899 HTTP/1.1" 200 1191
201.245.192.253 - - [15/Oct/2014:09:09:12 -0500] "GET /forest/system/process.jsp?numPro=2887158 HTTP/1.1" 200 81600
201.245.192.253 - - [15/Oct/2014:09:09:12 -0500] "GET /forest/system/process.jsp?numPro=2887158 HTTP/1.1" 200 81600
201.245.192.253 - - [15/Oct/2014:09:09:13 -0500] "GET /isolucionsda/FramesetArticulo.asp?Pagina=BancoConocimiento%2FC%2FComunicacionExterna%5Fv7%2FComunicacionExterna%5Fv7%2Easp&IdArticulo=5629 HTTP/1.1" 200 7261
201.245.192.253 - - [15/Oct/2014:09:09:13 -0500] "GET /isolucionsda/Arriba.asp?Pagina=BancoConocimiento%2FC%2FComunicacionExterna%5Fv7%2FComunicacionExterna%5Fv7%2Easp&IdArticulo=5629 HTTP/1.1" 200 10527
201.245.192.253 - - [15/Oct/2014:09:09:13 -0500] "GET /isolucionsda/BancoConocimiento/C/ComunicacionExterna_v7/ComunicacionExterna_v7.asp?IdArticulo=5629 HTTP/1.1" 200 55177
201.245.192.253 - - [15/Oct/2014:09:09:13 -0500] "GET /forest/actions/forms.getMappedValues?id=Numeroexpedientenuevo60&value=1378914957375&codForm=PRESTAMOEXPE&a=0.1637211716733873 HTTP/1.1" 200 35
201.245.192.253 - - [15/Oct/2014:09:09:13 -0500] "GET /isolucionsda/g/vacio1x1.gif HTTP/1.1" 404 5195
181.50.192.137 - - [15/Oct/2014:09:09:14 -0500] "POST /forms/lservlet;jsessionid=ac16012b30d53c3fd5d2976e40ea8333ea0525b72121.e3iSbxaKaheRe34Sa3yKbhiTahb0n6jAmljGr5XDqQLvpAe HTTP/1.1" 200 2
181.50.192.137 - - [15/Oct/2014:09:09:14 -0500] "POST /forms/lservlet;jsessionid=ac16012b30d53c3fd5d2976e40ea8333ea0525b72121.e3iSbxaKaheRe34Sa3yKbhiTahb0n6jAmljGr5XDqQLvpAe HTTP/1.1" 200 101
181.50.192.137 - - [15/Oct/2014:09:09:15 -0500] "POST /forms/lservlet;jsessionid=ac16012b30d53c3fd5d2976e40ea8333ea0525b72121.e3iSbxaKaheRe34Sa3yKbhiTahb0n6jAmljGr5XDqQLvpAe HTTP/1.1" 200 2
181.50.192.137 - - [15/Oct/2014:09:09:15 -0500] "POST /forms/lservlet;jsessionid=ac16012b30d53c3fd5d2976e40ea8333ea0525b72121.e3iSbxaKaheRe34Sa3yKbhiTahb0n6jAmljGr5XDqQLvpAe HTTP/1.1" 200 84
190.84.208.187 - - [15/Oct/2014:09:09:15 -0500] "GET /arcgis/services/Calidad_del_Agua_WQI/MapServer/WMSServer?HEIGHT=955&SERVICE=WMS&SRS=EPSG%3A4686&REQUEST=GetMap&VERSION=1%2E1%2E1&TRANSPARENT=TRUE&BBOX=%2D74%2E04673669359448%2C4%2E794397869612807%2C%2D74%2E02389386793851%2C4%2E805759795915646&STYLES=&WIDTH=1920&FORMAT=image%2Fpng&LAYERS=3%2C4%2C5%2C6%2C7 HTTP/1.1" 200 11521
201.245.192.253 - - [15/Oct/2014:09:09:15 -0500] "GET /forest/ HTTP/1.1" 200 177521
201.245.192.253 - - [15/Oct/2014:09:09:16 -0500] "GET /forest/session.jsp?a=0.642210315912962 HTTP/1.1" 200 4
190.84.208.187 - - [15/Oct/2014:09:09:16 -0500] "GET /arcgis/services/Calidad_del_Agua_WQI/MapServer/WMSServer?HEIGHT=955&SERVICE=WMS&SRS=EPSG%3A4686&REQUEST=GetMap&VERSION=1%2E1%2E1&TRANSPARENT=TRUE&BBOX=%2D74%2E04228948097459%2C4%2E798580962061056%2C%2D74%2E0331523507122%2C4%2E803125732582192&STYLES=&WIDTH=1920&FORMAT=image%2Fpng&LAYERS=3%2C4%2C5%2C6%2C7 HTTP/1.1" 200 11728
181.50.192.137 - - [15/Oct/2014:09:09:16 -0500] "POST /forms/lservlet;jsessionid=ac16012b30d53c3fd5d2976e40ea8333ea0525b72121.e3iSbxaKaheRe34Sa3yKbhiTahb0n6jAmljGr5XDqQLvpAe HTTP/1.1" 200 125
190.84.208.187 - - [15/Oct/2014:09:09:17 -0500] "GET /arcgis/services/Calidad_del_Agua_WQI/MapServer/WMSServer?HEIGHT=955&SERVICE=WMS&SRS=EPSG%3A4686&REQUEST=GetMap&VERSION=1%2E1%2E1&TRANSPARENT=TRUE&BBOX=%2D74%2E04080707676796%2C4%2E799975326210473%2C%2D74%2E03623851163677%2C4%2E802247711471041&STYLES=&WIDTH=1920&FORMAT=image%2Fpng&LAYERS=3%2C4%2C5%2C6%2C7 HTTP/1.1" 200 11154
201.245.192.253 - - [15/Oct/2014:09:09:17 -0500] "GET /forest/reportes.do?group_system_actual=5&_a=0.9791343749966472 HTTP/1.1" 302 -
201.245.192.253 - - [15/Oct/2014:09:09:17 -0500] "GET /forest/reportes.do?menu=1&group_system_actual=5 HTTP/1.1" 200 31266
201.245.192.253 - - [15/Oct/2014:09:09:17 -0500] "GET /forest/session.jsp?a=0.16391970869153738 HTTP/1.1" 200 4
201.245.192.253 - - [15/Oct/2014:09:09:17 -0500] "GET /forest/parameter?action=listRpts&a=0.6627393837552518 HTTP/1.1" 200 60036
190.84.208.187 - - [15/Oct/2014:09:09:17 -0500] "GET /arcgis/services/Calidad_del_Agua_WQI/MapServer/WMSServer?HEIGHT=955&SERVICE=WMS&SRS=EPSG%3A4686&REQUEST=GetMap&VERSION=1%2E1%2E1&TRANSPARENT=TRUE&BBOX=%2D74%2E04230613720163%2C4%2E798764180558505%2C%2D74%2E03316900693925%2C4%2E803308951079641&STYLES=&WIDTH=1920&FORMAT=image%2Fpng&LAYERS=3%2C4%2C5%2C6%2C7 HTTP/1.1" 200 11677
201.245.192.253 - - [15/Oct/2014:09:09:18 -0500] "GET /forest/parameter?action=parametersReportMDX&id_rpt=117&currentTab=tab_presentacion&a=0.3106128787621856 HTTP/1.1" 200 6434
190.84.208.187 - - [15/Oct/2014:09:09:19 -0500] "GET /arcgis/services/Calidad_del_Agua_WQI/MapServer/WMSServer?HEIGHT=955&SERVICE=WMS&SRS=EPSG%3A4686&REQUEST=GetMap&VERSION=1%2E1%2E1&TRANSPARENT=TRUE&BBOX=%2D74%2E04680331850265%2C4%2E7951664355176895%2C%2D74%2E02396049284668%2C4%2E806528361820529&STYLES=&WIDTH=1920&FORMAT=image%2Fpng&LAYERS=3%2C4%2C5%2C6%2C7 HTTP/1.1" 200 11645
201.245.192.253 - - [15/Oct/2014:09:09:20 -0500] "GET /isolucionsda/ListadoMaestroDocumentos3.asp?Pagina=ListadoMaestroDocumentos3.asp HTTP/1.1" 200 11467
201.245.192.253 - - [15/Oct/2014:09:09:21 -0500] "POST /forest/frameset? HTTP/1.1" 200 53249
201.245.192.253 - - [15/Oct/2014:09:09:21 -0500] "GET /forestReports/webcontent/birt/pages/common/processing.jsp?__rtl=false HTTP/1.1" 200 719
201.245.192.253 - - [15/Oct/2014:09:09:21 -0500] "GET /forestReports/webcontent/birt/styles/style.css HTTP/1.1" 304 -
201.245.192.253 - - [15/Oct/2014:09:09:21 -0500] "GET /forestReports/webcontent/birt/styles/dialogbase.css HTTP/1.1" 304 -
201.245.192.253 - - [15/Oct/2014:09:09:21 -0500] "GET /forestReports/webcontent/birt/ajax/utility/Debug.js HTTP/1.1" 304 -
201.245.192.253 - - [15/Oct/2014:09:09:21 -0500] "GET /forestReports/webcontent/birt/ajax/lib/prototype.js HTTP/1.1" 304 -
201.245.192.253 - - [15/Oct/2014:09:09:21 -0500] "GET /forestReports/webcontent/birt/ajax/lib/head.js HTTP/1.1" 304 -
201.245.192.253 - - [15/Oct/2014:09:09:21 -0500] "GET /forestReports/webcontent/birt/ajax/core/Mask.js HTTP/1.1" 304 -
201.245.192.253 - - [15/Oct/2014:09:09:21 -0500] "GET /forestReports/webcontent/birt/ajax/utility/BrowserUtility.js HTTP/1.1" 304 -
201.245.192.253 - - [15/Oct/2014:09:09:21 -0500] "GET /forestReports/webcontent/birt/ajax/core/BirtDndManager.js HTTP/1.1" 304 -
201.245.192.253 - - [15/Oct/2014:09:09:21 -0500] "GET /forestReports/webcontent/birt/ajax/utility/Constants.js HTTP/1.1" 304 -
201.245.192.253 - - [15/Oct/2014:09:09:21 -0500] "GET /forestReports/webcontent/birt/ajax/utility/BirtUtility.js HTTP/1.1" 304 -
201.245.192.253 - - [15/Oct/2014:09:09:21 -0500] "GET /forestReports/webcontent/birt/ajax/core/BirtEvent.js HTTP/1.1" 304 -
201.245.192.253 - - [15/Oct/2014:09:09:21 -0500] "GET /forestReports/webcontent/birt/ajax/core/BirtEventDispatcher.js HTTP/1.1" 304 -
201.245.192.253 - - [15/Oct/2014:09:09:22 -0500] "GET /forestReports/webcontent/birt/ajax/mh/BirtBaseResponseHandler.js HTTP/1.1" 304 -
201.245.192.253 - - [15/Oct/2014:09:09:22 -0500] "GET /forestReports/webcontent/birt/ajax/mh/BirtGetUpdatedObjectsResponseHandler.js HTTP/1.1" 304 -
201.245.192.253 - - [15/Oct/2014:09:09:22 -0500] "GET /forestReports/webcontent/birt/ajax/ui/app/AbstractUIComponent.js HTTP/1.1" 304 -
201.245.192.253 - - [15/Oct/2014:09:09:22 -0500] "GET /forestReports/webcontent/birt/ajax/ui/app/AbstractBaseToolbar.js HTTP/1.1" 304 -
201.245.192.253 - - [15/Oct/2014:09:09:22 -0500] "GET /forestReports/webcontent/birt/ajax/ui/app/BirtNavigationBar.js HTTP/1.1" 304 -
201.245.192.253 - - [15/Oct/2014:09:09:22 -0500] "GET /forestReports/webcontent/birt/ajax/ui/app/BirtToolbar.js HTTP/1.1" 304 -
201.245.192.253 - - [15/Oct/2014:09:09:22 -0500] "GET /forestReports/webcontent/birt/ajax/ui/app/AbstractBaseToc.js HTTP/1.1" 304 -
201.245.192.253 - - [15/Oct/2014:09:09:22 -0500] "GET /forestReports/webcontent/birt/ajax/ui/app/BirtToc.js HTTP/1.1" 304 -
201.245.192.253 - - [15/Oct/2014:09:09:22 -0500] "GET /forestReports/webcontent/birt/ajax/ui/app/BirtProgressBar.js HTTP/1.1" 304 -
201.245.192.253 - - [15/Oct/2014:09:09:22 -0500] "GET /forestReports/webcontent/birt/ajax/ui/report/AbstractReportComponent.js HTTP/1.1" 304 -
201.245.192.253 - - [15/Oct/2014:09:09:22 -0500] "GET /forestReports/webcontent/birt/ajax/ui/report/AbstractBaseReportDocument.js HTTP/1.1" 304 -
201.245.192.253 - - [15/Oct/2014:09:09:22 -0500] "GET /forestReports/webcontent/birt/ajax/ui/report/BirtReportDocument.js HTTP/1.1" 304 -
201.245.192.253 - - [15/Oct/2014:09:09:22 -0500] "GET /forestReports/webcontent/birt/ajax/ui/dialog/AbstractBaseDialog.js HTTP/1.1" 304 -
201.245.192.253 - - [15/Oct/2014:09:09:22 -0500] "GET /forestReports/webcontent/birt/ajax/ui/dialog/BirtTabedDialogBase.js HTTP/1.1" 304 -
201.245.192.253 - - [15/Oct/2014:09:09:22 -0500] "GET /forestReports/webcontent/birt/ajax/ui/dialog/AbstractParameterDialog.js HTTP/1.1" 304 -
201.245.192.253 - - [15/Oct/2014:09:09:22 -0500] "GET /forestReports/webcontent/birt/ajax/ui/dialog/BirtParameterDialog.js HTTP/1.1" 304 -
201.245.192.253 - - [15/Oct/2014:09:09:22 -0500] "GET /forestReports/webcontent/birt/ajax/ui/dialog/BirtSimpleExportDataDialog.js HTTP/1.1" 304 -
201.245.192.253 - - [15/Oct/2014:09:09:22 -0500] "GET /forestReports/webcontent/birt/ajax/ui/dialog/BirtExportReportDialog.js HTTP/1.1" 304 -
201.245.192.253 - - [15/Oct/2014:09:09:22 -0500] "GET /forestReports/webcontent/birt/ajax/ui/dialog/BirtPrintReportServerDialog.js HTTP/1.1" 304 -
201.245.192.253 - - [15/Oct/2014:09:09:22 -0500] "GET /forestReports/webcontent/birt/ajax/ui/dialog/BirtPrintReportDialog.js HTTP/1.1" 304 -
201.245.192.253 - - [15/Oct/2014:09:09:22 -0500] "GET /forestReports/webcontent/birt/ajax/ui/dialog/AbstractExceptionDialog.js HTTP/1.1" 304 -
201.245.192.253 - - [15/Oct/2014:09:09:22 -0500] "GET /forestReports/webcontent/birt/ajax/ui/dialog/BirtExceptionDialog.js HTTP/1.1" 304 -
201.245.192.253 - - [15/Oct/2014:09:09:22 -0500] "GET /forestReports/webcontent/birt/ajax/ui/dialog/BirtConfirmationDialog.js HTTP/1.1" 304 -
201.245.192.253 - - [15/Oct/2014:09:09:22 -0500] "GET /forestReports/webcontent/birt/ajax/utility/BirtPosition.js HTTP/1.1" 304 -
201.245.192.253 - - [15/Oct/2014:09:09:22 -0500] "GET /forestReports/webcontent/birt/ajax/utility/Printer.js HTTP/1.1" 304 -
201.245.192.253 - - [15/Oct/2014:09:09:22 -0500] "GET /forestReports/webcontent/birt/ajax/core/BirtCommunicationManager.js HTTP/1.1" 304 -
201.245.192.253 - - [15/Oct/2014:09:09:22 -0500] "GET /forestReports/webcontent/birt/ajax/core/BirtSoapRequest.js HTTP/1.1" 304 -
201.245.192.253 - - [15/Oct/2014:09:09:22 -0500] "GET /forestReports/webcontent/birt/ajax/core/BirtSoapResponse.js HTTP/1.1" 304 -
201.245.192.253 - - [15/Oct/2014:09:09:22 -0500] "GET /forestReports/webcontent/birt/images/Toc.gif HTTP/1.1" 304 -
201.245.192.253 - - [15/Oct/2014:09:09:22 -0500] "GET /forestReports/webcontent/birt/images/Report_parameters.gif HTTP/1.1" 304 -
201.245.192.253 - - [15/Oct/2014:09:09:22 -0500] "GET /forestReports/webcontent/birt/images/ExportReport.gif HTTP/1.1" 304 -
201.245.192.253 - - [15/Oct/2014:09:09:22 -0500] "GET /forestReports/webcontent/birt/images/Print.gif HTTP/1.1" 304 -
201.245.192.253 - - [15/Oct/2014:09:09:22 -0500] "GET /forestReports/webcontent/birt/images/AddAll.gif HTTP/1.1" 304 -
201.245.192.253 - - [15/Oct/2014:09:09:22 -0500] "GET /forestReports/webcontent/birt/images/Add.gif HTTP/1.1" 304 -
201.245.192.253 - - [15/Oct/2014:09:09:22 -0500] "GET /forestReports/webcontent/birt/images/Remove_disabled.gif HTTP/1.1" 304 -
201.245.192.253 - - [15/Oct/2014:09:09:22 -0500] "GET /forestReports/webcontent/birt/images/RemoveAll_disabled.gif HTTP/1.1" 304 -
201.245.192.253 - - [15/Oct/2014:09:09:22 -0500] "GET /forestReports/webcontent/birt/images/Up_disabled.gif HTTP/1.1" 304 -
201.245.192.253 - - [15/Oct/2014:09:09:22 -0500] "GET /forestReports/webcontent/birt/images/Down_disabled.gif HTTP/1.1" 304 -
201.245.192.253 - - [15/Oct/2014:09:09:22 -0500] "GET /forestReports/webcontent/birt/images/parameter.gif HTTP/1.1" 304 -
201.245.192.253 - - [15/Oct/2014:09:09:22 -0500] "GET /forestReports/webcontent/birt/images/Error.gif HTTP/1.1" 304 -
201.245.192.253 - - [15/Oct/2014:09:09:22 -0500] "GET /forestReports/webcontent/birt/images/PreviousPage_disabled.gif HTTP/1.1" 304 -
201.245.192.253 - - [15/Oct/2014:09:09:22 -0500] "GET /forestReports/webcontent/birt/images/FirstPage_disabled.gif HTTP/1.1" 304 -
201.245.192.253 - - [15/Oct/2014:09:09:22 -0500] "GET /forestReports/webcontent/birt/images/LastPage_disabled.gif HTTP/1.1" 304 -
201.245.192.253 - - [15/Oct/2014:09:09:22 -0500] "GET /forestReports/webcontent/birt/images/NextPage_disabled.gif HTTP/1.1" 304 -
201.245.192.253 - - [15/Oct/2014:09:09:22 -0500] "GET /forestReports/webcontent/birt/images/Go.gif HTTP/1.1" 304 -
201.245.192.253 - - [15/Oct/2014:09:09:22 -0500] "GET /forestReports/webcontent/birt/images/Loading.gif HTTP/1.1" 304 -
201.245.192.253 - - [15/Oct/2014:09:09:22 -0500] "GET /isolucionsda/Jerarquia.asp?Tabla=Proceso&Form=Admon&CampoDisplay=ProcesoDisplayObjetoProceso&CampoHidden=Proceso&bSubmit=True&items=4 HTTP/1.1" 200 10590
190.84.208.187 - - [15/Oct/2014:09:09:22 -0500] "GET /crossdomain.xml HTTP/1.1" 404 1280
201.245.192.253 - - [15/Oct/2014:09:09:22 -0500] "GET /forestReports/webcontent/birt/pages/common/processing.jsp?__rtl=false HTTP/1.1" 200 719
201.245.192.253 - - [15/Oct/2014:09:09:22 -0500] "GET /BLA/boletinlegal/actos.php HTTP/1.1" 200 7534
201.245.192.253 - - [15/Oct/2014:09:09:22 -0500] "POST /forest/frameset?__toolbar=true&__report=forest%2Frpts%2F117.rptdesign&__format=&__app=forest&__sessionId=20141015_091415_061&__dpi=96 HTTP/1.1" 200 51535
181.50.192.137 - - [15/Oct/2014:09:09:22 -0500] "POST /forms/lservlet;jsessionid=ac16012b30d53c3fd5d2976e40ea8333ea0525b72121.e3iSbxaKaheRe34Sa3yKbhiTahb0n6jAmljGr5XDqQLvpAe HTTP/1.1" 200 2
190.84.208.187 - - [15/Oct/2014:09:09:22 -0500] "GET /arcgis/services/Calidad_del_Agua_WQI/MapServer/WMSServer?HEIGHT=955&SERVICE=WMS&SRS=EPSG%3A4686&REQUEST=GetMap&VERSION=1%2E1%2E1&TRANSPARENT=TRUE&BBOX=%2D74%2E04655202992203%2C4%2E7979604773266%2C%2D74%2E02370920426605%2C4%2E80932240362944&STYLES=&WIDTH=1920&FORMAT=image%2Fpng&LAYERS=3%2C4%2C5%2C6%2C7 HTTP/1.1" 200 11714
201.245.192.253 - - [15/Oct/2014:09:09:22 -0500] "GET /forest/preview?__sessionId=20141015_091415_061&__imageid=file2793d5d71490ef731101699.gif HTTP/1.1" 200 2367
201.245.192.253 - - [15/Oct/2014:09:09:22 -0500] "GET /forest/preview?__sessionId=20141015_091415_061&__imageid=file2793d5d71490ef731101698.gif HTTP/1.1" 200 4169
181.50.192.137 - - [15/Oct/2014:09:09:22 -0500] "POST /forms/lservlet;jsessionid=ac16012b30d53c3fd5d2976e40ea8333ea0525b72121.e3iSbxaKaheRe34Sa3yKbhiTahb0n6jAmljGr5XDqQLvpAe HTTP/1.1" 200 2495
181.50.192.137 - - [15/Oct/2014:09:09:23 -0500] "GET /imagenes/Srch_frw.gif HTTP/1.1" 200 925
181.50.192.137 - - [15/Oct/2014:09:09:23 -0500] "POST /forms/lservlet;jsessionid=ac16012b30d53c3fd5d2976e40ea8333ea0525b72121.e3iSbxaKaheRe34Sa3yKbhiTahb0n6jAmljGr5XDqQLvpAe HTTP/1.1" 200 10
181.50.192.137 - - [15/Oct/2014:09:09:23 -0500] "POST /forms/lservlet;jsessionid=ac16012b30d53c3fd5d2976e40ea8333ea0525b72121.e3iSbxaKaheRe34Sa3yKbhiTahb0n6jAmljGr5XDqQLvpAe HTTP/1.1" 200 2
201.245.192.253 - - [15/Oct/2014:09:09:23 -0500] "GET /forest/session.jsp?a=0.3871818848046692 HTTP/1.1" 200 5
201.245.192.253 - - [15/Oct/2014:09:09:23 -0500] "GET /forest/login.jsp?a=0.9365097287178956 HTTP/1.1" 200 2875
181.50.192.137 - - [15/Oct/2014:09:09:23 -0500] "POST /forms/lservlet;jsessionid=ac16012b30d53c3fd5d2976e40ea8333ea0525b72121.e3iSbxaKaheRe34Sa3yKbhiTahb0n6jAmljGr5XDqQLvpAe HTTP/1.1" 200 236
181.50.192.137 - - [15/Oct/2014:09:09:23 -0500] "POST /forms/lservlet;jsessionid=ac16012b30d53c3fd5d2976e40ea8333ea0525b72121.e3iSbxaKaheRe34Sa3yKbhiTahb0n6jAmljGr5XDqQLvpAe HTTP/1.1" 200 11
66.249.65.123 - - [15/Oct/2014:09:09:23 -0500] "GET /BLA/resoluciones/RESOLUCIONES%202009/5961.pdf HTTP/1.1" 200 1105652
201.245.192.253 - - [15/Oct/2014:09:09:25 -0500] "POST /isolucionsda/Jerarquia.asp HTTP/1.1" 200 8099
201.245.192.253 - - [15/Oct/2014:09:09:25 -0500] "POST /isolucionsda/ListadoMaestroDocumentos3.asp HTTP/1.1" 200 16468
186.30.95.113 - - [15/Oct/2014:09:09:26 -0500] "POST /forms/lservlet;jsessionid=ac16012b30d56cf194c0d6e6461a9e24aaf26668d73e.e3iSbxaKaheRe34Sa3yKbhiTahb0n6jAmljGr5XDqQLvpAe HTTP/1.1" 200 2
181.50.192.137 - - [15/Oct/2014:09:09:27 -0500] "POST /forms/lservlet;jsessionid=ac16012b30d53c3fd5d2976e40ea8333ea0525b72121.e3iSbxaKaheRe34Sa3yKbhiTahb0n6jAmljGr5XDqQLvpAe HTTP/1.1" 200 2
201.245.192.253 - - [15/Oct/2014:09:06:27 -0500] "GET /ForestMSG_SDA/channelAsync/template_word_16684522?X-Atmosphere-tracking-id=c82a262b-744a-ecd8-8c55-96d64b85ff44&X-Atmosphere-Framework=1.0.5&X-Atmosphere-Transport=long-polling&tabid=0.35735926199007373&X-Cache-Date=0&Content-Type=application/xml&_=1413382152762 HTTP/1.1" 200 8193
181.50.192.137 - - [15/Oct/2014:09:09:27 -0500] "POST /forms/lservlet;jsessionid=ac16012b30d53c3fd5d2976e40ea8333ea0525b72121.e3iSbxaKaheRe34Sa3yKbhiTahb0n6jAmljGr5XDqQLvpAe HTTP/1.1" 200 4417
181.50.192.137 - - [15/Oct/2014:09:09:28 -0500] "POST /forms/lservlet;jsessionid=ac16012b30d53c3fd5d2976e40ea8333ea0525b72121.e3iSbxaKaheRe34Sa3yKbhiTahb0n6jAmljGr5XDqQLvpAe HTTP/1.1" 200 2
201.245.192.253 - - [15/Oct/2014:09:09:28 -0500] "GET /isolucionsda/FramesetArticulo.asp?Pagina=BancoConocimiento%2FA%2FAtencionalaciudadania%5Fv5%2FAtencionalaciudadania%5Fv5%2Easp&IdArticulo=6867 HTTP/1.1" 200 7277
201.245.192.253 - - [15/Oct/2014:09:09:28 -0500] "GET /isolucionsda/Arriba.asp?Pagina=BancoConocimiento%2FA%2FAtencionalaciudadania%5Fv5%2FAtencionalaciudadania%5Fv5%2Easp&IdArticulo=6867 HTTP/1.1" 200 10539
201.245.192.253 - - [15/Oct/2014:09:09:28 -0500] "GET /isolucionsda/BancoConocimiento/A/Atencionalaciudadania_v5/Atencionalaciudadania_v5.asp?IdArticulo=6867 HTTP/1.1" 200 69299
201.245.192.253 - - [15/Oct/2014:09:09:28 -0500] "GET /isolucionsda/g/vacio1x1.gif HTTP/1.1" 404 5195
181.50.192.137 - - [15/Oct/2014:09:09:29 -0500] "POST /forms/lservlet;jsessionid=ac16012b30d53c3fd5d2976e40ea8333ea0525b72121.e3iSbxaKaheRe34Sa3yKbhiTahb0n6jAmljGr5XDqQLvpAe HTTP/1.1" 200 145
181.50.192.137 - - [15/Oct/2014:09:09:30 -0500] "POST /forms/lservlet;jsessionid=ac16012b30d53c3fd5d2976e40ea8333ea0525b72121.e3iSbxaKaheRe34Sa3yKbhiTahb0n6jAmljGr5XDqQLvpAe HTTP/1.1" 200 2
181.50.192.137 - - [15/Oct/2014:09:09:30 -0500] "POST /forms/lservlet;jsessionid=ac16012b30d53c3fd5d2976e40ea8333ea0525b72121.e3iSbxaKaheRe34Sa3yKbhiTahb0n6jAmljGr5XDqQLvpAe HTTP/1.1" 200 14
181.50.192.137 - - [15/Oct/2014:09:09:32 -0500] "POST /forms/lservlet;jsessionid=ac16012b30d53c3fd5d2976e40ea8333ea0525b72121.e3iSbxaKaheRe34Sa3yKbhiTahb0n6jAmljGr5XDqQLvpAe HTTP/1.1" 200 14
181.50.192.137 - - [15/Oct/2014:09:09:33 -0500] "POST /forms/lservlet;jsessionid=ac16012b30d53c3fd5d2976e40ea8333ea0525b72121.e3iSbxaKaheRe34Sa3yKbhiTahb0n6jAmljGr5XDqQLvpAe HTTP/1.1" 200 14
181.50.192.137 - - [15/Oct/2014:09:09:34 -0500] "POST /forms/lservlet;jsessionid=ac16012b30d53c3fd5d2976e40ea8333ea0525b72121.e3iSbxaKaheRe34Sa3yKbhiTahb0n6jAmljGr5XDqQLvpAe HTTP/1.1" 200 133
181.50.192.137 - - [15/Oct/2014:09:09:37 -0500] "GET /reports/rwservlet/getjobid330009?server=rep_srvapsda HTTP/1.0" 200 47887
181.50.192.137 - - [15/Oct/2014:09:09:38 -0500] "POST /forms/lservlet;jsessionid=ac16012b30d53c3fd5d2976e40ea8333ea0525b72121.e3iSbxaKaheRe34Sa3yKbhiTahb0n6jAmljGr5XDqQLvpAe HTTP/1.1" 200 11
201.245.192.253 - - [15/Oct/2014:09:09:08 -0500] "GET /BLA/boletinlegal/index.php? HTTP/1.1" 200 36352
172.22.2.1 - - [15/Oct/2014:09:09:41 -0500] "GET /autoliquidacion/index.php?dir=Solicitudes+relacionadas+con+calidad+del+aire+auditiva+y+visual%2FEvaluaci%F3n+conceptos+favorabilidad+realizaci%F3n+Eventos%2F HTTP/1.1" 200 3093
190.84.69.14 - - [15/Oct/2014:09:09:41 -0500] "GET /BLA/boletinlegal/js/jquery.scrollShow.js HTTP/1.1" 200 4586
190.84.69.14 - - [15/Oct/2014:09:09:41 -0500] "GET /BLA/boletinlegal/js/jquery.scrollTo-min.js HTTP/1.1" 200 1150
190.84.69.14 - - [15/Oct/2014:09:09:41 -0500] "GET /BLA/boletinlegal/js/jquery.js HTTP/1.1" 200 57254
201.245.192.253 - - [15/Oct/2014:09:09:45 -0500] "GET /BLA/boletinlegal/consulta_actos.php?tipo=autos&no=5781&usuario=&sector=&fecha=2010&resuelve= HTTP/1.1" 200 623
66.249.65.115 - - [15/Oct/2014:09:09:47 -0500] "GET /BLA/resoluciones/RESOLUCIONES%202009/0244.pdf HTTP/1.1" 200 520957
201.245.192.253 - - [15/Oct/2014:09:09:47 -0500] "GET /BLA/boletinlegal/consulta_actos.php?tipo=autos&no=5781&usuario=&sector=&fecha=2010&resuelve= HTTP/1.1" 200 623
201.245.192.253 - - [15/Oct/2014:09:09:47 -0500] "GET /forest/actions/forms.getList?codForm=PRESTAMOEXPE&id=Numeroexpedientenuevo60&text=SDA-08-2008-2326 HTTP/1.1" 200 51
190.84.208.187 - - [15/Oct/2014:09:09:48 -0500] "GET /crossdomain.xml HTTP/1.1" 404 1280
201.245.192.253 - - [15/Oct/2014:09:09:49 -0500] "GET /forest/actions/forms.getMappedValues?id=Numeroexpedientenuevo60&value=1378914957375&codForm=PRESTAMOEXPE&a=0.5297700164373964 HTTP/1.1" 200 35
190.29.83.101 - - [15/Oct/2014:09:09:49 -0500] "GET /BLA/boletinlegal/notificaciones.php HTTP/1.1" 200 3793
190.29.83.101 - - [15/Oct/2014:09:09:49 -0500] "GET /BLA/boletinlegal/styles2.css HTTP/1.1" 200 1838
190.29.83.101 - - [15/Oct/2014:09:09:49 -0500] "GET /BLA/boletinlegal/images/word.png HTTP/1.1" 200 50498
190.29.83.101 - - [15/Oct/2014:09:09:49 -0500] "GET /BLA/boletinlegal/images/menu_bg.jpg HTTP/1.1" 200 620
190.84.208.187 - - [15/Oct/2014:09:09:49 -0500] "GET /arcgis/services/Calidad_del_Agua_WQI/MapServer/WMSServer?HEIGHT=955&SERVICE=WMS&SRS=EPSG%3A4686&REQUEST=GetMap&VERSION=1%2E1%2E1&TRANSPARENT=TRUE&BBOX=%2D74%2E0418478355135%2C4%2E801493976920258%2C%2D74%2E0327107052511%2C4%2E806038747441394&STYLES=&WIDTH=1920&FORMAT=image%2Fpng&LAYERS=3%2C4%2C5%2C6%2C7 HTTP/1.1" 200 11499
190.84.208.187 - - [15/Oct/2014:09:09:49 -0500] "GET /arcgis/services/Calidad_del_Agua_WQI/MapServer/WMSServer?HEIGHT=955&SERVICE=WMS&SRS=EPSG%3A4686&REQUEST=GetMap&VERSION=1%2E1%2E1&TRANSPARENT=TRUE&BBOX=%2D74%2E04065572554957%2C4%2E802548078145841%2C%2D74%2E03608716041838%2C4%2E804820463406409&STYLES=&WIDTH=1920&FORMAT=image%2Fpng&LAYERS=3%2C4%2C5%2C6%2C7 HTTP/1.1" 200 11317
201.245.192.253 - - [15/Oct/2014:09:09:50 -0500] "GET /forest/actions/forms.getList?codForm=PRESTAMOEXPE&id=tercero12&text=IMPORTACIONES%20DOBERMANN%20S.A. HTTP/1.1" 200 61
190.84.208.187 - - [15/Oct/2014:09:09:52 -0500] "GET /arcgis/services/Calidad_del_Agua_WQI/MapServer/WMSServer?HEIGHT=955&SERVICE=WMS&SRS=EPSG%3A4686&REQUEST=GetMap&VERSION=1%2E1%2E1&TRANSPARENT=TRUE&BBOX=%2D74%2E03997282024089%2C4%2E803043006035053%2C%2D74%2E0376885376753%2C4%2E804179198665337&STYLES=&WIDTH=1920&FORMAT=image%2Fpng&LAYERS=3%2C4%2C5%2C6%2C7 HTTP/1.1" 200 10741
201.245.192.253 - - [15/Oct/2014:09:09:51 -0500] "GET /forest/actions/forms.getList?codForm=PRESTAMOEXPE&id=tercero12&text=IMPORTACIONES%20DOBERMANN%20S.A HTTP/1.1" 200 61
190.84.208.187 - - [15/Oct/2014:09:09:56 -0500] "GET /arcgis/services/Calidad_del_Agua_WQI/MapServer/WMSServer?HEIGHT=955&SERVICE=WMS&SRS=EPSG%3A4686&REQUEST=GetMap&VERSION=1%2E1%2E1&TRANSPARENT=TRUE&BBOX=%2D74%2E0405926698329%2C4%2E802506437578239%2C%2D74%2E03602410470171%2C4%2E804778822838807&STYLES=&WIDTH=1920&FORMAT=image%2Fpng&LAYERS=3%2C4%2C5%2C6%2C7 HTTP/1.1" 200 11321
66.249.65.119 - - [15/Oct/2014:09:09:58 -0500] "GET /BLA/resoluciones/RESOLUCIONES%202009/5862.pdf HTTP/1.1" 200 585450
181.50.192.137 - - [15/Oct/2014:09:09:59 -0500] "POST /forms/lservlet;jsessionid=ac16012b30d53c3fd5d2976e40ea8333ea0525b72121.e3iSbxaKaheRe34Sa3yKbhiTahb0n6jAmljGr5XDqQLvpAe HTTP/1.1" 200 2
190.84.208.187 - - [15/Oct/2014:09:09:59 -0500] "GET /crossdomain.xml HTTP/1.1" 404 1280
190.84.208.187 - - [15/Oct/2014:09:09:59 -0500] "GET /arcgis/services/Calidad_del_Agua_WQI/MapServer/WMSServer?HEIGHT=955&SERVICE=WMS&SRS=EPSG%3A4686&REQUEST=GetMap&VERSION=1%2E1%2E1&TRANSPARENT=TRUE&BBOX=%2D74%2E04139986532617%2C4%2E8022884272695565%2C%2D74%2E03226273506378%2C4%2E806833197790692&STYLES=&WIDTH=1920&FORMAT=image%2Fpng&LAYERS=3%2C4%2C5%2C6%2C7 HTTP/1.1" 200 11633
200.26.147.214 - - [15/Oct/2014:09:10:00 -0500] "GET /autoliquidacion/index.php?dir=Solicitudes+relacionadas+con+calidad+del+aire+auditiva+y+visual%2FEvaluaci%F3n+de+estudios+de+Emisiones+con+miras+a+verificar+el+cumplimiento+de+las+normas+de+emisiones%2F HTTP/1.1" 200 3381
200.26.147.214 - - [15/Oct/2014:09:10:00 -0500] "GET /autoliquidacion/dlf/unknown.png HTTP/1.1" 200 266
201.245.192.253 - - [15/Oct/2014:09:10:00 -0500] "POST /isolucionsda/FiltroNoConformidades.asp?buscar=&paginaactual=2 HTTP/1.1" 200 45220
201.245.192.253 - - [15/Oct/2014:09:10:01 -0500] "GET /BLA/boletinlegal/js/jquery.js HTTP/1.1" 304 -
201.245.192.253 - - [15/Oct/2014:09:10:01 -0500] "GET /BLA/boletinlegal/js/jquery.scrollTo-min.js HTTP/1.1" 304 -
201.245.192.253 - - [15/Oct/2014:09:10:01 -0500] "GET /BLA/boletinlegal/js/jquery.scrollShow.js HTTP/1.1" 304 -
201.245.192.253 - - [15/Oct/2014:09:10:01 -0500] "GET /galeria/carrusel/Carrusel/jquery.thumbnailScroller.css HTTP/1.1" 304 -
201.245.192.253 - - [15/Oct/2014:09:10:01 -0500] "GET /galeria/carrusel/Carrusel/jquery-ui-1.8.13.custom.min.js HTTP/1.1" 304 -
201.245.192.253 - - [15/Oct/2014:09:10:02 -0500] "GET /galeria/carrusel/Carrusel/jquery.thumbnailScroller.js HTTP/1.1" 304 -
190.84.208.187 - - [15/Oct/2014:09:10:03 -0500] "GET /arcgis/services/Calidad_del_Agua_WQI/MapServer/WMSServer?HEIGHT=955&SERVICE=WMS&SRS=EPSG%3A4686&REQUEST=GetMap&VERSION=1%2E1%2E1&TRANSPARENT=TRUE&BBOX=%2D74%2E04392675489952%2C4%2E801639455083824%2C%2D74%2E02108392924355%2C4%2E8130013813866634&STYLES=&WIDTH=1920&FORMAT=image%2Fpng&LAYERS=3%2C4%2C5%2C6%2C7 HTTP/1.1" 200 11684
190.84.208.187 - - [15/Oct/2014:09:10:05 -0500] "GET /arcgis/services/Calidad_del_Agua_WQI/MapServer/WMSServer?HEIGHT=955&SERVICE=WMS&SRS=EPSG%3A4686&REQUEST=GetMap&VERSION=1%2E1%2E1&TRANSPARENT=TRUE&BBOX=%2D74%2E04460095011592%2C4%2E799615776765141%2C%2D74%2E02175812445995%2C4%2E810977703067981&STYLES=&WIDTH=1920&FORMAT=image%2Fpng&LAYERS=3%2C4%2C5%2C6%2C7 HTTP/1.1" 200 11760
201.245.192.253 - - [15/Oct/2014:09:10:06 -0500] "GET /galeria/nivo-slider/themes/default/default.css HTTP/1.1" 304 -
201.245.192.253 - - [15/Oct/2014:09:10:06 -0500] "GET /galeria/nivo-slider/themes/pascal/pascal.css HTTP/1.1" 304 -
201.245.192.253 - - [15/Oct/2014:09:10:06 -0500] "GET /galeria/nivo-slider/themes/orman/orman.css HTTP/1.1" 304 -
201.245.192.253 - - [15/Oct/2014:09:10:06 -0500] "GET /galeria/nivo-slider/nivo-slider.css HTTP/1.1" 304 -
201.245.192.253 - - [15/Oct/2014:09:10:06 -0500] "GET /galeria/nivo-slider/demo/images/banner-llantas2.jpg HTTP/1.1" 304 -
201.245.192.253 - - [15/Oct/2014:09:10:06 -0500] "GET /galeria/nivo-slider/demo/images/banner-caballos.png HTTP/1.1" 304 -
201.245.192.253 - - [15/Oct/2014:09:10:06 -0500] "GET /galeria/nivo-slider/demo/images/ConstructorasFNL.jpg HTTP/1.1" 304 -
201.245.192.253 - - [15/Oct/2014:09:10:06 -0500] "GET /galeria/nivo-slider/demo/scripts/jquery-1.7.1.min.js HTTP/1.1" 304 -
201.245.192.253 - - [15/Oct/2014:09:10:06 -0500] "GET /galeria/nivo-slider/jquery.nivo.slider.pack.js HTTP/1.1" 304 -
201.245.192.253 - - [15/Oct/2014:09:10:06 -0500] "GET /galeria/nivo-slider/demo/style.css HTTP/1.1" 304 -
201.245.192.253 - - [15/Oct/2014:09:10:07 -0500] "GET /galeria/nivo-slider/demo/images/4Simple_Slider.png HTTP/1.1" 304 -
201.245.192.253 - - [15/Oct/2014:09:10:07 -0500] "GET /galeria/nivo-slider/themes/default/loading.gif HTTP/1.1" 304 -
201.245.192.253 - - [15/Oct/2014:09:10:09 -0500] "GET /galeria/nivo-slider/themes/default/bullets.png HTTP/1.1" 304 -
201.245.192.253 - - [15/Oct/2014:09:10:09 -0500] "GET /galeria/nivo-slider/themes/default/arrows.png HTTP/1.1" 304 -
37.228.105.212 - - [15/Oct/2014:09:10:10 -0500] "GET /BLA/resoluciones/AUTOS%202007/1501.pdf HTTP/1.1" 200 103561
201.230.57.85 - - [15/Oct/2014:09:10:13 -0500] "GET /BLA/boletinlegal/js/jquery.js HTTP/1.1" 200 57254
201.230.57.85 - - [15/Oct/2014:09:10:13 -0500] "GET /BLA/boletinlegal/js/jquery.scrollTo-min.js HTTP/1.1" 200 1150
201.230.57.85 - - [15/Oct/2014:09:10:13 -0500] "GET /BLA/boletinlegal/js/jquery.scrollShow.js HTTP/1.1" 200 4586
201.245.192.253 - - [15/Oct/2014:09:10:16 -0500] "GET /forest/actions/forms.getList?codForm=PRESTAMOEXPE&id=Funcionario6&text=G HTTP/1.1" 200 1326
201.245.192.253 - - [15/Oct/2014:09:10:16 -0500] "GET /forest/actions/forms.getList?codForm=PRESTAMOEXPE&id=Funcionario6&text=GL HTTP/1.1" 200 558
201.245.192.253 - - [15/Oct/2014:09:10:16 -0500] "GET /forest/actions/forms.getList?codForm=PRESTAMOEXPE&id=Funcionario6&text=GLA HTTP/1.1" 200 188
201.245.192.253 - - [15/Oct/2014:09:10:16 -0500] "GET /forest/actions/forms.getList?codForm=PRESTAMOEXPE&id=Funcionario6&text=GLAD HTTP/1.1" 200 188
201.245.192.253 - - [15/Oct/2014:09:10:16 -0500] "GET /forest/actions/forms.getList?codForm=PRESTAMOEXPE&id=Funcionario6&text=GLADY HTTP/1.1" 200 188
201.245.192.253 - - [15/Oct/2014:09:10:17 -0500] "GET /forest/actions/forms.getList?codForm=PRESTAMOEXPE&id=Funcionario6&text=GLADYS HTTP/1.1" 200 188
37.228.107.30 - - [15/Oct/2014:09:10:17 -0500] "GET /BLA/boletinlegal/js/jquery.js HTTP/1.1" 200 57254
201.245.192.253 - - [15/Oct/2014:09:10:17 -0500] "GET /forest/actions/forms.getList?codForm=PRESTAMOEXPE&id=Funcionario6&text=GLADYS%20 HTTP/1.1" 200 188
201.245.192.253 - - [15/Oct/2014:09:10:17 -0500] "GET /forest/actions/forms.getList?codForm=PRESTAMOEXPE&id=Funcionario6&text=GLADYS%20T HTTP/1.1" 200 63
37.228.107.30 - - [15/Oct/2014:09:10:17 -0500] "GET /BLA/boletinlegal/js/jquery.scrollTo-min.js HTTP/1.1" 200 1150
37.228.107.30 - - [15/Oct/2014:09:10:17 -0500] "GET /BLA/boletinlegal/js/jquery.scrollShow.js HTTP/1.1" 200 4586
201.245.192.253 - - [15/Oct/2014:09:10:17 -0500] "GET /forest/actions/forms.getList?codForm=PRESTAMOEXPE&id=Funcionario6&text=GLADYS%20TA HTTP/1.1" 200 63
201.245.192.253 - - [15/Oct/2014:09:10:18 -0500] "GET /forest/actions/forms.getList?codForm=PRESTAMOEXPE&id=Funcionario6&text=GLADYS%20TAR HTTP/1.1" 200 63
201.245.192.253 - - [15/Oct/2014:09:10:18 -0500] "GET /forest/actions/forms.getList?codForm=PRESTAMOEXPE&id=Funcionario6&text=GLADYS%20TARQ HTTP/1.1" 200 63
201.245.192.253 - - [15/Oct/2014:09:10:18 -0500] "GET /forest/actions/forms.getList?codForm=PRESTAMOEXPE&id=Funcionario6&text=GLADYS%20TARQU HTTP/1.1" 200 63
201.245.192.253 - - [15/Oct/2014:09:10:18 -0500] "GET /forest/actions/forms.getList?codForm=PRESTAMOEXPE&id=Funcionario6&text=GLADYS%20TARQUI HTTP/1.1" 200 63
37.228.107.30 - - [15/Oct/2014:09:10:18 -0500] "GET /galeria/nivo-slider/demo/demo.html HTTP/1.1" 200 3169
37.228.107.30 - - [15/Oct/2014:09:10:18 -0500] "GET /galeria/nivo-slider/demo/images/Tingua-azul.jpg HTTP/1.1" 200 307638
37.228.107.30 - - [15/Oct/2014:09:10:18 -0500] "GET /galeria/carrusel/Carrusel/jquery-ui-1.8.13.custom.min.js HTTP/1.1" 200 10800
37.228.107.30 - - [15/Oct/2014:09:10:18 -0500] "GET /galeria/nivo-slider/themes/default/default.css HTTP/1.1" 200 1569
37.228.107.30 - - [15/Oct/2014:09:10:18 -0500] "GET /galeria/nivo-slider/themes/orman/orman.css HTTP/1.1" 200 2152
37.228.107.30 - - [15/Oct/2014:09:10:18 -0500] "GET /galeria/nivo-slider/themes/pascal/pascal.css HTTP/1.1" 200 2258
37.228.107.30 - - [15/Oct/2014:09:10:18 -0500] "GET /galeria/nivo-slider/demo/style.css HTTP/1.1" 200 2222
37.228.107.30 - - [15/Oct/2014:09:10:18 -0500] "GET /galeria/nivo-slider/nivo-slider.css HTTP/1.1" 200 1507
37.228.107.30 - - [15/Oct/2014:09:10:18 -0500] "GET /galeria/nivo-slider/demo/images/EncuentroAgua1.jpg HTTP/1.1" 200 274179
37.228.107.30 - - [15/Oct/2014:09:10:18 -0500] "GET /galeria/nivo-slider/demo/images/Banner-Caracol-Africano.jpg HTTP/1.1" 200 331986
37.228.107.30 - - [15/Oct/2014:09:10:18 -0500] "GET /galeria/nivo-slider/demo/images/9Signos.jpg HTTP/1.1" 200 93040
37.228.107.30 - - [15/Oct/2014:09:10:18 -0500] "GET /galeria/nivo-slider/demo/images/banner-encuesta.jpg HTTP/1.1" 200 42764
37.228.107.30 - - [15/Oct/2014:09:10:18 -0500] "GET /galeria/nivo-slider/demo/images/banner-llantas2.jpg HTTP/1.1" 200 73153
37.228.107.30 - - [15/Oct/2014:09:10:18 -0500] "GET /galeria/nivo-slider/demo/images/Hacienda_Molinos.jpg HTTP/1.1" 200 319171
37.228.107.30 - - [15/Oct/2014:09:10:18 -0500] "GET /galeria/nivo-slider/demo/images/banner-caballos.png HTTP/1.1" 200 389106
37.228.107.30 - - [15/Oct/2014:09:10:18 -0500] "GET /galeria/nivo-slider/demo/images/bannerEcolecta3.jpg HTTP/1.1" 200 280034
37.228.107.30 - - [15/Oct/2014:09:10:18 -0500] "GET /galeria/nivo-slider/demo/images/ConstructorasFNL.jpg HTTP/1.1" 200 216551
37.228.107.30 - - [15/Oct/2014:09:10:18 -0500] "GET /galeria/nivo-slider/demo/scripts/jquery-1.7.1.min.js HTTP/1.1" 200 93868
201.245.192.253 - - [15/Oct/2014:09:10:18 -0500] "GET /forest/actions/forms.getList?codForm=PRESTAMOEXPE&id=Funcionario6&text=GLADYS%20TARQUIN HTTP/1.1" 200 63
37.228.107.30 - - [15/Oct/2014:09:10:18 -0500] "GET /galeria/carrusel/Carrusel/jquery.thumbnailScroller.css HTTP/1.1" 200 2066
37.228.107.30 - - [15/Oct/2014:09:10:18 -0500] "GET /galeria/carrusel/Carrusel/jquery.thumbnailScroller.js HTTP/1.1" 200 8157
201.245.192.253 - - [15/Oct/2014:09:10:19 -0500] "GET /forest/actions/forms.getList?codForm=PRESTAMOEXPE&id=Funcionario6&text=GLADYS%20TARQUINO HTTP/1.1" 200 63
37.228.107.30 - - [15/Oct/2014:09:10:19 -0500] "GET /galeria/nivo-slider/jquery.nivo.slider.pack.js HTTP/1.1" 200 11561
37.228.105.212 - - [15/Oct/2014:09:10:19 -0500] "GET /BLA/resoluciones/AUTOS%202007/1501.pdf HTTP/1.1" 200 103561
37.228.107.30 - - [15/Oct/2014:09:10:20 -0500] "GET /galeria/nivo-slider/demo/images/4Simple_Slider.png HTTP/1.1" 200 11722
37.228.107.30 - - [15/Oct/2014:09:10:20 -0500] "GET /galeria/nivo-slider/themes/default/loading.gif HTTP/1.1" 200 1737
37.228.107.30 - - [15/Oct/2014:09:10:21 -0500] "GET /galeria/nivo-slider/themes/default/arrows.png HTTP/1.1" 200 824
37.228.107.30 - - [15/Oct/2014:09:10:21 -0500] "GET /galeria/nivo-slider/themes/default/bullets.png HTTP/1.1" 200 1281
201.245.192.253 - - [15/Oct/2014:09:10:21 -0500] "GET /forest/actions/forms.getList?codForm=PRESTAMOEXPE&id=Numeroexpedientenuevo60&text=SDA-08-2008-2326 HTTP/1.1" 200 51
37.228.105.212 - - [15/Oct/2014:09:10:23 -0500] "GET /BLA/resoluciones/AUTOS%202007/1501.pdf HTTP/1.1" 200 103561
201.245.192.253 - - [15/Oct/2014:09:10:24 -0500] "GET /forest/actions/forms.getMappedValues?id=Numeroexpedientenuevo60&value=1378914957375&codForm=PRESTAMOEXPE&a=0.5309846801683307 HTTP/1.1" 200 35
201.245.192.253 - - [15/Oct/2014:09:10:27 -0500] "GET /galeria/nivo-slider/themes/default/default.css HTTP/1.1" 304 -
200.26.147.214 - - [15/Oct/2014:09:10:29 -0500] "GET /autoliquidacion/index.php?dir=Solicitudes+relacionadas+con+calidad+del+aire+auditiva+y+visual%2FAcompa%F1amiento+para+muestreo+isocin%E9tico+y+o+determinaciones+de+emisiones+a+fuentes+fijas%2F HTTP/1.1" 200 5703
200.26.147.214 - - [15/Oct/2014:09:10:29 -0500] "GET /autoliquidacion/dlf/pdf.gif HTTP/1.1" 200 272
200.26.147.214 - - [15/Oct/2014:09:10:29 -0500] "GET /autoliquidacion/dlf/xls.gif HTTP/1.1" 200 636
66.249.65.123 - - [15/Oct/2014:09:10:33 -0500] "GET /BLA/resoluciones/RESOLUCIONES%202011/4683.pdf HTTP/1.1" 200 611914
201.245.192.253 - - [15/Oct/2014:09:10:33 -0500] "GET /isolucionsda/NoConformidadISOlucion.asp?Id_NoConformidad=358&CodtipoNoConf=4 HTTP/1.1" 200 57734
201.245.192.253 - - [15/Oct/2014:09:10:35 -0500] "POST /forest/actions/forms.saveForm?codPro=90 HTTP/1.1" 200 284
201.245.192.253 - - [15/Oct/2014:09:10:36 -0500] "GET /forest/index2.jsp?group_system_actual=5&a=0.66012595128268 HTTP/1.1" 200 177547
201.245.192.253 - - [15/Oct/2014:09:10:38 -0500] "GET /forest/session.jsp?a=0.2538506886921823 HTTP/1.1" 200 4
190.253.133.192 - - [15/Oct/2014:09:10:38 -0500] "GET /BLA/boletinlegal/js/jquery.js HTTP/1.1" 200 57254
190.253.133.192 - - [15/Oct/2014:09:10:38 -0500] "GET /BLA/boletinlegal/js/jquery.scrollTo-min.js HTTP/1.1" 200 1150
190.253.133.192 - - [15/Oct/2014:09:10:38 -0500] "GET /BLA/boletinlegal/js/jquery.scrollShow.js HTTP/1.1" 200 4586
201.245.192.253 - - [15/Oct/2014:09:10:39 -0500] "GET /forest/forms/showform.jsp?codPro=90&codForm=PRESTAMOEXPE&a=0.5420442495960742 HTTP/1.1" 200 16735
201.245.192.253 - - [15/Oct/2014:09:10:39 -0500] "GET /isolucionsda/FrameSetGeneral.asp?Pagina=Menu.asp&IdModulo=7 HTTP/1.1" 200 6455
201.245.192.253 - - [15/Oct/2014:09:10:39 -0500] "GET /isolucionsda/Encabezado.asp?Pagina=Menu.asp&IdModulo=7 HTTP/1.1" 200 15719
201.245.192.253 - - [15/Oct/2014:09:10:39 -0500] "GET /isolucionsda/BarraTitulos.asp?Pagina=Menu.asp&IdModulo=7 HTTP/1.1" 200 6865
201.245.192.253 - - [15/Oct/2014:09:10:39 -0500] "GET /isolucionsda/BarraFavoritos.asp HTTP/1.1" 200 911
201.245.192.253 - - [15/Oct/2014:09:10:39 -0500] "GET /isolucionsda/Session.asp?Continue=1 HTTP/1.1" 200 6196
181.50.192.137 - - [15/Oct/2014:09:10:39 -0500] "POST /forms/lservlet;jsessionid=ac16012b30d53c3fd5d2976e40ea8333ea0525b72121.e3iSbxaKaheRe34Sa3yKbhiTahb0n6jAmljGr5XDqQLvpAe HTTP/1.1" 200 2
201.245.192.253 - - [15/Oct/2014:09:10:39 -0500] "GET /isolucionsda/Menu.asp?Pagina=Menu.asp&IdModulo=7 HTTP/1.1" 200 30437
181.50.192.137 - - [15/Oct/2014:09:10:39 -0500] "POST /forms/lservlet;jsessionid=ac16012b30d53c3fd5d2976e40ea8333ea0525b72121.e3iSbxaKaheRe34Sa3yKbhiTahb0n6jAmljGr5XDqQLvpAe HTTP/1.1" 200 84
181.50.192.137 - - [15/Oct/2014:09:10:40 -0500] "POST /forms/lservlet;jsessionid=ac16012b30d53c3fd5d2976e40ea8333ea0525b72121.e3iSbxaKaheRe34Sa3yKbhiTahb0n6jAmljGr5XDqQLvpAe HTTP/1.1" 200 7
201.245.192.253 - - [15/Oct/2014:09:10:42 -0500] "GET /isolucionsda/FrameSetGeneral.asp?Pagina=Menu.asp&IdModulo=4 HTTP/1.1" 200 6455
201.245.192.253 - - [15/Oct/2014:09:10:42 -0500] "GET /isolucionsda/Encabezado.asp?Pagina=Menu.asp&IdModulo=4 HTTP/1.1" 200 15698
201.245.192.253 - - [15/Oct/2014:09:10:42 -0500] "GET /isolucionsda/Session.asp?Continue=1 HTTP/1.1" 200 6196
201.245.192.253 - - [15/Oct/2014:09:10:42 -0500] "GET /isolucionsda/BarraFavoritos.asp HTTP/1.1" 200 911
201.245.192.253 - - [15/Oct/2014:09:10:42 -0500] "GET /isolucionsda/BarraTitulos.asp?Pagina=Menu.asp&IdModulo=4 HTTP/1.1" 200 6857
201.245.192.253 - - [15/Oct/2014:09:10:42 -0500] "GET /isolucionsda/Menu.asp?Pagina=Menu.asp&IdModulo=4 HTTP/1.1" 200 17856
201.245.192.253 - - [15/Oct/2014:09:10:42 -0500] "GET /forest/actions/forms.getList?codForm=PRESTAMOEXPE&id=Numeroexpedientenuevo60&text=0 HTTP/1.1" 200 677
201.245.192.253 - - [15/Oct/2014:09:10:43 -0500] "GET /forest/actions/forms.getList?codForm=PRESTAMOEXPE&id=Numeroexpedientenuevo60&text=05 HTTP/1.1" 200 665
201.245.192.253 - - [15/Oct/2014:09:10:43 -0500] "GET /isolucionsda/FrameSetGeneral.asp?Pagina=ListadoMaestroDocumentos3.asp HTTP/1.1" 200 6506
201.245.192.253 - - [15/Oct/2014:09:10:43 -0500] "GET /isolucionsda/Encabezado.asp?Pagina=ListadoMaestroDocumentos3.asp HTTP/1.1" 200 15698
201.245.192.253 - - [15/Oct/2014:09:10:43 -0500] "GET /isolucionsda/BarraFavoritos.asp HTTP/1.1" 200 911
201.245.192.253 - - [15/Oct/2014:09:10:43 -0500] "GET /forest/actions/forms.getList?codForm=PRESTAMOEXPE&id=Numeroexpedientenuevo60&text=05- HTTP/1.1" 200 810
201.245.192.253 - - [15/Oct/2014:09:10:43 -0500] "GET /isolucionsda/Session.asp?Continue=1 HTTP/1.1" 200 6196
201.245.192.253 - - [15/Oct/2014:09:10:43 -0500] "GET /isolucionsda/BarraTitulos.asp?Pagina=ListadoMaestroDocumentos3.asp HTTP/1.1" 200 6857
201.245.192.253 - - [15/Oct/2014:09:10:43 -0500] "GET /isolucionsda/ListadoMaestroDocumentos3.asp?Pagina=ListadoMaestroDocumentos3.asp HTTP/1.1" 200 11339
201.245.192.253 - - [15/Oct/2014:09:10:43 -0500] "GET /forest/actions/forms.getList?codForm=PRESTAMOEXPE&id=Numeroexpedientenuevo60&text=05-2 HTTP/1.1" 200 805
200.26.147.214 - - [15/Oct/2014:09:10:43 -0500] "GET /autoliquidacion/index.php?dir=Solicitudes+relacionadas+con+calidad+del+aire+auditiva+y+visual%2FEvaluaci%F3n+de+permisos+de+emisi%F3n+para+fuentes+fijas%2F HTTP/1.1" 200 3894
201.245.192.253 - - [15/Oct/2014:09:10:43 -0500] "GET /forest/actions/forms.getList?codForm=PRESTAMOEXPE&id=Numeroexpedientenuevo60&text=05-20 HTTP/1.1" 200 807
201.245.192.253 - - [15/Oct/2014:09:10:44 -0500] "GET /forest/actions/forms.getList?codForm=PRESTAMOEXPE&id=Numeroexpedientenuevo60&text=05-200 HTTP/1.1" 200 890
201.245.192.253 - - [15/Oct/2014:09:10:44 -0500] "GET /forest/actions/forms.getList?codForm=PRESTAMOEXPE&id=Numeroexpedientenuevo60&text=05-2006 HTTP/1.1" 200 817
201.245.192.253 - - [15/Oct/2014:09:10:44 -0500] "GET /forest/actions/forms.getList?codForm=PRESTAMOEXPE&id=Numeroexpedientenuevo60&text=05-2006- HTTP/1.1" 200 817
201.245.192.253 - - [15/Oct/2014:09:10:44 -0500] "GET /forest/actions/forms.getList?codForm=PRESTAMOEXPE&id=Numeroexpedientenuevo60&text=05-2006-7 HTTP/1.1" 200 759
201.245.192.253 - - [15/Oct/2014:09:10:44 -0500] "GET /forest/actions/forms.getList?codForm=PRESTAMOEXPE&id=Numeroexpedientenuevo60&text=05-2006-78 HTTP/1.1" 200 201
201.245.192.253 - - [15/Oct/2014:09:10:45 -0500] "GET /forest/actions/forms.getList?codForm=PRESTAMOEXPE&id=Numeroexpedientenuevo60&text=05-2006-781 HTTP/1.1" 200 41
201.245.192.253 - - [15/Oct/2014:09:10:45 -0500] "POST /forms/lservlet;jsessionid=ac16012b30d5af479328f7be47719a85c37f46bb9309.e3iSbxaKaheRe34Sa3yKbhiTahb0n6jAmljGr5XDqQLvpAe HTTP/1.1" 200 2
201.245.192.253 - - [15/Oct/2014:09:10:46 -0500] "GET /forest/actions/forms.getMappedValues?id=Numeroexpedientenuevo60&value=14922&codForm=PRESTAMOEXPE&a=0.7304881091695279 HTTP/1.1" 200 33
201.245.192.253 - - [15/Oct/2014:09:10:48 -0500] "POST /isolucionsda/ListadoMaestroDocumentos3.asp HTTP/1.1" 200 11752
201.245.192.253 - - [15/Oct/2014:09:10:48 -0500] "GET /isolucionsda/FrameSetArticulo.asp?Pagina=/isolucionsda/bancoconocimiento/P/PlanillaRelacionentregadecorrespondencia_v5/PlanillaRelacionentregadecorrespondencia_v5.asp?IdArticulo=6909 HTTP/1.1" 200 7477
201.245.192.253 - - [15/Oct/2014:09:10:48 -0500] "GET /isolucionsda/bancoconocimiento/P/PlanillaRelacionentregadecorrespondencia_v5/PlanillaRelacionentregadecorrespondencia_v5.asp?IdArticulo=6909 HTTP/1.1" 200 205
201.245.192.253 - - [15/Oct/2014:09:10:48 -0500] "GET /isolucionsda/Arriba.asp?Pagina=/isolucionsda/bancoconocimiento/P/PlanillaRelacionentregadecorrespondencia_v5/PlanillaRelacionentregadecorrespondencia_v5.asp?IdArticulo=6909 HTTP/1.1" 200 10624
201.245.192.253 - - [15/Oct/2014:09:10:48 -0500] "GET /isolucionsda/bancoconocimiento/P/PlanillaRelacionentregadecorrespondencia_v5/PlanillaRelacionentregadecorrespondencia_v5.asp?IdArticulo=6909 HTTP/1.1" 302 143
200.26.147.214 - - [15/Oct/2014:09:10:49 -0500] "GET /autoliquidacion/Solicitudes%20relacionadas%20con%20calidad%20del%20aire%20auditiva%20y%20visual/Evaluaci%C3%B3n%20de%20permisos%20de%20emisi%C3%B3n%20para%20fuentes%20fijas/Aplicativo%20Permiso%20de%20Emisiones%202014%20Evaluaci%C3%B3n%20y%20Seguimiento%20SCAAV%20DEF.xlsx HTTP/1.1" 200 169520
201.245.192.253 - - [15/Oct/2014:09:10:48 -0500] "GET /isolucionsda/bancoconocimiento/P/PlanillaRelacionentregadecorrespondencia_v5/126pg02-pr04-f-a40.doc HTTP/1.1" 200 813056
201.245.192.253 - - [15/Oct/2014:09:10:54 -0500] "GET /forest/actions/forms.getList?codForm=PRESTAMOEXPE&id=Numeroexpedientenuevo60&text=DM-05-2006-781 HTTP/1.1" 200 41
90.171.102.83 - - [15/Oct/2014:09:10:55 -0500] "GET / HTTP/1.1" 302 -
201.245.192.253 - - [15/Oct/2014:09:10:55 -0500] "GET /forest/actions/forms.getMappedValues?id=Numeroexpedientenuevo60&value=14922&codForm=PRESTAMOEXPE&a=0.2854253500699997 HTTP/1.1" 200 33
201.245.192.253 - - [15/Oct/2014:09:10:57 -0500] "GET /forest/buscar.do HTTP/1.1" 200 96527
201.245.192.253 - - [15/Oct/2014:09:10:57 -0500] "GET /forest/css/autocomplete.css?version=1408.271930 HTTP/1.1" 304 -
201.245.192.253 - - [15/Oct/2014:09:10:57 -0500] "GET /forest/js/dialog.js?version=1408.271930 HTTP/1.1" 304 -
201.245.192.253 - - [15/Oct/2014:09:10:57 -0500] "GET /forest/js/load_func.js?version=1408.271930 HTTP/1.1" 304 -
201.245.192.253 - - [15/Oct/2014:09:10:57 -0500] "GET /forest/js/sarissa.js?version=1408.271930 HTTP/1.1" 304 -
201.245.192.253 - - [15/Oct/2014:09:10:57 -0500] "GET /forest/js/autocompletar2.js?version=1408.271930 HTTP/1.1" 304 -
201.245.192.253 - - [15/Oct/2014:09:10:57 -0500] "GET /forest/1ibre/protoaculous.js?version=1408.271930 HTTP/1.1" 304 -
201.245.192.253 - - [15/Oct/2014:09:10:57 -0500] "GET /forest/js/escritorio/escritorio.js?version=1408.271930 HTTP/1.1" 304 -
201.245.192.253 - - [15/Oct/2014:09:10:57 -0500] "GET /forest/1ibre/jscalendar/lang/calendar-es.js?version=1408.271930 HTTP/1.1" 304 -
201.245.192.253 - - [15/Oct/2014:09:10:57 -0500] "GET /forest/1ibre/jscalendar/calendar.js?version=1408.271930 HTTP/1.1" 304 -
201.245.192.253 - - [15/Oct/2014:09:10:57 -0500] "GET /forest/1ibre/1ibre.js?version=1408.271930 HTTP/1.1" 304 -
201.245.192.253 - - [15/Oct/2014:09:10:57 -0500] "GET /forest/1ibre/jscalendar/calendar-setup.js?version=1408.271930 HTTP/1.1" 304 -
201.245.192.253 - - [15/Oct/2014:09:10:57 -0500] "POST /forest/parameter HTTP/1.1" 200 6586
181.50.192.137 - - [15/Oct/2014:09:10:57 -0500] "POST /forms/lservlet;jsessionid=ac16012b30d53c3fd5d2976e40ea8333ea0525b72121.e3iSbxaKaheRe34Sa3yKbhiTahb0n6jAmljGr5XDqQLvpAe HTTP/1.1" 200 2
201.245.192.253 - - [15/Oct/2014:09:10:58 -0500] "GET /forest/json.do?query=usersByDep&coddep=7025 HTTP/1.1" 200 726
201.245.192.253 - - [15/Oct/2014:09:10:58 -0500] "GET /forest/json.do?query=usersByDep&coddep=7025 HTTP/1.1" 200 726
181.50.192.137 - - [15/Oct/2014:09:10:58 -0500] "POST /forms/lservlet;jsessionid=ac16012b30d53c3fd5d2976e40ea8333ea0525b72121.e3iSbxaKaheRe34Sa3yKbhiTahb0n6jAmljGr5XDqQLvpAe HTTP/1.1" 200 41
181.50.192.137 - - [15/Oct/2014:09:10:58 -0500] "POST /forms/lservlet;jsessionid=ac16012b30d53c3fd5d2976e40ea8333ea0525b72121.e3iSbxaKaheRe34Sa3yKbhiTahb0n6jAmljGr5XDqQLvpAe HTTP/1.1" 200 7
190.84.56.157 - - [15/Oct/2014:09:10:58 -0500] "POST /forms/lservlet;jsessionid=ac16012b30d567df56f0bf0f493b8e2b928ce0c690ef.e3iSbxaKaheRe34Sa3yKbhiTahb0n6jAmljGr5XDqQLvpAe HTTP/1.1" 200 2
201.245.192.253 - - [15/Oct/2014:09:11:00 -0500] "POST /forest/frameset? HTTP/1.1" 200 53276
201.245.192.253 - - [15/Oct/2014:09:11:00 -0500] "GET /forestReports/webcontent/birt/pages/common/processing.jsp?__rtl=false HTTP/1.1" 200 719
201.245.192.253 - - [15/Oct/2014:09:11:00 -0500] "GET /forestReports/webcontent/birt/pages/common/processing.jsp?__rtl=false HTTP/1.1" 200 719
90.171.102.83 - - [15/Oct/2014:09:11:00 -0500] "GET /BLA/boletinlegal/js/jquery.js HTTP/1.1" 200 57254
90.171.102.83 - - [15/Oct/2014:09:11:00 -0500] "GET /galeria/carrusel/Carrusel/jquery.thumbnailScroller.css HTTP/1.1" 200 2066
90.171.102.83 - - [15/Oct/2014:09:11:00 -0500] "GET /BLA/boletinlegal/js/jquery.scrollTo-min.js HTTP/1.1" 200 1150
90.171.102.83 - - [15/Oct/2014:09:11:00 -0500] "GET /BLA/boletinlegal/js/jquery.scrollShow.js HTTP/1.1" 200 4586
90.171.102.83 - - [15/Oct/2014:09:11:00 -0500] "GET /galeria/carrusel/Carrusel/jquery-ui-1.8.13.custom.min.js HTTP/1.1" 200 10800
90.171.102.83 - - [15/Oct/2014:09:11:00 -0500] "GET /galeria/carrusel/Carrusel/jquery.thumbnailScroller.js HTTP/1.1" 200 8157
201.245.192.253 - - [15/Oct/2014:09:11:00 -0500] "POST /forest/frameset?__toolbar=true&__report=forest%2Frpts%2F117.rptdesign&__format=&__app=forest&__sessionIdOLD=20141015_091415_061&__sessionId=20141015_091553_338&__dpi=96 HTTP/1.1" 200 26142
201.245.192.253 - - [15/Oct/2014:09:11:02 -0500] "GET /forest/preview?__sessionId=20141015_091553_338&__imageid=file2793d5d71490ef731101701.gif HTTP/1.1" 200 2367
201.245.192.253 - - [15/Oct/2014:09:11:02 -0500] "GET /forest/preview?__sessionId=20141015_091553_338&__imageid=file2793d5d71490ef731101700.gif HTTP/1.1" 200 4169
