186.84.48.69 - - [17/Oct/2014:08:19:26 -0500] "POST /forms/lservlet;jsessionid=ac16012b30d5316e179f20d944338a0aaf45d27f6b9d.e3iSbxaKaheRe34Sa3yKbhiTahb0n6jAmljGr5XDqQLvpAe HTTP/1.1" 200 2
201.245.192.253 - - [17/Oct/2014:08:19:26 -0500] "GET /forest/buscar.do?type=procesos HTTP/1.1" 200 96539
201.245.192.253 - - [17/Oct/2014:08:19:26 -0500] "GET /forest/css/autocomplete.css?version=1408.271930 HTTP/1.1" 304 -
201.245.192.253 - - [17/Oct/2014:08:19:26 -0500] "GET /forest/js/load_func.js?version=1408.271930 HTTP/1.1" 304 -
201.245.192.253 - - [17/Oct/2014:08:19:26 -0500] "GET /forest/js/dialog.js?version=1408.271930 HTTP/1.1" 304 -
201.245.192.253 - - [17/Oct/2014:08:19:26 -0500] "GET /forest/js/autocompletar2.js?version=1408.271930 HTTP/1.1" 304 -
201.245.192.253 - - [17/Oct/2014:08:19:26 -0500] "GET /forest/1ibre/protoaculous.js?version=1408.271930 HTTP/1.1" 304 -
201.245.192.253 - - [17/Oct/2014:08:19:26 -0500] "GET /forest/1ibre/jscalendar/lang/calendar-es.js?version=1408.271930 HTTP/1.1" 304 -
201.245.192.253 - - [17/Oct/2014:08:19:26 -0500] "GET /forest/1ibre/jscalendar/calendar.js?version=1408.271930 HTTP/1.1" 304 -
201.245.192.253 - - [17/Oct/2014:08:19:26 -0500] "GET /forest/1ibre/1ibre.js?version=1408.271930 HTTP/1.1" 304 -
201.245.192.253 - - [17/Oct/2014:08:19:26 -0500] "GET /forest/js/sarissa.js?version=1408.271930 HTTP/1.1" 304 -
201.245.192.253 - - [17/Oct/2014:08:19:26 -0500] "GET /forest/js/escritorio/escritorio.js?version=1408.271930 HTTP/1.1" 304 -
201.245.192.253 - - [17/Oct/2014:08:19:26 -0500] "GET /forest/1ibre/jscalendar/calendar-setup.js?version=1408.271930 HTTP/1.1" 304 -
201.245.192.253 - - [17/Oct/2014:08:19:26 -0500] "GET /forest/json.do?query=usersByDep&coddep=7025 HTTP/1.1" 200 919
201.245.192.253 - - [17/Oct/2014:08:19:26 -0500] "GET /forest/json.do?query=usersByDep&coddep=7025 HTTP/1.1" 200 919
190.24.253.24 - - [17/Oct/2014:08:19:31 -0500] "GET /galeria/nivo-slider/demo/demo.html HTTP/1.1" 200 3169
190.24.253.24 - - [17/Oct/2014:08:19:31 -0500] "GET /galeria/nivo-slider/themes/default/default.css HTTP/1.1" 200 1569
190.24.253.24 - - [17/Oct/2014:08:19:31 -0500] "GET /galeria/nivo-slider/themes/pascal/pascal.css HTTP/1.1" 200 2258
190.24.253.24 - - [17/Oct/2014:08:19:31 -0500] "GET /galeria/nivo-slider/themes/orman/orman.css HTTP/1.1" 200 2152
190.24.253.24 - - [17/Oct/2014:08:19:31 -0500] "GET /galeria/nivo-slider/nivo-slider.css HTTP/1.1" 200 1507
190.24.253.24 - - [17/Oct/2014:08:19:31 -0500] "GET /galeria/nivo-slider/demo/images/EncuentroAgua1.jpg HTTP/1.1" 200 274179
190.24.253.24 - - [17/Oct/2014:08:19:31 -0500] "GET /galeria/nivo-slider/demo/style.css HTTP/1.1" 200 2222
190.24.253.24 - - [17/Oct/2014:08:19:31 -0500] "GET /galeria/nivo-slider/demo/images/Tingua-azul.jpg HTTP/1.1" 200 307638
186.84.48.69 - - [17/Oct/2014:08:19:31 -0500] "POST /forms/lservlet;jsessionid=ac16012b30d5316e179f20d944338a0aaf45d27f6b9d.e3iSbxaKaheRe34Sa3yKbhiTahb0n6jAmljGr5XDqQLvpAe HTTP/1.1" 200 2
190.24.253.24 - - [17/Oct/2014:08:19:31 -0500] "GET /galeria/nivo-slider/demo/images/Banner-Caracol-Africano.jpg HTTP/1.1" 200 331986
190.24.253.24 - - [17/Oct/2014:08:19:31 -0500] "GET /galeria/nivo-slider/demo/images/9Signos.jpg HTTP/1.1" 200 93040
190.24.253.24 - - [17/Oct/2014:08:19:31 -0500] "GET /galeria/nivo-slider/demo/images/banner-encuesta.jpg HTTP/1.1" 200 42764
190.24.253.24 - - [17/Oct/2014:08:19:31 -0500] "GET /galeria/nivo-slider/demo/images/banner-llantas2.jpg HTTP/1.1" 200 73153
190.24.253.24 - - [17/Oct/2014:08:19:31 -0500] "GET /galeria/nivo-slider/demo/images/banner-caballos.png HTTP/1.1" 200 389106
190.24.253.24 - - [17/Oct/2014:08:19:32 -0500] "GET /galeria/nivo-slider/demo/images/ConstructorasFNL.jpg HTTP/1.1" 200 216551
186.84.48.69 - - [17/Oct/2014:08:19:31 -0500] "POST /forms/lservlet;jsessionid=ac16012b30d5316e179f20d944338a0aaf45d27f6b9d.e3iSbxaKaheRe34Sa3yKbhiTahb0n6jAmljGr5XDqQLvpAe HTTP/1.1" 200 14
190.24.253.24 - - [17/Oct/2014:08:19:32 -0500] "GET /galeria/nivo-slider/demo/scripts/jquery-1.7.1.min.js HTTP/1.1" 200 93868
190.24.253.24 - - [17/Oct/2014:08:19:32 -0500] "GET /galeria/nivo-slider/jquery.nivo.slider.pack.js HTTP/1.1" 200 11561
190.24.253.24 - - [17/Oct/2014:08:19:32 -0500] "GET /galeria/nivo-slider/demo/images/EncuentroAgua1.jpg HTTP/1.1" 206 1
190.24.253.24 - - [17/Oct/2014:08:19:32 -0500] "GET /galeria/nivo-slider/demo/images/Banner-Caracol-Africano.jpg HTTP/1.1" 206 1
190.24.253.24 - - [17/Oct/2014:08:19:32 -0500] "GET /galeria/nivo-slider/demo/images/Tingua-azul.jpg HTTP/1.1" 206 1
190.24.253.24 - - [17/Oct/2014:08:19:32 -0500] "GET /galeria/nivo-slider/demo/images/banner-llantas2.jpg HTTP/1.1" 206 1
190.24.253.24 - - [17/Oct/2014:08:19:32 -0500] "GET /galeria/nivo-slider/demo/images/banner-caballos.png HTTP/1.1" 206 1
190.24.253.24 - - [17/Oct/2014:08:19:32 -0500] "GET /galeria/nivo-slider/demo/images/ConstructorasFNL.jpg HTTP/1.1" 206 1
190.24.253.24 - - [17/Oct/2014:08:19:32 -0500] "GET /galeria/nivo-slider/demo/images/EncuentroAgua1.jpg HTTP/1.1" 206 194654
190.24.253.24 - - [17/Oct/2014:08:19:32 -0500] "GET /galeria/nivo-slider/demo/images/Banner-Caracol-Africano.jpg HTTP/1.1" 206 307060
190.24.253.24 - - [17/Oct/2014:08:19:32 -0500] "GET /galeria/nivo-slider/demo/images/Tingua-azul.jpg HTTP/1.1" 206 191712
190.24.253.24 - - [17/Oct/2014:08:19:32 -0500] "GET /galeria/nivo-slider/demo/images/banner-llantas2.jpg HTTP/1.1" 206 2027
190.24.253.24 - - [17/Oct/2014:08:19:32 -0500] "GET /galeria/nivo-slider/demo/images/banner-caballos.png HTTP/1.1" 206 277379
190.24.253.24 - - [17/Oct/2014:08:19:32 -0500] "GET /galeria/nivo-slider/demo/images/ConstructorasFNL.jpg HTTP/1.1" 206 184625
190.24.253.24 - - [17/Oct/2014:08:19:33 -0500] "GET /galeria/nivo-slider/demo/images/Hacienda_Molinos.jpg HTTP/1.1" 200 319171
186.84.48.69 - - [17/Oct/2014:08:19:32 -0500] "POST /forms/lservlet;jsessionid=ac16012b30d5316e179f20d944338a0aaf45d27f6b9d.e3iSbxaKaheRe34Sa3yKbhiTahb0n6jAmljGr5XDqQLvpAe HTTP/1.1" 200 112
186.84.48.69 - - [17/Oct/2014:08:19:33 -0500] "POST /forms/lservlet;jsessionid=ac16012b30d5316e179f20d944338a0aaf45d27f6b9d.e3iSbxaKaheRe34Sa3yKbhiTahb0n6jAmljGr5XDqQLvpAe HTTP/1.1" 200 2
190.24.253.24 - - [17/Oct/2014:08:19:33 -0500] "GET /galeria/nivo-slider/demo/images/4Simple_Slider.png HTTP/1.1" 200 11722
190.24.253.24 - - [17/Oct/2014:08:19:34 -0500] "GET /galeria/nivo-slider/themes/default/loading.gif HTTP/1.1" 200 1737
190.24.253.24 - - [17/Oct/2014:08:19:34 -0500] "GET /galeria/nivo-slider/demo/images/bannerEcolecta3.jpg HTTP/1.1" 200 280034
201.245.192.253 - - [17/Oct/2014:08:19:34 -0500] "GET /galeria/nivo-slider/demo/images/banner-llantas2.jpg HTTP/1.1" 304 -
201.245.192.253 - - [17/Oct/2014:08:19:34 -0500] "GET /galeria/nivo-slider/demo/images/banner-caballos.png HTTP/1.1" 304 -
186.84.48.69 - - [17/Oct/2014:08:19:33 -0500] "GET /reports/rwservlet/getjobid330434?server=rep_srvapsda HTTP/1.1" 200 678702
190.24.253.24 - - [17/Oct/2014:08:19:35 -0500] "GET /videos/Spot_Tinguas.flv HTTP/1.1" 200 2087054
190.24.253.24 - - [17/Oct/2014:08:19:35 -0500] "GET /galeria/nivo-slider/themes/default/arrows.png HTTP/1.1" 200 824
190.24.253.24 - - [17/Oct/2014:08:19:35 -0500] "GET /galeria/nivo-slider/themes/default/bullets.png HTTP/1.1" 200 1281
201.245.192.253 - - [17/Oct/2014:08:19:37 -0500] "POST /forest/buscar.do? HTTP/1.1" 200 5158
201.184.143.127 - - [17/Oct/2014:08:19:38 -0500] "POST /forms/lservlet;jsessionid=ac16012b30d5411df52523934146bb14d255c9ce9eaf.e3iSbxaKaheRe34Sa3yKbhiTahb0n6jAmljGr5XDqQLvpAe HTTP/1.1" 200 2
190.131.196.70 - - [17/Oct/2014:08:19:39 -0500] "GET /galeria/nivo-slider/demo/images/EncuentroAgua1.jpg HTTP/1.1" 304 -
190.131.196.70 - - [17/Oct/2014:08:19:48 -0500] "GET /galeria/nivo-slider/demo/images/EncuentroAgua1.jpg HTTP/1.1" 304 -
190.131.196.70 - - [17/Oct/2014:08:19:52 -0500] "GET /galeria/nivo-slider/demo/images/Tingua-azul.jpg HTTP/1.1" 304 -
190.131.196.70 - - [17/Oct/2014:08:19:58 -0500] "GET /galeria/nivo-slider/demo/images/Tingua-azul.jpg HTTP/1.1" 304 -
190.158.151.149 - - [17/Oct/2014:08:20:02 -0500] "GET /videos/Video_ServidorMesRespons.flv HTTP/1.1" 206 1
190.158.151.149 - - [17/Oct/2014:08:20:03 -0500] "GET /videos/Video_ServidorMesRespons.flv HTTP/1.1" 206 38436042
186.84.48.69 - - [17/Oct/2014:08:20:08 -0500] "POST /forms/lservlet;jsessionid=ac16012b30d5316e179f20d944338a0aaf45d27f6b9d.e3iSbxaKaheRe34Sa3yKbhiTahb0n6jAmljGr5XDqQLvpAe HTTP/1.1" 200 2
190.69.14.2 - - [17/Oct/2014:08:20:19 -0500] "GET /BLA/resoluciones/RESOLUCIONES%202007/RES%202007%202501%20AL%202600/RESOLUCION%202541%20DE%202007.pdf HTTP/1.1" 200 1012556
190.69.14.2 - - [17/Oct/2014:08:20:20 -0500] "GET /BLA/resoluciones/RESOLUCIONES%202007/RES%202007%202501%20AL%202600/RESOLUCION%202541%20DE%202007.pdf HTTP/1.1" 206 32768
190.69.14.2 - - [17/Oct/2014:08:20:20 -0500] "GET /BLA/resoluciones/RESOLUCIONES%202007/RES%202007%202501%20AL%202600/RESOLUCION%202541%20DE%202007.pdf HTTP/1.1" 206 979788
186.84.48.69 - - [17/Oct/2014:08:20:25 -0500] "POST /forms/lservlet;jsessionid=ac16012b30d5316e179f20d944338a0aaf45d27f6b9d.e3iSbxaKaheRe34Sa3yKbhiTahb0n6jAmljGr5XDqQLvpAe HTTP/1.1" 200 2331
186.84.48.69 - - [17/Oct/2014:08:20:30 -0500] "POST /forms/lservlet;jsessionid=ac16012b30d5316e179f20d944338a0aaf45d27f6b9d.e3iSbxaKaheRe34Sa3yKbhiTahb0n6jAmljGr5XDqQLvpAe HTTP/1.1" 200 24
190.69.14.2 - - [17/Oct/2014:08:20:30 -0500] "GET /BLA/resoluciones/RESOLUCIONES%202007/RES%202007%202501%20AL%202600/RESOLUCION%202543%20DE%202007.pdf HTTP/1.1" 404 1120
186.84.48.69 - - [17/Oct/2014:08:20:30 -0500] "POST /forms/lservlet;jsessionid=ac16012b30d5316e179f20d944338a0aaf45d27f6b9d.e3iSbxaKaheRe34Sa3yKbhiTahb0n6jAmljGr5XDqQLvpAe HTTP/1.1" 200 3852
186.84.48.69 - - [17/Oct/2014:08:20:31 -0500] "POST /forms/lservlet;jsessionid=ac16012b30d5316e179f20d944338a0aaf45d27f6b9d.e3iSbxaKaheRe34Sa3yKbhiTahb0n6jAmljGr5XDqQLvpAe HTTP/1.1" 200 2
186.84.48.69 - - [17/Oct/2014:08:20:34 -0500] "POST /forms/lservlet;jsessionid=ac16012b30d5316e179f20d944338a0aaf45d27f6b9d.e3iSbxaKaheRe34Sa3yKbhiTahb0n6jAmljGr5XDqQLvpAe HTTP/1.1" 200 2
186.84.48.69 - - [17/Oct/2014:08:20:34 -0500] "POST /forms/lservlet;jsessionid=ac16012b30d5316e179f20d944338a0aaf45d27f6b9d.e3iSbxaKaheRe34Sa3yKbhiTahb0n6jAmljGr5XDqQLvpAe HTTP/1.1" 200 14
186.84.48.69 - - [17/Oct/2014:08:20:35 -0500] "POST /forms/lservlet;jsessionid=ac16012b30d5316e179f20d944338a0aaf45d27f6b9d.e3iSbxaKaheRe34Sa3yKbhiTahb0n6jAmljGr5XDqQLvpAe HTTP/1.1" 200 112
186.84.48.69 - - [17/Oct/2014:08:20:35 -0500] "POST /forms/lservlet;jsessionid=ac16012b30d5316e179f20d944338a0aaf45d27f6b9d.e3iSbxaKaheRe34Sa3yKbhiTahb0n6jAmljGr5XDqQLvpAe HTTP/1.1" 200 2
186.84.48.69 - - [17/Oct/2014:08:20:36 -0500] "GET /reports/rwservlet/getjobid330435?server=rep_srvapsda HTTP/1.1" 200 429411
201.184.28.95 - - [17/Oct/2014:08:20:38 -0500] "GET /BLA/boletinlegal/js/jquery.js HTTP/1.1" 200 57254
201.184.28.95 - - [17/Oct/2014:08:20:38 -0500] "GET /BLA/boletinlegal/js/jquery.scrollTo-min.js HTTP/1.1" 200 1150
201.184.28.95 - - [17/Oct/2014:08:20:38 -0500] "GET /BLA/boletinlegal/js/jquery.scrollShow.js HTTP/1.1" 200 4586
201.184.28.95 - - [17/Oct/2014:08:20:38 -0500] "GET /galeria/carrusel/Carrusel/jquery.thumbnailScroller.css HTTP/1.1" 200 2066
201.184.28.95 - - [17/Oct/2014:08:20:38 -0500] "GET /galeria/carrusel/Carrusel/jquery-ui-1.8.13.custom.min.js HTTP/1.1" 200 10800
201.184.28.95 - - [17/Oct/2014:08:20:38 -0500] "GET /galeria/carrusel/Carrusel/jquery.thumbnailScroller.js HTTP/1.1" 200 8157
190.69.14.2 - - [17/Oct/2014:08:20:41 -0500] "GET /BLA/resoluciones/RESOLUCIONES%202007/RES%202007%202501%20AL%202600/RESOLUCION%202522%20DE%202007.pdf HTTP/1.1" 200 993676
190.69.14.2 - - [17/Oct/2014:08:20:42 -0500] "GET /BLA/resoluciones/RESOLUCIONES%202007/RES%202007%202501%20AL%202600/RESOLUCION%202522%20DE%202007.pdf HTTP/1.1" 206 32768
190.69.14.2 - - [17/Oct/2014:08:20:42 -0500] "GET /BLA/resoluciones/RESOLUCIONES%202007/RES%202007%202501%20AL%202600/RESOLUCION%202522%20DE%202007.pdf HTTP/1.1" 206 960908
201.184.28.95 - - [17/Oct/2014:08:20:42 -0500] "GET /galeria/nivo-slider/demo/demo.html HTTP/1.1" 200 3169
201.184.28.95 - - [17/Oct/2014:08:20:44 -0500] "GET /galeria/nivo-slider/themes/default/default.css HTTP/1.1" 200 1569
201.184.28.95 - - [17/Oct/2014:08:20:44 -0500] "GET /galeria/nivo-slider/themes/pascal/pascal.css HTTP/1.1" 200 2258
201.184.28.95 - - [17/Oct/2014:08:20:44 -0500] "GET /galeria/nivo-slider/themes/orman/orman.css HTTP/1.1" 200 2152
201.184.28.95 - - [17/Oct/2014:08:20:44 -0500] "GET /galeria/nivo-slider/nivo-slider.css HTTP/1.1" 200 1507
201.184.28.95 - - [17/Oct/2014:08:20:44 -0500] "GET /galeria/nivo-slider/demo/style.css HTTP/1.1" 200 2222
201.184.28.95 - - [17/Oct/2014:08:20:44 -0500] "GET /galeria/nivo-slider/demo/scripts/jquery-1.7.1.min.js HTTP/1.1" 200 93868
201.184.28.95 - - [17/Oct/2014:08:20:44 -0500] "GET /galeria/nivo-slider/jquery.nivo.slider.pack.js HTTP/1.1" 200 11561
201.184.28.95 - - [17/Oct/2014:08:20:44 -0500] "GET /galeria/nivo-slider/demo/images/EncuentroAgua1.jpg HTTP/1.1" 200 274179
201.184.28.95 - - [17/Oct/2014:08:20:44 -0500] "GET /galeria/nivo-slider/demo/images/Tingua-azul.jpg HTTP/1.1" 200 307638
201.184.28.95 - - [17/Oct/2014:08:20:44 -0500] "GET /galeria/nivo-slider/demo/images/Banner-Caracol-Africano.jpg HTTP/1.1" 200 331986
201.184.28.95 - - [17/Oct/2014:08:20:44 -0500] "GET /galeria/nivo-slider/demo/images/9Signos.jpg HTTP/1.1" 200 93040
201.184.28.95 - - [17/Oct/2014:08:20:44 -0500] "GET /galeria/nivo-slider/demo/images/banner-encuesta.jpg HTTP/1.1" 200 42764
201.184.28.95 - - [17/Oct/2014:08:20:44 -0500] "GET /galeria/nivo-slider/demo/images/banner-llantas2.jpg HTTP/1.1" 200 73153
201.184.28.95 - - [17/Oct/2014:08:20:44 -0500] "GET /galeria/nivo-slider/demo/images/banner-caballos.png HTTP/1.1" 200 389106
201.184.28.95 - - [17/Oct/2014:08:20:44 -0500] "GET /galeria/nivo-slider/demo/images/ConstructorasFNL.jpg HTTP/1.1" 200 216551
201.184.28.95 - - [17/Oct/2014:08:20:44 -0500] "GET /galeria/nivo-slider/demo/images/Hacienda_Molinos.jpg HTTP/1.1" 200 319171
201.184.28.95 - - [17/Oct/2014:08:20:44 -0500] "GET /galeria/nivo-slider/demo/images/bannerEcolecta3.jpg HTTP/1.1" 200 280034
201.184.28.95 - - [17/Oct/2014:08:20:44 -0500] "GET /galeria/nivo-slider/demo/images/4Simple_Slider.png HTTP/1.1" 200 11722
201.184.28.95 - - [17/Oct/2014:08:20:44 -0500] "GET /galeria/nivo-slider/themes/default/loading.gif HTTP/1.1" 200 1737
201.245.192.253 - - [17/Oct/2014:08:20:48 -0500] "GET /forest/buscar.do?type=procesos HTTP/1.1" 200 96539
201.245.192.253 - - [17/Oct/2014:08:20:49 -0500] "GET /forest/css/autocomplete.css?version=1408.271930 HTTP/1.1" 304 -
201.245.192.253 - - [17/Oct/2014:08:20:49 -0500] "GET /forest/js/load_func.js?version=1408.271930 HTTP/1.1" 304 -
201.245.192.253 - - [17/Oct/2014:08:20:49 -0500] "GET /forest/js/sarissa.js?version=1408.271930 HTTP/1.1" 304 -
201.245.192.253 - - [17/Oct/2014:08:20:49 -0500] "GET /forest/js/dialog.js?version=1408.271930 HTTP/1.1" 304 -
201.245.192.253 - - [17/Oct/2014:08:20:49 -0500] "GET /forest/js/escritorio/escritorio.js?version=1408.271930 HTTP/1.1" 304 -
201.245.192.253 - - [17/Oct/2014:08:20:49 -0500] "GET /forest/1ibre/protoaculous.js?version=1408.271930 HTTP/1.1" 304 -
201.245.192.253 - - [17/Oct/2014:08:20:49 -0500] "GET /forest/1ibre/jscalendar/lang/calendar-es.js?version=1408.271930 HTTP/1.1" 304 -
201.245.192.253 - - [17/Oct/2014:08:20:49 -0500] "GET /forest/1ibre/jscalendar/calendar.js?version=1408.271930 HTTP/1.1" 304 -
201.245.192.253 - - [17/Oct/2014:08:20:49 -0500] "GET /forest/1ibre/jscalendar/calendar-setup.js?version=1408.271930 HTTP/1.1" 304 -
201.245.192.253 - - [17/Oct/2014:08:20:49 -0500] "GET /forest/1ibre/1ibre.js?version=1408.271930 HTTP/1.1" 304 -
201.245.192.253 - - [17/Oct/2014:08:20:49 -0500] "GET /forest/js/autocompletar2.js?version=1408.271930 HTTP/1.1" 304 -
201.245.192.253 - - [17/Oct/2014:08:20:49 -0500] "GET /forest/json.do?query=usersByDep&coddep=7025 HTTP/1.1" 200 919
201.245.192.253 - - [17/Oct/2014:08:20:49 -0500] "GET /forest/json.do?query=usersByDep&coddep=7025 HTTP/1.1" 200 919
201.184.28.95 - - [17/Oct/2014:08:20:50 -0500] "GET /galeria/nivo-slider/themes/default/arrows.png HTTP/1.1" 200 824
201.184.28.95 - - [17/Oct/2014:08:20:50 -0500] "GET /galeria/nivo-slider/themes/default/bullets.png HTTP/1.1" 200 1281
66.249.65.123 - - [17/Oct/2014:08:20:52 -0500] "GET /htdocs/even/ HTTP/1.1" 404 1018
186.155.230.198 - - [17/Oct/2014:08:20:54 -0500] "GET /BLA/boletinlegal/js/jquery.js HTTP/1.1" 200 57254
186.155.230.198 - - [17/Oct/2014:08:20:54 -0500] "GET /BLA/boletinlegal/js/jquery.scrollTo-min.js HTTP/1.1" 200 1150
186.155.230.198 - - [17/Oct/2014:08:20:54 -0500] "GET /BLA/boletinlegal/js/jquery.scrollShow.js HTTP/1.1" 200 4586
100.43.85.25 - - [17/Oct/2014:08:20:56 -0500] "GET /pread5/Fotos%20Pread/images/2_JPG.jpg HTTP/1.1" 404 1019
201.245.192.253 - - [17/Oct/2014:08:20:58 -0500] "POST /forest/buscar.do? HTTP/1.1" 200 5142
181.204.18.165 - - [17/Oct/2014:08:21:14 -0500] "GET /galeria/carrusel/Carrusel/jquery.thumbnailScroller.css HTTP/1.1" 200 2066
181.204.18.165 - - [17/Oct/2014:08:21:14 -0500] "GET /BLA/boletinlegal/js/jquery.js HTTP/1.1" 200 57254
181.204.18.165 - - [17/Oct/2014:08:21:14 -0500] "GET /BLA/boletinlegal/js/jquery.scrollTo-min.js HTTP/1.1" 200 1150
181.204.18.165 - - [17/Oct/2014:08:21:14 -0500] "GET /BLA/boletinlegal/js/jquery.scrollShow.js HTTP/1.1" 200 4586
181.204.18.165 - - [17/Oct/2014:08:21:14 -0500] "GET /galeria/carrusel/Carrusel/jquery-ui-1.8.13.custom.min.js HTTP/1.1" 200 10800
181.204.18.165 - - [17/Oct/2014:08:21:14 -0500] "GET /galeria/carrusel/Carrusel/jquery.thumbnailScroller.js HTTP/1.1" 200 8157
181.204.18.165 - - [17/Oct/2014:08:21:18 -0500] "GET /galeria/nivo-slider/demo/demo.html HTTP/1.1" 200 3169
181.204.18.165 - - [17/Oct/2014:08:21:18 -0500] "GET /galeria/nivo-slider/themes/default/default.css HTTP/1.1" 200 1569
181.204.18.165 - - [17/Oct/2014:08:21:18 -0500] "GET /galeria/nivo-slider/themes/pascal/pascal.css HTTP/1.1" 200 2258
181.204.18.165 - - [17/Oct/2014:08:21:18 -0500] "GET /galeria/nivo-slider/themes/orman/orman.css HTTP/1.1" 200 2152
181.204.18.165 - - [17/Oct/2014:08:21:18 -0500] "GET /galeria/nivo-slider/nivo-slider.css HTTP/1.1" 200 1507
181.204.18.165 - - [17/Oct/2014:08:21:18 -0500] "GET /galeria/nivo-slider/demo/style.css HTTP/1.1" 200 2222
181.204.18.165 - - [17/Oct/2014:08:21:18 -0500] "GET /galeria/nivo-slider/demo/scripts/jquery-1.7.1.min.js HTTP/1.1" 200 93868
181.204.18.165 - - [17/Oct/2014:08:21:19 -0500] "GET /galeria/nivo-slider/jquery.nivo.slider.pack.js HTTP/1.1" 200 11561
181.204.18.165 - - [17/Oct/2014:08:21:19 -0500] "GET /galeria/nivo-slider/demo/images/EncuentroAgua1.jpg HTTP/1.1" 200 274179
181.204.18.165 - - [17/Oct/2014:08:21:19 -0500] "GET /galeria/nivo-slider/demo/images/Tingua-azul.jpg HTTP/1.1" 200 307638
181.204.18.165 - - [17/Oct/2014:08:21:19 -0500] "GET /galeria/nivo-slider/demo/images/Banner-Caracol-Africano.jpg HTTP/1.1" 200 331986
181.204.18.165 - - [17/Oct/2014:08:21:19 -0500] "GET /galeria/nivo-slider/demo/images/9Signos.jpg HTTP/1.1" 200 93040
192.157.10.100 - - [17/Oct/2014:08:21:19 -0500] "GET /BLA/boletinlegal/js/jquery.scrollShow.js HTTP/1.1" 200 4586
181.204.18.165 - - [17/Oct/2014:08:21:20 -0500] "GET /galeria/nivo-slider/demo/images/banner-encuesta.jpg HTTP/1.1" 200 42764
201.245.192.253 - - [17/Oct/2014:08:21:20 -0500] "GET /galeria/nivo-slider/demo/images/banner-caballos.png HTTP/1.1" 304 -
181.204.18.165 - - [17/Oct/2014:08:21:20 -0500] "GET /galeria/nivo-slider/demo/images/banner-llantas2.jpg HTTP/1.1" 200 73153
190.131.196.70 - - [17/Oct/2014:08:21:20 -0500] "GET /galeria/nivo-slider/demo/images/EncuentroAgua1.jpg HTTP/1.1" 304 -
181.204.18.165 - - [17/Oct/2014:08:21:20 -0500] "GET /galeria/nivo-slider/demo/images/banner-caballos.png HTTP/1.1" 200 389106
181.204.18.165 - - [17/Oct/2014:08:21:20 -0500] "GET /galeria/nivo-slider/demo/images/ConstructorasFNL.jpg HTTP/1.1" 200 216551
181.204.18.165 - - [17/Oct/2014:08:21:20 -0500] "GET /galeria/nivo-slider/demo/images/Hacienda_Molinos.jpg HTTP/1.1" 200 319171
181.204.18.165 - - [17/Oct/2014:08:21:20 -0500] "GET /galeria/nivo-slider/demo/images/4Simple_Slider.png HTTP/1.1" 200 11722
181.204.18.165 - - [17/Oct/2014:08:21:21 -0500] "GET /galeria/nivo-slider/themes/default/loading.gif HTTP/1.1" 200 1737
181.204.18.165 - - [17/Oct/2014:08:21:21 -0500] "GET /galeria/nivo-slider/demo/images/bannerEcolecta3.jpg HTTP/1.1" 200 280034
201.245.192.253 - - [17/Oct/2014:08:21:22 -0500] "GET /forest/skins/gdocs-jar/popup/popup.jsp?width=900&height=600&title=Informaci%F3n%20de%20proceso&uri=/forest/system/process.jsp%3FnumPro%3D2856956&name=undefined&_a=0.5985396116293807&a=0.8251701377923384 HTTP/1.1" 200 1191
201.245.192.253 - - [17/Oct/2014:08:21:23 -0500] "GET /forest/system/process.jsp?numPro=2856956 HTTP/1.1" 200 90024
201.245.192.253 - - [17/Oct/2014:08:21:23 -0500] "GET /forest/system/process.jsp?numPro=2856956 HTTP/1.1" 200 90122
186.29.179.117 - - [17/Oct/2014:08:21:25 -0500] "GET /forest/session.jsp?a=0.4972173501737416 HTTP/1.1" 200 4
181.204.18.165 - - [17/Oct/2014:08:21:25 -0500] "GET /galeria/nivo-slider/themes/default/arrows.png HTTP/1.1" 200 824
181.204.18.165 - - [17/Oct/2014:08:21:25 -0500] "GET /galeria/nivo-slider/themes/default/bullets.png HTTP/1.1" 200 1281
66.249.83.62 - - [17/Oct/2014:08:21:26 -0500] "GET /BLA/boletinlegal/js/jquery.js HTTP/1.1" 200 57254
66.249.83.62 - - [17/Oct/2014:08:21:26 -0500] "GET /BLA/boletinlegal/js/jquery.scrollTo-min.js HTTP/1.1" 200 1150
66.249.83.62 - - [17/Oct/2014:08:21:26 -0500] "GET /BLA/boletinlegal/js/jquery.scrollShow.js HTTP/1.1" 200 4586
66.249.83.62 - - [17/Oct/2014:08:21:26 -0500] "GET /galeria/carrusel/Carrusel/jquery.thumbnailScroller.css HTTP/1.1" 200 2066
66.249.83.62 - - [17/Oct/2014:08:21:26 -0500] "GET /galeria/carrusel/Carrusel/jquery-ui-1.8.13.custom.min.js HTTP/1.1" 200 10800
190.131.196.70 - - [17/Oct/2014:08:21:28 -0500] "GET /galeria/nivo-slider/demo/images/EncuentroAgua1.jpg HTTP/1.1" 304 -
190.131.196.70 - - [17/Oct/2014:08:21:31 -0500] "GET /galeria/nivo-slider/demo/images/Tingua-azul.jpg HTTP/1.1" 304 -
66.249.83.62 - - [17/Oct/2014:08:21:33 -0500] "GET /galeria/carrusel/Carrusel/jquery.thumbnailScroller.js HTTP/1.1" 200 8157
190.69.14.2 - - [17/Oct/2014:08:21:33 -0500] "GET /BLA/resoluciones/RESOLUCIONES%202007/RES%202007%202501%20AL%202600/RESOLUCION%202502%20DE%202007.pdf HTTP/1.1" 200 90069
201.184.143.127 - - [17/Oct/2014:08:21:38 -0500] "POST /forms/lservlet;jsessionid=ac16012b30d5411df52523934146bb14d255c9ce9eaf.e3iSbxaKaheRe34Sa3yKbhiTahb0n6jAmljGr5XDqQLvpAe HTTP/1.1" 200 2
190.131.196.70 - - [17/Oct/2014:08:21:38 -0500] "GET /galeria/nivo-slider/demo/images/Tingua-azul.jpg HTTP/1.1" 304 -
201.245.192.253 - - [17/Oct/2014:08:21:38 -0500] "GET /forest/documentos/1884089/2014EE113713.docx HTTP/1.1" 200 169108
201.245.192.253 - - [17/Oct/2014:08:21:40 -0500] "GET /forest/session.jsp?a=0.575425937700603 HTTP/1.1" 200 4
190.69.14.2 - - [17/Oct/2014:08:21:44 -0500] "GET /BLA/resoluciones/RESOLUCIONES%202007/RES%202007%202501%20AL%202600/RESOLUCION%202503%20DE%202007.pdf HTTP/1.1" 200 15589
190.27.114.196 - - [17/Oct/2014:08:21:47 -0500] "GET /autoliquidacion/index.php?dir=Solicitudes+relacionadas+con+calidad+del+aire+auditiva+y+visual%2F HTTP/1.1" 200 5748
190.27.114.196 - - [17/Oct/2014:08:21:47 -0500] "GET /autoliquidacion/dlf/dirup.png HTTP/1.1" 200 644
190.69.14.2 - - [17/Oct/2014:08:21:53 -0500] "GET /BLA/resoluciones/RESOLUCIONES%202007/RES%202007%202501%20AL%202600/RESOLUCION%202508%20DE%202007.pdf HTTP/1.1" 200 20631
190.27.114.196 - - [17/Oct/2014:08:21:59 -0500] "GET /autoliquidacion/index.php?dir=Solicitudes+relacionadas+con+calidad+del+aire+auditiva+y+visual%2FRegistro+de+Elementos+de+publicidad+Exterior+Visual%2F HTTP/1.1" 200 4038
190.27.114.196 - - [17/Oct/2014:08:22:00 -0500] "GET /autoliquidacion/dlf/xls.gif HTTP/1.1" 200 636
190.27.114.196 - - [17/Oct/2014:08:22:00 -0500] "GET /autoliquidacion/dlf/pdf.gif HTTP/1.1" 200 272
186.84.48.69 - - [17/Oct/2014:08:22:08 -0500] "POST /forms/lservlet;jsessionid=ac16012b30d5316e179f20d944338a0aaf45d27f6b9d.e3iSbxaKaheRe34Sa3yKbhiTahb0n6jAmljGr5XDqQLvpAe HTTP/1.1" 200 2
190.27.114.196 - - [17/Oct/2014:08:22:09 -0500] "GET /autoliquidacion/Solicitudes%20relacionadas%20con%20calidad%20del%20aire%20auditiva%20y%20visual/Registro%20de%20Elementos%20de%20publicidad%20Exterior%20Visual/Resolucion%200877%20126PM04-PR16%20registro%20pev.pdf HTTP/1.1" 200 566340
190.27.114.196 - - [17/Oct/2014:08:22:09 -0500] "GET /autoliquidacion/Solicitudes%20relacionadas%20con%20calidad%20del%20aire%20auditiva%20y%20visual/Registro%20de%20Elementos%20de%20publicidad%20Exterior%20Visual/Resolucion%200877%20126PM04-PR16%20registro%20pev.pdf HTTP/1.1" 206 32768
190.27.114.196 - - [17/Oct/2014:08:22:09 -0500] "GET /autoliquidacion/Solicitudes%20relacionadas%20con%20calidad%20del%20aire%20auditiva%20y%20visual/Registro%20de%20Elementos%20de%20publicidad%20Exterior%20Visual/Resolucion%200877%20126PM04-PR16%20registro%20pev.pdf HTTP/1.1" 206 533572
190.69.14.2 - - [17/Oct/2014:08:22:09 -0500] "GET /BLA/resoluciones/RESOLUCIONES%202007/RES%202007%202501%20AL%202600/RESOLUCION%202510%20DE%202007.pdf HTTP/1.1" 200 105670
66.249.83.62 - - [17/Oct/2014:08:22:10 -0500] "GET /galeria/nivo-slider/demo/demo.html HTTP/1.1" 200 3169
186.84.48.69 - - [17/Oct/2014:08:22:11 -0500] "POST /forms/lservlet;jsessionid=ac16012b30d5316e179f20d944338a0aaf45d27f6b9d.e3iSbxaKaheRe34Sa3yKbhiTahb0n6jAmljGr5XDqQLvpAe HTTP/1.1" 200 2341
186.84.48.69 - - [17/Oct/2014:08:22:18 -0500] "POST /forms/lservlet;jsessionid=ac16012b30d5316e179f20d944338a0aaf45d27f6b9d.e3iSbxaKaheRe34Sa3yKbhiTahb0n6jAmljGr5XDqQLvpAe HTTP/1.1" 200 24
186.84.48.69 - - [17/Oct/2014:08:22:18 -0500] "POST /forms/lservlet;jsessionid=ac16012b30d5316e179f20d944338a0aaf45d27f6b9d.e3iSbxaKaheRe34Sa3yKbhiTahb0n6jAmljGr5XDqQLvpAe HTTP/1.1" 200 3905
186.84.48.69 - - [17/Oct/2014:08:22:19 -0500] "POST /forms/lservlet;jsessionid=ac16012b30d5316e179f20d944338a0aaf45d27f6b9d.e3iSbxaKaheRe34Sa3yKbhiTahb0n6jAmljGr5XDqQLvpAe HTTP/1.1" 200 2
190.69.14.2 - - [17/Oct/2014:08:22:19 -0500] "GET /BLA/resoluciones/RESOLUCIONES%202007/RES%202007%202501%20AL%202600/RESOLUCION%202512%20DE%202007.pdf HTTP/1.1" 200 514991
190.69.14.2 - - [17/Oct/2014:08:22:20 -0500] "GET /BLA/resoluciones/RESOLUCIONES%202007/RES%202007%202501%20AL%202600/RESOLUCION%202512%20DE%202007.pdf HTTP/1.1" 206 32768
190.69.14.2 - - [17/Oct/2014:08:22:20 -0500] "GET /BLA/resoluciones/RESOLUCIONES%202007/RES%202007%202501%20AL%202600/RESOLUCION%202512%20DE%202007.pdf HTTP/1.1" 206 482223
66.249.83.62 - - [17/Oct/2014:08:22:21 -0500] "GET /galeria/nivo-slider/themes/pascal/pascal.css HTTP/1.1" 200 2258
66.249.83.62 - - [17/Oct/2014:08:22:21 -0500] "GET /galeria/nivo-slider/themes/default/default.css HTTP/1.1" 200 1569
186.84.48.69 - - [17/Oct/2014:08:22:22 -0500] "POST /forms/lservlet;jsessionid=ac16012b30d5316e179f20d944338a0aaf45d27f6b9d.e3iSbxaKaheRe34Sa3yKbhiTahb0n6jAmljGr5XDqQLvpAe HTTP/1.1" 200 2
66.249.83.62 - - [17/Oct/2014:08:22:22 -0500] "GET /galeria/nivo-slider/demo/style.css HTTP/1.1" 200 2222
66.249.83.62 - - [17/Oct/2014:08:22:22 -0500] "GET /galeria/nivo-slider/nivo-slider.css HTTP/1.1" 200 1507
66.249.83.62 - - [17/Oct/2014:08:22:22 -0500] "GET /galeria/nivo-slider/jquery.nivo.slider.pack.js HTTP/1.1" 200 11561
66.249.83.62 - - [17/Oct/2014:08:22:22 -0500] "GET /galeria/nivo-slider/demo/scripts/jquery-1.7.1.min.js HTTP/1.1" 200 93868
66.249.83.62 - - [17/Oct/2014:08:22:22 -0500] "GET /galeria/nivo-slider/themes/orman/orman.css HTTP/1.1" 200 2152
66.249.83.62 - - [17/Oct/2014:08:22:22 -0500] "GET /galeria/nivo-slider/demo/images/9Signos.jpg HTTP/1.1" 200 93040
66.249.83.62 - - [17/Oct/2014:08:22:22 -0500] "GET /galeria/nivo-slider/demo/images/banner-llantas2.jpg HTTP/1.1" 200 73153
66.249.83.62 - - [17/Oct/2014:08:22:22 -0500] "GET /galeria/nivo-slider/demo/images/Banner-Caracol-Africano.jpg HTTP/1.1" 200 331986
66.249.83.62 - - [17/Oct/2014:08:22:22 -0500] "GET /galeria/nivo-slider/demo/images/banner-encuesta.jpg HTTP/1.1" 200 42764
66.249.83.62 - - [17/Oct/2014:08:22:22 -0500] "GET /galeria/nivo-slider/demo/images/Tingua-azul.jpg HTTP/1.1" 200 307638
66.249.83.62 - - [17/Oct/2014:08:22:22 -0500] "GET /galeria/nivo-slider/demo/images/banner-caballos.png HTTP/1.1" 200 389106
66.249.83.62 - - [17/Oct/2014:08:22:22 -0500] "GET /galeria/nivo-slider/demo/images/bannerEcolecta3.jpg HTTP/1.1" 200 280034
66.249.83.62 - - [17/Oct/2014:08:22:22 -0500] "GET /galeria/nivo-slider/demo/images/ConstructorasFNL.jpg HTTP/1.1" 200 216551
66.249.83.62 - - [17/Oct/2014:08:22:22 -0500] "GET /galeria/nivo-slider/demo/images/Hacienda_Molinos.jpg HTTP/1.1" 200 319171
66.249.83.62 - - [17/Oct/2014:08:22:22 -0500] "GET /galeria/nivo-slider/demo/images/4Simple_Slider.png HTTP/1.1" 200 11722
66.249.83.62 - - [17/Oct/2014:08:22:22 -0500] "GET /galeria/nivo-slider/themes/default/loading.gif HTTP/1.1" 200 1737
186.84.48.69 - - [17/Oct/2014:08:22:22 -0500] "POST /forms/lservlet;jsessionid=ac16012b30d5316e179f20d944338a0aaf45d27f6b9d.e3iSbxaKaheRe34Sa3yKbhiTahb0n6jAmljGr5XDqQLvpAe HTTP/1.1" 200 14
186.84.48.69 - - [17/Oct/2014:08:22:23 -0500] "POST /forms/lservlet;jsessionid=ac16012b30d5316e179f20d944338a0aaf45d27f6b9d.e3iSbxaKaheRe34Sa3yKbhiTahb0n6jAmljGr5XDqQLvpAe HTTP/1.1" 200 112
186.84.48.69 - - [17/Oct/2014:08:22:23 -0500] "POST /forms/lservlet;jsessionid=ac16012b30d5316e179f20d944338a0aaf45d27f6b9d.e3iSbxaKaheRe34Sa3yKbhiTahb0n6jAmljGr5XDqQLvpAe HTTP/1.1" 200 2
201.245.192.253 - - [17/Oct/2014:08:22:25 -0500] "GET /forest/buscar.do?type=procesos HTTP/1.1" 200 96539
201.245.192.253 - - [17/Oct/2014:08:22:25 -0500] "GET /forest/css/autocomplete.css?version=1408.271930 HTTP/1.1" 304 -
201.245.192.253 - - [17/Oct/2014:08:22:25 -0500] "GET /forest/js/load_func.js?version=1408.271930 HTTP/1.1" 304 -
201.245.192.253 - - [17/Oct/2014:08:22:25 -0500] "GET /forest/js/escritorio/escritorio.js?version=1408.271930 HTTP/1.1" 304 -
201.245.192.253 - - [17/Oct/2014:08:22:25 -0500] "GET /forest/js/sarissa.js?version=1408.271930 HTTP/1.1" 304 -
201.245.192.253 - - [17/Oct/2014:08:22:25 -0500] "GET /forest/js/autocompletar2.js?version=1408.271930 HTTP/1.1" 304 -
201.245.192.253 - - [17/Oct/2014:08:22:25 -0500] "GET /forest/1ibre/1ibre.js?version=1408.271930 HTTP/1.1" 304 -
201.245.192.253 - - [17/Oct/2014:08:22:25 -0500] "GET /forest/1ibre/jscalendar/lang/calendar-es.js?version=1408.271930 HTTP/1.1" 304 -
201.245.192.253 - - [17/Oct/2014:08:22:25 -0500] "GET /forest/1ibre/protoaculous.js?version=1408.271930 HTTP/1.1" 304 -
201.245.192.253 - - [17/Oct/2014:08:22:25 -0500] "GET /forest/js/dialog.js?version=1408.271930 HTTP/1.1" 304 -
201.245.192.253 - - [17/Oct/2014:08:22:25 -0500] "GET /forest/1ibre/jscalendar/calendar-setup.js?version=1408.271930 HTTP/1.1" 304 -
201.245.192.253 - - [17/Oct/2014:08:22:25 -0500] "GET /forest/1ibre/jscalendar/calendar.js?version=1408.271930 HTTP/1.1" 304 -
201.245.192.253 - - [17/Oct/2014:08:22:25 -0500] "GET /forest/json.do?query=usersByDep&coddep=7025 HTTP/1.1" 200 919
201.245.192.253 - - [17/Oct/2014:08:22:25 -0500] "GET /forest/json.do?query=usersByDep&coddep=7025 HTTP/1.1" 200 919
74.86.158.107 - - [17/Oct/2014:08:22:27 -0500] "HEAD / HTTP/1.1" 302 -
186.84.48.69 - - [17/Oct/2014:08:22:23 -0500] "GET /reports/rwservlet/getjobid330436?server=rep_srvapsda HTTP/1.1" 200 557857
201.245.192.253 - - [17/Oct/2014:08:22:28 -0500] "GET /galeria/carrusel/Carrusel/jquery-ui-%20%201.8.13.custom.min.js HTTP/1.1" 404 1018
201.245.192.253 - - [17/Oct/2014:08:22:34 -0500] "POST /forest/buscar.do? HTTP/1.1" 200 5208
190.69.14.2 - - [17/Oct/2014:08:22:36 -0500] "GET /BLA/resoluciones/RESOLUCIONES%202007/RES%202007%202501%20AL%202600/RESOLUCION%202515%20DE%202007.pdf HTTP/1.1" 200 260973
190.69.14.2 - - [17/Oct/2014:08:22:36 -0500] "GET /BLA/resoluciones/RESOLUCIONES%202007/RES%202007%202501%20AL%202600/RESOLUCION%202515%20DE%202007.pdf HTTP/1.1" 206 32768
190.69.14.2 - - [17/Oct/2014:08:22:36 -0500] "GET /BLA/resoluciones/RESOLUCIONES%202007/RES%202007%202501%20AL%202600/RESOLUCION%202515%20DE%202007.pdf HTTP/1.1" 206 228205
190.147.141.43 - - [17/Oct/2014:08:22:44 -0500] "GET /BLA/resoluciones/RESOLUCIONES%202013/0594.pdf HTTP/1.1" 200 3335575
190.147.141.43 - - [17/Oct/2014:08:22:45 -0500] "GET /BLA/resoluciones/RESOLUCIONES%202013/0594.pdf HTTP/1.1" 206 32768
190.147.141.43 - - [17/Oct/2014:08:22:45 -0500] "GET /BLA/resoluciones/RESOLUCIONES%202013/0594.pdf HTTP/1.1" 206 3302807
190.69.14.2 - - [17/Oct/2014:08:22:47 -0500] "GET /BLA/resoluciones/RESOLUCIONES%202007/RES%202007%202501%20AL%202600/RESOLUCION%202520%20DE%202007.pdf HTTP/1.1" 200 541519
190.69.14.2 - - [17/Oct/2014:08:22:47 -0500] "GET /BLA/resoluciones/RESOLUCIONES%202007/RES%202007%202501%20AL%202600/RESOLUCION%202520%20DE%202007.pdf HTTP/1.1" 206 32768
190.69.14.2 - - [17/Oct/2014:08:22:47 -0500] "GET /BLA/resoluciones/RESOLUCIONES%202007/RES%202007%202501%20AL%202600/RESOLUCION%202520%20DE%202007.pdf HTTP/1.1" 206 508751
190.147.141.43 - - [17/Oct/2014:08:22:51 -0500] "GET /favicon.ico HTTP/1.1" 200 7782
190.69.14.2 - - [17/Oct/2014:08:22:56 -0500] "GET /BLA/resoluciones/RESOLUCIONES%202007/RES%202007%202501%20AL%202600/RESOLUCION%202523%20DE%202007.pdf HTTP/1.1" 200 17359
190.131.196.70 - - [17/Oct/2014:08:22:59 -0500] "GET /galeria/nivo-slider/demo/images/EncuentroAgua1.jpg HTTP/1.1" 304 -
190.69.14.2 - - [17/Oct/2014:08:23:04 -0500] "GET /BLA/resoluciones/RESOLUCIONES%202007/RES%202007%202501%20AL%202600/RESOLUCION%202525%20DE%202007.pdf HTTP/1.1" 200 56526
186.147.66.232 - - [17/Oct/2014:08:17:06 -0500] "GET /ForestMSG_SDA/channelAsync/template_word_16682227?X-Atmosphere-tracking-id=f44a2ca2-1b7f-b091-259b-6df6eeb2ee1a&X-Atmosphere-Framework=1.0.5&X-Atmosphere-Transport=long-polling&tabid=0.31658551935106516&X-Cache-Date=0&Content-Type=application/xml&_=1413551977236 HTTP/1.1" 200 8193
190.131.196.70 - - [17/Oct/2014:08:23:08 -0500] "GET /galeria/nivo-slider/demo/images/EncuentroAgua1.jpg HTTP/1.1" 304 -
190.131.196.70 - - [17/Oct/2014:08:23:09 -0500] "GET /galeria/nivo-slider/demo/images/Tingua-azul.jpg HTTP/1.1" 304 -
190.27.114.196 - - [17/Oct/2014:08:23:09 -0500] "GET /autoliquidacion/Solicitudes%20relacionadas%20con%20calidad%20del%20aire%20auditiva%20y%20visual/Registro%20de%20Elementos%20de%20publicidad%20Exterior%20Visual/126pm04-pr16-f-a20-1%20Lista%20de%20Chequeo.xls HTTP/1.1" 200 114176
66.249.83.62 - - [17/Oct/2014:08:23:12 -0500] "GET /galeria/nivo-slider/demo/images/EncuentroAgua1.jpg HTTP/1.1" 200 274179
190.131.196.70 - - [17/Oct/2014:08:23:18 -0500] "GET /galeria/nivo-slider/demo/images/Tingua-azul.jpg HTTP/1.1" 304 -
190.69.14.2 - - [17/Oct/2014:08:23:19 -0500] "GET /BLA/resoluciones/RESOLUCIONES%202007/RES%202007%202501%20AL%202600/RESOLUCION%202528%20DE%202007.pdf HTTP/1.1" 200 170283
190.69.14.2 - - [17/Oct/2014:08:23:19 -0500] "GET /BLA/resoluciones/RESOLUCIONES%202007/RES%202007%202501%20AL%202600/RESOLUCION%202528%20DE%202007.pdf HTTP/1.1" 206 32768
190.69.14.2 - - [17/Oct/2014:08:23:19 -0500] "GET /BLA/resoluciones/RESOLUCIONES%202007/RES%202007%202501%20AL%202600/RESOLUCION%202528%20DE%202007.pdf HTTP/1.1" 206 137515
201.232.122.225 - - [17/Oct/2014:08:23:19 -0500] "GET /galeria/nivo-slider/demo/demo.html HTTP/1.1" 304 -
201.232.122.225 - - [17/Oct/2014:08:23:20 -0500] "GET /galeria/nivo-slider/demo/images/EncuentroAgua1.jpg HTTP/1.1" 304 -
201.232.122.225 - - [17/Oct/2014:08:23:20 -0500] "GET /galeria/nivo-slider/demo/images/Tingua-azul.jpg HTTP/1.1" 304 -
201.232.122.225 - - [17/Oct/2014:08:23:20 -0500] "GET /galeria/nivo-slider/demo/images/Hacienda_Molinos.jpg HTTP/1.1" 304 -
190.27.114.196 - - [17/Oct/2014:08:23:30 -0500] "GET /autoliquidacion/Solicitudes%20relacionadas%20con%20calidad%20del%20aire%20auditiva%20y%20visual/Registro%20de%20Elementos%20de%20publicidad%20Exterior%20Visual/126pm04-pr16-f-a301%20Formato%20Solicitud%20de%20registro.xls HTTP/1.1" 200 3573248
201.232.122.225 - - [17/Oct/2014:08:23:30 -0500] "GET /videos/Spot_Tinguas.flv HTTP/1.1" 304 -
186.84.48.69 - - [17/Oct/2014:08:23:31 -0500] "POST /forms/lservlet;jsessionid=ac16012b30d5316e179f20d944338a0aaf45d27f6b9d.e3iSbxaKaheRe34Sa3yKbhiTahb0n6jAmljGr5XDqQLvpAe HTTP/1.1" 200 2375
190.27.114.196 - - [17/Oct/2014:08:23:35 -0500] "GET /autoliquidacion/Solicitudes%20relacionadas%20con%20calidad%20del%20aire%20auditiva%20y%20visual/Registro%20de%20Elementos%20de%20publicidad%20Exterior%20Visual/126pm04-pr16-f-a301%20Formato%20Solicitud%20de%20registro.xls HTTP/1.1" 206 1
190.27.114.196 - - [17/Oct/2014:08:23:35 -0500] "GET /autoliquidacion/Solicitudes%20relacionadas%20con%20calidad%20del%20aire%20auditiva%20y%20visual/Registro%20de%20Elementos%20de%20publicidad%20Exterior%20Visual/126pm04-pr16-f-a301%20Formato%20Solicitud%20de%20registro.xls HTTP/1.1" 206 3572139
186.84.48.69 - - [17/Oct/2014:08:23:37 -0500] "POST /forms/lservlet;jsessionid=ac16012b30d5316e179f20d944338a0aaf45d27f6b9d.e3iSbxaKaheRe34Sa3yKbhiTahb0n6jAmljGr5XDqQLvpAe HTTP/1.1" 200 24
186.84.48.69 - - [17/Oct/2014:08:23:37 -0500] "POST /forms/lservlet;jsessionid=ac16012b30d5316e179f20d944338a0aaf45d27f6b9d.e3iSbxaKaheRe34Sa3yKbhiTahb0n6jAmljGr5XDqQLvpAe HTTP/1.1" 200 3706
201.184.143.127 - - [17/Oct/2014:08:23:38 -0500] "POST /forms/lservlet;jsessionid=ac16012b30d5411df52523934146bb14d255c9ce9eaf.e3iSbxaKaheRe34Sa3yKbhiTahb0n6jAmljGr5XDqQLvpAe HTTP/1.1" 200 2
186.84.48.69 - - [17/Oct/2014:08:23:38 -0500] "POST /forms/lservlet;jsessionid=ac16012b30d5316e179f20d944338a0aaf45d27f6b9d.e3iSbxaKaheRe34Sa3yKbhiTahb0n6jAmljGr5XDqQLvpAe HTTP/1.1" 200 2
181.48.9.60 - - [17/Oct/2014:08:23:41 -0500] "GET /BLA/boletinlegal/js/jquery.js HTTP/1.1" 304 -
181.48.9.60 - - [17/Oct/2014:08:23:41 -0500] "GET /BLA/boletinlegal/js/jquery.scrollTo-min.js HTTP/1.1" 304 -
181.48.9.60 - - [17/Oct/2014:08:23:41 -0500] "GET /BLA/boletinlegal/js/jquery.scrollShow.js HTTP/1.1" 304 -
190.27.114.196 - - [17/Oct/2014:08:23:43 -0500] "GET /autoliquidacion/Solicitudes%20relacionadas%20con%20calidad%20del%20aire%20auditiva%20y%20visual/Registro%20de%20Elementos%20de%20publicidad%20Exterior%20Visual/126pm04-pr16-f-a20-1%20Lista%20de%20Chequeo.xls HTTP/1.1" 200 114176
190.27.114.196 - - [17/Oct/2014:08:23:45 -0500] "GET /autoliquidacion/Solicitudes%20relacionadas%20con%20calidad%20del%20aire%20auditiva%20y%20visual/Registro%20de%20Elementos%20de%20publicidad%20Exterior%20Visual/Aplicativo%20PEV%202014.xls HTTP/1.1" 200 146944
190.27.114.196 - - [17/Oct/2014:08:23:46 -0500] "GET /autoliquidacion/Solicitudes%20relacionadas%20con%20calidad%20del%20aire%20auditiva%20y%20visual/Registro%20de%20Elementos%20de%20publicidad%20Exterior%20Visual/Aplicativo%20PEV%202014.xls HTTP/1.1" 206 1
190.69.14.2 - - [17/Oct/2014:08:23:47 -0500] "GET /BLA/resoluciones/RESOLUCIONES%202007/RES%202007%202501%20AL%202600/RESOLUCION%202530%20DE%202007.pdf HTTP/1.1" 200 16144
190.27.114.196 - - [17/Oct/2014:08:23:51 -0500] "GET /autoliquidacion/Solicitudes%20relacionadas%20con%20calidad%20del%20aire%20auditiva%20y%20visual/Registro%20de%20Elementos%20de%20publicidad%20Exterior%20Visual/Aplicativo%20PEV%202014.xls HTTP/1.1" 206 145833
190.69.14.2 - - [17/Oct/2014:08:23:53 -0500] "GET /BLA/resoluciones/RESOLUCIONES%202007/RES%202007%202501%20AL%202600/RESOLUCION%202531%20DE%202007.pdf HTTP/1.1" 200 16303
186.29.179.117 - - [17/Oct/2014:08:23:56 -0500] "GET /forest/index2.jsp?_a=0.5083960914053023 HTTP/1.1" 200 78150
186.29.179.117 - - [17/Oct/2014:08:23:57 -0500] "GET /forest/session.jsp?a=0.21225250931456685 HTTP/1.1" 200 4
186.29.179.117 - - [17/Oct/2014:08:23:58 -0500] "GET /forest/misactividades.do?group_system_actual=3&codPro=227&_a=0.07751919363137083 HTTP/1.1" 200 36809
186.29.179.117 - - [17/Oct/2014:08:23:59 -0500] "GET /forest/session.jsp?a=0.6864283599425107 HTTP/1.1" 200 4
201.245.192.253 - - [17/Oct/2014:08:23:59 -0500] "GET /forest/session.jsp?a=0.2202436917566375 HTTP/1.1" 200 4
186.29.179.117 - - [17/Oct/2014:08:23:59 -0500] "POST /forest/misactividades.do?ajax=true&a=0.5089849894866347 HTTP/1.1" 200 1269
186.29.179.117 - - [17/Oct/2014:08:24:00 -0500] "GET /forest/usutareas.do?_a=0.4630441521294415&group_system_actual=3 HTTP/1.1" 200 250989
186.29.179.117 - - [17/Oct/2014:08:24:03 -0500] "GET /forest/session.jsp?a=0.15276173246093094 HTTP/1.1" 200 4
186.29.179.117 - - [17/Oct/2014:08:24:03 -0500] "GET /forest/actions/forms.getList?codForm=Anexo4&id=p300 HTTP/1.1" 200 136
186.29.179.117 - - [17/Oct/2014:08:24:03 -0500] "GET /forest/actions/forms.getList?codForm=Anexo4&id=p312 HTTP/1.1" 200 88
186.29.179.117 - - [17/Oct/2014:08:24:03 -0500] "GET /forest/actions/forms.getList?codForm=Anexo4&id=p368 HTTP/1.1" 200 209
201.245.192.253 - - [17/Oct/2014:08:24:05 -0500] "GET /galeria/carrusel/Carrusel/jquery-ui-%20%201.8.13.custom.min.js HTTP/1.1" 404 1018
172.22.2.1 - - [17/Oct/2014:08:24:05 -0500] "GET /galeria/nivo-slider/demo/demo.html HTTP/1.1" 304 -
172.22.2.1 - - [17/Oct/2014:08:24:05 -0500] "GET /galeria/nivo-slider/demo/images/EncuentroAgua1.jpg HTTP/1.1" 304 -
172.22.2.1 - - [17/Oct/2014:08:24:05 -0500] "GET /galeria/nivo-slider/demo/images/Tingua-azul.jpg HTTP/1.1" 304 -
172.22.2.1 - - [17/Oct/2014:08:24:06 -0500] "GET /galeria/nivo-slider/demo/images/Hacienda_Molinos.jpg HTTP/1.1" 304 -
186.84.48.69 - - [17/Oct/2014:08:24:06 -0500] "POST /forms/lservlet;jsessionid=ac16012b30d5316e179f20d944338a0aaf45d27f6b9d.e3iSbxaKaheRe34Sa3yKbhiTahb0n6jAmljGr5XDqQLvpAe HTTP/1.1" 200 2
186.84.48.69 - - [17/Oct/2014:08:24:06 -0500] "POST /forms/lservlet;jsessionid=ac16012b30d5316e179f20d944338a0aaf45d27f6b9d.e3iSbxaKaheRe34Sa3yKbhiTahb0n6jAmljGr5XDqQLvpAe HTTP/1.1" 200 112
186.84.48.69 - - [17/Oct/2014:08:24:07 -0500] "POST /forms/lservlet;jsessionid=ac16012b30d5316e179f20d944338a0aaf45d27f6b9d.e3iSbxaKaheRe34Sa3yKbhiTahb0n6jAmljGr5XDqQLvpAe HTTP/1.1" 200 2
186.84.48.69 - - [17/Oct/2014:08:24:08 -0500] "POST /forms/lservlet;jsessionid=ac16012b30d5316e179f20d944338a0aaf45d27f6b9d.e3iSbxaKaheRe34Sa3yKbhiTahb0n6jAmljGr5XDqQLvpAe HTTP/1.1" 200 2
186.84.48.69 - - [17/Oct/2014:08:24:07 -0500] "GET /reports/rwservlet/getjobid330437?server=rep_srvapsda HTTP/1.1" 200 341946
190.69.14.2 - - [17/Oct/2014:08:24:11 -0500] "GET /BLA/resoluciones/RESOLUCIONES%202007/RES%202007%202501%20AL%202600/RESOLUCION%202532%20DE%202007.pdf HTTP/1.1" 404 1120
66.249.65.123 - - [17/Oct/2014:08:24:12 -0500] "GET /htdocs/counter/ HTTP/1.1" 404 1018
172.22.2.1 - - [17/Oct/2014:08:24:15 -0500] "GET /videos/Spot_Tinguas.flv HTTP/1.1" 206 1
172.22.2.1 - - [17/Oct/2014:08:24:15 -0500] "GET /videos/Spot_Tinguas.flv HTTP/1.1" 206 1601173
186.29.179.117 - - [17/Oct/2014:08:24:13 -0500] "POST /forest/actions/forms.sendFile HTTP/1.1" 200 109
186.29.179.117 - - [17/Oct/2014:08:24:18 -0500] "POST /forest/usutareas.do? HTTP/1.1" 200 76
190.69.14.2 - - [17/Oct/2014:08:24:19 -0500] "GET /BLA/resoluciones/RESOLUCIONES%202007/RES%202007%202501%20AL%202600/RESOLUCION%202533%20DE%202007.pdf HTTP/1.1" 200 65394
201.245.192.253 - - [17/Oct/2014:08:24:20 -0500] "GET /isolucionsda/Session.asp HTTP/1.1" 200 146
186.29.179.117 - - [17/Oct/2014:08:24:20 -0500] "GET /forest/usutareas.do?group_system_actual=3&a=0.32268552645109594 HTTP/1.1" 200 147211
186.29.179.117 - - [17/Oct/2014:08:24:21 -0500] "GET /forest/session.jsp?a=0.8988901309203357 HTTP/1.1" 200 4
186.29.179.117 - - [17/Oct/2014:08:24:21 -0500] "GET /forest/actions/forms.getMappedValues?id=NUMTER45&value=899999061-9%20SDA&codForm=contec&a=0.4168226539622992 HTTP/1.1" 200 116
201.245.192.253 - - [17/Oct/2014:08:24:23 -0500] "GET /forest/buscar.do?type=procesos HTTP/1.1" 200 96539
201.245.192.253 - - [17/Oct/2014:08:24:23 -0500] "GET /forest/css/autocomplete.css?version=1408.271930 HTTP/1.1" 304 -
201.245.192.253 - - [17/Oct/2014:08:24:23 -0500] "GET /forest/js/load_func.js?version=1408.271930 HTTP/1.1" 304 -
201.245.192.253 - - [17/Oct/2014:08:24:23 -0500] "GET /forest/js/dialog.js?version=1408.271930 HTTP/1.1" 304 -
201.245.192.253 - - [17/Oct/2014:08:24:23 -0500] "GET /forest/js/sarissa.js?version=1408.271930 HTTP/1.1" 304 -
201.245.192.253 - - [17/Oct/2014:08:24:23 -0500] "GET /forest/1ibre/jscalendar/calendar.js?version=1408.271930 HTTP/1.1" 304 -
201.245.192.253 - - [17/Oct/2014:08:24:23 -0500] "GET /forest/js/autocompletar2.js?version=1408.271930 HTTP/1.1" 304 -
201.245.192.253 - - [17/Oct/2014:08:24:23 -0500] "GET /forest/js/escritorio/escritorio.js?version=1408.271930 HTTP/1.1" 304 -
201.245.192.253 - - [17/Oct/2014:08:24:23 -0500] "GET /forest/1ibre/jscalendar/lang/calendar-es.js?version=1408.271930 HTTP/1.1" 304 -
201.245.192.253 - - [17/Oct/2014:08:24:23 -0500] "GET /forest/1ibre/protoaculous.js?version=1408.271930 HTTP/1.1" 304 -
201.245.192.253 - - [17/Oct/2014:08:24:23 -0500] "GET /forest/1ibre/jscalendar/calendar-setup.js?version=1408.271930 HTTP/1.1" 304 -
201.245.192.253 - - [17/Oct/2014:08:24:23 -0500] "GET /forest/1ibre/1ibre.js?version=1408.271930 HTTP/1.1" 304 -
201.245.192.253 - - [17/Oct/2014:08:24:23 -0500] "GET /forest/json.do?query=usersByDep&coddep=7025 HTTP/1.1" 200 919
201.245.192.253 - - [17/Oct/2014:08:24:23 -0500] "GET /forest/json.do?query=usersByDep&coddep=7025 HTTP/1.1" 200 919
190.69.14.2 - - [17/Oct/2014:08:24:25 -0500] "GET /BLA/resoluciones/RESOLUCIONES%202007/RES%202007%202501%20AL%202600/RESOLUCION%202534%20DE%202007.pdf HTTP/1.1" 200 72741
186.29.179.117 - - [17/Oct/2014:08:24:26 -0500] "GET /forest/actions/forms.getMappedValues?id=localidadvisita402&value=10&codForm=contec&a=0.6029884964227676 HTTP/1.1" 200 24
201.245.192.253 - - [17/Oct/2014:08:24:32 -0500] "POST /forest/buscar.do? HTTP/1.1" 200 5131
180.76.6.55 - - [17/Oct/2014:08:24:33 -0500] "GET /BLA/resoluciones/AUTOS%202011/3736.pdf HTTP/1.1" 200 271655
172.22.2.1 - - [17/Oct/2014:08:24:36 -0500] "GET /autoliquidacion/ HTTP/1.1" 200 6375
201.245.192.253 - - [17/Oct/2014:08:24:36 -0500] "GET /forest/skins/gdocs-jar/popup/popup.jsp?width=900&height=600&title=Informaci%F3n%20de%20proceso&uri=/forest/system/process.jsp%3FnumPro%3D2911961&name=undefined&_a=0.7627801969734656&a=0.9000750722341083 HTTP/1.1" 200 1191
201.245.192.253 - - [17/Oct/2014:08:24:36 -0500] "GET /forest/system/process.jsp?numPro=2911961 HTTP/1.1" 200 63846
201.245.192.253 - - [17/Oct/2014:08:24:36 -0500] "GET /forest/system/process.jsp?numPro=2911961 HTTP/1.1" 200 63846
190.69.14.2 - - [17/Oct/2014:08:24:38 -0500] "GET /BLA/resoluciones/RESOLUCIONES%202007/RES%202007%202501%20AL%202600/RESOLUCION%202535%20DE%202007.pdf HTTP/1.1" 200 68124
190.131.196.70 - - [17/Oct/2014:08:24:39 -0500] "GET /galeria/nivo-slider/demo/images/EncuentroAgua1.jpg HTTP/1.1" 304 -
172.22.2.1 - - [17/Oct/2014:08:24:41 -0500] "GET /autoliquidacion/index.php?dir=TR%C1MITES+ACEITES-RESIDUOS-ESTACIONES%2F HTTP/1.1" 200 2857
190.69.14.2 - - [17/Oct/2014:08:24:44 -0500] "GET /BLA/resoluciones/RESOLUCIONES%202007/RES%202007%202501%20AL%202600/RESOLUCION%202536%20DE%202007.pdf HTTP/1.1" 200 70064
172.22.2.1 - - [17/Oct/2014:08:24:44 -0500] "GET /autoliquidacion/index.php?dir=TR%C1MITES+ACEITES-RESIDUOS-ESTACIONES%2Faceites-ES%2F HTTP/1.1" 200 3334
190.131.196.70 - - [17/Oct/2014:08:24:48 -0500] "GET /galeria/nivo-slider/demo/images/EncuentroAgua1.jpg HTTP/1.1" 304 -
190.131.196.70 - - [17/Oct/2014:08:24:49 -0500] "GET /galeria/nivo-slider/demo/images/Tingua-azul.jpg HTTP/1.1" 304 -
190.69.14.2 - - [17/Oct/2014:08:24:51 -0500] "GET /BLA/resoluciones/RESOLUCIONES%202007/RES%202007%202501%20AL%202600/RESOLUCION%202540%20DE%202007.pdf HTTP/1.1" 200 430209
190.69.14.2 - - [17/Oct/2014:08:24:51 -0500] "GET /BLA/resoluciones/RESOLUCIONES%202007/RES%202007%202501%20AL%202600/RESOLUCION%202540%20DE%202007.pdf HTTP/1.1" 206 32768
190.69.14.2 - - [17/Oct/2014:08:24:51 -0500] "GET /BLA/resoluciones/RESOLUCIONES%202007/RES%202007%202501%20AL%202600/RESOLUCION%202540%20DE%202007.pdf HTTP/1.1" 206 397441
172.22.2.1 - - [17/Oct/2014:08:24:52 -0500] "GET /autoliquidacion/index.php?dir=TR%C1MITES+ACEITES-RESIDUOS-ESTACIONES%2FREGISTRO+COMO+ACOPIADOR+PRIMARIO%2F HTTP/1.1" 200 3288
201.245.192.253 - - [17/Oct/2014:08:24:54 -0500] "GET /forest/buscar.do?type=procesos HTTP/1.1" 200 96539
201.245.192.253 - - [17/Oct/2014:08:24:55 -0500] "GET /forest/css/autocomplete.css?version=1408.271930 HTTP/1.1" 304 -
201.245.192.253 - - [17/Oct/2014:08:24:55 -0500] "GET /forest/js/load_func.js?version=1408.271930 HTTP/1.1" 304 -
201.245.192.253 - - [17/Oct/2014:08:24:55 -0500] "GET /forest/js/sarissa.js?version=1408.271930 HTTP/1.1" 304 -
201.245.192.253 - - [17/Oct/2014:08:24:55 -0500] "GET /forest/js/dialog.js?version=1408.271930 HTTP/1.1" 304 -
201.245.192.253 - - [17/Oct/2014:08:24:55 -0500] "GET /forest/js/escritorio/escritorio.js?version=1408.271930 HTTP/1.1" 304 -
201.245.192.253 - - [17/Oct/2014:08:24:55 -0500] "GET /forest/1ibre/protoaculous.js?version=1408.271930 HTTP/1.1" 304 -
201.245.192.253 - - [17/Oct/2014:08:24:55 -0500] "GET /forest/1ibre/1ibre.js?version=1408.271930 HTTP/1.1" 304 -
201.245.192.253 - - [17/Oct/2014:08:24:55 -0500] "GET /forest/1ibre/jscalendar/calendar.js?version=1408.271930 HTTP/1.1" 304 -
201.245.192.253 - - [17/Oct/2014:08:24:55 -0500] "GET /forest/1ibre/jscalendar/calendar-setup.js?version=1408.271930 HTTP/1.1" 304 -
201.245.192.253 - - [17/Oct/2014:08:24:55 -0500] "GET /forest/1ibre/jscalendar/lang/calendar-es.js?version=1408.271930 HTTP/1.1" 304 -
201.245.192.253 - - [17/Oct/2014:08:24:55 -0500] "GET /forest/js/autocompletar2.js?version=1408.271930 HTTP/1.1" 304 -
201.245.192.253 - - [17/Oct/2014:08:24:55 -0500] "GET /forest/json.do?query=usersByDep&coddep=7025 HTTP/1.1" 200 919
201.245.192.253 - - [17/Oct/2014:08:24:55 -0500] "GET /forest/json.do?query=usersByDep&coddep=7025 HTTP/1.1" 200 919
201.184.228.236 - - [17/Oct/2014:08:24:57 -0500] "GET /galeria/nivo-slider/demo/demo.html HTTP/1.1" 304 -
201.184.228.236 - - [17/Oct/2014:08:24:58 -0500] "GET /galeria/nivo-slider/demo/images/EncuentroAgua1.jpg HTTP/1.1" 304 -
