201.245.192.253 - - [17/Oct/2014:08:28:47 -0500] "GET /forest/1ibre/jscalendar/lang/calendar-es.js?version=1408.271930 HTTP/1.1" 304 -
201.245.192.253 - - [17/Oct/2014:08:28:47 -0500] "GET /forest/1ibre/protoaculous.js?version=1408.271930 HTTP/1.1" 304 -
201.245.192.253 - - [17/Oct/2014:08:28:47 -0500] "GET /forest/js/dialog.js?version=1408.271930 HTTP/1.1" 304 -
201.245.192.253 - - [17/Oct/2014:08:28:47 -0500] "GET /forest/1ibre/1ibre.js?version=1408.271930 HTTP/1.1" 304 -
201.245.192.253 - - [17/Oct/2014:08:28:47 -0500] "GET /forest/js/sarissa.js?version=1408.271930 HTTP/1.1" 304 -
201.245.192.253 - - [17/Oct/2014:08:28:47 -0500] "GET /forest/1ibre/jscalendar/calendar.js?version=1408.271930 HTTP/1.1" 304 -
201.245.192.253 - - [17/Oct/2014:08:28:47 -0500] "GET /forest/js/escritorio/escritorio.js?version=1408.271930 HTTP/1.1" 304 -
201.245.192.253 - - [17/Oct/2014:08:28:47 -0500] "GET /forest/1ibre/jscalendar/calendar-setup.js?version=1408.271930 HTTP/1.1" 304 -
201.245.192.253 - - [17/Oct/2014:08:28:47 -0500] "GET /forest/json.do?query=usersByDep&coddep=7025 HTTP/1.1" 200 919
201.245.192.253 - - [17/Oct/2014:08:28:47 -0500] "GET /forest/json.do?query=usersByDep&coddep=7025 HTTP/1.1" 200 919
186.29.179.117 - - [17/Oct/2014:08:28:47 -0500] "GET /forest/borrador/1476161/CT%20emergencia2%202014-10-17%2008:24%20AM.docx HTTP/1.1" 200 40301
157.55.39.81 - - [17/Oct/2014:08:28:49 -0500] "GET /BLA/boletinlegal/js/jquery.scrollTo-min.js HTTP/1.1" 200 1150
201.245.192.253 - - [17/Oct/2014:08:28:55 -0500] "POST /forest/buscar.do? HTTP/1.1" 200 5130
190.69.14.2 - - [17/Oct/2014:08:28:57 -0500] "GET /BLA/resoluciones/RESOLUCIONES%202007/RES%202007%202501%20AL%202600/RESOLUCION%202555%20DE%202007.pdf HTTP/1.1" 200 680932
190.69.14.2 - - [17/Oct/2014:08:28:57 -0500] "GET /BLA/resoluciones/RESOLUCIONES%202007/RES%202007%202501%20AL%202600/RESOLUCION%202555%20DE%202007.pdf HTTP/1.1" 206 32768
190.69.14.2 - - [17/Oct/2014:08:28:58 -0500] "GET /BLA/resoluciones/RESOLUCIONES%202007/RES%202007%202501%20AL%202600/RESOLUCION%202555%20DE%202007.pdf HTTP/1.1" 206 648164
201.245.192.253 - - [17/Oct/2014:08:28:59 -0500] "GET /forest/session.jsp?a=0.8810644663232778 HTTP/1.1" 200 4
190.240.35.12 - - [17/Oct/2014:08:29:06 -0500] "GET /favicon.ico HTTP/1.1" 200 7782
186.147.66.232 - - [17/Oct/2014:08:23:06 -0500] "GET /ForestMSG_SDA/channelAsync/template_word_16682227?X-Atmosphere-tracking-id=f44a2ca2-1b7f-b091-259b-6df6eeb2ee1a&X-Atmosphere-Framework=1.0.5&X-Atmosphere-Transport=long-polling&tabid=0.31658551935106516&X-Cache-Date=0&Content-Type=application/xml&_=1413552337340 HTTP/1.1" 200 8193
190.69.14.2 - - [17/Oct/2014:08:29:11 -0500] "GET /BLA/resoluciones/RESOLUCIONES%202007/RES%202007%202501%20AL%202600/RESOLUCION%202556%20DE%202007.pdf HTTP/1.1" 200 413163
190.69.14.2 - - [17/Oct/2014:08:29:11 -0500] "GET /BLA/resoluciones/RESOLUCIONES%202007/RES%202007%202501%20AL%202600/RESOLUCION%202556%20DE%202007.pdf HTTP/1.1" 206 32768
190.69.14.2 - - [17/Oct/2014:08:29:12 -0500] "GET /BLA/resoluciones/RESOLUCIONES%202007/RES%202007%202501%20AL%202600/RESOLUCION%202556%20DE%202007.pdf HTTP/1.1" 206 380395
186.154.19.245 - - [17/Oct/2014:08:29:15 -0500] "GET /isolucionsda/Session.asp HTTP/1.1" 200 205
186.147.66.232 - - [17/Oct/2014:08:29:16 -0500] "GET /forest/session.jsp?a=0.5360932804178447 HTTP/1.1" 200 4
201.245.192.253 - - [17/Oct/2014:08:29:18 -0500] "GET /galeria/carrusel/Carrusel/jquery-ui-%20%201.8.13.custom.min.js HTTP/1.1" 404 1018
66.249.65.119 - - [17/Oct/2014:08:29:20 -0500] "GET /even/Cakdu7gt/tsld011.htm HTTP/1.1" 404 1018
186.147.66.232 - - [17/Oct/2014:08:29:24 -0500] "GET /forest/skins/gdocs-jar/popup/escritorio/subirborrador.jsp?form=DPC_ElaborarBorradorConsolidador&codTpl=&codBorr=493295&a=0.9634401386138052 HTTP/1.1" 200 23171
186.147.66.232 - - [17/Oct/2014:08:29:24 -0500] "GET /forest/img/lapiz.gif HTTP/1.1" 200 914
186.147.66.232 - - [17/Oct/2014:08:29:24 -0500] "GET /forest/img/historial.gif HTTP/1.1" 200 1341
186.147.66.232 - - [17/Oct/2014:08:29:24 -0500] "GET /forest/img/adduser.gif HTTP/1.1" 200 1249
186.147.66.232 - - [17/Oct/2014:08:29:24 -0500] "GET /forest/skins/gdocs-jar/img/expandido.gif HTTP/1.1" 304 -
186.147.66.232 - - [17/Oct/2014:08:29:24 -0500] "GET /forest/json.do?query=borradoresByTpls&codInst=2951528&codTare=2320&firma=0&a=0.08750954270362854 HTTP/1.1" 200 193
186.147.66.232 - - [17/Oct/2014:08:29:24 -0500] "GET /forest/json.do?query=plantillasByTarea&codTare=2320&codInst=2951528&firma=0&a=0.32343556685373187 HTTP/1.1" 200 259
186.147.66.232 - - [17/Oct/2014:08:29:25 -0500] "GET /forest/json.do?query=terceroById&numTer=860048247&a=0.9747861754149199 HTTP/1.1" 200 696
186.147.66.232 - - [17/Oct/2014:08:29:25 -0500] "GET /forest/json.do?query=datosBorradorByCodTraBorr&codTraBorr=1468686&a=0.19434345955960453 HTTP/1.1" 200 180
186.147.66.232 - - [17/Oct/2014:08:29:25 -0500] "GET /forest/json.do?query=adjuntosByBorrador&codTraBorr=1468686&a=0.37238738872110844 HTTP/1.1" 200 2
186.147.66.232 - - [17/Oct/2014:08:29:25 -0500] "GET /forest/skins/gdocs-jar/img/icons/docx.gif HTTP/1.1" 200 1039
186.147.66.232 - - [17/Oct/2014:08:29:25 -0500] "GET /forest/json.do?query=ultimoBorradorByTpl&codTpl=2021&codInst=2951528&a=0.47149152122437954 HTTP/1.1" 200 2
186.147.66.232 - - [17/Oct/2014:08:29:25 -0500] "GET /forest/json.do?query=ultimoBorradorByTpl&codTpl=726&codInst=2951528&a=0.4820421617478132 HTTP/1.1" 200 20
190.69.14.2 - - [17/Oct/2014:08:29:31 -0500] "GET /BLA/resoluciones/RESOLUCIONES%202007/RES%202007%202501%20AL%202600/RESOLUCION%202557%20DE%202007.pdf HTTP/1.1" 200 654310
190.69.14.2 - - [17/Oct/2014:08:29:32 -0500] "GET /BLA/resoluciones/RESOLUCIONES%202007/RES%202007%202501%20AL%202600/RESOLUCION%202557%20DE%202007.pdf HTTP/1.1" 206 32768
190.69.14.2 - - [17/Oct/2014:08:29:32 -0500] "GET /BLA/resoluciones/RESOLUCIONES%202007/RES%202007%202501%20AL%202600/RESOLUCION%202557%20DE%202007.pdf HTTP/1.1" 206 621542
201.184.143.127 - - [17/Oct/2014:08:29:38 -0500] "POST /forms/lservlet;jsessionid=ac16012b30d5411df52523934146bb14d255c9ce9eaf.e3iSbxaKaheRe34Sa3yKbhiTahb0n6jAmljGr5XDqQLvpAe HTTP/1.1" 200 2
190.131.196.70 - - [17/Oct/2014:08:29:39 -0500] "GET /galeria/nivo-slider/demo/images/EncuentroAgua1.jpg HTTP/1.1" 304 -
190.69.14.2 - - [17/Oct/2014:08:29:39 -0500] "GET /BLA/resoluciones/RESOLUCIONES%202007/RES%202007%202501%20AL%202600/RESOLUCION%202558%20DE%202007.pdf HTTP/1.1" 200 153412
168.176.79.15 - - [17/Oct/2014:08:29:40 -0500] "GET /videos/Spot_Tinguas.flv HTTP/1.1" 200 2087054
186.119.212.232 - - [17/Oct/2014:08:29:41 -0500] "GET /forest/css/escritorio.css?version=1408.271930 HTTP/1.1" 304 -
186.119.212.232 - - [17/Oct/2014:08:29:41 -0500] "GET /forest/css/autocomplete.css?version=1408.271930 HTTP/1.1" 304 -
186.119.212.232 - - [17/Oct/2014:08:29:41 -0500] "GET /forest/skins/gdocs-jar/css/tree.css?version=1408.271930 HTTP/1.1" 304 -
186.119.212.232 - - [17/Oct/2014:08:29:41 -0500] "GET /forest/js/dialog.js?version=1408.271930 HTTP/1.1" 304 -
186.119.212.232 - - [17/Oct/2014:08:29:41 -0500] "GET /forest/js/escritorio/escritorio.js?version=1408.271930 HTTP/1.1" 304 -
186.119.212.232 - - [17/Oct/2014:08:29:41 -0500] "GET /forest/js/sarissa.js?version=1408.271930 HTTP/1.1" 304 -
186.119.212.232 - - [17/Oct/2014:08:29:41 -0500] "GET /forest/js/internJS.js?version=1408.271930 HTTP/1.1" 304 -
186.119.212.232 - - [17/Oct/2014:08:29:41 -0500] "GET /forest/js/load_func.js?version=1408.271930 HTTP/1.1" 304 -
186.119.212.232 - - [17/Oct/2014:08:29:41 -0500] "GET /forest/js/autocompletar2.js?version=1408.271930 HTTP/1.1" 304 -
186.119.212.232 - - [17/Oct/2014:08:29:41 -0500] "GET /forest/1ibre/jscalendar/calendar.js?version=1408.271930 HTTP/1.1" 304 -
186.119.212.232 - - [17/Oct/2014:08:29:41 -0500] "GET /forest/1ibre/protoaculous.js?version=1408.271930 HTTP/1.1" 304 -
186.119.212.232 - - [17/Oct/2014:08:29:41 -0500] "GET /forest/1ibre/jscalendar/lang/calendar-es.js?version=1408.271930 HTTP/1.1" 304 -
186.119.212.232 - - [17/Oct/2014:08:29:41 -0500] "GET /forest/1ibre/jscalendar/calendar-setup.js?version=1408.271930 HTTP/1.1" 304 -
186.119.212.232 - - [17/Oct/2014:08:29:41 -0500] "GET /forest/1ibre/1ibre.js?version=1408.271930 HTTP/1.1" 304 -
186.119.212.232 - - [17/Oct/2014:08:29:41 -0500] "GET /forest/js/xml_utilities.js?version=1408.271930 HTTP/1.1" 304 -
186.119.212.232 - - [17/Oct/2014:08:29:40 -0500] "GET /forest/buscar.do HTTP/1.1" 200 96531
66.249.65.55 - - [17/Oct/2014:08:29:42 -0500] "GET /POT-2013/index.php?dir=Cartografia%2F HTTP/1.1" 200 11465
186.119.212.232 - - [17/Oct/2014:08:29:43 -0500] "GET /forest/json.do?query=usersByDep&coddep=7027 HTTP/1.1" 200 384
186.119.212.232 - - [17/Oct/2014:08:29:43 -0500] "GET /forest/json.do?query=usersByDep&coddep=7027 HTTP/1.1" 200 384
190.69.14.2 - - [17/Oct/2014:08:29:45 -0500] "GET /BLA/resoluciones/RESOLUCIONES%202007/RES%202007%202501%20AL%202600/RESOLUCION%202559%20DE%202007.pdf HTTP/1.1" 200 384683
190.69.14.2 - - [17/Oct/2014:08:29:46 -0500] "GET /BLA/resoluciones/RESOLUCIONES%202007/RES%202007%202501%20AL%202600/RESOLUCION%202559%20DE%202007.pdf HTTP/1.1" 206 32768
190.69.14.2 - - [17/Oct/2014:08:29:46 -0500] "GET /BLA/resoluciones/RESOLUCIONES%202007/RES%202007%202501%20AL%202600/RESOLUCION%202559%20DE%202007.pdf HTTP/1.1" 206 351915
186.119.212.232 - - [17/Oct/2014:08:29:47 -0500] "POST /forest/buscar.do? HTTP/1.1" 200 10941
190.131.196.70 - - [17/Oct/2014:08:29:48 -0500] "GET /galeria/nivo-slider/demo/images/EncuentroAgua1.jpg HTTP/1.1" 304 -
190.131.196.70 - - [17/Oct/2014:08:29:49 -0500] "GET /galeria/nivo-slider/demo/images/Tingua-azul.jpg HTTP/1.1" 304 -
201.245.192.253 - - [17/Oct/2014:08:29:49 -0500] "GET /forest/borrador/1475994/REQUERIMIENTO%20DUGOTEX%20S,A.docx HTTP/1.1" 200 174184
186.119.212.232 - - [17/Oct/2014:08:29:50 -0500] "GET /forest/skins/gdocs-jar/popup/popup.jsp?width=850&height=380&title=Informaci%F3n%20del%20radicado&uri=/forest/system/document.jsp%3FcodDoc%3D1909390&name=undefined&_a=0.0026943763066775706&a=0.18071644618426974 HTTP/1.1" 200 1194
186.119.212.232 - - [17/Oct/2014:08:29:50 -0500] "GET /forest/system/document.jsp?codDoc=1909390 HTTP/1.1" 200 26001
186.119.212.232 - - [17/Oct/2014:08:29:51 -0500] "GET /forest/skins/gdocs-jar/img/icons/xlsx.gif HTTP/1.1" 304 -
200.41.78.29 - - [17/Oct/2014:08:29:52 -0500] "GET /galeria/nivo-slider/demo/demo.html HTTP/1.1" 304 -
200.41.78.29 - - [17/Oct/2014:08:29:53 -0500] "GET /galeria/nivo-slider/demo/images/EncuentroAgua1.jpg HTTP/1.1" 304 -
200.41.78.29 - - [17/Oct/2014:08:29:53 -0500] "GET /galeria/nivo-slider/demo/images/Banner-Caracol-Africano.jpg HTTP/1.1" 304 -
200.41.78.29 - - [17/Oct/2014:08:29:53 -0500] "GET /galeria/nivo-slider/demo/images/Hacienda_Molinos.jpg HTTP/1.1" 304 -
190.69.14.2 - - [17/Oct/2014:08:29:53 -0500] "GET /BLA/resoluciones/RESOLUCIONES%202007/RES%202007%202501%20AL%202600/RESOLUCION%202560%20DE%202007.pdf HTTP/1.1" 200 788153
190.69.14.2 - - [17/Oct/2014:08:29:53 -0500] "GET /BLA/resoluciones/RESOLUCIONES%202007/RES%202007%202501%20AL%202600/RESOLUCION%202560%20DE%202007.pdf HTTP/1.1" 206 32768
190.69.14.2 - - [17/Oct/2014:08:29:53 -0500] "GET /BLA/resoluciones/RESOLUCIONES%202007/RES%202007%202501%20AL%202600/RESOLUCION%202560%20DE%202007.pdf HTTP/1.1" 206 755385
186.119.212.232 - - [17/Oct/2014:08:29:53 -0500] "GET /forest/documentos/1909390/2014ER139013.xlsx HTTP/1.1" 200 285611
200.41.78.29 - - [17/Oct/2014:08:29:58 -0500] "GET /videos/Spot_Tinguas.flv HTTP/1.1" 304 -
190.131.196.70 - - [17/Oct/2014:08:29:58 -0500] "GET /galeria/nivo-slider/demo/images/Tingua-azul.jpg HTTP/1.1" 304 -
190.157.20.69 - - [17/Oct/2014:08:30:00 -0500] "GET /BLA/boletinlegal/js/jquery.js HTTP/1.1" 200 57254
190.157.20.69 - - [17/Oct/2014:08:30:00 -0500] "GET /BLA/boletinlegal/js/jquery.scrollShow.js HTTP/1.1" 200 4586
190.157.20.69 - - [17/Oct/2014:08:30:00 -0500] "GET /BLA/boletinlegal/js/jquery.scrollTo-min.js HTTP/1.1" 200 1150
186.29.179.117 - - [17/Oct/2014:08:24:02 -0500] "GET /ForestMSG_SDA/channelAsync/template_word_16706399?X-Atmosphere-tracking-id=921be7a9-cec5-3c3c-b063-5b4e6bbc0fb1&X-Atmosphere-Framework=1.0.5&X-Atmosphere-Transport=long-polling&tabid=0.20219283853657544&X-Cache-Date=0&Content-Type=application/xml&_=1413552389209 HTTP/1.1" 200 8193
190.69.14.2 - - [17/Oct/2014:08:30:02 -0500] "GET /BLA/resoluciones/RESOLUCIONES%202007/RES%202007%202501%20AL%202600/RESOLUCION%202562%20DE%202007.pdf HTTP/1.1" 200 408702
190.69.14.2 - - [17/Oct/2014:08:30:03 -0500] "GET /BLA/resoluciones/RESOLUCIONES%202007/RES%202007%202501%20AL%202600/RESOLUCION%202562%20DE%202007.pdf HTTP/1.1" 206 32768
190.69.14.2 - - [17/Oct/2014:08:30:03 -0500] "GET /BLA/resoluciones/RESOLUCIONES%202007/RES%202007%202501%20AL%202600/RESOLUCION%202562%20DE%202007.pdf HTTP/1.1" 206 375934
186.84.48.69 - - [17/Oct/2014:08:30:08 -0500] "POST /forms/lservlet;jsessionid=ac16012b30d5316e179f20d944338a0aaf45d27f6b9d.e3iSbxaKaheRe34Sa3yKbhiTahb0n6jAmljGr5XDqQLvpAe HTTP/1.1" 200 2
190.69.14.2 - - [17/Oct/2014:08:30:10 -0500] "GET /BLA/resoluciones/RESOLUCIONES%202007/RES%202007%202501%20AL%202600/RESOLUCION%202565%20DE%202007.pdf HTTP/1.1" 200 197223
190.69.14.2 - - [17/Oct/2014:08:30:11 -0500] "GET /BLA/resoluciones/RESOLUCIONES%202007/RES%202007%202501%20AL%202600/RESOLUCION%202565%20DE%202007.pdf HTTP/1.1" 206 32768
190.69.14.2 - - [17/Oct/2014:08:30:11 -0500] "GET /BLA/resoluciones/RESOLUCIONES%202007/RES%202007%202501%20AL%202600/RESOLUCION%202565%20DE%202007.pdf HTTP/1.1" 206 164455
168.176.79.15 - - [17/Oct/2014:08:30:15 -0500] "GET /galeria/nivo-slider/themes/default/bullets.png HTTP/1.1" 200 1281
168.176.79.15 - - [17/Oct/2014:08:30:15 -0500] "GET /galeria/nivo-slider/themes/default/arrows.png HTTP/1.1" 200 824
190.69.14.2 - - [17/Oct/2014:08:30:17 -0500] "GET /BLA/resoluciones/RESOLUCIONES%202007/RES%202007%202501%20AL%202600/RESOLUCION%202566%20DE%202007.pdf HTTP/1.1" 404 1120
190.27.114.196 - - [17/Oct/2014:08:30:19 -0500] "GET /galeria/carrusel/Carrusel/jquery.thumbnailScroller.css HTTP/1.1" 200 2066
190.27.114.196 - - [17/Oct/2014:08:30:19 -0500] "GET /BLA/boletinlegal/js/jquery.js HTTP/1.1" 200 57254
190.27.114.196 - - [17/Oct/2014:08:30:19 -0500] "GET /BLA/boletinlegal/js/jquery.scrollTo-min.js HTTP/1.1" 200 1150
190.27.114.196 - - [17/Oct/2014:08:30:19 -0500] "GET /BLA/boletinlegal/js/jquery.scrollShow.js HTTP/1.1" 200 4586
190.27.114.196 - - [17/Oct/2014:08:30:19 -0500] "GET /galeria/carrusel/Carrusel/jquery-ui-1.8.13.custom.min.js HTTP/1.1" 200 10800
190.27.114.196 - - [17/Oct/2014:08:30:20 -0500] "GET /galeria/carrusel/Carrusel/jquery.thumbnailScroller.js HTTP/1.1" 200 8157
190.27.114.196 - - [17/Oct/2014:08:30:24 -0500] "GET /galeria/nivo-slider/demo/demo.html HTTP/1.1" 200 3169
190.69.14.2 - - [17/Oct/2014:08:30:24 -0500] "GET /BLA/resoluciones/RESOLUCIONES%202007/RES%202007%202501%20AL%202600/RESOLUCION%202567%20DE%202007.pdf HTTP/1.1" 200 1451072
190.27.114.196 - - [17/Oct/2014:08:30:24 -0500] "GET /galeria/nivo-slider/themes/default/default.css HTTP/1.1" 200 1569
190.27.114.196 - - [17/Oct/2014:08:30:24 -0500] "GET /galeria/nivo-slider/themes/pascal/pascal.css HTTP/1.1" 200 2258
190.27.114.196 - - [17/Oct/2014:08:30:24 -0500] "GET /galeria/nivo-slider/themes/orman/orman.css HTTP/1.1" 200 2152
190.27.114.196 - - [17/Oct/2014:08:30:24 -0500] "GET /galeria/nivo-slider/nivo-slider.css HTTP/1.1" 200 1507
190.27.114.196 - - [17/Oct/2014:08:30:24 -0500] "GET /galeria/nivo-slider/demo/style.css HTTP/1.1" 200 2222
190.69.14.2 - - [17/Oct/2014:08:30:24 -0500] "GET /BLA/resoluciones/RESOLUCIONES%202007/RES%202007%202501%20AL%202600/RESOLUCION%202567%20DE%202007.pdf HTTP/1.1" 206 32768
190.27.114.196 - - [17/Oct/2014:08:30:24 -0500] "GET /galeria/nivo-slider/demo/scripts/jquery-1.7.1.min.js HTTP/1.1" 200 93868
190.69.14.2 - - [17/Oct/2014:08:30:24 -0500] "GET /BLA/resoluciones/RESOLUCIONES%202007/RES%202007%202501%20AL%202600/RESOLUCION%202567%20DE%202007.pdf HTTP/1.1" 206 1418304
190.27.114.196 - - [17/Oct/2014:08:30:25 -0500] "GET /galeria/nivo-slider/jquery.nivo.slider.pack.js HTTP/1.1" 200 11561
190.27.114.196 - - [17/Oct/2014:08:30:25 -0500] "GET /galeria/nivo-slider/demo/images/4Simple_Slider.png HTTP/1.1" 200 11722
190.27.114.196 - - [17/Oct/2014:08:30:25 -0500] "GET /galeria/nivo-slider/themes/default/loading.gif HTTP/1.1" 200 1737
190.27.114.196 - - [17/Oct/2014:08:30:25 -0500] "GET /galeria/nivo-slider/demo/images/EncuentroAgua1.jpg HTTP/1.1" 200 274179
190.27.114.196 - - [17/Oct/2014:08:30:25 -0500] "GET /galeria/nivo-slider/demo/images/Tingua-azul.jpg HTTP/1.1" 200 307638
190.27.114.196 - - [17/Oct/2014:08:30:26 -0500] "GET /galeria/nivo-slider/demo/images/Banner-Caracol-Africano.jpg HTTP/1.1" 200 331986
190.27.114.196 - - [17/Oct/2014:08:30:26 -0500] "GET /galeria/nivo-slider/demo/images/9Signos.jpg HTTP/1.1" 200 93040
190.27.114.196 - - [17/Oct/2014:08:30:26 -0500] "GET /galeria/nivo-slider/demo/images/banner-encuesta.jpg HTTP/1.1" 200 42764
190.24.138.98 - - [17/Oct/2014:08:30:26 -0500] "GET /BLA/boletinlegal/js/jquery.scrollShow.js HTTP/1.1" 304 -
190.24.138.98 - - [17/Oct/2014:08:30:26 -0500] "GET /galeria/carrusel/Carrusel/jquery.thumbnailScroller.css HTTP/1.1" 304 -
190.24.138.98 - - [17/Oct/2014:08:30:26 -0500] "GET /galeria/carrusel/Carrusel/jquery-ui-1.8.13.custom.min.js HTTP/1.1" 304 -
190.24.138.98 - - [17/Oct/2014:08:30:26 -0500] "GET /BLA/boletinlegal/js/jquery.js HTTP/1.1" 304 -
190.24.138.98 - - [17/Oct/2014:08:30:26 -0500] "GET /BLA/boletinlegal/js/jquery.scrollTo-min.js HTTP/1.1" 304 -
190.24.138.98 - - [17/Oct/2014:08:30:26 -0500] "GET /galeria/carrusel/Carrusel/jquery.thumbnailScroller.js HTTP/1.1" 304 -
190.24.138.98 - - [17/Oct/2014:08:30:27 -0500] "GET /galeria/nivo-slider/demo/demo.html HTTP/1.1" 304 -
190.24.138.98 - - [17/Oct/2014:08:30:28 -0500] "GET /galeria/nivo-slider/themes/default/default.css HTTP/1.1" 304 -
190.24.138.98 - - [17/Oct/2014:08:30:28 -0500] "GET /galeria/nivo-slider/themes/orman/orman.css HTTP/1.1" 304 -
190.24.138.98 - - [17/Oct/2014:08:30:28 -0500] "GET /galeria/nivo-slider/themes/pascal/pascal.css HTTP/1.1" 304 -
190.24.138.98 - - [17/Oct/2014:08:30:28 -0500] "GET /galeria/nivo-slider/nivo-slider.css HTTP/1.1" 304 -
190.24.138.98 - - [17/Oct/2014:08:30:28 -0500] "GET /galeria/nivo-slider/demo/style.css HTTP/1.1" 304 -
190.24.138.98 - - [17/Oct/2014:08:30:28 -0500] "GET /galeria/nivo-slider/demo/images/EncuentroAgua1.jpg HTTP/1.1" 304 -
190.24.138.98 - - [17/Oct/2014:08:30:28 -0500] "GET /galeria/nivo-slider/demo/images/Tingua-azul.jpg HTTP/1.1" 304 -
190.24.138.98 - - [17/Oct/2014:08:30:28 -0500] "GET /galeria/nivo-slider/demo/images/9Signos.jpg HTTP/1.1" 304 -
190.24.138.98 - - [17/Oct/2014:08:30:28 -0500] "GET /galeria/nivo-slider/demo/images/Banner-Caracol-Africano.jpg HTTP/1.1" 304 -
190.24.138.98 - - [17/Oct/2014:08:30:28 -0500] "GET /galeria/nivo-slider/demo/images/banner-encuesta.jpg HTTP/1.1" 304 -
190.24.138.98 - - [17/Oct/2014:08:30:28 -0500] "GET /galeria/nivo-slider/demo/images/banner-llantas2.jpg HTTP/1.1" 304 -
190.24.138.98 - - [17/Oct/2014:08:30:28 -0500] "GET /galeria/nivo-slider/demo/images/banner-caballos.png HTTP/1.1" 304 -
190.24.138.98 - - [17/Oct/2014:08:30:28 -0500] "GET /galeria/nivo-slider/demo/images/ConstructorasFNL.jpg HTTP/1.1" 304 -
190.24.138.98 - - [17/Oct/2014:08:30:28 -0500] "GET /galeria/nivo-slider/demo/images/Hacienda_Molinos.jpg HTTP/1.1" 304 -
190.24.138.98 - - [17/Oct/2014:08:30:28 -0500] "GET /galeria/nivo-slider/demo/images/bannerEcolecta3.jpg HTTP/1.1" 304 -
190.24.138.98 - - [17/Oct/2014:08:30:28 -0500] "GET /galeria/nivo-slider/jquery.nivo.slider.pack.js HTTP/1.1" 304 -
190.24.138.98 - - [17/Oct/2014:08:30:28 -0500] "GET /galeria/nivo-slider/demo/scripts/jquery-1.7.1.min.js HTTP/1.1" 304 -
190.24.138.98 - - [17/Oct/2014:08:30:29 -0500] "GET /galeria/nivo-slider/demo/images/4Simple_Slider.png HTTP/1.1" 304 -
190.24.138.98 - - [17/Oct/2014:08:30:29 -0500] "GET /galeria/nivo-slider/themes/default/loading.gif HTTP/1.1" 304 -
190.24.138.98 - - [17/Oct/2014:08:30:30 -0500] "GET /galeria/nivo-slider/themes/default/arrows.png HTTP/1.1" 304 -
190.24.138.98 - - [17/Oct/2014:08:30:30 -0500] "GET /galeria/nivo-slider/themes/default/bullets.png HTTP/1.1" 304 -
190.69.14.2 - - [17/Oct/2014:08:30:34 -0500] "GET /BLA/resoluciones/RESOLUCIONES%202007/RES%202007%202501%20AL%202600/RESOLUCION%202570%20DE%202007.pdf HTTP/1.1" 200 384342
190.69.14.2 - - [17/Oct/2014:08:30:34 -0500] "GET /BLA/resoluciones/RESOLUCIONES%202007/RES%202007%202501%20AL%202600/RESOLUCION%202570%20DE%202007.pdf HTTP/1.1" 206 32768
190.69.14.2 - - [17/Oct/2014:08:30:34 -0500] "GET /BLA/resoluciones/RESOLUCIONES%202007/RES%202007%202501%20AL%202600/RESOLUCION%202570%20DE%202007.pdf HTTP/1.1" 206 351574
190.27.114.196 - - [17/Oct/2014:08:30:37 -0500] "GET /galeria/nivo-slider/demo/images/banner-llantas2.jpg HTTP/1.1" 200 73153
190.24.132.4 - - [17/Oct/2014:08:30:38 -0500] "GET /Report2/login.do HTTP/1.0" 200 4338
190.27.114.196 - - [17/Oct/2014:08:30:40 -0500] "GET /galeria/nivo-slider/demo/images/banner-caballos.png HTTP/1.1" 200 389106
190.69.14.2 - - [17/Oct/2014:08:30:40 -0500] "GET /BLA/resoluciones/RESOLUCIONES%202007/RES%202007%202501%20AL%202600/RESOLUCION%202575%20DE%202007.pdf HTTP/1.1" 200 935349
190.69.14.2 - - [17/Oct/2014:08:30:41 -0500] "GET /BLA/resoluciones/RESOLUCIONES%202007/RES%202007%202501%20AL%202600/RESOLUCION%202575%20DE%202007.pdf HTTP/1.1" 206 32768
190.69.14.2 - - [17/Oct/2014:08:30:41 -0500] "GET /BLA/resoluciones/RESOLUCIONES%202007/RES%202007%202501%20AL%202600/RESOLUCION%202575%20DE%202007.pdf HTTP/1.1" 206 902581
190.25.232.143 - - [17/Oct/2014:08:30:43 -0500] "GET /StormSDA/stormWeb/presentacion.html HTTP/1.1" 304 -
190.69.14.2 - - [17/Oct/2014:08:30:50 -0500] "GET /BLA/resoluciones/RESOLUCIONES%202007/RES%202007%202501%20AL%202600/RESOLUCION%202578%20DE%202007.pdf HTTP/1.1" 200 644815
190.69.14.2 - - [17/Oct/2014:08:30:50 -0500] "GET /BLA/resoluciones/RESOLUCIONES%202007/RES%202007%202501%20AL%202600/RESOLUCION%202578%20DE%202007.pdf HTTP/1.1" 206 32768
190.69.14.2 - - [17/Oct/2014:08:30:51 -0500] "GET /BLA/resoluciones/RESOLUCIONES%202007/RES%202007%202501%20AL%202600/RESOLUCION%202578%20DE%202007.pdf HTTP/1.1" 206 612047
190.24.132.4 - - [17/Oct/2014:08:30:57 -0500] "POST /Report2/login.do;jsessionid=1CCAE66ADB4A55B4B0B52D309D6CB60B HTTP/1.0" 200 4298
190.127.16.165 - - [17/Oct/2014:08:30:57 -0500] "GET /BLA/boletinlegal/js/jquery.js HTTP/1.1" 200 57254
190.127.16.165 - - [17/Oct/2014:08:30:58 -0500] "GET /BLA/boletinlegal/js/jquery.scrollTo-min.js HTTP/1.1" 200 1150
190.127.16.165 - - [17/Oct/2014:08:30:58 -0500] "GET /BLA/boletinlegal/js/jquery.scrollShow.js HTTP/1.1" 200 4586
190.69.14.2 - - [17/Oct/2014:08:31:00 -0500] "GET /BLA/resoluciones/RESOLUCIONES%202007/RES%202007%202501%20AL%202600/RESOLUCION%202579%20DE%202007.pdf HTTP/1.1" 200 882110
190.69.14.2 - - [17/Oct/2014:08:31:01 -0500] "GET /BLA/resoluciones/RESOLUCIONES%202007/RES%202007%202501%20AL%202600/RESOLUCION%202579%20DE%202007.pdf HTTP/1.1" 206 32768
190.69.14.2 - - [17/Oct/2014:08:31:01 -0500] "GET /BLA/resoluciones/RESOLUCIONES%202007/RES%202007%202501%20AL%202600/RESOLUCION%202579%20DE%202007.pdf HTTP/1.1" 206 849342
181.136.65.141 - - [17/Oct/2014:08:31:11 -0500] "GET /BLA/boletinlegal/js/jquery.js HTTP/1.1" 200 57254
181.136.65.141 - - [17/Oct/2014:08:31:11 -0500] "GET /BLA/boletinlegal/js/jquery.scrollTo-min.js HTTP/1.1" 200 1150
181.136.65.141 - - [17/Oct/2014:08:31:11 -0500] "GET /BLA/boletinlegal/js/jquery.scrollShow.js HTTP/1.1" 200 4586
181.136.65.141 - - [17/Oct/2014:08:31:12 -0500] "GET /galeria/carrusel/Carrusel/jquery.thumbnailScroller.css HTTP/1.1" 200 2066
181.136.65.141 - - [17/Oct/2014:08:31:12 -0500] "GET /galeria/carrusel/Carrusel/jquery-ui-1.8.13.custom.min.js HTTP/1.1" 200 10800
181.136.65.141 - - [17/Oct/2014:08:31:12 -0500] "GET /galeria/carrusel/Carrusel/jquery.thumbnailScroller.js HTTP/1.1" 200 8157
190.24.132.4 - - [17/Oct/2014:08:31:12 -0500] "POST /Report2/login.do HTTP/1.0" 200 14506
190.24.132.4 - - [17/Oct/2014:08:31:14 -0500] "GET /Report2/parameter?action=listRpts HTTP/1.0" 200 16331
181.136.65.141 - - [17/Oct/2014:08:31:15 -0500] "GET /galeria/nivo-slider/demo/demo.html HTTP/1.1" 200 3169
181.136.65.141 - - [17/Oct/2014:08:31:15 -0500] "GET /galeria/nivo-slider/themes/default/default.css HTTP/1.1" 200 1569
181.136.65.141 - - [17/Oct/2014:08:31:15 -0500] "GET /galeria/nivo-slider/themes/pascal/pascal.css HTTP/1.1" 200 2258
181.136.65.141 - - [17/Oct/2014:08:31:15 -0500] "GET /galeria/nivo-slider/themes/orman/orman.css HTTP/1.1" 200 2152
181.136.65.141 - - [17/Oct/2014:08:31:15 -0500] "GET /galeria/nivo-slider/nivo-slider.css HTTP/1.1" 200 1507
181.136.65.141 - - [17/Oct/2014:08:31:15 -0500] "GET /galeria/nivo-slider/demo/scripts/jquery-1.7.1.min.js HTTP/1.1" 200 93868
181.136.65.141 - - [17/Oct/2014:08:31:15 -0500] "GET /galeria/nivo-slider/demo/style.css HTTP/1.1" 200 2222
181.136.65.141 - - [17/Oct/2014:08:31:15 -0500] "GET /galeria/nivo-slider/demo/images/EncuentroAgua1.jpg HTTP/1.1" 200 274179
181.136.65.141 - - [17/Oct/2014:08:31:15 -0500] "GET /galeria/nivo-slider/jquery.nivo.slider.pack.js HTTP/1.1" 200 11561
181.136.65.141 - - [17/Oct/2014:08:31:15 -0500] "GET /galeria/nivo-slider/demo/images/Tingua-azul.jpg HTTP/1.1" 200 307638
181.136.65.141 - - [17/Oct/2014:08:31:15 -0500] "GET /galeria/nivo-slider/demo/images/Banner-Caracol-Africano.jpg HTTP/1.1" 200 331986
181.136.65.141 - - [17/Oct/2014:08:31:15 -0500] "GET /galeria/nivo-slider/demo/images/4Simple_Slider.png HTTP/1.1" 200 11722
181.136.65.141 - - [17/Oct/2014:08:31:15 -0500] "GET /galeria/nivo-slider/themes/default/loading.gif HTTP/1.1" 200 1737
181.136.65.141 - - [17/Oct/2014:08:31:16 -0500] "GET /galeria/nivo-slider/demo/images/9Signos.jpg HTTP/1.1" 200 93040
181.136.65.141 - - [17/Oct/2014:08:31:16 -0500] "GET /galeria/nivo-slider/demo/images/banner-encuesta.jpg HTTP/1.1" 200 42764
181.136.65.141 - - [17/Oct/2014:08:31:16 -0500] "GET /galeria/nivo-slider/demo/images/banner-llantas2.jpg HTTP/1.1" 200 73153
181.136.65.141 - - [17/Oct/2014:08:31:16 -0500] "GET /galeria/nivo-slider/demo/images/banner-caballos.png HTTP/1.1" 200 389106
181.136.65.141 - - [17/Oct/2014:08:31:17 -0500] "GET /galeria/nivo-slider/demo/images/ConstructorasFNL.jpg HTTP/1.1" 200 216551
181.136.65.141 - - [17/Oct/2014:08:31:17 -0500] "GET /galeria/nivo-slider/demo/images/Hacienda_Molinos.jpg HTTP/1.1" 200 319171
181.136.65.141 - - [17/Oct/2014:08:31:17 -0500] "GET /galeria/nivo-slider/demo/images/bannerEcolecta3.jpg HTTP/1.1" 200 280034
190.24.132.4 - - [17/Oct/2014:08:31:17 -0500] "GET /Report2/parameter?action=parametersReportMDX&id_rpt=17&currentTab=tab_presentacion HTTP/1.0" 200 6578
181.136.65.141 - - [17/Oct/2014:08:31:19 -0500] "GET /videos/Spot_Tinguas.flv HTTP/1.1" 200 2087054
190.131.196.70 - - [17/Oct/2014:08:31:20 -0500] "GET /galeria/nivo-slider/demo/images/EncuentroAgua1.jpg HTTP/1.1" 304 -
190.24.132.4 - - [17/Oct/2014:08:31:21 -0500] "POST /Report2/parameter?action=runReportMDX&json=true&listdep=nit&id_rpt=17&param_partNomauto=319 HTTP/1.0" 200 62
190.24.132.4 - - [17/Oct/2014:08:31:29 -0500] "GET /Report2/parameter?action=runReportMDX&json=true&listdep=informe&id_rpt=17&param_nit=319 HTTP/1.0" 200 477
181.136.65.141 - - [17/Oct/2014:08:31:29 -0500] "GET /galeria/nivo-slider/themes/default/arrows.png HTTP/1.1" 200 824
181.136.65.141 - - [17/Oct/2014:08:31:29 -0500] "GET /galeria/nivo-slider/themes/default/bullets.png HTTP/1.1" 200 1281
190.131.196.70 - - [17/Oct/2014:08:31:29 -0500] "GET /galeria/nivo-slider/demo/images/EncuentroAgua1.jpg HTTP/1.1" 304 -
190.131.196.70 - - [17/Oct/2014:08:31:30 -0500] "GET /galeria/nivo-slider/demo/images/Tingua-azul.jpg HTTP/1.1" 304 -
191.151.46.148 - - [17/Oct/2014:08:31:31 -0500] "GET /galeria/carrusel/Carrusel/jquery.thumbnailScroller.css HTTP/1.1" 200 2066
191.151.46.148 - - [17/Oct/2014:08:31:31 -0500] "GET /BLA/boletinlegal/js/jquery.scrollShow.js HTTP/1.1" 200 4586
191.151.46.148 - - [17/Oct/2014:08:31:31 -0500] "GET /BLA/boletinlegal/js/jquery.js HTTP/1.1" 200 57254
191.151.46.148 - - [17/Oct/2014:08:31:31 -0500] "GET /BLA/boletinlegal/js/jquery.scrollTo-min.js HTTP/1.1" 200 1150
191.151.46.148 - - [17/Oct/2014:08:31:31 -0500] "GET /galeria/carrusel/Carrusel/jquery-ui-1.8.13.custom.min.js HTTP/1.1" 200 10800
191.151.46.148 - - [17/Oct/2014:08:31:31 -0500] "GET /galeria/carrusel/Carrusel/jquery.thumbnailScroller.js HTTP/1.1" 200 8157
191.151.46.148 - - [17/Oct/2014:08:31:32 -0500] "GET /galeria/nivo-slider/demo/demo.html HTTP/1.1" 200 3169
191.151.46.148 - - [17/Oct/2014:08:31:32 -0500] "GET /galeria/nivo-slider/themes/default/default.css HTTP/1.1" 200 1569
191.151.46.148 - - [17/Oct/2014:08:31:32 -0500] "GET /galeria/nivo-slider/themes/pascal/pascal.css HTTP/1.1" 200 2258
191.151.46.148 - - [17/Oct/2014:08:31:32 -0500] "GET /galeria/nivo-slider/themes/orman/orman.css HTTP/1.1" 200 2152
191.151.46.148 - - [17/Oct/2014:08:31:32 -0500] "GET /galeria/nivo-slider/nivo-slider.css HTTP/1.1" 200 1507
191.151.46.148 - - [17/Oct/2014:08:31:32 -0500] "GET /galeria/nivo-slider/demo/images/EncuentroAgua1.jpg HTTP/1.1" 200 274179
191.151.46.148 - - [17/Oct/2014:08:31:32 -0500] "GET /galeria/nivo-slider/demo/style.css HTTP/1.1" 200 2222
191.151.46.148 - - [17/Oct/2014:08:31:32 -0500] "GET /galeria/nivo-slider/demo/scripts/jquery-1.7.1.min.js HTTP/1.1" 200 93868
191.151.46.148 - - [17/Oct/2014:08:31:32 -0500] "GET /galeria/nivo-slider/demo/images/Tingua-azul.jpg HTTP/1.1" 200 307638
191.151.46.148 - - [17/Oct/2014:08:31:32 -0500] "GET /galeria/nivo-slider/demo/images/Banner-Caracol-Africano.jpg HTTP/1.1" 200 331986
191.151.46.148 - - [17/Oct/2014:08:31:32 -0500] "GET /galeria/nivo-slider/jquery.nivo.slider.pack.js HTTP/1.1" 200 11561
191.151.46.148 - - [17/Oct/2014:08:31:32 -0500] "GET /galeria/nivo-slider/demo/images/9Signos.jpg HTTP/1.1" 200 93040
191.151.46.148 - - [17/Oct/2014:08:31:33 -0500] "GET /galeria/nivo-slider/demo/images/banner-encuesta.jpg HTTP/1.1" 200 42764
191.151.46.148 - - [17/Oct/2014:08:31:33 -0500] "GET /galeria/nivo-slider/demo/images/4Simple_Slider.png HTTP/1.1" 200 11722
191.151.46.148 - - [17/Oct/2014:08:31:33 -0500] "GET /galeria/nivo-slider/themes/default/loading.gif HTTP/1.1" 200 1737
191.151.46.148 - - [17/Oct/2014:08:31:33 -0500] "GET /galeria/nivo-slider/demo/images/banner-llantas2.jpg HTTP/1.1" 200 73153
191.151.46.148 - - [17/Oct/2014:08:31:33 -0500] "GET /galeria/nivo-slider/demo/images/banner-caballos.png HTTP/1.1" 200 389106
191.151.46.148 - - [17/Oct/2014:08:31:33 -0500] "GET /galeria/nivo-slider/demo/images/ConstructorasFNL.jpg HTTP/1.1" 200 216551
191.151.46.148 - - [17/Oct/2014:08:31:33 -0500] "GET /galeria/nivo-slider/demo/images/Hacienda_Molinos.jpg HTTP/1.1" 200 319171
191.151.46.148 - - [17/Oct/2014:08:31:33 -0500] "GET /galeria/nivo-slider/demo/images/bannerEcolecta3.jpg HTTP/1.1" 200 280034
191.151.46.148 - - [17/Oct/2014:08:31:35 -0500] "GET /galeria/nivo-slider/themes/default/arrows.png HTTP/1.1" 200 824
191.151.46.148 - - [17/Oct/2014:08:31:35 -0500] "GET /galeria/nivo-slider/themes/default/bullets.png HTTP/1.1" 200 1281
190.24.132.4 - - [17/Oct/2014:08:31:35 -0500] "GET /Report2/parameter?action=runReportMDX&json=true&listdep=FecBal&id_rpt=17&param_informe=17&param_nit=319 HTTP/1.0" 200 44
201.245.192.253 - - [17/Oct/2014:08:31:36 -0500] "GET /forest/buscar.do?type=procesos HTTP/1.1" 200 96539
201.245.192.253 - - [17/Oct/2014:08:31:36 -0500] "GET /forest/css/autocomplete.css?version=1408.271930 HTTP/1.1" 304 -
201.245.192.253 - - [17/Oct/2014:08:31:36 -0500] "GET /forest/js/dialog.js?version=1408.271930 HTTP/1.1" 304 -
201.245.192.253 - - [17/Oct/2014:08:31:36 -0500] "GET /forest/js/sarissa.js?version=1408.271930 HTTP/1.1" 304 -
201.245.192.253 - - [17/Oct/2014:08:31:36 -0500] "GET /forest/js/load_func.js?version=1408.271930 HTTP/1.1" 304 -
201.245.192.253 - - [17/Oct/2014:08:31:36 -0500] "GET /forest/js/escritorio/escritorio.js?version=1408.271930 HTTP/1.1" 304 -
201.245.192.253 - - [17/Oct/2014:08:31:36 -0500] "GET /forest/1ibre/jscalendar/calendar.js?version=1408.271930 HTTP/1.1" 304 -
201.245.192.253 - - [17/Oct/2014:08:31:36 -0500] "GET /forest/1ibre/protoaculous.js?version=1408.271930 HTTP/1.1" 304 -
201.245.192.253 - - [17/Oct/2014:08:31:36 -0500] "GET /forest/1ibre/jscalendar/lang/calendar-es.js?version=1408.271930 HTTP/1.1" 304 -
201.245.192.253 - - [17/Oct/2014:08:31:36 -0500] "GET /forest/1ibre/1ibre.js?version=1408.271930 HTTP/1.1" 304 -
201.245.192.253 - - [17/Oct/2014:08:31:36 -0500] "GET /forest/1ibre/jscalendar/calendar-setup.js?version=1408.271930 HTTP/1.1" 304 -
201.245.192.253 - - [17/Oct/2014:08:31:36 -0500] "GET /forest/js/autocompletar2.js?version=1408.271930 HTTP/1.1" 304 -
201.245.192.253 - - [17/Oct/2014:08:31:36 -0500] "GET /forest/json.do?query=usersByDep&coddep=7025 HTTP/1.1" 200 919
201.245.192.253 - - [17/Oct/2014:08:31:36 -0500] "GET /forest/json.do?query=usersByDep&coddep=7025 HTTP/1.1" 200 919
201.184.143.127 - - [17/Oct/2014:08:31:38 -0500] "POST /forms/lservlet;jsessionid=ac16012b30d5411df52523934146bb14d255c9ce9eaf.e3iSbxaKaheRe34Sa3yKbhiTahb0n6jAmljGr5XDqQLvpAe HTTP/1.1" 200 2
190.24.132.4 - - [17/Oct/2014:08:31:39 -0500] "GET /Report2/parameter?action=runReportMDX&json=true&listdep=FecBal&id_rpt=17&param_informe=1&param_nit=319 HTTP/1.0" 200 87
201.245.192.253 - - [17/Oct/2014:08:31:39 -0500] "GET /forest/session.jsp?a=0.7378166834823787 HTTP/1.1" 200 4
190.131.196.70 - - [17/Oct/2014:08:31:39 -0500] "GET /galeria/nivo-slider/demo/images/Tingua-azul.jpg HTTP/1.1" 304 -
201.245.192.253 - - [17/Oct/2014:08:31:40 -0500] "GET /forest/session.jsp?a=0.8734766308008126 HTTP/1.1" 200 4
190.24.132.4 - - [17/Oct/2014:08:31:41 -0500] "GET /Report2/parameter?action=runReportMDX&json=true&listdep=formato&id_rpt=17&param_informe=1&param_nit=319&param_FecBal=2012-12-31 HTTP/1.0" 200 140
186.29.179.117 - - [17/Oct/2014:08:31:43 -0500] "GET /forest/usutareas.do?_a=0.6232164171524346&group_system_actual=3 HTTP/1.1" 200 147451
186.29.179.117 - - [17/Oct/2014:08:31:44 -0500] "GET /forest/session.jsp?a=0.30770403356291354 HTTP/1.1" 200 4
186.29.179.117 - - [17/Oct/2014:08:31:44 -0500] "GET /forest/actions/forms.getMappedValues?id=NUMTER45&value=899999061-9%20SDA&codForm=contec&a=0.6006903005763888 HTTP/1.1" 200 116
190.24.132.4 - - [17/Oct/2014:08:31:46 -0500] "POST /Report2/rptManage.jsp?migracion=111 HTTP/1.0" 200 616
190.24.132.4 - - [17/Oct/2014:08:31:46 -0500] "GET /Report2/loading.jsp?migracion=111&id_rpt=17&currentTab=tab_9980&rnd=0.2371859005407302 HTTP/1.0" 200 2732
190.24.132.4 - - [17/Oct/2014:08:31:46 -0500] "GET /Report2/rpt.jsp?migracion=111&id_rpt=17&currentTab=tab_9980&rnd=0.3617274213675189 HTTP/1.0" 200 13676
190.24.132.4 - - [17/Oct/2014:08:31:49 -0500] "GET /Report2/serviceListados.jsp?queryId=rpt/infxidC&informe=1&a=0.9870162749624811 HTTP/1.0" 200 235
186.29.179.117 - - [17/Oct/2014:08:31:50 -0500] "GET /forest/actions/forms.getList?codForm=contec&id=funcionariodest228&text=Maria%20Claudia%20Gonzalez%20Penagos HTTP/1.1" 200 67
190.24.132.4 - - [17/Oct/2014:08:31:50 -0500] "POST /Report2/infReportada.jsp?rdmMapa=419814 HTTP/1.0" 200 37877
186.29.179.117 - - [17/Oct/2014:08:31:51 -0500] "GET /forest/actions/forms.getList?codForm=contec&id=funcionariodest228&text=s HTTP/1.1" 200 1136
186.29.179.117 - - [17/Oct/2014:08:31:51 -0500] "GET /forest/actions/forms.getList?codForm=contec&id=funcionariodest228&text=sa HTTP/1.1" 200 1160
186.29.179.117 - - [17/Oct/2014:08:31:51 -0500] "GET /forest/actions/forms.getList?codForm=contec&id=funcionariodest228&text=san HTTP/1.1" 200 1150
186.29.179.117 - - [17/Oct/2014:08:31:51 -0500] "GET /forest/actions/forms.getList?codForm=contec&id=funcionariodest228&text=sand HTTP/1.1" 200 1210
186.29.179.117 - - [17/Oct/2014:08:31:51 -0500] "GET /forest/actions/forms.getList?codForm=contec&id=funcionariodest228&text=sandr HTTP/1.1" 200 872
186.29.179.117 - - [17/Oct/2014:08:31:52 -0500] "GET /forest/actions/forms.getList?codForm=contec&id=funcionariodest228&text=sandra HTTP/1.1" 200 872
186.29.179.117 - - [17/Oct/2014:08:31:52 -0500] "GET /forest/actions/forms.getList?codForm=contec&id=funcionariodest228&text=sandra%20 HTTP/1.1" 200 1043
186.29.179.117 - - [17/Oct/2014:08:31:52 -0500] "GET /forest/actions/forms.getList?codForm=contec&id=funcionariodest228&text=sandra%20x HTTP/1.1" 200 66
186.29.179.117 - - [17/Oct/2014:08:31:52 -0500] "GET /forest/actions/forms.getList?codForm=contec&id=funcionariodest228&text=sandra%20xi HTTP/1.1" 200 66
190.24.132.4 - - [17/Oct/2014:08:31:56 -0500] "GET /Report2/serviceListados.jsp?queryId=rpt/entidadxidC&nit=319&a=0.7432862024814473 HTTP/1.0" 200 237
186.29.179.117 - - [17/Oct/2014:08:31:56 -0500] "POST /forest/usutareas.do? HTTP/1.1" 200 76
186.29.179.117 - - [17/Oct/2014:08:32:00 -0500] "GET /forest/usutareas.do?group_system_actual=3&a=0.26556841493584216 HTTP/1.1" 200 19151
186.29.179.117 - - [17/Oct/2014:08:32:00 -0500] "GET /forest/session.jsp?a=0.24910077825188637 HTTP/1.1" 200 4
190.24.132.4 - - [17/Oct/2014:08:32:00 -0500] "GET /Report2/parameter?action=parametersReportMDX&id_rpt=17&currentTab=tab_presentacion HTTP/1.0" 200 6578
201.245.192.253 - - [17/Oct/2014:08:32:01 -0500] "GET /forest/skins/gdocs-jar/popup/popup.jsp?width=1100&height=500&title=Buscar%20procesos&uri=/forest/buscar.do%3Ftype%3Dprocesos&name=undefined&_a=0.01640625116624428&a=0.42822048862134277 HTTP/1.1" 200 1175
201.245.192.253 - - [17/Oct/2014:08:32:01 -0500] "GET /forest/buscar.do?type=procesos HTTP/1.1" 200 28567
201.245.192.253 - - [17/Oct/2014:08:32:01 -0500] "GET /forest/buscar.do?type=procesos HTTP/1.1" 200 96539
201.245.192.253 - - [17/Oct/2014:08:32:01 -0500] "GET /forest/css/autocomplete.css?version=1408.271930 HTTP/1.1" 304 -
201.245.192.253 - - [17/Oct/2014:08:32:01 -0500] "GET /forest/js/load_func.js?version=1408.271930 HTTP/1.1" 304 -
201.245.192.253 - - [17/Oct/2014:08:32:01 -0500] "GET /forest/js/sarissa.js?version=1408.271930 HTTP/1.1" 304 -
201.245.192.253 - - [17/Oct/2014:08:32:01 -0500] "GET /forest/js/escritorio/escritorio.js?version=1408.271930 HTTP/1.1" 304 -
201.245.192.253 - - [17/Oct/2014:08:32:01 -0500] "GET /forest/js/dialog.js?version=1408.271930 HTTP/1.1" 304 -
201.245.192.253 - - [17/Oct/2014:08:32:01 -0500] "GET /forest/1ibre/jscalendar/lang/calendar-es.js?version=1408.271930 HTTP/1.1" 304 -
201.245.192.253 - - [17/Oct/2014:08:32:01 -0500] "GET /forest/js/autocompletar2.js?version=1408.271930 HTTP/1.1" 304 -
201.245.192.253 - - [17/Oct/2014:08:32:01 -0500] "GET /forest/1ibre/protoaculous.js?version=1408.271930 HTTP/1.1" 304 -
201.245.192.253 - - [17/Oct/2014:08:32:01 -0500] "GET /forest/1ibre/1ibre.js?version=1408.271930 HTTP/1.1" 304 -
201.245.192.253 - - [17/Oct/2014:08:32:01 -0500] "GET /forest/1ibre/jscalendar/calendar.js?version=1408.271930 HTTP/1.1" 304 -
201.245.192.253 - - [17/Oct/2014:08:32:01 -0500] "GET /forest/1ibre/jscalendar/calendar-setup.js?version=1408.271930 HTTP/1.1" 304 -
201.245.192.253 - - [17/Oct/2014:08:32:02 -0500] "GET /forest/json.do?query=usersByDep&coddep=7025 HTTP/1.1" 200 919
201.245.192.253 - - [17/Oct/2014:08:32:02 -0500] "GET /forest/json.do?query=usersByDep&coddep=7025 HTTP/1.1" 200 919
186.29.179.117 - - [17/Oct/2014:08:32:01 -0500] "GET /forest/index2.jsp?_a=0.8872483798768371 HTTP/1.1" 200 76220
186.29.179.117 - - [17/Oct/2014:08:32:02 -0500] "GET /forest/session.jsp?a=0.10545568098314106 HTTP/1.1" 200 4
190.24.132.4 - - [17/Oct/2014:08:32:02 -0500] "POST /Report2/parameter?action=runReportMDX&json=true&listdep=nit&id_rpt=17&param_partNomauto=3 HTTP/1.0" 200 599
190.24.132.4 - - [17/Oct/2014:08:32:03 -0500] "POST /Report2/parameter?action=runReportMDX&json=true&listdep=nit&id_rpt=17&param_partNomauto=31 HTTP/1.0" 200 583
186.29.179.117 - - [17/Oct/2014:08:32:03 -0500] "GET /forest/misactividades.do?group_system_actual=3&codPro=95&_a=0.5643370668308977 HTTP/1.1" 200 36805
190.24.132.4 - - [17/Oct/2014:08:32:03 -0500] "POST /Report2/parameter?action=runReportMDX&json=true&listdep=nit&id_rpt=17&param_partNomauto=319 HTTP/1.0" 200 62
186.29.179.117 - - [17/Oct/2014:08:32:03 -0500] "GET /forest/session.jsp?a=0.8247477158438414 HTTP/1.1" 200 4
186.29.179.117 - - [17/Oct/2014:08:32:04 -0500] "POST /forest/misactividades.do?ajax=true&a=0.09200960979796946 HTTP/1.1" 200 1234
190.24.132.4 - - [17/Oct/2014:08:32:06 -0500] "GET /Report2/parameter?action=runReportMDX&json=true&listdep=informe&id_rpt=17&param_nit=319 HTTP/1.0" 200 477
186.29.179.117 - - [17/Oct/2014:08:32:05 -0500] "GET /forest/usutareas.do?_a=0.14888723799958825&group_system_actual=3 HTTP/1.1" 200 120444
186.29.179.117 - - [17/Oct/2014:08:32:06 -0500] "GET /forest/session.jsp?a=0.6183948796242476 HTTP/1.1" 200 4
201.245.192.253 - - [17/Oct/2014:08:32:07 -0500] "GET /forest/skins/gdocs-jar/popup/popup.jsp?width=1100&height=500&title=Buscar%20documentos&uri=/forest/buscar.do%3Ftype%3Ddocumentos&name=undefined&_a=0.3335206290887198&a=0.7516396886541806 HTTP/1.1" 200 1179
201.245.192.253 - - [17/Oct/2014:08:32:07 -0500] "GET /forest/buscar.do?type=documentos HTTP/1.1" 200 50811
201.245.192.253 - - [17/Oct/2014:08:32:07 -0500] "GET /forest/buscar.do?type=documentos HTTP/1.1" 200 96541
201.245.192.253 - - [17/Oct/2014:08:32:07 -0500] "GET /forest/css/autocomplete.css?version=1408.271930 HTTP/1.1" 304 -
201.245.192.253 - - [17/Oct/2014:08:32:07 -0500] "GET /forest/js/load_func.js?version=1408.271930 HTTP/1.1" 304 -
201.245.192.253 - - [17/Oct/2014:08:32:07 -0500] "GET /forest/1ibre/jscalendar/lang/calendar-es.js?version=1408.271930 HTTP/1.1" 304 -
201.245.192.253 - - [17/Oct/2014:08:32:07 -0500] "GET /forest/js/sarissa.js?version=1408.271930 HTTP/1.1" 304 -
201.245.192.253 - - [17/Oct/2014:08:32:07 -0500] "GET /forest/js/dialog.js?version=1408.271930 HTTP/1.1" 304 -
201.245.192.253 - - [17/Oct/2014:08:32:07 -0500] "GET /forest/js/autocompletar2.js?version=1408.271930 HTTP/1.1" 304 -
201.245.192.253 - - [17/Oct/2014:08:32:07 -0500] "GET /forest/1ibre/protoaculous.js?version=1408.271930 HTTP/1.1" 304 -
201.245.192.253 - - [17/Oct/2014:08:32:07 -0500] "GET /forest/1ibre/jscalendar/calendar.js?version=1408.271930 HTTP/1.1" 304 -
201.245.192.253 - - [17/Oct/2014:08:32:07 -0500] "GET /forest/1ibre/jscalendar/calendar-setup.js?version=1408.271930 HTTP/1.1" 304 -
201.245.192.253 - - [17/Oct/2014:08:32:07 -0500] "GET /forest/1ibre/1ibre.js?version=1408.271930 HTTP/1.1" 304 -
201.245.192.253 - - [17/Oct/2014:08:32:07 -0500] "GET /forest/js/escritorio/escritorio.js?version=1408.271930 HTTP/1.1" 304 -
201.245.192.253 - - [17/Oct/2014:08:32:07 -0500] "GET /forest/json.do?query=usersByDep&coddep=7025 HTTP/1.1" 200 919
201.245.192.253 - - [17/Oct/2014:08:32:07 -0500] "GET /forest/json.do?query=usersByDep&coddep=7025 HTTP/1.1" 200 919
186.84.48.69 - - [17/Oct/2014:08:32:08 -0500] "POST /forms/lservlet;jsessionid=ac16012b30d5316e179f20d944338a0aaf45d27f6b9d.e3iSbxaKaheRe34Sa3yKbhiTahb0n6jAmljGr5XDqQLvpAe HTTP/1.1" 200 2
186.29.179.117 - - [17/Oct/2014:08:32:09 -0500] "GET /forest/skins/gdocs-jar/popup/escritorio/reasignar.jsp?codTraEsc=16587822&a=0.9259023447521031 HTTP/1.1" 200 3622
186.29.179.117 - - [17/Oct/2014:08:32:09 -0500] "GET /forest/skins/gdocs-jar/img/user_search.gif HTTP/1.1" 304 -
190.24.132.4 - - [17/Oct/2014:08:32:12 -0500] "GET /Report2/parameter?action=runReportMDX&json=true&listdep=FecBal&id_rpt=17&param_informe=8&param_nit=319 HTTP/1.0" 200 474
207.46.13.21 - - [17/Oct/2014:08:32:13 -0500] "GET /dama/libreria/php/frame_detalle.php?h_id=643 HTTP/1.1" 404 1019
201.245.192.253 - - [17/Oct/2014:08:32:18 -0500] "POST /forest/buscar.do? HTTP/1.1" 200 4640
201.245.192.253 - - [17/Oct/2014:08:32:20 -0500] "GET /forest/buscar.do HTTP/1.1" 200 96531
201.245.192.253 - - [17/Oct/2014:08:32:20 -0500] "GET /forest/css/autocomplete.css?version=1408.271930 HTTP/1.1" 304 -
201.245.192.253 - - [17/Oct/2014:08:32:20 -0500] "GET /forest/js/load_func.js?version=1408.271930 HTTP/1.1" 304 -
201.245.192.253 - - [17/Oct/2014:08:32:20 -0500] "GET /forest/js/sarissa.js?version=1408.271930 HTTP/1.1" 304 -
201.245.192.253 - - [17/Oct/2014:08:32:20 -0500] "GET /forest/js/autocompletar2.js?version=1408.271930 HTTP/1.1" 304 -
201.245.192.253 - - [17/Oct/2014:08:32:20 -0500] "GET /forest/1ibre/jscalendar/lang/calendar-es.js?version=1408.271930 HTTP/1.1" 304 -
201.245.192.253 - - [17/Oct/2014:08:32:20 -0500] "GET /forest/1ibre/jscalendar/calendar.js?version=1408.271930 HTTP/1.1" 304 -
201.245.192.253 - - [17/Oct/2014:08:32:20 -0500] "GET /forest/js/escritorio/escritorio.js?version=1408.271930 HTTP/1.1" 304 -
201.245.192.253 - - [17/Oct/2014:08:32:20 -0500] "GET /forest/js/dialog.js?version=1408.271930 HTTP/1.1" 304 -
201.245.192.253 - - [17/Oct/2014:08:32:20 -0500] "GET /forest/1ibre/jscalendar/calendar-setup.js?version=1408.271930 HTTP/1.1" 304 -
201.245.192.253 - - [17/Oct/2014:08:32:20 -0500] "GET /forest/1ibre/protoaculous.js?version=1408.271930 HTTP/1.1" 304 -
201.245.192.253 - - [17/Oct/2014:08:32:20 -0500] "GET /forest/1ibre/1ibre.js?version=1408.271930 HTTP/1.1" 304 -
201.245.192.253 - - [17/Oct/2014:08:32:21 -0500] "GET /forest/json.do?query=usersByDep&coddep=7025 HTTP/1.1" 200 919
201.245.192.253 - - [17/Oct/2014:08:32:21 -0500] "GET /forest/json.do?query=usersByDep&coddep=7025 HTTP/1.1" 200 919
190.24.132.4 - - [17/Oct/2014:08:32:22 -0500] "GET /Report2/parameter?action=runReportMDX&json=true&listdep=formato&id_rpt=17&param_informe=8&param_nit=319&param_FecBal=2013-03-31 HTTP/1.0" 200 138
74.86.158.107 - - [17/Oct/2014:08:32:27 -0500] "HEAD / HTTP/1.1" 302 -
190.121.128.170 - - [17/Oct/2014:08:32:27 -0500] "GET /BLA/resoluciones/RESOLUCIONES%202007/RES%202007%203701%20AL%203800/RESOLUCION%203701%20DE%202007.pdf HTTP/1.0" 200 585358
190.24.132.4 - - [17/Oct/2014:08:32:28 -0500] "POST /Report2/rptManage.jsp?migracion=111 HTTP/1.0" 200 616
190.121.128.170 - - [17/Oct/2014:08:32:28 -0500] "GET /BLA/resoluciones/RESOLUCIONES%202007/RES%202007%203701%20AL%203800/RESOLUCION%203701%20DE%202007.pdf HTTP/1.0" 206 552590
190.24.132.4 - - [17/Oct/2014:08:32:28 -0500] "GET /Report2/loading.jsp?migracion=111&id_rpt=17&currentTab=tab_5742&rnd=0.8363978605213779 HTTP/1.0" 200 2728
190.24.132.4 - - [17/Oct/2014:08:32:28 -0500] "GET /Report2/rpt.jsp?migracion=111&id_rpt=17&currentTab=tab_5742&rnd=0.8172057736574437 HTTP/1.0" 200 13673
190.24.132.4 - - [17/Oct/2014:08:32:28 -0500] "GET /Report2/serviceListados.jsp?queryId=rpt/infxidC&informe=8&a=0.3465124735945898 HTTP/1.0" 200 132
190.24.132.4 - - [17/Oct/2014:08:32:28 -0500] "POST /Report2/infReportada.jsp?rdmMapa=901978 HTTP/1.0" 200 19624
190.24.132.4 - - [17/Oct/2014:08:32:30 -0500] "GET /Report2/parameter?action=parametersReportMDX&id_rpt=17&currentTab=tab_presentacion HTTP/1.0" 200 6578
190.121.128.170 - - [17/Oct/2014:08:32:30 -0500] "GET /favicon.ico HTTP/1.0" 200 7782
190.24.132.4 - - [17/Oct/2014:08:32:33 -0500] "POST /Report2/parameter?action=runReportMDX&json=true&listdep=nit&id_rpt=17&param_partNomauto=319 HTTP/1.0" 200 62
181.48.80.241 - - [17/Oct/2014:08:32:35 -0500] "GET /BLA/resoluciones/AUTOS%202014/1297.pdf HTTP/1.1" 206 846
190.24.132.4 - - [17/Oct/2014:08:32:35 -0500] "GET /Report2/parameter?action=runReportMDX&json=true&listdep=informe&id_rpt=17&param_nit=319 HTTP/1.0" 200 477
201.245.192.253 - - [17/Oct/2014:08:32:35 -0500] "POST /forest/buscar.do? HTTP/1.1" 200 4639
201.245.192.253 - - [17/Oct/2014:08:32:37 -0500] "GET /forest/buscar.do HTTP/1.1" 200 96531
201.245.192.253 - - [17/Oct/2014:08:32:37 -0500] "GET /forest/css/autocomplete.css?version=1408.271930 HTTP/1.1" 304 -
201.245.192.253 - - [17/Oct/2014:08:32:37 -0500] "GET /forest/js/load_func.js?version=1408.271930 HTTP/1.1" 304 -
201.245.192.253 - - [17/Oct/2014:08:32:37 -0500] "GET /forest/js/dialog.js?version=1408.271930 HTTP/1.1" 304 -
201.245.192.253 - - [17/Oct/2014:08:32:37 -0500] "GET /forest/js/autocompletar2.js?version=1408.271930 HTTP/1.1" 304 -
201.245.192.253 - - [17/Oct/2014:08:32:37 -0500] "GET /forest/1ibre/jscalendar/calendar.js?version=1408.271930 HTTP/1.1" 304 -
201.245.192.253 - - [17/Oct/2014:08:32:37 -0500] "GET /forest/1ibre/protoaculous.js?version=1408.271930 HTTP/1.1" 304 -
201.245.192.253 - - [17/Oct/2014:08:32:37 -0500] "GET /forest/js/sarissa.js?version=1408.271930 HTTP/1.1" 304 -
201.245.192.253 - - [17/Oct/2014:08:32:37 -0500] "GET /forest/1ibre/jscalendar/lang/calendar-es.js?version=1408.271930 HTTP/1.1" 304 -
201.245.192.253 - - [17/Oct/2014:08:32:37 -0500] "GET /forest/1ibre/jscalendar/calendar-setup.js?version=1408.271930 HTTP/1.1" 304 -
201.245.192.253 - - [17/Oct/2014:08:32:37 -0500] "GET /forest/js/escritorio/escritorio.js?version=1408.271930 HTTP/1.1" 304 -
201.245.192.253 - - [17/Oct/2014:08:32:37 -0500] "GET /forest/1ibre/1ibre.js?version=1408.271930 HTTP/1.1" 304 -
201.245.192.253 - - [17/Oct/2014:08:32:37 -0500] "GET /forest/json.do?query=usersByDep&coddep=7025 HTTP/1.1" 200 919
201.245.192.253 - - [17/Oct/2014:08:32:37 -0500] "GET /forest/json.do?query=usersByDep&coddep=7025 HTTP/1.1" 200 919
161.18.149.125 - - [17/Oct/2014:08:32:38 -0500] "GET /BLA/boletinlegal/js/jquery.js HTTP/1.1" 200 57254
161.18.149.125 - - [17/Oct/2014:08:32:38 -0500] "GET /BLA/boletinlegal/js/jquery.scrollTo-min.js HTTP/1.1" 200 1150
161.18.149.125 - - [17/Oct/2014:08:32:38 -0500] "GET /BLA/boletinlegal/js/jquery.scrollShow.js HTTP/1.1" 200 4586
190.24.132.4 - - [17/Oct/2014:08:32:38 -0500] "GET /Report2/parameter?action=runReportMDX&json=true&listdep=FecBal&id_rpt=17&param_informe=8&param_nit=319 HTTP/1.0" 200 474
201.245.192.253 - - [17/Oct/2014:08:26:39 -0500] "GET /ForestMSG_SDA/channelAsync/template_word_16705945?X-Atmosphere-tracking-id=20a7c451-e2cb-72a7-0183-079bdf2760e5&X-Atmosphere-Framework=1.0.5&X-Atmosphere-Transport=long-polling&tabid=0.2807611583266407&X-Cache-Date=0&Content-Type=application/xml&_=1413552545766 HTTP/1.1" 200 8193
190.24.132.4 - - [17/Oct/2014:08:32:42 -0500] "GET /Report2/parameter?action=runReportMDX&json=true&listdep=formato&id_rpt=17&param_informe=8&param_nit=319&param_FecBal=2013-06-30 HTTP/1.0" 200 138
