201.245.192.253 - - [17/Oct/2014:08:46:01 -0500] "GET /forest/skins/gdocs-jar/popup/popup.jsp?width=900&height=600&title=Informaci%F3n%20de%20proceso&uri=/forest/system/process.jsp%3FnumPro%3D2885908&name=undefined&_a=0.3731647500100028&a=0.30205972848594165 HTTP/1.1" 200 1191
201.245.192.253 - - [17/Oct/2014:08:46:01 -0500] "GET /forest/system/process.jsp?numPro=2885908 HTTP/1.1" 200 17040
201.245.192.253 - - [17/Oct/2014:08:46:02 -0500] "GET /forest/buscar.do HTTP/1.1" 200 96531
201.245.192.253 - - [17/Oct/2014:08:46:02 -0500] "GET /forest/css/autocomplete.css?version=1408.271930 HTTP/1.1" 304 -
201.245.192.253 - - [17/Oct/2014:08:46:02 -0500] "GET /forest/js/load_func.js?version=1408.271930 HTTP/1.1" 304 -
201.245.192.253 - - [17/Oct/2014:08:46:02 -0500] "GET /forest/js/dialog.js?version=1408.271930 HTTP/1.1" 304 -
201.245.192.253 - - [17/Oct/2014:08:46:02 -0500] "GET /forest/1ibre/1ibre.js?version=1408.271930 HTTP/1.1" 304 -
201.245.192.253 - - [17/Oct/2014:08:46:02 -0500] "GET /forest/js/sarissa.js?version=1408.271930 HTTP/1.1" 304 -
201.245.192.253 - - [17/Oct/2014:08:46:02 -0500] "GET /forest/js/escritorio/escritorio.js?version=1408.271930 HTTP/1.1" 304 -
201.245.192.253 - - [17/Oct/2014:08:46:02 -0500] "GET /forest/js/autocompletar2.js?version=1408.271930 HTTP/1.1" 304 -
201.245.192.253 - - [17/Oct/2014:08:46:02 -0500] "GET /forest/1ibre/jscalendar/calendar-setup.js?version=1408.271930 HTTP/1.1" 304 -
201.245.192.253 - - [17/Oct/2014:08:46:02 -0500] "GET /forest/1ibre/jscalendar/lang/calendar-es.js?version=1408.271930 HTTP/1.1" 304 -
201.245.192.253 - - [17/Oct/2014:08:46:02 -0500] "GET /forest/1ibre/jscalendar/calendar.js?version=1408.271930 HTTP/1.1" 304 -
201.245.192.253 - - [17/Oct/2014:08:46:02 -0500] "GET /forest/1ibre/protoaculous.js?version=1408.271930 HTTP/1.1" 304 -
201.245.192.253 - - [17/Oct/2014:08:46:02 -0500] "GET /forest/json.do?query=usersByDep&coddep=7025 HTTP/1.1" 200 919
201.245.192.253 - - [17/Oct/2014:08:46:03 -0500] "GET /forest/json.do?query=usersByDep&coddep=7025 HTTP/1.1" 200 919
201.245.192.253 - - [17/Oct/2014:08:46:03 -0500] "GET /isolucionsda/FrameSetArticulo.asp?Pagina=/isolucionsda/bancoconocimiento/L/Ley1437del18deEnerode2011/Ley1437del18deEnerode2011.asp?IdArticulo=6483 HTTP/1.1" 200 7205
201.245.192.253 - - [17/Oct/2014:08:46:03 -0500] "GET /isolucionsda/Arriba.asp?Pagina=/isolucionsda/bancoconocimiento/L/Ley1437del18deEnerode2011/Ley1437del18deEnerode2011.asp?IdArticulo=6483 HTTP/1.1" 200 9805
201.245.192.253 - - [17/Oct/2014:08:46:03 -0500] "GET /isolucionsda/bancoconocimiento/L/Ley1437del18deEnerode2011/Ley1437del18deEnerode2011.asp?IdArticulo=6483 HTTP/1.1" 302 172
201.245.192.253 - - [17/Oct/2014:08:46:03 -0500] "GET /forest/documentos/1900004/2014ER129628.pdf HTTP/1.1" 200 82062
201.245.192.253 - - [17/Oct/2014:08:46:05 -0500] "GET /isolucionsda/FrameSetArticulo.asp?Pagina=/isolucionsda/bancoconocimiento/D/Decreto1791del4deOctubrede1996/Decreto1791del4deOctubrede1996.asp?IdArticulo=6342 HTTP/1.1" 200 7245
201.245.192.253 - - [17/Oct/2014:08:46:06 -0500] "GET /isolucionsda/Arriba.asp?Pagina=/isolucionsda/bancoconocimiento/D/Decreto1791del4deOctubrede1996/Decreto1791del4deOctubrede1996.asp?IdArticulo=6342 HTTP/1.1" 200 9817
201.245.192.253 - - [17/Oct/2014:08:46:06 -0500] "GET /isolucionsda/bancoconocimiento/D/Decreto1791del4deOctubrede1996/Decreto1791del4deOctubrede1996.asp?IdArticulo=6342 HTTP/1.1" 302 177
190.1.202.243 - - [17/Oct/2014:08:46:07 -0500] "GET /BLA/boletinlegal/js/jquery.js HTTP/1.1" 200 57254
190.1.202.243 - - [17/Oct/2014:08:46:07 -0500] "GET /BLA/boletinlegal/js/jquery.scrollTo-min.js HTTP/1.1" 200 1150
190.1.202.243 - - [17/Oct/2014:08:46:07 -0500] "GET /BLA/boletinlegal/js/jquery.scrollShow.js HTTP/1.1" 200 4586
186.84.48.69 - - [17/Oct/2014:08:46:09 -0500] "POST /forms/lservlet;jsessionid=ac16012b30d5316e179f20d944338a0aaf45d27f6b9d.e3iSbxaKaheRe34Sa3yKbhiTahb0n6jAmljGr5XDqQLvpAe HTTP/1.1" 200 2
201.245.192.253 - - [17/Oct/2014:08:46:10 -0500] "GET /isolucionsda/FrameSetArticulo.asp?Pagina=/isolucionsda/bancoconocimiento/D/Decreto19del10deEnerode2012/Decreto19del10deEnerode2012.asp?IdArticulo=6750 HTTP/1.1" 200 7221
201.245.192.253 - - [17/Oct/2014:08:46:10 -0500] "GET /isolucionsda/Arriba.asp?Pagina=/isolucionsda/bancoconocimiento/D/Decreto19del10deEnerode2012/Decreto19del10deEnerode2012.asp?IdArticulo=6750 HTTP/1.1" 200 9809
201.245.192.253 - - [17/Oct/2014:08:46:10 -0500] "GET /isolucionsda/bancoconocimiento/D/Decreto19del10deEnerode2012/Decreto19del10deEnerode2012.asp?IdArticulo=6750 HTTP/1.1" 302 152
201.245.192.253 - - [17/Oct/2014:08:46:14 -0500] "GET /forest/session.jsp?a=0.23037633169414484 HTTP/1.1" 200 4
201.245.192.253 - - [17/Oct/2014:08:46:15 -0500] "GET /isolucionsda/FrameSetArticulo.asp?Pagina=/isolucionsda/bancoconocimiento/D/Decreto109del16deMarzode2009/Decreto109del16deMarzode2009.asp?IdArticulo=6274 HTTP/1.1" 200 7229
201.245.192.253 - - [17/Oct/2014:08:46:15 -0500] "GET /isolucionsda/Arriba.asp?Pagina=/isolucionsda/bancoconocimiento/D/Decreto109del16deMarzode2009/Decreto109del16deMarzode2009.asp?IdArticulo=6274 HTTP/1.1" 200 9811
201.245.192.253 - - [17/Oct/2014:08:46:15 -0500] "GET /isolucionsda/bancoconocimiento/D/Decreto109del16deMarzode2009/Decreto109del16deMarzode2009.asp?IdArticulo=6274 HTTP/1.1" 302 175
201.245.192.253 - - [17/Oct/2014:08:46:16 -0500] "POST /forest/buscar.do? HTTP/1.1" 200 5935
190.7.107.4 - - [17/Oct/2014:08:46:21 -0500] "GET /BLA/boletinlegal/js/jquery.js HTTP/1.1" 200 57254
190.7.107.4 - - [17/Oct/2014:08:46:21 -0500] "GET /BLA/boletinlegal/js/jquery.scrollTo-min.js HTTP/1.1" 200 1150
190.7.107.4 - - [17/Oct/2014:08:46:21 -0500] "GET /BLA/boletinlegal/js/jquery.scrollShow.js HTTP/1.1" 200 4586
201.245.192.253 - - [17/Oct/2014:08:46:22 -0500] "GET /isolucionsda/FrameSetArticulo.asp?Pagina=/ISOlucionSDA/bancoconocimiento/D/Decreto175demayo04de2009/Decreto175demayo04de2009.asp?IdArticulo=401 HTTP/1.1" 200 7193
201.245.192.253 - - [17/Oct/2014:08:46:22 -0500] "GET /isolucionsda/Arriba.asp?Pagina=/ISOlucionSDA/bancoconocimiento/D/Decreto175demayo04de2009/Decreto175demayo04de2009.asp?IdArticulo=401 HTTP/1.1" 200 9317
201.245.192.253 - - [17/Oct/2014:08:46:22 -0500] "GET /ISOlucionSDA/bancoconocimiento/D/Decreto175demayo04de2009/Decreto175demayo04de2009.asp?IdArticulo=401 HTTP/1.1" 302 168
201.245.192.253 - - [17/Oct/2014:08:46:31 -0500] "GET /galeria/nivo-slider/demo/images/banner-encuesta.jpg HTTP/1.1" 304 -
201.245.192.253 - - [17/Oct/2014:08:46:32 -0500] "GET /forest/buscar.do HTTP/1.1" 200 96531
201.245.192.253 - - [17/Oct/2014:08:46:32 -0500] "GET /forest/css/autocomplete.css?version=1408.271930 HTTP/1.1" 304 -
201.245.192.253 - - [17/Oct/2014:08:46:32 -0500] "GET /forest/js/load_func.js?version=1408.271930 HTTP/1.1" 304 -
201.245.192.253 - - [17/Oct/2014:08:46:32 -0500] "GET /forest/js/dialog.js?version=1408.271930 HTTP/1.1" 304 -
201.245.192.253 - - [17/Oct/2014:08:46:32 -0500] "GET /forest/1ibre/jscalendar/calendar-setup.js?version=1408.271930 HTTP/1.1" 304 -
201.245.192.253 - - [17/Oct/2014:08:46:32 -0500] "GET /forest/js/sarissa.js?version=1408.271930 HTTP/1.1" 304 -
201.245.192.253 - - [17/Oct/2014:08:46:32 -0500] "GET /forest/js/autocompletar2.js?version=1408.271930 HTTP/1.1" 304 -
201.245.192.253 - - [17/Oct/2014:08:46:32 -0500] "GET /forest/1ibre/jscalendar/lang/calendar-es.js?version=1408.271930 HTTP/1.1" 304 -
201.245.192.253 - - [17/Oct/2014:08:46:32 -0500] "GET /forest/1ibre/1ibre.js?version=1408.271930 HTTP/1.1" 304 -
201.245.192.253 - - [17/Oct/2014:08:46:32 -0500] "GET /forest/js/escritorio/escritorio.js?version=1408.271930 HTTP/1.1" 304 -
201.245.192.253 - - [17/Oct/2014:08:46:32 -0500] "GET /forest/1ibre/jscalendar/calendar.js?version=1408.271930 HTTP/1.1" 304 -
201.245.192.253 - - [17/Oct/2014:08:46:32 -0500] "GET /forest/1ibre/protoaculous.js?version=1408.271930 HTTP/1.1" 304 -
201.245.192.253 - - [17/Oct/2014:08:46:32 -0500] "GET /forest/json.do?query=usersByDep&coddep=7025 HTTP/1.1" 200 919
201.245.192.253 - - [17/Oct/2014:08:46:32 -0500] "GET /forest/json.do?query=usersByDep&coddep=7025 HTTP/1.1" 200 919
180.76.5.153 - - [17/Oct/2014:08:46:33 -0500] "GET /BLA/resoluciones/AUTOS%202010/5514.pdf HTTP/1.1" 200 232472
201.245.192.253 - - [17/Oct/2014:08:40:40 -0500] "GET /ForestMSG_SDA/channelAsync/template_word_16705945?X-Atmosphere-tracking-id=a454cec9-46fa-7462-5aec-07dfedd9506a&X-Atmosphere-Framework=1.0.5&X-Atmosphere-Transport=long-polling&tabid=0.2807611583266407&X-Cache-Date=0&Content-Type=application/xml&_=1413553386664 HTTP/1.1" 200 8193
201.245.192.253 - - [17/Oct/2014:08:46:41 -0500] "GET /isolucionsda/FrameSetArticulo.asp?Pagina=/ISOlucionSDA/bancoconocimiento/R/Resolucion3692demayo13de2009/Resolucion3692demayo13de2009.asp?IdArticulo=614 HTTP/1.1" 200 7225
201.245.192.253 - - [17/Oct/2014:08:46:41 -0500] "GET /isolucionsda/Arriba.asp?Pagina=/ISOlucionSDA/bancoconocimiento/R/Resolucion3692demayo13de2009/Resolucion3692demayo13de2009.asp?IdArticulo=614 HTTP/1.1" 200 10344
201.245.192.253 - - [17/Oct/2014:08:46:41 -0500] "GET /ISOlucionSDA/bancoconocimiento/R/Resolucion3692demayo13de2009/Resolucion3692demayo13de2009.asp?IdArticulo=614 HTTP/1.1" 302 158
201.245.192.253 - - [17/Oct/2014:08:46:44 -0500] "POST /forest/buscar.do? HTTP/1.1" 200 7268
201.245.192.253 - - [17/Oct/2014:08:46:45 -0500] "GET /isolucionsda/FrameSetArticulo.asp?Pagina=/isolucionsda/bancoconocimiento/R/Resolucion3074deMayo26de2011/Resolucion3074deMayo26de2011.asp?IdArticulo=7010 HTTP/1.1" 200 7229
201.245.192.253 - - [17/Oct/2014:08:46:45 -0500] "GET /isolucionsda/Arriba.asp?Pagina=/isolucionsda/bancoconocimiento/R/Resolucion3074deMayo26de2011/Resolucion3074deMayo26de2011.asp?IdArticulo=7010 HTTP/1.1" 200 9809
201.245.192.253 - - [17/Oct/2014:08:46:45 -0500] "GET /isolucionsda/bancoconocimiento/R/Resolucion3074deMayo26de2011/Resolucion3074deMayo26de2011.asp?IdArticulo=7010 HTTP/1.1" 302 156
190.25.104.171 - - [17/Oct/2014:08:46:48 -0500] "GET /isolucionsda/Session.asp HTTP/1.1" 200 205
184.168.200.23 - - [17/Oct/2014:08:46:50 -0500] "GET /blog/wp-admin/ HTTP/1.1" 404 1018
190.69.14.2 - - [17/Oct/2014:08:46:52 -0500] "GET /BLA/resoluciones/RESOLUCIONES%202013/2079.pdf HTTP/1.1" 200 490937
190.69.14.2 - - [17/Oct/2014:08:46:52 -0500] "GET /BLA/resoluciones/RESOLUCIONES%202013/2079.pdf HTTP/1.1" 206 32768
190.69.14.2 - - [17/Oct/2014:08:46:52 -0500] "GET /BLA/resoluciones/RESOLUCIONES%202013/2079.pdf HTTP/1.1" 206 458169
190.25.208.39 - - [17/Oct/2014:08:46:53 -0500] "GET /BLA/boletinlegal/js/jquery.scrollTo-min.js HTTP/1.1" 200 1150
190.25.208.39 - - [17/Oct/2014:08:46:53 -0500] "GET /BLA/boletinlegal/js/jquery.js HTTP/1.1" 200 57254
190.25.208.39 - - [17/Oct/2014:08:46:53 -0500] "GET /BLA/boletinlegal/js/jquery.scrollShow.js HTTP/1.1" 200 4586
190.60.213.162 - - [17/Oct/2014:08:46:53 -0500] "GET /galeria/nivo-slider/demo/demo.html HTTP/1.1" 304 -
201.245.192.253 - - [17/Oct/2014:08:46:53 -0500] "GET /isolucionsda/FrameSetArticulo.asp?Pagina=/isolucionsda/bancoconocimiento/R/Resolucion5589deseptiembre30de2011/Resolucion5589deseptiembre30de2011.asp?IdArticulo=7162 HTTP/1.1" 200 7277
201.245.192.253 - - [17/Oct/2014:08:46:54 -0500] "GET /isolucionsda/Arriba.asp?Pagina=/isolucionsda/bancoconocimiento/R/Resolucion5589deseptiembre30de2011/Resolucion5589deseptiembre30de2011.asp?IdArticulo=7162 HTTP/1.1" 200 9821
201.245.192.253 - - [17/Oct/2014:08:46:54 -0500] "GET /isolucionsda/bancoconocimiento/R/Resolucion5589deseptiembre30de2011/Resolucion5589deseptiembre30de2011.asp?IdArticulo=7162 HTTP/1.1" 302 156
201.245.192.253 - - [17/Oct/2014:08:46:54 -0500] "GET /isolucionsda/bancoconocimiento/R/Resolucion5589deseptiembre30de2011/resolucion%205589%20de%20201101.pdf HTTP/1.1" 200 137710
190.60.213.162 - - [17/Oct/2014:08:46:54 -0500] "GET /galeria/nivo-slider/demo/images/EncuentroAgua1.jpg HTTP/1.1" 304 -
201.245.192.253 - - [17/Oct/2014:08:46:54 -0500] "GET /isolucionsda/bancoconocimiento/R/Resolucion5589deseptiembre30de2011/resolucion%205589%20de%20201101.pdf HTTP/1.1" 206 284926
201.245.192.253 - - [17/Oct/2014:08:46:54 -0500] "GET /isolucionsda/bancoconocimiento/R/Resolucion5589deseptiembre30de2011/resolucion%205589%20de%20201101.pdf HTTP/1.1" 206 32768
201.245.192.253 - - [17/Oct/2014:08:46:55 -0500] "GET /isolucionsda/bancoconocimiento/R/Resolucion5589deseptiembre30de2011/resolucion%205589%20de%20201101.pdf HTTP/1.1" 206 32768
201.245.192.253 - - [17/Oct/2014:08:46:55 -0500] "GET /isolucionsda/bancoconocimiento/R/Resolucion5589deseptiembre30de2011/resolucion%205589%20de%20201101.pdf HTTP/1.1" 206 32768
201.245.192.253 - - [17/Oct/2014:08:46:55 -0500] "GET /isolucionsda/bancoconocimiento/R/Resolucion5589deseptiembre30de2011/resolucion%205589%20de%20201101.pdf HTTP/1.1" 206 32768
201.245.192.253 - - [17/Oct/2014:08:46:55 -0500] "GET /isolucionsda/bancoconocimiento/R/Resolucion5589deseptiembre30de2011/resolucion%205589%20de%20201101.pdf HTTP/1.1" 206 32768
201.245.192.253 - - [17/Oct/2014:08:46:55 -0500] "GET /isolucionsda/bancoconocimiento/R/Resolucion5589deseptiembre30de2011/resolucion%205589%20de%20201101.pdf HTTP/1.1" 206 32768
201.245.192.253 - - [17/Oct/2014:08:46:55 -0500] "GET /isolucionsda/bancoconocimiento/R/Resolucion5589deseptiembre30de2011/resolucion%205589%20de%20201101.pdf HTTP/1.1" 206 32768
201.245.192.253 - - [17/Oct/2014:08:46:55 -0500] "GET /isolucionsda/bancoconocimiento/R/Resolucion5589deseptiembre30de2011/resolucion%205589%20de%20201101.pdf HTTP/1.1" 206 32768
201.245.192.253 - - [17/Oct/2014:08:46:55 -0500] "GET /isolucionsda/bancoconocimiento/R/Resolucion5589deseptiembre30de2011/resolucion%205589%20de%20201101.pdf HTTP/1.1" 206 32768
201.245.192.253 - - [17/Oct/2014:08:46:55 -0500] "GET /isolucionsda/bancoconocimiento/R/Resolucion5589deseptiembre30de2011/resolucion%205589%20de%20201101.pdf HTTP/1.1" 206 65536
201.245.192.253 - - [17/Oct/2014:08:46:55 -0500] "GET /isolucionsda/bancoconocimiento/R/Resolucion5589deseptiembre30de2011/resolucion%205589%20de%20201101.pdf HTTP/1.1" 206 65536
201.245.192.253 - - [17/Oct/2014:08:46:55 -0500] "GET /isolucionsda/bancoconocimiento/R/Resolucion5589deseptiembre30de2011/resolucion%205589%20de%20201101.pdf HTTP/1.1" 206 65536
201.245.192.253 - - [17/Oct/2014:08:46:55 -0500] "GET /isolucionsda/bancoconocimiento/R/Resolucion5589deseptiembre30de2011/resolucion%205589%20de%20201101.pdf HTTP/1.1" 206 65536
201.245.192.253 - - [17/Oct/2014:08:46:56 -0500] "GET /isolucionsda/bancoconocimiento/R/Resolucion5589deseptiembre30de2011/resolucion%205589%20de%20201101.pdf HTTP/1.1" 206 65536
201.245.192.253 - - [17/Oct/2014:08:46:56 -0500] "GET /isolucionsda/bancoconocimiento/R/Resolucion5589deseptiembre30de2011/resolucion%205589%20de%20201101.pdf HTTP/1.1" 206 65536
201.245.192.253 - - [17/Oct/2014:08:46:56 -0500] "GET /isolucionsda/bancoconocimiento/R/Resolucion5589deseptiembre30de2011/resolucion%205589%20de%20201101.pdf HTTP/1.1" 206 65536
201.245.192.253 - - [17/Oct/2014:08:46:56 -0500] "GET /isolucionsda/bancoconocimiento/R/Resolucion5589deseptiembre30de2011/resolucion%205589%20de%20201101.pdf HTTP/1.1" 206 65536
201.245.192.253 - - [17/Oct/2014:08:46:56 -0500] "GET /isolucionsda/bancoconocimiento/R/Resolucion5589deseptiembre30de2011/resolucion%205589%20de%20201101.pdf HTTP/1.1" 206 65536
201.245.192.253 - - [17/Oct/2014:08:46:56 -0500] "GET /isolucionsda/bancoconocimiento/R/Resolucion5589deseptiembre30de2011/resolucion%205589%20de%20201101.pdf HTTP/1.1" 206 65536
201.245.192.253 - - [17/Oct/2014:08:46:56 -0500] "GET /isolucionsda/bancoconocimiento/R/Resolucion5589deseptiembre30de2011/resolucion%205589%20de%20201101.pdf HTTP/1.1" 206 131072
201.245.192.253 - - [17/Oct/2014:08:46:56 -0500] "GET /forest/buscar.do HTTP/1.1" 200 96531
201.245.192.253 - - [17/Oct/2014:08:46:56 -0500] "GET /isolucionsda/bancoconocimiento/R/Resolucion5589deseptiembre30de2011/resolucion%205589%20de%20201101.pdf HTTP/1.1" 206 131072
201.245.192.253 - - [17/Oct/2014:08:46:56 -0500] "GET /forest/css/autocomplete.css?version=1408.271930 HTTP/1.1" 304 -
201.245.192.253 - - [17/Oct/2014:08:46:56 -0500] "GET /isolucionsda/bancoconocimiento/R/Resolucion5589deseptiembre30de2011/resolucion%205589%20de%20201101.pdf HTTP/1.1" 206 131072
201.245.192.253 - - [17/Oct/2014:08:46:56 -0500] "GET /forest/js/load_func.js?version=1408.271930 HTTP/1.1" 304 -
201.245.192.253 - - [17/Oct/2014:08:46:56 -0500] "GET /forest/1ibre/jscalendar/lang/calendar-es.js?version=1408.271930 HTTP/1.1" 304 -
201.245.192.253 - - [17/Oct/2014:08:46:56 -0500] "GET /forest/js/sarissa.js?version=1408.271930 HTTP/1.1" 304 -
201.245.192.253 - - [17/Oct/2014:08:46:56 -0500] "GET /forest/js/dialog.js?version=1408.271930 HTTP/1.1" 304 -
201.245.192.253 - - [17/Oct/2014:08:46:56 -0500] "GET /forest/1ibre/jscalendar/calendar.js?version=1408.271930 HTTP/1.1" 304 -
201.245.192.253 - - [17/Oct/2014:08:46:56 -0500] "GET /forest/js/escritorio/escritorio.js?version=1408.271930 HTTP/1.1" 304 -
201.245.192.253 - - [17/Oct/2014:08:46:56 -0500] "GET /forest/1ibre/1ibre.js?version=1408.271930 HTTP/1.1" 304 -
201.245.192.253 - - [17/Oct/2014:08:46:56 -0500] "GET /forest/1ibre/jscalendar/calendar-setup.js?version=1408.271930 HTTP/1.1" 304 -
201.245.192.253 - - [17/Oct/2014:08:46:56 -0500] "GET /forest/1ibre/protoaculous.js?version=1408.271930 HTTP/1.1" 304 -
201.245.192.253 - - [17/Oct/2014:08:46:56 -0500] "GET /forest/js/autocompletar2.js?version=1408.271930 HTTP/1.1" 304 -
201.245.192.253 - - [17/Oct/2014:08:46:56 -0500] "GET /isolucionsda/bancoconocimiento/R/Resolucion5589deseptiembre30de2011/resolucion%205589%20de%20201101.pdf HTTP/1.1" 206 131072
201.245.192.253 - - [17/Oct/2014:08:46:57 -0500] "GET /forest/json.do?query=usersByDep&coddep=7025 HTTP/1.1" 200 919
201.245.192.253 - - [17/Oct/2014:08:46:57 -0500] "GET /forest/json.do?query=usersByDep&coddep=7025 HTTP/1.1" 200 919
201.245.192.253 - - [17/Oct/2014:08:46:57 -0500] "GET /isolucionsda/bancoconocimiento/R/Resolucion5589deseptiembre30de2011/resolucion%205589%20de%20201101.pdf HTTP/1.1" 206 131072
201.245.192.253 - - [17/Oct/2014:08:46:57 -0500] "GET /isolucionsda/bancoconocimiento/R/Resolucion5589deseptiembre30de2011/resolucion%205589%20de%20201101.pdf HTTP/1.1" 206 131072
201.245.192.253 - - [17/Oct/2014:08:46:57 -0500] "GET /isolucionsda/bancoconocimiento/R/Resolucion5589deseptiembre30de2011/resolucion%205589%20de%20201101.pdf HTTP/1.1" 206 131072
201.245.192.253 - - [17/Oct/2014:08:46:57 -0500] "GET /isolucionsda/bancoconocimiento/R/Resolucion5589deseptiembre30de2011/resolucion%205589%20de%20201101.pdf HTTP/1.1" 206 131072
201.245.192.253 - - [17/Oct/2014:08:46:58 -0500] "GET /isolucionsda/bancoconocimiento/R/Resolucion5589deseptiembre30de2011/resolucion%205589%20de%20201101.pdf HTTP/1.1" 206 131072
201.245.192.253 - - [17/Oct/2014:08:46:58 -0500] "GET /isolucionsda/bancoconocimiento/R/Resolucion5589deseptiembre30de2011/resolucion%205589%20de%20201101.pdf HTTP/1.1" 206 131072
190.60.213.162 - - [17/Oct/2014:08:46:58 -0500] "GET /galeria/nivo-slider/demo/images/bannerEcolecta3.jpg HTTP/1.1" 200 280034
201.245.192.253 - - [17/Oct/2014:08:46:58 -0500] "GET /isolucionsda/bancoconocimiento/R/Resolucion5589deseptiembre30de2011/resolucion%205589%20de%20201101.pdf HTTP/1.1" 206 262144
201.245.192.253 - - [17/Oct/2014:08:46:58 -0500] "GET /isolucionsda/bancoconocimiento/R/Resolucion5589deseptiembre30de2011/resolucion%205589%20de%20201101.pdf HTTP/1.1" 206 262144
201.245.192.253 - - [17/Oct/2014:08:46:59 -0500] "GET /isolucionsda/bancoconocimiento/R/Resolucion5589deseptiembre30de2011/resolucion%205589%20de%20201101.pdf HTTP/1.1" 206 262144
201.245.192.253 - - [17/Oct/2014:08:47:00 -0500] "GET /isolucionsda/FrameSetArticulo.asp?Pagina=/isolucionsda/bancoconocimiento/R/Resolucion288del20deAbrilde2012/Resolucion288del20deAbrilde2012.asp?IdArticulo=6537 HTTP/1.1" 200 7253
201.245.192.253 - - [17/Oct/2014:08:47:00 -0500] "GET /isolucionsda/Arriba.asp?Pagina=/isolucionsda/bancoconocimiento/R/Resolucion288del20deAbrilde2012/Resolucion288del20deAbrilde2012.asp?IdArticulo=6537 HTTP/1.1" 200 9817
201.245.192.253 - - [17/Oct/2014:08:47:01 -0500] "GET /isolucionsda/bancoconocimiento/R/Resolucion288del20deAbrilde2012/Resolucion288del20deAbrilde2012.asp?IdArticulo=6537 HTTP/1.1" 302 179
190.24.138.98 - - [17/Oct/2014:08:47:03 -0500] "GET /BLA/boletinlegal/norma_menu.php HTTP/1.1" 200 5286
190.24.138.98 - - [17/Oct/2014:08:47:03 -0500] "GET /BLA/boletinlegal/js/ajax.js HTTP/1.1" 200 772
190.24.138.98 - - [17/Oct/2014:08:47:03 -0500] "GET /BLA/boletinlegal/swfobject.js HTTP/1.1" 200 9763
190.24.138.98 - - [17/Oct/2014:08:47:03 -0500] "GET /BLA/boletinlegal/images/signo-mas.gif HTTP/1.1" 200 13689
190.24.138.98 - - [17/Oct/2014:08:47:04 -0500] "GET /BLA/boletinlegal/carousel.swf HTTP/1.1" 200 63487
190.24.138.98 - - [17/Oct/2014:08:47:04 -0500] "GET /BLA/boletinlegal/images/img_3.jpg HTTP/1.1" 200 1841
190.24.138.98 - - [17/Oct/2014:08:47:04 -0500] "GET /BLA/boletinlegal/images/signo-menos.gif HTTP/1.1" 200 13454
190.24.138.98 - - [17/Oct/2014:08:47:04 -0500] "GET /BLA/boletinlegal/settings.xml HTTP/1.1" 200 2059
190.24.138.98 - - [17/Oct/2014:08:47:04 -0500] "GET /BLA/boletinlegal/images.xml HTTP/1.1" 200 3941
190.24.138.98 - - [17/Oct/2014:08:47:04 -0500] "GET /BLA/boletinlegal/images/pev.png HTTP/1.1" 200 404876
190.24.138.98 - - [17/Oct/2014:08:47:04 -0500] "GET /BLA/boletinlegal/images/rui.png HTTP/1.1" 200 469106
190.24.138.98 - - [17/Oct/2014:08:47:04 -0500] "GET /BLA/boletinlegal/images/flor.png HTTP/1.1" 200 587454
190.24.138.98 - - [17/Oct/2014:08:47:04 -0500] "GET /BLA/boletinlegal/images/faun.png HTTP/1.1" 200 613440
190.24.138.98 - - [17/Oct/2014:08:47:04 -0500] "GET /BLA/boletinlegal/images/emis.png HTTP/1.1" 200 448203
190.24.138.98 - - [17/Oct/2014:08:47:04 -0500] "GET /BLA/boletinlegal/images/hidro.png HTTP/1.1" 200 517362
190.24.138.98 - - [17/Oct/2014:08:47:05 -0500] "GET /BLA/boletinlegal/images/hume.png HTTP/1.1" 200 481651
190.24.138.98 - - [17/Oct/2014:08:47:05 -0500] "GET /BLA/boletinlegal/images/vert.png HTTP/1.1" 200 485866
190.24.138.98 - - [17/Oct/2014:08:47:05 -0500] "GET /BLA/boletinlegal/images/resi.png HTTP/1.1" 200 556571
190.24.138.98 - - [17/Oct/2014:08:47:05 -0500] "GET /BLA/boletinlegal/images/silvi.png HTTP/1.1" 200 588511
190.24.138.98 - - [17/Oct/2014:08:47:07 -0500] "GET /BLA/boletinlegal/images/lice.png HTTP/1.1" 200 487297
190.24.138.98 - - [17/Oct/2014:08:47:07 -0500] "GET /BLA/boletinlegal/images/pma.png HTTP/1.1" 200 530205
190.24.138.98 - - [17/Oct/2014:08:47:07 -0500] "GET /BLA/boletinlegal/images/cons.png HTTP/1.1" 200 545034
190.69.14.2 - - [17/Oct/2014:08:47:07 -0500] "GET /BLA/resoluciones/RESOLUCIONES%202013/2077.pdf HTTP/1.1" 404 1120
201.245.192.253 - - [17/Oct/2014:08:47:07 -0500] "GET /isolucionsda/FrameSetArticulo.asp?Pagina=/isolucionsda/bancoconocimiento/L/Ley1564del12dejuliode2012/Ley1564del12dejuliode2012.asp?IdArticulo=6494 HTTP/1.1" 200 7205
201.245.192.253 - - [17/Oct/2014:08:47:07 -0500] "GET /isolucionsda/Arriba.asp?Pagina=/isolucionsda/bancoconocimiento/L/Ley1564del12dejuliode2012/Ley1564del12dejuliode2012.asp?IdArticulo=6494 HTTP/1.1" 200 9805
201.245.192.253 - - [17/Oct/2014:08:47:07 -0500] "GET /isolucionsda/bancoconocimiento/L/Ley1564del12dejuliode2012/Ley1564del12dejuliode2012.asp?IdArticulo=6494 HTTP/1.1" 302 172
201.245.192.253 - - [17/Oct/2014:08:47:08 -0500] "POST /forest/buscar.do? HTTP/1.1" 200 5950
186.43.13.89 - - [17/Oct/2014:08:47:08 -0500] "GET /BLA/boletinlegal/js/jquery.js HTTP/1.1" 200 57254
186.43.13.89 - - [17/Oct/2014:08:47:08 -0500] "GET /BLA/boletinlegal/js/jquery.scrollTo-min.js HTTP/1.1" 200 1150
190.24.138.98 - - [17/Oct/2014:08:47:09 -0500] "GET /BLA/boletinlegal/images/comp-estr.png HTTP/1.1" 200 644020
186.43.13.89 - - [17/Oct/2014:08:47:09 -0500] "GET /BLA/boletinlegal/js/jquery.scrollShow.js HTTP/1.1" 200 4586
190.24.138.98 - - [17/Oct/2014:08:47:09 -0500] "GET /BLA/boletinlegal/images/bla.png HTTP/1.1" 200 113997
201.245.192.253 - - [17/Oct/2014:08:47:11 -0500] "GET /forest/skins/gdocs-jar/popup/popup.jsp?width=900&height=600&title=Informaci%F3n%20de%20proceso&uri=/forest/system/process.jsp%3FnumPro%3D2861871&name=undefined&_a=0.7602195962919236&a=0.2865901545080717 HTTP/1.1" 200 1191
201.245.192.253 - - [17/Oct/2014:08:47:11 -0500] "GET /forest/system/process.jsp?numPro=2861871 HTTP/1.1" 200 85971
201.245.192.253 - - [17/Oct/2014:08:47:11 -0500] "GET /forest/system/process.jsp?numPro=2861871 HTTP/1.1" 200 85971
190.69.14.2 - - [17/Oct/2014:08:47:11 -0500] "GET /BLA/resoluciones/RESOLUCIONES%202013/2075.pdf HTTP/1.1" 200 545475
190.69.14.2 - - [17/Oct/2014:08:47:11 -0500] "GET /BLA/resoluciones/RESOLUCIONES%202013/2075.pdf HTTP/1.1" 206 32768
190.69.14.2 - - [17/Oct/2014:08:47:11 -0500] "GET /BLA/resoluciones/RESOLUCIONES%202013/2075.pdf HTTP/1.1" 206 512707
190.84.155.46 - - [17/Oct/2014:08:47:18 -0500] "POST /Report2/parameter HTTP/1.1" 200 6688
190.84.155.46 - - [17/Oct/2014:08:47:19 -0500] "GET /Report2/parameter?action=runReportMDX&json=true&listdep=informe&id_rpt=17&param_nit=228 HTTP/1.1" 200 844
190.84.155.46 - - [17/Oct/2014:08:47:19 -0500] "GET /Report2/parameter?action=runReportMDX&json=true&listdep=FecBal&id_rpt=17&param_informe=19&param_nit=228 HTTP/1.1" 200 44
190.84.155.46 - - [17/Oct/2014:08:47:19 -0500] "GET /Report2/parameter?action=runReportMDX&json=true&listdep=formato&id_rpt=17&param_informe=19&param_nit=228&param_FecBal=2014-06-30 HTTP/1.1" 200 211
190.69.14.2 - - [17/Oct/2014:08:47:23 -0500] "GET /BLA/resoluciones/RESOLUCIONES%202013/2080.pdf HTTP/1.1" 404 1120
190.84.155.46 - - [17/Oct/2014:08:47:23 -0500] "POST /Report2/rptManage.jsp?migracion=111 HTTP/1.1" 200 618
190.84.155.46 - - [17/Oct/2014:08:47:23 -0500] "GET /Report2/loading.jsp?migracion=111&id_rpt=17&currentTab=tab_11975&rnd=0.18211207912378746 HTTP/1.1" 200 2725
190.84.155.46 - - [17/Oct/2014:08:47:23 -0500] "GET /Report2/rpt.jsp?migracion=111&id_rpt=17&currentTab=tab_11975&rnd=0.694550854163664 HTTP/1.1" 200 13697
201.245.192.253 - - [17/Oct/2014:08:47:23 -0500] "GET /forest/session.jsp?a=0.9908960985485464 HTTP/1.1" 200 4
190.84.155.46 - - [17/Oct/2014:08:47:23 -0500] "POST /Report2/infReportada.jsp?rdmMapa=275533 HTTP/1.1" 200 6283
190.84.155.46 - - [17/Oct/2014:08:47:23 -0500] "GET /Report2/serviceListados.jsp?queryId=rpt/infxidC&informe=19&a=0.1746804933063686 HTTP/1.1" 200 228
190.84.155.46 - - [17/Oct/2014:08:47:23 -0500] "GET /Report2/serviceListados.jsp?queryId=rpt/entidadxidC&nit=228&a=0.8307550493627787 HTTP/1.1" 200 252
190.24.132.4 - - [17/Oct/2014:08:47:24 -0500] "GET /Report2/parameter?action=parametersReportMDX&id_rpt=17&currentTab=tab_presentacion HTTP/1.0" 200 6578
190.84.155.46 - - [17/Oct/2014:08:47:26 -0500] "POST /Report2/parameter HTTP/1.1" 200 6692
190.84.155.46 - - [17/Oct/2014:08:47:26 -0500] "GET /Report2/parameter?action=runReportMDX&json=true&listdep=informe&id_rpt=17&param_nit=228 HTTP/1.1" 200 844
190.84.155.46 - - [17/Oct/2014:08:47:26 -0500] "GET /Report2/parameter?action=runReportMDX&json=true&listdep=FecBal&id_rpt=17&param_informe=19&param_nit=228 HTTP/1.1" 200 44
74.86.158.107 - - [17/Oct/2014:08:47:27 -0500] "HEAD / HTTP/1.1" 302 -
190.84.155.46 - - [17/Oct/2014:08:47:26 -0500] "GET /Report2/parameter?action=runReportMDX&json=true&listdep=formato&id_rpt=17&param_informe=19&param_nit=228&param_FecBal=2014-06-30 HTTP/1.1" 200 211
190.69.14.2 - - [17/Oct/2014:08:47:27 -0500] "GET /BLA/resoluciones/RESOLUCIONES%202013/2081.pdf HTTP/1.1" 200 497835
190.24.132.4 - - [17/Oct/2014:08:47:27 -0500] "POST /Report2/parameter?action=runReportMDX&json=true&listdep=nit&id_rpt=17&param_partNomauto=3 HTTP/1.0" 200 599
190.69.14.2 - - [17/Oct/2014:08:47:28 -0500] "GET /BLA/resoluciones/RESOLUCIONES%202013/2081.pdf HTTP/1.1" 206 32768
190.69.14.2 - - [17/Oct/2014:08:47:28 -0500] "GET /BLA/resoluciones/RESOLUCIONES%202013/2081.pdf HTTP/1.1" 206 465067
190.24.132.4 - - [17/Oct/2014:08:47:28 -0500] "POST /Report2/parameter?action=runReportMDX&json=true&listdep=nit&id_rpt=17&param_partNomauto=3129 HTTP/1.0" 200 2
190.84.155.46 - - [17/Oct/2014:08:47:29 -0500] "POST /Report2/rptManage.jsp?migracion=111 HTTP/1.1" 200 618
190.84.155.46 - - [17/Oct/2014:08:47:29 -0500] "GET /Report2/loading.jsp?migracion=111&id_rpt=17&currentTab=tab_11975&rnd=0.9417778522629822 HTTP/1.1" 200 2720
190.84.155.46 - - [17/Oct/2014:08:47:29 -0500] "GET /Report2/rpt.jsp?migracion=111&id_rpt=17&currentTab=tab_11975&rnd=0.3409841028542042 HTTP/1.1" 200 13702
190.84.155.46 - - [17/Oct/2014:08:47:30 -0500] "POST /Report2/infReportada.jsp?rdmMapa=689057 HTTP/1.1" 200 9502
190.84.155.46 - - [17/Oct/2014:08:47:30 -0500] "GET /Report2/serviceListados.jsp?queryId=rpt/infxidC&informe=19&a=0.5224965063389391 HTTP/1.1" 200 228
190.84.155.46 - - [17/Oct/2014:08:47:30 -0500] "GET /Report2/serviceListados.jsp?queryId=rpt/entidadxidC&nit=228&a=0.6441757711581886 HTTP/1.1" 200 252
190.24.132.4 - - [17/Oct/2014:08:47:31 -0500] "POST /Report2/parameter?action=runReportMDX&json=true&listdep=nit&id_rpt=17&param_partNomauto=319 HTTP/1.0" 200 62
190.24.132.4 - - [17/Oct/2014:08:47:31 -0500] "POST /Report2/parameter?action=runReportMDX&json=true&listdep=nit&id_rpt=17&param_partNomauto=31 HTTP/1.0" 200 583
201.245.192.253 - - [17/Oct/2014:08:47:33 -0500] "GET /forest/buscar.do HTTP/1.1" 200 96531
201.245.192.253 - - [17/Oct/2014:08:47:33 -0500] "GET /forest/css/autocomplete.css?version=1408.271930 HTTP/1.1" 304 -
201.245.192.253 - - [17/Oct/2014:08:47:33 -0500] "GET /forest/js/load_func.js?version=1408.271930 HTTP/1.1" 304 -
201.245.192.253 - - [17/Oct/2014:08:47:33 -0500] "GET /forest/js/sarissa.js?version=1408.271930 HTTP/1.1" 304 -
201.245.192.253 - - [17/Oct/2014:08:47:33 -0500] "GET /forest/1ibre/jscalendar/calendar.js?version=1408.271930 HTTP/1.1" 304 -
201.245.192.253 - - [17/Oct/2014:08:47:33 -0500] "GET /forest/js/dialog.js?version=1408.271930 HTTP/1.1" 304 -
201.245.192.253 - - [17/Oct/2014:08:47:33 -0500] "GET /forest/js/autocompletar2.js?version=1408.271930 HTTP/1.1" 304 -
201.245.192.253 - - [17/Oct/2014:08:47:33 -0500] "GET /forest/1ibre/jscalendar/calendar-setup.js?version=1408.271930 HTTP/1.1" 304 -
201.245.192.253 - - [17/Oct/2014:08:47:33 -0500] "GET /forest/1ibre/1ibre.js?version=1408.271930 HTTP/1.1" 304 -
201.245.192.253 - - [17/Oct/2014:08:47:33 -0500] "GET /forest/1ibre/protoaculous.js?version=1408.271930 HTTP/1.1" 304 -
201.245.192.253 - - [17/Oct/2014:08:47:33 -0500] "GET /forest/js/escritorio/escritorio.js?version=1408.271930 HTTP/1.1" 304 -
66.201.162.41 - - [17/Oct/2014:08:47:34 -0500] "GET /BLA/boletinlegal/js/jquery.js HTTP/1.1" 200 57254
190.84.155.46 - - [17/Oct/2014:08:47:34 -0500] "POST /Report2/parameter HTTP/1.1" 200 6700
201.245.192.253 - - [17/Oct/2014:08:47:34 -0500] "GET /forest/1ibre/jscalendar/lang/calendar-es.js?version=1408.271930 HTTP/1.1" 304 -
66.201.162.41 - - [17/Oct/2014:08:47:34 -0500] "GET /BLA/boletinlegal/js/jquery.scrollTo-min.js HTTP/1.1" 200 1150
66.201.162.41 - - [17/Oct/2014:08:47:34 -0500] "GET /BLA/boletinlegal/js/jquery.scrollShow.js HTTP/1.1" 200 4586
201.245.192.253 - - [17/Oct/2014:08:47:34 -0500] "GET /forest/json.do?query=usersByDep&coddep=7025 HTTP/1.1" 200 919
201.245.192.253 - - [17/Oct/2014:08:47:34 -0500] "GET /forest/json.do?query=usersByDep&coddep=7025 HTTP/1.1" 200 919
190.84.155.46 - - [17/Oct/2014:08:47:34 -0500] "GET /Report2/parameter?action=runReportMDX&json=true&listdep=informe&id_rpt=17&param_nit=228 HTTP/1.1" 200 844
190.84.155.46 - - [17/Oct/2014:08:47:34 -0500] "GET /Report2/parameter?action=runReportMDX&json=true&listdep=FecBal&id_rpt=17&param_informe=19&param_nit=228 HTTP/1.1" 200 44
190.84.155.46 - - [17/Oct/2014:08:47:35 -0500] "GET /Report2/parameter?action=runReportMDX&json=true&listdep=formato&id_rpt=17&param_informe=19&param_nit=228&param_FecBal=2014-06-30 HTTP/1.1" 200 211
190.69.14.2 - - [17/Oct/2014:08:47:35 -0500] "GET /BLA/resoluciones/RESOLUCIONES%202013/2082.pdf HTTP/1.1" 200 1102315
190.69.14.2 - - [17/Oct/2014:08:47:35 -0500] "GET /BLA/resoluciones/RESOLUCIONES%202013/2082.pdf HTTP/1.1" 206 32768
190.69.14.2 - - [17/Oct/2014:08:47:36 -0500] "GET /BLA/resoluciones/RESOLUCIONES%202013/2082.pdf HTTP/1.1" 206 260652
190.69.14.2 - - [17/Oct/2014:08:47:36 -0500] "GET /BLA/resoluciones/RESOLUCIONES%202013/2082.pdf HTTP/1.1" 206 32768
190.69.14.2 - - [17/Oct/2014:08:47:36 -0500] "GET /BLA/resoluciones/RESOLUCIONES%202013/2082.pdf HTTP/1.1" 206 32768
190.69.14.2 - - [17/Oct/2014:08:47:36 -0500] "GET /BLA/resoluciones/RESOLUCIONES%202013/2082.pdf HTTP/1.1" 206 32768
190.69.14.2 - - [17/Oct/2014:08:47:36 -0500] "GET /BLA/resoluciones/RESOLUCIONES%202013/2082.pdf HTTP/1.1" 206 32768
190.69.14.2 - - [17/Oct/2014:08:47:36 -0500] "GET /BLA/resoluciones/RESOLUCIONES%202013/2082.pdf HTTP/1.1" 206 32768
190.69.14.2 - - [17/Oct/2014:08:47:37 -0500] "GET /BLA/resoluciones/RESOLUCIONES%202013/2082.pdf HTTP/1.1" 206 32768
190.69.14.2 - - [17/Oct/2014:08:47:37 -0500] "GET /BLA/resoluciones/RESOLUCIONES%202013/2082.pdf HTTP/1.1" 206 32768
190.69.14.2 - - [17/Oct/2014:08:47:37 -0500] "GET /BLA/resoluciones/RESOLUCIONES%202013/2082.pdf HTTP/1.1" 206 32768
190.69.14.2 - - [17/Oct/2014:08:47:37 -0500] "GET /BLA/resoluciones/RESOLUCIONES%202013/2082.pdf HTTP/1.1" 206 32768
190.69.14.2 - - [17/Oct/2014:08:47:37 -0500] "GET /BLA/resoluciones/RESOLUCIONES%202013/2082.pdf HTTP/1.1" 206 65536
190.69.14.2 - - [17/Oct/2014:08:47:37 -0500] "GET /BLA/resoluciones/RESOLUCIONES%202013/2082.pdf HTTP/1.1" 206 65536
190.84.155.46 - - [17/Oct/2014:08:47:37 -0500] "POST /Report2/rptManage.jsp?migracion=111 HTTP/1.1" 200 618
190.84.155.46 - - [17/Oct/2014:08:47:37 -0500] "GET /Report2/loading.jsp?migracion=111&id_rpt=17&currentTab=tab_11975&rnd=0.9779446825601606 HTTP/1.1" 200 2726
190.69.14.2 - - [17/Oct/2014:08:47:37 -0500] "GET /BLA/resoluciones/RESOLUCIONES%202013/2082.pdf HTTP/1.1" 206 65536
190.84.155.46 - - [17/Oct/2014:08:47:37 -0500] "GET /Report2/rpt.jsp?migracion=111&id_rpt=17&currentTab=tab_11975&rnd=0.5104689094904467 HTTP/1.1" 200 13760
190.69.14.2 - - [17/Oct/2014:08:47:37 -0500] "GET /BLA/resoluciones/RESOLUCIONES%202013/2082.pdf HTTP/1.1" 206 65536
190.84.155.46 - - [17/Oct/2014:08:47:37 -0500] "GET /Report2/serviceListados.jsp?queryId=rpt/infxidC&informe=19&a=0.24898868380114436 HTTP/1.1" 200 228
190.84.155.46 - - [17/Oct/2014:08:47:37 -0500] "POST /Report2/infReportada.jsp?rdmMapa=171298 HTTP/1.1" 200 11173
190.69.14.2 - - [17/Oct/2014:08:47:38 -0500] "GET /BLA/resoluciones/RESOLUCIONES%202013/2082.pdf HTTP/1.1" 206 65536
190.84.155.46 - - [17/Oct/2014:08:47:38 -0500] "GET /Report2/serviceListados.jsp?queryId=rpt/entidadxidC&nit=228&a=0.7462574359960854 HTTP/1.1" 200 252
190.69.14.2 - - [17/Oct/2014:08:47:38 -0500] "GET /BLA/resoluciones/RESOLUCIONES%202013/2082.pdf HTTP/1.1" 206 65536
190.69.14.2 - - [17/Oct/2014:08:47:38 -0500] "GET /BLA/resoluciones/RESOLUCIONES%202013/2082.pdf HTTP/1.1" 206 120767
190.24.132.4 - - [17/Oct/2014:08:47:39 -0500] "POST /Report2/parameter?action=runReportMDX&json=true&listdep=nit&id_rpt=17&param_partNomauto=HOSPITAL%20TUNJUELITO%20LL%20NIVEL%20E.S.E HTTP/1.0" 200 60
201.184.143.127 - - [17/Oct/2014:08:47:40 -0500] "POST /forms/lservlet;jsessionid=ac16012b30d5411df52523934146bb14d255c9ce9eaf.e3iSbxaKaheRe34Sa3yKbhiTahb0n6jAmljGr5XDqQLvpAe HTTP/1.1" 200 2
190.24.132.4 - - [17/Oct/2014:08:47:42 -0500] "POST /Report2/parameter?action=runReportMDX&json=true&listdep=nit&id_rpt=17&param_partNomauto=319 HTTP/1.0" 200 62
180.76.6.63 - - [17/Oct/2014:08:47:43 -0500] "GET /BLA/resoluciones/AUTOS%202011/3739.pdf HTTP/1.1" 200 182569
190.103.109.7 - - [17/Oct/2014:08:47:44 -0500] "GET /favicon.ico HTTP/1.1" 200 7782
190.24.132.4 - - [17/Oct/2014:08:47:45 -0500] "GET /Report2/parameter?action=runReportMDX&json=true&listdep=informe&id_rpt=17&param_nit=319 HTTP/1.0" 200 477
201.245.192.253 - - [17/Oct/2014:08:47:47 -0500] "POST /forest/buscar.do? HTTP/1.1" 200 6001
190.24.138.98 - - [17/Oct/2014:08:47:48 -0500] "GET /BLA/boletinlegal/consulta.php?menu=silvicultura HTTP/1.1" 200 6975
190.24.138.98 - - [17/Oct/2014:08:47:48 -0500] "GET /BLA/boletinlegal/images/docs.png HTTP/1.1" 200 10288
190.69.14.2 - - [17/Oct/2014:08:47:49 -0500] "GET /BLA/resoluciones/RESOLUCIONES%202013/2083.pdf HTTP/1.1" 200 461387
190.69.14.2 - - [17/Oct/2014:08:47:50 -0500] "GET /BLA/resoluciones/RESOLUCIONES%202013/2083.pdf HTTP/1.1" 206 32768
190.69.14.2 - - [17/Oct/2014:08:47:50 -0500] "GET /BLA/resoluciones/RESOLUCIONES%202013/2083.pdf HTTP/1.1" 206 428619
201.245.192.253 - - [17/Oct/2014:08:47:54 -0500] "GET /forest/skins/gdocs-jar/popup/popup.jsp?width=900&height=600&title=Informaci%F3n%20de%20proceso&uri=/forest/system/process.jsp%3FnumPro%3D2909159&name=undefined&_a=0.1091907159847555&a=0.13871010865911282 HTTP/1.1" 200 1191
201.245.192.253 - - [17/Oct/2014:08:47:54 -0500] "GET /forest/system/process.jsp?numPro=2909159 HTTP/1.1" 200 72372
201.245.192.253 - - [17/Oct/2014:08:47:54 -0500] "GET /forest/system/process.jsp?numPro=2909159 HTTP/1.1" 200 72372
66.249.65.115 - - [17/Oct/2014:08:47:56 -0500] "GET /images/_notes/ HTTP/1.1" 404 1018
190.24.132.4 - - [17/Oct/2014:08:47:57 -0500] "GET /Report2/parameter?action=runReportMDX&json=true&listdep=FecBal&id_rpt=17&param_informe=16&param_nit=319 HTTP/1.0" 200 44
190.24.132.4 - - [17/Oct/2014:08:48:03 -0500] "GET /Report2/parameter?action=runReportMDX&json=true&listdep=formato&id_rpt=17&param_informe=16&param_nit=319&param_FecBal=2013-12-31 HTTP/1.0" 200 62
190.69.14.2 - - [17/Oct/2014:08:48:05 -0500] "GET /BLA/resoluciones/RESOLUCIONES%202013/2055.pdf HTTP/1.1" 200 875874
190.69.14.2 - - [17/Oct/2014:08:48:06 -0500] "GET /BLA/resoluciones/RESOLUCIONES%202013/2055.pdf HTTP/1.1" 206 32768
190.69.14.2 - - [17/Oct/2014:08:48:06 -0500] "GET /BLA/resoluciones/RESOLUCIONES%202013/2055.pdf HTTP/1.1" 206 843106
190.84.155.46 - - [17/Oct/2014:08:48:06 -0500] "POST /Report2/parameter HTTP/1.1" 200 6716
190.84.155.46 - - [17/Oct/2014:08:48:06 -0500] "GET /Report2/parameter?action=runReportMDX&json=true&listdep=informe&id_rpt=17&param_nit=228 HTTP/1.1" 200 844
190.24.132.4 - - [17/Oct/2014:08:48:06 -0500] "POST /Report2/rptManage.jsp?migracion=111 HTTP/1.0" 200 620
190.24.132.4 - - [17/Oct/2014:08:48:06 -0500] "GET /Report2/rpt.jsp?migracion=111&id_rpt=17&currentTab=tab_18878&rnd=0.23535183472588928 HTTP/1.0" 200 13650
190.24.132.4 - - [17/Oct/2014:08:48:07 -0500] "GET /Report2/loading.jsp?migracion=111&id_rpt=17&currentTab=tab_18878&rnd=0.28006721949990643 HTTP/1.0" 200 2724
190.84.155.46 - - [17/Oct/2014:08:48:06 -0500] "GET /Report2/parameter?action=runReportMDX&json=true&listdep=FecBal&id_rpt=17&param_informe=19&param_nit=228 HTTP/1.1" 200 44
190.24.132.4 - - [17/Oct/2014:08:48:07 -0500] "GET /Report2/serviceListados.jsp?queryId=rpt/infxidC&informe=16&a=0.366937068564427 HTTP/1.0" 200 235
190.24.132.4 - - [17/Oct/2014:08:48:07 -0500] "GET /Report2/serviceListados.jsp?queryId=rpt/entidadxidC&nit=319&a=0.5145169184680233 HTTP/1.0" 200 237
190.84.155.46 - - [17/Oct/2014:08:48:07 -0500] "GET /Report2/parameter?action=runReportMDX&json=true&listdep=formato&id_rpt=17&param_informe=19&param_nit=228&param_FecBal=2014-06-30 HTTP/1.1" 200 211
190.24.132.4 - - [17/Oct/2014:08:48:07 -0500] "POST /Report2/infReportada.jsp?rdmMapa=191643 HTTP/1.0" 200 74868
186.84.48.69 - - [17/Oct/2014:08:48:09 -0500] "POST /forms/lservlet;jsessionid=ac16012b30d5316e179f20d944338a0aaf45d27f6b9d.e3iSbxaKaheRe34Sa3yKbhiTahb0n6jAmljGr5XDqQLvpAe HTTP/1.1" 200 2
181.48.106.124 - - [17/Oct/2014:08:48:11 -0500] "GET /BLA/boletinlegal/js/jquery.js HTTP/1.0" 200 57254
181.48.106.124 - - [17/Oct/2014:08:48:11 -0500] "GET /BLA/boletinlegal/js/jquery.scrollShow.js HTTP/1.0" 200 4586
190.24.138.98 - - [17/Oct/2014:08:48:11 -0500] "GET /BLA/boletinlegal/consulta.php?menu=ruido HTTP/1.1" 200 2331
190.249.98.240 - - [17/Oct/2014:08:48:11 -0500] "GET /BLA/circulares/6.pdf HTTP/1.1" 200 4657752
190.249.98.240 - - [17/Oct/2014:08:48:12 -0500] "GET /favicon.ico HTTP/1.1" 200 7782
190.249.98.240 - - [17/Oct/2014:08:48:12 -0500] "GET /BLA/circulares/6.pdf HTTP/1.1" 206 4696
190.249.98.240 - - [17/Oct/2014:08:48:12 -0500] "GET /BLA/circulares/6.pdf HTTP/1.1" 206 65536
190.249.98.240 - - [17/Oct/2014:08:48:12 -0500] "GET /BLA/circulares/6.pdf HTTP/1.1" 206 65536
190.249.98.240 - - [17/Oct/2014:08:48:13 -0500] "GET /BLA/circulares/6.pdf HTTP/1.1" 206 65536
190.249.98.240 - - [17/Oct/2014:08:48:13 -0500] "GET /BLA/circulares/6.pdf HTTP/1.1" 206 65536
190.249.98.240 - - [17/Oct/2014:08:48:13 -0500] "GET /BLA/circulares/6.pdf HTTP/1.1" 206 65536
190.249.98.240 - - [17/Oct/2014:08:48:13 -0500] "GET /BLA/circulares/6.pdf HTTP/1.1" 206 65536
190.249.98.240 - - [17/Oct/2014:08:48:14 -0500] "GET /BLA/circulares/6.pdf HTTP/1.1" 206 65536
190.249.98.240 - - [17/Oct/2014:08:48:14 -0500] "GET /BLA/circulares/6.pdf HTTP/1.1" 206 65536
190.249.98.240 - - [17/Oct/2014:08:48:14 -0500] "GET /BLA/circulares/6.pdf HTTP/1.1" 206 65536
190.249.98.240 - - [17/Oct/2014:08:48:14 -0500] "GET /BLA/circulares/6.pdf HTTP/1.1" 206 65536
190.249.98.240 - - [17/Oct/2014:08:48:14 -0500] "GET /BLA/circulares/6.pdf HTTP/1.1" 206 65536
190.249.98.240 - - [17/Oct/2014:08:48:14 -0500] "GET /BLA/circulares/6.pdf HTTP/1.1" 206 65536
190.249.98.240 - - [17/Oct/2014:08:48:14 -0500] "GET /BLA/circulares/6.pdf HTTP/1.1" 206 65536
190.249.98.240 - - [17/Oct/2014:08:48:14 -0500] "GET /BLA/circulares/6.pdf HTTP/1.1" 206 65536
201.245.192.253 - - [17/Oct/2014:08:48:15 -0500] "GET /galeria/nivo-slider/demo/images/banner-llantas2.jpg HTTP/1.1" 304 -
200.31.212.30 - - [17/Oct/2014:08:48:15 -0500] "GET /galeria/nivo-slider/demo/demo.html HTTP/1.1" 304 -
190.249.98.240 - - [17/Oct/2014:08:48:15 -0500] "GET /BLA/circulares/6.pdf HTTP/1.1" 206 65536
190.249.98.240 - - [17/Oct/2014:08:48:15 -0500] "GET /BLA/circulares/6.pdf HTTP/1.1" 206 65536
190.249.98.240 - - [17/Oct/2014:08:48:15 -0500] "GET /BLA/circulares/6.pdf HTTP/1.1" 206 65536
190.249.98.240 - - [17/Oct/2014:08:48:16 -0500] "GET /BLA/circulares/6.pdf HTTP/1.1" 206 65536
190.249.98.240 - - [17/Oct/2014:08:48:16 -0500] "GET /BLA/circulares/6.pdf HTTP/1.1" 206 65536
190.249.98.240 - - [17/Oct/2014:08:48:16 -0500] "GET /BLA/circulares/6.pdf HTTP/1.1" 206 65536
190.7.107.4 - - [17/Oct/2014:08:48:16 -0500] "GET /BLA/boletinlegal/js/jquery.js HTTP/1.1" 200 57254
190.7.107.4 - - [17/Oct/2014:08:48:16 -0500] "GET /BLA/boletinlegal/js/jquery.scrollTo-min.js HTTP/1.1" 200 1150
190.7.107.4 - - [17/Oct/2014:08:48:16 -0500] "GET /BLA/boletinlegal/js/jquery.scrollShow.js HTTP/1.1" 200 4586
190.249.98.240 - - [17/Oct/2014:08:48:16 -0500] "GET /BLA/circulares/6.pdf HTTP/1.1" 206 65536
190.249.98.240 - - [17/Oct/2014:08:48:16 -0500] "GET /BLA/circulares/6.pdf HTTP/1.1" 206 65536
190.249.98.240 - - [17/Oct/2014:08:48:16 -0500] "GET /BLA/circulares/6.pdf HTTP/1.1" 206 65536
200.31.212.30 - - [17/Oct/2014:08:48:17 -0500] "GET /galeria/nivo-slider/demo/images/EncuentroAgua1.jpg HTTP/1.1" 304 -
201.245.192.253 - - [17/Oct/2014:08:48:17 -0500] "GET /forest/buscar.do HTTP/1.1" 200 96531
201.245.192.253 - - [17/Oct/2014:08:48:17 -0500] "GET /forest/css/autocomplete.css?version=1408.271930 HTTP/1.1" 304 -
201.245.192.253 - - [17/Oct/2014:08:48:17 -0500] "GET /forest/js/load_func.js?version=1408.271930 HTTP/1.1" 304 -
201.245.192.253 - - [17/Oct/2014:08:48:17 -0500] "GET /forest/1ibre/1ibre.js?version=1408.271930 HTTP/1.1" 304 -
201.245.192.253 - - [17/Oct/2014:08:48:17 -0500] "GET /forest/js/dialog.js?version=1408.271930 HTTP/1.1" 304 -
201.245.192.253 - - [17/Oct/2014:08:48:17 -0500] "GET /forest/js/escritorio/escritorio.js?version=1408.271930 HTTP/1.1" 304 -
201.245.192.253 - - [17/Oct/2014:08:48:17 -0500] "GET /forest/1ibre/jscalendar/lang/calendar-es.js?version=1408.271930 HTTP/1.1" 304 -
201.245.192.253 - - [17/Oct/2014:08:48:17 -0500] "GET /forest/js/sarissa.js?version=1408.271930 HTTP/1.1" 304 -
201.245.192.253 - - [17/Oct/2014:08:48:17 -0500] "GET /forest/1ibre/protoaculous.js?version=1408.271930 HTTP/1.1" 304 -
201.245.192.253 - - [17/Oct/2014:08:48:17 -0500] "GET /forest/js/autocompletar2.js?version=1408.271930 HTTP/1.1" 304 -
201.245.192.253 - - [17/Oct/2014:08:48:17 -0500] "GET /forest/1ibre/jscalendar/calendar.js?version=1408.271930 HTTP/1.1" 304 -
201.245.192.253 - - [17/Oct/2014:08:48:17 -0500] "GET /forest/1ibre/jscalendar/calendar-setup.js?version=1408.271930 HTTP/1.1" 304 -
201.245.192.253 - - [17/Oct/2014:08:48:17 -0500] "GET /forest/json.do?query=usersByDep&coddep=7025 HTTP/1.1" 200 919
201.245.192.253 - - [17/Oct/2014:08:48:17 -0500] "GET /forest/json.do?query=usersByDep&coddep=7025 HTTP/1.1" 200 919
201.245.192.253 - - [17/Oct/2014:08:48:17 -0500] "GET /forest/session.jsp?a=0.332546472607515 HTTP/1.1" 200 4
190.249.98.240 - - [17/Oct/2014:08:48:17 -0500] "GET /BLA/circulares/6.pdf HTTP/1.1" 206 65536
161.10.166.191 - - [17/Oct/2014:08:48:18 -0500] "GET /BLA/resoluciones/RESOLUCIONES%202012/1266.pdf HTTP/1.1" 200 440671
190.249.98.240 - - [17/Oct/2014:08:48:18 -0500] "GET /BLA/circulares/6.pdf HTTP/1.1" 206 65536
190.249.98.240 - - [17/Oct/2014:08:48:18 -0500] "GET /BLA/circulares/6.pdf HTTP/1.1" 206 65536
190.249.98.240 - - [17/Oct/2014:08:48:18 -0500] "GET /BLA/circulares/6.pdf HTTP/1.1" 206 65536
190.249.98.240 - - [17/Oct/2014:08:48:19 -0500] "GET /BLA/circulares/6.pdf HTTP/1.1" 206 65536
190.249.98.240 - - [17/Oct/2014:08:48:20 -0500] "GET /BLA/circulares/6.pdf HTTP/1.1" 206 65536
190.249.98.240 - - [17/Oct/2014:08:48:20 -0500] "GET /BLA/circulares/6.pdf HTTP/1.1" 206 65536
190.249.98.240 - - [17/Oct/2014:08:48:20 -0500] "GET /BLA/circulares/6.pdf HTTP/1.1" 206 65536
190.249.98.240 - - [17/Oct/2014:08:48:20 -0500] "GET /BLA/circulares/6.pdf HTTP/1.1" 206 65536
201.245.192.253 - - [17/Oct/2014:08:48:21 -0500] "GET /forest/skins/gdocs-jar/popup/popup.jsp?width=900&height=600&title=Informaci%F3n%20de%20proceso&uri=/forest/system/process.jsp%3FnumPro%3D2854649&name=undefined&_a=0.5426570590912378&a=0.8776370914485482 HTTP/1.1" 200 1191
201.245.192.253 - - [17/Oct/2014:08:48:22 -0500] "GET /forest/system/process.jsp?numPro=2854649 HTTP/1.1" 200 19064
200.31.212.30 - - [17/Oct/2014:08:48:22 -0500] "GET /videos/Spot_Tinguas.flv HTTP/1.1" 304 -
100.43.85.25 - - [17/Oct/2014:08:48:26 -0500] "GET /counter/demo.php?digit=katt151 HTTP/1.1" 404 1019
200.93.165.131 - - [17/Oct/2014:08:48:27 -0500] "GET /galeria/nivo-slider/demo/demo.html HTTP/1.1" 304 -
200.93.165.131 - - [17/Oct/2014:08:48:27 -0500] "GET /galeria/nivo-slider/demo/images/EncuentroAgua1.jpg HTTP/1.1" 304 -
200.93.165.131 - - [17/Oct/2014:08:48:27 -0500] "GET /galeria/nivo-slider/demo/images/Tingua-azul.jpg HTTP/1.1" 304 -
190.249.98.240 - - [17/Oct/2014:08:48:21 -0500] "GET /BLA/circulares/6.pdf HTTP/1.1" 206 65536
190.249.98.240 - - [17/Oct/2014:08:48:28 -0500] "GET /BLA/circulares/6.pdf HTTP/1.1" 206 65536
200.93.165.131 - - [17/Oct/2014:08:48:28 -0500] "GET /videos/Spot_Tinguas.flv HTTP/1.1" 304 -
190.249.98.240 - - [17/Oct/2014:08:48:28 -0500] "GET /BLA/circulares/6.pdf HTTP/1.1" 206 65536
201.245.192.253 - - [17/Oct/2014:08:48:32 -0500] "POST /forest/buscar.do? HTTP/1.1" 200 5914
190.84.155.46 - - [17/Oct/2014:08:48:35 -0500] "POST /Report2/parameter HTTP/1.1" 200 6716
190.84.155.46 - - [17/Oct/2014:08:48:36 -0500] "GET /Report2/parameter?action=runReportMDX&json=true&listdep=informe&id_rpt=17&param_nit=228 HTTP/1.1" 200 844
190.249.98.240 - - [17/Oct/2014:08:48:32 -0500] "GET /BLA/circulares/6.pdf HTTP/1.1" 206 65536
190.84.155.46 - - [17/Oct/2014:08:48:36 -0500] "GET /Report2/parameter?action=runReportMDX&json=true&listdep=FecBal&id_rpt=17&param_informe=19&param_nit=228 HTTP/1.1" 200 44
190.249.98.240 - - [17/Oct/2014:08:48:36 -0500] "GET /BLA/circulares/6.pdf HTTP/1.1" 206 65536
190.84.155.46 - - [17/Oct/2014:08:48:36 -0500] "GET /Report2/parameter?action=runReportMDX&json=true&listdep=formato&id_rpt=17&param_informe=19&param_nit=228&param_FecBal=2014-06-30 HTTP/1.1" 200 211
157.55.39.81 - - [17/Oct/2014:08:48:40 -0500] "GET /dama/libreria/php/decide.php?patron=03.130801 HTTP/1.1" 404 1019
190.145.35.50 - - [17/Oct/2014:08:48:42 -0500] "GET /galeria/nivo-slider/demo/demo.html HTTP/1.0" 200 3169
190.145.35.50 - - [17/Oct/2014:08:48:44 -0500] "GET /galeria/nivo-slider/demo/images/EncuentroAgua1.jpg HTTP/1.0" 304 -
190.84.155.46 - - [17/Oct/2014:08:48:44 -0500] "GET /Report2/parameter?action=runReportMDX&json=true&listdep=FecBal&id_rpt=17&param_informe=16&param_nit=228 HTTP/1.1" 200 44
190.145.35.50 - - [17/Oct/2014:08:48:45 -0500] "GET /galeria/nivo-slider/demo/images/Tingua-azul.jpg HTTP/1.0" 304 -
190.145.35.50 - - [17/Oct/2014:08:48:45 -0500] "GET /galeria/nivo-slider/demo/images/Banner-Caracol-Africano.jpg HTTP/1.0" 304 -
190.249.98.240 - - [17/Oct/2014:08:48:38 -0500] "GET /BLA/circulares/6.pdf HTTP/1.1" 206 65536
190.249.98.240 - - [17/Oct/2014:08:48:46 -0500] "GET /BLA/circulares/6.pdf HTTP/1.1" 206 65536
190.84.155.46 - - [17/Oct/2014:08:48:46 -0500] "GET /Report2/parameter?action=runReportMDX&json=true&listdep=formato&id_rpt=17&param_informe=16&param_nit=228&param_FecBal=2013-12-31 HTTP/1.1" 200 62
190.145.35.50 - - [17/Oct/2014:08:48:47 -0500] "GET /galeria/nivo-slider/demo/images/bannerEcolecta3.jpg HTTP/1.0" 304 -
190.145.35.50 - - [17/Oct/2014:08:48:48 -0500] "GET /galeria/nivo-slider/demo/images/9Signos.jpg HTTP/1.0" 304 -
190.145.35.50 - - [17/Oct/2014:08:48:48 -0500] "GET /videos/Spot_Tinguas.flv HTTP/1.0" 200 2087054
190.84.155.46 - - [17/Oct/2014:08:48:48 -0500] "POST /Report2/rptManage.jsp?migracion=111 HTTP/1.1" 200 619
190.84.155.46 - - [17/Oct/2014:08:48:48 -0500] "GET /Report2/loading.jsp?migracion=111&id_rpt=17&currentTab=tab_11975&rnd=0.16538522104585063 HTTP/1.1" 200 2769
190.84.155.46 - - [17/Oct/2014:08:48:48 -0500] "GET /Report2/rpt.jsp?migracion=111&id_rpt=17&currentTab=tab_11975&rnd=0.1665805842240774 HTTP/1.1" 200 13962
190.84.155.46 - - [17/Oct/2014:08:48:48 -0500] "GET /Report2/serviceListados.jsp?queryId=rpt/infxidC&informe=16&a=0.2653539148159325 HTTP/1.1" 200 235
190.84.155.46 - - [17/Oct/2014:08:48:49 -0500] "GET /Report2/serviceListados.jsp?queryId=rpt/entidadxidC&nit=228&a=0.9220387362875044 HTTP/1.1" 200 252
