201.245.192.253 - - [17/Oct/2014:03:15:56 -0500] "GET /BLA/boletinlegal/normativa.php HTTP/1.1" 200 6978
181.61.36.131 - - [17/Oct/2014:03:15:58 -0500] "GET /POT-2013/Cartografia/16_Sistema%20de%20Movilidad_Subsistema%20de%20Transporte_SITP_FEB.pdf HTTP/1.1" 200 6510656
181.61.36.131 - - [17/Oct/2014:03:15:59 -0500] "GET /POT-2013/Cartografia/16_Sistema%20de%20Movilidad_Subsistema%20de%20Transporte_SITP_FEB.pdf HTTP/1.1" 206 32768
181.61.36.131 - - [17/Oct/2014:03:15:59 -0500] "GET /POT-2013/Cartografia/16_Sistema%20de%20Movilidad_Subsistema%20de%20Transporte_SITP_FEB.pdf HTTP/1.1" 206 6477888
181.61.36.131 - - [17/Oct/2014:03:16:00 -0500] "GET /POT-2013/Cartografia/17_Sistema%20de%20Movilidad_Subsistema%20de%20Transporte_Transporte%20.pdf HTTP/1.1" 200 3695775
181.61.36.131 - - [17/Oct/2014:03:16:00 -0500] "GET /POT-2013/Cartografia/17_Sistema%20de%20Movilidad_Subsistema%20de%20Transporte_Transporte%20.pdf HTTP/1.1" 206 32768
181.61.36.131 - - [17/Oct/2014:03:16:01 -0500] "GET /POT-2013/Cartografia/17_Sistema%20de%20Movilidad_Subsistema%20de%20Transporte_Transporte%20.pdf HTTP/1.1" 206 3663007
181.61.36.131 - - [17/Oct/2014:03:16:02 -0500] "GET /POT-2013/Cartografia/18_Sistema%20de%20Movilidad_Subsistema%20de%20Transporte_Corredores%20.pdf HTTP/1.1" 200 3570800
181.61.36.131 - - [17/Oct/2014:03:16:02 -0500] "GET /POT-2013/Cartografia/18_Sistema%20de%20Movilidad_Subsistema%20de%20Transporte_Corredores%20.pdf HTTP/1.1" 206 32768
181.61.36.131 - - [17/Oct/2014:03:16:03 -0500] "GET /POT-2013/Cartografia/18_Sistema%20de%20Movilidad_Subsistema%20de%20Transporte_Corredores%20.pdf HTTP/1.1" 206 3538032
181.61.36.131 - - [17/Oct/2014:03:16:04 -0500] "GET /POT-2013/Cartografia/19_Sistema%20de%20Acueducto_FEB.pdf HTTP/1.1" 200 4239798
181.61.36.131 - - [17/Oct/2014:03:16:05 -0500] "GET /POT-2013/Cartografia/19_Sistema%20de%20Acueducto_FEB.pdf HTTP/1.1" 206 32768
181.61.36.131 - - [17/Oct/2014:03:16:05 -0500] "GET /POT-2013/Cartografia/19_Sistema%20de%20Acueducto_FEB.pdf HTTP/1.1" 206 4207030
181.61.36.131 - - [17/Oct/2014:03:16:07 -0500] "GET /POT-2013/Cartografia/20_Sistema%20de%20Alcantarillado_FEB.pdf HTTP/1.1" 200 4849299
181.61.36.131 - - [17/Oct/2014:03:16:08 -0500] "GET /POT-2013/Cartografia/20_Sistema%20de%20Alcantarillado_FEB.pdf HTTP/1.1" 206 32768
181.61.36.131 - - [17/Oct/2014:03:16:09 -0500] "GET /POT-2013/Cartografia/20_Sistema%20de%20Alcantarillado_FEB.pdf HTTP/1.1" 206 4816531
181.61.36.131 - - [17/Oct/2014:03:16:09 -0500] "GET /POT-2013/Cartografia/21_Sistema%20General%20para%20la%20Gesti%C3%B3n%20y%20Manejo%20Integral%20de%20Resi.pdf HTTP/1.1" 200 3540919
181.61.36.131 - - [17/Oct/2014:03:16:10 -0500] "GET /POT-2013/Cartografia/21_Sistema%20General%20para%20la%20Gesti%C3%B3n%20y%20Manejo%20Integral%20de%20Resi.pdf HTTP/1.1" 206 32768
181.61.36.131 - - [17/Oct/2014:03:16:10 -0500] "GET /POT-2013/Cartografia/21_Sistema%20General%20para%20la%20Gesti%C3%B3n%20y%20Manejo%20Integral%20de%20Resi.pdf HTTP/1.1" 206 3508151
181.61.36.131 - - [17/Oct/2014:03:16:15 -0500] "GET /POT-2013/Cartografia/22_Sistema%20de%20Gas%20Natural_FEB.pdf HTTP/1.1" 200 4131653
181.61.36.131 - - [17/Oct/2014:03:16:16 -0500] "GET /POT-2013/Cartografia/23_Sistema%20de%20Energia_FEB.pdf HTTP/1.1" 200 4904909
181.61.36.131 - - [17/Oct/2014:03:16:16 -0500] "GET /POT-2013/Cartografia/22_Sistema%20de%20Gas%20Natural_FEB.pdf HTTP/1.1" 206 32768
181.61.36.131 - - [17/Oct/2014:03:16:16 -0500] "GET /POT-2013/Cartografia/23_Sistema%20de%20Energia_FEB.pdf HTTP/1.1" 206 32768
181.61.36.131 - - [17/Oct/2014:03:16:16 -0500] "GET /POT-2013/Cartografia/22_Sistema%20de%20Gas%20Natural_FEB.pdf HTTP/1.1" 206 4098885
181.61.36.131 - - [17/Oct/2014:03:16:19 -0500] "GET /POT-2013/Cartografia/24_Sistema%20de%20las%20Tecnologias%20de%20la%20Informacion%20y%20las%20Comuni.pdf HTTP/1.1" 200 5212859
181.61.36.131 - - [17/Oct/2014:03:16:20 -0500] "GET /POT-2013/Cartografia/23_Sistema%20de%20Energia_FEB.pdf HTTP/1.1" 206 4872141
181.61.36.131 - - [17/Oct/2014:03:16:22 -0500] "GET /POT-2013/Cartografia/25_Sistema_Equipamientos_Existentes_2013_V1.pdf HTTP/1.1" 200 4239909
181.61.36.131 - - [17/Oct/2014:03:16:23 -0500] "GET /POT-2013/Cartografia/24_Sistema%20de%20las%20Tecnologias%20de%20la%20Informacion%20y%20las%20Comuni.pdf HTTP/1.1" 206 32768
181.61.36.131 - - [17/Oct/2014:03:16:23 -0500] "GET /POT-2013/Cartografia/25_Sistema_Equipamientos_Existentes_2013_V1.pdf HTTP/1.1" 206 32768
181.61.36.131 - - [17/Oct/2014:03:16:24 -0500] "GET /POT-2013/Cartografia/24_Sistema%20de%20las%20Tecnologias%20de%20la%20Informacion%20y%20las%20Comuni.pdf HTTP/1.1" 206 5180091
181.61.36.131 - - [17/Oct/2014:03:16:27 -0500] "GET /POT-2013/Cartografia/26_Espacio_Publico_2013_V1.pdf HTTP/1.1" 200 3519741
181.61.36.131 - - [17/Oct/2014:03:16:27 -0500] "GET /POT-2013/Cartografia/27_Estructura_Sociespacial_2013.pdf HTTP/1.1" 200 3860071
181.61.36.131 - - [17/Oct/2014:03:16:28 -0500] "GET /POT-2013/Cartografia/25_Sistema_Equipamientos_Existentes_2013_V1.pdf HTTP/1.1" 206 4207141
181.61.36.131 - - [17/Oct/2014:03:16:28 -0500] "GET /POT-2013/Cartografia/26_Espacio_Publico_2013_V1.pdf HTTP/1.1" 206 32768
181.61.36.131 - - [17/Oct/2014:03:16:28 -0500] "GET /POT-2013/Cartografia/27_Estructura_Sociespacial_2013.pdf HTTP/1.1" 206 32768
181.61.36.131 - - [17/Oct/2014:03:16:28 -0500] "GET /POT-2013/Cartografia/26_Espacio_Publico_2013_V1.pdf HTTP/1.1" 206 3486973
181.61.36.131 - - [17/Oct/2014:03:16:30 -0500] "GET /POT-2013/Cartografia/27_Estructura_Sociespacial_2013.pdf HTTP/1.1" 206 3827303
181.61.36.131 - - [17/Oct/2014:03:16:35 -0500] "GET /POT-2013/Cartografia/28_USOS%20Y%20AREAS%20DE%20ACTIVIDAD.pdf HTTP/1.1" 200 3754922
181.61.36.131 - - [17/Oct/2014:03:16:36 -0500] "GET /POT-2013/Cartografia/29_EDIFICABILIDAD.pdf HTTP/1.1" 200 3041378
181.61.36.131 - - [17/Oct/2014:03:16:36 -0500] "GET /POT-2013/Cartografia/28_USOS%20Y%20AREAS%20DE%20ACTIVIDAD.pdf HTTP/1.1" 206 32768
181.61.36.131 - - [17/Oct/2014:03:16:37 -0500] "GET /POT-2013/Cartografia/29_EDIFICABILIDAD.pdf HTTP/1.1" 206 32768
181.61.36.131 - - [17/Oct/2014:03:16:37 -0500] "GET /POT-2013/Cartografia/28_USOS%20Y%20AREAS%20DE%20ACTIVIDAD.pdf HTTP/1.1" 206 3722154
181.61.36.131 - - [17/Oct/2014:03:16:47 -0500] "GET /POT-2013/Cartografia/30_PATRIMONIO_CULTURAL.pdf HTTP/1.1" 200 2804509
181.61.36.131 - - [17/Oct/2014:03:16:47 -0500] "GET /POT-2013/Cartografia/29_EDIFICABILIDAD.pdf HTTP/1.1" 206 3008610
181.61.36.131 - - [17/Oct/2014:03:16:48 -0500] "GET /POT-2013/Cartografia/30_PATRIMONIO_CULTURAL.pdf HTTP/1.1" 206 32768
181.61.36.131 - - [17/Oct/2014:03:16:48 -0500] "GET /POT-2013/Cartografia/30_PATRIMONIO_CULTURAL.pdf HTTP/1.1" 206 2771741
180.76.5.153 - - [17/Oct/2014:03:16:48 -0500] "GET /BLA/resoluciones/Autos%202008/0612.pdf HTTP/1.1" 200 164852
201.184.143.127 - - [17/Oct/2014:03:16:54 -0500] "POST /forms/lservlet;jsessionid=ac16012b30d5411df52523934146bb14d255c9ce9eaf.e3iSbxaKaheRe34Sa3yKbhiTahb0n6jAmljGr5XDqQLvpAe HTTP/1.1" 200 2
66.249.65.51 - - [17/Oct/2014:03:16:59 -0500] "GET /htdocs/gallery2/g2data/cache/derivative/0/8/88-meta.inc HTTP/1.1" 404 1019
80.244.35.222 - - [17/Oct/2014:03:17:22 -0500] "GET <title>phpMyAdmin HTTP/1.1" 400 945
80.244.35.222 - - [17/Oct/2014:03:17:23 -0500] "GET /phpmyadmin/ HTTP/1.1" 403 1165
66.249.65.51 - - [17/Oct/2014:03:17:23 -0500] "GET /htdocs/counter/digits/drpglds/ HTTP/1.1" 404 1019
80.244.35.222 - - [17/Oct/2014:03:17:23 -0500] "GET /phpMyAdmin/ HTTP/1.1" 403 1165
80.244.35.222 - - [17/Oct/2014:03:17:24 -0500] "GET /mysql/ HTTP/1.1" 404 1018
80.244.35.222 - - [17/Oct/2014:03:17:24 -0500] "GET /phpmyadmin2/ HTTP/1.1" 403 1165
80.244.35.222 - - [17/Oct/2014:03:17:25 -0500] "GET /phpMyAdmin2/ HTTP/1.1" 403 1165
80.244.35.222 - - [17/Oct/2014:03:17:25 -0500] "GET /phpMyAdmin-2/ HTTP/1.1" 403 1165
74.86.158.107 - - [17/Oct/2014:03:17:34 -0500] "HEAD / HTTP/1.1" 302 -
66.249.65.51 - - [17/Oct/2014:03:17:48 -0500] "GET /htdocs/counter/digits/bauhaus/ HTTP/1.1" 404 1019
66.249.65.59 - - [17/Oct/2014:03:18:36 -0500] "GET /htdocs/counter/digits/smplst/ HTTP/1.1" 404 1019
181.61.36.131 - - [17/Oct/2014:03:18:37 -0500] "GET /POT-2013/Cartografia/31_TRATAMIENTO_DE_CONSERVACION.pdf HTTP/1.1" 200 3564866
181.61.36.131 - - [17/Oct/2014:03:18:38 -0500] "GET /POT-2013/Cartografia/31_TRATAMIENTO_DE_CONSERVACION.pdf HTTP/1.1" 206 32768
181.61.36.131 - - [17/Oct/2014:03:18:38 -0500] "GET /POT-2013/Cartografia/31_TRATAMIENTO_DE_CONSERVACION.pdf HTTP/1.1" 206 3532098
181.61.36.131 - - [17/Oct/2014:03:18:39 -0500] "GET /POT-2013/Cartografia/32_Altura%20para%20c%C3%A1lculo%20de%20edificabilidad%20predominante%20y%20aisl.pdf HTTP/1.1" 200 3984236
181.61.36.131 - - [17/Oct/2014:03:18:40 -0500] "GET /POT-2013/Cartografia/32_Altura%20para%20c%C3%A1lculo%20de%20edificabilidad%20predominante%20y%20aisl.pdf HTTP/1.1" 206 32768
181.61.36.131 - - [17/Oct/2014:03:18:40 -0500] "GET /POT-2013/Cartografia/32_Altura%20para%20c%C3%A1lculo%20de%20edificabilidad%20predominante%20y%20aisl.pdf HTTP/1.1" 206 3951468
181.61.36.131 - - [17/Oct/2014:03:18:41 -0500] "GET /POT-2013/Cartografia/33_UPZ_2013_V1.pdf HTTP/1.1" 200 4878906
181.61.36.131 - - [17/Oct/2014:03:18:42 -0500] "GET /POT-2013/Cartografia/33_UPZ_2013_V1.pdf HTTP/1.1" 206 32768
181.61.36.131 - - [17/Oct/2014:03:18:42 -0500] "GET /POT-2013/Cartografia/33_UPZ_2013_V1.pdf HTTP/1.1" 206 4846138
181.61.36.131 - - [17/Oct/2014:03:18:43 -0500] "GET /POT-2013/Cartografia/34_EST_ORDENAMIENTO%20PARA%20EL%20SUELO_RURAL.pdf HTTP/1.1" 200 3028053
181.61.36.131 - - [17/Oct/2014:03:18:44 -0500] "GET /POT-2013/Cartografia/34_EST_ORDENAMIENTO%20PARA%20EL%20SUELO_RURAL.pdf HTTP/1.1" 206 32768
181.61.36.131 - - [17/Oct/2014:03:18:44 -0500] "GET /POT-2013/Cartografia/34_EST_ORDENAMIENTO%20PARA%20EL%20SUELO_RURAL.pdf HTTP/1.1" 206 2995285
181.61.36.131 - - [17/Oct/2014:03:18:47 -0500] "GET /POT-2013/Cartografia/35_cat_suelo_rural.pdf HTTP/1.1" 200 2648865
181.61.36.131 - - [17/Oct/2014:03:18:48 -0500] "GET /POT-2013/Cartografia/35_cat_suelo_rural.pdf HTTP/1.1" 206 32768
181.61.36.131 - - [17/Oct/2014:03:18:48 -0500] "GET /POT-2013/Cartografia/35_cat_suelo_rural.pdf HTTP/1.1" 206 2616097
181.61.36.131 - - [17/Oct/2014:03:18:52 -0500] "GET /POT-2013/Cartografia/36_Est_Funcional_servicios_Est_Socioeconomica_Espacial%20Area%20.pdf HTTP/1.1" 200 2689602
181.61.36.131 - - [17/Oct/2014:03:18:52 -0500] "GET /POT-2013/Cartografia/36_Est_Funcional_servicios_Est_Socioeconomica_Espacial%20Area%20.pdf HTTP/1.1" 206 32768
181.61.36.131 - - [17/Oct/2014:03:18:52 -0500] "GET /POT-2013/Cartografia/36_Est_Funcional_servicios_Est_Socioeconomica_Espacial%20Area%20.pdf HTTP/1.1" 206 2656834
201.184.143.127 - - [17/Oct/2014:03:18:54 -0500] "POST /forms/lservlet;jsessionid=ac16012b30d5411df52523934146bb14d255c9ce9eaf.e3iSbxaKaheRe34Sa3yKbhiTahb0n6jAmljGr5XDqQLvpAe HTTP/1.1" 200 2
181.61.36.131 - - [17/Oct/2014:03:18:54 -0500] "GET /POT-2013/Cartografia/37_PROGRAMA%20DE%20MEJORAMIENTO%20INTEGRAL.pdf HTTP/1.1" 200 4112752
181.61.36.131 - - [17/Oct/2014:03:18:55 -0500] "GET /POT-2013/Cartografia/37_PROGRAMA%20DE%20MEJORAMIENTO%20INTEGRAL.pdf HTTP/1.1" 206 32768
181.61.36.131 - - [17/Oct/2014:03:18:55 -0500] "GET /POT-2013/Cartografia/37_PROGRAMA%20DE%20MEJORAMIENTO%20INTEGRAL.pdf HTTP/1.1" 206 4079984
181.61.36.131 - - [17/Oct/2014:03:18:58 -0500] "GET /POT-2013/Cartografia/38_PROGRAMA_REVITALIZACION.pdf HTTP/1.1" 200 2546328
181.61.36.131 - - [17/Oct/2014:03:18:59 -0500] "GET /POT-2013/Cartografia/38_PROGRAMA_REVITALIZACION.pdf HTTP/1.1" 206 32768
181.61.36.131 - - [17/Oct/2014:03:18:59 -0500] "GET /POT-2013/Cartografia/38_PROGRAMA_REVITALIZACION.pdf HTTP/1.1" 206 2513560
181.61.36.131 - - [17/Oct/2014:03:19:03 -0500] "GET /POT-2013/Cartografia/Anexo01_Sistema_Hidrico.pdf HTTP/1.1" 200 5860035
181.61.36.131 - - [17/Oct/2014:03:19:03 -0500] "GET /POT-2013/Cartografia/Anexo01_Sistema_Hidrico.pdf HTTP/1.1" 206 32768
181.61.36.131 - - [17/Oct/2014:03:19:03 -0500] "GET /POT-2013/Cartografia/Anexo01_Sistema_Hidrico.pdf HTTP/1.1" 206 5827267
181.61.36.131 - - [17/Oct/2014:03:19:07 -0500] "GET /POT-2013/Cartografia/ANEXO2_ZAC.pdf HTTP/1.1" 200 3835541
181.61.36.131 - - [17/Oct/2014:03:19:08 -0500] "GET /POT-2013/Cartografia/ANEXO2_ZAC.pdf HTTP/1.1" 206 32768
181.61.36.131 - - [17/Oct/2014:03:19:08 -0500] "GET /POT-2013/Cartografia/ANEXO2_ZAC.pdf HTTP/1.1" 206 3802773
66.249.65.59 - - [17/Oct/2014:03:19:25 -0500] "GET /even/solojefe1/tsld032.htm HTTP/1.1" 404 1019
66.249.65.59 - - [17/Oct/2014:03:19:49 -0500] "GET /htdocs/counter/digits/marble/ HTTP/1.1" 404 1019
66.249.65.55 - - [17/Oct/2014:03:20:13 -0500] "GET /htdocs/counter/digits/blustps/ HTTP/1.1" 404 1019
66.249.65.119 - - [17/Oct/2014:03:20:22 -0500] "GET /BLA/resoluciones/RESOLUCIONES%202002/RES%202002%201401-1450/20021424.tif HTTP/1.1" 200 108842
66.249.65.55 - - [17/Oct/2014:03:20:38 -0500] "GET /htdocs/counter/digits/star/ HTTP/1.1" 404 1019
201.184.143.127 - - [17/Oct/2014:03:20:55 -0500] "POST /forms/lservlet;jsessionid=ac16012b30d5411df52523934146bb14d255c9ce9eaf.e3iSbxaKaheRe34Sa3yKbhiTahb0n6jAmljGr5XDqQLvpAe HTTP/1.1" 200 2
181.61.36.131 - - [17/Oct/2014:03:21:10 -0500] "GET /BLA/boletinlegal/js/jquery.js HTTP/1.1" 200 57254
181.61.36.131 - - [17/Oct/2014:03:21:10 -0500] "GET /BLA/boletinlegal/js/jquery.scrollTo-min.js HTTP/1.1" 200 1150
181.61.36.131 - - [17/Oct/2014:03:21:10 -0500] "GET /galeria/carrusel/Carrusel/jquery.thumbnailScroller.css HTTP/1.1" 200 2066
181.61.36.131 - - [17/Oct/2014:03:21:10 -0500] "GET /BLA/boletinlegal/js/jquery.scrollShow.js HTTP/1.1" 200 4586
181.61.36.131 - - [17/Oct/2014:03:21:10 -0500] "GET /galeria/carrusel/Carrusel/jquery-ui-1.8.13.custom.min.js HTTP/1.1" 200 10800
181.61.36.131 - - [17/Oct/2014:03:21:10 -0500] "GET /galeria/carrusel/Carrusel/jquery.thumbnailScroller.js HTTP/1.1" 200 8157
181.61.36.131 - - [17/Oct/2014:03:21:11 -0500] "GET /galeria/nivo-slider/demo/demo.html HTTP/1.1" 200 3169
181.61.36.131 - - [17/Oct/2014:03:21:12 -0500] "GET /galeria/nivo-slider/themes/default/default.css HTTP/1.1" 200 1569
181.61.36.131 - - [17/Oct/2014:03:21:12 -0500] "GET /galeria/nivo-slider/themes/pascal/pascal.css HTTP/1.1" 200 2258
181.61.36.131 - - [17/Oct/2014:03:21:12 -0500] "GET /galeria/nivo-slider/themes/orman/orman.css HTTP/1.1" 200 2152
181.61.36.131 - - [17/Oct/2014:03:21:12 -0500] "GET /galeria/nivo-slider/nivo-slider.css HTTP/1.1" 200 1507
181.61.36.131 - - [17/Oct/2014:03:21:12 -0500] "GET /galeria/nivo-slider/demo/scripts/jquery-1.7.1.min.js HTTP/1.1" 200 93868
181.61.36.131 - - [17/Oct/2014:03:21:12 -0500] "GET /galeria/nivo-slider/demo/images/EncuentroAgua1.jpg HTTP/1.1" 200 274179
181.61.36.131 - - [17/Oct/2014:03:21:12 -0500] "GET /galeria/nivo-slider/jquery.nivo.slider.pack.js HTTP/1.1" 200 11561
181.61.36.131 - - [17/Oct/2014:03:21:12 -0500] "GET /galeria/nivo-slider/demo/style.css HTTP/1.1" 200 2222
181.61.36.131 - - [17/Oct/2014:03:21:13 -0500] "GET /galeria/nivo-slider/demo/images/Tingua-azul.jpg HTTP/1.1" 200 307638
181.61.36.131 - - [17/Oct/2014:03:21:13 -0500] "GET /galeria/nivo-slider/demo/images/Banner-Caracol-Africano.jpg HTTP/1.1" 200 331986
181.61.36.131 - - [17/Oct/2014:03:21:13 -0500] "GET /galeria/nivo-slider/demo/images/9Signos.jpg HTTP/1.1" 200 93040
181.61.36.131 - - [17/Oct/2014:03:21:13 -0500] "GET /galeria/nivo-slider/demo/images/banner-llantas2.jpg HTTP/1.1" 200 73153
181.61.36.131 - - [17/Oct/2014:03:21:13 -0500] "GET /galeria/nivo-slider/demo/images/banner-encuesta.jpg HTTP/1.1" 200 42764
181.61.36.131 - - [17/Oct/2014:03:21:13 -0500] "GET /galeria/nivo-slider/demo/images/banner-caballos.png HTTP/1.1" 200 389106
181.61.36.131 - - [17/Oct/2014:03:21:13 -0500] "GET /galeria/nivo-slider/demo/images/ConstructorasFNL.jpg HTTP/1.1" 200 216551
181.61.36.131 - - [17/Oct/2014:03:21:13 -0500] "GET /galeria/nivo-slider/demo/images/Hacienda_Molinos.jpg HTTP/1.1" 200 319171
181.61.36.131 - - [17/Oct/2014:03:21:13 -0500] "GET /galeria/nivo-slider/demo/images/4Simple_Slider.png HTTP/1.1" 200 11722
181.61.36.131 - - [17/Oct/2014:03:21:14 -0500] "GET /galeria/nivo-slider/themes/default/loading.gif HTTP/1.1" 200 1737
181.61.36.131 - - [17/Oct/2014:03:21:14 -0500] "GET /galeria/nivo-slider/demo/images/bannerEcolecta3.jpg HTTP/1.1" 200 280034
181.61.36.131 - - [17/Oct/2014:03:21:14 -0500] "GET /galeria/nivo-slider/themes/default/arrows.png HTTP/1.1" 200 824
181.61.36.131 - - [17/Oct/2014:03:21:14 -0500] "GET /galeria/nivo-slider/themes/default/bullets.png HTTP/1.1" 200 1281
181.61.36.131 - - [17/Oct/2014:03:21:17 -0500] "GET /videos/Spot_Tinguas.flv HTTP/1.1" 200 2087054
74.86.158.107 - - [17/Oct/2014:03:22:34 -0500] "HEAD / HTTP/1.1" 302 -
201.184.143.127 - - [17/Oct/2014:03:22:55 -0500] "POST /forms/lservlet;jsessionid=ac16012b30d5411df52523934146bb14d255c9ce9eaf.e3iSbxaKaheRe34Sa3yKbhiTahb0n6jAmljGr5XDqQLvpAe HTTP/1.1" 200 2
201.184.143.127 - - [17/Oct/2014:03:24:56 -0500] "POST /forms/lservlet;jsessionid=ac16012b30d5411df52523934146bb14d255c9ce9eaf.e3iSbxaKaheRe34Sa3yKbhiTahb0n6jAmljGr5XDqQLvpAe HTTP/1.1" 200 2
180.76.6.45 - - [17/Oct/2014:03:24:59 -0500] "GET /BLA/resoluciones/RESOLUCIONES%202009/0535.pdf HTTP/1.1" 200 331352
100.43.85.25 - - [17/Oct/2014:03:26:36 -0500] "GET /home/homea.gif HTTP/1.1" 404 1019
66.249.65.123 - - [17/Oct/2014:03:26:49 -0500] "GET /BLA/resoluciones/RESOLUCIONES%202009/5612.pdf HTTP/1.1" 200 849391
201.184.143.127 - - [17/Oct/2014:03:26:56 -0500] "POST /forms/lservlet;jsessionid=ac16012b30d5411df52523934146bb14d255c9ce9eaf.e3iSbxaKaheRe34Sa3yKbhiTahb0n6jAmljGr5XDqQLvpAe HTTP/1.1" 200 2
66.249.65.115 - - [17/Oct/2014:03:27:09 -0500] "GET /BLA/resoluciones/RESOLUCIONES%202008/0026.pdf HTTP/1.1" 304 -
180.76.5.67 - - [17/Oct/2014:03:27:09 -0500] "GET /BLA/resoluciones/RESOLUCIONES%202010/0456.pdf HTTP/1.1" 200 102764
74.86.158.107 - - [17/Oct/2014:03:27:34 -0500] "HEAD / HTTP/1.1" 302 -
66.249.65.115 - - [17/Oct/2014:03:28:36 -0500] "GET /re1/Resumen/que/imagen%20que/ HTTP/1.1" 404 1018
201.184.143.127 - - [17/Oct/2014:03:28:57 -0500] "POST /forms/lservlet;jsessionid=ac16012b30d5411df52523934146bb14d255c9ce9eaf.e3iSbxaKaheRe34Sa3yKbhiTahb0n6jAmljGr5XDqQLvpAe HTTP/1.1" 200 2
180.76.5.71 - - [17/Oct/2014:03:28:57 -0500] "GET /BLA/resoluciones/AUTOS%202007/1738.pdf HTTP/1.1" 200 35605
201.184.143.127 - - [17/Oct/2014:03:30:57 -0500] "POST /forms/lservlet;jsessionid=ac16012b30d5411df52523934146bb14d255c9ce9eaf.e3iSbxaKaheRe34Sa3yKbhiTahb0n6jAmljGr5XDqQLvpAe HTTP/1.1" 200 2
66.249.65.119 - - [17/Oct/2014:03:31:35 -0500] "GET /BLA/resoluciones/RESOLUCIONES%202008/3599.pdf HTTP/1.1" 200 255143
66.249.65.51 - - [17/Oct/2014:03:31:48 -0500] "GET /robots.txt HTTP/1.1" 404 1019
66.249.65.59 - - [17/Oct/2014:03:31:48 -0500] "GET /htdocs/gallery2/g2data/cache/derivative/3/1/ HTTP/1.1" 404 1019
66.249.65.51 - - [17/Oct/2014:03:31:58 -0500] "GET /even/even.htm HTTP/1.1" 404 1019
66.249.65.123 - - [17/Oct/2014:03:32:13 -0500] "GET /BLA/resoluciones/RESOLUCIONES%202007/RES%202007%201201%20AL%201300/RESOLUCION%201208%20DE%202007.pdf HTTP/1.1" 304 -
74.86.158.107 - - [17/Oct/2014:03:32:34 -0500] "HEAD / HTTP/1.1" 302 -
66.249.65.119 - - [17/Oct/2014:03:32:55 -0500] "GET /BLA/resoluciones/RESOLUCIONES%202013/0760.pdf HTTP/1.1" 304 -
201.184.143.127 - - [17/Oct/2014:03:32:58 -0500] "POST /forms/lservlet;jsessionid=ac16012b30d5411df52523934146bb14d255c9ce9eaf.e3iSbxaKaheRe34Sa3yKbhiTahb0n6jAmljGr5XDqQLvpAe HTTP/1.1" 200 2
65.55.215.41 - - [17/Oct/2014:03:34:24 -0500] "GET /robots.txt HTTP/1.1" 404 1018
65.55.215.41 - - [17/Oct/2014:03:34:24 -0500] "GET /BLA/boletinlegal/images/historia.png HTTP/1.1" 200 52775
66.249.65.115 - - [17/Oct/2014:03:34:43 -0500] "GET /BLA/resoluciones/AUTOS%202010/5700.pdf HTTP/1.1" 304 -
66.249.65.119 - - [17/Oct/2014:03:34:43 -0500] "GET /BLA/resoluciones/RESOLUCIONES%202009/9736.pdf HTTP/1.1" 200 365715
201.184.143.127 - - [17/Oct/2014:03:34:59 -0500] "POST /forms/lservlet;jsessionid=ac16012b30d5411df52523934146bb14d255c9ce9eaf.e3iSbxaKaheRe34Sa3yKbhiTahb0n6jAmljGr5XDqQLvpAe HTTP/1.1" 200 2
190.99.219.1 - - [17/Oct/2014:03:35:23 -0500] "GET /BLA/boletinlegal/js/jquery.js HTTP/1.1" 200 57254
190.99.219.1 - - [17/Oct/2014:03:35:23 -0500] "GET /BLA/boletinlegal/js/jquery.scrollTo-min.js HTTP/1.1" 200 1150
190.99.219.1 - - [17/Oct/2014:03:35:23 -0500] "GET /BLA/boletinlegal/js/jquery.scrollShow.js HTTP/1.1" 200 4586
180.76.5.143 - - [17/Oct/2014:03:36:49 -0500] "GET /BLA/resoluciones/AUTOS%202009/0826.pdf HTTP/1.1" 200 79790
201.184.143.127 - - [17/Oct/2014:03:37:00 -0500] "POST /forms/lservlet;jsessionid=ac16012b30d5411df52523934146bb14d255c9ce9eaf.e3iSbxaKaheRe34Sa3yKbhiTahb0n6jAmljGr5XDqQLvpAe HTTP/1.1" 200 2
180.76.6.156 - - [17/Oct/2014:03:37:24 -0500] "GET /BLA/resoluciones/AUTOS%202007/1905.pdf HTTP/1.1" 200 43411
74.86.158.107 - - [17/Oct/2014:03:37:34 -0500] "HEAD / HTTP/1.1" 302 -
185.10.104.195 - - [17/Oct/2014:03:37:59 -0500] "GET /BLA/resoluciones/Autos%202008/2957.pdf HTTP/1.1" 200 91751
201.184.143.127 - - [17/Oct/2014:03:39:00 -0500] "POST /forms/lservlet;jsessionid=ac16012b30d5411df52523934146bb14d255c9ce9eaf.e3iSbxaKaheRe34Sa3yKbhiTahb0n6jAmljGr5XDqQLvpAe HTTP/1.1" 200 2
66.249.65.115 - - [17/Oct/2014:03:39:15 -0500] "GET /BLA/resoluciones/RESOLUCIONES%202005/RES%202005%201951-2000/00001985.tif HTTP/1.1" 200 154954
100.43.85.25 - - [17/Oct/2014:03:40:09 -0500] "GET /contrib/?C=S&O=A HTTP/1.1" 404 1019
201.184.143.127 - - [17/Oct/2014:03:41:01 -0500] "POST /forms/lservlet;jsessionid=ac16012b30d5411df52523934146bb14d255c9ce9eaf.e3iSbxaKaheRe34Sa3yKbhiTahb0n6jAmljGr5XDqQLvpAe HTTP/1.1" 200 2
207.46.13.132 - - [17/Oct/2014:03:41:30 -0500] "GET /videos/galeria-fotografica/index16.html? HTTP/1.1" 200 1971
207.46.13.132 - - [17/Oct/2014:03:41:51 -0500] "GET /robots.txt HTTP/1.1" 404 1018
207.46.13.132 - - [17/Oct/2014:03:41:52 -0500] "GET /robots.txt HTTP/1.1" 404 1018
180.76.6.136 - - [17/Oct/2014:03:42:15 -0500] "GET /BLA/resoluciones/AUTOS%202007/2255.pdf HTTP/1.1" 200 130553
66.249.65.59 - - [17/Oct/2014:03:42:21 -0500] "GET /htdocs/even/even.htm HTTP/1.1" 404 1019
74.86.158.107 - - [17/Oct/2014:03:42:34 -0500] "HEAD / HTTP/1.1" 302 -
201.184.143.127 - - [17/Oct/2014:03:43:01 -0500] "POST /forms/lservlet;jsessionid=ac16012b30d5411df52523934146bb14d255c9ce9eaf.e3iSbxaKaheRe34Sa3yKbhiTahb0n6jAmljGr5XDqQLvpAe HTTP/1.1" 200 2
190.65.158.199 - - [17/Oct/2014:03:43:07 -0500] "GET /BLA/boletinlegal/js/jquery.js HTTP/1.1" 200 57254
190.65.158.199 - - [17/Oct/2014:03:43:07 -0500] "GET /BLA/boletinlegal/js/jquery.scrollTo-min.js HTTP/1.1" 200 1150
190.65.158.199 - - [17/Oct/2014:03:43:07 -0500] "GET /BLA/boletinlegal/js/jquery.scrollShow.js HTTP/1.1" 200 4586
157.55.39.39 - - [17/Oct/2014:03:43:58 -0500] "GET /autoliquidacion HTTP/1.1" 301 310
180.76.6.148 - - [17/Oct/2014:03:44:15 -0500] "GET /BLA/resoluciones/AUTOS%202007/1371.pdf HTTP/1.1" 200 43120
101.188.8.27 - - [17/Oct/2014:03:44:38 -0500] "GET /webdav/x32.php HTTP/1.1" 404 1018
180.76.5.62 - - [17/Oct/2014:03:44:50 -0500] "GET /BLA/resoluciones/AUTOS%202009/0846.pdf HTTP/1.1" 200 88377
157.55.39.39 - - [17/Oct/2014:03:44:53 -0500] "GET /autoliquidacion/ HTTP/1.1" 200 6375
201.184.143.127 - - [17/Oct/2014:03:45:01 -0500] "POST /forms/lservlet;jsessionid=ac16012b30d5411df52523934146bb14d255c9ce9eaf.e3iSbxaKaheRe34Sa3yKbhiTahb0n6jAmljGr5XDqQLvpAe HTTP/1.1" 200 2
180.76.5.167 - - [17/Oct/2014:03:45:25 -0500] "GET /BLA/resoluciones/AUTOS%202007/0716.pdf HTTP/1.1" 200 110576
66.249.65.119 - - [17/Oct/2014:03:46:55 -0500] "GET /even/even.htm HTTP/1.1" 404 1018
201.184.143.127 - - [17/Oct/2014:03:47:01 -0500] "POST /forms/lservlet;jsessionid=ac16012b30d5411df52523934146bb14d255c9ce9eaf.e3iSbxaKaheRe34Sa3yKbhiTahb0n6jAmljGr5XDqQLvpAe HTTP/1.1" 200 2
66.249.65.55 - - [17/Oct/2014:03:48:43 -0500] "GET /MANUALFUNC/Ecosistemas/222-20%20Profesional%20Especializado%20-%20SEB%20_Estrategicos_.pdf HTTP/1.1" 404 1019
157.55.39.81 - - [17/Oct/2014:03:48:53 -0500] "GET /dama/libreria/php/decide.php?patron=03.1408 HTTP/1.1" 404 1019
201.184.143.127 - - [17/Oct/2014:03:49:02 -0500] "POST /forms/lservlet;jsessionid=ac16012b30d5411df52523934146bb14d255c9ce9eaf.e3iSbxaKaheRe34Sa3yKbhiTahb0n6jAmljGr5XDqQLvpAe HTTP/1.1" 200 2
66.249.65.115 - - [17/Oct/2014:03:49:10 -0500] "GET /BLA/resoluciones/RESOLUCIONES%202002/RES%202002%201551-1600/20021553.tif HTTP/1.1" 200 120548
180.76.5.167 - - [17/Oct/2014:03:49:50 -0500] "GET /BLA/resoluciones/AUTOS%202011/2202.pdf HTTP/1.1" 200 138094
66.249.65.115 - - [17/Oct/2014:03:50:39 -0500] "GET /BLA/resoluciones/RESOLUCIONES%202007/RES%202007%201101%20AL%201200/RESOLUCION%201200%20DE%202007.pdf HTTP/1.1" 200 183180
201.184.143.127 - - [17/Oct/2014:03:51:02 -0500] "POST /forms/lservlet;jsessionid=ac16012b30d5411df52523934146bb14d255c9ce9eaf.e3iSbxaKaheRe34Sa3yKbhiTahb0n6jAmljGr5XDqQLvpAe HTTP/1.1" 200 2
66.249.65.119 - - [17/Oct/2014:03:51:40 -0500] "GET /Residuos/curtiembres/images/page125.swf HTTP/1.1" 404 1018
66.249.65.51 - - [17/Oct/2014:03:52:00 -0500] "GET /phpold/autoliquidacion/19260.txt HTTP/1.1" 404 1019
201.184.143.127 - - [17/Oct/2014:03:53:03 -0500] "POST /forms/lservlet;jsessionid=ac16012b30d5411df52523934146bb14d255c9ce9eaf.e3iSbxaKaheRe34Sa3yKbhiTahb0n6jAmljGr5XDqQLvpAe HTTP/1.1" 200 2
207.46.13.76 - - [17/Oct/2014:03:53:08 -0500] "GET /newsecs/ib.psd HTTP/1.1" 404 1019
100.43.85.25 - - [17/Oct/2014:03:53:41 -0500] "GET /intranet/midama3_files/atardecer_o1.jpg HTTP/1.1" 404 1019
202.46.57.66 - - [17/Oct/2014:03:54:01 -0500] "GET / HTTP/1.1" 302 -
180.76.5.95 - - [17/Oct/2014:03:54:05 -0500] "GET /BLA/resoluciones/RESOLUCIONES%202008/0637.pdf HTTP/1.1" 200 107529
180.76.6.21 - - [17/Oct/2014:03:54:40 -0500] "GET /BLA/resoluciones/AUTOS%202007/1662.pdf HTTP/1.1" 200 110359
66.249.65.51 - - [17/Oct/2014:03:54:44 -0500] "GET /pot/pot9.htm HTTP/1.1" 404 1019
119.63.193.130 - - [17/Oct/2014:03:54:51 -0500] "GET / HTTP/1.1" 302 -
201.184.143.127 - - [17/Oct/2014:03:55:03 -0500] "POST /forms/lservlet;jsessionid=ac16012b30d5411df52523934146bb14d255c9ce9eaf.e3iSbxaKaheRe34Sa3yKbhiTahb0n6jAmljGr5XDqQLvpAe HTTP/1.1" 200 2
180.76.6.230 - - [17/Oct/2014:03:56:07 -0500] "GET /BLA/resoluciones/AUTOS%202007/1726.pdf HTTP/1.1" 200 33426
180.76.6.37 - - [17/Oct/2014:03:56:33 -0500] "GET /videos/CantoalAgua.flv HTTP/1.1" 200 1125488
180.76.6.155 - - [17/Oct/2014:03:56:43 -0500] "GET /BLA/resoluciones/AUTOS%202007/0819.pdf HTTP/1.1" 200 91956
201.184.143.127 - - [17/Oct/2014:03:57:03 -0500] "POST /forms/lservlet;jsessionid=ac16012b30d5411df52523934146bb14d255c9ce9eaf.e3iSbxaKaheRe34Sa3yKbhiTahb0n6jAmljGr5XDqQLvpAe HTTP/1.1" 200 2
180.76.5.191 - - [17/Oct/2014:03:57:56 -0500] "GET /BLA/resoluciones/AUTOS%202007/0862.pdf HTTP/1.1" 200 67512
201.184.143.127 - - [17/Oct/2014:03:59:04 -0500] "POST /forms/lservlet;jsessionid=ac16012b30d5411df52523934146bb14d255c9ce9eaf.e3iSbxaKaheRe34Sa3yKbhiTahb0n6jAmljGr5XDqQLvpAe HTTP/1.1" 200 2
180.76.6.21 - - [17/Oct/2014:04:00:01 -0500] "GET /BLA/resoluciones/RESOLUCIONES%202013/0906.pdf HTTP/1.1" 200 627643
91.200.12.75 - - [17/Oct/2014:04:00:26 -0500] "GET http://190.27.245.106/admin/fckeditor/editor/filemanager/browser/default/connectors/test.html HTTP/1.1" 404 1018
180.76.6.16 - - [17/Oct/2014:04:00:37 -0500] "GET /BLA/resoluciones/AUTOS%202011/0006.pdf HTTP/1.1" 200 313893
201.184.143.127 - - [17/Oct/2014:04:01:04 -0500] "POST /forms/lservlet;jsessionid=ac16012b30d5411df52523934146bb14d255c9ce9eaf.e3iSbxaKaheRe34Sa3yKbhiTahb0n6jAmljGr5XDqQLvpAe HTTP/1.1" 200 2
180.76.5.19 - - [17/Oct/2014:04:01:45 -0500] "GET /BLA/resoluciones/AUTOS%202010/5504.pdf HTTP/1.1" 200 190927
201.184.143.127 - - [17/Oct/2014:04:03:04 -0500] "POST /forms/lservlet;jsessionid=ac16012b30d5411df52523934146bb14d255c9ce9eaf.e3iSbxaKaheRe34Sa3yKbhiTahb0n6jAmljGr5XDqQLvpAe HTTP/1.1" 200 2
37.228.107.65 - - [17/Oct/2014:04:04:41 -0500] "GET /BLA/boletinlegal/js/jquery.js HTTP/1.1" 200 57254
37.228.107.65 - - [17/Oct/2014:04:04:41 -0500] "GET /BLA/boletinlegal/js/jquery.scrollTo-min.js HTTP/1.1" 200 1150
37.228.107.65 - - [17/Oct/2014:04:04:42 -0500] "GET /BLA/boletinlegal/js/jquery.scrollShow.js HTTP/1.1" 200 4586
186.155.98.79 - - [17/Oct/2014:04:05:01 -0500] "GET /BLA/boletinlegal/js/jquery.js HTTP/1.1" 200 57254
186.155.98.79 - - [17/Oct/2014:04:05:01 -0500] "GET /galeria/carrusel/Carrusel/jquery.thumbnailScroller.css HTTP/1.1" 200 2066
186.155.98.79 - - [17/Oct/2014:04:05:01 -0500] "GET /BLA/boletinlegal/js/jquery.scrollShow.js HTTP/1.1" 200 4586
186.155.98.79 - - [17/Oct/2014:04:05:01 -0500] "GET /galeria/carrusel/Carrusel/jquery.thumbnailScroller.js HTTP/1.1" 200 8157
201.184.143.127 - - [17/Oct/2014:04:05:04 -0500] "POST /forms/lservlet;jsessionid=ac16012b30d5411df52523934146bb14d255c9ce9eaf.e3iSbxaKaheRe34Sa3yKbhiTahb0n6jAmljGr5XDqQLvpAe HTTP/1.1" 200 2
186.155.98.79 - - [17/Oct/2014:04:05:04 -0500] "GET /BLA/boletinlegal/js/jquery.scrollTo-min.js HTTP/1.1" 200 1150
186.155.98.79 - - [17/Oct/2014:04:05:04 -0500] "GET /galeria/carrusel/Carrusel/jquery-ui-1.8.13.custom.min.js HTTP/1.1" 200 10800
186.155.98.79 - - [17/Oct/2014:04:05:05 -0500] "GET /galeria/nivo-slider/demo/demo.html HTTP/1.1" 200 3169
186.155.98.79 - - [17/Oct/2014:04:05:05 -0500] "GET /galeria/nivo-slider/themes/default/default.css HTTP/1.1" 200 1569
186.155.98.79 - - [17/Oct/2014:04:05:05 -0500] "GET /galeria/nivo-slider/themes/pascal/pascal.css HTTP/1.1" 200 2258
186.155.98.79 - - [17/Oct/2014:04:05:05 -0500] "GET /galeria/nivo-slider/themes/orman/orman.css HTTP/1.1" 200 2152
186.155.98.79 - - [17/Oct/2014:04:05:05 -0500] "GET /galeria/nivo-slider/nivo-slider.css HTTP/1.1" 200 1507
186.155.98.79 - - [17/Oct/2014:04:05:05 -0500] "GET /galeria/nivo-slider/demo/style.css HTTP/1.1" 200 2222
186.155.98.79 - - [17/Oct/2014:04:05:05 -0500] "GET /galeria/nivo-slider/demo/images/EncuentroAgua1.jpg HTTP/1.1" 200 274179
186.155.98.79 - - [17/Oct/2014:04:05:06 -0500] "GET /galeria/nivo-slider/demo/scripts/jquery-1.7.1.min.js HTTP/1.1" 200 93868
186.155.98.79 - - [17/Oct/2014:04:05:06 -0500] "GET /galeria/nivo-slider/jquery.nivo.slider.pack.js HTTP/1.1" 200 11561
186.155.98.79 - - [17/Oct/2014:04:05:06 -0500] "GET /galeria/nivo-slider/demo/images/Tingua-azul.jpg HTTP/1.1" 200 307638
186.155.98.79 - - [17/Oct/2014:04:05:06 -0500] "GET /galeria/nivo-slider/demo/images/Banner-Caracol-Africano.jpg HTTP/1.1" 200 331986
186.155.98.79 - - [17/Oct/2014:04:05:06 -0500] "GET /galeria/nivo-slider/demo/images/9Signos.jpg HTTP/1.1" 200 93040
186.155.98.79 - - [17/Oct/2014:04:05:06 -0500] "GET /galeria/nivo-slider/demo/images/banner-encuesta.jpg HTTP/1.1" 200 42764
186.155.98.79 - - [17/Oct/2014:04:05:07 -0500] "GET /galeria/nivo-slider/demo/images/4Simple_Slider.png HTTP/1.1" 200 11722
186.155.98.79 - - [17/Oct/2014:04:05:07 -0500] "GET /galeria/nivo-slider/themes/default/loading.gif HTTP/1.1" 200 1737
186.155.98.79 - - [17/Oct/2014:04:05:07 -0500] "GET /galeria/nivo-slider/demo/images/banner-llantas2.jpg HTTP/1.1" 200 73153
186.155.98.79 - - [17/Oct/2014:04:05:07 -0500] "GET /galeria/nivo-slider/demo/images/banner-caballos.png HTTP/1.1" 200 389106
186.155.98.79 - - [17/Oct/2014:04:05:08 -0500] "GET /galeria/nivo-slider/demo/images/ConstructorasFNL.jpg HTTP/1.1" 200 216551
186.155.98.79 - - [17/Oct/2014:04:05:08 -0500] "GET /galeria/nivo-slider/demo/images/Hacienda_Molinos.jpg HTTP/1.1" 200 319171
186.155.98.79 - - [17/Oct/2014:04:05:10 -0500] "GET /galeria/nivo-slider/demo/images/bannerEcolecta3.jpg HTTP/1.1" 200 280034
186.155.98.79 - - [17/Oct/2014:04:05:13 -0500] "GET /galeria/nivo-slider/themes/default/arrows.png HTTP/1.1" 200 824
186.155.98.79 - - [17/Oct/2014:04:05:13 -0500] "GET /galeria/nivo-slider/themes/default/bullets.png HTTP/1.1" 200 1281
186.155.98.79 - - [17/Oct/2014:04:05:14 -0500] "GET /videos/Spot_Tinguas.flv HTTP/1.1" 200 2087054
220.181.108.75 - - [17/Oct/2014:04:05:50 -0500] "GET / HTTP/1.1" 302 -
193.28.177.56 - - [17/Oct/2014:04:06:02 -0500] "GET /wp-login.php HTTP/1.1" 404 1018
193.28.177.56 - - [17/Oct/2014:04:06:03 -0500] "GET /administrator/ HTTP/1.1" 404 1018
193.28.177.56 - - [17/Oct/2014:04:06:05 -0500] "GET /admin.php HTTP/1.1" 404 1018
62.83.159.232 - - [17/Oct/2014:04:06:13 -0500] "GET /BLA/boletinlegal/js/jquery.js HTTP/1.1" 200 57254
62.83.159.232 - - [17/Oct/2014:04:06:13 -0500] "GET /BLA/boletinlegal/js/jquery.scrollShow.js HTTP/1.1" 200 4586
62.83.159.232 - - [17/Oct/2014:04:06:13 -0500] "GET /BLA/boletinlegal/js/jquery.scrollTo-min.js HTTP/1.1" 200 1150
201.184.143.127 - - [17/Oct/2014:04:07:04 -0500] "POST /forms/lservlet;jsessionid=ac16012b30d5411df52523934146bb14d255c9ce9eaf.e3iSbxaKaheRe34Sa3yKbhiTahb0n6jAmljGr5XDqQLvpAe HTTP/1.1" 200 2
100.43.85.25 - - [17/Oct/2014:04:07:13 -0500] "GET /ince1/init10.htm HTTP/1.1" 404 1019
66.249.65.119 - - [17/Oct/2014:04:07:36 -0500] "GET /BLA/resoluciones/RESOLUCIONES%202006/RES%202006%201901-1950/00001909.tif HTTP/1.1" 200 42642
201.184.143.127 - - [17/Oct/2014:04:09:05 -0500] "POST /forms/lservlet;jsessionid=ac16012b30d5411df52523934146bb14d255c9ce9eaf.e3iSbxaKaheRe34Sa3yKbhiTahb0n6jAmljGr5XDqQLvpAe HTTP/1.1" 200 2
180.76.6.49 - - [17/Oct/2014:04:09:48 -0500] "GET /BLA/resoluciones/AUTOS%202009/2817.pdf HTTP/1.1" 200 131406
216.145.50.40 - - [17/Oct/2014:04:10:49 -0500] "GET / HTTP/1.0" 302 -
201.184.143.127 - - [17/Oct/2014:04:11:06 -0500] "POST /forms/lservlet;jsessionid=ac16012b30d5411df52523934146bb14d255c9ce9eaf.e3iSbxaKaheRe34Sa3yKbhiTahb0n6jAmljGr5XDqQLvpAe HTTP/1.1" 200 2
66.249.65.51 - - [17/Oct/2014:04:12:17 -0500] "GET /MANUALFUNC/Planeacion/314-17%20Tecnico%20Operativo%20-%20OAP.pdf HTTP/1.1" 404 1019
201.184.143.127 - - [17/Oct/2014:04:13:06 -0500] "POST /forms/lservlet;jsessionid=ac16012b30d5411df52523934146bb14d255c9ce9eaf.e3iSbxaKaheRe34Sa3yKbhiTahb0n6jAmljGr5XDqQLvpAe HTTP/1.1" 200 2
134.249.51.4 - - [17/Oct/2014:04:14:23 -0500] "GET /BLA/resoluciones/RESOLUCIONES%202009/0685.pdf HTTP/1.0" 200 425734
201.244.242.150 - - [17/Oct/2014:04:14:34 -0500] "GET /hidrico/aguas%20subterraneas/ HTTP/1.1" 404 1296
201.184.143.127 - - [17/Oct/2014:04:15:06 -0500] "POST /forms/lservlet;jsessionid=ac16012b30d5411df52523934146bb14d255c9ce9eaf.e3iSbxaKaheRe34Sa3yKbhiTahb0n6jAmljGr5XDqQLvpAe HTTP/1.1" 200 2
100.43.85.25 - - [17/Oct/2014:04:15:32 -0500] "GET /portel_dama/libreria/pdf/ElTiempo-2005.pdf HTTP/1.1" 404 1019
66.249.65.119 - - [17/Oct/2014:04:15:36 -0500] "GET /portalsiaccapacitaciones/0013.%20Presentaci%C3%B3n%20RESPEL%20(Clasificaci%C3%B3n,%20Cuantificaci%C3%B3n)%2023-05-13.pdf HTTP/1.1" 404 1018
190.65.156.28 - - [17/Oct/2014:04:15:53 -0500] "GET /galeria/carrusel/Carrusel/jquery.thumbnailScroller.css HTTP/1.1" 200 2066
190.65.156.28 - - [17/Oct/2014:04:15:53 -0500] "GET /BLA/boletinlegal/js/jquery.scrollTo-min.js HTTP/1.1" 200 1150
190.65.156.28 - - [17/Oct/2014:04:15:53 -0500] "GET /BLA/boletinlegal/js/jquery.scrollShow.js HTTP/1.1" 200 4586
190.65.156.28 - - [17/Oct/2014:04:15:53 -0500] "GET /BLA/boletinlegal/js/jquery.js HTTP/1.1" 200 57254
190.65.156.28 - - [17/Oct/2014:04:15:53 -0500] "GET /galeria/carrusel/Carrusel/jquery-ui-1.8.13.custom.min.js HTTP/1.1" 200 10800
190.65.156.28 - - [17/Oct/2014:04:15:53 -0500] "GET /galeria/carrusel/Carrusel/jquery.thumbnailScroller.js HTTP/1.1" 200 8157
190.65.156.28 - - [17/Oct/2014:04:15:55 -0500] "GET /galeria/nivo-slider/demo/demo.html HTTP/1.1" 200 3169
190.65.156.28 - - [17/Oct/2014:04:15:56 -0500] "GET /galeria/nivo-slider/themes/pascal/pascal.css HTTP/1.1" 200 2258
190.65.156.28 - - [17/Oct/2014:04:15:56 -0500] "GET /galeria/nivo-slider/themes/default/default.css HTTP/1.1" 200 1569
190.65.156.28 - - [17/Oct/2014:04:15:56 -0500] "GET /galeria/nivo-slider/themes/orman/orman.css HTTP/1.1" 200 2152
190.65.156.28 - - [17/Oct/2014:04:15:56 -0500] "GET /galeria/nivo-slider/demo/images/EncuentroAgua1.jpg HTTP/1.1" 200 274179
190.65.156.28 - - [17/Oct/2014:04:15:56 -0500] "GET /galeria/nivo-slider/nivo-slider.css HTTP/1.1" 200 1507
190.65.156.28 - - [17/Oct/2014:04:15:56 -0500] "GET /galeria/nivo-slider/demo/scripts/jquery-1.7.1.min.js HTTP/1.1" 200 93868
190.65.156.28 - - [17/Oct/2014:04:15:56 -0500] "GET /galeria/nivo-slider/demo/style.css HTTP/1.1" 200 2222
190.65.156.28 - - [17/Oct/2014:04:15:56 -0500] "GET /galeria/nivo-slider/jquery.nivo.slider.pack.js HTTP/1.1" 200 11561
190.65.156.28 - - [17/Oct/2014:04:15:56 -0500] "GET /galeria/nivo-slider/demo/images/Tingua-azul.jpg HTTP/1.1" 200 307638
190.65.156.28 - - [17/Oct/2014:04:15:56 -0500] "GET /galeria/nivo-slider/demo/images/Banner-Caracol-Africano.jpg HTTP/1.1" 200 331986
190.65.156.28 - - [17/Oct/2014:04:15:56 -0500] "GET /galeria/nivo-slider/demo/images/banner-encuesta.jpg HTTP/1.1" 200 42764
190.65.156.28 - - [17/Oct/2014:04:15:56 -0500] "GET /galeria/nivo-slider/demo/images/9Signos.jpg HTTP/1.1" 200 93040
190.65.156.28 - - [17/Oct/2014:04:15:57 -0500] "GET /galeria/nivo-slider/demo/images/4Simple_Slider.png HTTP/1.1" 200 11722
190.65.156.28 - - [17/Oct/2014:04:15:57 -0500] "GET /galeria/nivo-slider/themes/default/loading.gif HTTP/1.1" 200 1737
190.65.156.28 - - [17/Oct/2014:04:15:57 -0500] "GET /galeria/nivo-slider/demo/images/banner-llantas2.jpg HTTP/1.1" 200 73153
190.65.156.28 - - [17/Oct/2014:04:15:58 -0500] "GET /galeria/nivo-slider/demo/images/banner-caballos.png HTTP/1.1" 200 389106
190.65.156.28 - - [17/Oct/2014:04:15:58 -0500] "GET /galeria/nivo-slider/demo/images/ConstructorasFNL.jpg HTTP/1.1" 200 216551
190.65.156.28 - - [17/Oct/2014:04:15:58 -0500] "GET /galeria/nivo-slider/demo/images/Hacienda_Molinos.jpg HTTP/1.1" 200 319171
190.65.156.28 - - [17/Oct/2014:04:15:59 -0500] "GET /galeria/nivo-slider/demo/images/bannerEcolecta3.jpg HTTP/1.1" 200 280034
190.65.156.28 - - [17/Oct/2014:04:16:01 -0500] "GET /galeria/nivo-slider/themes/default/arrows.png HTTP/1.1" 200 824
190.65.156.28 - - [17/Oct/2014:04:16:01 -0500] "GET /galeria/nivo-slider/themes/default/bullets.png HTTP/1.1" 200 1281
190.65.156.28 - - [17/Oct/2014:04:16:03 -0500] "GET /videos/Spot_Tinguas.flv HTTP/1.1" 200 2087054
201.184.143.127 - - [17/Oct/2014:04:17:06 -0500] "POST /forms/lservlet;jsessionid=ac16012b30d5411df52523934146bb14d255c9ce9eaf.e3iSbxaKaheRe34Sa3yKbhiTahb0n6jAmljGr5XDqQLvpAe HTTP/1.1" 200 2
74.86.158.107 - - [17/Oct/2014:04:17:27 -0500] "HEAD / HTTP/1.1" 302 -
180.76.6.53 - - [17/Oct/2014:04:17:55 -0500] "GET /BLA/resoluciones/AUTOS%202007/2153.pdf HTTP/1.1" 200 206656
66.249.65.115 - - [17/Oct/2014:04:18:30 -0500] "GET /BLA/resoluciones/RESOLUCIONES%202002/RES%202002%201251-1301/20021283.tif HTTP/1.1" 200 69424
201.184.143.127 - - [17/Oct/2014:04:19:07 -0500] "POST /forms/lservlet;jsessionid=ac16012b30d5411df52523934146bb14d255c9ce9eaf.e3iSbxaKaheRe34Sa3yKbhiTahb0n6jAmljGr5XDqQLvpAe HTTP/1.1" 200 2
201.244.242.150 - - [17/Oct/2014:04:19:51 -0500] "GET /hidrico/aguas%20subterraneas/ HTTP/1.1" 404 1296
180.76.5.74 - - [17/Oct/2014:04:19:51 -0500] "GET /BLA/resoluciones/AUTOS%202011/4104.pdf HTTP/1.1" 200 264301
180.76.5.151 - - [17/Oct/2014:04:20:26 -0500] "GET /BLA/resoluciones/AUTOS%202009/0510.pdf HTTP/1.1" 200 210473
100.43.85.25 - - [17/Oct/2014:04:20:57 -0500] "GET /dama/?C=N&O=D HTTP/1.1" 404 1019
100.43.85.25 - - [17/Oct/2014:04:20:59 -0500] "GET /huelladecarbono/Imagenes/btn_gris5.png HTTP/1.1" 404 1019
180.76.5.26 - - [17/Oct/2014:04:21:01 -0500] "GET /BLA/resoluciones/RESOLUCIONES%202008/1201.pdf HTTP/1.1" 200 495154
100.43.85.25 - - [17/Oct/2014:04:21:01 -0500] "GET /porla/Thumbs.db HTTP/1.1" 404 1019
100.43.85.25 - - [17/Oct/2014:04:21:03 -0500] "GET /ince1/init12.htm HTTP/1.1" 404 1019
66.249.65.123 - - [17/Oct/2014:04:21:05 -0500] "GET /htdocs/even/even.htm HTTP/1.1" 404 1018
100.43.85.25 - - [17/Oct/2014:04:21:06 -0500] "GET /videos/ambiente-ciudad/skin/circle.skin/buffer.png HTTP/1.1" 200 5389
201.184.143.127 - - [17/Oct/2014:04:21:07 -0500] "POST /forms/lservlet;jsessionid=ac16012b30d5411df52523934146bb14d255c9ce9eaf.e3iSbxaKaheRe34Sa3yKbhiTahb0n6jAmljGr5XDqQLvpAe HTTP/1.1" 200 2
100.43.85.25 - - [17/Oct/2014:04:21:08 -0500] "GET /ince1/init2.htm HTTP/1.1" 404 1019
100.43.85.25 - - [17/Oct/2014:04:21:11 -0500] "GET /intranet/midama3_files/bogsin1yellow_sml.jpg HTTP/1.1" 404 1019
100.43.85.25 - - [17/Oct/2014:04:21:14 -0500] "GET /chat/?C=N&O=D HTTP/1.1" 404 1019
100.43.85.25 - - [17/Oct/2014:04:21:17 -0500] "GET /contrib/function.mysql-connect HTTP/1.1" 404 1019
100.43.85.25 - - [17/Oct/2014:04:21:20 -0500] "GET /portel_dama/libreria/pdf/ElTiempo-2005.pdf HTTP/1.1" 404 1019
68.180.224.229 - - [17/Oct/2014:04:21:17 -0500] "GET /BLA/boletinlegal/index.php? HTTP/1.1" 200 41891
74.86.158.107 - - [17/Oct/2014:04:22:27 -0500] "HEAD / HTTP/1.1" 302 -
207.46.13.76 - - [17/Oct/2014:04:22:53 -0500] "GET /dama/libreria/pdf/varios2006/IGA2005.pdf HTTP/1.1" 404 1019
66.249.65.51 - - [17/Oct/2014:04:22:58 -0500] "GET /Autoliquidacion/ HTTP/1.1" 200 6375
66.249.65.115 - - [17/Oct/2014:04:22:58 -0500] "GET /manual_funciones_Listado/1.2.%20Oficina%20Participaci%C3%B3n,%20Educacion%20y%20Localidades/Jefe%20de%20Oficina%20006-04.pdf HTTP/1.1" 404 1018
66.249.65.119 - - [17/Oct/2014:04:22:59 -0500] "GET /BLA/resoluciones/RESOLUCIONES%202008/3553.pdf HTTP/1.1" 200 188529
66.249.65.115 - - [17/Oct/2014:04:22:59 -0500] "GET /portalsiaccapacitaciones/Soportes%20Capacitaciones%20A%C3%B1o%202013/0060.%20Presentaci%C3%B3n%20Balance%20Grupo%20de%20Instrumentos%2019-12-2013.pdf HTTP/1.1" 200 1694872
201.184.143.127 - - [17/Oct/2014:04:23:07 -0500] "POST /forms/lservlet;jsessionid=ac16012b30d5411df52523934146bb14d255c9ce9eaf.e3iSbxaKaheRe34Sa3yKbhiTahb0n6jAmljGr5XDqQLvpAe HTTP/1.1" 200 2
201.184.143.127 - - [17/Oct/2014:04:25:08 -0500] "POST /forms/lservlet;jsessionid=ac16012b30d5411df52523934146bb14d255c9ce9eaf.e3iSbxaKaheRe34Sa3yKbhiTahb0n6jAmljGr5XDqQLvpAe HTTP/1.1" 200 2
202.46.63.81 - - [17/Oct/2014:04:26:05 -0500] "GET /manual_funciones_Listado/index.php?dir=2.5.1%20Subdirecci%F3n%20%20Financiera/&sort=name&order=asc HTTP/1.1" 404 1018
218.19.187.173 - - [17/Oct/2014:04:27:02 -0500] "GET / HTTP/1.1" 302 -
201.184.143.127 - - [17/Oct/2014:04:27:08 -0500] "POST /forms/lservlet;jsessionid=ac16012b30d5411df52523934146bb14d255c9ce9eaf.e3iSbxaKaheRe34Sa3yKbhiTahb0n6jAmljGr5XDqQLvpAe HTTP/1.1" 200 2
74.86.158.107 - - [17/Oct/2014:04:27:27 -0500] "HEAD / HTTP/1.1" 302 -
180.76.5.24 - - [17/Oct/2014:04:28:13 -0500] "GET /BLA/resoluciones/AUTOS%202007/1751.pdf HTTP/1.1" 200 29119
66.249.65.115 - - [17/Oct/2014:04:28:34 -0500] "GET /portalsiaccapacitaciones/Soportes%20Capacitaciones%20A%C3%B1o%202013/Presentaci%C3%B3n%20Instrumentos%20Final/Sistema.ppt HTTP/1.1" 404 1018
66.249.65.119 - - [17/Oct/2014:04:29:05 -0500] "GET /portalsiaccapacitaciones/Soportes%20Capacitaciones%20A%C3%B1o%202013/Presentaci%C3%B3n%20Instrumentos%20Final/Reporte.ppt HTTP/1.1" 404 1018
201.184.143.127 - - [17/Oct/2014:04:29:09 -0500] "POST /forms/lservlet;jsessionid=ac16012b30d5411df52523934146bb14d255c9ce9eaf.e3iSbxaKaheRe34Sa3yKbhiTahb0n6jAmljGr5XDqQLvpAe HTTP/1.1" 200 2
66.249.65.115 - - [17/Oct/2014:04:29:46 -0500] "GET /portalsiaccapacitaciones/Soportes%20Capacitaciones%20A%C3%B1o%202013/Presentaci%C3%B3n%20Instrumentos%20Final/Usuarios.ppt HTTP/1.1" 404 1018
180.76.5.63 - - [17/Oct/2014:04:30:23 -0500] "GET /BLA/resoluciones/AUTOS%202007/0343.pdf HTTP/1.1" 200 122549
66.249.65.115 - - [17/Oct/2014:04:30:56 -0500] "GET /portalsiaccapacitaciones/Soportes%20Capacitaciones%20A%C3%B1o%202013/Presentaci%C3%B3n%20Instrumentos%20Final/M%C3%A9todo.ppt HTTP/1.1" 404 1018
201.184.143.127 - - [17/Oct/2014:04:31:09 -0500] "POST /forms/lservlet;jsessionid=ac16012b30d5411df52523934146bb14d255c9ce9eaf.e3iSbxaKaheRe34Sa3yKbhiTahb0n6jAmljGr5XDqQLvpAe HTTP/1.1" 200 2
66.249.65.123 - - [17/Oct/2014:04:31:59 -0500] "GET /portalsiaccapacitaciones/Soportes%20Capacitaciones%20A%C3%B1o%202013/Presentaci%C3%B3n%20Instrumentos%20Final/An%C3%A1lisis.ppt HTTP/1.1" 404 1018
66.249.65.51 - - [17/Oct/2014:04:32:25 -0500] "GET /htdocs/counter/digits/mblack/ HTTP/1.1" 404 1019
74.86.158.107 - - [17/Oct/2014:04:32:27 -0500] "HEAD / HTTP/1.1" 302 -
201.184.143.127 - - [17/Oct/2014:04:33:10 -0500] "POST /forms/lservlet;jsessionid=ac16012b30d5411df52523934146bb14d255c9ce9eaf.e3iSbxaKaheRe34Sa3yKbhiTahb0n6jAmljGr5XDqQLvpAe HTTP/1.1" 200 2
66.249.65.115 - - [17/Oct/2014:04:33:17 -0500] "GET /portalsiaccapacitaciones/Soportes%20Capacitaciones%20A%C3%B1o%202013/Presentaci%C3%B3n%20Instrumentos%20Final/Info%20entrada.ppt HTTP/1.1" 404 1018
201.184.143.127 - - [17/Oct/2014:04:35:10 -0500] "POST /forms/lservlet;jsessionid=ac16012b30d5411df52523934146bb14d255c9ce9eaf.e3iSbxaKaheRe34Sa3yKbhiTahb0n6jAmljGr5XDqQLvpAe HTTP/1.1" 200 2
66.249.65.115 - - [17/Oct/2014:04:36:24 -0500] "GET /BLA/resoluciones/RESOLUCIONES%202002/RES%202002%201851-1900/20021884.tif HTTP/1.1" 200 217018
157.55.39.73 - - [17/Oct/2014:04:36:25 -0500] "GET /silvicultura/13.pdf HTTP/1.1" 404 1018
201.184.143.127 - - [17/Oct/2014:04:37:10 -0500] "POST /forms/lservlet;jsessionid=ac16012b30d5411df52523934146bb14d255c9ce9eaf.e3iSbxaKaheRe34Sa3yKbhiTahb0n6jAmljGr5XDqQLvpAe HTTP/1.1" 200 2
180.76.5.18 - - [17/Oct/2014:04:37:25 -0500] "GET /BLA/resoluciones/Autos%202008/0625.pdf HTTP/1.1" 200 92475
74.86.158.107 - - [17/Oct/2014:04:37:27 -0500] "HEAD / HTTP/1.1" 302 -
68.180.224.229 - - [17/Oct/2014:04:38:36 -0500] "GET / HTTP/1.1" 302 -
100.43.85.25 - - [17/Oct/2014:04:38:44 -0500] "GET /intranet/midama3_files/bushhockmini100.jpg HTTP/1.1" 404 1019
201.184.143.127 - - [17/Oct/2014:04:39:11 -0500] "POST /forms/lservlet;jsessionid=ac16012b30d5411df52523934146bb14d255c9ce9eaf.e3iSbxaKaheRe34Sa3yKbhiTahb0n6jAmljGr5XDqQLvpAe HTTP/1.1" 200 2
190.25.232.143 - - [17/Oct/2014:04:39:12 -0500] "GET /galeria/nivo-slider/themes/orman/orman.css HTTP/1.1" 304 -
157.55.39.39 - - [17/Oct/2014:04:39:53 -0500] "GET /BLA/boletinlegal/js/jquery.scrollTo-min.js HTTP/1.1" 200 1150
190.27.11.82 - - [17/Oct/2014:04:40:46 -0500] "GET /BLA/boletinlegal/js/jquery.scrollShow.js HTTP/1.1" 200 4586
190.27.11.82 - - [17/Oct/2014:04:40:46 -0500] "GET /BLA/boletinlegal/js/jquery.js HTTP/1.1" 200 57254
190.27.11.82 - - [17/Oct/2014:04:40:46 -0500] "GET /BLA/boletinlegal/js/jquery.scrollTo-min.js HTTP/1.1" 200 1150
201.184.143.127 - - [17/Oct/2014:04:41:11 -0500] "POST /forms/lservlet;jsessionid=ac16012b30d5411df52523934146bb14d255c9ce9eaf.e3iSbxaKaheRe34Sa3yKbhiTahb0n6jAmljGr5XDqQLvpAe HTTP/1.1" 200 2
220.181.108.115 - - [17/Oct/2014:04:41:33 -0500] "GET /BLA/resoluciones/RESOLUCIONES%202009/2835.pdf HTTP/1.1" 200 720023
74.86.158.107 - - [17/Oct/2014:04:42:27 -0500] "HEAD / HTTP/1.1" 302 -
66.249.65.55 - - [17/Oct/2014:04:42:28 -0500] "GET /htdocs/even1/Otros/ HTTP/1.1" 404 1019
157.55.39.73 - - [17/Oct/2014:04:43:02 -0500] "GET /dlf/styles.css HTTP/1.1" 404 1018
201.184.143.127 - - [17/Oct/2014:04:43:11 -0500] "POST /forms/lservlet;jsessionid=ac16012b30d5411df52523934146bb14d255c9ce9eaf.e3iSbxaKaheRe34Sa3yKbhiTahb0n6jAmljGr5XDqQLvpAe HTTP/1.1" 200 2
190.84.208.136 - - [17/Oct/2014:04:43:48 -0500] "GET /BLA/boletinlegal/js/jquery.scrollTo-min.js HTTP/1.1" 200 1150
190.84.208.136 - - [17/Oct/2014:04:43:48 -0500] "GET /BLA/boletinlegal/js/jquery.scrollShow.js HTTP/1.1" 200 4586
190.84.208.136 - - [17/Oct/2014:04:43:48 -0500] "GET /BLA/boletinlegal/js/jquery.js HTTP/1.1" 200 57254
180.76.6.149 - - [17/Oct/2014:04:44:07 -0500] "GET /BLA/resoluciones/AUTOS%202007/1417.pdf HTTP/1.1" 200 24557
201.184.143.127 - - [17/Oct/2014:04:45:11 -0500] "POST /forms/lservlet;jsessionid=ac16012b30d5411df52523934146bb14d255c9ce9eaf.e3iSbxaKaheRe34Sa3yKbhiTahb0n6jAmljGr5XDqQLvpAe HTTP/1.1" 200 2
180.76.6.58 - - [17/Oct/2014:04:46:03 -0500] "GET /BLA/resoluciones/AUTOS%202011/5596.pdf HTTP/1.1" 200 415345
66.249.65.123 - - [17/Oct/2014:04:46:46 -0500] "GET /BLA/resoluciones/RESOLUCIONES%202002/RES%202002%201601-1650/20021623.tif HTTP/1.1" 200 96676
201.184.143.127 - - [17/Oct/2014:04:47:12 -0500] "POST /forms/lservlet;jsessionid=ac16012b30d5411df52523934146bb14d255c9ce9eaf.e3iSbxaKaheRe34Sa3yKbhiTahb0n6jAmljGr5XDqQLvpAe HTTP/1.1" 200 2
74.86.158.107 - - [17/Oct/2014:04:47:27 -0500] "HEAD / HTTP/1.1" 302 -
66.249.65.123 - - [17/Oct/2014:04:48:22 -0500] "GET /pot/pot9.htm HTTP/1.1" 404 1018
201.184.143.127 - - [17/Oct/2014:04:49:12 -0500] "POST /forms/lservlet;jsessionid=ac16012b30d5411df52523934146bb14d255c9ce9eaf.e3iSbxaKaheRe34Sa3yKbhiTahb0n6jAmljGr5XDqQLvpAe HTTP/1.1" 200 2
66.249.65.123 - - [17/Oct/2014:04:49:12 -0500] "GET /BLA/boletinlegal/index.php HTTP/1.1" 200 44493
201.184.143.127 - - [17/Oct/2014:04:51:13 -0500] "POST /forms/lservlet;jsessionid=ac16012b30d5411df52523934146bb14d255c9ce9eaf.e3iSbxaKaheRe34Sa3yKbhiTahb0n6jAmljGr5XDqQLvpAe HTTP/1.1" 200 2
66.249.65.123 - - [17/Oct/2014:04:52:02 -0500] "GET /BLA/boletinlegal/styles2.css HTTP/1.1" 200 1838
66.249.65.115 - - [17/Oct/2014:04:52:03 -0500] "GET /BLA/boletinlegal/style.css HTTP/1.1" 200 9406
161.10.14.124 - - [17/Oct/2014:04:52:15 -0500] "GET /BLA/boletinlegal/js/jquery.js HTTP/1.1" 200 57254
161.10.14.124 - - [17/Oct/2014:04:52:15 -0500] "GET /BLA/boletinlegal/js/jquery.scrollTo-min.js HTTP/1.1" 200 1150
161.10.14.124 - - [17/Oct/2014:04:52:15 -0500] "GET /BLA/boletinlegal/js/jquery.scrollShow.js HTTP/1.1" 200 4586
74.86.158.107 - - [17/Oct/2014:04:52:27 -0500] "HEAD / HTTP/1.1" 302 -
66.249.65.115 - - [17/Oct/2014:04:52:33 -0500] "GET /portalsiaccapacitaciones/0030.%20Basura%20Cero%20-%20Decreto%20400%20-%201%20de%20Agosto.pdf HTTP/1.1" 404 1018
201.184.143.127 - - [17/Oct/2014:04:53:13 -0500] "POST /forms/lservlet;jsessionid=ac16012b30d5411df52523934146bb14d255c9ce9eaf.e3iSbxaKaheRe34Sa3yKbhiTahb0n6jAmljGr5XDqQLvpAe HTTP/1.1" 200 2
180.76.6.48 - - [17/Oct/2014:04:53:53 -0500] "GET /BLA/resoluciones/AUTOS%202009/3410.pdf HTTP/1.1" 200 98792
180.76.6.143 - - [17/Oct/2014:04:54:28 -0500] "GET /BLA/resoluciones/RESOLUCIONES%202012/0936.pdf HTTP/1.1" 200 583746
218.30.103.61 - - [17/Oct/2014:04:54:53 -0500] "GET /resoluciones/RESOLUCIONES%202009/0457.pdf HTTP/1.1" 404 1018
201.184.143.127 - - [17/Oct/2014:04:55:17 -0500] "POST /forms/lservlet;jsessionid=ac16012b30d5411df52523934146bb14d255c9ce9eaf.e3iSbxaKaheRe34Sa3yKbhiTahb0n6jAmljGr5XDqQLvpAe HTTP/1.1" 200 2
218.30.103.61 - - [17/Oct/2014:04:55:33 -0500] "GET /resoluciones/RESOLUCIONES%202009/0353.pdf HTTP/1.1" 404 1018
