201.245.192.253 - - [17/Oct/2014:08:52:00 -0500] "GET /forest/actions/forms.getList?codForm=PRESTAMOEXPE&id=Numeroexpedientenuevo60&text=05-2006 HTTP/1.1" 200 817
186.29.179.117 - - [17/Oct/2014:08:52:00 -0500] "GET /forest/usutareas.do?group_system_actual=3&a=0.17641032068058848 HTTP/1.1" 200 147158
201.245.192.253 - - [17/Oct/2014:08:52:00 -0500] "GET /forest/actions/forms.getList?codForm=PRESTAMOEXPE&id=Numeroexpedientenuevo60&text=05-2006- HTTP/1.1" 200 817
186.29.179.117 - - [17/Oct/2014:08:52:00 -0500] "GET /forest/session.jsp?a=0.017078138422220945 HTTP/1.1" 200 4
186.29.179.117 - - [17/Oct/2014:08:52:00 -0500] "GET /forest/actions/forms.getMappedValues?id=NUMTER45&value=899999061-9%20SDA&codForm=contec&a=0.25002241786569357 HTTP/1.1" 200 116
201.245.192.253 - - [17/Oct/2014:08:52:00 -0500] "GET /forest/actions/forms.getList?codForm=PRESTAMOEXPE&id=Numeroexpedientenuevo60&text=05-2006-1 HTTP/1.1" 200 817
201.245.192.253 - - [17/Oct/2014:08:52:01 -0500] "GET /forest/actions/forms.getList?codForm=PRESTAMOEXPE&id=Numeroexpedientenuevo60&text=05-2006-12 HTTP/1.1" 200 534
201.245.192.253 - - [17/Oct/2014:08:52:01 -0500] "GET /forest/actions/forms.getList?codForm=PRESTAMOEXPE&id=Numeroexpedientenuevo60&text=05-2006-122 HTTP/1.1" 200 124
201.245.192.253 - - [17/Oct/2014:08:52:01 -0500] "GET /forest/actions/forms.getList?codForm=PRESTAMOEXPE&id=Numeroexpedientenuevo60&text=05-2006-1222 HTTP/1.1" 200 42
201.245.192.253 - - [17/Oct/2014:08:52:02 -0500] "GET /BLA/circulares/3-2011.pdf HTTP/1.1" 200 1452758
201.245.192.253 - - [17/Oct/2014:08:52:02 -0500] "GET /forest/actions/forms.getMappedValues?id=Numeroexpedientenuevo60&value=15468&codForm=PRESTAMOEXPE&a=0.06144880666397512 HTTP/1.1" 200 34
190.69.14.2 - - [17/Oct/2014:08:52:03 -0500] "GET /BLA/resoluciones/RESOLUCIONES%202013/1961.pdf HTTP/1.1" 404 1120
201.245.192.253 - - [17/Oct/2014:08:52:03 -0500] "GET /isolucionsda/FrameSetArticulo.asp?Pagina=/isolucionsda/bancoconocimiento/D/Decreto19del10deEnerode2012/Decreto19del10deEnerode2012.asp?IdArticulo=6750 HTTP/1.1" 200 7221
201.245.192.253 - - [17/Oct/2014:08:52:03 -0500] "GET /isolucionsda/Arriba.asp?Pagina=/isolucionsda/bancoconocimiento/D/Decreto19del10deEnerode2012/Decreto19del10deEnerode2012.asp?IdArticulo=6750 HTTP/1.1" 200 9809
201.245.192.253 - - [17/Oct/2014:08:52:04 -0500] "GET /isolucionsda/bancoconocimiento/D/Decreto19del10deEnerode2012/Decreto19del10deEnerode2012.asp?IdArticulo=6750 HTTP/1.1" 302 152
201.245.192.253 - - [17/Oct/2014:08:52:06 -0500] "GET /forest/actions/forms.getList?codForm=PRESTAMOEXPE&id=tercero12&text=C HTTP/1.1" 200 1351
201.245.192.253 - - [17/Oct/2014:08:52:06 -0500] "GET /forest/actions/forms.getList?codForm=PRESTAMOEXPE&id=tercero12&text=CH HTTP/1.1" 200 1175
201.245.192.253 - - [17/Oct/2014:08:52:07 -0500] "GET /forest/actions/forms.getList?codForm=PRESTAMOEXPE&id=tercero12&text=CHA HTTP/1.1" 200 1170
201.245.192.253 - - [17/Oct/2014:08:52:07 -0500] "GET /forest/actions/forms.getList?codForm=PRESTAMOEXPE&id=tercero12&text=CHAN HTTP/1.1" 200 1115
186.29.179.117 - - [17/Oct/2014:08:52:06 -0500] "GET /forest/usudocumentos.do?_a=0.5335868068505079&group_system_actual=3 HTTP/1.1" 200 100999
186.29.179.117 - - [17/Oct/2014:08:52:09 -0500] "GET /forest/session.jsp?a=0.8074440753553063 HTTP/1.1" 200 4
186.84.48.69 - - [17/Oct/2014:08:52:09 -0500] "POST /forms/lservlet;jsessionid=ac16012b30d5316e179f20d944338a0aaf45d27f6b9d.e3iSbxaKaheRe34Sa3yKbhiTahb0n6jAmljGr5XDqQLvpAe HTTP/1.1" 200 2
190.69.14.2 - - [17/Oct/2014:08:52:09 -0500] "GET /BLA/resoluciones/RESOLUCIONES%202013/2082.pdf HTTP/1.1" 206 533
201.245.192.253 - - [17/Oct/2014:08:52:08 -0500] "GET /forest/actions/forms.getList?codForm=PRESTAMOEXPE&id=tercero12&text=CHANG HTTP/1.1" 200 1084
201.245.192.253 - - [17/Oct/2014:08:52:09 -0500] "GET /isolucionsda/FrameSetArticulo.asp?Pagina=/isolucionsda/BancoConocimiento/R/Resolucion438dejunio8de2001/Resolucion438dejunio8de2001.asp?IdArticulo=609 HTTP/1.1" 200 7217
201.245.192.253 - - [17/Oct/2014:08:52:10 -0500] "GET /isolucionsda/Arriba.asp?Pagina=/isolucionsda/BancoConocimiento/R/Resolucion438dejunio8de2001/Resolucion438dejunio8de2001.asp?IdArticulo=609 HTTP/1.1" 200 9805
201.245.192.253 - - [17/Oct/2014:08:52:10 -0500] "GET /isolucionsda/BancoConocimiento/R/Resolucion438dejunio8de2001/Resolucion438dejunio8de2001.asp?IdArticulo=609 HTTP/1.1" 302 156
201.245.192.253 - - [17/Oct/2014:08:52:08 -0500] "GET /forest/actions/forms.getList?codForm=PRESTAMOEXPE&id=tercero12&text=CHANG%20 HTTP/1.1" 200 401
172.22.2.1 - - [17/Oct/2014:08:52:11 -0500] "GET /forest/session.jsp?a=0.27660591907572274 HTTP/1.1" 200 5
201.245.192.253 - - [17/Oct/2014:08:52:09 -0500] "GET /forest/actions/forms.getList?codForm=PRESTAMOEXPE&id=tercero12&text=CHANG%20S HTTP/1.1" 200 134
201.245.192.253 - - [17/Oct/2014:08:52:10 -0500] "GET /forest/actions/forms.getList?codForm=PRESTAMOEXPE&id=tercero12&text=CHANG%20SH HTTP/1.1" 200 134
201.245.192.253 - - [17/Oct/2014:08:52:10 -0500] "GET /forest/actions/forms.getList?codForm=PRESTAMOEXPE&id=tercero12&text=CHANG%20SHE HTTP/1.1" 200 87
201.245.192.253 - - [17/Oct/2014:08:52:10 -0500] "GET /forest/actions/forms.getList?codForm=PRESTAMOEXPE&id=tercero12&text=CHANG%20SHEN HTTP/1.1" 200 87
201.245.192.253 - - [17/Oct/2014:08:52:10 -0500] "GET /forest/actions/forms.getList?codForm=PRESTAMOEXPE&id=tercero12&text=CHANG%20SHEN%20 HTTP/1.1" 200 46
186.29.179.117 - - [17/Oct/2014:08:52:13 -0500] "GET /forest/borrador/1476190/CT%20emergencia2%202014-10-17%2008:47%20AM.docx HTTP/1.1" 200 40849
186.145.38.53 - - [17/Oct/2014:08:52:13 -0500] "GET /PORTAL_SIAC/swf/Residuos/impresion/files/guia_impresion-lit.pdf HTTP/1.1" 304 -
186.145.38.53 - - [17/Oct/2014:08:52:13 -0500] "GET /PORTAL_SIAC/swf/Residuos/impresion/files/guia_impresion-lit.pdf HTTP/1.1" 304 -
186.145.38.53 - - [17/Oct/2014:08:52:13 -0500] "GET /PORTAL_SIAC/swf/Residuos/impresion/files/guia_impresion-lit.pdf HTTP/1.1" 304 -
186.145.38.53 - - [17/Oct/2014:08:52:14 -0500] "GET /favicon.ico HTTP/1.1" 200 7782
201.245.192.253 - - [17/Oct/2014:08:52:16 -0500] "GET /isolucionsda/FrameSetArticulo.asp?Pagina=/isolucionsda/BancoConocimiento/R/Resolucion619dejulio9de2002/Resolucion619dejulio9de2002.asp?IdArticulo=679 HTTP/1.1" 200 7217
201.245.192.253 - - [17/Oct/2014:08:52:16 -0500] "GET /isolucionsda/Arriba.asp?Pagina=/isolucionsda/BancoConocimiento/R/Resolucion619dejulio9de2002/Resolucion619dejulio9de2002.asp?IdArticulo=679 HTTP/1.1" 200 9805
201.245.192.253 - - [17/Oct/2014:08:52:16 -0500] "GET /isolucionsda/BancoConocimiento/R/Resolucion619dejulio9de2002/Resolucion619dejulio9de2002.asp?IdArticulo=679 HTTP/1.1" 302 156
172.22.2.1 - - [17/Oct/2014:08:52:17 -0500] "POST /forest/actions/manager.login?group_system_actual=4 HTTP/1.1" 200 14
172.22.2.1 - - [17/Oct/2014:08:52:18 -0500] "GET /forest/session.jsp?a=0.31179900530491467 HTTP/1.1" 200 4
201.245.192.253 - - [17/Oct/2014:08:52:18 -0500] "GET /forest/actions/forms.getList?codForm=PRESTAMOEXPE&id=Funcionario6&text=B HTTP/1.1" 200 1260
201.245.192.253 - - [17/Oct/2014:08:52:19 -0500] "GET /forest/actions/forms.getList?codForm=PRESTAMOEXPE&id=Funcionario6&text=BE HTTP/1.1" 200 1295
201.245.192.253 - - [17/Oct/2014:08:52:19 -0500] "GET /forest/actions/forms.getList?codForm=PRESTAMOEXPE&id=Funcionario6&text=BER HTTP/1.1" 200 1284
201.245.192.253 - - [17/Oct/2014:08:52:19 -0500] "GET /forest/actions/forms.getList?codForm=PRESTAMOEXPE&id=Funcionario6&text=BERN HTTP/1.1" 200 827
201.245.192.253 - - [17/Oct/2014:08:52:19 -0500] "GET /forest/actions/forms.getList?codForm=PRESTAMOEXPE&id=Funcionario6&text=BERNAR HTTP/1.1" 200 75
201.245.192.253 - - [17/Oct/2014:08:52:19 -0500] "GET /forest/actions/forms.getList?codForm=PRESTAMOEXPE&id=Funcionario6&text=BERNA HTTP/1.1" 200 827
201.245.192.253 - - [17/Oct/2014:08:52:19 -0500] "GET /forest/actions/forms.getList?codForm=PRESTAMOEXPE&id=Funcionario6&text=BERNARD HTTP/1.1" 200 75
201.245.192.253 - - [17/Oct/2014:08:52:20 -0500] "GET /forest/actions/forms.getList?codForm=PRESTAMOEXPE&id=Funcionario6&text=BERNARDO HTTP/1.1" 200 75
201.245.192.253 - - [17/Oct/2014:08:52:20 -0500] "GET /isolucionsda/FrameSetArticulo.asp?Pagina=/isolucionsda/BancoConocimiento/R/Resolucion848demayo23de2008/Resolucion848demayo23de2008.asp?IdArticulo=682 HTTP/1.1" 200 7217
201.245.192.253 - - [17/Oct/2014:08:52:20 -0500] "GET /isolucionsda/Arriba.asp?Pagina=/isolucionsda/BancoConocimiento/R/Resolucion848demayo23de2008/Resolucion848demayo23de2008.asp?IdArticulo=682 HTTP/1.1" 200 9805
201.245.192.253 - - [17/Oct/2014:08:52:21 -0500] "GET /isolucionsda/BancoConocimiento/R/Resolucion848demayo23de2008/Resolucion848demayo23de2008.asp?IdArticulo=682 HTTP/1.1" 302 156
201.245.192.253 - - [17/Oct/2014:08:52:22 -0500] "GET /forest/actions/forms.getList?codForm=PRESTAMOEXPE&id=Numeroexpedientenuevo60&text=DM-05-2006-1222 HTTP/1.1" 200 42
201.245.192.253 - - [17/Oct/2014:08:52:25 -0500] "GET /forest/actions/forms.getMappedValues?id=Numeroexpedientenuevo60&value=15468&codForm=PRESTAMOEXPE&a=0.07952101808041334 HTTP/1.1" 200 34
74.86.158.107 - - [17/Oct/2014:08:52:27 -0500] "HEAD / HTTP/1.1" 302 -
180.76.5.61 - - [17/Oct/2014:08:52:30 -0500] "GET /BLA/resoluciones/AUTOS%202011/4990.pdf HTTP/1.1" 200 311479
201.245.192.253 - - [17/Oct/2014:08:52:30 -0500] "GET /forest/documentos/1941142/2014EE170759.docx HTTP/1.1" 200 127759
190.69.14.2 - - [17/Oct/2014:08:52:30 -0500] "GET /BLA/resoluciones/RESOLUCIONES%202014/2078.pdf HTTP/1.1" 404 1120
201.245.192.253 - - [17/Oct/2014:08:52:30 -0500] "POST /forest/actions/forms.saveForm?codPro=90 HTTP/1.1" 200 284
201.245.192.253 - - [17/Oct/2014:08:52:31 -0500] "GET /forest/index2.jsp?group_system_actual=5&a=0.9682342952582985 HTTP/1.1" 200 173365
201.245.192.253 - - [17/Oct/2014:08:52:32 -0500] "GET /forest/session.jsp?a=0.1300062269438058 HTTP/1.1" 200 4
201.245.192.253 - - [17/Oct/2014:08:52:33 -0500] "GET /forest/forms/showform.jsp?codPro=90&codForm=PRESTAMOEXPE&a=0.6244013144169003 HTTP/1.1" 200 16735
201.245.192.253 - - [17/Oct/2014:08:52:34 -0500] "GET /isolucionsda/FrameSetArticulo.asp?Pagina=/isolucionsda/BancoConocimiento/D/Decreto332deoctubre11de2004/Decreto332deoctubre11de2004.asp?IdArticulo=408 HTTP/1.1" 200 7217
201.245.192.253 - - [17/Oct/2014:08:52:34 -0500] "GET /isolucionsda/Arriba.asp?Pagina=/isolucionsda/BancoConocimiento/D/Decreto332deoctubre11de2004/Decreto332deoctubre11de2004.asp?IdArticulo=408 HTTP/1.1" 200 9805
201.245.192.253 - - [17/Oct/2014:08:52:34 -0500] "GET /isolucionsda/BancoConocimiento/D/Decreto332deoctubre11de2004/Decreto332deoctubre11de2004.asp?IdArticulo=408 HTTP/1.1" 302 171
181.135.242.228 - - [17/Oct/2014:08:52:34 -0500] "GET /BLA/boletinlegal/js/jquery.scrollTo-min.js HTTP/1.1" 200 1150
181.135.242.228 - - [17/Oct/2014:08:52:34 -0500] "GET /BLA/boletinlegal/js/jquery.js HTTP/1.1" 200 57254
181.135.242.228 - - [17/Oct/2014:08:52:34 -0500] "GET /BLA/boletinlegal/js/jquery.scrollShow.js HTTP/1.1" 200 4586
190.69.14.2 - - [17/Oct/2014:08:52:36 -0500] "GET /BLA/resoluciones/RESOLUCIONES%202014/1256.pdf HTTP/1.1" 404 1120
201.245.192.253 - - [17/Oct/2014:08:52:36 -0500] "GET /forest/actions/forms.getList?codForm=PRESTAMOEXPE&id=Numeroexpedientenuevo60&text=0 HTTP/1.1" 200 677
201.245.192.253 - - [17/Oct/2014:08:52:37 -0500] "GET /forest/actions/forms.getList?codForm=PRESTAMOEXPE&id=Numeroexpedientenuevo60&text=05 HTTP/1.1" 200 665
201.245.192.253 - - [17/Oct/2014:08:52:37 -0500] "GET /forest/actions/forms.getList?codForm=PRESTAMOEXPE&id=Numeroexpedientenuevo60&text=05- HTTP/1.1" 200 810
201.245.192.253 - - [17/Oct/2014:08:52:37 -0500] "GET /forest/actions/forms.getList?codForm=PRESTAMOEXPE&id=Numeroexpedientenuevo60&text=05-2 HTTP/1.1" 200 805
201.245.192.253 - - [17/Oct/2014:08:52:37 -0500] "GET /forest/actions/forms.getList?codForm=PRESTAMOEXPE&id=Numeroexpedientenuevo60&text=05-20 HTTP/1.1" 200 807
201.245.179.194 - - [17/Oct/2014:08:52:38 -0500] "GET /BLA/boletinlegal/js/jquery.scrollShow.js HTTP/1.1" 200 4586
201.245.179.194 - - [17/Oct/2014:08:52:38 -0500] "GET /galeria/carrusel/Carrusel/jquery.thumbnailScroller.css HTTP/1.1" 200 2066
201.245.179.194 - - [17/Oct/2014:08:52:38 -0500] "GET /galeria/carrusel/Carrusel/jquery-ui-1.8.13.custom.min.js HTTP/1.1" 200 10800
201.245.179.194 - - [17/Oct/2014:08:52:38 -0500] "GET /galeria/carrusel/Carrusel/jquery.thumbnailScroller.js HTTP/1.1" 200 8157
201.245.179.194 - - [17/Oct/2014:08:52:38 -0500] "GET /BLA/boletinlegal/js/jquery.scrollTo-min.js HTTP/1.1" 200 1150
201.245.192.253 - - [17/Oct/2014:08:52:38 -0500] "GET /forest/actions/forms.getList?codForm=PRESTAMOEXPE&id=Numeroexpedientenuevo60&text=05-201 HTTP/1.1" 200 826
201.245.179.194 - - [17/Oct/2014:08:52:38 -0500] "GET /BLA/boletinlegal/js/jquery.js HTTP/1.1" 200 57254
201.245.192.253 - - [17/Oct/2014:08:52:38 -0500] "GET /forest/actions/forms.getList?codForm=PRESTAMOEXPE&id=Numeroexpedientenuevo60&text=05-2011 HTTP/1.1" 200 888
201.245.179.194 - - [17/Oct/2014:08:52:38 -0500] "GET /galeria/nivo-slider/demo/demo.html HTTP/1.1" 200 3169
201.245.179.194 - - [17/Oct/2014:08:52:38 -0500] "GET /galeria/nivo-slider/themes/default/default.css HTTP/1.1" 200 1569
201.245.179.194 - - [17/Oct/2014:08:52:38 -0500] "GET /galeria/nivo-slider/themes/orman/orman.css HTTP/1.1" 200 2152
201.245.179.194 - - [17/Oct/2014:08:52:38 -0500] "GET /galeria/nivo-slider/themes/pascal/pascal.css HTTP/1.1" 200 2258
201.245.179.194 - - [17/Oct/2014:08:52:38 -0500] "GET /galeria/nivo-slider/nivo-slider.css HTTP/1.1" 200 1507
201.245.179.194 - - [17/Oct/2014:08:52:39 -0500] "GET /galeria/nivo-slider/demo/images/EncuentroAgua1.jpg HTTP/1.1" 200 274179
201.245.179.194 - - [17/Oct/2014:08:52:39 -0500] "GET /galeria/nivo-slider/demo/images/Tingua-azul.jpg HTTP/1.1" 200 307638
201.245.179.194 - - [17/Oct/2014:08:52:39 -0500] "GET /galeria/nivo-slider/demo/style.css HTTP/1.1" 200 2222
201.245.179.194 - - [17/Oct/2014:08:52:39 -0500] "GET /galeria/nivo-slider/demo/images/Banner-Caracol-Africano.jpg HTTP/1.1" 200 331986
201.245.179.194 - - [17/Oct/2014:08:52:39 -0500] "GET /galeria/nivo-slider/demo/images/9Signos.jpg HTTP/1.1" 200 93040
201.245.179.194 - - [17/Oct/2014:08:52:39 -0500] "GET /galeria/nivo-slider/demo/images/banner-encuesta.jpg HTTP/1.1" 200 42764
201.245.179.194 - - [17/Oct/2014:08:52:39 -0500] "GET /galeria/nivo-slider/demo/images/ConstructorasFNL.jpg HTTP/1.1" 200 216551
201.245.179.194 - - [17/Oct/2014:08:52:39 -0500] "GET /galeria/nivo-slider/demo/images/Hacienda_Molinos.jpg HTTP/1.1" 200 319171
201.245.179.194 - - [17/Oct/2014:08:52:39 -0500] "GET /galeria/nivo-slider/demo/images/bannerEcolecta3.jpg HTTP/1.1" 200 280034
201.245.179.194 - - [17/Oct/2014:08:52:39 -0500] "GET /galeria/nivo-slider/demo/images/banner-caballos.png HTTP/1.1" 200 389106
201.245.179.194 - - [17/Oct/2014:08:52:39 -0500] "GET /galeria/nivo-slider/demo/scripts/jquery-1.7.1.min.js HTTP/1.1" 200 93868
201.245.192.253 - - [17/Oct/2014:08:52:38 -0500] "GET /forest/actions/forms.getList?codForm=PRESTAMOEXPE&id=Numeroexpedientenuevo60&text=05-2011- HTTP/1.1" 200 897
201.245.179.194 - - [17/Oct/2014:08:52:39 -0500] "GET /galeria/nivo-slider/jquery.nivo.slider.pack.js HTTP/1.1" 200 11561
201.245.192.253 - - [17/Oct/2014:08:52:39 -0500] "GET /isolucionsda/FrameSetArticulo.asp?Pagina=/isolucionsda/BancoConocimiento/D/Decreto456dediciembre23de2008/Decreto456dediciembre23de2008.asp?IdArticulo=221 HTTP/1.1" 200 7233
201.245.192.253 - - [17/Oct/2014:08:52:39 -0500] "GET /isolucionsda/Arriba.asp?Pagina=/isolucionsda/BancoConocimiento/D/Decreto456dediciembre23de2008/Decreto456dediciembre23de2008.asp?IdArticulo=221 HTTP/1.1" 200 9809
201.245.179.194 - - [17/Oct/2014:08:52:39 -0500] "GET /galeria/nivo-slider/demo/images/4Simple_Slider.png HTTP/1.1" 200 11722
201.245.179.194 - - [17/Oct/2014:08:52:40 -0500] "GET /galeria/nivo-slider/themes/default/loading.gif HTTP/1.1" 200 1737
201.245.192.253 - - [17/Oct/2014:08:52:40 -0500] "GET /isolucionsda/BancoConocimiento/D/Decreto456dediciembre23de2008/Decreto456dediciembre23de2008.asp?IdArticulo=221 HTTP/1.1" 302 151
201.245.192.253 - - [17/Oct/2014:08:52:40 -0500] "GET /forest/actions/forms.getList?codForm=PRESTAMOEXPE&id=Numeroexpedientenuevo60&text=05-2011-2 HTTP/1.1" 200 1001
201.245.192.253 - - [17/Oct/2014:08:52:40 -0500] "GET /forest/actions/forms.getList?codForm=PRESTAMOEXPE&id=Numeroexpedientenuevo60&text=05-2011-24 HTTP/1.1" 200 701
201.245.192.253 - - [17/Oct/2014:08:52:41 -0500] "GET /forest/actions/forms.getList?codForm=PRESTAMOEXPE&id=Numeroexpedientenuevo60&text=05-2011-244 HTTP/1.1" 200 201
201.245.192.253 - - [17/Oct/2014:08:52:41 -0500] "GET /forest/actions/forms.getList?codForm=PRESTAMOEXPE&id=Numeroexpedientenuevo60&text=05-2011-2440 HTTP/1.1" 200 51
201.245.179.194 - - [17/Oct/2014:08:52:42 -0500] "GET /galeria/nivo-slider/demo/images/banner-llantas2.jpg HTTP/1.1" 200 73153
201.245.192.253 - - [17/Oct/2014:08:52:42 -0500] "GET /forest/actions/forms.getMappedValues?id=Numeroexpedientenuevo60&value=1317824888828&codForm=PRESTAMOEXPE&a=0.5082914589438587 HTTP/1.1" 200 35
201.245.179.194 - - [17/Oct/2014:08:52:45 -0500] "GET /galeria/nivo-slider/themes/default/arrows.png HTTP/1.1" 200 824
201.245.179.194 - - [17/Oct/2014:08:52:45 -0500] "GET /galeria/nivo-slider/themes/default/bullets.png HTTP/1.1" 200 1281
201.245.192.253 - - [17/Oct/2014:08:52:46 -0500] "GET /forest/actions/forms.getList?codForm=PRESTAMOEXPE&id=tercero12&text=L HTTP/1.1" 200 1388
201.245.192.253 - - [17/Oct/2014:08:52:46 -0500] "GET /forest/actions/forms.getList?codForm=PRESTAMOEXPE&id=tercero12&text=LA HTTP/1.1" 200 1244
201.245.192.253 - - [17/Oct/2014:08:52:46 -0500] "GET /forest/actions/forms.getList?codForm=PRESTAMOEXPE&id=tercero12&text=LAV HTTP/1.1" 200 1186
201.245.192.253 - - [17/Oct/2014:08:52:46 -0500] "GET /forest/actions/forms.getList?codForm=PRESTAMOEXPE&id=tercero12&text=LAVA HTTP/1.1" 200 1143
201.245.192.253 - - [17/Oct/2014:08:52:47 -0500] "GET /forest/actions/forms.getList?codForm=PRESTAMOEXPE&id=tercero12&text=LAVA%20 HTTP/1.1" 200 1209
201.245.179.194 - - [17/Oct/2014:08:52:48 -0500] "GET /videos/Spot_Tinguas.flv HTTP/1.1" 200 2087054
201.245.192.253 - - [17/Oct/2014:08:52:47 -0500] "GET /forest/actions/forms.getList?codForm=PRESTAMOEXPE&id=tercero12&text=LAVA%20A HTTP/1.1" 200 1057
201.245.192.253 - - [17/Oct/2014:08:52:47 -0500] "GET /forest/actions/forms.getList?codForm=PRESTAMOEXPE&id=tercero12&text=LAVA%20AU HTTP/1.1" 200 1057
201.245.192.253 - - [17/Oct/2014:08:52:47 -0500] "GET /forest/actions/forms.getList?codForm=PRESTAMOEXPE&id=tercero12&text=LAVA%20AUT HTTP/1.1" 200 1057
201.245.192.253 - - [17/Oct/2014:08:52:47 -0500] "GET /forest/actions/forms.getList?codForm=PRESTAMOEXPE&id=tercero12&text=LAVA%20AUTO HTTP/1.1" 200 1057
201.245.192.253 - - [17/Oct/2014:08:52:47 -0500] "GET /forest/actions/forms.getList?codForm=PRESTAMOEXPE&id=tercero12&text=LAVA%20AUTOS HTTP/1.1" 200 1057
186.29.179.117 - - [17/Oct/2014:08:52:48 -0500] "GET /forest/usutareas.do?_a=0.2692154587712139&group_system_actual=3 HTTP/1.1" 200 147158
201.245.192.253 - - [17/Oct/2014:08:52:48 -0500] "GET /forest/actions/forms.getList?codForm=PRESTAMOEXPE&id=tercero12&text=LAVA%20AUTOS%20 HTTP/1.1" 200 1057
186.29.179.117 - - [17/Oct/2014:08:52:49 -0500] "GET /forest/session.jsp?a=0.43342281854711473 HTTP/1.1" 200 4
186.29.179.117 - - [17/Oct/2014:08:52:49 -0500] "GET /forest/actions/forms.getMappedValues?id=NUMTER45&value=899999061-9%20SDA&codForm=contec&a=0.806558184325695 HTTP/1.1" 200 116
201.245.192.253 - - [17/Oct/2014:08:52:48 -0500] "GET /forest/actions/forms.getList?codForm=PRESTAMOEXPE&id=tercero12&text=LAVA%20AUTOS%20G HTTP/1.1" 200 48
201.245.192.253 - - [17/Oct/2014:08:52:48 -0500] "GET /forest/actions/forms.getList?codForm=PRESTAMOEXPE&id=tercero12&text=LAVA%20AUTOS%20GR HTTP/1.1" 200 2
201.245.192.253 - - [17/Oct/2014:08:52:48 -0500] "GET /forest/actions/forms.getList?codForm=PRESTAMOEXPE&id=tercero12&text=LAVA%20AUTOS%20GRA HTTP/1.1" 200 2
201.245.192.253 - - [17/Oct/2014:08:52:49 -0500] "GET /forest/actions/forms.getList?codForm=PRESTAMOEXPE&id=tercero12&text=LAVA%20AUTOS%20GRANA HTTP/1.1" 200 2
201.245.192.253 - - [17/Oct/2014:08:52:49 -0500] "GET /forest/actions/forms.getList?codForm=PRESTAMOEXPE&id=tercero12&text=LAVA%20AUTOS%20GRAN HTTP/1.1" 200 2
201.245.192.253 - - [17/Oct/2014:08:52:49 -0500] "GET /forest/actions/forms.getList?codForm=PRESTAMOEXPE&id=tercero12&text=LAVA%20AUTOS%20GRANAD HTTP/1.1" 200 2
186.29.179.117 - - [17/Oct/2014:08:52:52 -0500] "GET /forest/actions/forms.getMappedValues?id=localidadvisita402&value=7&codForm=contec&a=0.19203419028781354 HTTP/1.1" 200 23
201.245.192.253 - - [17/Oct/2014:08:52:50 -0500] "GET /forest/actions/forms.getList?codForm=PRESTAMOEXPE&id=tercero12&text=LAVA%20AUTOS%20GRANADA HTTP/1.1" 200 2
201.245.192.253 - - [17/Oct/2014:08:52:53 -0500] "GET /forest/actions/forms.getList?codForm=PRESTAMOEXPE&id=tercero12&text=LAVA%20AUTOS%20GRANAD HTTP/1.1" 200 2
201.245.192.253 - - [17/Oct/2014:08:52:56 -0500] "GET /isolucionsda/FrameSetArticulo.asp?Pagina=/isolucionsda/bancoconocimiento/D/Decreto109del16deMarzode2009/Decreto109del16deMarzode2009.asp?IdArticulo=6274 HTTP/1.1" 200 7229
186.29.179.117 - - [17/Oct/2014:08:52:56 -0500] "GET /forest/skins/gdocs-jar/popup/showReport.jsp?idr=524&proceso=2933380&__format=pdf&contec=1413552581001&_a=0.2230729265138507 HTTP/1.1" 200 1061
201.245.192.253 - - [17/Oct/2014:08:52:56 -0500] "GET /isolucionsda/Arriba.asp?Pagina=/isolucionsda/bancoconocimiento/D/Decreto109del16deMarzode2009/Decreto109del16deMarzode2009.asp?IdArticulo=6274 HTTP/1.1" 200 9811
201.245.192.253 - - [17/Oct/2014:08:52:56 -0500] "GET /isolucionsda/bancoconocimiento/D/Decreto109del16deMarzode2009/Decreto109del16deMarzode2009.asp?IdArticulo=6274 HTTP/1.1" 302 175
201.245.192.253 - - [17/Oct/2014:08:52:54 -0500] "GET /forest/actions/forms.getList?codForm=PRESTAMOEXPE&id=tercero12&text=LAVA%20AUTOS%20GRANA HTTP/1.1" 200 2
201.245.192.253 - - [17/Oct/2014:08:52:54 -0500] "GET /forest/actions/forms.getList?codForm=PRESTAMOEXPE&id=tercero12&text=LAVA%20AUTOS%20GRAN HTTP/1.1" 200 2
201.245.192.253 - - [17/Oct/2014:08:52:56 -0500] "GET /forest/actions/forms.getList?codForm=PRESTAMOEXPE&id=tercero12&text=LAVA%20AUTOS%20 HTTP/1.1" 200 1057
201.245.192.253 - - [17/Oct/2014:08:52:55 -0500] "GET /forest/actions/forms.getList?codForm=PRESTAMOEXPE&id=tercero12&text=LAVA%20AUTOS%20GRA HTTP/1.1" 200 2
201.245.192.253 - - [17/Oct/2014:08:52:55 -0500] "GET /forest/actions/forms.getList?codForm=PRESTAMOEXPE&id=tercero12&text=LAVA%20AUTOS%20GR HTTP/1.1" 200 2
201.245.192.253 - - [17/Oct/2014:08:52:55 -0500] "GET /forest/actions/forms.getList?codForm=PRESTAMOEXPE&id=tercero12&text=LAVA%20AUTOS%20G HTTP/1.1" 200 48
201.245.192.253 - - [17/Oct/2014:08:52:56 -0500] "GET /forest/actions/forms.getList?codForm=PRESTAMOEXPE&id=tercero12&text=LAVA%20AUTOS HTTP/1.1" 200 1057
201.245.192.253 - - [17/Oct/2014:08:52:57 -0500] "GET /forest/actions/forms.getList?codForm=PRESTAMOEXPE&id=tercero12&text=LAVA%20AUTO HTTP/1.1" 200 1057
201.245.192.253 - - [17/Oct/2014:08:52:58 -0500] "GET /forest/actions/forms.getList?codForm=PRESTAMOEXPE&id=tercero12&text=LAV HTTP/1.1" 200 1186
201.245.192.253 - - [17/Oct/2014:08:52:58 -0500] "GET /forest/actions/forms.getList?codForm=PRESTAMOEXPE&id=tercero12&text=LA HTTP/1.1" 200 1244
201.245.192.253 - - [17/Oct/2014:08:52:58 -0500] "GET /forest/actions/forms.getList?codForm=PRESTAMOEXPE&id=tercero12&text=L HTTP/1.1" 200 1388
201.245.192.253 - - [17/Oct/2014:08:52:58 -0500] "GET /forest/actions/forms.getList?codForm=PRESTAMOEXPE&id=tercero12&text= HTTP/1.1" 200 1373
201.245.192.253 - - [17/Oct/2014:08:52:58 -0500] "GET /forest/actions/forms.getList?codForm=PRESTAMOEXPE&id=tercero12&text=G HTTP/1.1" 200 1246
201.245.192.253 - - [17/Oct/2014:08:52:58 -0500] "GET /forest/actions/forms.getList?codForm=PRESTAMOEXPE&id=tercero12&text=LAVA HTTP/1.1" 200 1143
201.245.192.253 - - [17/Oct/2014:08:52:57 -0500] "GET /forest/actions/forms.getList?codForm=PRESTAMOEXPE&id=tercero12&text=LAVA%20AUT HTTP/1.1" 200 1057
201.245.192.253 - - [17/Oct/2014:08:52:58 -0500] "GET /forest/actions/forms.getList?codForm=PRESTAMOEXPE&id=tercero12&text=GR HTTP/1.1" 200 1256
201.245.192.253 - - [17/Oct/2014:08:52:58 -0500] "GET /forest/actions/forms.getList?codForm=PRESTAMOEXPE&id=tercero12&text=GRA HTTP/1.1" 200 1239
201.245.192.253 - - [17/Oct/2014:08:52:58 -0500] "GET /forest/actions/forms.getList?codForm=PRESTAMOEXPE&id=tercero12&text=GRAN HTTP/1.1" 200 1271
201.245.192.253 - - [17/Oct/2014:08:52:58 -0500] "GET /forest/actions/forms.getList?codForm=PRESTAMOEXPE&id=tercero12&text=GRANA HTTP/1.1" 200 1168
201.245.192.253 - - [17/Oct/2014:08:52:57 -0500] "GET /forest/actions/forms.getList?codForm=PRESTAMOEXPE&id=tercero12&text=LAVA%20AU HTTP/1.1" 200 1057
201.245.192.253 - - [17/Oct/2014:08:52:58 -0500] "GET /forest/actions/forms.getList?codForm=PRESTAMOEXPE&id=tercero12&text=GRANAD HTTP/1.1" 200 1168
201.245.192.253 - - [17/Oct/2014:08:52:57 -0500] "GET /forest/actions/forms.getList?codForm=PRESTAMOEXPE&id=tercero12&text=LAVA%20 HTTP/1.1" 200 1209
201.245.192.253 - - [17/Oct/2014:08:52:57 -0500] "GET /forest/actions/forms.getList?codForm=PRESTAMOEXPE&id=tercero12&text=LAVA%20A HTTP/1.1" 200 1057
201.245.192.253 - - [17/Oct/2014:08:52:58 -0500] "GET /forest/actions/forms.getList?codForm=PRESTAMOEXPE&id=tercero12&text=GRANADA HTTP/1.1" 200 1359
201.245.192.253 - - [17/Oct/2014:08:52:59 -0500] "GET /forest/actions/forms.getList?codForm=PRESTAMOEXPE&id=tercero12&text=GRANADA%20 HTTP/1.1" 200 1432
201.245.192.253 - - [17/Oct/2014:08:52:59 -0500] "GET /forest/actions/forms.getList?codForm=PRESTAMOEXPE&id=tercero12&text=GRANADA%20H HTTP/1.1" 200 454
201.245.192.253 - - [17/Oct/2014:08:52:59 -0500] "GET /forest/actions/forms.getList?codForm=PRESTAMOEXPE&id=tercero12&text=GRANADA%20HI HTTP/1.1" 200 399
201.245.192.253 - - [17/Oct/2014:08:53:01 -0500] "GET /isolucionsda/FrameSetArticulo.asp?Pagina=/isolucionsda/bancoconocimiento/D/Decreto175del4deMayode2009/Decreto175del4deMayode2009.asp?IdArticulo=6338 HTTP/1.1" 200 7213
201.245.192.253 - - [17/Oct/2014:08:52:59 -0500] "GET /forest/actions/forms.getList?codForm=PRESTAMOEXPE&id=tercero12&text=GRANADA%20HIL HTTP/1.1" 200 399
201.245.192.253 - - [17/Oct/2014:08:53:01 -0500] "GET /isolucionsda/Arriba.asp?Pagina=/isolucionsda/bancoconocimiento/D/Decreto175del4deMayode2009/Decreto175del4deMayode2009.asp?IdArticulo=6338 HTTP/1.1" 200 9809
201.245.192.253 - - [17/Oct/2014:08:53:01 -0500] "GET /isolucionsda/bancoconocimiento/D/Decreto175del4deMayode2009/Decreto175del4deMayode2009.asp?IdArticulo=6338 HTTP/1.1" 302 173
201.245.192.253 - - [17/Oct/2014:08:52:59 -0500] "GET /forest/actions/forms.getList?codForm=PRESTAMOEXPE&id=tercero12&text=GRANADA%20HILL HTTP/1.1" 200 266
186.29.179.117 - - [17/Oct/2014:08:53:02 -0500] "POST /forest/usutareas.do? HTTP/1.1" 200 76
201.245.192.253 - - [17/Oct/2014:08:53:06 -0500] "GET /isolucionsda/FrameSetArticulo.asp?Pagina=/isolucionsda/bancoconocimiento/D/Decreto177del13deMayode2010/Decreto177del13deMayode2010.asp?IdArticulo=6457 HTTP/1.1" 200 7221
201.245.192.253 - - [17/Oct/2014:08:53:06 -0500] "GET /isolucionsda/Arriba.asp?Pagina=/isolucionsda/bancoconocimiento/D/Decreto177del13deMayode2010/Decreto177del13deMayode2010.asp?IdArticulo=6457 HTTP/1.1" 200 9811
201.245.192.253 - - [17/Oct/2014:08:53:06 -0500] "GET /isolucionsda/bancoconocimiento/D/Decreto177del13deMayode2010/Decreto177del13deMayode2010.asp?IdArticulo=6457 HTTP/1.1" 302 177
201.245.192.253 - - [17/Oct/2014:08:53:06 -0500] "GET /isolucionsda/bancoconocimiento/D/Decreto177del13deMayode2010/decreto%20177%20de%20l%2013%20de%20mayo%20de%2020100.pdf HTTP/1.1" 200 23337
186.29.179.117 - - [17/Oct/2014:08:53:05 -0500] "GET /forest/usutareas.do?group_system_actual=3&a=0.17944494471885264 HTTP/1.1" 200 253118
186.29.179.117 - - [17/Oct/2014:08:53:07 -0500] "GET /forest/session.jsp?a=0.047814353834837675 HTTP/1.1" 200 4
186.29.179.117 - - [17/Oct/2014:08:53:07 -0500] "GET /forest/actions/forms.getList?codForm=Anexo4&id=p300 HTTP/1.1" 200 136
186.29.179.117 - - [17/Oct/2014:08:53:07 -0500] "GET /forest/actions/forms.getList?codForm=Anexo4&id=p312 HTTP/1.1" 200 88
186.29.179.117 - - [17/Oct/2014:08:53:07 -0500] "GET /forest/actions/forms.getList?codForm=Anexo4&id=p368 HTTP/1.1" 200 209
186.29.179.117 - - [17/Oct/2014:08:53:08 -0500] "GET /forest/index2.jsp?_a=0.7368143138010055 HTTP/1.1" 200 75781
186.29.179.117 - - [17/Oct/2014:08:53:08 -0500] "GET /forest/session.jsp?a=0.28048654459416866 HTTP/1.1" 200 4
201.245.192.253 - - [17/Oct/2014:08:53:07 -0500] "GET /forest/actions/forms.getList?codForm=PRESTAMOEXPE&id=tercero12&text=CAJA%20DE%20COMPENSACION%20CAFAM%20SEDE%20CAS%20GRANADA%20HILLS HTTP/1.1" 200 82
201.245.192.253 - - [17/Oct/2014:08:53:08 -0500] "GET /forest/actions/forms.getList?codForm=PRESTAMOEXPE&id=tercero12&text=A%20HILLS HTTP/1.1" 200 266
201.245.192.253 - - [17/Oct/2014:08:53:10 -0500] "GET /forest/actions/forms.getList?codForm=PRESTAMOEXPE&id=tercero12&text=A%20H HTTP/1.1" 200 1226
201.245.192.253 - - [17/Oct/2014:08:53:10 -0500] "GET /forest/actions/forms.getList?codForm=PRESTAMOEXPE&id=tercero12&text=A%20HI HTTP/1.1" 200 1152
201.245.192.253 - - [17/Oct/2014:08:53:11 -0500] "GET /forest/actions/forms.getList?codForm=PRESTAMOEXPE&id=tercero12&text=A%20 HTTP/1.1" 200 1331
201.245.192.253 - - [17/Oct/2014:08:53:10 -0500] "GET /forest/actions/forms.getList?codForm=PRESTAMOEXPE&id=tercero12&text=A%20HIL HTTP/1.1" 200 1227
201.245.192.253 - - [17/Oct/2014:08:53:11 -0500] "GET /forest/actions/forms.getList?codForm=PRESTAMOEXPE&id=tercero12&text=A HTTP/1.1" 200 1373
201.245.192.253 - - [17/Oct/2014:08:53:11 -0500] "GET /forest/actions/forms.getList?codForm=PRESTAMOEXPE&id=tercero12&text= HTTP/1.1" 200 1373
201.245.192.253 - - [17/Oct/2014:08:53:12 -0500] "GET /forest/actions/forms.getList?codForm=PRESTAMOEXPE&id=tercero12&text=G HTTP/1.1" 200 1246
201.245.192.253 - - [17/Oct/2014:08:53:12 -0500] "GET /forest/actions/forms.getList?codForm=PRESTAMOEXPE&id=tercero12&text=GR HTTP/1.1" 200 1256
201.245.192.253 - - [17/Oct/2014:08:53:12 -0500] "GET /forest/actions/forms.getList?codForm=PRESTAMOEXPE&id=tercero12&text=GRA HTTP/1.1" 200 1239
201.245.192.253 - - [17/Oct/2014:08:53:10 -0500] "GET /forest/actions/forms.getList?codForm=PRESTAMOEXPE&id=tercero12&text=A%20HILL HTTP/1.1" 200 266
201.245.192.253 - - [17/Oct/2014:08:53:12 -0500] "GET /forest/actions/forms.getList?codForm=PRESTAMOEXPE&id=tercero12&text=GRAN HTTP/1.1" 200 1271
201.245.192.253 - - [17/Oct/2014:08:53:12 -0500] "GET /forest/actions/forms.getList?codForm=PRESTAMOEXPE&id=tercero12&text=GRAND HTTP/1.1" 200 1255
201.245.192.253 - - [17/Oct/2014:08:53:13 -0500] "GET /forest/actions/forms.getList?codForm=PRESTAMOEXPE&id=tercero12&text=GRANDA HTTP/1.1" 200 1041
201.245.192.253 - - [17/Oct/2014:08:53:13 -0500] "GET /forest/actions/forms.getList?codForm=PRESTAMOEXPE&id=tercero12&text=GRANDA%20 HTTP/1.1" 200 271
201.245.192.253 - - [17/Oct/2014:08:53:13 -0500] "GET /forest/actions/forms.getList?codForm=PRESTAMOEXPE&id=tercero12&text=GRANDA%20H HTTP/1.1" 200 2
201.245.192.253 - - [17/Oct/2014:08:53:13 -0500] "GET /forest/actions/forms.getList?codForm=PRESTAMOEXPE&id=tercero12&text=GRANDA%20HI HTTP/1.1" 200 2
190.27.229.18 - - [17/Oct/2014:08:53:16 -0500] "GET /galeria/carrusel/Carrusel/jquery.thumbnailScroller.css HTTP/1.1" 200 2066
190.27.229.18 - - [17/Oct/2014:08:53:16 -0500] "GET /BLA/boletinlegal/js/jquery.js HTTP/1.1" 200 57254
190.27.229.18 - - [17/Oct/2014:08:53:16 -0500] "GET /BLA/boletinlegal/js/jquery.scrollTo-min.js HTTP/1.1" 200 1150
190.27.229.18 - - [17/Oct/2014:08:53:16 -0500] "GET /BLA/boletinlegal/js/jquery.scrollShow.js HTTP/1.1" 200 4586
190.27.229.18 - - [17/Oct/2014:08:53:16 -0500] "GET /galeria/carrusel/Carrusel/jquery-ui-1.8.13.custom.min.js HTTP/1.1" 200 10800
190.27.229.18 - - [17/Oct/2014:08:53:16 -0500] "GET /galeria/carrusel/Carrusel/jquery.thumbnailScroller.js HTTP/1.1" 200 8157
190.27.229.18 - - [17/Oct/2014:08:53:17 -0500] "GET /galeria/nivo-slider/demo/demo.html HTTP/1.1" 200 3169
190.27.229.18 - - [17/Oct/2014:08:53:17 -0500] "GET /galeria/nivo-slider/demo/style.css HTTP/1.1" 200 2222
190.27.229.18 - - [17/Oct/2014:08:53:17 -0500] "GET /galeria/nivo-slider/themes/orman/orman.css HTTP/1.1" 200 2152
190.27.229.18 - - [17/Oct/2014:08:53:17 -0500] "GET /galeria/nivo-slider/demo/scripts/jquery-1.7.1.min.js HTTP/1.1" 200 93868
190.27.229.18 - - [17/Oct/2014:08:53:17 -0500] "GET /galeria/nivo-slider/jquery.nivo.slider.pack.js HTTP/1.1" 200 11561
201.245.192.253 - - [17/Oct/2014:08:53:17 -0500] "GET /forest/session.jsp?a=0.45190842281713073 HTTP/1.1" 200 4
201.245.192.253 - - [17/Oct/2014:08:53:17 -0500] "GET /forest/actions/forms.getList?codForm=PRESTAMOEXPE&id=tercero12&text=GRAN HTTP/1.1" 200 1271
190.27.229.18 - - [17/Oct/2014:08:53:17 -0500] "GET /galeria/nivo-slider/themes/pascal/pascal.css HTTP/1.1" 200 2258
190.27.229.18 - - [17/Oct/2014:08:53:18 -0500] "GET /galeria/nivo-slider/demo/images/EncuentroAgua1.jpg HTTP/1.1" 200 274179
190.27.229.18 - - [17/Oct/2014:08:53:18 -0500] "GET /galeria/nivo-slider/demo/images/Tingua-azul.jpg HTTP/1.1" 200 307638
190.27.229.18 - - [17/Oct/2014:08:53:18 -0500] "GET /galeria/nivo-slider/demo/images/Banner-Caracol-Africano.jpg HTTP/1.1" 200 331986
201.245.192.253 - - [17/Oct/2014:08:53:17 -0500] "GET /forest/actions/forms.getList?codForm=PRESTAMOEXPE&id=tercero12&text=GRAND HTTP/1.1" 200 1255
190.27.229.18 - - [17/Oct/2014:08:53:18 -0500] "GET /galeria/nivo-slider/demo/images/9Signos.jpg HTTP/1.1" 200 93040
201.245.192.253 - - [17/Oct/2014:08:53:18 -0500] "GET /forest/actions/forms.getList?codForm=PRESTAMOEXPE&id=tercero12&text=GRANA HTTP/1.1" 200 1168
190.27.229.18 - - [17/Oct/2014:08:53:18 -0500] "GET /galeria/nivo-slider/demo/images/banner-encuesta.jpg HTTP/1.1" 200 42764
190.27.229.18 - - [17/Oct/2014:08:53:18 -0500] "GET /galeria/nivo-slider/demo/images/banner-caballos.png HTTP/1.1" 200 389106
201.245.192.253 - - [17/Oct/2014:08:53:18 -0500] "GET /forest/actions/forms.getList?codForm=PRESTAMOEXPE&id=tercero12&text=GRANAD HTTP/1.1" 200 1168
190.27.229.18 - - [17/Oct/2014:08:53:19 -0500] "GET /galeria/nivo-slider/demo/images/ConstructorasFNL.jpg HTTP/1.1" 200 216551
190.27.229.18 - - [17/Oct/2014:08:53:19 -0500] "GET /galeria/nivo-slider/demo/images/banner-llantas2.jpg HTTP/1.1" 200 73153
201.245.192.253 - - [17/Oct/2014:08:53:17 -0500] "GET /forest/actions/forms.getList?codForm=PRESTAMOEXPE&id=tercero12&text=GRANDA%20H HTTP/1.1" 200 2
190.27.229.18 - - [17/Oct/2014:08:53:19 -0500] "GET /galeria/nivo-slider/demo/images/Hacienda_Molinos.jpg HTTP/1.1" 200 319171
201.245.192.253 - - [17/Oct/2014:08:53:19 -0500] "GET /forest/actions/forms.getList?codForm=PRESTAMOEXPE&id=tercero12&text=GRANADA HTTP/1.1" 200 1359
201.245.192.253 - - [17/Oct/2014:08:53:17 -0500] "GET /forest/actions/forms.getList?codForm=PRESTAMOEXPE&id=tercero12&text=GRANDA%20 HTTP/1.1" 200 271
190.27.229.18 - - [17/Oct/2014:08:53:19 -0500] "GET /galeria/nivo-slider/demo/images/bannerEcolecta3.jpg HTTP/1.1" 200 280034
201.245.192.253 - - [17/Oct/2014:08:53:17 -0500] "GET /forest/actions/forms.getList?codForm=PRESTAMOEXPE&id=tercero12&text=GRANDA HTTP/1.1" 200 1041
190.27.229.18 - - [17/Oct/2014:08:53:19 -0500] "GET /galeria/nivo-slider/themes/default/default.css HTTP/1.1" 200 1569
190.27.229.18 - - [17/Oct/2014:08:53:19 -0500] "GET /galeria/nivo-slider/nivo-slider.css HTTP/1.1" 200 1507
190.27.229.18 - - [17/Oct/2014:08:53:19 -0500] "GET /galeria/nivo-slider/demo/images/4Simple_Slider.png HTTP/1.1" 200 11722
190.27.229.18 - - [17/Oct/2014:08:53:19 -0500] "GET /galeria/nivo-slider/themes/default/loading.gif HTTP/1.1" 200 1737
190.84.225.186 - - [17/Oct/2014:08:53:19 -0500] "GET /BLA/boletinlegal/js/jquery.js HTTP/1.1" 200 57254
190.84.225.186 - - [17/Oct/2014:08:53:19 -0500] "GET /BLA/boletinlegal/js/jquery.scrollTo-min.js HTTP/1.1" 200 1150
201.245.192.253 - - [17/Oct/2014:08:53:19 -0500] "GET /forest/actions/forms.getList?codForm=PRESTAMOEXPE&id=tercero12&text=GRANADA%20 HTTP/1.1" 200 1432
190.84.225.186 - - [17/Oct/2014:08:53:19 -0500] "GET /BLA/boletinlegal/js/jquery.scrollShow.js HTTP/1.1" 200 4586
190.84.225.186 - - [17/Oct/2014:08:53:19 -0500] "GET /galeria/carrusel/Carrusel/jquery.thumbnailScroller.css HTTP/1.1" 200 2066
190.84.225.186 - - [17/Oct/2014:08:53:20 -0500] "GET /galeria/carrusel/Carrusel/jquery-ui-1.8.13.custom.min.js HTTP/1.1" 200 10800
190.84.225.186 - - [17/Oct/2014:08:53:20 -0500] "GET /galeria/carrusel/Carrusel/jquery.thumbnailScroller.js HTTP/1.1" 200 8157
190.27.229.18 - - [17/Oct/2014:08:53:20 -0500] "GET /galeria/nivo-slider/themes/default/arrows.png HTTP/1.1" 200 824
190.27.229.18 - - [17/Oct/2014:08:53:20 -0500] "GET /galeria/nivo-slider/themes/default/bullets.png HTTP/1.1" 200 1281
190.27.229.18 - - [17/Oct/2014:08:53:20 -0500] "GET /videos/Spot_Tinguas.flv HTTP/1.1" 200 2087054
201.245.192.253 - - [17/Oct/2014:08:53:19 -0500] "GET /forest/actions/forms.getList?codForm=PRESTAMOEXPE&id=tercero12&text=GRANADA%20H HTTP/1.1" 200 454
201.245.192.253 - - [17/Oct/2014:08:53:19 -0500] "GET /forest/actions/forms.getList?codForm=PRESTAMOEXPE&id=tercero12&text=GRANADA%20HI HTTP/1.1" 200 399
201.245.192.253 - - [17/Oct/2014:08:53:19 -0500] "GET /forest/actions/forms.getList?codForm=PRESTAMOEXPE&id=tercero12&text=GRANADA%20HIL HTTP/1.1" 200 399
201.245.192.253 - - [17/Oct/2014:08:53:20 -0500] "GET /forest/actions/forms.getList?codForm=PRESTAMOEXPE&id=tercero12&text=GRANADA%20HILL HTTP/1.1" 200 266
201.245.192.253 - - [17/Oct/2014:08:53:23 -0500] "GET /isolucionsda/FrameSetArticulo.asp?Pagina=/isolucionsda/bancoconocimiento/D/Decreto531del23deDiciembrede2010/Decreto531del23deDiciembrede2010.asp?IdArticulo=6434 HTTP/1.1" 200 7261
201.245.192.253 - - [17/Oct/2014:08:53:24 -0500] "GET /isolucionsda/Arriba.asp?Pagina=/isolucionsda/bancoconocimiento/D/Decreto531del23deDiciembrede2010/Decreto531del23deDiciembrede2010.asp?IdArticulo=6434 HTTP/1.1" 200 9821
201.245.192.253 - - [17/Oct/2014:08:53:24 -0500] "GET /isolucionsda/bancoconocimiento/D/Decreto531del23deDiciembrede2010/Decreto531del23deDiciembrede2010.asp?IdArticulo=6434 HTTP/1.1" 302 179
201.245.192.253 - - [17/Oct/2014:08:53:24 -0500] "GET /isolucionsda/bancoconocimiento/D/Decreto531del23deDiciembrede2010/decreto%20531%20del%2023%20de%20diciembre%20de%2020100.pdf HTTP/1.1" 200 202266
190.84.225.186 - - [17/Oct/2014:08:53:24 -0500] "GET /galeria/nivo-slider/demo/demo.html HTTP/1.1" 200 3169
190.84.225.186 - - [17/Oct/2014:08:53:25 -0500] "GET /galeria/nivo-slider/themes/pascal/pascal.css HTTP/1.1" 200 2258
190.84.225.186 - - [17/Oct/2014:08:53:25 -0500] "GET /galeria/nivo-slider/themes/default/default.css HTTP/1.1" 200 1569
190.84.225.186 - - [17/Oct/2014:08:53:25 -0500] "GET /galeria/nivo-slider/nivo-slider.css HTTP/1.1" 200 1507
190.84.225.186 - - [17/Oct/2014:08:53:25 -0500] "GET /galeria/nivo-slider/themes/orman/orman.css HTTP/1.1" 200 2152
190.84.225.186 - - [17/Oct/2014:08:53:25 -0500] "GET /galeria/nivo-slider/demo/style.css HTTP/1.1" 200 2222
190.84.225.186 - - [17/Oct/2014:08:53:25 -0500] "GET /galeria/nivo-slider/demo/images/EncuentroAgua1.jpg HTTP/1.1" 200 274179
190.84.225.186 - - [17/Oct/2014:08:53:25 -0500] "GET /galeria/nivo-slider/demo/images/Tingua-azul.jpg HTTP/1.1" 200 307638
190.84.225.186 - - [17/Oct/2014:08:53:25 -0500] "GET /galeria/nivo-slider/demo/images/Banner-Caracol-Africano.jpg HTTP/1.1" 200 331986
190.84.225.186 - - [17/Oct/2014:08:53:25 -0500] "GET /galeria/nivo-slider/demo/images/9Signos.jpg HTTP/1.1" 200 93040
190.84.225.186 - - [17/Oct/2014:08:53:25 -0500] "GET /galeria/nivo-slider/demo/images/banner-encuesta.jpg HTTP/1.1" 200 42764
190.84.225.186 - - [17/Oct/2014:08:53:25 -0500] "GET /galeria/nivo-slider/demo/images/banner-llantas2.jpg HTTP/1.1" 200 73153
190.84.225.186 - - [17/Oct/2014:08:53:26 -0500] "GET /galeria/nivo-slider/demo/images/banner-caballos.png HTTP/1.1" 200 389106
190.84.225.186 - - [17/Oct/2014:08:53:26 -0500] "GET /galeria/nivo-slider/demo/images/ConstructorasFNL.jpg HTTP/1.1" 200 216551
190.84.225.186 - - [17/Oct/2014:08:53:26 -0500] "GET /galeria/nivo-slider/demo/images/Hacienda_Molinos.jpg HTTP/1.1" 200 319171
190.84.225.186 - - [17/Oct/2014:08:53:27 -0500] "GET /galeria/nivo-slider/demo/images/4Simple_Slider.png HTTP/1.1" 200 11722
190.84.225.186 - - [17/Oct/2014:08:53:27 -0500] "GET /galeria/nivo-slider/themes/default/loading.gif HTTP/1.1" 200 1737
190.84.225.186 - - [17/Oct/2014:08:53:27 -0500] "GET /galeria/nivo-slider/demo/images/bannerEcolecta3.jpg HTTP/1.1" 200 280034
190.84.225.186 - - [17/Oct/2014:08:53:28 -0500] "GET /galeria/nivo-slider/demo/scripts/jquery-1.7.1.min.js HTTP/1.1" 200 93868
190.84.225.186 - - [17/Oct/2014:08:53:28 -0500] "GET /galeria/nivo-slider/jquery.nivo.slider.pack.js HTTP/1.1" 200 11561
190.84.225.186 - - [17/Oct/2014:08:53:29 -0500] "GET /galeria/nivo-slider/themes/default/arrows.png HTTP/1.1" 200 824
190.84.225.186 - - [17/Oct/2014:08:53:29 -0500] "GET /galeria/nivo-slider/themes/default/bullets.png HTTP/1.1" 200 1281
190.84.225.186 - - [17/Oct/2014:08:53:29 -0500] "GET /videos/Spot_Tinguas.flv HTTP/1.1" 200 2087054
201.245.192.253 - - [17/Oct/2014:08:53:31 -0500] "GET /forest/actions/forms.getList?codForm=PRESTAMOEXPE&id=Funcionario6&text=B HTTP/1.1" 200 1260
201.245.192.253 - - [17/Oct/2014:08:53:31 -0500] "GET /forest/actions/forms.getList?codForm=PRESTAMOEXPE&id=Funcionario6&text=BE HTTP/1.1" 200 1295
200.75.50.11 - - [17/Oct/2014:08:53:32 -0500] "GET /galeria/nivo-slider/demo/demo.html HTTP/1.1" 304 -
201.245.192.253 - - [17/Oct/2014:08:53:32 -0500] "GET /forest/actions/forms.getList?codForm=PRESTAMOEXPE&id=Funcionario6&text=BER HTTP/1.1" 200 1284
201.245.192.253 - - [17/Oct/2014:08:53:32 -0500] "GET /forest/actions/forms.getList?codForm=PRESTAMOEXPE&id=Funcionario6&text=BERN HTTP/1.1" 200 827
201.245.192.253 - - [17/Oct/2014:08:53:32 -0500] "GET /forest/actions/forms.getList?codForm=PRESTAMOEXPE&id=Funcionario6&text=BERNA HTTP/1.1" 200 827
201.245.192.253 - - [17/Oct/2014:08:53:33 -0500] "GET /forest/actions/forms.getList?codForm=PRESTAMOEXPE&id=Funcionario6&text=BERNAR HTTP/1.1" 200 75
201.245.192.253 - - [17/Oct/2014:08:53:33 -0500] "GET /forest/actions/forms.getList?codForm=PRESTAMOEXPE&id=Funcionario6&text=BERNARD HTTP/1.1" 200 75
201.245.192.253 - - [17/Oct/2014:08:53:33 -0500] "GET /forest/actions/forms.getList?codForm=PRESTAMOEXPE&id=Funcionario6&text=BERNARDO HTTP/1.1" 200 75
186.29.179.117 - - [17/Oct/2014:08:53:35 -0500] "GET /forest/misactividades.do?group_system_actual=3&codPro=227&_a=0.48494085212663696 HTTP/1.1" 200 36809
201.245.192.253 - - [17/Oct/2014:08:53:35 -0500] "GET /forest/actions/forms.getList?codForm=PRESTAMOEXPE&id=Numeroexpedientenuevo60&text=SDA-05-2011-2440 HTTP/1.1" 200 51
186.29.179.117 - - [17/Oct/2014:08:53:35 -0500] "GET /forest/session.jsp?a=0.7368071319069713 HTTP/1.1" 200 4
186.29.179.117 - - [17/Oct/2014:08:53:35 -0500] "POST /forest/misactividades.do?ajax=true&a=0.670608177781105 HTTP/1.1" 200 4697
201.245.192.253 - - [17/Oct/2014:08:53:37 -0500] "GET /forest/actions/forms.getMappedValues?id=Numeroexpedientenuevo60&value=1317824888828&codForm=PRESTAMOEXPE&a=0.07544470787979662 HTTP/1.1" 200 35
201.245.192.253 - - [17/Oct/2014:08:53:40 -0500] "GET /isolucionsda/FrameSetArticulo.asp?Pagina=/isolucionsda/bancoconocimiento/A/Acuerdo79del20deEnerode2003/Acuerdo79del20deEnerode2003.asp?IdArticulo=6185 HTTP/1.1" 200 7221
186.29.179.117 - - [17/Oct/2014:08:53:38 -0500] "GET /forest/usutareas.do?_a=0.9425953067839146&group_system_actual=3 HTTP/1.1" 200 250862
201.245.192.253 - - [17/Oct/2014:08:53:40 -0500] "GET /isolucionsda/Arriba.asp?Pagina=/isolucionsda/bancoconocimiento/A/Acuerdo79del20deEnerode2003/Acuerdo79del20deEnerode2003.asp?IdArticulo=6185 HTTP/1.1" 200 9809
201.245.192.253 - - [17/Oct/2014:08:53:40 -0500] "GET /isolucionsda/bancoconocimiento/A/Acuerdo79del20deEnerode2003/Acuerdo79del20deEnerode2003.asp?IdArticulo=6185 HTTP/1.1" 302 174
186.29.179.117 - - [17/Oct/2014:08:53:40 -0500] "GET /forest/session.jsp?a=0.6590614027809352 HTTP/1.1" 200 4
186.29.179.117 - - [17/Oct/2014:08:53:40 -0500] "GET /forest/actions/forms.getList?codForm=Anexo4&id=p300 HTTP/1.1" 200 136
201.184.143.127 - - [17/Oct/2014:08:53:40 -0500] "POST /forms/lservlet;jsessionid=ac16012b30d5411df52523934146bb14d255c9ce9eaf.e3iSbxaKaheRe34Sa3yKbhiTahb0n6jAmljGr5XDqQLvpAe HTTP/1.1" 200 2
186.29.179.117 - - [17/Oct/2014:08:53:40 -0500] "GET /forest/actions/forms.getList?codForm=Anexo4&id=p312 HTTP/1.1" 200 88
186.29.179.117 - - [17/Oct/2014:08:53:40 -0500] "GET /forest/actions/forms.getList?codForm=Anexo4&id=p368 HTTP/1.1" 200 209
201.245.192.253 - - [17/Oct/2014:08:53:41 -0500] "POST /forest/actions/forms.saveForm?codPro=90 HTTP/1.1" 200 284
190.25.191.215 - - [17/Oct/2014:08:53:42 -0500] "GET /BLA/boletinlegal/js/jquery.js HTTP/1.1" 200 57254
190.25.191.215 - - [17/Oct/2014:08:53:42 -0500] "GET /BLA/boletinlegal/js/jquery.scrollShow.js HTTP/1.1" 200 4586
190.25.191.215 - - [17/Oct/2014:08:53:42 -0500] "GET /BLA/boletinlegal/js/jquery.scrollTo-min.js HTTP/1.1" 200 1150
201.245.192.253 - - [17/Oct/2014:08:53:42 -0500] "GET /forest/index2.jsp?group_system_actual=5&a=0.6468573212623596 HTTP/1.1" 200 173355
201.245.192.253 - - [17/Oct/2014:08:53:43 -0500] "GET /forest/session.jsp?a=0.09163668705150485 HTTP/1.1" 200 4
181.149.179.190 - - [17/Oct/2014:08:53:44 -0500] "GET /BLA/boletinlegal/js/jquery.scrollTo-min.js HTTP/1.1" 200 1150
181.149.179.190 - - [17/Oct/2014:08:53:44 -0500] "GET /BLA/boletinlegal/js/jquery.js HTTP/1.1" 200 57254
181.149.179.190 - - [17/Oct/2014:08:53:44 -0500] "GET /BLA/boletinlegal/js/jquery.scrollShow.js HTTP/1.1" 200 4586
201.245.192.253 - - [17/Oct/2014:08:53:44 -0500] "GET /forest/forms/showform.jsp?codPro=90&codForm=PRESTAMOEXPE&a=0.51987777184695 HTTP/1.1" 200 16735
190.25.232.102 - - [17/Oct/2014:08:53:44 -0500] "GET /BLA/boletinlegal/js/jquery.scrollShow.js HTTP/1.1" 200 4586
190.25.232.102 - - [17/Oct/2014:08:53:44 -0500] "GET /BLA/boletinlegal/js/jquery.scrollTo-min.js HTTP/1.1" 200 1150
190.25.232.102 - - [17/Oct/2014:08:53:44 -0500] "GET /BLA/boletinlegal/js/jquery.js HTTP/1.1" 200 57254
186.29.157.224 - - [17/Oct/2014:08:53:45 -0500] "GET /BLA/boletinlegal/js/jquery.js HTTP/1.1" 200 57254
186.29.157.224 - - [17/Oct/2014:08:53:45 -0500] "GET /BLA/boletinlegal/js/jquery.scrollTo-min.js HTTP/1.1" 200 1150
186.29.157.224 - - [17/Oct/2014:08:53:45 -0500] "GET /BLA/boletinlegal/js/jquery.scrollShow.js HTTP/1.1" 200 4586
186.29.157.224 - - [17/Oct/2014:08:53:45 -0500] "GET /galeria/carrusel/Carrusel/jquery.thumbnailScroller.css HTTP/1.1" 200 2066
186.29.157.224 - - [17/Oct/2014:08:53:45 -0500] "GET /galeria/carrusel/Carrusel/jquery-ui-1.8.13.custom.min.js HTTP/1.1" 200 10800
186.29.157.224 - - [17/Oct/2014:08:53:45 -0500] "GET /galeria/carrusel/Carrusel/jquery.thumbnailScroller.js HTTP/1.1" 200 8157
186.29.157.224 - - [17/Oct/2014:08:53:46 -0500] "GET /galeria/nivo-slider/demo/demo.html HTTP/1.1" 200 3169
186.29.157.224 - - [17/Oct/2014:08:53:47 -0500] "GET /galeria/nivo-slider/themes/default/default.css HTTP/1.1" 200 1569
186.29.157.224 - - [17/Oct/2014:08:53:47 -0500] "GET /galeria/nivo-slider/themes/pascal/pascal.css HTTP/1.1" 200 2258
186.29.157.224 - - [17/Oct/2014:08:53:47 -0500] "GET /galeria/nivo-slider/themes/orman/orman.css HTTP/1.1" 200 2152
186.29.157.224 - - [17/Oct/2014:08:53:47 -0500] "GET /galeria/nivo-slider/nivo-slider.css HTTP/1.1" 200 1507
186.29.157.224 - - [17/Oct/2014:08:53:47 -0500] "GET /galeria/nivo-slider/demo/style.css HTTP/1.1" 200 2222
186.29.157.224 - - [17/Oct/2014:08:53:47 -0500] "GET /galeria/nivo-slider/demo/scripts/jquery-1.7.1.min.js HTTP/1.1" 200 93868
186.29.157.224 - - [17/Oct/2014:08:53:47 -0500] "GET /galeria/nivo-slider/jquery.nivo.slider.pack.js HTTP/1.1" 200 11561
186.29.157.224 - - [17/Oct/2014:08:53:47 -0500] "GET /galeria/nivo-slider/demo/images/EncuentroAgua1.jpg HTTP/1.1" 200 274179
186.29.157.224 - - [17/Oct/2014:08:53:47 -0500] "GET /galeria/nivo-slider/demo/images/Tingua-azul.jpg HTTP/1.1" 200 307638
186.29.157.224 - - [17/Oct/2014:08:53:47 -0500] "GET /galeria/nivo-slider/demo/images/Banner-Caracol-Africano.jpg HTTP/1.1" 200 331986
186.29.157.224 - - [17/Oct/2014:08:53:47 -0500] "GET /galeria/nivo-slider/demo/images/9Signos.jpg HTTP/1.1" 200 93040
186.29.157.224 - - [17/Oct/2014:08:53:47 -0500] "GET /galeria/nivo-slider/demo/images/banner-encuesta.jpg HTTP/1.1" 200 42764
201.245.192.253 - - [17/Oct/2014:08:53:47 -0500] "GET /forest/actions/forms.getList?codForm=PRESTAMOEXPE&id=Numeroexpedientenuevo60&text=0 HTTP/1.1" 200 677
186.29.157.224 - - [17/Oct/2014:08:53:48 -0500] "GET /galeria/nivo-slider/demo/images/banner-llantas2.jpg HTTP/1.1" 200 73153
201.245.192.253 - - [17/Oct/2014:08:53:48 -0500] "GET /isolucionsda/FrameSetArticulo.asp?Pagina=/isolucionsda/bancoconocimiento/A/Acuerdo327del24deSeptiembrede2008/Acuerdo327del24deSeptiembrede2008.asp?IdArticulo=6209 HTTP/1.1" 200 7269
201.245.192.253 - - [17/Oct/2014:08:53:47 -0500] "GET /forest/actions/forms.getList?codForm=PRESTAMOEXPE&id=Numeroexpedientenuevo60&text=05 HTTP/1.1" 200 665
201.245.192.253 - - [17/Oct/2014:08:53:48 -0500] "GET /isolucionsda/Arriba.asp?Pagina=/isolucionsda/bancoconocimiento/A/Acuerdo327del24deSeptiembrede2008/Acuerdo327del24deSeptiembrede2008.asp?IdArticulo=6209 HTTP/1.1" 200 9821
201.245.192.253 - - [17/Oct/2014:08:53:48 -0500] "GET /isolucionsda/bancoconocimiento/A/Acuerdo327del24deSeptiembrede2008/Acuerdo327del24deSeptiembrede2008.asp?IdArticulo=6209 HTTP/1.1" 302 180
201.245.192.253 - - [17/Oct/2014:08:53:47 -0500] "GET /forest/actions/forms.getList?codForm=PRESTAMOEXPE&id=Numeroexpedientenuevo60&text=05- HTTP/1.1" 200 810
186.29.157.224 - - [17/Oct/2014:08:53:48 -0500] "GET /galeria/nivo-slider/demo/images/banner-caballos.png HTTP/1.1" 200 389106
201.245.192.253 - - [17/Oct/2014:08:53:48 -0500] "GET /forest/actions/forms.getList?codForm=PRESTAMOEXPE&id=Numeroexpedientenuevo60&text=05-2 HTTP/1.1" 200 805
