!C99Shell v. 1.0 pre-release build #13!

Software: Apache. PHP/5.5.15 

uname -a: Windows NT SVR-DMZ 6.1 build 7600 (Windows Server 2008 R2 Enterprise Edition) i586 

SYSTEM 

Safe-mode: OFF (not secure)

E:\copia nuevo\apache\logs\   drwxrwxrwx
Free 7.34 GB of 239.26 GB (3.07%)
Detected drives: [ a ] [ c ] [ d ] [ e ] [ f ]
Home    Back    Forward    UPDIR    Refresh    Search    Buffer    Encoder    Tools    Proc.    FTP brute    Sec.    SQL    PHP-code    Update    Feedback    Self remove    Logout    


Viewing file:     access.2014.10.18.log (3.44 MB)      -rw-rw-rw-
Select action/file-type:
(+) | (+) | (+) | Code (+) | Session (+) | (+) | SDB (+) | (+) | (+) | (+) | (+) | (+) |
66.249.65.119 - - [18/Oct/2014:00:00:07 -0500] "GET /BLA/resoluciones/AUTOS%202008/1376.pdf HTTP/1.1" 200 65148
66.249.65.123 - - [18/Oct/2014:00:00:10 -0500] "GET /BLA/resoluciones/AUTOS%202009/1414.pdf HTTP/1.1" 304 -
66.249.65.123 - - [18/Oct/2014:00:00:10 -0500] "GET /autoliquidacion/index.php?dir=TR%C1MITES%20VERTIMIENTOS/REGISTRO%20DE%20VERTIMIENTOS/&sort=date&order=desc HTTP/1.1" 200 2633
181.48.225.254 - - [18/Oct/2014:00:00:22 -0500] "GET /BLA/boletinlegal/js/jquery.js HTTP/1.1" 200 57254
181.48.225.254 - - [18/Oct/2014:00:00:22 -0500] "GET /BLA/boletinlegal/js/jquery.scrollTo-min.js HTTP/1.1" 200 1150
181.48.225.254 - - [18/Oct/2014:00:00:22 -0500] "GET /BLA/boletinlegal/js/jquery.scrollShow.js HTTP/1.1" 200 4586
181.48.225.254 - - [18/Oct/2014:00:00:22 -0500] "GET /galeria/carrusel/Carrusel/jquery.thumbnailScroller.css HTTP/1.1" 200 2066
181.48.225.254 - - [18/Oct/2014:00:00:22 -0500] "GET /galeria/carrusel/Carrusel/jquery-ui-1.8.13.custom.min.js HTTP/1.1" 200 10800
181.48.225.254 - - [18/Oct/2014:00:00:22 -0500] "GET /galeria/carrusel/Carrusel/jquery.thumbnailScroller.js HTTP/1.1" 200 8157
181.48.225.254 - - [18/Oct/2014:00:00:24 -0500] "GET /galeria/nivo-slider/demo/demo.html HTTP/1.1" 200 3648
181.48.225.254 - - [18/Oct/2014:00:00:24 -0500] "GET /galeria/nivo-slider/themes/default/default.css HTTP/1.1" 200 1569
181.48.225.254 - - [18/Oct/2014:00:00:24 -0500] "GET /galeria/nivo-slider/themes/pascal/pascal.css HTTP/1.1" 200 2258
181.48.225.254 - - [18/Oct/2014:00:00:24 -0500] "GET /galeria/nivo-slider/themes/orman/orman.css HTTP/1.1" 200 2152
181.48.225.254 - - [18/Oct/2014:00:00:24 -0500] "GET /galeria/nivo-slider/nivo-slider.css HTTP/1.1" 200 1507
181.48.225.254 - - [18/Oct/2014:00:00:24 -0500] "GET /galeria/nivo-slider/demo/style.css HTTP/1.1" 200 2222
181.48.225.254 - - [18/Oct/2014:00:00:24 -0500] "GET /galeria/nivo-slider/demo/images/Tingua-azul.jpg HTTP/1.1" 200 307638
181.48.225.254 - - [18/Oct/2014:00:00:24 -0500] "GET /galeria/nivo-slider/demo/images/Banner-Caracol-Africano.jpg HTTP/1.1" 200 331986
181.48.225.254 - - [18/Oct/2014:00:00:24 -0500] "GET /galeria/nivo-slider/demo/images/mesTIC.jpg HTTP/1.1" 200 180719
181.48.225.254 - - [18/Oct/2014:00:00:24 -0500] "GET /galeria/nivo-slider/demo/images/banner-aceite3.jpg HTTP/1.1" 200 88347
181.48.225.254 - - [18/Oct/2014:00:00:24 -0500] "GET /galeria/nivo-slider/demo/images/EncuentroAgua1.jpg HTTP/1.1" 200 274179
181.48.225.254 - - [18/Oct/2014:00:00:24 -0500] "GET /galeria/nivo-slider/demo/images/banner-redes.jpg HTTP/1.1" 200 62209
181.48.225.254 - - [18/Oct/2014:00:00:25 -0500] "GET /galeria/nivo-slider/demo/images/9Signos.jpg HTTP/1.1" 200 93040
181.48.225.254 - - [18/Oct/2014:00:00:26 -0500] "GET /galeria/nivo-slider/demo/images/banner-encuesta.jpg HTTP/1.1" 200 42764
181.48.225.254 - - [18/Oct/2014:00:00:26 -0500] "GET /galeria/nivo-slider/demo/images/banner-llantas2.jpg HTTP/1.1" 200 73153
181.48.225.254 - - [18/Oct/2014:00:00:26 -0500] "GET /galeria/nivo-slider/demo/images/banner-caballos.png HTTP/1.1" 200 389106
181.48.225.254 - - [18/Oct/2014:00:00:26 -0500] "GET /galeria/nivo-slider/demo/images/ConstructorasFNL.jpg HTTP/1.1" 200 216551
181.48.225.254 - - [18/Oct/2014:00:00:26 -0500] "GET /galeria/nivo-slider/demo/images/Hacienda_Molinos.jpg HTTP/1.1" 200 319171
181.48.225.254 - - [18/Oct/2014:00:00:27 -0500] "GET /galeria/nivo-slider/demo/images/bannerEcolecta3.jpg HTTP/1.1" 200 280034
181.48.225.254 - - [18/Oct/2014:00:00:27 -0500] "GET /galeria/nivo-slider/demo/scripts/jquery-1.7.1.min.js HTTP/1.1" 200 93868
181.48.225.254 - - [18/Oct/2014:00:00:27 -0500] "GET /galeria/nivo-slider/jquery.nivo.slider.pack.js HTTP/1.1" 200 11561
181.48.225.254 - - [18/Oct/2014:00:00:28 -0500] "GET /galeria/nivo-slider/themes/default/loading.gif HTTP/1.1" 200 1737
181.48.225.254 - - [18/Oct/2014:00:00:28 -0500] "GET /galeria/nivo-slider/demo/images/4Simple_Slider.png HTTP/1.1" 200 11722
181.48.225.254 - - [18/Oct/2014:00:00:29 -0500] "GET /galeria/nivo-slider/themes/default/arrows.png HTTP/1.1" 200 824
181.48.225.254 - - [18/Oct/2014:00:00:29 -0500] "GET /galeria/nivo-slider/themes/default/bullets.png HTTP/1.1" 200 1281
66.249.65.119 - - [18/Oct/2014:00:00:31 -0500] "GET /PORTAL_SIAC/swf/clip2.swf HTTP/1.1" 200 34316
66.249.65.115 - - [18/Oct/2014:00:00:55 -0500] "GET /MANUALFUNC/Direccion/ HTTP/1.1" 404 1018
66.249.65.119 - - [18/Oct/2014:00:00:58 -0500] "GET /BLA/resoluciones/RESOLUCIONES%202004/RES%202004%201151-1200/00001155.tif HTTP/1.1" 200 195162
66.249.65.123 - - [18/Oct/2014:00:01:19 -0500] "GET /htdocs/aspnet_client/ HTTP/1.1" 404 1018
201.184.143.127 - - [18/Oct/2014:00:01:42 -0500] "POST /forms/lservlet;jsessionid=ac16012b30d56f500381e2064a1e9414f1d64497e77a.e3iSbxaKaheRe34Sa3yKbhiTahb0n6jAmljGr5XDqQLvpAe HTTP/1.1" 200 2
180.76.6.159 - - [18/Oct/2014:00:01:43 -0500] "GET /BLA/resoluciones/AUTOS%202011/3344.pdf HTTP/1.1" 200 219113
66.249.65.123 - - [18/Oct/2014:00:01:44 -0500] "GET /aspnet_client/system_web/ HTTP/1.1" 404 1018
66.249.65.123 - - [18/Oct/2014:00:02:08 -0500] "GET /BLA/resoluciones/AUTOS%202012/0828.pdf HTTP/1.1" 200 161304
180.76.5.193 - - [18/Oct/2014:00:02:22 -0500] "GET /BLA/resoluciones/RESOLUCIONES%202012/1030.pdf HTTP/1.1" 200 585959
66.249.65.119 - - [18/Oct/2014:00:02:32 -0500] "GET /hum/HC-fotosForo-En05/ HTTP/1.1" 404 1018
190.66.56.181 - - [18/Oct/2014:00:02:40 -0500] "GET /BLA/boletinlegal/js/jquery.js HTTP/1.1" 200 57254
190.66.56.181 - - [18/Oct/2014:00:02:40 -0500] "GET /BLA/boletinlegal/js/jquery.scrollTo-min.js HTTP/1.1" 200 1150
190.66.56.181 - - [18/Oct/2014:00:02:40 -0500] "GET /BLA/boletinlegal/js/jquery.scrollShow.js HTTP/1.1" 200 4586
220.181.108.112 - - [18/Oct/2014:00:02:42 -0500] "GET / HTTP/1.1" 302 -
123.125.71.52 - - [18/Oct/2014:00:02:42 -0500] "GET / HTTP/1.1" 302 -
95.211.168.135 - - [18/Oct/2014:00:02:44 -0500] "GET /css/css HTTP/1.0" 404 1013
66.249.65.115 - - [18/Oct/2014:00:03:21 -0500] "GET /MANUALFUNC/Planeacion/ HTTP/1.1" 404 1018
66.249.65.115 - - [18/Oct/2014:00:03:28 -0500] "GET /BLA/circulares/6-2011.pdf HTTP/1.1" 304 -
190.8.192.41 - - [18/Oct/2014:00:03:34 -0500] "GET /BLA/boletinlegal/js/jquery.scrollShow.js HTTP/1.1" 200 4586
190.8.192.41 - - [18/Oct/2014:00:03:34 -0500] "GET /BLA/boletinlegal/js/jquery.js HTTP/1.1" 200 57254
190.8.192.41 - - [18/Oct/2014:00:03:34 -0500] "GET /BLA/boletinlegal/js/jquery.scrollTo-min.js HTTP/1.1" 200 1150
201.184.143.127 - - [18/Oct/2014:00:03:42 -0500] "POST /forms/lservlet;jsessionid=ac16012b30d56f500381e2064a1e9414f1d64497e77a.e3iSbxaKaheRe34Sa3yKbhiTahb0n6jAmljGr5XDqQLvpAe HTTP/1.1" 200 2
66.249.65.123 - - [18/Oct/2014:00:03:45 -0500] "GET /htdocs/FechasTraslado/ HTTP/1.1" 404 1018
74.86.158.107 - - [18/Oct/2014:00:03:46 -0500] "HEAD / HTTP/1.1" 302 -
66.249.65.123 - - [18/Oct/2014:00:04:09 -0500] "GET /even1/Secci%C3%B3n%201/ HTTP/1.1" 404 1018
181.60.96.112 - - [18/Oct/2014:00:04:18 -0500] "GET /pot/2.gif HTTP/1.1" 404 1255
181.60.96.112 - - [18/Oct/2014:00:04:24 -0500] "GET /pot/ HTTP/1.1" 404 1255
181.60.96.112 - - [18/Oct/2014:00:04:24 -0500] "GET /favicon.ico HTTP/1.1" 200 7782
66.249.65.119 - - [18/Oct/2014:00:04:27 -0500] "GET /BLA/resoluciones/Notificaciones/AUTOS%202013/1709.doc HTTP/1.1" 200 225280
66.249.65.51 - - [18/Oct/2014:00:04:40 -0500] "GET /links.htm HTTP/1.1" 404 1019
66.249.65.119 - - [18/Oct/2014:00:04:58 -0500] "GET /even1/Secci%C3%B3n%202/ HTTP/1.1" 404 1018
66.249.65.119 - - [18/Oct/2014:00:05:18 -0500] "GET /BLA/resoluciones/Notificaciones/AUTOS%202013/2999.doc HTTP/1.1" 200 227840
66.249.65.115 - - [18/Oct/2014:00:05:22 -0500] "GET /MANUALFUNC/Competencias/ HTTP/1.1" 404 1018
66.249.65.123 - - [18/Oct/2014:00:05:34 -0500] "GET /BLA/resoluciones/RESOLUCIONES%202011/1661.pdf HTTP/1.1" 200 77127
152.61.128.66 - - [18/Oct/2014:00:05:37 -0500] "HEAD / HTTP/1.1" 302 -
152.61.128.66 - - [18/Oct/2014:00:05:37 -0500] "GET /arcgis/services/Calidad_del_Agua_WQI/MapServer/WMSServer?request=GetCapabilities&service=WMS HTTP/1.1" 200 32135
152.61.128.66 - - [18/Oct/2014:00:05:38 -0500] "GET /arcgis/services/Calidad_del_Agua_WQI/MapServer/WMSServer?request=GetCapabilities&service=WMS HTTP/1.0" 200 32135
152.61.128.66 - - [18/Oct/2014:00:05:39 -0500] "GET /arcgis/services/Calidad_del_Agua_WQI/MapServer/WMSServer?request=GetCapabilities&service=WMS HTTP/1.0" 200 32135
152.61.128.66 - - [18/Oct/2014:00:05:40 -0500] "GET /arcgis/services/Calidad_del_Agua_WQI/MapServer/WMSServer?request=GetCapabilities&service=WMS HTTP/1.0" 200 32135
201.184.143.127 - - [18/Oct/2014:00:05:42 -0500] "POST /forms/lservlet;jsessionid=ac16012b30d56f500381e2064a1e9414f1d64497e77a.e3iSbxaKaheRe34Sa3yKbhiTahb0n6jAmljGr5XDqQLvpAe HTTP/1.1" 200 2
152.61.128.66 - - [18/Oct/2014:00:05:41 -0500] "GET /arcgis/services/Calidad_del_Agua_WQI/MapServer/WMSServer?VERSION=1.1.1&REQUEST=GetMap&LAYERS=0&SRS=EPSG:4326&BBOX=-74.473395,3.674381,-73.963300,4.920569&WIDTH=250&HEIGHT=250&FORMAT=image/bmp&STYLES=& HTTP/1.1" 200 188054
66.249.65.119 - - [18/Oct/2014:00:06:11 -0500] "GET /re/Cuento/cuadro6/ HTTP/1.1" 404 1018
181.135.141.43 - - [18/Oct/2014:00:06:12 -0500] "GET /BLA/boletinlegal/js/jquery.js HTTP/1.1" 200 57254
181.135.141.43 - - [18/Oct/2014:00:06:12 -0500] "GET /BLA/boletinlegal/js/jquery.scrollTo-min.js HTTP/1.1" 200 1150
181.135.141.43 - - [18/Oct/2014:00:06:12 -0500] "GET /BLA/boletinlegal/js/jquery.scrollShow.js HTTP/1.1" 200 4586
66.249.65.119 - - [18/Oct/2014:00:06:17 -0500] "GET /BLA/resoluciones/RESOLUCIONES%202011/0545.pdf HTTP/1.1" 200 67455
66.249.65.119 - - [18/Oct/2014:00:06:35 -0500] "GET /MANUALFUNC/Administrativa%20y%20Financiera/ HTTP/1.1" 404 1018
66.249.65.115 - - [18/Oct/2014:00:06:46 -0500] "GET /BLA/resoluciones/Autos%202008/0468.pdf HTTP/1.1" 200 241530
66.249.65.123 - - [18/Oct/2014:00:06:59 -0500] "GET /portel_dama/documentacion/ HTTP/1.1" 404 1018
66.249.65.115 - - [18/Oct/2014:00:07:23 -0500] "GET /portel_dama/configuracion/ HTTP/1.1" 404 1018
201.184.143.127 - - [18/Oct/2014:00:07:42 -0500] "POST /forms/lservlet;jsessionid=ac16012b30d56f500381e2064a1e9414f1d64497e77a.e3iSbxaKaheRe34Sa3yKbhiTahb0n6jAmljGr5XDqQLvpAe HTTP/1.1" 200 2
66.249.65.123 - - [18/Oct/2014:00:07:48 -0500] "GET /MANUALFUNC/Ambiental%20Sectorial/ HTTP/1.1" 404 1018
190.84.29.175 - - [18/Oct/2014:00:08:17 -0500] "GET /BLA/boletinlegal/js/jquery.scrollShow.js HTTP/1.1" 200 4586
190.84.29.175 - - [18/Oct/2014:00:08:17 -0500] "GET /BLA/boletinlegal/js/jquery.scrollTo-min.js HTTP/1.1" 200 1150
190.84.29.175 - - [18/Oct/2014:00:08:17 -0500] "GET /BLA/boletinlegal/js/jquery.js HTTP/1.1" 200 57254
66.249.65.123 - - [18/Oct/2014:00:08:36 -0500] "GET /BLA/resoluciones/RESOLUCIONES%202008/5456.pdf HTTP/1.1" 304 -
74.86.158.107 - - [18/Oct/2014:00:08:46 -0500] "HEAD / HTTP/1.1" 302 -
66.249.65.55 - - [18/Oct/2014:00:09:13 -0500] "GET /Autoliquidacion/index.php?dir=Solicitudes%20relacionadas%20con%20calidad%20del%20aire%20auditiva%20y%20visual/&sort=name&order=asc HTTP/1.1" 200 5748
201.184.143.127 - - [18/Oct/2014:00:09:42 -0500] "POST /forms/lservlet;jsessionid=ac16012b30d56f500381e2064a1e9414f1d64497e77a.e3iSbxaKaheRe34Sa3yKbhiTahb0n6jAmljGr5XDqQLvpAe HTTP/1.1" 200 2
66.249.65.115 - - [18/Oct/2014:00:09:49 -0500] "GET /documentosIntranet/CertificadoAportes/ HTTP/1.1" 404 1018
66.249.65.115 - - [18/Oct/2014:00:10:04 -0500] "GET /PORTAL_SIAC/swf/ClearOverPlaySeekMute.swf HTTP/1.1" 200 3497
66.249.65.115 - - [18/Oct/2014:00:10:13 -0500] "GET /pread/new/3.ppt HTTP/1.1" 404 1018
100.43.85.25 - - [18/Oct/2014:00:10:27 -0500] "GET /htdocs/decide.php?acc=this&d=9&m=9&patron=&y=2014 HTTP/1.1" 404 1019
66.249.65.119 - - [18/Oct/2014:00:10:37 -0500] "GET /re/Cuento/cuadro22/ HTTP/1.1" 404 1018
66.249.65.119 - - [18/Oct/2014:00:10:54 -0500] "GET /BLA/resoluciones/RESOLUCIONES%202011/1207.pdf HTTP/1.1" 200 489988
66.249.65.115 - - [18/Oct/2014:00:11:02 -0500] "GET /BLA/resoluciones/RESOLUCIONES%202009/7138.pdf HTTP/1.1" 304 -
66.249.65.123 - - [18/Oct/2014:00:11:26 -0500] "GET /BLA/resoluciones/RESOLUCIONES%202013/1319.pdf HTTP/1.1" 200 1207387
201.184.143.127 - - [18/Oct/2014:00:11:43 -0500] "POST /forms/lservlet;jsessionid=ac16012b30d56f500381e2064a1e9414f1d64497e77a.e3iSbxaKaheRe34Sa3yKbhiTahb0n6jAmljGr5XDqQLvpAe HTTP/1.1" 200 2
66.249.65.119 - - [18/Oct/2014:00:11:50 -0500] "GET /BLA/resoluciones/AUTOS%202011/0868.pdf HTTP/1.1" 200 267953
66.249.65.119 - - [18/Oct/2014:00:11:52 -0500] "GET /BLA/resoluciones/index.php?dir=RESOLUCIONES%202005/RES%202005%203051-3100/&sort=size&order=desc HTTP/1.1" 200 12359
66.249.65.123 - - [18/Oct/2014:00:11:53 -0500] "GET /BLA/resoluciones/RESOLUCIONES%202009/7637.pdf HTTP/1.1" 200 899850
180.76.6.147 - - [18/Oct/2014:00:12:36 -0500] "GET /BLA/resoluciones/AUTOS%202011/3378.pdf HTTP/1.1" 200 183357
66.249.65.115 - - [18/Oct/2014:00:12:41 -0500] "GET /BLA/resoluciones/RESOLUCIONES%202003/RES%202003%20401-450/412.tif HTTP/1.1" 200 117844
66.249.65.123 - - [18/Oct/2014:00:13:12 -0500] "GET /BLA/resoluciones/Notificaciones/AUTOS%202013/2911.doc HTTP/1.1" 200 228864
190.69.222.215 - - [18/Oct/2014:00:13:14 -0500] "GET /BLA/boletinlegal/js/jquery.js HTTP/1.1" 200 57254
190.69.222.215 - - [18/Oct/2014:00:13:14 -0500] "GET /BLA/boletinlegal/js/jquery.scrollTo-min.js HTTP/1.1" 200 1150
190.69.222.215 - - [18/Oct/2014:00:13:14 -0500] "GET /BLA/boletinlegal/js/jquery.scrollShow.js HTTP/1.1" 200 4586
66.249.65.123 - - [18/Oct/2014:00:13:31 -0500] "GET /BLA/resoluciones/RESOLUCIONES%202011/0922.pdf HTTP/1.1" 200 71611
186.29.227.54 - - [18/Oct/2014:00:13:35 -0500] "GET /BLA/boletinlegal/js/jquery.js HTTP/1.1" 200 57254
186.29.227.54 - - [18/Oct/2014:00:13:36 -0500] "GET /BLA/boletinlegal/js/jquery.scrollTo-min.js HTTP/1.1" 200 1150
186.29.227.54 - - [18/Oct/2014:00:13:36 -0500] "GET /BLA/boletinlegal/js/jquery.scrollShow.js HTTP/1.1" 200 4586
201.184.143.127 - - [18/Oct/2014:00:13:43 -0500] "POST /forms/lservlet;jsessionid=ac16012b30d56f500381e2064a1e9414f1d64497e77a.e3iSbxaKaheRe34Sa3yKbhiTahb0n6jAmljGr5XDqQLvpAe HTTP/1.1" 200 2
74.86.158.107 - - [18/Oct/2014:00:13:46 -0500] "HEAD / HTTP/1.1" 302 -
152.61.193.99 - - [18/Oct/2014:00:14:25 -0500] "HEAD / HTTP/1.1" 302 -
152.61.193.99 - - [18/Oct/2014:00:14:26 -0500] "GET /arcgis/services/Calidad_del_Agua_WQI/MapServer/WMSServer?request=GetCapabilities&service=WMS HTTP/1.1" 200 32135
152.61.193.99 - - [18/Oct/2014:00:14:26 -0500] "GET /arcgis/services/Calidad_del_Agua_WQI/MapServer/WMSServer?request=GetCapabilities&service=WMS HTTP/1.1" 200 32135
152.61.193.99 - - [18/Oct/2014:00:14:27 -0500] "GET /arcgis/services/Calidad_del_Agua_WQI/MapServer/WMSServer?request=GetCapabilities&service=WMS HTTP/1.1" 200 32135
152.61.193.99 - - [18/Oct/2014:00:14:28 -0500] "GET /arcgis/services/Calidad_del_Agua_WQI/MapServer/WMSServer?request=GetCapabilities&service=WMS HTTP/1.1" 200 32135
152.61.193.99 - - [18/Oct/2014:00:14:29 -0500] "GET /arcgis/services/Calidad_del_Agua_WQI/MapServer/WMSServer?VERSION=1.1.1&REQUEST=GetMap&LAYERS=0&SRS=EPSG:4326&BBOX=-74.473395,3.674381,-73.963300,4.920569&WIDTH=250&HEIGHT=250&FORMAT=image/bmp&STYLES=& HTTP/1.1" 200 188054
180.76.6.44 - - [18/Oct/2014:00:14:38 -0500] "GET /BLA/resoluciones/AUTOS%202007/2716.pdf HTTP/1.1" 200 107436
66.249.65.119 - - [18/Oct/2014:00:14:40 -0500] "GET /BLA/resoluciones/RESOLUCIONES%202010/5170.pdf HTTP/1.1" 200 1045354
66.249.65.119 - - [18/Oct/2014:00:15:04 -0500] "GET /BLA/resoluciones/RESOLUCIONES%202010/4280.pdf HTTP/1.1" 200 756699
66.249.65.119 - - [18/Oct/2014:00:15:07 -0500] "GET /BLA/resoluciones/RESOLUCIONES%202007/RES%202007%202901%20AL%203000/RESOLUCION%202940%20DE%202007.pdf HTTP/1.1" 200 332714
66.249.65.119 - - [18/Oct/2014:00:15:29 -0500] "GET /BLA/resoluciones/RESOLUCIONES%202008/2565.pdf HTTP/1.1" 200 315454
201.184.143.127 - - [18/Oct/2014:00:15:44 -0500] "POST /forms/lservlet;jsessionid=ac16012b30d56f500381e2064a1e9414f1d64497e77a.e3iSbxaKaheRe34Sa3yKbhiTahb0n6jAmljGr5XDqQLvpAe HTTP/1.1" 200 2
186.116.80.16 - - [18/Oct/2014:00:15:46 -0500] "GET /Residuos/impresion/files/guia_impresion-lit.pdf HTTP/1.1" 404 1254
186.116.80.16 - - [18/Oct/2014:00:15:47 -0500] "GET /favicon.ico HTTP/1.1" 200 7782
66.249.65.119 - - [18/Oct/2014:00:15:53 -0500] "GET /BLA/resoluciones/RESOLUCIONES%202008/3866.pdf HTTP/1.1" 200 469028
152.61.128.66 - - [18/Oct/2014:00:15:58 -0500] "HEAD / HTTP/1.1" 302 -
152.61.128.66 - - [18/Oct/2014:00:15:58 -0500] "GET /arcgis/services/Calidad_del_Agua_WQI/MapServer/WMSServer?SERVICE=WMS&REQUEST=GetCapabilities HTTP/1.1" 200 32135
152.61.128.66 - - [18/Oct/2014:00:15:59 -0500] "GET /arcgis/services/Calidad_del_Agua_WQI/MapServer/WMSServer?SERVICE=WMS&REQUEST=GetCapabilities HTTP/1.0" 200 32135
152.61.128.66 - - [18/Oct/2014:00:16:00 -0500] "GET /arcgis/services/Calidad_del_Agua_WQI/MapServer/WMSServer?SERVICE=WMS&REQUEST=GetCapabilities HTTP/1.0" 200 32135
152.61.128.66 - - [18/Oct/2014:00:16:01 -0500] "GET /arcgis/services/Calidad_del_Agua_WQI/MapServer/WMSServer?SERVICE=WMS&REQUEST=GetCapabilities HTTP/1.0" 200 32135
152.61.128.66 - - [18/Oct/2014:00:16:02 -0500] "GET /arcgis/services/Calidad_del_Agua_WQI/MapServer/WMSServer?VERSION=1.1.1&REQUEST=GetMap&LAYERS=0&SRS=EPSG:4326&BBOX=-74.473395,3.674381,-73.963300,4.920569&WIDTH=250&HEIGHT=250&FORMAT=image/bmp&STYLES=& HTTP/1.1" 200 188054
66.249.65.123 - - [18/Oct/2014:00:16:06 -0500] "GET /BLA/resoluciones/RESOLUCIONES%202009/8138.pdf HTTP/1.1" 304 -
66.249.65.123 - - [18/Oct/2014:00:16:12 -0500] "GET /BLA/resoluciones/Notificaciones/AUTOS%202013/2278.doc HTTP/1.1" 200 262656
66.249.65.119 - - [18/Oct/2014:00:16:17 -0500] "GET /BLA/resoluciones/RESOLUCIONES%202008/1182.pdf HTTP/1.1" 200 169450
66.249.65.123 - - [18/Oct/2014:00:16:42 -0500] "GET /BLA/resoluciones/AUTOS%202010/0158.pdf HTTP/1.1" 200 191139
104.194.15.142 - - [18/Oct/2014:00:17:04 -0500] "GET / HTTP/1.1" 302 -
66.249.65.123 - - [18/Oct/2014:00:17:06 -0500] "GET /BLA/resoluciones/RESOLUCIONES%202010/4568.pdf HTTP/1.1" 200 1099870
66.249.65.123 - - [18/Oct/2014:00:17:30 -0500] "GET /BLA/resoluciones/RESOLUCIONES%202008/3889.pdf HTTP/1.1" 200 153599
66.249.65.115 - - [18/Oct/2014:00:17:41 -0500] "GET /BLA/resoluciones/RESOLUCIONES%202004/RES%202004%201151-1200/00001178.tif HTTP/1.1" 200 199896
66.249.65.123 - - [18/Oct/2014:00:17:43 -0500] "GET /BLA/resoluciones/RESOLUCIONES%202007/RES%202007%201501%20AL%201600/RESOLUCION%201568%20DE%202007.pdf HTTP/1.1" 200 534448
201.184.143.127 - - [18/Oct/2014:00:17:44 -0500] "POST /forms/lservlet;jsessionid=ac16012b30d56f500381e2064a1e9414f1d64497e77a.e3iSbxaKaheRe34Sa3yKbhiTahb0n6jAmljGr5XDqQLvpAe HTTP/1.1" 200 2
66.249.65.115 - - [18/Oct/2014:00:17:54 -0500] "GET /BLA/resoluciones/RESOLUCIONES%202010/4141.pdf HTTP/1.1" 200 758507
181.246.76.123 - - [18/Oct/2014:00:18:11 -0500] "GET /BLA/resoluciones/RESOLUCIONES%202010/0767.pdf HTTP/1.1" 200 105108
181.246.76.123 - - [18/Oct/2014:00:18:12 -0500] "GET /BLA/resoluciones/RESOLUCIONES%202010/0767.pdf HTTP/1.1" 200 105108
66.249.65.123 - - [18/Oct/2014:00:18:19 -0500] "GET /Autoliquidacion/Cobro%20Clasificacion%20Uso%20De%20Vivenda%20En%20Suelo%20Restringido/ HTTP/1.1" 200 1895
66.249.65.123 - - [18/Oct/2014:00:18:22 -0500] "GET /BLA/resoluciones/RESOLUCIONES%202011/0265.pdf HTTP/1.1" 200 61625
181.234.226.150 - - [18/Oct/2014:00:18:25 -0500] "GET /galeria/nivo-slider/demo/demo.html HTTP/1.1" 304 -
181.234.226.150 - - [18/Oct/2014:00:18:26 -0500] "GET /galeria/nivo-slider/demo/images/banner-redes.jpg HTTP/1.1" 304 -
181.246.76.123 - - [18/Oct/2014:00:18:29 -0500] "GET /BLA/resoluciones/RESOLUCIONES%202010/0767.pdf HTTP/1.1" 200 105108
181.246.76.123 - - [18/Oct/2014:00:18:29 -0500] "GET /BLA/resoluciones/RESOLUCIONES%202010/0767.pdf HTTP/1.1" 200 105108
181.234.226.150 - - [18/Oct/2014:00:18:42 -0500] "GET /galeria/nivo-slider/demo/images/mesTIC.jpg HTTP/1.1" 304 -
66.249.65.115 - - [18/Oct/2014:00:18:43 -0500] "GET /BLA/resoluciones/RESOLUCIONES%202008/0901.pdf HTTP/1.1" 200 248651
74.86.158.107 - - [18/Oct/2014:00:18:46 -0500] "HEAD / HTTP/1.1" 302 -
66.249.65.119 - - [18/Oct/2014:00:18:51 -0500] "GET /BLA/resoluciones/RESOLUCIONES%202009/3135.pdf HTTP/1.1" 304 -
66.249.65.115 - - [18/Oct/2014:00:19:02 -0500] "GET /BLA/resoluciones/RESOLUCIONES%202011/1612.pdf HTTP/1.1" 200 72389
181.246.76.123 - - [18/Oct/2014:00:19:03 -0500] "GET /BLA/resoluciones/RESOLUCIONES%202010/0767.pdf HTTP/1.1" 200 105108
181.246.76.123 - - [18/Oct/2014:00:19:04 -0500] "GET /BLA/resoluciones/RESOLUCIONES%202010/0767.pdf HTTP/1.1" 200 105108
66.249.65.115 - - [18/Oct/2014:00:19:07 -0500] "GET /BLA/resoluciones/RESOLUCIONES%202008/3519.pdf HTTP/1.1" 200 449389
66.249.65.119 - - [18/Oct/2014:00:19:13 -0500] "GET /BLA/resoluciones/RESOLUCIONES%202007/RES%202007%202201%20AL%202300/RESOLUCION%202253%20DE%202007.pdf HTTP/1.1" 200 595469
66.249.65.123 - - [18/Oct/2014:00:19:23 -0500] "GET /BLA/resoluciones/RESOLUCIONES%202009/4671.pdf HTTP/1.1" 200 774420
66.249.65.123 - - [18/Oct/2014:00:19:31 -0500] "GET /BLA/resoluciones/RESOLUCIONES%202009/4876.pdf HTTP/1.1" 200 733084
201.184.143.127 - - [18/Oct/2014:00:19:45 -0500] "POST /forms/lservlet;jsessionid=ac16012b30d56f500381e2064a1e9414f1d64497e77a.e3iSbxaKaheRe34Sa3yKbhiTahb0n6jAmljGr5XDqQLvpAe HTTP/1.1" 200 2
66.249.65.123 - - [18/Oct/2014:00:19:56 -0500] "GET /BLA/resoluciones/RESOLUCIONES%202008/3417.pdf HTTP/1.1" 200 257648
66.249.65.115 - - [18/Oct/2014:00:20:20 -0500] "GET /BLA/resoluciones/RESOLUCIONES%202008/0643.pdf HTTP/1.1" 200 169825
201.184.98.64 - - [18/Oct/2014:00:20:24 -0500] "GET /BLA/boletinlegal/js/jquery.js HTTP/1.1" 200 57254
201.184.98.64 - - [18/Oct/2014:00:20:24 -0500] "GET /BLA/boletinlegal/js/jquery.scrollTo-min.js HTTP/1.1" 200 1150
201.184.98.64 - - [18/Oct/2014:00:20:24 -0500] "GET /BLA/boletinlegal/js/jquery.scrollShow.js HTTP/1.1" 200 4586
157.55.39.38 - - [18/Oct/2014:00:20:43 -0500] "GET /BLA/boletinlegal/js/jquery.scrollTo-min.js HTTP/1.1" 200 1150
66.249.65.123 - - [18/Oct/2014:00:20:44 -0500] "GET /BLA/resoluciones/RESOLUCIONES%202008/1295.pdf HTTP/1.1" 200 871057
157.55.39.6 - - [18/Oct/2014:00:20:48 -0500] "GET /BLA/boletinlegal/js/jquery.scrollShow.js HTTP/1.1" 200 4586
207.46.13.132 - - [18/Oct/2014:00:20:54 -0500] "GET /robots.txt HTTP/1.1" 404 1018
207.46.13.132 - - [18/Oct/2014:00:20:54 -0500] "GET /robots.txt HTTP/1.1" 404 1018
207.46.13.132 - - [18/Oct/2014:00:20:54 -0500] "GET /robots.txt HTTP/1.1" 404 1018
207.46.13.132 - - [18/Oct/2014:00:20:54 -0500] "GET /BLA/boletinlegal/js/jquery.js HTTP/1.1" 200 57254
66.249.65.115 - - [18/Oct/2014:00:21:08 -0500] "GET /BLA/resoluciones/AUTOS%202007/0696.pdf HTTP/1.1" 200 121385
66.249.65.115 - - [18/Oct/2014:00:21:33 -0500] "GET /BLA/resoluciones/RESOLUCIONES%202008/5424.pdf HTTP/1.1" 200 306693
201.184.143.127 - - [18/Oct/2014:00:21:45 -0500] "POST /forms/lservlet;jsessionid=ac16012b30d56f500381e2064a1e9414f1d64497e77a.e3iSbxaKaheRe34Sa3yKbhiTahb0n6jAmljGr5XDqQLvpAe HTTP/1.1" 200 2
66.249.65.115 - - [18/Oct/2014:00:21:45 -0500] "GET /BLA/resoluciones/RESOLUCIONES%202003/RES%202003%20601-650/604.tif HTTP/1.1" 200 77964
66.249.65.115 - - [18/Oct/2014:00:21:57 -0500] "GET /BLA/resoluciones/RESOLUCIONES%202008/2859.pdf HTTP/1.1" 200 256422
66.249.65.115 - - [18/Oct/2014:00:22:00 -0500] "GET /BLA/resoluciones/Notificaciones/AUTOS%202013/3174.doc HTTP/1.1" 200 880640
66.249.65.123 - - [18/Oct/2014:00:22:21 -0500] "GET /BLA/resoluciones/RESOLUCIONES%202010/4022.pdf HTTP/1.1" 200 883563
66.249.65.119 - - [18/Oct/2014:00:22:50 -0500] "GET /BLA/resoluciones/RESOLUCIONES%202007/RES%202007%201401%20AL%201500/RESOLUCION%201486%20DE%202007.pdf HTTP/1.1" 200 255699
180.76.5.144 - - [18/Oct/2014:00:22:52 -0500] "GET /BLA/resoluciones/RESOLUCIONES%202012/1879.pdf HTTP/1.1" 200 1809484
66.249.65.119 - - [18/Oct/2014:00:23:10 -0500] "GET /BLA/resoluciones/RESOLUCIONES%202008/2734.pdf HTTP/1.1" 200 203793
181.141.53.143 - - [18/Oct/2014:00:23:15 -0500] "GET /BLA/boletinlegal/js/jquery.js HTTP/1.1" 200 57254
181.141.53.143 - - [18/Oct/2014:00:23:15 -0500] "GET /BLA/boletinlegal/js/jquery.scrollTo-min.js HTTP/1.1" 200 1150
181.141.53.143 - - [18/Oct/2014:00:23:15 -0500] "GET /BLA/boletinlegal/js/jquery.scrollShow.js HTTP/1.1" 200 4586
66.249.65.115 - - [18/Oct/2014:00:23:21 -0500] "GET /BLA/resoluciones/RESOLUCIONES%202011/0573.pdf HTTP/1.1" 200 67393
66.249.65.119 - - [18/Oct/2014:00:23:24 -0500] "GET /BLA/resoluciones/Notificaciones/AUTOS%202013/3175.doc HTTP/1.1" 200 904704
100.43.85.25 - - [18/Oct/2014:00:23:28 -0500] "GET /pread/anexo4/2.gif HTTP/1.1" 404 1019
66.249.65.115 - - [18/Oct/2014:00:23:34 -0500] "GET /BLA/resoluciones/RESOLUCIONES%202011/0581.pdf HTTP/1.1" 200 77913
66.249.65.59 - - [18/Oct/2014:00:23:35 -0500] "GET /htdocs/gallery2/g2data/cache/derivative/0/8/ HTTP/1.1" 404 1019
201.184.143.127 - - [18/Oct/2014:00:23:45 -0500] "POST /forms/lservlet;jsessionid=ac16012b30d56f500381e2064a1e9414f1d64497e77a.e3iSbxaKaheRe34Sa3yKbhiTahb0n6jAmljGr5XDqQLvpAe HTTP/1.1" 200 2
74.86.158.107 - - [18/Oct/2014:00:23:46 -0500] "HEAD / HTTP/1.1" 302 -
66.249.65.123 - - [18/Oct/2014:00:23:58 -0500] "GET /BLA/resoluciones/RESOLUCIONES%202010/0360.pdf HTTP/1.1" 200 515469
180.76.5.81 - - [18/Oct/2014:00:24:02 -0500] "GET /BLA/resoluciones/AUTOS%202007/1563.pdf HTTP/1.1" 200 28122
66.249.65.115 - - [18/Oct/2014:00:24:23 -0500] "GET /BLA/resoluciones/RESOLUCIONES%202010/5746.pdf HTTP/1.1" 200 88354
66.249.65.115 - - [18/Oct/2014:00:24:47 -0500] "GET /BLA/resoluciones/RESOLUCIONES%202010/1703.pdf HTTP/1.1" 200 314217
66.249.65.115 - - [18/Oct/2014:00:24:56 -0500] "GET /re1/Que%20es/Talleres/imagen%20talleres/talleres.htm HTTP/1.1" 404 1018
66.249.65.119 - - [18/Oct/2014:00:25:02 -0500] "GET /BLA/resoluciones/RESOLUCIONES%202007/RES%202007%201401%20AL%201500/RESOLUCION%201495%20DE%202007.pdf HTTP/1.1" 200 232154
66.249.65.115 - - [18/Oct/2014:00:25:11 -0500] "GET /BLA/resoluciones/RESOLUCIONES%202010/4045.pdf HTTP/1.1" 200 732463
66.249.65.119 - - [18/Oct/2014:00:25:21 -0500] "GET /BLA/resoluciones/RESOLUCIONES%202011/0199.pdf HTTP/1.1" 200 67243
66.249.65.115 - - [18/Oct/2014:00:25:35 -0500] "GET /BLA/resoluciones/RESOLUCIONES%202008/2341.pdf HTTP/1.1" 200 405891
181.207.78.132 - - [18/Oct/2014:00:25:39 -0500] "GET /BLA/boletinlegal/js/jquery.scrollTo-min.js HTTP/1.1" 200 1150
181.207.78.132 - - [18/Oct/2014:00:25:39 -0500] "GET /BLA/boletinlegal/js/jquery.js HTTP/1.1" 200 57254
181.207.78.132 - - [18/Oct/2014:00:25:39 -0500] "GET /BLA/boletinlegal/js/jquery.scrollShow.js HTTP/1.1" 200 4586
201.184.143.127 - - [18/Oct/2014:00:25:46 -0500] "POST /forms/lservlet;jsessionid=ac16012b30d56f500381e2064a1e9414f1d64497e77a.e3iSbxaKaheRe34Sa3yKbhiTahb0n6jAmljGr5XDqQLvpAe HTTP/1.1" 200 2
201.245.192.253 - - [18/Oct/2014:00:25:53 -0500] "GET /isolucionsda/bancoconocimiento/A/AvisodeCitacion_v8/aviso%20de%20citacion012.doc HTTP/1.1" 304 -
66.249.65.119 - - [18/Oct/2014:00:26:00 -0500] "GET /BLA/resoluciones/RESOLUCIONES%202008/2140.pdf HTTP/1.1" 200 211763
66.249.65.123 - - [18/Oct/2014:00:26:09 -0500] "GET /BLA/resoluciones/Autos%202008/0750.pdf HTTP/1.1" 200 224704
66.249.65.115 - - [18/Oct/2014:00:26:24 -0500] "GET /BLA/resoluciones/RESOLUCIONES%202008/4264.pdf HTTP/1.1" 200 313511
180.76.5.28 - - [18/Oct/2014:00:26:42 -0500] "GET /BLA/resoluciones/Autos%202008/1830.pdf HTTP/1.1" 200 158190
66.249.65.123 - - [18/Oct/2014:00:26:48 -0500] "GET /BLA/resoluciones/RESOLUCIONES%202010/4132.pdf HTTP/1.1" 200 760407
66.249.65.115 - - [18/Oct/2014:00:27:13 -0500] "GET /BLA/resoluciones/RESOLUCIONES%202010/4992.pdf HTTP/1.1" 200 744548
66.249.65.123 - - [18/Oct/2014:00:27:37 -0500] "GET /BLA/resoluciones/RESOLUCIONES%202010/6451.pdf HTTP/1.1" 200 274834
201.184.143.127 - - [18/Oct/2014:00:27:46 -0500] "POST /forms/lservlet;jsessionid=ac16012b30d56f500381e2064a1e9414f1d64497e77a.e3iSbxaKaheRe34Sa3yKbhiTahb0n6jAmljGr5XDqQLvpAe HTTP/1.1" 200 2
66.249.65.119 - - [18/Oct/2014:00:28:01 -0500] "GET /BLA/resoluciones/RESOLUCIONES%202008/4522.pdf HTTP/1.1" 200 357562
66.249.65.119 - - [18/Oct/2014:00:28:25 -0500] "GET /BLA/resoluciones/AUTOS%202008/2858.pdf HTTP/1.1" 200 188752
74.86.158.107 - - [18/Oct/2014:00:28:46 -0500] "HEAD / HTTP/1.1" 302 -
66.249.65.115 - - [18/Oct/2014:00:28:50 -0500] "GET /BLA/resoluciones/AUTOS%202010/5101.pdf HTTP/1.1" 200 214324
66.249.65.123 - - [18/Oct/2014:00:28:54 -0500] "GET /BLA/resoluciones/RESOLUCIONES%202014/0631.pdf HTTP/1.1" 200 2425940
66.249.65.119 - - [18/Oct/2014:00:29:14 -0500] "GET /BLA/resoluciones/AUTOS%202008/2568.pdf HTTP/1.1" 200 162214
66.249.65.115 - - [18/Oct/2014:00:29:15 -0500] "GET /BLA/resoluciones/RESOLUCIONES%202007/RES%202007%201101%20AL%201200/RESOLUCION%201138%20DE%202007.pdf HTTP/1.1" 200 811613
66.249.65.123 - - [18/Oct/2014:00:29:38 -0500] "GET /BLA/resoluciones/AUTOS%202008/0408.pdf HTTP/1.1" 200 80893
201.184.143.127 - - [18/Oct/2014:00:29:46 -0500] "POST /forms/lservlet;jsessionid=ac16012b30d56f500381e2064a1e9414f1d64497e77a.e3iSbxaKaheRe34Sa3yKbhiTahb0n6jAmljGr5XDqQLvpAe HTTP/1.1" 200 2
66.249.65.115 - - [18/Oct/2014:00:30:02 -0500] "GET /BLA/resoluciones/RESOLUCIONES%202007/RES%202007%203601%20AL%203700/RESOLUCION%203607%20DE%202007.pdf HTTP/1.1" 200 46110
66.249.65.115 - - [18/Oct/2014:00:30:27 -0500] "GET /BLA/resoluciones/RESOLUCIONES%202011/2250.pdf HTTP/1.1" 200 711672
180.76.5.73 - - [18/Oct/2014:00:30:29 -0500] "GET /BLA/resoluciones/Autos%202008/1958.pdf HTTP/1.1" 200 87977
66.249.65.115 - - [18/Oct/2014:00:30:51 -0500] "GET /BLA/resoluciones/AUTOS%202012/1826.pdf HTTP/1.1" 200 279530
180.76.6.36 - - [18/Oct/2014:00:31:04 -0500] "GET /BLA/resoluciones/Autos%202008/1194.pdf HTTP/1.1" 200 96507
66.249.65.119 - - [18/Oct/2014:00:31:15 -0500] "GET /BLA/resoluciones/AUTOS%202009/2411.pdf HTTP/1.1" 200 100116
66.249.65.115 - - [18/Oct/2014:00:31:39 -0500] "GET /BLA/resoluciones/RESOLUCIONES%202011/2252.pdf HTTP/1.1" 200 748180
201.184.143.127 - - [18/Oct/2014:00:31:46 -0500] "POST /forms/lservlet;jsessionid=ac16012b30d56f500381e2064a1e9414f1d64497e77a.e3iSbxaKaheRe34Sa3yKbhiTahb0n6jAmljGr5XDqQLvpAe HTTP/1.1" 200 2
66.249.65.119 - - [18/Oct/2014:00:32:04 -0500] "GET /BLA/resoluciones/RESOLUCIONES%202011/3187.pdf HTTP/1.1" 200 971860
66.249.65.115 - - [18/Oct/2014:00:32:09 -0500] "GET /BLA/resoluciones/RESOLUCIONES%202009/8691.pdf HTTP/1.1" 304 -
66.249.65.119 - - [18/Oct/2014:00:32:28 -0500] "GET /BLA/resoluciones/AUTOS%202011/0769.pdf HTTP/1.1" 200 158493
180.76.6.148 - - [18/Oct/2014:00:32:50 -0500] "GET /BLA/resoluciones/AUTOS%202011/1628.pdf HTTP/1.1" 200 156527
66.249.65.115 - - [18/Oct/2014:00:32:52 -0500] "GET /BLA/resoluciones/RESOLUCIONES%202011/4822.pdf HTTP/1.1" 200 495657
66.249.65.119 - - [18/Oct/2014:00:33:17 -0500] "GET /BLA/resoluciones/RESOLUCIONES%202011/0301.pdf HTTP/1.1" 200 73065
66.249.65.119 - - [18/Oct/2014:00:33:39 -0500] "GET /BLA/resoluciones/RESOLUCIONES%202003/RES%202003%20401-450/444.tif HTTP/1.1" 200 155068
66.249.65.115 - - [18/Oct/2014:00:33:41 -0500] "GET /BLA/resoluciones/AUTOS%202008/0624.pdf HTTP/1.1" 200 91191
74.86.158.107 - - [18/Oct/2014:00:33:46 -0500] "HEAD / HTTP/1.1" 302 -
201.184.143.127 - - [18/Oct/2014:00:33:47 -0500] "POST /forms/lservlet;jsessionid=ac16012b30d56f500381e2064a1e9414f1d64497e77a.e3iSbxaKaheRe34Sa3yKbhiTahb0n6jAmljGr5XDqQLvpAe HTTP/1.1" 200 2
66.249.65.123 - - [18/Oct/2014:00:34:05 -0500] "GET /BLA/resoluciones/RESOLUCIONES%202007/RES%202007%20701%20AL%20800/RESOLUCION%200751%20DE%202007.pdf HTTP/1.1" 200 515138
66.249.65.119 - - [18/Oct/2014:00:34:29 -0500] "GET /BLA/resoluciones/AUTOS%202008/0505.pdf HTTP/1.1" 200 67861
66.249.65.119 - - [18/Oct/2014:00:34:43 -0500] "GET /BLA/resoluciones/RESOLUCIONES%202009/9266.pdf HTTP/1.1" 304 -
66.249.65.123 - - [18/Oct/2014:00:34:54 -0500] "GET /BLA/resoluciones/AUTOS%202012/1290.pdf HTTP/1.1" 200 190979
180.76.6.153 - - [18/Oct/2014:00:35:08 -0500] "GET /BLA/resoluciones/Autos%202008/2993.pdf HTTP/1.1" 200 277592
66.249.65.115 - - [18/Oct/2014:00:35:18 -0500] "GET /BLA/resoluciones/AUTOS%202008/1740.pdf HTTP/1.1" 200 187469
66.249.65.115 - - [18/Oct/2014:00:35:42 -0500] "GET /BLA/resoluciones/AUTOS%202008/2008.pdf HTTP/1.1" 200 168724
180.76.6.131 - - [18/Oct/2014:00:35:44 -0500] "GET /BLA/resoluciones/RESOLUCIONES%202008/0597.pdf HTTP/1.1" 200 300416
201.184.143.127 - - [18/Oct/2014:00:35:47 -0500] "POST /forms/lservlet;jsessionid=ac16012b30d56f500381e2064a1e9414f1d64497e77a.e3iSbxaKaheRe34Sa3yKbhiTahb0n6jAmljGr5XDqQLvpAe HTTP/1.1" 200 2
201.245.192.253 - - [18/Oct/2014:00:35:58 -0500] "GET /galeria/nivo-slider/demo/images/mesTIC.jpg HTTP/1.1" 304 -
66.249.65.123 - - [18/Oct/2014:00:36:06 -0500] "GET /BLA/resoluciones/AUTOS%202008/2386.pdf HTTP/1.1" 200 163551
100.43.85.25 - - [18/Oct/2014:00:36:27 -0500] "GET /htdocs/decide.php?acc=this&d=18&m=9&patron=&y=2014 HTTP/1.1" 404 1019
66.249.65.119 - - [18/Oct/2014:00:36:31 -0500] "GET /BLA/resoluciones/AUTOS%202011/0823.pdf HTTP/1.1" 200 161579
66.249.65.115 - - [18/Oct/2014:00:36:55 -0500] "GET /BLA/resoluciones/AUTOS%202011/0114.pdf HTTP/1.1" 200 187503
66.249.65.115 - - [18/Oct/2014:00:37:19 -0500] "GET /BLA/resoluciones/AUTOS%202008/1099.pdf HTTP/1.1" 200 91506
66.249.65.119 - - [18/Oct/2014:00:37:43 -0500] "GET /BLA/resoluciones/RESOLUCIONES%202010/6689.pdf HTTP/1.1" 200 657701
201.184.143.127 - - [18/Oct/2014:00:37:50 -0500] "POST /forms/lservlet;jsessionid=ac16012b30d56f500381e2064a1e9414f1d64497e77a.e3iSbxaKaheRe34Sa3yKbhiTahb0n6jAmljGr5XDqQLvpAe HTTP/1.1" 200 2
66.249.65.123 - - [18/Oct/2014:00:38:08 -0500] "GET /BLA/resoluciones/RESOLUCIONES%202010/3787.pdf HTTP/1.1" 200 721211
186.147.126.50 - - [18/Oct/2014:00:38:29 -0500] "GET /BLA/boletinlegal/js/jquery.scrollShow.js HTTP/1.1" 200 4586
186.147.126.50 - - [18/Oct/2014:00:38:29 -0500] "GET /BLA/boletinlegal/js/jquery.scrollTo-min.js HTTP/1.1" 200 1150
186.147.126.50 - - [18/Oct/2014:00:38:29 -0500] "GET /BLA/boletinlegal/js/jquery.js HTTP/1.1" 200 57254
66.249.65.123 - - [18/Oct/2014:00:38:32 -0500] "GET /BLA/resoluciones/RESOLUCIONES%202007/RES%202007%203901%20AL%204000/RESOLUCION%203906%20DE%202007.pdf HTTP/1.1" 200 648657
74.86.158.107 - - [18/Oct/2014:00:38:46 -0500] "HEAD / HTTP/1.1" 302 -
66.249.65.123 - - [18/Oct/2014:00:38:56 -0500] "GET /BLA/resoluciones/RESOLUCIONES%202007/RES%202007%204201%20AL%204300/RESOLUCION%204286%20DE%202007.pdf HTTP/1.1" 304 -
190.25.232.143 - - [18/Oct/2014:00:38:58 -0500] "GET /galeria/nivo-slider/themes/orman/orman.css HTTP/1.1" 304 -
66.249.65.119 - - [18/Oct/2014:00:39:10 -0500] "GET /BLA/resoluciones/RESOLUCIONES%202007/RES%202007%202201%20AL%202300/RESOLUCION%202216%20DE%202007.pdf HTTP/1.1" 200 44143
181.114.121.158 - - [18/Oct/2014:00:39:14 -0500] "GET /BLA/boletinlegal/js/jquery.js HTTP/1.1" 200 57254
181.114.121.158 - - [18/Oct/2014:00:39:15 -0500] "GET /BLA/boletinlegal/js/jquery.scrollTo-min.js HTTP/1.1" 200 1150
181.114.121.158 - - [18/Oct/2014:00:39:15 -0500] "GET /BLA/boletinlegal/js/jquery.scrollShow.js HTTP/1.1" 200 4586
186.31.6.97 - - [18/Oct/2014:00:39:18 -0500] "GET /BLA/boletinlegal/js/jquery.js HTTP/1.1" 200 57254
186.31.6.97 - - [18/Oct/2014:00:39:18 -0500] "GET /BLA/boletinlegal/js/jquery.scrollTo-min.js HTTP/1.1" 200 1150
186.31.6.97 - - [18/Oct/2014:00:39:18 -0500] "GET /BLA/boletinlegal/js/jquery.scrollShow.js HTTP/1.1" 200 4586
186.31.6.97 - - [18/Oct/2014:00:39:19 -0500] "GET /galeria/carrusel/Carrusel/jquery.thumbnailScroller.css HTTP/1.1" 200 2066
186.31.6.97 - - [18/Oct/2014:00:39:20 -0500] "GET /galeria/carrusel/Carrusel/jquery-ui-1.8.13.custom.min.js HTTP/1.1" 200 10800
66.249.65.123 - - [18/Oct/2014:00:39:21 -0500] "GET /BLA/resoluciones/RESOLUCIONES%202007/RES%202007%203601%20AL%203700/RESOLUCION%203679%20DE%202007.pdf HTTP/1.1" 200 197043
186.31.6.97 - - [18/Oct/2014:00:39:21 -0500] "GET /galeria/carrusel/Carrusel/jquery.thumbnailScroller.js HTTP/1.1" 200 8157
186.31.6.97 - - [18/Oct/2014:00:39:21 -0500] "GET /galeria/nivo-slider/demo/demo.html HTTP/1.1" 200 3648
186.31.6.97 - - [18/Oct/2014:00:39:21 -0500] "GET /galeria/nivo-slider/themes/default/default.css HTTP/1.1" 200 1569
186.31.6.97 - - [18/Oct/2014:00:39:21 -0500] "GET /galeria/nivo-slider/themes/pascal/pascal.css HTTP/1.1" 200 2258
186.31.6.97 - - [18/Oct/2014:00:39:21 -0500] "GET /galeria/nivo-slider/themes/orman/orman.css HTTP/1.1" 200 2152
186.31.6.97 - - [18/Oct/2014:00:39:21 -0500] "GET /galeria/nivo-slider/nivo-slider.css HTTP/1.1" 200 1507
186.31.6.97 - - [18/Oct/2014:00:39:22 -0500] "GET /galeria/nivo-slider/demo/style.css HTTP/1.1" 200 2222
186.31.6.97 - - [18/Oct/2014:00:39:22 -0500] "GET /galeria/nivo-slider/demo/scripts/jquery-1.7.1.min.js HTTP/1.1" 200 93868
186.31.6.97 - - [18/Oct/2014:00:39:22 -0500] "GET /galeria/nivo-slider/jquery.nivo.slider.pack.js HTTP/1.1" 200 11561
186.31.6.97 - - [18/Oct/2014:00:39:22 -0500] "GET /galeria/nivo-slider/demo/images/banner-aceite3.jpg HTTP/1.1" 200 88347
186.31.6.97 - - [18/Oct/2014:00:39:22 -0500] "GET /galeria/nivo-slider/demo/images/mesTIC.jpg HTTP/1.1" 200 180719
186.31.6.97 - - [18/Oct/2014:00:39:22 -0500] "GET /galeria/nivo-slider/demo/images/EncuentroAgua1.jpg HTTP/1.1" 200 274179
186.31.6.97 - - [18/Oct/2014:00:39:22 -0500] "GET /galeria/nivo-slider/demo/images/Tingua-azul.jpg HTTP/1.1" 200 307638
186.31.6.97 - - [18/Oct/2014:00:39:22 -0500] "GET /galeria/nivo-slider/demo/images/Banner-Caracol-Africano.jpg HTTP/1.1" 200 331986
186.31.6.97 - - [18/Oct/2014:00:39:22 -0500] "GET /galeria/nivo-slider/demo/images/banner-redes.jpg HTTP/1.1" 200 62209
186.31.6.97 - - [18/Oct/2014:00:39:25 -0500] "GET /galeria/nivo-slider/demo/images/9Signos.jpg HTTP/1.1" 200 93040
186.31.6.97 - - [18/Oct/2014:00:39:25 -0500] "GET /galeria/nivo-slider/demo/images/banner-encuesta.jpg HTTP/1.1" 200 42764
186.31.6.97 - - [18/Oct/2014:00:39:28 -0500] "GET /galeria/nivo-slider/demo/images/banner-llantas2.jpg HTTP/1.1" 200 73153
186.31.6.97 - - [18/Oct/2014:00:39:38 -0500] "GET /galeria/nivo-slider/demo/images/Hacienda_Molinos.jpg HTTP/1.1" 200 319171
186.31.6.97 - - [18/Oct/2014:00:39:38 -0500] "GET /galeria/nivo-slider/demo/images/bannerEcolecta3.jpg HTTP/1.1" 200 280034
186.31.6.97 - - [18/Oct/2014:00:39:39 -0500] "GET /galeria/nivo-slider/demo/images/4Simple_Slider.png HTTP/1.1" 200 11722
186.31.6.97 - - [18/Oct/2014:00:39:39 -0500] "GET /galeria/nivo-slider/themes/default/loading.gif HTTP/1.1" 200 1737
186.31.6.97 - - [18/Oct/2014:00:39:40 -0500] "GET /galeria/nivo-slider/demo/images/banner-caballos.png HTTP/1.1" 200 389106
186.31.6.97 - - [18/Oct/2014:00:39:40 -0500] "GET /galeria/nivo-slider/demo/images/ConstructorasFNL.jpg HTTP/1.1" 200 216551
186.31.6.97 - - [18/Oct/2014:00:39:43 -0500] "GET /videos/Spot_Tinguas.flv HTTP/1.1" 200 2087054
66.249.65.115 - - [18/Oct/2014:00:39:45 -0500] "GET /BLA/resoluciones/RESOLUCIONES%202010/2852.pdf HTTP/1.1" 304 -
201.184.143.127 - - [18/Oct/2014:00:39:50 -0500] "POST /forms/lservlet;jsessionid=ac16012b30d56f500381e2064a1e9414f1d64497e77a.e3iSbxaKaheRe34Sa3yKbhiTahb0n6jAmljGr5XDqQLvpAe HTTP/1.1" 200 2
186.31.6.97 - - [18/Oct/2014:00:39:51 -0500] "GET /galeria/nivo-slider/themes/default/arrows.png HTTP/1.1" 200 824
186.31.6.97 - - [18/Oct/2014:00:39:51 -0500] "GET /galeria/nivo-slider/themes/default/bullets.png HTTP/1.1" 200 1281
66.249.65.115 - - [18/Oct/2014:00:40:03 -0500] "GET /BLA/resoluciones/RESOLUCIONES%202009/6097.pdf HTTP/1.1" 304 -
66.249.65.123 - - [18/Oct/2014:00:40:09 -0500] "GET /BLA/resoluciones/RESOLUCIONES%202007/RES%202007%203501%20AL%203600/RESOLUCION%203510%20DE%202007.pdf HTTP/1.1" 304 -
180.76.6.213 - - [18/Oct/2014:00:40:16 -0500] "GET /BLA/resoluciones/AUTOS%202007/0340.pdf HTTP/1.1" 200 51092
66.249.65.119 - - [18/Oct/2014:00:40:33 -0500] "GET /BLA/resoluciones/AUTOS%202009/1494.pdf HTTP/1.1" 304 -
66.249.65.119 - - [18/Oct/2014:00:40:58 -0500] "GET /BLA/resoluciones/RESOLUCIONES%202010/7518.pdf HTTP/1.1" 200 701503
66.249.65.115 - - [18/Oct/2014:00:41:22 -0500] "GET /BLA/resoluciones/RESOLUCIONES%202012/1247.pdf HTTP/1.1" 304 -
152.61.193.99 - - [18/Oct/2014:00:41:40 -0500] "HEAD / HTTP/1.1" 302 -
152.61.193.99 - - [18/Oct/2014:00:41:40 -0500] "GET /arcgis/services/Calidad_del_Agua_WQI/MapServer/WMSServer?SERVICE=WMS&REQUEST=GetCapabilities HTTP/1.1" 200 32135
152.61.193.99 - - [18/Oct/2014:00:41:41 -0500] "GET /arcgis/services/Calidad_del_Agua_WQI/MapServer/WMSServer?SERVICE=WMS&REQUEST=GetCapabilities HTTP/1.1" 200 32135
152.61.193.99 - - [18/Oct/2014:00:41:41 -0500] "GET /arcgis/services/Calidad_del_Agua_WQI/MapServer/WMSServer?SERVICE=WMS&REQUEST=GetCapabilities HTTP/1.1" 200 32135
152.61.193.99 - - [18/Oct/2014:00:41:42 -0500] "GET /arcgis/services/Calidad_del_Agua_WQI/MapServer/WMSServer?SERVICE=WMS&REQUEST=GetCapabilities HTTP/1.1" 200 32135
152.61.193.99 - - [18/Oct/2014:00:41:43 -0500] "GET /arcgis/services/Calidad_del_Agua_WQI/MapServer/WMSServer?VERSION=1.1.1&REQUEST=GetMap&LAYERS=0&SRS=EPSG:4326&BBOX=-74.473395,3.674381,-73.963300,4.920569&WIDTH=250&HEIGHT=250&FORMAT=image/bmp&STYLES=& HTTP/1.1" 200 188054
66.249.65.123 - - [18/Oct/2014:00:41:46 -0500] "GET /BLA/resoluciones/AUTOS%202014/1936.pdf HTTP/1.1" 304 -
201.184.143.127 - - [18/Oct/2014:00:41:50 -0500] "POST /forms/lservlet;jsessionid=ac16012b30d56f500381e2064a1e9414f1d64497e77a.e3iSbxaKaheRe34Sa3yKbhiTahb0n6jAmljGr5XDqQLvpAe HTTP/1.1" 200 2
180.76.6.142 - - [18/Oct/2014:00:42:03 -0500] "GET /videos/NuestraGente_Suenosxcumplir.flv HTTP/1.1" 200 47211743
66.249.65.119 - - [18/Oct/2014:00:42:10 -0500] "GET /BLA/resoluciones/AUTOS%202008/1787.pdf HTTP/1.1" 200 201062
186.28.58.242 - - [18/Oct/2014:00:42:15 -0500] "GET /galeria/nivo-slider/demo/demo.html HTTP/1.1" 304 -
186.28.58.242 - - [18/Oct/2014:00:42:16 -0500] "GET /galeria/nivo-slider/demo/images/banner-aceite3.jpg HTTP/1.1" 304 -
186.28.58.242 - - [18/Oct/2014:00:42:16 -0500] "GET /galeria/nivo-slider/demo/images/mesTIC.jpg HTTP/1.1" 304 -
186.28.58.242 - - [18/Oct/2014:00:42:17 -0500] "GET /galeria/nivo-slider/demo/images/banner-redes.jpg HTTP/1.1" 304 -
66.249.65.115 - - [18/Oct/2014:00:42:28 -0500] "GET /BLA/resoluciones/RESOLUCIONES%202011/0665.pdf HTTP/1.1" 200 70821
66.249.65.115 - - [18/Oct/2014:00:42:48 -0500] "GET /BLA/resoluciones/AUTOS%202008/1720.pdf HTTP/1.1" 304 -
190.222.165.198 - - [18/Oct/2014:00:42:52 -0500] "GET /BLA/resoluciones/RESOLUCIONES%202013/0812.pdf HTTP/1.1" 200 628268
190.222.165.198 - - [18/Oct/2014:00:42:54 -0500] "GET /BLA/resoluciones/RESOLUCIONES%202013/0812.pdf HTTP/1.1" 200 628268
190.222.165.198 - - [18/Oct/2014:00:42:57 -0500] "GET /BLA/resoluciones/RESOLUCIONES%202013/0812.pdf HTTP/1.1" 206 620076
66.249.65.123 - - [18/Oct/2014:00:42:59 -0500] "GET /PORTAL_SIAC/swf/chico3.swf HTTP/1.1" 200 16171
200.118.79.84 - - [18/Oct/2014:00:43:08 -0500] "GET /BLA/boletinlegal/js/jquery.js HTTP/1.1" 200 57254
200.118.79.84 - - [18/Oct/2014:00:43:08 -0500] "GET /BLA/boletinlegal/js/jquery.scrollTo-min.js HTTP/1.1" 200 1150
200.118.79.84 - - [18/Oct/2014:00:43:08 -0500] "GET /BLA/boletinlegal/js/jquery.scrollShow.js HTTP/1.1" 200 4586
200.118.79.84 - - [18/Oct/2014:00:43:08 -0500] "GET /galeria/carrusel/Carrusel/jquery.thumbnailScroller.css HTTP/1.1" 200 2066
200.118.79.84 - - [18/Oct/2014:00:43:10 -0500] "GET /BLA/boletinlegal/js/jquery.scrollShow.js HTTP/1.1" 206 1
200.118.79.84 - - [18/Oct/2014:00:43:10 -0500] "GET /BLA/boletinlegal/js/jquery.js HTTP/1.1" 206 1
200.118.79.84 - - [18/Oct/2014:00:43:10 -0500] "GET /galeria/carrusel/Carrusel/jquery.thumbnailScroller.css HTTP/1.1" 200 2066
200.118.79.84 - - [18/Oct/2014:00:43:10 -0500] "GET /BLA/boletinlegal/js/jquery.scrollShow.js HTTP/1.1" 206 1950
200.118.79.84 - - [18/Oct/2014:00:43:10 -0500] "GET /BLA/boletinlegal/js/jquery.js HTTP/1.1" 206 54619
200.118.79.84 - - [18/Oct/2014:00:43:10 -0500] "GET /galeria/carrusel/Carrusel/jquery-ui-1.8.13.custom.min.js HTTP/1.1" 200 10800
200.118.79.84 - - [18/Oct/2014:00:43:10 -0500] "GET /galeria/carrusel/Carrusel/jquery.thumbnailScroller.js HTTP/1.1" 200 8157
66.249.65.115 - - [18/Oct/2014:00:43:11 -0500] "GET /BLA/resoluciones/RESOLUCIONES%202011/4558.pdf HTTP/1.1" 200 487760
66.249.65.115 - - [18/Oct/2014:00:43:23 -0500] "GET /ial/sitio/PROGRAMA_archivos/ HTTP/1.1" 404 1018
180.76.5.177 - - [18/Oct/2014:00:43:32 -0500] "GET /BLA/resoluciones/Autos%202008/0859.pdf HTTP/1.1" 200 77278
74.86.158.107 - - [18/Oct/2014:00:43:46 -0500] "HEAD / HTTP/1.1" 302 -
66.249.65.115 - - [18/Oct/2014:00:43:48 -0500] "GET /ial/sitio/IMG/ HTTP/1.1" 404 1018
201.184.143.127 - - [18/Oct/2014:00:43:51 -0500] "POST /forms/lservlet;jsessionid=ac16012b30d56f500381e2064a1e9414f1d64497e77a.e3iSbxaKaheRe34Sa3yKbhiTahb0n6jAmljGr5XDqQLvpAe HTTP/1.1" 200 2
66.249.65.115 - - [18/Oct/2014:00:44:12 -0500] "GET /ial/sitio/MEMORIAS%20SIMAH/ HTTP/1.1" 404 1018
66.249.65.119 - - [18/Oct/2014:00:44:36 -0500] "GET /re/Cuento/cuadro14/ HTTP/1.1" 404 1018
181.209.246.100 - - [18/Oct/2014:00:44:37 -0500] "GET /BLA/boletinlegal/js/jquery.js HTTP/1.1" 200 57254
181.209.246.100 - - [18/Oct/2014:00:44:37 -0500] "GET /BLA/boletinlegal/js/jquery.scrollTo-min.js HTTP/1.1" 200 1150
181.209.246.100 - - [18/Oct/2014:00:44:37 -0500] "GET /BLA/boletinlegal/js/jquery.scrollShow.js HTTP/1.1" 200 4586
180.76.5.187 - - [18/Oct/2014:00:44:42 -0500] "GET /BLA/resoluciones/AUTOS%202007/1078.pdf HTTP/1.1" 200 28687
66.249.65.123 - - [18/Oct/2014:00:45:00 -0500] "GET /re/Cuento/cuadro19/ HTTP/1.1" 404 1018
66.249.65.123 - - [18/Oct/2014:00:45:25 -0500] "GET /re/Cuento/cuadro21/ HTTP/1.1" 404 1018
66.249.65.119 - - [18/Oct/2014:00:45:49 -0500] "GET /chat/res/audioplayer.swf HTTP/1.1" 404 1018
201.184.143.127 - - [18/Oct/2014:00:45:51 -0500] "POST /forms/lservlet;jsessionid=ac16012b30d56f500381e2064a1e9414f1d64497e77a.e3iSbxaKaheRe34Sa3yKbhiTahb0n6jAmljGr5XDqQLvpAe HTTP/1.1" 200 2
180.76.5.18 - - [18/Oct/2014:00:45:52 -0500] "GET /BLA/resoluciones/AUTOS%202007/0519.pdf HTTP/1.1" 200 394490
66.249.65.119 - - [18/Oct/2014:00:46:13 -0500] "GET /re/Cuento/cuadro11/ HTTP/1.1" 404 1018
66.249.65.115 - - [18/Oct/2014:00:46:37 -0500] "GET /re/Cuento/imagenes%20comunes/ HTTP/1.1" 404 1018
66.249.65.115 - - [18/Oct/2014:00:47:02 -0500] "GET /re/Cuento/cuadro10/ HTTP/1.1" 404 1018
66.249.65.123 - - [18/Oct/2014:00:47:50 -0500] "GET /counter/pages/count.txt HTTP/1.1" 404 1018
201.184.143.127 - - [18/Oct/2014:00:47:51 -0500] "POST /forms/lservlet;jsessionid=ac16012b30d56f500381e2064a1e9414f1d64497e77a.e3iSbxaKaheRe34Sa3yKbhiTahb0n6jAmljGr5XDqQLvpAe HTTP/1.1" 200 2
66.249.65.115 - - [18/Oct/2014:00:48:14 -0500] "GET /re/Cuento/cuadro8/ HTTP/1.1" 404 1018
74.86.158.107 - - [18/Oct/2014:00:48:46 -0500] "HEAD / HTTP/1.1" 302 -
66.249.65.119 - - [18/Oct/2014:00:49:03 -0500] "GET /BLA/resoluciones/RESOLUCIONES%202010/6043.pdf HTTP/1.1" 200 677303
100.43.85.25 - - [18/Oct/2014:00:49:26 -0500] "GET /htdocs/decide.php?acc=this&d=4&m=9&patron=&y=2014 HTTP/1.1" 404 1019
66.249.65.123 - - [18/Oct/2014:00:49:27 -0500] "GET /BLA/resoluciones/AUTOS%202009/1863.pdf HTTP/1.1" 200 98345
201.184.143.127 - - [18/Oct/2014:00:49:51 -0500] "POST /forms/lservlet;jsessionid=ac16012b30d56f500381e2064a1e9414f1d64497e77a.e3iSbxaKaheRe34Sa3yKbhiTahb0n6jAmljGr5XDqQLvpAe HTTP/1.1" 200 2
66.249.65.123 - - [18/Oct/2014:00:49:52 -0500] "GET /BLA/resoluciones/AUTOS%202011/5339.pdf HTTP/1.1" 200 141151
157.55.39.81 - - [18/Oct/2014:00:49:53 -0500] "GET /dama/libreria/php/decide.php?patron=03.1404 HTTP/1.1" 404 1019
66.249.65.115 - - [18/Oct/2014:00:50:16 -0500] "GET /BLA/resoluciones/RESOLUCIONES%202010/1028.pdf HTTP/1.1" 304 -
66.249.65.119 - - [18/Oct/2014:00:50:33 -0500] "GET /BLA/resoluciones/RESOLUCIONES%202003/RES%202003%20601-650/620.tif HTTP/1.1" 200 63080
66.249.65.119 - - [18/Oct/2014:00:50:40 -0500] "GET /BLA/resoluciones/RESOLUCIONES%202007/RES%202007%204101%20AL%204200/RESOLUCION%204196%20DE%202007.pdf HTTP/1.1" 304 -
66.249.65.115 - - [18/Oct/2014:00:50:43 -0500] "GET /BLA/resoluciones/RESOLUCIONES%202009/5127.pdf HTTP/1.1" 304 -
66.249.65.119 - - [18/Oct/2014:00:51:04 -0500] "GET /BLA/resoluciones/RESOLUCIONES%202009/3184.pdf HTTP/1.1" 304 -
201.184.143.127 - - [18/Oct/2014:00:51:51 -0500] "POST /forms/lservlet;jsessionid=ac16012b30d56f500381e2064a1e9414f1d64497e77a.e3iSbxaKaheRe34Sa3yKbhiTahb0n6jAmljGr5XDqQLvpAe HTTP/1.1" 200 2
66.249.65.55 - - [18/Oct/2014:00:52:17 -0500] "GET /BLA/boletinlegal/Directivas/2011/Directiva%20No.%206%20del%208%20de%20Septiembre%20de%202011.pdf HTTP/1.1" 200 996625
180.76.5.172 - - [18/Oct/2014:00:52:50 -0500] "GET /BLA/resoluciones/AUTOS%202009/0612.pdf HTTP/1.1" 200 122654
200.118.79.84 - - [18/Oct/2014:00:52:51 -0500] "GET /galeria/nivo-slider/demo/demo.html HTTP/1.1" 200 3648
200.118.79.84 - - [18/Oct/2014:00:52:51 -0500] "GET /galeria/nivo-slider/themes/default/default.css HTTP/1.1" 200 1569
200.118.79.84 - - [18/Oct/2014:00:52:51 -0500] "GET /galeria/nivo-slider/themes/pascal/pascal.css HTTP/1.1" 200 2258
200.118.79.84 - - [18/Oct/2014:00:52:51 -0500] "GET /galeria/nivo-slider/themes/orman/orman.css HTTP/1.1" 200 2152
200.118.79.84 - - [18/Oct/2014:00:52:51 -0500] "GET /galeria/nivo-slider/nivo-slider.css HTTP/1.1" 200 1507
200.118.79.84 - - [18/Oct/2014:00:52:51 -0500] "GET /galeria/nivo-slider/demo/style.css HTTP/1.1" 200 2222
200.118.79.84 - - [18/Oct/2014:00:52:51 -0500] "GET /galeria/nivo-slider/demo/scripts/jquery-1.7.1.min.js HTTP/1.1" 200 93868
200.118.79.84 - - [18/Oct/2014:00:52:51 -0500] "GET /galeria/nivo-slider/jquery.nivo.slider.pack.js HTTP/1.1" 200 11561
200.118.79.84 - - [18/Oct/2014:00:52:51 -0500] "GET /galeria/nivo-slider/demo/images/banner-aceite3.jpg HTTP/1.1" 200 88347
