190.60.248.12 - - [18/Oct/2014:11:52:27 -0500] "GET /galeria/nivo-slider/themes/default/arrows.png HTTP/1.1" 200 824
190.60.248.12 - - [18/Oct/2014:11:52:27 -0500] "GET /galeria/nivo-slider/themes/default/bullets.png HTTP/1.1" 200 1281
181.50.241.109 - - [18/Oct/2014:11:52:34 -0500] "POST /forms/lservlet;jsessionid=ac16012b30d513631776e1124467b697dc9ba093e155.e3iSbxaKaheRe34Sa3yKbhiTahb0n6jAmljGr5XDqQLvpAe HTTP/1.1" 200 2
66.249.65.119 - - [18/Oct/2014:11:52:49 -0500] "GET /BLA/resoluciones/RESOLUCIONES%202011/5649.pdf HTTP/1.1" 200 3559766
181.136.21.148 - - [18/Oct/2014:11:53:07 -0500] "GET /BLA/boletinlegal/js/jquery.js HTTP/1.1" 200 57254
181.136.21.148 - - [18/Oct/2014:11:53:07 -0500] "GET /BLA/boletinlegal/js/jquery.scrollTo-min.js HTTP/1.1" 200 1150
181.136.21.148 - - [18/Oct/2014:11:53:07 -0500] "GET /BLA/boletinlegal/js/jquery.scrollShow.js HTTP/1.1" 200 4586
66.249.65.51 - - [18/Oct/2014:11:53:11 -0500] "GET /even/Ca0jr6ay/tsld003.htm HTTP/1.1" 404 1019
186.83.18.22 - - [18/Oct/2014:11:53:13 -0500] "GET /galeria/carrusel/Carrusel/jquery.thumbnailScroller.css HTTP/1.1" 200 2066
186.83.18.22 - - [18/Oct/2014:11:53:13 -0500] "GET /galeria/carrusel/Carrusel/jquery-ui-1.8.13.custom.min.js HTTP/1.1" 200 10800
186.83.18.22 - - [18/Oct/2014:11:53:13 -0500] "GET /galeria/carrusel/Carrusel/jquery.thumbnailScroller.js HTTP/1.1" 200 8157
186.83.18.22 - - [18/Oct/2014:11:53:16 -0500] "GET /galeria/nivo-slider/demo/demo.html HTTP/1.1" 200 3648
186.83.18.22 - - [18/Oct/2014:11:53:16 -0500] "GET /galeria/nivo-slider/themes/default/default.css HTTP/1.1" 200 1569
186.83.18.22 - - [18/Oct/2014:11:53:16 -0500] "GET /galeria/nivo-slider/themes/pascal/pascal.css HTTP/1.1" 200 2258
186.83.18.22 - - [18/Oct/2014:11:53:16 -0500] "GET /galeria/nivo-slider/themes/orman/orman.css HTTP/1.1" 200 2152
186.83.18.22 - - [18/Oct/2014:11:53:16 -0500] "GET /galeria/nivo-slider/nivo-slider.css HTTP/1.1" 200 1507
186.83.18.22 - - [18/Oct/2014:11:53:16 -0500] "GET /galeria/nivo-slider/demo/images/banner-aceite3.jpg HTTP/1.1" 200 88347
186.83.18.22 - - [18/Oct/2014:11:53:16 -0500] "GET /galeria/nivo-slider/demo/style.css HTTP/1.1" 200 2222
186.83.18.22 - - [18/Oct/2014:11:53:16 -0500] "GET /galeria/nivo-slider/demo/images/mesTIC.jpg HTTP/1.1" 200 180719
186.83.18.22 - - [18/Oct/2014:11:53:16 -0500] "GET /galeria/nivo-slider/demo/images/EncuentroAgua1.jpg HTTP/1.1" 200 274179
186.83.18.22 - - [18/Oct/2014:11:53:17 -0500] "GET /galeria/nivo-slider/demo/images/Tingua-azul.jpg HTTP/1.1" 200 307638
186.83.18.22 - - [18/Oct/2014:11:53:17 -0500] "GET /galeria/nivo-slider/demo/images/Banner-Caracol-Africano.jpg HTTP/1.1" 200 331986
186.83.18.22 - - [18/Oct/2014:11:53:17 -0500] "GET /galeria/nivo-slider/demo/images/banner-redes.jpg HTTP/1.1" 200 62209
186.83.18.22 - - [18/Oct/2014:11:53:17 -0500] "GET /galeria/nivo-slider/demo/images/9Signos.jpg HTTP/1.1" 200 93040
186.83.18.22 - - [18/Oct/2014:11:53:17 -0500] "GET /galeria/nivo-slider/demo/images/banner-encuesta.jpg HTTP/1.1" 200 42764
186.83.18.22 - - [18/Oct/2014:11:53:17 -0500] "GET /galeria/nivo-slider/demo/images/4Simple_Slider.png HTTP/1.1" 200 11722
186.83.18.22 - - [18/Oct/2014:11:53:17 -0500] "GET /galeria/nivo-slider/themes/default/loading.gif HTTP/1.1" 200 1737
186.83.18.22 - - [18/Oct/2014:11:53:18 -0500] "GET /galeria/nivo-slider/demo/images/ConstructorasFNL.jpg HTTP/1.1" 200 216551
186.83.18.22 - - [18/Oct/2014:11:53:18 -0500] "GET /galeria/nivo-slider/demo/images/banner-caballos.png HTTP/1.1" 200 389106
186.83.18.22 - - [18/Oct/2014:11:53:18 -0500] "GET /galeria/nivo-slider/demo/images/Hacienda_Molinos.jpg HTTP/1.1" 200 319171
186.83.18.22 - - [18/Oct/2014:11:53:18 -0500] "GET /galeria/nivo-slider/demo/images/banner-llantas2.jpg HTTP/1.1" 200 73153
186.83.18.22 - - [18/Oct/2014:11:53:18 -0500] "GET /galeria/nivo-slider/demo/images/bannerEcolecta3.jpg HTTP/1.1" 200 280034
186.83.18.22 - - [18/Oct/2014:11:53:18 -0500] "GET /galeria/nivo-slider/demo/scripts/jquery-1.7.1.min.js HTTP/1.1" 200 93868
186.83.18.22 - - [18/Oct/2014:11:53:18 -0500] "GET /galeria/nivo-slider/jquery.nivo.slider.pack.js HTTP/1.1" 200 11561
186.83.18.22 - - [18/Oct/2014:11:53:20 -0500] "GET /galeria/nivo-slider/themes/default/arrows.png HTTP/1.1" 200 824
186.83.18.22 - - [18/Oct/2014:11:53:20 -0500] "GET /galeria/nivo-slider/themes/default/bullets.png HTTP/1.1" 200 1281
186.83.18.22 - - [18/Oct/2014:11:53:28 -0500] "GET /autoliquidacion/ HTTP/1.1" 200 6375
201.245.192.253 - - [18/Oct/2014:11:53:33 -0500] "GET /Residuos/cosmeticos/images/page73_thumbnail.jpg HTTP/1.1" 404 1040
186.83.18.22 - - [18/Oct/2014:11:53:35 -0500] "GET /autoliquidacion/index.php?dir=Grupo+Forestal+-+Silvicultura%2F HTTP/1.1" 200 5756
186.83.18.22 - - [18/Oct/2014:11:53:42 -0500] "GET /autoliquidacion/Grupo%20Forestal%20-%20Silvicultura/Aplicativo%20Liquidador%20Permiso%20de%20Aprovechamiento%20forestal.xlsx HTTP/1.1" 206 1
186.83.18.22 - - [18/Oct/2014:11:53:42 -0500] "GET /autoliquidacion/Grupo%20Forestal%20-%20Silvicultura/Aplicativo%20Liquidador%20Permiso%20de%20Aprovechamiento%20forestal.xlsx HTTP/1.1" 206 86689
74.86.158.107 - - [18/Oct/2014:11:53:45 -0500] "HEAD / HTTP/1.1" 302 -
66.249.65.123 - - [18/Oct/2014:11:53:53 -0500] "GET /BLA/resoluciones/RESOLUCIONES%202007/RES%202007%201101%20AL%201200/RESOLUCION%201147%20DE%202007.pdf HTTP/1.1" 200 497954
186.83.18.22 - - [18/Oct/2014:11:54:16 -0500] "GET /autoliquidacion/Grupo%20Forestal%20-%20Silvicultura/Solicitud%20y%20lista%20de%20chequeo%20Evaluaci%C3%B3n%20Silvicultural.xlsx HTTP/1.1" 206 1
186.83.18.22 - - [18/Oct/2014:11:54:16 -0500] "GET /autoliquidacion/Grupo%20Forestal%20-%20Silvicultura/Solicitud%20y%20lista%20de%20chequeo%20Evaluaci%C3%B3n%20Silvicultural.xlsx HTTP/1.1" 206 97227
181.50.241.109 - - [18/Oct/2014:11:54:34 -0500] "POST /forms/lservlet;jsessionid=ac16012b30d513631776e1124467b697dc9ba093e155.e3iSbxaKaheRe34Sa3yKbhiTahb0n6jAmljGr5XDqQLvpAe HTTP/1.1" 200 2
201.245.192.253 - - [18/Oct/2014:11:54:34 -0500] "GET /galeria/nivo-slider/demo/images/banner-aceite3.jpg HTTP/1.1" 304 -
186.83.18.22 - - [18/Oct/2014:11:54:35 -0500] "GET /autoliquidacion/Grupo%20Forestal%20-%20Silvicultura/SSFFS-%20Aplicativo%20liquidador%20servicios%20silviculturales.xlsx HTTP/1.1" 206 1
186.83.18.22 - - [18/Oct/2014:11:54:35 -0500] "GET /autoliquidacion/Grupo%20Forestal%20-%20Silvicultura/SSFFS-%20Aplicativo%20liquidador%20servicios%20silviculturales.xlsx HTTP/1.1" 206 113282
66.249.65.123 - - [18/Oct/2014:11:54:46 -0500] "GET /BLA/boletinlegal/jurisprudencia/analisis/analisis%20sentencia%20C-1007-2011-1.doc HTTP/1.1" 200 35328
201.245.192.253 - - [18/Oct/2014:11:54:48 -0500] "GET /Residuos/cosmeticos/images/page72_thumbnail.jpg HTTP/1.1" 404 1040
66.249.65.119 - - [18/Oct/2014:11:54:56 -0500] "GET /BLA/resoluciones/RESOLUCIONES%202010/1870.pdf HTTP/1.1" 200 352465
157.55.39.73 - - [18/Oct/2014:11:55:25 -0500] "GET /robots.txt HTTP/1.1" 404 1018
186.147.66.232 - - [18/Oct/2014:11:55:30 -0500] "GET /forest/session.jsp?a=0.5800545061938465 HTTP/1.1" 200 4
157.55.39.73 - - [18/Oct/2014:11:55:32 -0500] "GET /galeria/nivo-slider/demo/demo.html HTTP/1.1" 200 3648
190.253.11.70 - - [18/Oct/2014:11:55:39 -0500] "GET / HTTP/1.1" 302 -
190.253.11.70 - - [18/Oct/2014:11:55:41 -0500] "GET /galeria/carrusel/Carrusel/jquery.thumbnailScroller.css HTTP/1.1" 200 2066
190.253.11.70 - - [18/Oct/2014:11:55:41 -0500] "GET /BLA/boletinlegal/js/jquery.scrollTo-min.js HTTP/1.1" 200 1150
190.253.11.70 - - [18/Oct/2014:11:55:41 -0500] "GET /BLA/boletinlegal/js/jquery.scrollShow.js HTTP/1.1" 200 4586
190.253.11.70 - - [18/Oct/2014:11:55:41 -0500] "GET /BLA/boletinlegal/js/jquery.js HTTP/1.1" 200 57254
190.253.11.70 - - [18/Oct/2014:11:55:41 -0500] "GET /galeria/carrusel/Carrusel/jquery-ui-1.8.13.custom.min.js HTTP/1.1" 200 10800
190.253.11.70 - - [18/Oct/2014:11:55:41 -0500] "GET /galeria/carrusel/Carrusel/jquery.thumbnailScroller.js HTTP/1.1" 200 8157
190.253.11.70 - - [18/Oct/2014:11:55:42 -0500] "GET /galeria/nivo-slider/demo/demo.html HTTP/1.1" 200 3648
190.253.11.70 - - [18/Oct/2014:11:55:42 -0500] "GET /galeria/nivo-slider/themes/default/default.css HTTP/1.1" 200 1569
190.253.11.70 - - [18/Oct/2014:11:55:42 -0500] "GET /galeria/nivo-slider/themes/pascal/pascal.css HTTP/1.1" 200 2258
190.253.11.70 - - [18/Oct/2014:11:55:42 -0500] "GET /galeria/nivo-slider/themes/orman/orman.css HTTP/1.1" 200 2152
190.253.11.70 - - [18/Oct/2014:11:55:42 -0500] "GET /galeria/nivo-slider/nivo-slider.css HTTP/1.1" 200 1507
190.253.11.70 - - [18/Oct/2014:11:55:42 -0500] "GET /galeria/nivo-slider/demo/style.css HTTP/1.1" 200 2222
190.253.11.70 - - [18/Oct/2014:11:55:42 -0500] "GET /galeria/nivo-slider/demo/scripts/jquery-1.7.1.min.js HTTP/1.1" 200 93868
190.253.11.70 - - [18/Oct/2014:11:55:42 -0500] "GET /galeria/nivo-slider/jquery.nivo.slider.pack.js HTTP/1.1" 200 11561
190.253.11.70 - - [18/Oct/2014:11:55:42 -0500] "GET /galeria/nivo-slider/demo/images/banner-aceite3.jpg HTTP/1.1" 200 88347
190.253.11.70 - - [18/Oct/2014:11:55:42 -0500] "GET /galeria/nivo-slider/demo/images/mesTIC.jpg HTTP/1.1" 200 180719
190.253.11.70 - - [18/Oct/2014:11:55:42 -0500] "GET /galeria/nivo-slider/demo/images/EncuentroAgua1.jpg HTTP/1.1" 200 274179
190.253.11.70 - - [18/Oct/2014:11:55:42 -0500] "GET /galeria/nivo-slider/demo/images/Tingua-azul.jpg HTTP/1.1" 200 307638
190.253.11.70 - - [18/Oct/2014:11:55:42 -0500] "GET /galeria/nivo-slider/demo/images/Banner-Caracol-Africano.jpg HTTP/1.1" 200 331986
190.253.11.70 - - [18/Oct/2014:11:55:43 -0500] "GET /galeria/nivo-slider/demo/images/banner-redes.jpg HTTP/1.1" 200 62209
190.253.11.70 - - [18/Oct/2014:11:55:45 -0500] "GET /galeria/nivo-slider/themes/default/loading.gif HTTP/1.1" 200 1737
190.253.11.70 - - [18/Oct/2014:11:55:45 -0500] "GET /galeria/nivo-slider/demo/images/4Simple_Slider.png HTTP/1.1" 200 11722
190.253.11.70 - - [18/Oct/2014:11:55:45 -0500] "GET /galeria/nivo-slider/demo/images/9Signos.jpg HTTP/1.1" 200 93040
190.253.11.70 - - [18/Oct/2014:11:55:46 -0500] "GET /galeria/nivo-slider/demo/images/banner-encuesta.jpg HTTP/1.1" 200 42764
190.253.11.70 - - [18/Oct/2014:11:55:46 -0500] "GET /galeria/nivo-slider/demo/images/banner-llantas2.jpg HTTP/1.1" 200 73153
190.253.11.70 - - [18/Oct/2014:11:55:46 -0500] "GET /galeria/nivo-slider/demo/images/banner-caballos.png HTTP/1.1" 200 389106
190.253.11.70 - - [18/Oct/2014:11:55:46 -0500] "GET /galeria/nivo-slider/demo/images/ConstructorasFNL.jpg HTTP/1.1" 200 216551
190.253.11.70 - - [18/Oct/2014:11:55:46 -0500] "GET /galeria/nivo-slider/demo/images/Hacienda_Molinos.jpg HTTP/1.1" 200 319171
190.253.11.70 - - [18/Oct/2014:11:55:47 -0500] "GET /galeria/nivo-slider/demo/images/bannerEcolecta3.jpg HTTP/1.1" 200 280034
66.249.65.115 - - [18/Oct/2014:11:55:48 -0500] "GET /even/Ca0jr6ay/tsld003.htm HTTP/1.1" 404 1018
190.253.11.70 - - [18/Oct/2014:11:55:49 -0500] "GET /galeria/nivo-slider/themes/default/arrows.png HTTP/1.1" 200 824
190.253.11.70 - - [18/Oct/2014:11:55:49 -0500] "GET /galeria/nivo-slider/themes/default/bullets.png HTTP/1.1" 200 1281
66.249.65.115 - - [18/Oct/2014:11:55:59 -0500] "GET /BLA/resoluciones/RESOLUCIONES%202010/5779.pdf HTTP/1.1" 200 384855
207.46.13.21 - - [18/Oct/2014:11:56:10 -0500] "GET /phpold/repre/rl126905.doc HTTP/1.1" 404 1019
181.54.179.165 - - [18/Oct/2014:11:56:11 -0500] "GET /BLA/boletinlegal/js/jquery.js HTTP/1.1" 200 57254
181.54.179.165 - - [18/Oct/2014:11:56:11 -0500] "GET /BLA/boletinlegal/js/jquery.scrollTo-min.js HTTP/1.1" 200 1150
181.54.179.165 - - [18/Oct/2014:11:56:11 -0500] "GET /BLA/boletinlegal/js/jquery.scrollShow.js HTTP/1.1" 200 4586
190.253.11.70 - - [18/Oct/2014:11:56:11 -0500] "GET /videos/Spot_Tinguas.flv HTTP/1.1" 200 2087054
66.249.65.115 - - [18/Oct/2014:11:56:17 -0500] "GET /BLA/resoluciones/RESOLUCIONES%202003/RES%202003%201001-1050/1029.tif HTTP/1.1" 200 219356
66.249.65.115 - - [18/Oct/2014:11:56:22 -0500] "GET /BLA/resoluciones/RESOLUCIONES%202011/2397.pdf HTTP/1.1" 200 615784
66.249.65.115 - - [18/Oct/2014:11:56:23 -0500] "GET /htdocs/even/Ca0jr6ay/tsld003.htm HTTP/1.1" 404 1018
181.50.241.109 - - [18/Oct/2014:11:56:34 -0500] "POST /forms/lservlet;jsessionid=ac16012b30d513631776e1124467b697dc9ba093e155.e3iSbxaKaheRe34Sa3yKbhiTahb0n6jAmljGr5XDqQLvpAe HTTP/1.1" 200 2
186.155.168.155 - - [18/Oct/2014:11:56:41 -0500] "GET /BLA/boletinlegal/js/jquery.js HTTP/1.1" 200 57254
186.155.168.155 - - [18/Oct/2014:11:56:41 -0500] "GET /BLA/boletinlegal/js/jquery.scrollTo-min.js HTTP/1.1" 200 1150
186.155.168.155 - - [18/Oct/2014:11:56:41 -0500] "GET /BLA/boletinlegal/js/jquery.scrollShow.js HTTP/1.1" 200 4586
161.18.151.167 - - [18/Oct/2014:11:56:42 -0500] "GET /BLA/boletinlegal/js/jquery.js HTTP/1.1" 200 57254
161.18.151.167 - - [18/Oct/2014:11:56:42 -0500] "GET /BLA/boletinlegal/js/jquery.scrollTo-min.js HTTP/1.1" 200 1150
161.18.151.167 - - [18/Oct/2014:11:56:42 -0500] "GET /BLA/boletinlegal/js/jquery.scrollShow.js HTTP/1.1" 200 4586
41.138.182.224 - - [18/Oct/2014:11:56:47 -0500] "GET /up_options.php HTTP/1.1" 404 1443
66.249.65.123 - - [18/Oct/2014:11:57:03 -0500] "GET /BLA/resoluciones/RESOLUCIONES%202007/RES%202007%203001%20AL%203100/RESOLUCION%203070%20DE%202007.pdf HTTP/1.1" 200 369810
180.76.6.37 - - [18/Oct/2014:11:57:07 -0500] "GET /BLA/boletinlegal/Circulares/2012/Circular%20No.%209%20del%2021%20de%20Agosto%20de%202012.pdf HTTP/1.1" 200 1402289
186.80.249.169 - - [18/Oct/2014:11:57:13 -0500] "GET /crossdomain.xml HTTP/1.1" 404 1280
186.80.249.169 - - [18/Oct/2014:11:57:13 -0500] "GET /arcgis/services/Calidad_del_Agua_WQI/MapServer/WMSServer?TRANSPARENT=TRUE&STYLES=&WIDTH=1366&LAYERS=3%2C4%2C5%2C6%2C7&BBOX=%2D74%2E15749548534454%2C4%2E445055441250799%2C%2D73%2E99497829864633%2C4%2E524410465795238&HEIGHT=667&SERVICE=WMS&VERSION=1%2E1%2E1&SRS=EPSG%3A4686&FORMAT=image%2Fpng&REQUEST=GetMap HTTP/1.1" 200 7255
186.80.249.169 - - [18/Oct/2014:11:57:25 -0500] "GET /crossdomain.xml HTTP/1.1" 404 1280
186.80.249.169 - - [18/Oct/2014:11:57:25 -0500] "GET /arcgis/services/Calidad_del_Agua_WQI/MapServer/WMSServer?TRANSPARENT=TRUE&STYLES=&WIDTH=1366&LAYERS=3%2C4%2C5%2C6%2C7&BBOX=%2D74%2E1735042518471%2C4%2E4824223433215575%2C%2D74%2E0109870651489%2C4%2E5617773678659965&HEIGHT=667&SERVICE=WMS&VERSION=1%2E1%2E1&SRS=EPSG%3A4686&FORMAT=image%2Fpng&REQUEST=GetMap HTTP/1.1" 200 7730
186.80.249.169 - - [18/Oct/2014:11:57:28 -0500] "GET /arcgis/services/Calidad_del_Agua_WQI/MapServer/WMSServer?TRANSPARENT=TRUE&STYLES=&WIDTH=1366&LAYERS=3%2C4%2C5%2C6%2C7&BBOX=%2D74%2E17634993498609%2C4%2E5073084561228445%2C%2D74%2E01383274828788%2C4%2E5866634806672835&HEIGHT=667&SERVICE=WMS&VERSION=1%2E1%2E1&SRS=EPSG%3A4686&FORMAT=image%2Fpng&REQUEST=GetMap HTTP/1.1" 200 9388
186.147.66.232 - - [18/Oct/2014:11:51:29 -0500] "GET /ForestMSG_SDA/channelAsync/template_word_16716489?X-Atmosphere-tracking-id=4f1fcc40-3a4f-39e2-ace4-ce87e25b3b10&X-Atmosphere-Framework=1.0.5&X-Atmosphere-Transport=long-polling&tabid=0.7916160451713949&X-Cache-Date=0&Content-Type=application/xml&_=1413651245663 HTTP/1.1" 200 8193
186.80.249.169 - - [18/Oct/2014:11:57:32 -0500] "GET /arcgis/services/Calidad_del_Agua_WQI/MapServer/WMSServer?TRANSPARENT=TRUE&STYLES=&WIDTH=1366&LAYERS=3%2C4%2C5%2C6%2C7&BBOX=%2D74%2E17634993498609%2C4%2E508859445073844%2C%2D74%2E01383274828788%2C4%2E588214469618283&HEIGHT=667&SERVICE=WMS&VERSION=1%2E1%2E1&SRS=EPSG%3A4686&FORMAT=image%2Fpng&REQUEST=GetMap HTTP/1.1" 200 9466
186.147.66.232 - - [18/Oct/2014:11:57:35 -0500] "GET /forest/reportes.do?group_system_actual=5&_a=0.4164694107603282 HTTP/1.1" 302 -
186.147.66.232 - - [18/Oct/2014:11:57:35 -0500] "GET /forest/reportes.do?menu=1&group_system_actual=5 HTTP/1.1" 200 31224
186.147.66.232 - - [18/Oct/2014:11:57:36 -0500] "GET /forest/parameter?action=listRpts&a=0.7516870000399649 HTTP/1.1" 200 60036
186.80.249.169 - - [18/Oct/2014:11:57:37 -0500] "GET /crossdomain.xml HTTP/1.1" 404 1280
186.80.249.169 - - [18/Oct/2014:11:57:37 -0500] "GET /arcgis/services/Calidad_del_Agua_WQI/MapServer/WMSServer?TRANSPARENT=TRUE&STYLES=&WIDTH=1366&LAYERS=3%2C4%2C5%2C6%2C7&BBOX=%2D74%2E2576085283352%2C4%2E469181932801623%2C%2D73%2E93257415493878%2C4%2E627891981890503&HEIGHT=667&SERVICE=WMS&VERSION=1%2E1%2E1&SRS=EPSG%3A4686&FORMAT=image%2Fpng&REQUEST=GetMap HTTP/1.1" 200 10347
186.147.66.232 - - [18/Oct/2014:11:57:40 -0500] "GET /forest/session.jsp?a=0.5111937643960118 HTTP/1.1" 200 4
186.80.249.169 - - [18/Oct/2014:11:57:42 -0500] "GET /arcgis/services/Calidad_del_Agua_WQI/MapServer/WMSServer?TRANSPARENT=TRUE&STYLES=&WIDTH=1366&LAYERS=3%2C4%2C5%2C6%2C7&BBOX=%2D74%2E17634993498609%2C4%2E508859445073844%2C%2D74%2E01383274828788%2C4%2E588214469618283&HEIGHT=667&SERVICE=WMS&VERSION=1%2E1%2E1&SRS=EPSG%3A4686&FORMAT=image%2Fpng&REQUEST=GetMap HTTP/1.1" 200 9466
180.76.5.78 - - [18/Oct/2014:11:57:43 -0500] "GET /BLA/resoluciones/Autos%202008/0153.pdf HTTP/1.1" 200 160119
186.80.249.169 - - [18/Oct/2014:11:57:44 -0500] "GET /arcgis/services/Calidad_del_Agua_WQI/MapServer/WMSServer?TRANSPARENT=TRUE&STYLES=&WIDTH=1366&LAYERS=3%2C4%2C5%2C6%2C7&BBOX=%2D74%2E2576085283352%2C4%2E469181932801623%2C%2D73%2E93257415493878%2C4%2E627891981890503&HEIGHT=667&SERVICE=WMS&VERSION=1%2E1%2E1&SRS=EPSG%3A4686&FORMAT=image%2Fpng&REQUEST=GetMap HTTP/1.1" 200 10347
186.147.66.232 - - [18/Oct/2014:11:57:45 -0500] "GET /forest/parameter?action=parametersReportMDX&id_rpt=117&currentTab=tab_presentacion&a=0.08747852360829711 HTTP/1.1" 200 6434
186.80.249.169 - - [18/Oct/2014:11:57:46 -0500] "GET /arcgis/services/Calidad_del_Agua_WQI/MapServer/WMSServer?TRANSPARENT=TRUE&STYLES=&WIDTH=1366&LAYERS=3%2C4%2C5%2C6%2C7&BBOX=%2D74%2E5173317182821%2C4%2E4625401572904995%2C%2D73%2E70474578479104%2C4%2E859315280012698&HEIGHT=667&SERVICE=WMS&VERSION=1%2E1%2E1&SRS=EPSG%3A4686&FORMAT=image%2Fpng&REQUEST=GetMap HTTP/1.1" 200 8564
186.147.66.232 - - [18/Oct/2014:11:57:50 -0500] "POST /forest/parameter?action=runReportMDX&json=true&listdep=tercero&id_rpt=117&a=0.9296765096951276 HTTP/1.1" 200 603
186.147.66.232 - - [18/Oct/2014:11:57:50 -0500] "POST /forest/parameter?action=runReportMDX&json=true&listdep=tercero&id_rpt=117&a=0.026317086769267917 HTTP/1.1" 200 667
186.147.66.232 - - [18/Oct/2014:11:57:52 -0500] "POST /forest/parameter?action=runReportMDX&json=true&listdep=tercero&id_rpt=117&a=0.33140631183050573 HTTP/1.1" 200 662
186.80.249.169 - - [18/Oct/2014:11:57:52 -0500] "GET /crossdomain.xml HTTP/1.1" 404 1280
186.147.66.232 - - [18/Oct/2014:11:57:52 -0500] "POST /forest/parameter?action=runReportMDX&json=true&listdep=tercero&id_rpt=117&a=0.6481989852618426 HTTP/1.1" 200 610
186.147.66.232 - - [18/Oct/2014:11:57:53 -0500] "POST /forest/parameter?action=runReportMDX&json=true&listdep=tercero&id_rpt=117&a=0.9451240648049861 HTTP/1.1" 200 644
186.80.249.169 - - [18/Oct/2014:11:57:53 -0500] "GET /arcgis/services/Calidad_del_Agua_WQI/MapServer/WMSServer?TRANSPARENT=TRUE&STYLES=&WIDTH=1366&LAYERS=3%2C4%2C5%2C6%2C7&BBOX=%2D74%2E42734806142616%2C4%2E488046829733821%2C%2D73%2E61476212793511%2C4%2E8848219524560195&HEIGHT=667&SERVICE=WMS&VERSION=1%2E1%2E1&SRS=EPSG%3A4686&FORMAT=image%2Fpng&REQUEST=GetMap HTTP/1.1" 200 8433
186.147.66.232 - - [18/Oct/2014:11:57:55 -0500] "POST /forest/parameter?action=runReportMDX&json=true&listdep=tercero&id_rpt=117&a=0.6221316468436271 HTTP/1.1" 200 295
186.147.66.232 - - [18/Oct/2014:11:57:55 -0500] "POST /forest/parameter?action=runReportMDX&json=true&listdep=tercero&id_rpt=117&a=0.8111839292105287 HTTP/1.1" 200 45
186.147.66.232 - - [18/Oct/2014:11:57:56 -0500] "POST /forest/parameter?action=runReportMDX&json=true&listdep=tercero&id_rpt=117&a=0.9066425072960556 HTTP/1.1" 200 45
186.80.249.169 - - [18/Oct/2014:11:57:57 -0500] "GET /arcgis/services/Calidad_del_Agua_WQI/MapServer/WMSServer?TRANSPARENT=TRUE&STYLES=&WIDTH=1366&LAYERS=3%2C4%2C5%2C6%2C7&BBOX=%2D74%2E42793903879114%2C4%2E449926920694753%2C%2D73%2E61535310530009%2C4%2E846702043416951&HEIGHT=667&SERVICE=WMS&VERSION=1%2E1%2E1&SRS=EPSG%3A4686&FORMAT=image%2Fpng&REQUEST=GetMap HTTP/1.1" 200 8627
66.249.65.115 - - [18/Oct/2014:11:57:58 -0500] "GET /bla/resoluciones/RESOLUCIONES%202011/2397.pdf HTTP/1.1" 200 615784
186.147.66.232 - - [18/Oct/2014:11:57:58 -0500] "POST /forest/frameset? HTTP/1.1" 200 53264
186.147.66.232 - - [18/Oct/2014:11:57:59 -0500] "GET /forestReports/webcontent/birt/styles/dialogbase.css HTTP/1.1" 304 -
186.147.66.232 - - [18/Oct/2014:11:57:59 -0500] "GET /forestReports/webcontent/birt/styles/style.css HTTP/1.1" 304 -
186.147.66.232 - - [18/Oct/2014:11:57:59 -0500] "GET /forestReports/webcontent/birt/ajax/lib/prototype.js HTTP/1.1" 304 -
186.147.66.232 - - [18/Oct/2014:11:57:59 -0500] "GET /forestReports/webcontent/birt/ajax/utility/Debug.js HTTP/1.1" 304 -
186.147.66.232 - - [18/Oct/2014:11:57:59 -0500] "GET /forestReports/webcontent/birt/ajax/core/Mask.js HTTP/1.1" 304 -
186.147.66.232 - - [18/Oct/2014:11:57:59 -0500] "GET /forestReports/webcontent/birt/ajax/utility/BrowserUtility.js HTTP/1.1" 304 -
186.147.66.232 - - [18/Oct/2014:11:57:59 -0500] "GET /forestReports/webcontent/birt/ajax/core/BirtDndManager.js HTTP/1.1" 304 -
186.147.66.232 - - [18/Oct/2014:11:57:59 -0500] "GET /forestReports/webcontent/birt/ajax/lib/head.js HTTP/1.1" 304 -
186.147.66.232 - - [18/Oct/2014:11:57:59 -0500] "GET /forestReports/webcontent/birt/ajax/utility/Constants.js HTTP/1.1" 304 -
186.147.66.232 - - [18/Oct/2014:11:57:59 -0500] "GET /forestReports/webcontent/birt/ajax/utility/BirtUtility.js HTTP/1.1" 304 -
186.147.66.232 - - [18/Oct/2014:11:57:59 -0500] "GET /forestReports/webcontent/birt/ajax/core/BirtEvent.js HTTP/1.1" 304 -
186.147.66.232 - - [18/Oct/2014:11:57:59 -0500] "GET /forestReports/webcontent/birt/ajax/core/BirtEventDispatcher.js HTTP/1.1" 304 -
186.147.66.232 - - [18/Oct/2014:11:57:59 -0500] "GET /forestReports/webcontent/birt/ajax/mh/BirtBaseResponseHandler.js HTTP/1.1" 304 -
186.147.66.232 - - [18/Oct/2014:11:57:59 -0500] "GET /forestReports/webcontent/birt/ajax/mh/BirtGetUpdatedObjectsResponseHandler.js HTTP/1.1" 304 -
186.147.66.232 - - [18/Oct/2014:11:57:59 -0500] "GET /forestReports/webcontent/birt/ajax/ui/app/BirtToolbar.js HTTP/1.1" 304 -
186.147.66.232 - - [18/Oct/2014:11:57:59 -0500] "GET /forestReports/webcontent/birt/ajax/ui/app/BirtNavigationBar.js HTTP/1.1" 304 -
186.147.66.232 - - [18/Oct/2014:11:57:59 -0500] "GET /forestReports/webcontent/birt/ajax/ui/app/AbstractUIComponent.js HTTP/1.1" 304 -
186.147.66.232 - - [18/Oct/2014:11:57:59 -0500] "GET /forestReports/webcontent/birt/ajax/ui/app/AbstractBaseToc.js HTTP/1.1" 304 -
186.147.66.232 - - [18/Oct/2014:11:57:59 -0500] "GET /forestReports/webcontent/birt/ajax/ui/app/AbstractBaseToolbar.js HTTP/1.1" 304 -
186.147.66.232 - - [18/Oct/2014:11:57:59 -0500] "GET /forestReports/webcontent/birt/ajax/ui/dialog/AbstractBaseDialog.js HTTP/1.1" 304 -
186.147.66.232 - - [18/Oct/2014:11:57:59 -0500] "GET /forestReports/webcontent/birt/ajax/ui/app/BirtProgressBar.js HTTP/1.1" 304 -
186.147.66.232 - - [18/Oct/2014:11:57:59 -0500] "GET /forestReports/webcontent/birt/ajax/ui/app/BirtToc.js HTTP/1.1" 304 -
186.147.66.232 - - [18/Oct/2014:11:57:59 -0500] "GET /forestReports/webcontent/birt/ajax/ui/report/AbstractBaseReportDocument.js HTTP/1.1" 304 -
186.147.66.232 - - [18/Oct/2014:11:57:59 -0500] "GET /forestReports/webcontent/birt/ajax/ui/report/BirtReportDocument.js HTTP/1.1" 304 -
186.147.66.232 - - [18/Oct/2014:11:57:59 -0500] "GET /forestReports/webcontent/birt/ajax/ui/report/AbstractReportComponent.js HTTP/1.1" 304 -
186.147.66.232 - - [18/Oct/2014:11:57:59 -0500] "GET /forestReports/webcontent/birt/ajax/ui/dialog/BirtTabedDialogBase.js HTTP/1.1" 304 -
186.147.66.232 - - [18/Oct/2014:11:57:59 -0500] "GET /forestReports/webcontent/birt/ajax/ui/dialog/AbstractParameterDialog.js HTTP/1.1" 304 -
186.147.66.232 - - [18/Oct/2014:11:57:59 -0500] "GET /forestReports/webcontent/birt/ajax/ui/dialog/BirtParameterDialog.js HTTP/1.1" 304 -
186.147.66.232 - - [18/Oct/2014:11:57:59 -0500] "GET /forestReports/webcontent/birt/ajax/ui/dialog/BirtSimpleExportDataDialog.js HTTP/1.1" 304 -
186.147.66.232 - - [18/Oct/2014:11:57:59 -0500] "GET /forestReports/webcontent/birt/ajax/ui/dialog/BirtPrintReportDialog.js HTTP/1.1" 304 -
186.147.66.232 - - [18/Oct/2014:11:57:59 -0500] "GET /forestReports/webcontent/birt/ajax/ui/dialog/BirtExportReportDialog.js HTTP/1.1" 304 -
186.147.66.232 - - [18/Oct/2014:11:57:59 -0500] "GET /forestReports/webcontent/birt/ajax/ui/dialog/BirtPrintReportServerDialog.js HTTP/1.1" 304 -
186.147.66.232 - - [18/Oct/2014:11:57:59 -0500] "GET /forestReports/webcontent/birt/ajax/utility/BirtPosition.js HTTP/1.1" 304 -
186.147.66.232 - - [18/Oct/2014:11:57:59 -0500] "GET /forestReports/webcontent/birt/ajax/ui/dialog/AbstractExceptionDialog.js HTTP/1.1" 304 -
186.147.66.232 - - [18/Oct/2014:11:57:59 -0500] "GET /forestReports/webcontent/birt/ajax/utility/Printer.js HTTP/1.1" 304 -
186.147.66.232 - - [18/Oct/2014:11:57:59 -0500] "GET /forestReports/webcontent/birt/ajax/ui/dialog/BirtExceptionDialog.js HTTP/1.1" 304 -
186.147.66.232 - - [18/Oct/2014:11:57:59 -0500] "GET /forestReports/webcontent/birt/ajax/ui/dialog/BirtConfirmationDialog.js HTTP/1.1" 304 -
186.147.66.232 - - [18/Oct/2014:11:57:59 -0500] "GET /forestReports/webcontent/birt/ajax/core/BirtCommunicationManager.js HTTP/1.1" 304 -
186.147.66.232 - - [18/Oct/2014:11:57:59 -0500] "GET /forestReports/webcontent/birt/ajax/core/BirtSoapRequest.js HTTP/1.1" 304 -
186.147.66.232 - - [18/Oct/2014:11:57:59 -0500] "GET /forestReports/webcontent/birt/ajax/core/BirtSoapResponse.js HTTP/1.1" 304 -
186.147.66.232 - - [18/Oct/2014:11:57:59 -0500] "GET /forestReports/webcontent/birt/images/Toc.gif HTTP/1.1" 304 -
186.147.66.232 - - [18/Oct/2014:11:58:00 -0500] "GET /forestReports/webcontent/birt/images/ExportReport.gif HTTP/1.1" 304 -
186.147.66.232 - - [18/Oct/2014:11:58:00 -0500] "GET /forestReports/webcontent/birt/images/Report_parameters.gif HTTP/1.1" 304 -
186.147.66.232 - - [18/Oct/2014:11:58:00 -0500] "GET /forestReports/webcontent/birt/images/Print.gif HTTP/1.1" 304 -
186.147.66.232 - - [18/Oct/2014:11:58:00 -0500] "GET /forestReports/webcontent/birt/images/AddAll.gif HTTP/1.1" 304 -
186.147.66.232 - - [18/Oct/2014:11:58:00 -0500] "GET /forestReports/webcontent/birt/images/Add.gif HTTP/1.1" 304 -
186.147.66.232 - - [18/Oct/2014:11:58:00 -0500] "GET /forestReports/webcontent/birt/images/Remove_disabled.gif HTTP/1.1" 304 -
186.147.66.232 - - [18/Oct/2014:11:58:00 -0500] "GET /forestReports/webcontent/birt/images/RemoveAll_disabled.gif HTTP/1.1" 304 -
186.147.66.232 - - [18/Oct/2014:11:58:00 -0500] "GET /forestReports/webcontent/birt/images/Up_disabled.gif HTTP/1.1" 304 -
186.147.66.232 - - [18/Oct/2014:11:58:00 -0500] "GET /forestReports/webcontent/birt/images/Down_disabled.gif HTTP/1.1" 304 -
186.147.66.232 - - [18/Oct/2014:11:58:00 -0500] "GET /forestReports/webcontent/birt/images/parameter.gif HTTP/1.1" 304 -
186.147.66.232 - - [18/Oct/2014:11:58:00 -0500] "GET /forestReports/webcontent/birt/pages/common/processing.jsp?__rtl=false HTTP/1.1" 200 719
186.147.66.232 - - [18/Oct/2014:11:58:00 -0500] "GET /forestReports/webcontent/birt/images/Error.gif HTTP/1.1" 304 -
186.147.66.232 - - [18/Oct/2014:11:58:00 -0500] "GET /forestReports/webcontent/birt/images/FirstPage_disabled.gif HTTP/1.1" 304 -
186.147.66.232 - - [18/Oct/2014:11:58:00 -0500] "GET /forestReports/webcontent/birt/images/PreviousPage_disabled.gif HTTP/1.1" 304 -
186.147.66.232 - - [18/Oct/2014:11:58:00 -0500] "GET /forestReports/webcontent/birt/images/NextPage_disabled.gif HTTP/1.1" 304 -
186.147.66.232 - - [18/Oct/2014:11:58:00 -0500] "GET /forestReports/webcontent/birt/images/LastPage_disabled.gif HTTP/1.1" 304 -
186.147.66.232 - - [18/Oct/2014:11:58:00 -0500] "GET /forestReports/webcontent/birt/images/Go.gif HTTP/1.1" 304 -
186.147.66.232 - - [18/Oct/2014:11:58:00 -0500] "GET /forestReports/webcontent/birt/images/Loading.gif HTTP/1.1" 304 -
186.80.249.169 - - [18/Oct/2014:11:58:00 -0500] "GET /arcgis/services/Calidad_del_Agua_WQI/MapServer/WMSServer?TRANSPARENT=TRUE&STYLES=&WIDTH=1366&LAYERS=3%2C4%2C5%2C6%2C7&BBOX=%2D74%2E18416325874382%2C4%2E568959457511412%2C%2D73%2E8591288853474%2C4%2E727669506600292&HEIGHT=667&SERVICE=WMS&VERSION=1%2E1%2E1&SRS=EPSG%3A4686&FORMAT=image%2Fpng&REQUEST=GetMap HTTP/1.1" 200 9669
186.147.66.232 - - [18/Oct/2014:11:58:02 -0500] "POST /forest/frameset?__toolbar=true&__report=forest%2Frpts%2F117.rptdesign&__app=forest&__format=&__sessionId=20141018_120204_694&__dpi=96 HTTP/1.1" 200 22926
186.147.66.232 - - [18/Oct/2014:11:58:03 -0500] "GET /forest/preview?__sessionId=20141018_120204_694&__imageid=file2793d5d71490ef731105740.gif HTTP/1.1" 200 4169
186.147.66.232 - - [18/Oct/2014:11:58:03 -0500] "GET /forest/preview?__sessionId=20141018_120204_694&__imageid=file2793d5d71490ef731105741.gif HTTP/1.1" 200 2367
186.80.249.169 - - [18/Oct/2014:11:58:04 -0500] "GET /crossdomain.xml HTTP/1.1" 404 1280
186.80.249.169 - - [18/Oct/2014:11:58:04 -0500] "GET /arcgis/services/Calidad_del_Agua_WQI/MapServer/WMSServer?TRANSPARENT=TRUE&STYLES=&WIDTH=1366&LAYERS=3%2C4%2C5%2C6%2C7&BBOX=%2D74%2E19407625303035%2C4%2E533505127380939%2C%2D73%2E86904187963393%2C4%2E692215176469818&HEIGHT=667&SERVICE=WMS&VERSION=1%2E1%2E1&SRS=EPSG%3A4686&FORMAT=image%2Fpng&REQUEST=GetMap HTTP/1.1" 200 10069
66.249.65.115 - - [18/Oct/2014:11:58:06 -0500] "GET /BLA/resoluciones/RESOLUCIONES%202010/1186.pdf HTTP/1.1" 200 117026
186.155.168.155 - - [18/Oct/2014:11:58:09 -0500] "GET /galeria/carrusel/Carrusel/jquery.thumbnailScroller.css HTTP/1.1" 200 2066
186.155.168.155 - - [18/Oct/2014:11:58:09 -0500] "GET /galeria/carrusel/Carrusel/jquery-ui-1.8.13.custom.min.js HTTP/1.1" 200 10800
186.155.168.155 - - [18/Oct/2014:11:58:09 -0500] "GET /galeria/carrusel/Carrusel/jquery.thumbnailScroller.js HTTP/1.1" 200 8157
186.155.168.155 - - [18/Oct/2014:11:58:11 -0500] "GET /galeria/nivo-slider/demo/demo.html HTTP/1.1" 200 3648
186.155.168.155 - - [18/Oct/2014:11:58:12 -0500] "GET /galeria/nivo-slider/themes/default/default.css HTTP/1.1" 200 1569
186.155.168.155 - - [18/Oct/2014:11:58:12 -0500] "GET /galeria/nivo-slider/themes/pascal/pascal.css HTTP/1.1" 200 2258
186.155.168.155 - - [18/Oct/2014:11:58:12 -0500] "GET /galeria/nivo-slider/themes/orman/orman.css HTTP/1.1" 200 2152
186.155.168.155 - - [18/Oct/2014:11:58:12 -0500] "GET /galeria/nivo-slider/nivo-slider.css HTTP/1.1" 200 1507
186.155.168.155 - - [18/Oct/2014:11:58:12 -0500] "GET /galeria/nivo-slider/demo/style.css HTTP/1.1" 200 2222
186.155.168.155 - - [18/Oct/2014:11:58:12 -0500] "GET /galeria/nivo-slider/demo/scripts/jquery-1.7.1.min.js HTTP/1.1" 200 93868
186.155.168.155 - - [18/Oct/2014:11:58:12 -0500] "GET /galeria/nivo-slider/jquery.nivo.slider.pack.js HTTP/1.1" 200 11561
186.155.168.155 - - [18/Oct/2014:11:58:12 -0500] "GET /galeria/nivo-slider/demo/images/banner-aceite3.jpg HTTP/1.1" 200 88347
186.155.168.155 - - [18/Oct/2014:11:58:12 -0500] "GET /galeria/nivo-slider/demo/images/mesTIC.jpg HTTP/1.1" 200 180719
186.155.168.155 - - [18/Oct/2014:11:58:12 -0500] "GET /galeria/nivo-slider/demo/images/EncuentroAgua1.jpg HTTP/1.1" 200 274179
186.155.168.155 - - [18/Oct/2014:11:58:12 -0500] "GET /galeria/nivo-slider/demo/images/Tingua-azul.jpg HTTP/1.1" 200 307638
186.155.168.155 - - [18/Oct/2014:11:58:13 -0500] "GET /galeria/nivo-slider/demo/images/4Simple_Slider.png HTTP/1.1" 200 11722
186.155.168.155 - - [18/Oct/2014:11:58:14 -0500] "GET /galeria/nivo-slider/themes/default/loading.gif HTTP/1.1" 200 1737
186.155.168.155 - - [18/Oct/2014:11:58:14 -0500] "GET /galeria/nivo-slider/demo/images/Banner-Caracol-Africano.jpg HTTP/1.1" 200 331986
186.80.249.169 - - [18/Oct/2014:11:58:15 -0500] "GET /crossdomain.xml HTTP/1.1" 404 1280
186.80.249.169 - - [18/Oct/2014:11:58:15 -0500] "GET /arcgis/services/Calidad_del_Agua_WQI/MapServer/WMSServer?TRANSPARENT=TRUE&STYLES=&WIDTH=1366&LAYERS=3%2C4%2C5%2C6%2C7&BBOX=%2D74%2E18932457818912%2C4%2E5208657087259985%2C%2D73%2E8642902047927%2C4%2E679575757814878&HEIGHT=667&SERVICE=WMS&VERSION=1%2E1%2E1&SRS=EPSG%3A4686&FORMAT=image%2Fpng&REQUEST=GetMap HTTP/1.1" 200 10024
186.155.168.155 - - [18/Oct/2014:11:58:17 -0500] "GET /galeria/nivo-slider/demo/images/banner-redes.jpg HTTP/1.1" 200 62209
186.155.168.155 - - [18/Oct/2014:11:58:17 -0500] "GET /galeria/nivo-slider/demo/images/9Signos.jpg HTTP/1.1" 200 93040
186.155.168.155 - - [18/Oct/2014:11:58:18 -0500] "GET /galeria/nivo-slider/demo/images/banner-encuesta.jpg HTTP/1.1" 200 42764
186.155.168.155 - - [18/Oct/2014:11:58:18 -0500] "GET /videos/Spot_Tinguas.flv HTTP/1.1" 200 2087054
186.80.249.169 - - [18/Oct/2014:11:58:18 -0500] "GET /arcgis/services/Calidad_del_Agua_WQI/MapServer/WMSServer?TRANSPARENT=TRUE&STYLES=&WIDTH=1366&LAYERS=3%2C4%2C5%2C6%2C7&BBOX=%2D74%2E19168868273029%2C4%2E500362915937817%2C%2D73%2E86665430933387%2C4%2E659072965026697&HEIGHT=667&SERVICE=WMS&VERSION=1%2E1%2E1&SRS=EPSG%3A4686&FORMAT=image%2Fpng&REQUEST=GetMap HTTP/1.1" 200 9997
186.155.168.155 - - [18/Oct/2014:11:58:19 -0500] "GET /galeria/nivo-slider/demo/images/banner-llantas2.jpg HTTP/1.1" 200 73153
157.55.39.81 - - [18/Oct/2014:11:58:19 -0500] "GET /robots.txt HTTP/1.1" 404 1019
186.155.168.155 - - [18/Oct/2014:11:58:20 -0500] "GET /galeria/nivo-slider/demo/images/banner-caballos.png HTTP/1.1" 200 389106
186.155.168.155 - - [18/Oct/2014:11:58:21 -0500] "GET /galeria/nivo-slider/demo/images/ConstructorasFNL.jpg HTTP/1.1" 200 216551
186.155.168.155 - - [18/Oct/2014:11:58:21 -0500] "GET /galeria/nivo-slider/demo/images/Hacienda_Molinos.jpg HTTP/1.1" 200 319171
186.155.168.155 - - [18/Oct/2014:11:58:22 -0500] "GET /galeria/nivo-slider/demo/images/bannerEcolecta3.jpg HTTP/1.1" 200 280034
186.80.249.169 - - [18/Oct/2014:11:58:24 -0500] "GET /arcgis/services/Calidad_del_Agua_WQI/MapServer/WMSServer?TRANSPARENT=TRUE&STYLES=&WIDTH=1366&LAYERS=3%2C4%2C5%2C6%2C7&BBOX=%2D74%2E20340137644523%2C4%2E533400642426686%2C%2D73%2E87836700304881%2C4%2E692110691515566&HEIGHT=667&SERVICE=WMS&VERSION=1%2E1%2E1&SRS=EPSG%3A4686&FORMAT=image%2Fpng&REQUEST=GetMap HTTP/1.1" 200 10211
152.61.128.66 - - [18/Oct/2014:11:58:27 -0500] "HEAD / HTTP/1.1" 302 -
152.61.128.66 - - [18/Oct/2014:11:58:27 -0500] "GET /arcgis/services/Calidad_del_Agua_WQI/MapServer/WMSServer?request=GetCapabilities&service=WMS HTTP/1.1" 200 32135
186.155.168.155 - - [18/Oct/2014:11:58:29 -0500] "GET /galeria/nivo-slider/themes/default/arrows.png HTTP/1.1" 200 824
186.155.168.155 - - [18/Oct/2014:11:58:29 -0500] "GET /galeria/nivo-slider/themes/default/bullets.png HTTP/1.1" 200 1281
152.61.128.66 - - [18/Oct/2014:11:58:28 -0500] "GET /arcgis/services/Calidad_del_Agua_WQI/MapServer/WMSServer?request=GetCapabilities&service=WMS HTTP/1.0" 200 32135
152.61.128.66 - - [18/Oct/2014:11:58:30 -0500] "GET /arcgis/services/Calidad_del_Agua_WQI/MapServer/WMSServer?request=GetCapabilities&service=WMS HTTP/1.0" 200 32135
152.61.128.66 - - [18/Oct/2014:11:58:31 -0500] "GET /arcgis/services/Calidad_del_Agua_WQI/MapServer/WMSServer?request=GetCapabilities&service=WMS HTTP/1.0" 200 32135
181.50.241.109 - - [18/Oct/2014:11:58:34 -0500] "POST /forms/lservlet;jsessionid=ac16012b30d513631776e1124467b697dc9ba093e155.e3iSbxaKaheRe34Sa3yKbhiTahb0n6jAmljGr5XDqQLvpAe HTTP/1.1" 200 2
152.61.128.66 - - [18/Oct/2014:11:58:32 -0500] "GET /arcgis/services/Calidad_del_Agua_WQI/MapServer/WMSServer?VERSION=1.1.1&REQUEST=GetMap&LAYERS=0&SRS=EPSG:4326&BBOX=-74.473395,3.674381,-73.963300,4.920569&WIDTH=250&HEIGHT=250&FORMAT=image/bmp&STYLES=& HTTP/1.1" 200 188054
74.86.158.107 - - [18/Oct/2014:11:58:45 -0500] "HEAD / HTTP/1.1" 302 -
190.158.15.168 - - [18/Oct/2014:11:58:44 -0500] "GET /BLA/resoluciones/RESOLUCIONES%202013/0466.pdf HTTP/1.1" 200 4657784
186.80.249.169 - - [18/Oct/2014:11:58:46 -0500] "GET /crossdomain.xml HTTP/1.1" 404 1280
190.158.15.168 - - [18/Oct/2014:11:58:46 -0500] "GET /BLA/resoluciones/RESOLUCIONES%202013/0466.pdf HTTP/1.1" 200 4657784
186.80.249.169 - - [18/Oct/2014:11:58:46 -0500] "GET /arcgis/services/Calidad_del_Agua_WQI/MapServer/WMSServer?TRANSPARENT=TRUE&STYLES=&WIDTH=1366&LAYERS=3%2C4%2C5%2C6%2C7&BBOX=%2D74%2E20979804578347%2C4%2E496947589914427%2C%2D73%2E88476367238705%2C4%2E655657639003307&HEIGHT=667&SERVICE=WMS&VERSION=1%2E1%2E1&SRS=EPSG%3A4686&FORMAT=image%2Fpng&REQUEST=GetMap HTTP/1.1" 200 10151
186.80.249.169 - - [18/Oct/2014:11:58:48 -0500] "GET /arcgis/services/Calidad_del_Agua_WQI/MapServer/WMSServer?TRANSPARENT=TRUE&STYLES=&WIDTH=1366&LAYERS=3%2C4%2C5%2C6%2C7&BBOX=%2D74%2E22516379458129%2C4%2E494998803918181%2C%2D73%2E90012942118487%2C4%2E6537088530070605&HEIGHT=667&SERVICE=WMS&VERSION=1%2E1%2E1&SRS=EPSG%3A4686&FORMAT=image%2Fpng&REQUEST=GetMap HTTP/1.1" 200 10477
157.55.39.81 - - [18/Oct/2014:11:59:08 -0500] "GET /dama/libreria/pdf/pigas/piga_tt/precenergetico.pdf HTTP/1.1" 404 1019
66.249.65.123 - - [18/Oct/2014:11:59:09 -0500] "GET /BLA/resoluciones/RESOLUCIONES%202010/1521.pdf HTTP/1.1" 200 886800
186.80.249.169 - - [18/Oct/2014:11:59:14 -0500] "GET /crossdomain.xml HTTP/1.1" 404 1280
186.80.249.169 - - [18/Oct/2014:11:59:14 -0500] "GET /arcgis/services/Calidad_del_Agua_WQI/MapServer/WMSServer?TRANSPARENT=TRUE&STYLES=&WIDTH=1366&LAYERS=3%2C4%2C5%2C6%2C7&BBOX=%2D74%2E0788983265529%2C4%2E5664183260081765%2C%2D74%2E04639488921326%2C4%2E582289330917065&HEIGHT=667&SERVICE=WMS&VERSION=1%2E1%2E1&SRS=EPSG%3A4686&FORMAT=image%2Fpng&REQUEST=GetMap HTTP/1.1" 200 6387
186.80.249.169 - - [18/Oct/2014:11:59:17 -0500] "GET /arcgis/services/Calidad_del_Agua_WQI/MapServer/WMSServer?TRANSPARENT=TRUE&STYLES=&WIDTH=1366&LAYERS=3%2C4%2C5%2C6%2C7&BBOX=%2D74%2E08920260321871%2C4%2E563616659408641%2C%2D74%2E05669916587907%2C4%2E579487664317529&HEIGHT=667&SERVICE=WMS&VERSION=1%2E1%2E1&SRS=EPSG%3A4686&FORMAT=image%2Fpng&REQUEST=GetMap HTTP/1.1" 200 7952
186.80.249.169 - - [18/Oct/2014:11:59:18 -0500] "GET /arcgis/services/Calidad_del_Agua_WQI/MapServer/WMSServer?TRANSPARENT=TRUE&STYLES=&WIDTH=1366&LAYERS=3%2C4%2C5%2C6%2C7&BBOX=%2D74%2E09129729684628%2C4%2E559305817154848%2C%2D74%2E05879385950664%2C4%2E575176822063736&HEIGHT=667&SERVICE=WMS&VERSION=1%2E1%2E1&SRS=EPSG%3A4686&FORMAT=image%2Fpng&REQUEST=GetMap HTTP/1.1" 200 7808
186.80.249.169 - - [18/Oct/2014:11:59:20 -0500] "GET /arcgis/services/Calidad_del_Agua_WQI/MapServer/WMSServer?TRANSPARENT=TRUE&STYLES=&WIDTH=1366&LAYERS=3%2C4%2C5%2C6%2C7&BBOX=%2D74%2E08999581656015%2C4%2E555018670584902%2C%2D74%2E0574923792205%2C4%2E57088967549379&HEIGHT=667&SERVICE=WMS&VERSION=1%2E1%2E1&SRS=EPSG%3A4686&FORMAT=image%2Fpng&REQUEST=GetMap HTTP/1.1" 200 7508
190.253.11.70 - - [18/Oct/2014:11:59:24 -0500] "GET / HTTP/1.1" 302 -
181.136.128.145 - - [18/Oct/2014:11:59:27 -0500] "GET /BLA/boletinlegal/js/jquery.js HTTP/1.1" 200 57254
181.136.128.145 - - [18/Oct/2014:11:59:27 -0500] "GET /BLA/boletinlegal/js/jquery.scrollTo-min.js HTTP/1.1" 200 1150
181.136.128.145 - - [18/Oct/2014:11:59:27 -0500] "GET /BLA/boletinlegal/js/jquery.scrollShow.js HTTP/1.1" 200 4586
66.249.65.59 - - [18/Oct/2014:11:59:33 -0500] "GET /PruebasSTORM/StormSDA_pruebas/userFiles/user_files.jnlp HTTP/1.1" 304 -
186.80.249.169 - - [18/Oct/2014:11:59:43 -0500] "GET /crossdomain.xml HTTP/1.1" 404 1280
180.76.5.154 - - [18/Oct/2014:11:59:43 -0500] "GET /BLA/resoluciones/AUTOS%202009/0733.pdf HTTP/1.1" 200 110944
186.80.249.169 - - [18/Oct/2014:11:59:43 -0500] "GET /arcgis/services/Calidad_del_Agua_WQI/MapServer/WMSServer?TRANSPARENT=TRUE&STYLES=&WIDTH=1366&LAYERS=3%2C4%2C5%2C6%2C7&BBOX=%2D74%2E08999581656015%2C4%2E555018670584902%2C%2D74%2E0574923792205%2C4%2E57088967549379&HEIGHT=667&SERVICE=WMS&VERSION=1%2E1%2E1&SRS=EPSG%3A4686&FORMAT=image%2Fpng&REQUEST=GetMap HTTP/1.1" 200 7508
186.80.249.169 - - [18/Oct/2014:11:59:47 -0500] "GET /arcgis/services/Calidad_del_Agua_WQI/MapServer/WMSServer?TRANSPARENT=TRUE&STYLES=&WIDTH=1366&LAYERS=3%2C4%2C5%2C6%2C7&BBOX=%2D74%2E08973788938285%2C4%2E561140062368511%2C%2D74%2E0572344520432%2C4%2E577011067277399&HEIGHT=667&SERVICE=WMS&VERSION=1%2E1%2E1&SRS=EPSG%3A4686&FORMAT=image%2Fpng&REQUEST=GetMap HTTP/1.1" 200 8007
186.80.249.169 - - [18/Oct/2014:11:59:49 -0500] "GET /arcgis/services/Calidad_del_Agua_WQI/MapServer/WMSServer?TRANSPARENT=TRUE&STYLES=&WIDTH=1366&LAYERS=3%2C4%2C5%2C6%2C7&BBOX=%2D74%2E09366454808155%2C4%2E558542109590668%2C%2D74%2E0611611107419%2C4%2E574413114499556&HEIGHT=667&SERVICE=WMS&VERSION=1%2E1%2E1&SRS=EPSG%3A4686&FORMAT=image%2Fpng&REQUEST=GetMap HTTP/1.1" 200 7777
186.80.249.169 - - [18/Oct/2014:11:59:50 -0500] "GET /arcgis/services/Calidad_del_Agua_WQI/MapServer/WMSServer?TRANSPARENT=TRUE&STYLES=&WIDTH=1366&LAYERS=3%2C4%2C5%2C6%2C7&BBOX=%2D74%2E10991626675137%2C4%2E550606607136224%2C%2D74%2E04490939207209%2C4%2E582348616954&HEIGHT=667&SERVICE=WMS&VERSION=1%2E1%2E1&SRS=EPSG%3A4686&FORMAT=image%2Fpng&REQUEST=GetMap HTTP/1.1" 200 7735
186.80.249.169 - - [18/Oct/2014:11:59:51 -0500] "GET /arcgis/services/Calidad_del_Agua_WQI/MapServer/WMSServer?TRANSPARENT=TRUE&STYLES=&WIDTH=1366&LAYERS=3%2C4%2C5%2C6%2C7&BBOX=%2D74%2E15867142276083%2C4%2E526800099772893%2C%2D73%2E99615423606262%2C4%2E606155124317332&HEIGHT=667&SERVICE=WMS&VERSION=1%2E1%2E1&SRS=EPSG%3A4686&FORMAT=image%2Fpng&REQUEST=GetMap HTTP/1.1" 200 10468
186.80.249.169 - - [18/Oct/2014:11:59:56 -0500] "GET /crossdomain.xml HTTP/1.1" 404 1280
186.80.249.169 - - [18/Oct/2014:11:59:56 -0500] "GET /arcgis/services/Calidad_del_Agua_WQI/MapServer/WMSServer?TRANSPARENT=TRUE&STYLES=&WIDTH=1366&LAYERS=3%2C4%2C5%2C6%2C7&BBOX=%2D74%2E17045703123041%2C4%2E5362722854540225%2C%2D74%2E0079398445322%2C4%2E6156273099984615&HEIGHT=667&SERVICE=WMS&VERSION=1%2E1%2E1&SRS=EPSG%3A4686&FORMAT=image%2Fpng&REQUEST=GetMap HTTP/1.1" 200 10725
186.80.249.169 - - [18/Oct/2014:11:59:58 -0500] "GET /arcgis/services/Calidad_del_Agua_WQI/MapServer/WMSServer?TRANSPARENT=TRUE&STYLES=&WIDTH=1366&LAYERS=3%2C4%2C5%2C6%2C7&BBOX=%2D74%2E19829907414703%2C4%2E54467556352653%2C%2D74%2E03578188744882%2C4%2E624030588070969&HEIGHT=667&SERVICE=WMS&VERSION=1%2E1%2E1&SRS=EPSG%3A4686&FORMAT=image%2Fpng&REQUEST=GetMap HTTP/1.1" 200 11979
186.80.249.169 - - [18/Oct/2014:12:00:03 -0500] "GET /arcgis/services/Calidad_del_Agua_WQI/MapServer/WMSServer?TRANSPARENT=TRUE&STYLES=&WIDTH=1366&LAYERS=3%2C4%2C5%2C6%2C7&BBOX=%2D74%2E19818181567909%2C4%2E540612923391522%2C%2D74%2E03566462898088%2C4%2E619967947935961&HEIGHT=667&SERVICE=WMS&VERSION=1%2E1%2E1&SRS=EPSG%3A4686&FORMAT=image%2Fpng&REQUEST=GetMap HTTP/1.1" 200 11843
186.147.66.232 - - [18/Oct/2014:12:00:10 -0500] "GET /forest/index2.jsp?_a=0.2998050486203283 HTTP/1.1" 200 76846
186.147.66.232 - - [18/Oct/2014:12:00:12 -0500] "GET /forest/session.jsp?a=0.6829311123583466 HTTP/1.1" 200 4
66.249.65.123 - - [18/Oct/2014:12:00:12 -0500] "GET /BLA/resoluciones/RESOLUCIONES%202010/6420.pdf HTTP/1.1" 200 3157703
207.46.13.26 - - [18/Oct/2014:12:00:14 -0500] "GET /dama/libreria/php/imagenes/16.jpg HTTP/1.1" 404 1019
186.147.66.232 - - [18/Oct/2014:12:00:16 -0500] "GET /forest/misactividades.do?group_system_actual=3&codPro=192&_a=0.5322671556318928 HTTP/1.1" 200 36810
186.147.66.232 - - [18/Oct/2014:12:00:18 -0500] "GET /forest/session.jsp?a=0.5026994682848454 HTTP/1.1" 200 4
180.76.6.50 - - [18/Oct/2014:12:00:18 -0500] "GET /BLA/resoluciones/AUTOS%202012/1801.pdf HTTP/1.1" 200 272299
186.147.66.232 - - [18/Oct/2014:12:00:19 -0500] "POST /forest/misactividades.do?ajax=true&a=0.9691452325787395 HTTP/1.1" 200 9747
186.80.249.169 - - [18/Oct/2014:12:00:31 -0500] "GET /crossdomain.xml HTTP/1.1" 404 1280
186.80.249.169 - - [18/Oct/2014:12:00:31 -0500] "GET /arcgis/services/Calidad_del_Agua_WQI/MapServer/WMSServer?TRANSPARENT=TRUE&STYLES=&WIDTH=1366&LAYERS=3%2C4%2C5%2C6%2C7&BBOX=%2D74%2E2794404090282%2C4%2E500935411119301%2C%2D73%2E95440603563178%2C4%2E659645460208181&HEIGHT=667&SERVICE=WMS&VERSION=1%2E1%2E1&SRS=EPSG%3A4686&FORMAT=image%2Fpng&REQUEST=GetMap HTTP/1.1" 200 10409
181.50.241.109 - - [18/Oct/2014:12:00:34 -0500] "POST /forms/lservlet;jsessionid=ac16012b30d513631776e1124467b697dc9ba093e155.e3iSbxaKaheRe34Sa3yKbhiTahb0n6jAmljGr5XDqQLvpAe HTTP/1.1" 200 2
186.80.249.169 - - [18/Oct/2014:12:00:38 -0500] "GET /arcgis/services/Calidad_del_Agua_WQI/MapServer/WMSServer?TRANSPARENT=TRUE&STYLES=&WIDTH=1366&LAYERS=3%2C4%2C5%2C6%2C7&BBOX=%2D74%2E29155613555008%2C4%2E32624662861711%2C%2D73%2E96652176215366%2C4%2E4849566777059895&HEIGHT=667&SERVICE=WMS&VERSION=1%2E1%2E1&SRS=EPSG%3A4686&FORMAT=image%2Fpng&REQUEST=GetMap HTTP/1.1" 200 7387
186.147.66.232 - - [18/Oct/2014:12:00:40 -0500] "GET /forest/usutareas.do?_a=0.10403668624348938&group_system_actual=3 HTTP/1.1" 200 110955
186.80.249.169 - - [18/Oct/2014:12:00:41 -0500] "GET /arcgis/services/Calidad_del_Agua_WQI/MapServer/WMSServer?TRANSPARENT=TRUE&STYLES=&WIDTH=1366&LAYERS=3%2C4%2C5%2C6%2C7&BBOX=%2D74%2E29109475214874%2C4%2E278654144033205%2C%2D73%2E96606037875232%2C4%2E437364193122085&HEIGHT=667&SERVICE=WMS&VERSION=1%2E1%2E1&SRS=EPSG%3A4686&FORMAT=image%2Fpng&REQUEST=GetMap HTTP/1.1" 200 7045
186.147.66.232 - - [18/Oct/2014:11:57:29 -0500] "GET /ForestMSG_SDA/channelAsync/template_word_16716489?X-Atmosphere-tracking-id=4f1fcc40-3a4f-39e2-ace4-ce87e25b3b10&X-Atmosphere-Framework=1.0.5&X-Atmosphere-Transport=long-polling&tabid=0.7916160451713949&X-Cache-Date=0&Content-Type=application/xml&_=1413651605801 HTTP/1.1" 200 8193
186.147.66.232 - - [18/Oct/2014:12:00:41 -0500] "GET /forest/session.jsp?a=0.10445366217754781 HTTP/1.1" 200 4
186.80.249.169 - - [18/Oct/2014:12:00:47 -0500] "GET /crossdomain.xml HTTP/1.1" 404 1280
186.80.249.169 - - [18/Oct/2014:12:00:47 -0500] "GET /arcgis/services/Calidad_del_Agua_WQI/MapServer/WMSServer?TRANSPARENT=TRUE&STYLES=&WIDTH=1366&LAYERS=3%2C4%2C5%2C6%2C7&BBOX=%2D74%2E27403751103246%2C4%2E499965181327127%2C%2D73%2E94900313763604%2C4%2E658675230416007&HEIGHT=667&SERVICE=WMS&VERSION=1%2E1%2E1&SRS=EPSG%3A4686&FORMAT=image%2Fpng&REQUEST=GetMap HTTP/1.1" 200 10467
186.147.66.232 - - [18/Oct/2014:12:00:48 -0500] "GET /forest/borrador/1478003/Requerimiento%20Juridico.docx HTTP/1.1" 200 102110
66.249.65.119 - - [18/Oct/2014:12:01:09 -0500] "GET /autoliquidacion/index.php?dir=Solicitudes%20relacionadas%20con%20calidad%20del%20aire%20auditiva%20y%20visual/Registro%20de%20Elementos%20de%20publicidad%20Exterior%20Visual/&sort=name&order=asc HTTP/1.1" 200 4038
66.249.65.115 - - [18/Oct/2014:12:01:16 -0500] "GET /BLA/resoluciones/RESOLUCIONES%202011/4409.pdf HTTP/1.1" 200 421356
186.80.249.169 - - [18/Oct/2014:12:01:39 -0500] "GET /crossdomain.xml HTTP/1.1" 404 1280
186.80.249.169 - - [18/Oct/2014:12:01:39 -0500] "GET /arcgis/services/Calidad_del_Agua_WQI/MapServer/WMSServer?TRANSPARENT=TRUE&STYLES=&WIDTH=1366&LAYERS=3%2C4%2C5%2C6%2C7&BBOX=%2D74%2E26479083576835%2C4%2E438099215431917%2C%2D73%2E93975646237193%2C4%2E596809264520797&HEIGHT=667&SERVICE=WMS&VERSION=1%2E1%2E1&SRS=EPSG%3A4686&FORMAT=image%2Fpng&REQUEST=GetMap HTTP/1.1" 200 8568
186.80.249.169 - - [18/Oct/2014:12:01:46 -0500] "GET /arcgis/services/Calidad_del_Agua_WQI/MapServer/WMSServer?TRANSPARENT=TRUE&STYLES=&WIDTH=1366&LAYERS=3%2C4%2C5%2C6%2C7&BBOX=%2D74%2E27668798908329%2C4%2E516636548092051%2C%2D73%2E95165361568687%2C4%2E675346597180931&HEIGHT=667&SERVICE=WMS&VERSION=1%2E1%2E1&SRS=EPSG%3A4686&FORMAT=image%2Fpng&REQUEST=GetMap HTTP/1.1" 200 10588
186.80.249.169 - - [18/Oct/2014:12:02:01 -0500] "GET /crossdomain.xml HTTP/1.1" 404 1280
186.80.249.169 - - [18/Oct/2014:12:02:02 -0500] "GET /arcgis/services/Calidad_del_Agua_WQI/MapServer/WMSServer?TRANSPARENT=TRUE&STYLES=&WIDTH=1366&LAYERS=3%2C4%2C5%2C6%2C7&BBOX=%2D74%2E27929272880391%2C4%2E558755498793119%2C%2D73%2E95425835540749%2C4%2E717465547881999&HEIGHT=667&SERVICE=WMS&VERSION=1%2E1%2E1&SRS=EPSG%3A4686&FORMAT=image%2Fpng&REQUEST=GetMap HTTP/1.1" 200 10498
186.147.66.232 - - [18/Oct/2014:12:02:08 -0500] "GET /forest/borrador/1478003/Requerimiento%20Juridico.docx HTTP/1.1" 200 102110
66.249.65.123 - - [18/Oct/2014:12:02:19 -0500] "GET /BLA/resoluciones/RESOLUCIONES%202012/0636.pdf HTTP/1.1" 200 541211
180.76.6.148 - - [18/Oct/2014:12:02:20 -0500] "GET /Autoliquidacion/index.php?dir=Fauna+Silvestre%2F HTTP/1.1" 200 3499
186.80.249.169 - - [18/Oct/2014:12:02:20 -0500] "GET /crossdomain.xml HTTP/1.1" 404 1280
186.80.249.169 - - [18/Oct/2014:12:02:21 -0500] "GET /arcgis/services/Calidad_del_Agua_WQI/MapServer/WMSServer?TRANSPARENT=TRUE&STYLES=&WIDTH=1366&LAYERS=3%2C4%2C5%2C6%2C7&BBOX=%2D74%2E52306850885122%2C4%2E43972296197646%2C%2D73%2E71048257536017%2C4%2E8364980846986585&HEIGHT=667&SERVICE=WMS&VERSION=1%2E1%2E1&SRS=EPSG%3A4686&FORMAT=image%2Fpng&REQUEST=GetMap HTTP/1.1" 200 8687
186.80.249.169 - - [18/Oct/2014:12:02:29 -0500] "GET /arcgis/services/Calidad_del_Agua_WQI/MapServer/WMSServer?TRANSPARENT=TRUE&STYLES=&WIDTH=1366&LAYERS=3%2C4%2C5%2C6%2C7&BBOX=%2D74%2E51602288473897%2C4%2E399781671961972%2C%2D73%2E70343695124792%2C4%2E796556794684171&HEIGHT=667&SERVICE=WMS&VERSION=1%2E1%2E1&SRS=EPSG%3A4686&FORMAT=image%2Fpng&REQUEST=GetMap HTTP/1.1" 200 8692
181.50.241.109 - - [18/Oct/2014:12:02:34 -0500] "POST /forms/lservlet;jsessionid=ac16012b30d513631776e1124467b697dc9ba093e155.e3iSbxaKaheRe34Sa3yKbhiTahb0n6jAmljGr5XDqQLvpAe HTTP/1.1" 200 2
66.249.65.123 - - [18/Oct/2014:12:03:22 -0500] "GET /BLA/resoluciones/RESOLUCIONES%202007/RES%202007%203401%20AL%203500/RESOLUCION%203441%20DE%202007.pdf HTTP/1.1" 200 271474
181.130.67.208 - - [18/Oct/2014:12:03:30 -0500] "GET /galeria/carrusel/Carrusel/jquery.thumbnailScroller.css HTTP/1.1" 200 2066
181.130.67.208 - - [18/Oct/2014:12:03:30 -0500] "GET /BLA/boletinlegal/js/jquery.scrollTo-min.js HTTP/1.1" 200 1150
181.130.67.208 - - [18/Oct/2014:12:03:30 -0500] "GET /BLA/boletinlegal/js/jquery.scrollShow.js HTTP/1.1" 200 4586
181.130.67.208 - - [18/Oct/2014:12:03:30 -0500] "GET /BLA/boletinlegal/js/jquery.js HTTP/1.1" 200 57254
181.130.67.208 - - [18/Oct/2014:12:03:30 -0500] "GET /galeria/carrusel/Carrusel/jquery.thumbnailScroller.js HTTP/1.1" 200 8157
181.130.67.208 - - [18/Oct/2014:12:03:30 -0500] "GET /galeria/carrusel/Carrusel/jquery-ui-1.8.13.custom.min.js HTTP/1.1" 200 10800
180.76.6.141 - - [18/Oct/2014:12:03:30 -0500] "GET /BLA/resoluciones/AUTOS%202007/2066.pdf HTTP/1.1" 200 87704
