66.249.65.119 - - [18/Oct/2014:07:13:13 -0500] "GET /Residuos/curtiembres/files/search/search120.xml HTTP/1.1" 404 1018
181.55.224.205 - - [18/Oct/2014:07:13:16 -0500] "POST /forms/lservlet;jsessionid=ac16012b30d5c68acce3e91e41eebfe1b364b8f16648.e3iSbxaKaheRe34Sa3yKbhiTahb0n6jAmljGr5XDqQLvpAe HTTP/1.1" 200 2
181.55.224.205 - - [18/Oct/2014:07:13:16 -0500] "POST /forms/lservlet;jsessionid=ac16012b30d5c68acce3e91e41eebfe1b364b8f16648.e3iSbxaKaheRe34Sa3yKbhiTahb0n6jAmljGr5XDqQLvpAe HTTP/1.1" 200 2908
181.55.224.205 - - [18/Oct/2014:07:13:17 -0500] "POST /forms/lservlet;jsessionid=ac16012b30d5c68acce3e91e41eebfe1b364b8f16648.e3iSbxaKaheRe34Sa3yKbhiTahb0n6jAmljGr5XDqQLvpAe HTTP/1.1" 200 2
181.55.224.205 - - [18/Oct/2014:07:13:24 -0500] "POST /forms/lservlet;jsessionid=ac16012b30d5c68acce3e91e41eebfe1b364b8f16648.e3iSbxaKaheRe34Sa3yKbhiTahb0n6jAmljGr5XDqQLvpAe HTTP/1.1" 200 99
186.147.66.232 - - [18/Oct/2014:07:13:25 -0500] "GET /forest/buscar.do HTTP/1.1" 200 96531
186.147.66.232 - - [18/Oct/2014:07:13:27 -0500] "GET /forest/json.do?query=usersByDep&coddep=7025 HTTP/1.1" 200 919
186.147.66.232 - - [18/Oct/2014:07:13:27 -0500] "GET /forest/json.do?query=usersByDep&coddep=7025 HTTP/1.1" 200 919
190.9.193.15 - - [18/Oct/2014:07:13:39 -0500] "GET /BLA/boletinlegal/js/jquery.scrollTo-min.js HTTP/1.1" 304 -
190.9.193.15 - - [18/Oct/2014:07:13:39 -0500] "GET /BLA/boletinlegal/js/jquery.js HTTP/1.1" 304 -
190.9.193.15 - - [18/Oct/2014:07:13:39 -0500] "GET /BLA/boletinlegal/js/jquery.scrollShow.js HTTP/1.1" 304 -
186.147.66.232 - - [18/Oct/2014:07:13:41 -0500] "POST /forest/buscar.do? HTTP/1.1" 200 5901
186.147.66.232 - - [18/Oct/2014:07:13:41 -0500] "GET /forest/session.jsp?a=0.831233472796157 HTTP/1.1" 200 4
74.86.158.107 - - [18/Oct/2014:07:13:45 -0500] "HEAD / HTTP/1.1" 302 -
186.147.66.232 - - [18/Oct/2014:07:13:46 -0500] "GET /forest/skins/gdocs-jar/popup/popup.jsp?width=850&height=380&title=Informaci%F3n%20del%20radicado&uri=/forest/system/document.jsp%3FcodDoc%3D1311560&name=undefined&_a=0.9904065874870867&a=0.8515607335139066 HTTP/1.1" 200 1194
186.147.66.232 - - [18/Oct/2014:07:13:46 -0500] "GET /forest/system/document.jsp?codDoc=1311560 HTTP/1.1" 200 14079
186.147.66.232 - - [18/Oct/2014:07:13:47 -0500] "GET /forest/system/document.jsp?codDoc=1311560 HTTP/1.1" 200 14079
186.147.66.232 - - [18/Oct/2014:07:13:47 -0500] "GET /forest/skins/gdocs-jar/img/alert.gif HTTP/1.1" 304 -
186.147.66.232 - - [18/Oct/2014:07:13:50 -0500] "GET /forest/documentos/1311560/2011EE59988.pdf HTTP/1.1" 200 206644
84.14.101.25 - - [18/Oct/2014:07:14:11 -0500] "GET /phpmyadmin/index.php HTTP/1.1" 403 1165
84.14.101.25 - - [18/Oct/2014:07:14:12 -0500] "POST /phpmyadmin/index.php HTTP/1.1" 403 1168
66.249.65.119 - - [18/Oct/2014:07:14:12 -0500] "GET /BLA/resoluciones/AUTOS%202009/3153.pdf HTTP/1.1" 200 132178
181.55.224.205 - - [18/Oct/2014:07:14:23 -0500] "POST /forms/lservlet;jsessionid=ac16012b30d5c68acce3e91e41eebfe1b364b8f16648.e3iSbxaKaheRe34Sa3yKbhiTahb0n6jAmljGr5XDqQLvpAe HTTP/1.1" 200 2
181.55.224.205 - - [18/Oct/2014:07:14:23 -0500] "POST /forms/lservlet;jsessionid=ac16012b30d5c68acce3e91e41eebfe1b364b8f16648.e3iSbxaKaheRe34Sa3yKbhiTahb0n6jAmljGr5XDqQLvpAe HTTP/1.1" 200 2374
181.55.224.205 - - [18/Oct/2014:07:14:24 -0500] "POST /forms/lservlet;jsessionid=ac16012b30d5c68acce3e91e41eebfe1b364b8f16648.e3iSbxaKaheRe34Sa3yKbhiTahb0n6jAmljGr5XDqQLvpAe HTTP/1.1" 200 20
181.55.224.205 - - [18/Oct/2014:07:14:27 -0500] "POST /forms/lservlet;jsessionid=ac16012b30d5c68acce3e91e41eebfe1b364b8f16648.e3iSbxaKaheRe34Sa3yKbhiTahb0n6jAmljGr5XDqQLvpAe HTTP/1.1" 200 2
181.55.224.205 - - [18/Oct/2014:07:14:27 -0500] "POST /forms/lservlet;jsessionid=ac16012b30d5c68acce3e91e41eebfe1b364b8f16648.e3iSbxaKaheRe34Sa3yKbhiTahb0n6jAmljGr5XDqQLvpAe HTTP/1.1" 200 2853
181.55.224.205 - - [18/Oct/2014:07:14:28 -0500] "POST /forms/lservlet;jsessionid=ac16012b30d5c68acce3e91e41eebfe1b364b8f16648.e3iSbxaKaheRe34Sa3yKbhiTahb0n6jAmljGr5XDqQLvpAe HTTP/1.1" 200 2
176.248.3.1 - - [18/Oct/2014:07:14:28 -0500] "GET /webdav/x32.php?host=85.230.104.15&time=70&port=100 HTTP/1.1" 404 1018
180.76.5.190 - - [18/Oct/2014:07:14:28 -0500] "GET /BLA/resoluciones/AUTOS%202007/1769.pdf HTTP/1.1" 200 35373
181.55.224.205 - - [18/Oct/2014:07:14:29 -0500] "POST /forms/lservlet;jsessionid=ac16012b30d5c68acce3e91e41eebfe1b364b8f16648.e3iSbxaKaheRe34Sa3yKbhiTahb0n6jAmljGr5XDqQLvpAe HTTP/1.1" 200 2
181.55.224.205 - - [18/Oct/2014:07:14:30 -0500] "POST /forms/lservlet;jsessionid=ac16012b30d5c68acce3e91e41eebfe1b364b8f16648.e3iSbxaKaheRe34Sa3yKbhiTahb0n6jAmljGr5XDqQLvpAe HTTP/1.1" 200 36
181.55.224.205 - - [18/Oct/2014:07:14:30 -0500] "POST /forms/lservlet;jsessionid=ac16012b30d5c68acce3e91e41eebfe1b364b8f16648.e3iSbxaKaheRe34Sa3yKbhiTahb0n6jAmljGr5XDqQLvpAe HTTP/1.1" 200 2
181.55.224.205 - - [18/Oct/2014:07:14:31 -0500] "POST /forms/lservlet;jsessionid=ac16012b30d5c68acce3e91e41eebfe1b364b8f16648.e3iSbxaKaheRe34Sa3yKbhiTahb0n6jAmljGr5XDqQLvpAe HTTP/1.1" 200 2
181.55.224.205 - - [18/Oct/2014:07:14:31 -0500] "POST /forms/lservlet;jsessionid=ac16012b30d5c68acce3e91e41eebfe1b364b8f16648.e3iSbxaKaheRe34Sa3yKbhiTahb0n6jAmljGr5XDqQLvpAe HTTP/1.1" 200 34
181.55.224.205 - - [18/Oct/2014:07:14:31 -0500] "POST /forms/lservlet;jsessionid=ac16012b30d5c68acce3e91e41eebfe1b364b8f16648.e3iSbxaKaheRe34Sa3yKbhiTahb0n6jAmljGr5XDqQLvpAe HTTP/1.1" 200 2
181.55.224.205 - - [18/Oct/2014:07:14:32 -0500] "POST /forms/lservlet;jsessionid=ac16012b30d5c68acce3e91e41eebfe1b364b8f16648.e3iSbxaKaheRe34Sa3yKbhiTahb0n6jAmljGr5XDqQLvpAe HTTP/1.1" 200 2
181.55.224.205 - - [18/Oct/2014:07:14:32 -0500] "POST /forms/lservlet;jsessionid=ac16012b30d5c68acce3e91e41eebfe1b364b8f16648.e3iSbxaKaheRe34Sa3yKbhiTahb0n6jAmljGr5XDqQLvpAe HTTP/1.1" 200 34
181.55.224.205 - - [18/Oct/2014:07:14:32 -0500] "POST /forms/lservlet;jsessionid=ac16012b30d5c68acce3e91e41eebfe1b364b8f16648.e3iSbxaKaheRe34Sa3yKbhiTahb0n6jAmljGr5XDqQLvpAe HTTP/1.1" 200 2
181.55.224.205 - - [18/Oct/2014:07:14:33 -0500] "POST /forms/lservlet;jsessionid=ac16012b30d5c68acce3e91e41eebfe1b364b8f16648.e3iSbxaKaheRe34Sa3yKbhiTahb0n6jAmljGr5XDqQLvpAe HTTP/1.1" 200 2
181.55.224.205 - - [18/Oct/2014:07:14:33 -0500] "POST /forms/lservlet;jsessionid=ac16012b30d5c68acce3e91e41eebfe1b364b8f16648.e3iSbxaKaheRe34Sa3yKbhiTahb0n6jAmljGr5XDqQLvpAe HTTP/1.1" 200 2592
181.55.224.205 - - [18/Oct/2014:07:14:33 -0500] "POST /forms/lservlet;jsessionid=ac16012b30d5c68acce3e91e41eebfe1b364b8f16648.e3iSbxaKaheRe34Sa3yKbhiTahb0n6jAmljGr5XDqQLvpAe HTTP/1.1" 200 2
181.55.224.205 - - [18/Oct/2014:07:14:34 -0500] "POST /forms/lservlet;jsessionid=ac16012b30d5c68acce3e91e41eebfe1b364b8f16648.e3iSbxaKaheRe34Sa3yKbhiTahb0n6jAmljGr5XDqQLvpAe HTTP/1.1" 200 2
181.55.224.205 - - [18/Oct/2014:07:14:34 -0500] "POST /forms/lservlet;jsessionid=ac16012b30d5c68acce3e91e41eebfe1b364b8f16648.e3iSbxaKaheRe34Sa3yKbhiTahb0n6jAmljGr5XDqQLvpAe HTTP/1.1" 200 2334
181.55.224.205 - - [18/Oct/2014:07:14:35 -0500] "POST /forms/lservlet;jsessionid=ac16012b30d5c68acce3e91e41eebfe1b364b8f16648.e3iSbxaKaheRe34Sa3yKbhiTahb0n6jAmljGr5XDqQLvpAe HTTP/1.1" 200 2
181.55.224.205 - - [18/Oct/2014:07:14:36 -0500] "POST /forms/lservlet;jsessionid=ac16012b30d5c68acce3e91e41eebfe1b364b8f16648.e3iSbxaKaheRe34Sa3yKbhiTahb0n6jAmljGr5XDqQLvpAe HTTP/1.1" 200 2
181.55.224.205 - - [18/Oct/2014:07:14:36 -0500] "POST /forms/lservlet;jsessionid=ac16012b30d5c68acce3e91e41eebfe1b364b8f16648.e3iSbxaKaheRe34Sa3yKbhiTahb0n6jAmljGr5XDqQLvpAe HTTP/1.1" 200 2209
181.55.224.205 - - [18/Oct/2014:07:14:36 -0500] "POST /forms/lservlet;jsessionid=ac16012b30d5c68acce3e91e41eebfe1b364b8f16648.e3iSbxaKaheRe34Sa3yKbhiTahb0n6jAmljGr5XDqQLvpAe HTTP/1.1" 200 10
181.55.224.205 - - [18/Oct/2014:07:14:37 -0500] "POST /forms/lservlet;jsessionid=ac16012b30d5c68acce3e91e41eebfe1b364b8f16648.e3iSbxaKaheRe34Sa3yKbhiTahb0n6jAmljGr5XDqQLvpAe HTTP/1.1" 200 2
181.55.224.205 - - [18/Oct/2014:07:14:37 -0500] "POST /forms/lservlet;jsessionid=ac16012b30d5c68acce3e91e41eebfe1b364b8f16648.e3iSbxaKaheRe34Sa3yKbhiTahb0n6jAmljGr5XDqQLvpAe HTTP/1.1" 200 3163
181.55.224.205 - - [18/Oct/2014:07:14:38 -0500] "POST /forms/lservlet;jsessionid=ac16012b30d5c68acce3e91e41eebfe1b364b8f16648.e3iSbxaKaheRe34Sa3yKbhiTahb0n6jAmljGr5XDqQLvpAe HTTP/1.1" 200 2
181.55.224.205 - - [18/Oct/2014:07:14:43 -0500] "POST /forms/lservlet;jsessionid=ac16012b30d5c68acce3e91e41eebfe1b364b8f16648.e3iSbxaKaheRe34Sa3yKbhiTahb0n6jAmljGr5XDqQLvpAe HTTP/1.1" 200 2
181.55.224.205 - - [18/Oct/2014:07:14:43 -0500] "POST /forms/lservlet;jsessionid=ac16012b30d5c68acce3e91e41eebfe1b364b8f16648.e3iSbxaKaheRe34Sa3yKbhiTahb0n6jAmljGr5XDqQLvpAe HTTP/1.1" 200 2450
181.55.224.205 - - [18/Oct/2014:07:14:43 -0500] "POST /forms/lservlet;jsessionid=ac16012b30d5c68acce3e91e41eebfe1b364b8f16648.e3iSbxaKaheRe34Sa3yKbhiTahb0n6jAmljGr5XDqQLvpAe HTTP/1.1" 200 10
181.55.224.205 - - [18/Oct/2014:07:14:44 -0500] "POST /forms/lservlet;jsessionid=ac16012b30d5c68acce3e91e41eebfe1b364b8f16648.e3iSbxaKaheRe34Sa3yKbhiTahb0n6jAmljGr5XDqQLvpAe HTTP/1.1" 200 46
181.55.224.205 - - [18/Oct/2014:07:14:47 -0500] "POST /forms/lservlet;jsessionid=ac16012b30d5c68acce3e91e41eebfe1b364b8f16648.e3iSbxaKaheRe34Sa3yKbhiTahb0n6jAmljGr5XDqQLvpAe HTTP/1.1" 200 2
181.55.224.205 - - [18/Oct/2014:07:14:52 -0500] "POST /forms/lservlet;jsessionid=ac16012b30d5c68acce3e91e41eebfe1b364b8f16648.e3iSbxaKaheRe34Sa3yKbhiTahb0n6jAmljGr5XDqQLvpAe HTTP/1.1" 200 30
181.55.224.205 - - [18/Oct/2014:07:14:52 -0500] "POST /forms/lservlet;jsessionid=ac16012b30d5c68acce3e91e41eebfe1b364b8f16648.e3iSbxaKaheRe34Sa3yKbhiTahb0n6jAmljGr5XDqQLvpAe HTTP/1.1" 200 8
181.55.224.205 - - [18/Oct/2014:07:14:52 -0500] "POST /forms/lservlet;jsessionid=ac16012b30d5c68acce3e91e41eebfe1b364b8f16648.e3iSbxaKaheRe34Sa3yKbhiTahb0n6jAmljGr5XDqQLvpAe HTTP/1.1" 200 2
181.55.224.205 - - [18/Oct/2014:07:14:59 -0500] "POST /forms/lservlet;jsessionid=ac16012b30d5c68acce3e91e41eebfe1b364b8f16648.e3iSbxaKaheRe34Sa3yKbhiTahb0n6jAmljGr5XDqQLvpAe HTTP/1.1" 200 24
181.55.224.205 - - [18/Oct/2014:07:14:59 -0500] "POST /forms/lservlet;jsessionid=ac16012b30d5c68acce3e91e41eebfe1b364b8f16648.e3iSbxaKaheRe34Sa3yKbhiTahb0n6jAmljGr5XDqQLvpAe HTTP/1.1" 200 4047
181.55.224.205 - - [18/Oct/2014:07:15:00 -0500] "POST /forms/lservlet;jsessionid=ac16012b30d5c68acce3e91e41eebfe1b364b8f16648.e3iSbxaKaheRe34Sa3yKbhiTahb0n6jAmljGr5XDqQLvpAe HTTP/1.1" 200 20
66.249.65.115 - - [18/Oct/2014:07:15:03 -0500] "GET /BLA/normas/Resolucion%202064-2010.pdf HTTP/1.1" 200 1278761
181.55.224.205 - - [18/Oct/2014:07:15:04 -0500] "POST /forms/lservlet;jsessionid=ac16012b30d5c68acce3e91e41eebfe1b364b8f16648.e3iSbxaKaheRe34Sa3yKbhiTahb0n6jAmljGr5XDqQLvpAe HTTP/1.1" 200 2
181.55.224.205 - - [18/Oct/2014:07:15:04 -0500] "POST /forms/lservlet;jsessionid=ac16012b30d5c68acce3e91e41eebfe1b364b8f16648.e3iSbxaKaheRe34Sa3yKbhiTahb0n6jAmljGr5XDqQLvpAe HTTP/1.1" 200 3071
181.55.224.205 - - [18/Oct/2014:07:15:04 -0500] "POST /forms/lservlet;jsessionid=ac16012b30d5c68acce3e91e41eebfe1b364b8f16648.e3iSbxaKaheRe34Sa3yKbhiTahb0n6jAmljGr5XDqQLvpAe HTTP/1.1" 200 2
181.55.224.205 - - [18/Oct/2014:07:15:11 -0500] "POST /forms/lservlet;jsessionid=ac16012b30d5c68acce3e91e41eebfe1b364b8f16648.e3iSbxaKaheRe34Sa3yKbhiTahb0n6jAmljGr5XDqQLvpAe HTTP/1.1" 200 2
66.249.65.115 - - [18/Oct/2014:07:15:12 -0500] "GET /BLA/resoluciones/RESOLUCIONES%202011/0397.pdf HTTP/1.1" 200 71993
181.55.224.205 - - [18/Oct/2014:07:15:12 -0500] "POST /forms/lservlet;jsessionid=ac16012b30d5c68acce3e91e41eebfe1b364b8f16648.e3iSbxaKaheRe34Sa3yKbhiTahb0n6jAmljGr5XDqQLvpAe HTTP/1.1" 200 4088
181.55.224.205 - - [18/Oct/2014:07:15:12 -0500] "POST /forms/lservlet;jsessionid=ac16012b30d5c68acce3e91e41eebfe1b364b8f16648.e3iSbxaKaheRe34Sa3yKbhiTahb0n6jAmljGr5XDqQLvpAe HTTP/1.1" 200 2
181.55.224.205 - - [18/Oct/2014:07:15:19 -0500] "POST /forms/lservlet;jsessionid=ac16012b30d5c68acce3e91e41eebfe1b364b8f16648.e3iSbxaKaheRe34Sa3yKbhiTahb0n6jAmljGr5XDqQLvpAe HTTP/1.1" 200 99
181.55.224.205 - - [18/Oct/2014:07:15:29 -0500] "POST /forms/lservlet;jsessionid=ac16012b30d5c68acce3e91e41eebfe1b364b8f16648.e3iSbxaKaheRe34Sa3yKbhiTahb0n6jAmljGr5XDqQLvpAe HTTP/1.1" 200 404
181.55.224.205 - - [18/Oct/2014:07:15:29 -0500] "POST /forms/lservlet;jsessionid=ac16012b30d5c68acce3e91e41eebfe1b364b8f16648.e3iSbxaKaheRe34Sa3yKbhiTahb0n6jAmljGr5XDqQLvpAe HTTP/1.1" 200 7
181.55.224.205 - - [18/Oct/2014:07:15:29 -0500] "POST /forms/lservlet;jsessionid=ac16012b30d5c68acce3e91e41eebfe1b364b8f16648.e3iSbxaKaheRe34Sa3yKbhiTahb0n6jAmljGr5XDqQLvpAe HTTP/1.1" 200 331
181.55.224.205 - - [18/Oct/2014:07:15:30 -0500] "POST /forms/lservlet;jsessionid=ac16012b30d5c68acce3e91e41eebfe1b364b8f16648.e3iSbxaKaheRe34Sa3yKbhiTahb0n6jAmljGr5XDqQLvpAe HTTP/1.1" 200 318
181.55.224.205 - - [18/Oct/2014:07:15:30 -0500] "POST /forms/lservlet;jsessionid=ac16012b30d5c68acce3e91e41eebfe1b364b8f16648.e3iSbxaKaheRe34Sa3yKbhiTahb0n6jAmljGr5XDqQLvpAe HTTP/1.1" 200 296
181.55.224.205 - - [18/Oct/2014:07:15:31 -0500] "POST /forms/lservlet;jsessionid=ac16012b30d5c68acce3e91e41eebfe1b364b8f16648.e3iSbxaKaheRe34Sa3yKbhiTahb0n6jAmljGr5XDqQLvpAe HTTP/1.1" 200 296
181.55.224.205 - - [18/Oct/2014:07:15:31 -0500] "POST /forms/lservlet;jsessionid=ac16012b30d5c68acce3e91e41eebfe1b364b8f16648.e3iSbxaKaheRe34Sa3yKbhiTahb0n6jAmljGr5XDqQLvpAe HTTP/1.1" 200 334
181.55.224.205 - - [18/Oct/2014:07:15:31 -0500] "POST /forms/lservlet;jsessionid=ac16012b30d5c68acce3e91e41eebfe1b364b8f16648.e3iSbxaKaheRe34Sa3yKbhiTahb0n6jAmljGr5XDqQLvpAe HTTP/1.1" 200 320
181.55.224.205 - - [18/Oct/2014:07:15:32 -0500] "POST /forms/lservlet;jsessionid=ac16012b30d5c68acce3e91e41eebfe1b364b8f16648.e3iSbxaKaheRe34Sa3yKbhiTahb0n6jAmljGr5XDqQLvpAe HTTP/1.1" 200 351
181.55.224.205 - - [18/Oct/2014:07:15:33 -0500] "POST /forms/lservlet;jsessionid=ac16012b30d5c68acce3e91e41eebfe1b364b8f16648.e3iSbxaKaheRe34Sa3yKbhiTahb0n6jAmljGr5XDqQLvpAe HTTP/1.1" 200 285
181.55.224.205 - - [18/Oct/2014:07:15:33 -0500] "POST /forms/lservlet;jsessionid=ac16012b30d5c68acce3e91e41eebfe1b364b8f16648.e3iSbxaKaheRe34Sa3yKbhiTahb0n6jAmljGr5XDqQLvpAe HTTP/1.1" 200 11
181.55.224.205 - - [18/Oct/2014:07:15:35 -0500] "POST /forms/lservlet;jsessionid=ac16012b30d5c68acce3e91e41eebfe1b364b8f16648.e3iSbxaKaheRe34Sa3yKbhiTahb0n6jAmljGr5XDqQLvpAe HTTP/1.1" 200 263
181.55.224.205 - - [18/Oct/2014:07:15:35 -0500] "POST /forms/lservlet;jsessionid=ac16012b30d5c68acce3e91e41eebfe1b364b8f16648.e3iSbxaKaheRe34Sa3yKbhiTahb0n6jAmljGr5XDqQLvpAe HTTP/1.1" 200 11
181.55.224.205 - - [18/Oct/2014:07:15:35 -0500] "POST /forms/lservlet;jsessionid=ac16012b30d5c68acce3e91e41eebfe1b364b8f16648.e3iSbxaKaheRe34Sa3yKbhiTahb0n6jAmljGr5XDqQLvpAe HTTP/1.1" 200 251
181.55.224.205 - - [18/Oct/2014:07:15:35 -0500] "POST /forms/lservlet;jsessionid=ac16012b30d5c68acce3e91e41eebfe1b364b8f16648.e3iSbxaKaheRe34Sa3yKbhiTahb0n6jAmljGr5XDqQLvpAe HTTP/1.1" 200 11
181.55.224.205 - - [18/Oct/2014:07:15:35 -0500] "POST /forms/lservlet;jsessionid=ac16012b30d5c68acce3e91e41eebfe1b364b8f16648.e3iSbxaKaheRe34Sa3yKbhiTahb0n6jAmljGr5XDqQLvpAe HTTP/1.1" 200 279
181.55.224.205 - - [18/Oct/2014:07:15:35 -0500] "POST /forms/lservlet;jsessionid=ac16012b30d5c68acce3e91e41eebfe1b364b8f16648.e3iSbxaKaheRe34Sa3yKbhiTahb0n6jAmljGr5XDqQLvpAe HTTP/1.1" 200 278
181.55.224.205 - - [18/Oct/2014:07:15:35 -0500] "POST /forms/lservlet;jsessionid=ac16012b30d5c68acce3e91e41eebfe1b364b8f16648.e3iSbxaKaheRe34Sa3yKbhiTahb0n6jAmljGr5XDqQLvpAe HTTP/1.1" 200 302
181.55.224.205 - - [18/Oct/2014:07:15:36 -0500] "POST /forms/lservlet;jsessionid=ac16012b30d5c68acce3e91e41eebfe1b364b8f16648.e3iSbxaKaheRe34Sa3yKbhiTahb0n6jAmljGr5XDqQLvpAe HTTP/1.1" 200 318
181.55.224.205 - - [18/Oct/2014:07:15:36 -0500] "POST /forms/lservlet;jsessionid=ac16012b30d5c68acce3e91e41eebfe1b364b8f16648.e3iSbxaKaheRe34Sa3yKbhiTahb0n6jAmljGr5XDqQLvpAe HTTP/1.1" 200 324
181.55.224.205 - - [18/Oct/2014:07:15:38 -0500] "POST /forms/lservlet;jsessionid=ac16012b30d5c68acce3e91e41eebfe1b364b8f16648.e3iSbxaKaheRe34Sa3yKbhiTahb0n6jAmljGr5XDqQLvpAe HTTP/1.1" 200 2
180.76.6.46 - - [18/Oct/2014:07:15:38 -0500] "GET /BLA/resoluciones/AUTOS%202009/3349.pdf HTTP/1.1" 200 209431
181.55.224.205 - - [18/Oct/2014:07:15:38 -0500] "POST /forms/lservlet;jsessionid=ac16012b30d5c68acce3e91e41eebfe1b364b8f16648.e3iSbxaKaheRe34Sa3yKbhiTahb0n6jAmljGr5XDqQLvpAe HTTP/1.1" 200 343
181.55.224.205 - - [18/Oct/2014:07:15:39 -0500] "POST /forms/lservlet;jsessionid=ac16012b30d5c68acce3e91e41eebfe1b364b8f16648.e3iSbxaKaheRe34Sa3yKbhiTahb0n6jAmljGr5XDqQLvpAe HTTP/1.1" 200 7
181.55.224.205 - - [18/Oct/2014:07:15:41 -0500] "POST /forms/lservlet;jsessionid=ac16012b30d5c68acce3e91e41eebfe1b364b8f16648.e3iSbxaKaheRe34Sa3yKbhiTahb0n6jAmljGr5XDqQLvpAe HTTP/1.1" 200 127
181.55.224.205 - - [18/Oct/2014:07:15:42 -0500] "POST /forms/lservlet;jsessionid=ac16012b30d5c68acce3e91e41eebfe1b364b8f16648.e3iSbxaKaheRe34Sa3yKbhiTahb0n6jAmljGr5XDqQLvpAe HTTP/1.1" 200 2
181.55.224.205 - - [18/Oct/2014:07:15:42 -0500] "POST /forms/lservlet;jsessionid=ac16012b30d5c68acce3e91e41eebfe1b364b8f16648.e3iSbxaKaheRe34Sa3yKbhiTahb0n6jAmljGr5XDqQLvpAe HTTP/1.1" 200 2283
181.55.224.205 - - [18/Oct/2014:07:15:43 -0500] "POST /forms/lservlet;jsessionid=ac16012b30d5c68acce3e91e41eebfe1b364b8f16648.e3iSbxaKaheRe34Sa3yKbhiTahb0n6jAmljGr5XDqQLvpAe HTTP/1.1" 200 15
181.55.224.205 - - [18/Oct/2014:07:15:44 -0500] "POST /forms/lservlet;jsessionid=ac16012b30d5c68acce3e91e41eebfe1b364b8f16648.e3iSbxaKaheRe34Sa3yKbhiTahb0n6jAmljGr5XDqQLvpAe HTTP/1.1" 200 2
181.55.224.205 - - [18/Oct/2014:07:15:44 -0500] "POST /forms/lservlet;jsessionid=ac16012b30d5c68acce3e91e41eebfe1b364b8f16648.e3iSbxaKaheRe34Sa3yKbhiTahb0n6jAmljGr5XDqQLvpAe HTTP/1.1" 200 4668
181.55.224.205 - - [18/Oct/2014:07:15:44 -0500] "POST /forms/lservlet;jsessionid=ac16012b30d5c68acce3e91e41eebfe1b364b8f16648.e3iSbxaKaheRe34Sa3yKbhiTahb0n6jAmljGr5XDqQLvpAe HTTP/1.1" 200 2
181.55.224.205 - - [18/Oct/2014:07:15:46 -0500] "POST /forms/lservlet;jsessionid=ac16012b30d5c68acce3e91e41eebfe1b364b8f16648.e3iSbxaKaheRe34Sa3yKbhiTahb0n6jAmljGr5XDqQLvpAe HTTP/1.1" 200 73
181.55.224.205 - - [18/Oct/2014:07:15:48 -0500] "POST /forms/lservlet;jsessionid=ac16012b30d5c68acce3e91e41eebfe1b364b8f16648.e3iSbxaKaheRe34Sa3yKbhiTahb0n6jAmljGr5XDqQLvpAe HTTP/1.1" 200 154
66.249.65.123 - - [18/Oct/2014:07:16:11 -0500] "GET /BLA/resoluciones/RESOLUCIONES%202008/0905.pdf HTTP/1.1" 200 246689
180.76.6.46 - - [18/Oct/2014:07:16:14 -0500] "GET /BLA/resoluciones/Autos%202008/2194.pdf HTTP/1.1" 200 93599
66.249.65.115 - - [18/Oct/2014:07:16:15 -0500] "GET /bla/normas/Resolucion%202064-2010.pdf HTTP/1.1" 200 1278761
148.251.124.173 - - [18/Oct/2014:07:16:26 -0500] "GET /robots.txt HTTP/1.0" 404 1015
181.55.224.205 - - [18/Oct/2014:07:16:28 -0500] "POST /forms/lservlet;jsessionid=ac16012b30d5c68acce3e91e41eebfe1b364b8f16648.e3iSbxaKaheRe34Sa3yKbhiTahb0n6jAmljGr5XDqQLvpAe HTTP/1.1" 200 90
181.55.224.205 - - [18/Oct/2014:07:16:40 -0500] "POST /forms/lservlet;jsessionid=ac16012b30d5c68acce3e91e41eebfe1b364b8f16648.e3iSbxaKaheRe34Sa3yKbhiTahb0n6jAmljGr5XDqQLvpAe HTTP/1.1" 200 57
181.55.224.205 - - [18/Oct/2014:07:16:47 -0500] "POST /forms/lservlet;jsessionid=ac16012b30d5c68acce3e91e41eebfe1b364b8f16648.e3iSbxaKaheRe34Sa3yKbhiTahb0n6jAmljGr5XDqQLvpAe HTTP/1.1" 200 2
66.249.65.119 - - [18/Oct/2014:07:16:51 -0500] "GET /BLA/resoluciones/RESOLUCIONES%202003/RES%202003%20401-450/403.tif HTTP/1.1" 200 223096
148.251.124.173 - - [18/Oct/2014:07:16:59 -0500] "GET /portalsiaccapacitaciones/Soportes%20Capacitaciones%20A%C3%B1o%202013/?C=D;O=A HTTP/1.0" 200 16997
181.55.224.205 - - [18/Oct/2014:07:17:05 -0500] "POST /forms/lservlet;jsessionid=ac16012b30d5c68acce3e91e41eebfe1b364b8f16648.e3iSbxaKaheRe34Sa3yKbhiTahb0n6jAmljGr5XDqQLvpAe HTTP/1.1" 200 376
181.55.224.205 - - [18/Oct/2014:07:17:05 -0500] "POST /forms/lservlet;jsessionid=ac16012b30d5c68acce3e91e41eebfe1b364b8f16648.e3iSbxaKaheRe34Sa3yKbhiTahb0n6jAmljGr5XDqQLvpAe HTTP/1.1" 200 7
181.55.224.205 - - [18/Oct/2014:07:17:06 -0500] "POST /forms/lservlet;jsessionid=ac16012b30d5c68acce3e91e41eebfe1b364b8f16648.e3iSbxaKaheRe34Sa3yKbhiTahb0n6jAmljGr5XDqQLvpAe HTTP/1.1" 200 316
181.55.224.205 - - [18/Oct/2014:07:17:06 -0500] "POST /forms/lservlet;jsessionid=ac16012b30d5c68acce3e91e41eebfe1b364b8f16648.e3iSbxaKaheRe34Sa3yKbhiTahb0n6jAmljGr5XDqQLvpAe HTTP/1.1" 200 318
181.55.224.205 - - [18/Oct/2014:07:17:06 -0500] "POST /forms/lservlet;jsessionid=ac16012b30d5c68acce3e91e41eebfe1b364b8f16648.e3iSbxaKaheRe34Sa3yKbhiTahb0n6jAmljGr5XDqQLvpAe HTTP/1.1" 200 296
181.55.224.205 - - [18/Oct/2014:07:17:06 -0500] "POST /forms/lservlet;jsessionid=ac16012b30d5c68acce3e91e41eebfe1b364b8f16648.e3iSbxaKaheRe34Sa3yKbhiTahb0n6jAmljGr5XDqQLvpAe HTTP/1.1" 200 296
181.55.224.205 - - [18/Oct/2014:07:17:07 -0500] "POST /forms/lservlet;jsessionid=ac16012b30d5c68acce3e91e41eebfe1b364b8f16648.e3iSbxaKaheRe34Sa3yKbhiTahb0n6jAmljGr5XDqQLvpAe HTTP/1.1" 200 334
181.55.224.205 - - [18/Oct/2014:07:17:07 -0500] "POST /forms/lservlet;jsessionid=ac16012b30d5c68acce3e91e41eebfe1b364b8f16648.e3iSbxaKaheRe34Sa3yKbhiTahb0n6jAmljGr5XDqQLvpAe HTTP/1.1" 200 320
181.55.224.205 - - [18/Oct/2014:07:17:07 -0500] "POST /forms/lservlet;jsessionid=ac16012b30d5c68acce3e91e41eebfe1b364b8f16648.e3iSbxaKaheRe34Sa3yKbhiTahb0n6jAmljGr5XDqQLvpAe HTTP/1.1" 200 351
148.251.124.173 - - [18/Oct/2014:07:17:08 -0500] "GET /portalsiaccapacitaciones/Soportes%20Capacitaciones%20A%C3%B1o%202013/?C=M;O=A HTTP/1.0" 200 16997
66.249.65.119 - - [18/Oct/2014:07:17:10 -0500] "GET /BLA/resoluciones/RESOLUCIONES%202010/3103.pdf HTTP/1.1" 200 346764
181.55.224.205 - - [18/Oct/2014:07:17:16 -0500] "POST /forms/lservlet;jsessionid=ac16012b30d5c68acce3e91e41eebfe1b364b8f16648.e3iSbxaKaheRe34Sa3yKbhiTahb0n6jAmljGr5XDqQLvpAe HTTP/1.1" 200 418
181.55.224.205 - - [18/Oct/2014:07:17:16 -0500] "POST /forms/lservlet;jsessionid=ac16012b30d5c68acce3e91e41eebfe1b364b8f16648.e3iSbxaKaheRe34Sa3yKbhiTahb0n6jAmljGr5XDqQLvpAe HTTP/1.1" 200 7
181.55.224.205 - - [18/Oct/2014:07:17:18 -0500] "POST /forms/lservlet;jsessionid=ac16012b30d5c68acce3e91e41eebfe1b364b8f16648.e3iSbxaKaheRe34Sa3yKbhiTahb0n6jAmljGr5XDqQLvpAe HTTP/1.1" 200 141
181.55.224.205 - - [18/Oct/2014:07:17:19 -0500] "POST /forms/lservlet;jsessionid=ac16012b30d5c68acce3e91e41eebfe1b364b8f16648.e3iSbxaKaheRe34Sa3yKbhiTahb0n6jAmljGr5XDqQLvpAe HTTP/1.1" 200 7
181.55.224.205 - - [18/Oct/2014:07:17:19 -0500] "POST /forms/lservlet;jsessionid=ac16012b30d5c68acce3e91e41eebfe1b364b8f16648.e3iSbxaKaheRe34Sa3yKbhiTahb0n6jAmljGr5XDqQLvpAe HTTP/1.1" 200 14
181.55.224.205 - - [18/Oct/2014:07:17:20 -0500] "POST /forms/lservlet;jsessionid=ac16012b30d5c68acce3e91e41eebfe1b364b8f16648.e3iSbxaKaheRe34Sa3yKbhiTahb0n6jAmljGr5XDqQLvpAe HTTP/1.1" 200 30164
181.55.224.205 - - [18/Oct/2014:07:17:21 -0500] "GET /imagenes/rt_print.gif HTTP/1.1" 200 916
181.55.224.205 - - [18/Oct/2014:07:17:21 -0500] "POST /forms/lservlet;jsessionid=ac16012b30d5c68acce3e91e41eebfe1b364b8f16648.e3iSbxaKaheRe34Sa3yKbhiTahb0n6jAmljGr5XDqQLvpAe HTTP/1.1" 200 7
181.55.224.205 - - [18/Oct/2014:07:17:21 -0500] "POST /forms/lservlet;jsessionid=ac16012b30d5c68acce3e91e41eebfe1b364b8f16648.e3iSbxaKaheRe34Sa3yKbhiTahb0n6jAmljGr5XDqQLvpAe HTTP/1.1" 200 27
181.55.224.205 - - [18/Oct/2014:07:17:22 -0500] "POST /forms/lservlet;jsessionid=ac16012b30d5c68acce3e91e41eebfe1b364b8f16648.e3iSbxaKaheRe34Sa3yKbhiTahb0n6jAmljGr5XDqQLvpAe HTTP/1.1" 200 2
181.55.224.205 - - [18/Oct/2014:07:17:22 -0500] "POST /forms/lservlet;jsessionid=ac16012b30d5c68acce3e91e41eebfe1b364b8f16648.e3iSbxaKaheRe34Sa3yKbhiTahb0n6jAmljGr5XDqQLvpAe HTTP/1.1" 200 7
181.55.224.205 - - [18/Oct/2014:07:17:22 -0500] "GET /imagenes/open.gif HTTP/1.1" 200 919
181.55.224.205 - - [18/Oct/2014:07:17:24 -0500] "POST /forms/lservlet;jsessionid=ac16012b30d5c68acce3e91e41eebfe1b364b8f16648.e3iSbxaKaheRe34Sa3yKbhiTahb0n6jAmljGr5XDqQLvpAe HTTP/1.1" 200 70
181.55.224.205 - - [18/Oct/2014:07:17:24 -0500] "POST /forms/lservlet;jsessionid=ac16012b30d5c68acce3e91e41eebfe1b364b8f16648.e3iSbxaKaheRe34Sa3yKbhiTahb0n6jAmljGr5XDqQLvpAe HTTP/1.1" 200 8
181.55.224.205 - - [18/Oct/2014:07:17:24 -0500] "POST /forms/lservlet;jsessionid=ac16012b30d5c68acce3e91e41eebfe1b364b8f16648.e3iSbxaKaheRe34Sa3yKbhiTahb0n6jAmljGr5XDqQLvpAe HTTP/1.1" 200 2
66.249.65.115 - - [18/Oct/2014:07:17:26 -0500] "GET /BLA/resoluciones/RESOLUCIONES%202012/1115.pdf HTTP/1.1" 304 -
181.55.224.205 - - [18/Oct/2014:07:17:29 -0500] "POST /forms/lservlet;jsessionid=ac16012b30d5c68acce3e91e41eebfe1b364b8f16648.e3iSbxaKaheRe34Sa3yKbhiTahb0n6jAmljGr5XDqQLvpAe HTTP/1.1" 200 1495
181.55.224.205 - - [18/Oct/2014:07:17:29 -0500] "POST /forms/lservlet;jsessionid=ac16012b30d5c68acce3e91e41eebfe1b364b8f16648.e3iSbxaKaheRe34Sa3yKbhiTahb0n6jAmljGr5XDqQLvpAe HTTP/1.1" 200 2
181.55.224.205 - - [18/Oct/2014:07:17:29 -0500] "POST /forms/lservlet;jsessionid=ac16012b30d5c68acce3e91e41eebfe1b364b8f16648.e3iSbxaKaheRe34Sa3yKbhiTahb0n6jAmljGr5XDqQLvpAe HTTP/1.1" 200 2
181.55.224.205 - - [18/Oct/2014:07:17:38 -0500] "POST /forms/lservlet;jsessionid=ac16012b30d5c68acce3e91e41eebfe1b364b8f16648.e3iSbxaKaheRe34Sa3yKbhiTahb0n6jAmljGr5XDqQLvpAe HTTP/1.1" 200 1988
181.55.224.205 - - [18/Oct/2014:07:17:38 -0500] "POST /forms/lservlet;jsessionid=ac16012b30d5c68acce3e91e41eebfe1b364b8f16648.e3iSbxaKaheRe34Sa3yKbhiTahb0n6jAmljGr5XDqQLvpAe HTTP/1.1" 200 45
180.76.5.167 - - [18/Oct/2014:07:17:58 -0500] "GET /BLA/resoluciones/AUTOS%202010/0420.pdf HTTP/1.1" 200 241264
66.249.65.115 - - [18/Oct/2014:07:18:10 -0500] "GET /BLA/resoluciones/RESOLUCIONES%202012/0877.pdf HTTP/1.1" 304 -
148.251.124.173 - - [18/Oct/2014:07:18:33 -0500] "GET /portalsiaccapacitaciones/Soportes%20Capacitaciones%20A%C3%B1o%202013/?C=N;O=D HTTP/1.0" 200 16997
180.76.6.136 - - [18/Oct/2014:07:18:33 -0500] "GET /BLA/resoluciones/RESOLUCIONES%202008/2182.pdf HTTP/1.1" 200 353649
66.249.65.119 - - [18/Oct/2014:07:18:38 -0500] "GET /PORTAL_SIAC/Resoluci%C3%B3n%20242%20de%202014%20(Lineamientos%20PIGA).pdf HTTP/1.1" 200 522095
148.251.124.173 - - [18/Oct/2014:07:18:40 -0500] "GET /portalsiaccapacitaciones/Soportes%20Capacitaciones%20A%C3%B1o%202013/?C=S;O=A HTTP/1.0" 200 16997
186.147.66.232 - - [18/Oct/2014:07:18:42 -0500] "GET /forest/session.jsp?a=0.5988818085752428 HTTP/1.1" 200 4
74.86.158.107 - - [18/Oct/2014:07:18:45 -0500] "HEAD / HTTP/1.1" 302 -
181.55.224.205 - - [18/Oct/2014:07:18:47 -0500] "POST /forms/lservlet;jsessionid=ac16012b30d5c68acce3e91e41eebfe1b364b8f16648.e3iSbxaKaheRe34Sa3yKbhiTahb0n6jAmljGr5XDqQLvpAe HTTP/1.1" 200 2
190.25.232.143 - - [18/Oct/2014:07:18:53 -0500] "GET /galeria/nivo-slider/themes/orman/orman.css HTTP/1.1" 304 -
148.251.124.173 - - [18/Oct/2014:07:18:58 -0500] "GET /portalsiaccapacitaciones/Soportes%20Capacitaciones%20A%C3%B1o%202014/?C=D;O=A HTTP/1.0" 200 12885
148.251.124.173 - - [18/Oct/2014:07:19:07 -0500] "GET /portalsiaccapacitaciones/Soportes%20Capacitaciones%20A%C3%B1o%202014/?C=M;O=A HTTP/1.0" 200 12885
180.76.6.51 - - [18/Oct/2014:07:19:08 -0500] "GET /BLA/resoluciones/RESOLUCIONES%202008/1351.pdf HTTP/1.1" 200 785970
66.249.65.123 - - [18/Oct/2014:07:19:09 -0500] "GET /BLA/resoluciones/AUTOS%202010/4831.pdf HTTP/1.1" 200 371772
148.251.124.173 - - [18/Oct/2014:07:19:10 -0500] "GET /portalsiaccapacitaciones/Soportes%20Capacitaciones%20A%C3%B1o%202014/?C=N;O=D HTTP/1.0" 200 12885
148.251.124.173 - - [18/Oct/2014:07:19:15 -0500] "GET /portalsiaccapacitaciones/Soportes%20Capacitaciones%20A%C3%B1o%202014/?C=S;O=A HTTP/1.0" 200 12885
148.251.124.173 - - [18/Oct/2014:07:19:20 -0500] "GET /robots.txt HTTP/1.0" 404 1019
148.251.124.173 - - [18/Oct/2014:07:19:23 -0500] "GET /portalsiaccapacitaciones/Soportes%20Capacitaciones%20A%C3%B1o%202013/?C=D;O=A HTTP/1.0" 200 17001
148.251.124.173 - - [18/Oct/2014:07:19:25 -0500] "GET /portalsiaccapacitaciones/Soportes%20Capacitaciones%20A%C3%B1o%202013/?C=M;O=A HTTP/1.0" 200 17001
148.251.124.173 - - [18/Oct/2014:07:19:27 -0500] "GET /portalsiaccapacitaciones/Soportes%20Capacitaciones%20A%C3%B1o%202013/?C=N;O=D HTTP/1.0" 200 17001
148.251.124.173 - - [18/Oct/2014:07:19:29 -0500] "GET /portalsiaccapacitaciones/Soportes%20Capacitaciones%20A%C3%B1o%202013/?C=S;O=A HTTP/1.0" 200 17001
148.251.124.173 - - [18/Oct/2014:07:19:32 -0500] "GET /portalsiaccapacitaciones/Soportes%20Capacitaciones%20A%C3%B1o%202014/?C=D;O=A HTTP/1.0" 200 12889
148.251.124.173 - - [18/Oct/2014:07:19:34 -0500] "GET /portalsiaccapacitaciones/Soportes%20Capacitaciones%20A%C3%B1o%202014/?C=M;O=A HTTP/1.0" 200 12889
148.251.124.173 - - [18/Oct/2014:07:19:36 -0500] "GET /portalsiaccapacitaciones/Soportes%20Capacitaciones%20A%C3%B1o%202014/?C=N;O=D HTTP/1.0" 200 12889
148.251.124.173 - - [18/Oct/2014:07:19:38 -0500] "GET /portalsiaccapacitaciones/Soportes%20Capacitaciones%20A%C3%B1o%202014/?C=S;O=A HTTP/1.0" 200 12889
66.249.65.119 - - [18/Oct/2014:07:19:50 -0500] "GET /Anexos%20estudio%20Organizacional%20SDA/ANEXO%20No.%201-%20NORMAS%20LEGALES%20DE%20ESTRUCTURA%20Y%20PLANTA/Decreto%20109%20de%202009%20-%20Modifica%20la%20estructura%20de%20la%20SDA.jsp.htm HTTP/1.1" 304 -
65.55.215.33 - - [18/Oct/2014:07:19:51 -0500] "GET /robots.txt HTTP/1.1" 404 1019
65.55.215.33 - - [18/Oct/2014:07:19:51 -0500] "GET /Ifweb/Image66.gif HTTP/1.1" 404 1019
66.249.65.115 - - [18/Oct/2014:07:20:03 -0500] "GET /BLA/resoluciones/RESOLUCIONES%202009/1256.pdf HTTP/1.1" 200 551158
66.249.65.115 - - [18/Oct/2014:07:20:08 -0500] "GET /BLA/resoluciones/AUTOS%202009/0474.pdf HTTP/1.1" 200 353529
181.55.224.205 - - [18/Oct/2014:07:20:47 -0500] "POST /forms/lservlet;jsessionid=ac16012b30d5c68acce3e91e41eebfe1b364b8f16648.e3iSbxaKaheRe34Sa3yKbhiTahb0n6jAmljGr5XDqQLvpAe HTTP/1.1" 200 2
66.249.65.123 - - [18/Oct/2014:07:21:08 -0500] "GET /BLA/resoluciones/RESOLUCIONES%202010/1887.pdf HTTP/1.1" 200 635440
66.249.65.115 - - [18/Oct/2014:07:22:08 -0500] "GET /BLA/resoluciones/AUTOS%202012/1175.pdf HTTP/1.1" 200 152310
207.46.13.141 - - [18/Oct/2014:07:22:28 -0500] "GET /info%205%20-6/10-11.cdr HTTP/1.1" 404 1019
181.55.224.205 - - [18/Oct/2014:07:22:47 -0500] "POST /forms/lservlet;jsessionid=ac16012b30d5c68acce3e91e41eebfe1b364b8f16648.e3iSbxaKaheRe34Sa3yKbhiTahb0n6jAmljGr5XDqQLvpAe HTTP/1.1" 200 2
66.249.65.115 - - [18/Oct/2014:07:23:06 -0500] "GET /BLA/resoluciones/AUTOS%202011/5231.pdf HTTP/1.1" 200 133608
66.249.65.55 - - [18/Oct/2014:07:23:27 -0500] "GET /POT-2013/Cartografia/20_Sistema%20de%20Alcantarillado_FEB.pdf HTTP/1.1" 304 -
182.114.225.174 - - [18/Oct/2014:07:23:37 -0500] "GET /admin/fckeditor/editor/filemanager/browser/default/connectors/connector.php?Command=GetFoldersAndFiles&Type=Image&CurrentFolder=/ HTTP/1.0" 404 1018
182.114.225.174 - - [18/Oct/2014:07:23:37 -0500] "GET /mailing/tools/fckeditor/editor/filemanager/browser/default/connectors/connector.php?Command=GetFoldersAndFiles&Type=Image&CurrentFolder=/ HTTP/1.0" 404 1018
182.114.225.174 - - [18/Oct/2014:07:23:38 -0500] "GET /fckeditor/editor/filemanager/browser/default/connectors/aspx/connector.aspx?Command=CreateFolder&Type=Image&CurrentFolder=/ok.asp&NewFolderName=ok.asp HTTP/1.0" 404 1018
74.86.158.107 - - [18/Oct/2014:07:23:45 -0500] "HEAD / HTTP/1.1" 302 -
182.114.225.174 - - [18/Oct/2014:07:23:54 -0500] "GET /fckeditor/editor/filemanager/connectors/aspx/connector.aspx?Command=CreateFolder&Type=Image&CurrentFolder=/ok.asp&NewFolderName=ok.asp HTTP/1.0" 404 1018
180.76.5.172 - - [18/Oct/2014:07:23:58 -0500] "GET /BLA/resoluciones/Autos%202008/2619.pdf HTTP/1.1" 200 86786
182.114.225.174 - - [18/Oct/2014:07:23:59 -0500] "GET /editors/filemanager/connectors/asp/connector.asp?Command=CreateFolder&Type=Image&CurrentFolder=/ok.asp&NewFolderName=ok.asp HTTP/1.0" 404 1018
66.249.65.115 - - [18/Oct/2014:07:24:06 -0500] "GET /BLA/resoluciones/AUTOS%202011/6436.pdf HTTP/1.1" 200 159509
182.114.225.174 - - [18/Oct/2014:07:24:18 -0500] "GET /admin/edit/editor/filemanager/connectors/asp/connector.asp?Command=CreateFolder&Type=Image&CurrentFolder=/ok.asp&NewFolderName=ok.asp HTTP/1.0" 404 1018
182.114.225.174 - - [18/Oct/2014:07:24:25 -0500] "GET /fck/editor/filemanager/connectors/asp/connector.asp?Command=CreateFolder&Type=Image&CurrentFolder=/ok.asp&NewFolderName=ok.asp HTTP/1.0" 404 1018
182.114.225.174 - - [18/Oct/2014:07:24:27 -0500] "GET /system/fckeditor/editor/filemanager/connectors/asp/connector.asp?Command=CreateFolder&Type=Image&CurrentFolder=/ok.asp&NewFolderName=ok.asp HTTP/1.0" 404 1018
182.114.225.174 - - [18/Oct/2014:07:24:29 -0500] "GET /manage/fckeditor/editor/filemanager/connectors/asp/connector.asp?Command=CreateFolder&Type=Image&CurrentFolder=/ok.asp&NewFolderName=ok.asp HTTP/1.0" 404 1018
66.249.65.59 - - [18/Oct/2014:07:24:39 -0500] "GET /PORTAL_SIAC/swf/Residuos/curtiembres/curtiembres.html HTTP/1.1" 304 -
182.114.225.174 - - [18/Oct/2014:07:24:46 -0500] "GET /admin/fckeditor/editor/filemanager/connectors/asp/connector.asp?Command=CreateFolder&Type=Image&CurrentFolder=/ok.asp&NewFolderName=ok.asp HTTP/1.0" 404 1018
182.114.225.174 - - [18/Oct/2014:07:24:47 -0500] "GET /fckeditor/editor/filemanager/connectors/asp/connector.asp?Command=CreateFolder&Type=Image&CurrentFolder=/ok.asp&NewFolderName=ok.asp HTTP/1.0" 404 1018
181.55.224.205 - - [18/Oct/2014:07:24:47 -0500] "POST /forms/lservlet;jsessionid=ac16012b30d5c68acce3e91e41eebfe1b364b8f16648.e3iSbxaKaheRe34Sa3yKbhiTahb0n6jAmljGr5XDqQLvpAe HTTP/1.1" 200 2
182.114.225.174 - - [18/Oct/2014:07:24:54 -0500] "GET /admin/fckeditor/editor/filemanager/browser/default/connectors/asp/connector.asp?Command=CreateFolder&Type=Image&CurrentFolder=/ok.asp&NewFolderName=ok.asp HTTP/1.0" 404 1018
182.114.225.174 - - [18/Oct/2014:07:24:56 -0500] "GET /admin_manager/fckeditor/editor/filemanager/connectors/asp/upload.asp HTTP/1.0" 404 1018
182.114.225.174 - - [18/Oct/2014:07:25:02 -0500] "GET /fckeditor/editor/filemanager/browser/default/connectors/asp/connector.asp?Command=CreateFolder&Type=Image&CurrentFolder=/ok.asp&NewFolderName=ok.asp HTTP/1.0" 404 1018
182.114.225.174 - - [18/Oct/2014:07:25:03 -0500] "GET /FCKeditor/editor/filemanager/upload/php/upload.php HTTP/1.0" 404 1018
182.114.225.174 - - [18/Oct/2014:07:25:04 -0500] "GET /sys/FCKeditor/editor/filemanager/upload/php/upload.php HTTP/1.0" 404 1018
66.249.65.123 - - [18/Oct/2014:07:25:05 -0500] "GET /BLA/resoluciones/AUTOS%202010/0857.pdf HTTP/1.1" 200 185963
186.147.66.232 - - [18/Oct/2014:07:25:17 -0500] "GET /forest/session.jsp?a=0.5159955674316734 HTTP/1.1" 200 4
186.147.66.232 - - [18/Oct/2014:07:25:20 -0500] "GET /forest/buscar.do HTTP/1.1" 200 96531
186.147.66.232 - - [18/Oct/2014:07:25:21 -0500] "GET /forest/json.do?query=usersByDep&coddep=7025 HTTP/1.1" 200 919
186.147.66.232 - - [18/Oct/2014:07:25:22 -0500] "GET /forest/json.do?query=usersByDep&coddep=7025 HTTP/1.1" 200 919
186.147.66.232 - - [18/Oct/2014:07:25:32 -0500] "GET /forest/xmlresponse.do?lista=searchTerceroByName&xmlret=1&todos=false&_a=0.939349910011515&partNomTer=900 HTTP/1.1" 200 2282
186.147.66.232 - - [18/Oct/2014:07:25:34 -0500] "GET /forest/xmlresponse.do?lista=searchTerceroByName&xmlret=1&todos=false&_a=0.939349910011515&partNomTer=900300 HTTP/1.1" 200 1190
186.147.66.232 - - [18/Oct/2014:07:25:36 -0500] "GET /forest/xmlresponse.do?lista=searchTerceroByName&xmlret=1&todos=false&_a=0.939349910011515&partNomTer=900300390 HTTP/1.1" 200 78
186.147.66.232 - - [18/Oct/2014:07:25:40 -0500] "GET /forest/xmlresponse.do?lista=searchTerceroByName&xmlret=1&todos=false&_a=0.939349910011515&partNomTer=90030039 HTTP/1.1" 200 78
186.147.66.232 - - [18/Oct/2014:07:25:40 -0500] "GET /forest/xmlresponse.do?lista=searchTerceroByName&xmlret=1&todos=false&_a=0.939349910011515&partNomTer=9003003 HTTP/1.1" 200 78
186.147.66.232 - - [18/Oct/2014:07:25:42 -0500] "GET /forest/xmlresponse.do?lista=searchTerceroByName&xmlret=1&todos=false&_a=0.939349910011515&partNomTer=900300 HTTP/1.1" 200 1190
66.249.65.115 - - [18/Oct/2014:07:26:04 -0500] "GET /BLA/resoluciones/AUTOS%202011/5718.pdf HTTP/1.1" 200 137694
66.249.65.123 - - [18/Oct/2014:07:26:28 -0500] "GET /BLA/resoluciones/RESOLUCIONES%202011/1601.pdf HTTP/1.1" 200 72183
181.55.224.205 - - [18/Oct/2014:07:26:32 -0500] "POST /forms/lservlet;jsessionid=ac16012b30d5c68acce3e91e41eebfe1b364b8f16648.e3iSbxaKaheRe34Sa3yKbhiTahb0n6jAmljGr5XDqQLvpAe HTTP/1.1" 200 34714
181.55.224.205 - - [18/Oct/2014:07:26:32 -0500] "GET /imagenes/listval.gif HTTP/1.1" 200 905
181.55.224.205 - - [18/Oct/2014:07:26:32 -0500] "POST /forms/lservlet;jsessionid=ac16012b30d5c68acce3e91e41eebfe1b364b8f16648.e3iSbxaKaheRe34Sa3yKbhiTahb0n6jAmljGr5XDqQLvpAe HTTP/1.1" 200 7
181.55.224.205 - - [18/Oct/2014:07:26:32 -0500] "POST /forms/lservlet;jsessionid=ac16012b30d5c68acce3e91e41eebfe1b364b8f16648.e3iSbxaKaheRe34Sa3yKbhiTahb0n6jAmljGr5XDqQLvpAe HTTP/1.1" 200 34
181.55.224.205 - - [18/Oct/2014:07:26:32 -0500] "POST /forms/lservlet;jsessionid=ac16012b30d5c68acce3e91e41eebfe1b364b8f16648.e3iSbxaKaheRe34Sa3yKbhiTahb0n6jAmljGr5XDqQLvpAe HTTP/1.1" 200 2
181.55.224.205 - - [18/Oct/2014:07:26:36 -0500] "POST /forms/lservlet;jsessionid=ac16012b30d5c68acce3e91e41eebfe1b364b8f16648.e3iSbxaKaheRe34Sa3yKbhiTahb0n6jAmljGr5XDqQLvpAe HTTP/1.1" 200 2
181.55.224.205 - - [18/Oct/2014:07:26:36 -0500] "POST /forms/lservlet;jsessionid=ac16012b30d5c68acce3e91e41eebfe1b364b8f16648.e3iSbxaKaheRe34Sa3yKbhiTahb0n6jAmljGr5XDqQLvpAe HTTP/1.1" 200 662
181.55.224.205 - - [18/Oct/2014:07:26:36 -0500] "POST /forms/lservlet;jsessionid=ac16012b30d5c68acce3e91e41eebfe1b364b8f16648.e3iSbxaKaheRe34Sa3yKbhiTahb0n6jAmljGr5XDqQLvpAe HTTP/1.1" 200 10
181.55.224.205 - - [18/Oct/2014:07:26:42 -0500] "POST /forms/lservlet;jsessionid=ac16012b30d5c68acce3e91e41eebfe1b364b8f16648.e3iSbxaKaheRe34Sa3yKbhiTahb0n6jAmljGr5XDqQLvpAe HTTP/1.1" 200 19
181.55.224.205 - - [18/Oct/2014:07:26:42 -0500] "POST /forms/lservlet;jsessionid=ac16012b30d5c68acce3e91e41eebfe1b364b8f16648.e3iSbxaKaheRe34Sa3yKbhiTahb0n6jAmljGr5XDqQLvpAe HTTP/1.1" 200 8
181.55.224.205 - - [18/Oct/2014:07:26:42 -0500] "POST /forms/lservlet;jsessionid=ac16012b30d5c68acce3e91e41eebfe1b364b8f16648.e3iSbxaKaheRe34Sa3yKbhiTahb0n6jAmljGr5XDqQLvpAe HTTP/1.1" 200 2
181.55.224.205 - - [18/Oct/2014:07:26:47 -0500] "POST /forms/lservlet;jsessionid=ac16012b30d5c68acce3e91e41eebfe1b364b8f16648.e3iSbxaKaheRe34Sa3yKbhiTahb0n6jAmljGr5XDqQLvpAe HTTP/1.1" 200 26
181.55.224.205 - - [18/Oct/2014:07:26:48 -0500] "POST /forms/lservlet;jsessionid=ac16012b30d5c68acce3e91e41eebfe1b364b8f16648.e3iSbxaKaheRe34Sa3yKbhiTahb0n6jAmljGr5XDqQLvpAe HTTP/1.1" 200 2
181.55.224.205 - - [18/Oct/2014:07:26:48 -0500] "POST /forms/lservlet;jsessionid=ac16012b30d5c68acce3e91e41eebfe1b364b8f16648.e3iSbxaKaheRe34Sa3yKbhiTahb0n6jAmljGr5XDqQLvpAe HTTP/1.1" 200 8
181.55.224.205 - - [18/Oct/2014:07:26:48 -0500] "POST /forms/lservlet;jsessionid=ac16012b30d5c68acce3e91e41eebfe1b364b8f16648.e3iSbxaKaheRe34Sa3yKbhiTahb0n6jAmljGr5XDqQLvpAe HTTP/1.1" 200 2
181.55.224.205 - - [18/Oct/2014:07:26:50 -0500] "POST /forms/lservlet;jsessionid=ac16012b30d5c68acce3e91e41eebfe1b364b8f16648.e3iSbxaKaheRe34Sa3yKbhiTahb0n6jAmljGr5XDqQLvpAe HTTP/1.1" 200 17
181.55.224.205 - - [18/Oct/2014:07:26:50 -0500] "POST /forms/lservlet;jsessionid=ac16012b30d5c68acce3e91e41eebfe1b364b8f16648.e3iSbxaKaheRe34Sa3yKbhiTahb0n6jAmljGr5XDqQLvpAe HTTP/1.1" 200 8
181.55.224.205 - - [18/Oct/2014:07:26:50 -0500] "POST /forms/lservlet;jsessionid=ac16012b30d5c68acce3e91e41eebfe1b364b8f16648.e3iSbxaKaheRe34Sa3yKbhiTahb0n6jAmljGr5XDqQLvpAe HTTP/1.1" 200 2
181.55.224.205 - - [18/Oct/2014:07:26:55 -0500] "POST /forms/lservlet;jsessionid=ac16012b30d5c68acce3e91e41eebfe1b364b8f16648.e3iSbxaKaheRe34Sa3yKbhiTahb0n6jAmljGr5XDqQLvpAe HTTP/1.1" 200 26
181.55.224.205 - - [18/Oct/2014:07:26:55 -0500] "POST /forms/lservlet;jsessionid=ac16012b30d5c68acce3e91e41eebfe1b364b8f16648.e3iSbxaKaheRe34Sa3yKbhiTahb0n6jAmljGr5XDqQLvpAe HTTP/1.1" 200 4128
181.55.224.205 - - [18/Oct/2014:07:26:56 -0500] "POST /forms/lservlet;jsessionid=ac16012b30d5c68acce3e91e41eebfe1b364b8f16648.e3iSbxaKaheRe34Sa3yKbhiTahb0n6jAmljGr5XDqQLvpAe HTTP/1.1" 200 20
181.55.224.205 - - [18/Oct/2014:07:26:59 -0500] "POST /forms/lservlet;jsessionid=ac16012b30d5c68acce3e91e41eebfe1b364b8f16648.e3iSbxaKaheRe34Sa3yKbhiTahb0n6jAmljGr5XDqQLvpAe HTTP/1.1" 200 2
181.55.224.205 - - [18/Oct/2014:07:26:59 -0500] "POST /forms/lservlet;jsessionid=ac16012b30d5c68acce3e91e41eebfe1b364b8f16648.e3iSbxaKaheRe34Sa3yKbhiTahb0n6jAmljGr5XDqQLvpAe HTTP/1.1" 200 2969
66.249.65.119 - - [18/Oct/2014:07:27:00 -0500] "GET /re1/Que%20es/Plan%20comunicaciones/medios%20de%20divulgacion/medios%20divulgacion%20link.htm HTTP/1.1" 404 1018
181.55.224.205 - - [18/Oct/2014:07:27:00 -0500] "POST /forms/lservlet;jsessionid=ac16012b30d5c68acce3e91e41eebfe1b364b8f16648.e3iSbxaKaheRe34Sa3yKbhiTahb0n6jAmljGr5XDqQLvpAe HTTP/1.1" 200 2
181.55.224.205 - - [18/Oct/2014:07:27:01 -0500] "POST /forms/lservlet;jsessionid=ac16012b30d5c68acce3e91e41eebfe1b364b8f16648.e3iSbxaKaheRe34Sa3yKbhiTahb0n6jAmljGr5XDqQLvpAe HTTP/1.1" 200 2
181.55.224.205 - - [18/Oct/2014:07:27:01 -0500] "POST /forms/lservlet;jsessionid=ac16012b30d5c68acce3e91e41eebfe1b364b8f16648.e3iSbxaKaheRe34Sa3yKbhiTahb0n6jAmljGr5XDqQLvpAe HTTP/1.1" 200 2421
181.55.224.205 - - [18/Oct/2014:07:27:01 -0500] "POST /forms/lservlet;jsessionid=ac16012b30d5c68acce3e91e41eebfe1b364b8f16648.e3iSbxaKaheRe34Sa3yKbhiTahb0n6jAmljGr5XDqQLvpAe HTTP/1.1" 200 2
66.249.65.123 - - [18/Oct/2014:07:27:04 -0500] "GET /BLA/resoluciones/AUTOS%202013/2141.pdf HTTP/1.1" 200 851815
181.55.224.205 - - [18/Oct/2014:07:27:10 -0500] "POST /forms/lservlet;jsessionid=ac16012b30d5c68acce3e91e41eebfe1b364b8f16648.e3iSbxaKaheRe34Sa3yKbhiTahb0n6jAmljGr5XDqQLvpAe HTTP/1.1" 200 2
181.55.224.205 - - [18/Oct/2014:07:27:10 -0500] "POST /forms/lservlet;jsessionid=ac16012b30d5c68acce3e91e41eebfe1b364b8f16648.e3iSbxaKaheRe34Sa3yKbhiTahb0n6jAmljGr5XDqQLvpAe HTTP/1.1" 200 3637
181.55.224.205 - - [18/Oct/2014:07:27:10 -0500] "POST /forms/lservlet;jsessionid=ac16012b30d5c68acce3e91e41eebfe1b364b8f16648.e3iSbxaKaheRe34Sa3yKbhiTahb0n6jAmljGr5XDqQLvpAe HTTP/1.1" 200 2
181.55.224.205 - - [18/Oct/2014:07:27:13 -0500] "POST /forms/lservlet;jsessionid=ac16012b30d5c68acce3e91e41eebfe1b364b8f16648.e3iSbxaKaheRe34Sa3yKbhiTahb0n6jAmljGr5XDqQLvpAe HTTP/1.1" 200 2
181.55.224.205 - - [18/Oct/2014:07:27:13 -0500] "POST /forms/lservlet;jsessionid=ac16012b30d5c68acce3e91e41eebfe1b364b8f16648.e3iSbxaKaheRe34Sa3yKbhiTahb0n6jAmljGr5XDqQLvpAe HTTP/1.1" 200 2253
181.55.224.205 - - [18/Oct/2014:07:27:13 -0500] "POST /forms/lservlet;jsessionid=ac16012b30d5c68acce3e91e41eebfe1b364b8f16648.e3iSbxaKaheRe34Sa3yKbhiTahb0n6jAmljGr5XDqQLvpAe HTTP/1.1" 200 10
181.55.224.205 - - [18/Oct/2014:07:27:14 -0500] "POST /forms/lservlet;jsessionid=ac16012b30d5c68acce3e91e41eebfe1b364b8f16648.e3iSbxaKaheRe34Sa3yKbhiTahb0n6jAmljGr5XDqQLvpAe HTTP/1.1" 200 2
181.55.224.205 - - [18/Oct/2014:07:27:14 -0500] "POST /forms/lservlet;jsessionid=ac16012b30d5c68acce3e91e41eebfe1b364b8f16648.e3iSbxaKaheRe34Sa3yKbhiTahb0n6jAmljGr5XDqQLvpAe HTTP/1.1" 200 3283
181.55.224.205 - - [18/Oct/2014:07:27:15 -0500] "POST /forms/lservlet;jsessionid=ac16012b30d5c68acce3e91e41eebfe1b364b8f16648.e3iSbxaKaheRe34Sa3yKbhiTahb0n6jAmljGr5XDqQLvpAe HTTP/1.1" 200 2
181.55.224.205 - - [18/Oct/2014:07:27:15 -0500] "POST /forms/lservlet;jsessionid=ac16012b30d5c68acce3e91e41eebfe1b364b8f16648.e3iSbxaKaheRe34Sa3yKbhiTahb0n6jAmljGr5XDqQLvpAe HTTP/1.1" 200 2
181.55.224.205 - - [18/Oct/2014:07:27:15 -0500] "POST /forms/lservlet;jsessionid=ac16012b30d5c68acce3e91e41eebfe1b364b8f16648.e3iSbxaKaheRe34Sa3yKbhiTahb0n6jAmljGr5XDqQLvpAe HTTP/1.1" 200 2778
181.55.224.205 - - [18/Oct/2014:07:27:16 -0500] "POST /forms/lservlet;jsessionid=ac16012b30d5c68acce3e91e41eebfe1b364b8f16648.e3iSbxaKaheRe34Sa3yKbhiTahb0n6jAmljGr5XDqQLvpAe HTTP/1.1" 200 2
181.55.224.205 - - [18/Oct/2014:07:27:17 -0500] "POST /forms/lservlet;jsessionid=ac16012b30d5c68acce3e91e41eebfe1b364b8f16648.e3iSbxaKaheRe34Sa3yKbhiTahb0n6jAmljGr5XDqQLvpAe HTTP/1.1" 200 2
181.55.224.205 - - [18/Oct/2014:07:27:17 -0500] "POST /forms/lservlet;jsessionid=ac16012b30d5c68acce3e91e41eebfe1b364b8f16648.e3iSbxaKaheRe34Sa3yKbhiTahb0n6jAmljGr5XDqQLvpAe HTTP/1.1" 200 2711
181.55.224.205 - - [18/Oct/2014:07:27:17 -0500] "POST /forms/lservlet;jsessionid=ac16012b30d5c68acce3e91e41eebfe1b364b8f16648.e3iSbxaKaheRe34Sa3yKbhiTahb0n6jAmljGr5XDqQLvpAe HTTP/1.1" 200 2
181.55.224.205 - - [18/Oct/2014:07:27:18 -0500] "POST /forms/lservlet;jsessionid=ac16012b30d5c68acce3e91e41eebfe1b364b8f16648.e3iSbxaKaheRe34Sa3yKbhiTahb0n6jAmljGr5XDqQLvpAe HTTP/1.1" 200 10
181.55.224.205 - - [18/Oct/2014:07:27:18 -0500] "POST /forms/lservlet;jsessionid=ac16012b30d5c68acce3e91e41eebfe1b364b8f16648.e3iSbxaKaheRe34Sa3yKbhiTahb0n6jAmljGr5XDqQLvpAe HTTP/1.1" 200 14357
181.55.224.205 - - [18/Oct/2014:07:27:19 -0500] "POST /forms/lservlet;jsessionid=ac16012b30d5c68acce3e91e41eebfe1b364b8f16648.e3iSbxaKaheRe34Sa3yKbhiTahb0n6jAmljGr5XDqQLvpAe HTTP/1.1" 200 11
181.55.224.205 - - [18/Oct/2014:07:27:19 -0500] "POST /forms/lservlet;jsessionid=ac16012b30d5c68acce3e91e41eebfe1b364b8f16648.e3iSbxaKaheRe34Sa3yKbhiTahb0n6jAmljGr5XDqQLvpAe HTTP/1.1" 200 34
181.55.224.205 - - [18/Oct/2014:07:27:21 -0500] "POST /forms/lservlet;jsessionid=ac16012b30d5c68acce3e91e41eebfe1b364b8f16648.e3iSbxaKaheRe34Sa3yKbhiTahb0n6jAmljGr5XDqQLvpAe HTTP/1.1" 200 250
191.68.172.105 - - [18/Oct/2014:07:27:22 -0500] "GET /galeria/carrusel/Carrusel/jquery.thumbnailScroller.css HTTP/1.1" 200 2066
191.68.172.105 - - [18/Oct/2014:07:27:22 -0500] "GET /BLA/boletinlegal/js/jquery.js HTTP/1.1" 200 57254
191.68.172.105 - - [18/Oct/2014:07:27:22 -0500] "GET /BLA/boletinlegal/js/jquery.scrollTo-min.js HTTP/1.1" 200 1150
191.68.172.105 - - [18/Oct/2014:07:27:22 -0500] "GET /BLA/boletinlegal/js/jquery.scrollShow.js HTTP/1.1" 200 4586
191.68.172.105 - - [18/Oct/2014:07:27:22 -0500] "GET /galeria/carrusel/Carrusel/jquery-ui-1.8.13.custom.min.js HTTP/1.1" 200 10800
191.68.172.105 - - [18/Oct/2014:07:27:22 -0500] "GET /galeria/carrusel/Carrusel/jquery.thumbnailScroller.js HTTP/1.1" 200 8157
181.55.224.205 - - [18/Oct/2014:07:27:22 -0500] "POST /forms/lservlet;jsessionid=ac16012b30d5c68acce3e91e41eebfe1b364b8f16648.e3iSbxaKaheRe34Sa3yKbhiTahb0n6jAmljGr5XDqQLvpAe HTTP/1.1" 200 212
181.55.224.205 - - [18/Oct/2014:07:27:23 -0500] "POST /forms/lservlet;jsessionid=ac16012b30d5c68acce3e91e41eebfe1b364b8f16648.e3iSbxaKaheRe34Sa3yKbhiTahb0n6jAmljGr5XDqQLvpAe HTTP/1.1" 200 212
181.55.224.205 - - [18/Oct/2014:07:27:23 -0500] "POST /forms/lservlet;jsessionid=ac16012b30d5c68acce3e91e41eebfe1b364b8f16648.e3iSbxaKaheRe34Sa3yKbhiTahb0n6jAmljGr5XDqQLvpAe HTTP/1.1" 200 228
181.55.224.205 - - [18/Oct/2014:07:27:24 -0500] "POST /forms/lservlet;jsessionid=ac16012b30d5c68acce3e91e41eebfe1b364b8f16648.e3iSbxaKaheRe34Sa3yKbhiTahb0n6jAmljGr5XDqQLvpAe HTTP/1.1" 200 228
181.55.224.205 - - [18/Oct/2014:07:27:24 -0500] "POST /forms/lservlet;jsessionid=ac16012b30d5c68acce3e91e41eebfe1b364b8f16648.e3iSbxaKaheRe34Sa3yKbhiTahb0n6jAmljGr5XDqQLvpAe HTTP/1.1" 200 212
181.55.224.205 - - [18/Oct/2014:07:27:25 -0500] "POST /forms/lservlet;jsessionid=ac16012b30d5c68acce3e91e41eebfe1b364b8f16648.e3iSbxaKaheRe34Sa3yKbhiTahb0n6jAmljGr5XDqQLvpAe HTTP/1.1" 200 212
191.68.172.105 - - [18/Oct/2014:07:27:25 -0500] "GET /galeria/nivo-slider/demo/demo.html HTTP/1.1" 200 3648
181.55.224.205 - - [18/Oct/2014:07:27:25 -0500] "POST /forms/lservlet;jsessionid=ac16012b30d5c68acce3e91e41eebfe1b364b8f16648.e3iSbxaKaheRe34Sa3yKbhiTahb0n6jAmljGr5XDqQLvpAe HTTP/1.1" 200 208
181.55.224.205 - - [18/Oct/2014:07:27:26 -0500] "POST /forms/lservlet;jsessionid=ac16012b30d5c68acce3e91e41eebfe1b364b8f16648.e3iSbxaKaheRe34Sa3yKbhiTahb0n6jAmljGr5XDqQLvpAe HTTP/1.1" 200 209
191.68.172.105 - - [18/Oct/2014:07:27:26 -0500] "GET /galeria/nivo-slider/themes/default/default.css HTTP/1.1" 200 1569
191.68.172.105 - - [18/Oct/2014:07:27:26 -0500] "GET /galeria/nivo-slider/themes/pascal/pascal.css HTTP/1.1" 200 2258
191.68.172.105 - - [18/Oct/2014:07:27:26 -0500] "GET /galeria/nivo-slider/themes/orman/orman.css HTTP/1.1" 200 2152
191.68.172.105 - - [18/Oct/2014:07:27:26 -0500] "GET /galeria/nivo-slider/nivo-slider.css HTTP/1.1" 200 1507
191.68.172.105 - - [18/Oct/2014:07:27:26 -0500] "GET /galeria/nivo-slider/demo/style.css HTTP/1.1" 200 2222
191.68.172.105 - - [18/Oct/2014:07:27:26 -0500] "GET /galeria/nivo-slider/demo/images/banner-aceite3.jpg HTTP/1.1" 200 88347
191.68.172.105 - - [18/Oct/2014:07:27:26 -0500] "GET /galeria/nivo-slider/demo/scripts/jquery-1.7.1.min.js HTTP/1.1" 200 93868
191.68.172.105 - - [18/Oct/2014:07:27:26 -0500] "GET /galeria/nivo-slider/demo/images/mesTIC.jpg HTTP/1.1" 200 180719
191.68.172.105 - - [18/Oct/2014:07:27:26 -0500] "GET /galeria/nivo-slider/demo/images/EncuentroAgua1.jpg HTTP/1.1" 200 274179
191.68.172.105 - - [18/Oct/2014:07:27:26 -0500] "GET /galeria/nivo-slider/demo/images/Tingua-azul.jpg HTTP/1.1" 200 307638
191.68.172.105 - - [18/Oct/2014:07:27:26 -0500] "GET /galeria/nivo-slider/jquery.nivo.slider.pack.js HTTP/1.1" 200 11561
191.68.172.105 - - [18/Oct/2014:07:27:26 -0500] "GET /galeria/nivo-slider/demo/images/Banner-Caracol-Africano.jpg HTTP/1.1" 200 331986
181.55.224.205 - - [18/Oct/2014:07:27:26 -0500] "POST /forms/lservlet;jsessionid=ac16012b30d5c68acce3e91e41eebfe1b364b8f16648.e3iSbxaKaheRe34Sa3yKbhiTahb0n6jAmljGr5XDqQLvpAe HTTP/1.1" 200 554
191.68.172.105 - - [18/Oct/2014:07:27:27 -0500] "GET /galeria/nivo-slider/demo/images/banner-redes.jpg HTTP/1.1" 200 62209
181.55.224.205 - - [18/Oct/2014:07:27:27 -0500] "POST /forms/lservlet;jsessionid=ac16012b30d5c68acce3e91e41eebfe1b364b8f16648.e3iSbxaKaheRe34Sa3yKbhiTahb0n6jAmljGr5XDqQLvpAe HTTP/1.1" 200 570
181.55.224.205 - - [18/Oct/2014:07:27:28 -0500] "POST /forms/lservlet;jsessionid=ac16012b30d5c68acce3e91e41eebfe1b364b8f16648.e3iSbxaKaheRe34Sa3yKbhiTahb0n6jAmljGr5XDqQLvpAe HTTP/1.1" 200 587
191.68.172.105 - - [18/Oct/2014:07:27:28 -0500] "GET /galeria/nivo-slider/demo/images/4Simple_Slider.png HTTP/1.1" 200 11722
191.68.172.105 - - [18/Oct/2014:07:27:28 -0500] "GET /galeria/nivo-slider/themes/default/loading.gif HTTP/1.1" 200 1737
181.55.224.205 - - [18/Oct/2014:07:27:28 -0500] "POST /forms/lservlet;jsessionid=ac16012b30d5c68acce3e91e41eebfe1b364b8f16648.e3iSbxaKaheRe34Sa3yKbhiTahb0n6jAmljGr5XDqQLvpAe HTTP/1.1" 200 562
