180.76.5.62 - - [18/Oct/2014:02:01:54 -0500] "GET /BLA/resoluciones/RESOLUCIONES%202010/1404.pdf HTTP/1.1" 200 428258
201.184.143.127 - - [18/Oct/2014:02:02:04 -0500] "POST /forms/lservlet;jsessionid=ac16012b30d56f500381e2064a1e9414f1d64497e77a.e3iSbxaKaheRe34Sa3yKbhiTahb0n6jAmljGr5XDqQLvpAe HTTP/1.1" 200 2
66.249.65.123 - - [18/Oct/2014:02:02:16 -0500] "GET /BLA/resoluciones/Notificaciones/AUTOS%202013/2692.doc HTTP/1.1" 200 238080
66.249.65.119 - - [18/Oct/2014:02:02:32 -0500] "GET /BLA/resoluciones/RESOLUCIONES%202011/0267.pdf HTTP/1.1" 200 70201
66.249.65.115 - - [18/Oct/2014:02:02:56 -0500] "GET /BLA/resoluciones/RESOLUCIONES%202003/RES%202003%20401-450/416.tif HTTP/1.1" 200 177424
66.249.65.119 - - [18/Oct/2014:02:03:27 -0500] "GET /BLA/resoluciones/RESOLUCIONES%202010/5937.pdf HTTP/1.1" 200 553911
74.86.158.107 - - [18/Oct/2014:02:03:46 -0500] "HEAD / HTTP/1.1" 302 -
201.184.143.127 - - [18/Oct/2014:02:04:04 -0500] "POST /forms/lservlet;jsessionid=ac16012b30d56f500381e2064a1e9414f1d64497e77a.e3iSbxaKaheRe34Sa3yKbhiTahb0n6jAmljGr5XDqQLvpAe HTTP/1.1" 200 2
66.249.65.119 - - [18/Oct/2014:02:04:11 -0500] "GET /BLA/resoluciones/RESOLUCIONES%202007/RES%202007%201101%20AL%201200/RESOLUCION%201176%20DE%202007.pdf HTTP/1.1" 200 1320590
198.27.82.152 - - [18/Oct/2014:02:04:18 -0500] "GET /robots.txt HTTP/1.0" 404 1015
198.27.82.152 - - [18/Oct/2014:02:04:21 -0500] "GET /chat/libs/dateformat/?C=S;O=A HTTP/1.0" 404 1015
198.27.82.152 - - [18/Oct/2014:02:04:23 -0500] "GET /chat/libs/dateformat/?C=S;O=D HTTP/1.0" 404 1015
66.249.65.119 - - [18/Oct/2014:02:04:23 -0500] "GET /BLA/resoluciones/Autos%202008/1646.pdf HTTP/1.1" 200 99597
198.27.82.152 - - [18/Oct/2014:02:04:26 -0500] "GET /chat/libs/dateformat/dateFormat.js HTTP/1.0" 404 1015
198.27.82.152 - - [18/Oct/2014:02:04:27 -0500] "GET /robots.txt HTTP/1.0" 404 1019
198.27.82.152 - - [18/Oct/2014:02:04:29 -0500] "GET /MANUALFUNC/Ambiental%20Sectorial/?C=D;O=A HTTP/1.0" 404 1019
198.27.82.152 - - [18/Oct/2014:02:04:30 -0500] "GET /MANUALFUNC/Ambiental%20Sectorial/?C=M;O=A HTTP/1.0" 404 1019
198.27.82.152 - - [18/Oct/2014:02:04:32 -0500] "GET /MANUALFUNC/Ambiental%20Sectorial/?C=N;O=A HTTP/1.0" 404 1019
198.27.82.152 - - [18/Oct/2014:02:04:33 -0500] "GET /PruebasSTORM/?C=D;O=D HTTP/1.0" 200 1843
198.27.82.152 - - [18/Oct/2014:02:04:35 -0500] "GET /PruebasSTORM/?C=M;O=A HTTP/1.0" 200 1843
198.27.82.152 - - [18/Oct/2014:02:04:37 -0500] "GET /PruebasSTORM/?C=N;O=A HTTP/1.0" 200 1843
198.27.82.152 - - [18/Oct/2014:02:04:42 -0500] "GET /PruebasSTORM/Pruebas/?C=D;O=D HTTP/1.0" 200 776
198.27.82.152 - - [18/Oct/2014:02:04:45 -0500] "GET /PruebasSTORM/Pruebas/?C=M;O=A HTTP/1.0" 200 776
66.249.65.115 - - [18/Oct/2014:02:05:04 -0500] "GET /BLA/resoluciones/RESOLUCIONES%202010/5828.pdf HTTP/1.1" 200 91396
180.76.6.213 - - [18/Oct/2014:02:05:42 -0500] "GET /Residuos/curtiembres/files/search/search81.xml HTTP/1.1" 404 1018
201.184.143.127 - - [18/Oct/2014:02:06:05 -0500] "POST /forms/lservlet;jsessionid=ac16012b30d56f500381e2064a1e9414f1d64497e77a.e3iSbxaKaheRe34Sa3yKbhiTahb0n6jAmljGr5XDqQLvpAe HTTP/1.1" 200 2
180.76.6.225 - - [18/Oct/2014:02:06:14 -0500] "GET /BLA/resoluciones/AUTOS%202009/2105.pdf HTTP/1.1" 200 125548
66.249.65.123 - - [18/Oct/2014:02:06:27 -0500] "GET /BLA/resoluciones/Notificaciones/AUTOS%202014/02127.doc HTTP/1.1" 200 246784
66.249.65.115 - - [18/Oct/2014:02:06:49 -0500] "GET /BLA/resoluciones/AUTOS%202011/1247.pdf HTTP/1.1" 200 313970
201.245.192.253 - - [18/Oct/2014:02:06:51 -0500] "GET /forest/skins/gdocs-jar/img/files_exp.png HTTP/1.1" 304 -
180.76.6.134 - - [18/Oct/2014:02:07:31 -0500] "GET /BLA/resoluciones/Autos%202008/0680.pdf HTTP/1.1" 200 223231
66.249.65.119 - - [18/Oct/2014:02:07:57 -0500] "GET /BLA/resoluciones/RESOLUCIONES%202011/0652.pdf HTTP/1.1" 200 536801
180.76.5.149 - - [18/Oct/2014:02:08:02 -0500] "GET /videos/60Segundos_Agosto20.flv HTTP/1.1" 200 8935405
201.184.143.127 - - [18/Oct/2014:02:08:05 -0500] "POST /forms/lservlet;jsessionid=ac16012b30d56f500381e2064a1e9414f1d64497e77a.e3iSbxaKaheRe34Sa3yKbhiTahb0n6jAmljGr5XDqQLvpAe HTTP/1.1" 200 2
100.43.85.25 - - [18/Oct/2014:02:08:24 -0500] "GET /htdocs/decide.php?acc=this&d=8&m=9&patron=&y=2014 HTTP/1.1" 404 1019
66.249.65.119 - - [18/Oct/2014:02:08:38 -0500] "GET /BLA/resoluciones/RESOLUCIONES%202010/7137.pdf HTTP/1.1" 200 399918
180.76.5.189 - - [18/Oct/2014:02:08:41 -0500] "GET /BLA/resoluciones/Autos%202008/0680.pdf HTTP/1.1" 200 223231
74.86.158.107 - - [18/Oct/2014:02:08:46 -0500] "HEAD / HTTP/1.1" 302 -
66.249.65.115 - - [18/Oct/2014:02:09:48 -0500] "GET /BLA/resoluciones/RESOLUCIONES%202011/0413.pdf HTTP/1.1" 200 73677
201.184.143.127 - - [18/Oct/2014:02:10:06 -0500] "POST /forms/lservlet;jsessionid=ac16012b30d56f500381e2064a1e9414f1d64497e77a.e3iSbxaKaheRe34Sa3yKbhiTahb0n6jAmljGr5XDqQLvpAe HTTP/1.1" 200 2
180.76.6.20 - - [18/Oct/2014:02:10:11 -0500] "GET /BLA/resoluciones/Autos%202008/1090.pdf HTTP/1.1" 200 97369
66.249.65.115 - - [18/Oct/2014:02:10:50 -0500] "GET /BLA/resoluciones/RESOLUCIONES%202008/4098.pdf HTTP/1.1" 200 646559
66.249.65.115 - - [18/Oct/2014:02:10:55 -0500] "GET /BLA/resoluciones/AUTOS%202010/3302.pdf HTTP/1.1" 200 373861
123.125.71.24 - - [18/Oct/2014:02:11:51 -0500] "GET / HTTP/1.1" 302 -
201.184.143.127 - - [18/Oct/2014:02:12:06 -0500] "POST /forms/lservlet;jsessionid=ac16012b30d56f500381e2064a1e9414f1d64497e77a.e3iSbxaKaheRe34Sa3yKbhiTahb0n6jAmljGr5XDqQLvpAe HTTP/1.1" 200 2
66.249.65.115 - - [18/Oct/2014:02:12:25 -0500] "GET /BLA/resoluciones/RESOLUCIONES%202011/1331.pdf HTTP/1.1" 200 68139
220.181.108.90 - - [18/Oct/2014:02:12:47 -0500] "GET / HTTP/1.1" 302 -
212.83.178.115 - - [18/Oct/2014:02:13:25 -0500] "GET /stormWeb/img/login/calendar.jpg HTTP/1.0" 200 7690
74.86.158.107 - - [18/Oct/2014:02:13:46 -0500] "HEAD / HTTP/1.1" 302 -
66.249.65.119 - - [18/Oct/2014:02:14:04 -0500] "GET /BLA/resoluciones/RESOLUCIONES%202003/RES%202003%20601-650/646.tif HTTP/1.1" 200 71900
201.184.143.127 - - [18/Oct/2014:02:14:06 -0500] "POST /forms/lservlet;jsessionid=ac16012b30d56f500381e2064a1e9414f1d64497e77a.e3iSbxaKaheRe34Sa3yKbhiTahb0n6jAmljGr5XDqQLvpAe HTTP/1.1" 200 2
66.249.65.115 - - [18/Oct/2014:02:14:12 -0500] "GET /BLA/resoluciones/RESOLUCIONES%202007/RES%202007%202201%20AL%202300/RESOLUCION%202292%20DE%202007.pdf HTTP/1.1" 200 888165
66.249.65.119 - - [18/Oct/2014:02:14:38 -0500] "GET /BLA/resoluciones/RESOLUCIONES%202011/0349.pdf HTTP/1.1" 200 66189
199.30.24.88 - - [18/Oct/2014:02:15:23 -0500] "GET /galeria/nivo-slider/demo/demo.html HTTP/1.1" 200 3648
199.30.24.88 - - [18/Oct/2014:02:15:24 -0500] "GET /galeria/nivo-slider/themes/default/default.css HTTP/1.1" 200 1569
199.30.24.88 - - [18/Oct/2014:02:15:24 -0500] "GET /galeria/nivo-slider/themes/pascal/pascal.css HTTP/1.1" 200 2258
199.30.24.88 - - [18/Oct/2014:02:15:24 -0500] "GET /galeria/nivo-slider/themes/orman/orman.css HTTP/1.1" 200 2152
199.30.24.88 - - [18/Oct/2014:02:15:24 -0500] "GET /galeria/nivo-slider/nivo-slider.css HTTP/1.1" 200 1507
199.30.24.88 - - [18/Oct/2014:02:15:25 -0500] "GET /galeria/nivo-slider/demo/style.css HTTP/1.1" 200 2222
199.30.24.88 - - [18/Oct/2014:02:15:25 -0500] "GET /galeria/nivo-slider/demo/images/banner-aceite3.jpg HTTP/1.1" 200 88347
199.30.24.88 - - [18/Oct/2014:02:15:25 -0500] "GET /galeria/nivo-slider/demo/scripts/jquery-1.7.1.min.js HTTP/1.1" 200 93868
199.30.24.88 - - [18/Oct/2014:02:15:25 -0500] "GET /galeria/nivo-slider/demo/images/mesTIC.jpg HTTP/1.1" 200 180719
199.30.24.88 - - [18/Oct/2014:02:15:25 -0500] "GET /galeria/nivo-slider/demo/images/EncuentroAgua1.jpg HTTP/1.1" 200 274179
199.30.24.88 - - [18/Oct/2014:02:15:26 -0500] "GET /galeria/nivo-slider/jquery.nivo.slider.pack.js HTTP/1.1" 200 11561
199.30.24.88 - - [18/Oct/2014:02:15:26 -0500] "GET /galeria/nivo-slider/demo/images/Tingua-azul.jpg HTTP/1.1" 200 307638
199.30.24.88 - - [18/Oct/2014:02:15:27 -0500] "GET /galeria/nivo-slider/demo/images/Banner-Caracol-Africano.jpg HTTP/1.1" 200 331986
199.30.24.88 - - [18/Oct/2014:02:15:27 -0500] "GET /galeria/nivo-slider/demo/images/banner-redes.jpg HTTP/1.1" 200 62209
199.30.24.88 - - [18/Oct/2014:02:15:28 -0500] "GET /galeria/nivo-slider/demo/images/9Signos.jpg HTTP/1.1" 200 93040
199.30.24.88 - - [18/Oct/2014:02:15:28 -0500] "GET /galeria/nivo-slider/demo/images/banner-encuesta.jpg HTTP/1.1" 200 42764
199.30.24.88 - - [18/Oct/2014:02:15:29 -0500] "GET /galeria/nivo-slider/demo/images/banner-llantas2.jpg HTTP/1.1" 200 73153
199.30.24.88 - - [18/Oct/2014:02:15:29 -0500] "GET /galeria/nivo-slider/demo/images/banner-caballos.png HTTP/1.1" 200 389106
199.30.24.88 - - [18/Oct/2014:02:15:29 -0500] "GET /galeria/nivo-slider/demo/images/ConstructorasFNL.jpg HTTP/1.1" 200 216551
199.30.24.88 - - [18/Oct/2014:02:15:30 -0500] "GET /galeria/nivo-slider/demo/images/Hacienda_Molinos.jpg HTTP/1.1" 200 319171
199.30.24.88 - - [18/Oct/2014:02:15:30 -0500] "GET /galeria/nivo-slider/demo/images/bannerEcolecta3.jpg HTTP/1.1" 200 280034
199.30.24.88 - - [18/Oct/2014:02:15:31 -0500] "GET /galeria/nivo-slider/demo/images/4Simple_Slider.png HTTP/1.1" 200 11722
199.30.24.88 - - [18/Oct/2014:02:15:31 -0500] "GET /galeria/nivo-slider/themes/default/loading.gif HTTP/1.1" 200 1737
199.30.24.88 - - [18/Oct/2014:02:15:31 -0500] "GET /videos/Spot_Tinguas.flv HTTP/1.1" 200 2087054
199.30.24.88 - - [18/Oct/2014:02:15:32 -0500] "GET /galeria/nivo-slider/themes/default/arrows.png HTTP/1.1" 200 824
199.30.24.88 - - [18/Oct/2014:02:15:32 -0500] "GET /galeria/nivo-slider/themes/default/bullets.png HTTP/1.1" 200 1281
201.184.143.127 - - [18/Oct/2014:02:16:07 -0500] "POST /forms/lservlet;jsessionid=ac16012b30d56f500381e2064a1e9414f1d64497e77a.e3iSbxaKaheRe34Sa3yKbhiTahb0n6jAmljGr5XDqQLvpAe HTTP/1.1" 200 2
66.249.65.123 - - [18/Oct/2014:02:16:30 -0500] "GET /BLA/resoluciones/AUTOS%202007/0601.pdf HTTP/1.1" 200 157577
66.249.65.119 - - [18/Oct/2014:02:17:16 -0500] "GET /BLA/resoluciones/AUTOS%202007/2092.pdf HTTP/1.1" 200 79130
66.249.65.115 - - [18/Oct/2014:02:17:27 -0500] "GET /BLA/resoluciones/RESOLUCIONES%202007/RES%202007%20901%20AL%201000/RESOLUCION%200925%20DE%202007.pdf HTTP/1.1" 200 326761
66.249.65.123 - - [18/Oct/2014:02:17:37 -0500] "GET /BLA/resoluciones/RESOLUCIONES%202007/RES%202007%202601%20AL%202700/RESOLUCION%202697%20DE%202007.pdf HTTP/1.1" 200 233427
66.249.65.115 - - [18/Oct/2014:02:17:45 -0500] "GET /BLA/resoluciones/RESOLUCIONES%202011/1185.pdf HTTP/1.1" 200 282978
66.249.65.119 - - [18/Oct/2014:02:17:52 -0500] "GET /BLA/resoluciones/RESOLUCIONES%202008/3019.pdf HTTP/1.1" 200 194117
66.249.65.119 - - [18/Oct/2014:02:17:58 -0500] "GET /BLA/resoluciones/RESOLUCIONES%202008/3612.pdf HTTP/1.1" 200 295626
66.249.65.123 - - [18/Oct/2014:02:18:03 -0500] "GET /BLA/resoluciones/RESOLUCIONES%202008/2769.pdf HTTP/1.1" 200 258379
201.184.143.127 - - [18/Oct/2014:02:18:07 -0500] "POST /forms/lservlet;jsessionid=ac16012b30d56f500381e2064a1e9414f1d64497e77a.e3iSbxaKaheRe34Sa3yKbhiTahb0n6jAmljGr5XDqQLvpAe HTTP/1.1" 200 2
66.249.65.115 - - [18/Oct/2014:02:18:08 -0500] "GET /BLA/resoluciones/RESOLUCIONES%202008/4906.pdf HTTP/1.1" 200 216057
66.249.65.119 - - [18/Oct/2014:02:18:12 -0500] "GET /BLA/resoluciones/RESOLUCIONES%202008/3165.pdf HTTP/1.1" 200 179834
66.249.65.123 - - [18/Oct/2014:02:18:17 -0500] "GET /BLA/resoluciones/RESOLUCIONES%202010/2984.pdf HTTP/1.1" 200 967478
180.76.6.142 - - [18/Oct/2014:02:18:28 -0500] "GET /BLA/resoluciones/Autos%202008/1649.pdf HTTP/1.1" 200 101873
66.249.65.115 - - [18/Oct/2014:02:18:29 -0500] "GET /BLA/resoluciones/RESOLUCIONES%202010/0865.pdf HTTP/1.1" 200 436757
74.86.158.107 - - [18/Oct/2014:02:18:46 -0500] "HEAD / HTTP/1.1" 302 -
66.249.65.115 - - [18/Oct/2014:02:18:48 -0500] "GET /BLA/resoluciones/RESOLUCIONES%202009/2334.pdf HTTP/1.1" 200 619082
66.249.65.115 - - [18/Oct/2014:02:18:54 -0500] "GET /BLA/resoluciones/RESOLUCIONES%202010/4673.pdf HTTP/1.1" 200 753363
186.80.33.149 - - [18/Oct/2014:02:19:06 -0500] "GET /BLA/boletinlegal/js/jquery.js HTTP/1.1" 200 57254
186.80.33.149 - - [18/Oct/2014:02:19:06 -0500] "GET /BLA/boletinlegal/js/jquery.scrollTo-min.js HTTP/1.1" 200 1150
186.80.33.149 - - [18/Oct/2014:02:19:06 -0500] "GET /BLA/boletinlegal/js/jquery.scrollShow.js HTTP/1.1" 200 4586
66.249.65.115 - - [18/Oct/2014:02:19:18 -0500] "GET /BLA/resoluciones/RESOLUCIONES%202008/0054.pdf HTTP/1.1" 200 74380
66.249.65.119 - - [18/Oct/2014:02:19:25 -0500] "GET /BLA/resoluciones/Autos%202008/2145.pdf HTTP/1.1" 200 96045
66.249.65.115 - - [18/Oct/2014:02:19:42 -0500] "GET /BLA/resoluciones/RESOLUCIONES%202008/2416.pdf HTTP/1.1" 200 212330
66.249.65.123 - - [18/Oct/2014:02:20:04 -0500] "GET /BLA/resoluciones/Notificaciones/AUTOS%202013/2549.doc HTTP/1.1" 200 843264
66.249.65.123 - - [18/Oct/2014:02:20:06 -0500] "GET /BLA/resoluciones/RESOLUCIONES%202011/3056.pdf HTTP/1.1" 200 150375
201.184.143.127 - - [18/Oct/2014:02:20:07 -0500] "POST /forms/lservlet;jsessionid=ac16012b30d56f500381e2064a1e9414f1d64497e77a.e3iSbxaKaheRe34Sa3yKbhiTahb0n6jAmljGr5XDqQLvpAe HTTP/1.1" 200 2
66.249.65.115 - - [18/Oct/2014:02:20:21 -0500] "GET /BLA/resoluciones/AUTOS%202011/0262.pdf HTTP/1.1" 200 150603
66.249.65.119 - - [18/Oct/2014:02:20:31 -0500] "GET /BLA/resoluciones/RESOLUCIONES%202011/0465.pdf HTTP/1.1" 200 75075
201.245.192.253 - - [18/Oct/2014:02:20:48 -0500] "GET /forest/css/jquery.realperson.css HTTP/1.1" 304 -
66.249.65.115 - - [18/Oct/2014:02:20:55 -0500] "GET /BLA/resoluciones/RESOLUCIONES%202008/3505.pdf HTTP/1.1" 200 388347
66.249.65.115 - - [18/Oct/2014:02:21:02 -0500] "GET /BLA/resoluciones/index.php?dir=RESOLUCIONES+2010%2F HTTP/1.1" 200 1284744
66.249.65.119 - - [18/Oct/2014:02:21:19 -0500] "GET /BLA/resoluciones/RESOLUCIONES%202007/RES%202007%202801%20AL%202900/RESOLUCION%202802%20DE%202007.pdf HTTP/1.1" 200 888199
100.43.85.25 - - [18/Oct/2014:02:21:21 -0500] "GET /htdocs/decide.php?acc=this&d=15&m=9&patron=&y=2014 HTTP/1.1" 404 1019
66.249.65.115 - - [18/Oct/2014:02:21:44 -0500] "GET /BLA/resoluciones/RESOLUCIONES%202010/6885.pdf HTTP/1.1" 200 415164
201.184.143.127 - - [18/Oct/2014:02:22:08 -0500] "POST /forms/lservlet;jsessionid=ac16012b30d56f500381e2064a1e9414f1d64497e77a.e3iSbxaKaheRe34Sa3yKbhiTahb0n6jAmljGr5XDqQLvpAe HTTP/1.1" 200 2
66.249.65.123 - - [18/Oct/2014:02:22:08 -0500] "GET /BLA/resoluciones/RESOLUCIONES%202010/0235.pdf HTTP/1.1" 200 646562
180.76.6.147 - - [18/Oct/2014:02:22:25 -0500] "GET /BLA/resoluciones/AUTOS%202010/5422.pdf HTTP/1.1" 200 389976
66.249.65.115 - - [18/Oct/2014:02:22:32 -0500] "GET /BLA/resoluciones/RESOLUCIONES%202010/0016.pdf HTTP/1.1" 200 399823
66.249.65.119 - - [18/Oct/2014:02:22:33 -0500] "GET /BLA/resoluciones/AUTOS%202008/3143.pdf HTTP/1.1" 200 111498
201.245.192.253 - - [18/Oct/2014:02:22:51 -0500] "GET /forest/img/refresh.gif HTTP/1.1" 304 -
66.249.65.119 - - [18/Oct/2014:02:22:56 -0500] "GET /BLA/resoluciones/RESOLUCIONES%202008/1377.pdf HTTP/1.1" 200 205963
66.249.65.123 - - [18/Oct/2014:02:23:21 -0500] "GET /BLA/resoluciones/RESOLUCIONES%202008/2228.pdf HTTP/1.1" 200 195959
66.249.65.123 - - [18/Oct/2014:02:23:37 -0500] "GET /BLA/resoluciones/RESOLUCIONES%202008/5573.pdf HTTP/1.1" 200 256517
201.245.192.253 - - [18/Oct/2014:02:23:40 -0500] "GET /forest/js/jquery.realperson.js HTTP/1.1" 304 -
66.249.65.123 - - [18/Oct/2014:02:23:45 -0500] "GET /BLA/resoluciones/RESOLUCIONES%202010/1642.pdf HTTP/1.1" 200 435343
74.86.158.107 - - [18/Oct/2014:02:23:46 -0500] "HEAD / HTTP/1.1" 302 -
66.249.65.119 - - [18/Oct/2014:02:23:52 -0500] "GET /BLA/resoluciones/Notificaciones/AUTOS%202013/2238.doc HTTP/1.1" 200 274432
201.184.143.127 - - [18/Oct/2014:02:24:08 -0500] "POST /forms/lservlet;jsessionid=ac16012b30d56f500381e2064a1e9414f1d64497e77a.e3iSbxaKaheRe34Sa3yKbhiTahb0n6jAmljGr5XDqQLvpAe HTTP/1.1" 200 2
66.249.65.115 - - [18/Oct/2014:02:24:09 -0500] "GET /BLA/resoluciones/RESOLUCIONES%202008/0421.pdf HTTP/1.1" 200 299856
66.249.65.123 - - [18/Oct/2014:02:24:19 -0500] "GET /BLA/resoluciones/RESOLUCIONES%202010/7009.pdf HTTP/1.1" 200 476556
66.249.65.115 - - [18/Oct/2014:02:24:33 -0500] "GET /BLA/resoluciones/AUTOS%202008/2501.pdf HTTP/1.1" 200 175071
66.249.65.119 - - [18/Oct/2014:02:24:39 -0500] "GET /BLA/resoluciones/RESOLUCIONES%202011/1345.pdf HTTP/1.1" 200 71205
180.76.6.48 - - [18/Oct/2014:02:24:49 -0500] "GET /BLA/resoluciones/AUTOS%202007/1189.pdf HTTP/1.1" 200 23714
66.249.65.59 - - [18/Oct/2014:02:24:50 -0500] "GET /Autoliquidacion/index.php?dir=Fauna+Silvestre%2F HTTP/1.1" 200 3499
66.249.65.123 - - [18/Oct/2014:02:24:58 -0500] "GET /BLA/resoluciones/RESOLUCIONES%202008/1185.pdf HTTP/1.1" 200 1185914
66.249.65.119 - - [18/Oct/2014:02:25:22 -0500] "GET /BLA/resoluciones/RESOLUCIONES%202010/2335.pdf HTTP/1.1" 200 188236
66.249.65.115 - - [18/Oct/2014:02:25:46 -0500] "GET /BLA/resoluciones/RESOLUCIONES%202008/0135.pdf HTTP/1.1" 200 554735
66.249.65.119 - - [18/Oct/2014:02:25:58 -0500] "GET /BLA/resoluciones/RESOLUCIONES%202003/RES%202003%20401-450/402.tif HTTP/1.1" 200 226456
180.76.5.61 - - [18/Oct/2014:02:25:59 -0500] "GET /BLA/resoluciones/AUTOS%202007/0556.pdf HTTP/1.1" 200 82288
201.184.143.127 - - [18/Oct/2014:02:26:09 -0500] "POST /forms/lservlet;jsessionid=ac16012b30d56f500381e2064a1e9414f1d64497e77a.e3iSbxaKaheRe34Sa3yKbhiTahb0n6jAmljGr5XDqQLvpAe HTTP/1.1" 200 2
66.249.65.115 - - [18/Oct/2014:02:26:11 -0500] "GET /BLA/resoluciones/RESOLUCIONES%202008/1928.pdf HTTP/1.1" 200 275687
180.76.5.64 - - [18/Oct/2014:02:26:34 -0500] "GET /BLA/resoluciones/AUTOS%202007/0222.pdf HTTP/1.1" 200 30150
66.249.65.119 - - [18/Oct/2014:02:26:35 -0500] "GET /BLA/resoluciones/RESOLUCIONES%202008/4076.pdf HTTP/1.1" 200 523632
66.249.65.119 - - [18/Oct/2014:02:27:23 -0500] "GET /BLA/resoluciones/RESOLUCIONES%202008/5349.pdf HTTP/1.1" 200 215161
190.136.153.128 - - [18/Oct/2014:02:27:56 -0500] "GET /BLA/boletinlegal/js/jquery.js HTTP/1.1" 200 57254
190.136.153.128 - - [18/Oct/2014:02:27:56 -0500] "GET /BLA/boletinlegal/js/jquery.scrollTo-min.js HTTP/1.1" 200 1150
190.136.153.128 - - [18/Oct/2014:02:27:56 -0500] "GET /BLA/boletinlegal/js/jquery.scrollShow.js HTTP/1.1" 200 4586
66.249.65.123 - - [18/Oct/2014:02:28:02 -0500] "GET /BLA/resoluciones/RESOLUCIONES%202011/1081.pdf HTTP/1.1" 200 65187
201.184.143.127 - - [18/Oct/2014:02:28:09 -0500] "POST /forms/lservlet;jsessionid=ac16012b30d56f500381e2064a1e9414f1d64497e77a.e3iSbxaKaheRe34Sa3yKbhiTahb0n6jAmljGr5XDqQLvpAe HTTP/1.1" 200 2
202.46.48.74 - - [18/Oct/2014:02:28:27 -0500] "GET /BLA/resoluciones/AUTOS%202007/0656.pdf HTTP/1.1" 200 148208
180.76.5.167 - - [18/Oct/2014:02:28:38 -0500] "GET /BLA/resoluciones/AUTOS%202009/0431.pdf HTTP/1.1" 200 115757
74.86.158.107 - - [18/Oct/2014:02:28:46 -0500] "HEAD / HTTP/1.1" 302 -
66.249.65.59 - - [18/Oct/2014:02:28:47 -0500] "GET /POT-2013/Cartografia/28_USOS%20Y%20AREAS%20DE%20ACTIVIDAD.pdf HTTP/1.1" 304 -
180.76.6.156 - - [18/Oct/2014:02:29:13 -0500] "GET /BLA/resoluciones/AUTOS%202009/3139.pdf HTTP/1.1" 200 134035
66.249.65.123 - - [18/Oct/2014:02:29:43 -0500] "GET /BLA/resoluciones/RESOLUCIONES%202008/1744.pdf HTTP/1.1" 200 152446
66.249.65.119 - - [18/Oct/2014:02:29:55 -0500] "GET /BLA/resoluciones/RESOLUCIONES%202008/0028.pdf HTTP/1.1" 200 425111
66.249.65.123 - - [18/Oct/2014:02:30:07 -0500] "GET /BLA/resoluciones/RESOLUCIONES%202008/0307.pdf HTTP/1.1" 200 145319
201.184.143.127 - - [18/Oct/2014:02:30:09 -0500] "POST /forms/lservlet;jsessionid=ac16012b30d56f500381e2064a1e9414f1d64497e77a.e3iSbxaKaheRe34Sa3yKbhiTahb0n6jAmljGr5XDqQLvpAe HTTP/1.1" 200 2
66.249.65.119 - - [18/Oct/2014:02:30:17 -0500] "GET /BLA/resoluciones/RESOLUCIONES%202009/0290.pdf HTTP/1.1" 200 527147
66.249.65.123 - - [18/Oct/2014:02:30:20 -0500] "GET /BLA/resoluciones/RESOLUCIONES%202009/0182.pdf HTTP/1.1" 200 269022
66.249.65.115 - - [18/Oct/2014:02:30:31 -0500] "GET /BLA/resoluciones/RESOLUCIONES%202011/1356.pdf HTTP/1.1" 200 67545
66.249.65.119 - - [18/Oct/2014:02:30:32 -0500] "GET /BLA/resoluciones/RESOLUCIONES%202009/1203.pdf HTTP/1.1" 200 407766
66.249.65.119 - - [18/Oct/2014:02:30:44 -0500] "GET /BLA/resoluciones/RESOLUCIONES%202008/5385.pdf HTTP/1.1" 200 215667
66.249.65.115 - - [18/Oct/2014:02:30:49 -0500] "GET /galeria/nivo-slider/demo/images/mesTIC.jpg HTTP/1.1" 200 180719
66.249.65.123 - - [18/Oct/2014:02:30:56 -0500] "GET /BLA/resoluciones/RESOLUCIONES%202008/3783.pdf HTTP/1.1" 200 357950
66.249.65.119 - - [18/Oct/2014:02:30:59 -0500] "GET /BLA/resoluciones/RESOLUCIONES%202008/5349.pdf HTTP/1.1" 200 215161
180.76.6.49 - - [18/Oct/2014:02:31:12 -0500] "GET /BLA/resoluciones/AUTOS%202009/1128.pdf HTTP/1.1" 200 70905
66.249.65.119 - - [18/Oct/2014:02:31:20 -0500] "GET /BLA/resoluciones/RESOLUCIONES%202008/4970.pdf HTTP/1.1" 200 211422
66.249.65.123 - - [18/Oct/2014:02:31:44 -0500] "GET /BLA/resoluciones/RESOLUCIONES%202008/4198.pdf HTTP/1.1" 200 514193
66.249.65.119 - - [18/Oct/2014:02:32:09 -0500] "GET /BLA/resoluciones/RESOLUCIONES%202008/3525.pdf HTTP/1.1" 200 290706
201.184.143.127 - - [18/Oct/2014:02:32:10 -0500] "POST /forms/lservlet;jsessionid=ac16012b30d56f500381e2064a1e9414f1d64497e77a.e3iSbxaKaheRe34Sa3yKbhiTahb0n6jAmljGr5XDqQLvpAe HTTP/1.1" 200 2
180.76.5.60 - - [18/Oct/2014:02:32:22 -0500] "GET /BLA/resoluciones/RESOLUCIONES%202012/0715.pdf HTTP/1.1" 200 245132
66.249.65.119 - - [18/Oct/2014:02:32:33 -0500] "GET /BLA/resoluciones/RESOLUCIONES%202008/1547.pdf HTTP/1.1" 200 240912
66.249.65.119 - - [18/Oct/2014:02:32:57 -0500] "GET /BLA/resoluciones/RESOLUCIONES%202009/6736.pdf HTTP/1.1" 200 451394
66.249.65.115 - - [18/Oct/2014:02:33:15 -0500] "GET /BLA/resoluciones/AUTOS%202010/4875.pdf HTTP/1.1" 200 351829
66.249.65.115 - - [18/Oct/2014:02:33:22 -0500] "GET /BLA/resoluciones/AUTOS%202011/6257.pdf HTTP/1.1" 200 265224
74.86.158.107 - - [18/Oct/2014:02:33:46 -0500] "HEAD / HTTP/1.1" 302 -
66.249.65.115 - - [18/Oct/2014:02:33:46 -0500] "GET /BLA/resoluciones/RESOLUCIONES%202010/2478.pdf HTTP/1.1" 200 489489
66.249.65.123 - - [18/Oct/2014:02:33:47 -0500] "GET /BLA/resoluciones/RESOLUCIONES%202007/RES%202007%202201%20AL%202300/RESOLUCION%202246%20DE%202007.pdf HTTP/1.1" 200 1009743
66.249.65.115 - - [18/Oct/2014:02:33:49 -0500] "GET /BLA/resoluciones/RESOLUCIONES%202009/1409.pdf HTTP/1.1" 200 345322
66.249.65.119 - - [18/Oct/2014:02:34:10 -0500] "GET /BLA/resoluciones/RESOLUCIONES%202008/2643.pdf HTTP/1.1" 200 196638
201.184.143.127 - - [18/Oct/2014:02:34:11 -0500] "POST /forms/lservlet;jsessionid=ac16012b30d56f500381e2064a1e9414f1d64497e77a.e3iSbxaKaheRe34Sa3yKbhiTahb0n6jAmljGr5XDqQLvpAe HTTP/1.1" 200 2
100.43.85.25 - - [18/Oct/2014:02:34:17 -0500] "GET /htdocs/decide.php?acc=this&d=23&m=9&patron=&y=2014 HTTP/1.1" 404 1019
66.249.65.119 - - [18/Oct/2014:02:34:34 -0500] "GET /BLA/resoluciones/RESOLUCIONES%202008/0430.pdf HTTP/1.1" 200 296445
66.249.65.119 - - [18/Oct/2014:02:34:43 -0500] "GET /BLA/resoluciones/RESOLUCIONES%202011/0926.pdf HTTP/1.1" 200 71915
66.249.65.115 - - [18/Oct/2014:02:35:23 -0500] "GET /BLA/resoluciones/RESOLUCIONES%202010/6454.pdf HTTP/1.1" 200 76125
66.249.65.119 - - [18/Oct/2014:02:35:47 -0500] "GET /BLA/resoluciones/RESOLUCIONES%202008/3521.pdf HTTP/1.1" 200 361213
66.249.65.119 - - [18/Oct/2014:02:35:49 -0500] "GET /BLA/resoluciones/RESOLUCIONES%202011/1354.pdf HTTP/1.1" 200 65763
180.76.6.136 - - [18/Oct/2014:02:36:10 -0500] "GET /BLA/resoluciones/RESOLUCIONES%202010/0086.pdf HTTP/1.1" 200 512955
201.184.143.127 - - [18/Oct/2014:02:36:11 -0500] "POST /forms/lservlet;jsessionid=ac16012b30d56f500381e2064a1e9414f1d64497e77a.e3iSbxaKaheRe34Sa3yKbhiTahb0n6jAmljGr5XDqQLvpAe HTTP/1.1" 200 2
66.249.65.119 - - [18/Oct/2014:02:36:11 -0500] "GET /BLA/resoluciones/RESOLUCIONES%202010/7282.pdf HTTP/1.1" 200 1046033
66.249.65.51 - - [18/Oct/2014:02:36:14 -0500] "GET /BLA/boletinlegal/circulares/2012IE017270.pdf HTTP/1.1" 304 -
66.249.65.115 - - [18/Oct/2014:02:36:18 -0500] "GET /BLA/resoluciones/AUTOS%202011/0838.pdf HTTP/1.1" 200 98807
66.249.65.119 - - [18/Oct/2014:02:36:36 -0500] "GET /BLA/resoluciones/RESOLUCIONES%202010/7050.pdf HTTP/1.1" 200 66855
180.76.5.59 - - [18/Oct/2014:02:36:45 -0500] "GET /BLA/resoluciones/Autos%202008/1578.pdf HTTP/1.1" 200 360429
66.249.65.115 - - [18/Oct/2014:02:37:00 -0500] "GET /BLA/resoluciones/RESOLUCIONES%202008/0927.pdf HTTP/1.1" 200 495907
66.249.65.123 - - [18/Oct/2014:02:37:01 -0500] "GET /BLA/resoluciones/RESOLUCIONES%202009/8359.pdf HTTP/1.1" 304 -
201.245.192.253 - - [18/Oct/2014:02:37:37 -0500] "GET /BLA/boletinlegal/conceptos/2014/132.pdf HTTP/1.1" 304 -
66.249.65.55 - - [18/Oct/2014:02:37:44 -0500] "GET /POT-2013/Cartografia/26_Espacio_Publico_2013_V1.pdf HTTP/1.1" 304 -
66.249.65.119 - - [18/Oct/2014:02:37:48 -0500] "GET /BLA/resoluciones/RESOLUCIONES%202007/RES%202007%202501%20AL%202600/RESOLUCION%202595%20DE%202007.pdf HTTP/1.1" 200 624721
201.184.143.127 - - [18/Oct/2014:02:38:12 -0500] "POST /forms/lservlet;jsessionid=ac16012b30d56f500381e2064a1e9414f1d64497e77a.e3iSbxaKaheRe34Sa3yKbhiTahb0n6jAmljGr5XDqQLvpAe HTTP/1.1" 200 2
66.249.65.115 - - [18/Oct/2014:02:38:13 -0500] "GET /BLA/resoluciones/RESOLUCIONES%202007/RES%202007%20201%20AL%20300/RESOLUCION%200280%20DE%202007.pdf HTTP/1.1" 200 378597
66.249.65.119 - - [18/Oct/2014:02:38:37 -0500] "GET /BLA/resoluciones/RESOLUCIONES%202008/4418.pdf HTTP/1.1" 200 289804
66.249.65.123 - - [18/Oct/2014:02:38:44 -0500] "GET /BLA/resoluciones/RESOLUCIONES%202011/1342.pdf HTTP/1.1" 200 66585
74.86.158.107 - - [18/Oct/2014:02:38:46 -0500] "HEAD / HTTP/1.1" 302 -
37.228.104.81 - - [18/Oct/2014:02:38:49 -0500] "GET /BLA/boletinlegal/js/jquery.js HTTP/1.1" 200 57254
37.228.104.81 - - [18/Oct/2014:02:38:49 -0500] "GET /BLA/boletinlegal/js/jquery.scrollTo-min.js HTTP/1.1" 200 1150
37.228.104.81 - - [18/Oct/2014:02:38:49 -0500] "GET /BLA/boletinlegal/js/jquery.scrollShow.js HTTP/1.1" 200 4586
66.249.65.119 - - [18/Oct/2014:02:39:01 -0500] "GET /BLA/resoluciones/RESOLUCIONES%202010/4747.pdf HTTP/1.1" 200 1413093
66.249.65.115 - - [18/Oct/2014:02:39:19 -0500] "GET /BLA/resoluciones/RESOLUCIONES%202007/RES%202007%202901%20AL%203000/RESOLUCION%202966%20DE%202007.pdf HTTP/1.1" 200 469754
66.249.65.119 - - [18/Oct/2014:02:39:26 -0500] "GET /BLA/resoluciones/RESOLUCIONES%202008/3606.pdf HTTP/1.1" 200 707298
66.249.65.119 - - [18/Oct/2014:02:39:36 -0500] "GET /BLA/resoluciones/AUTOS%202011/0029.pdf HTTP/1.1" 200 148160
66.249.65.115 - - [18/Oct/2014:02:39:38 -0500] "GET /BLA/resoluciones/RESOLUCIONES%202008/3781.pdf HTTP/1.1" 200 357392
66.249.65.119 - - [18/Oct/2014:02:39:42 -0500] "GET /BLA/resoluciones/RESOLUCIONES%202011/1269.pdf HTTP/1.1" 200 313445
66.249.65.119 - - [18/Oct/2014:02:39:50 -0500] "GET /BLA/resoluciones/RESOLUCIONES%202010/4433.pdf HTTP/1.1" 200 459155
201.184.143.127 - - [18/Oct/2014:02:40:13 -0500] "POST /forms/lservlet;jsessionid=ac16012b30d56f500381e2064a1e9414f1d64497e77a.e3iSbxaKaheRe34Sa3yKbhiTahb0n6jAmljGr5XDqQLvpAe HTTP/1.1" 200 2
66.249.65.123 - - [18/Oct/2014:02:40:14 -0500] "GET /BLA/resoluciones/RESOLUCIONES%202010/3087.pdf HTTP/1.1" 200 381253
66.249.65.123 - - [18/Oct/2014:02:40:38 -0500] "GET /BLA/resoluciones/AUTOS%202011/7440.pdf HTTP/1.1" 200 143094
66.249.65.123 - - [18/Oct/2014:02:41:03 -0500] "GET /BLA/resoluciones/AUTOS%202008/0368.pdf HTTP/1.1" 200 151967
66.249.65.115 - - [18/Oct/2014:02:41:18 -0500] "GET /BLA/boletinlegal/js/jquery.scrollShow.js HTTP/1.1" 200 4586
66.249.65.123 - - [18/Oct/2014:02:41:18 -0500] "GET /BLA/boletinlegal/js/jquery.scrollTo-min.js HTTP/1.1" 200 1150
66.249.65.119 - - [18/Oct/2014:02:41:19 -0500] "GET /BLA/boletinlegal/js/jquery.js HTTP/1.1" 200 57254
66.249.65.119 - - [18/Oct/2014:02:41:27 -0500] "GET /BLA/resoluciones/RESOLUCIONES%202007/RES%202007%201726%20AL%201800/RESOLUCION%201796%20DE%202007.pdf HTTP/1.1" 200 1347535
66.249.65.115 - - [18/Oct/2014:02:41:51 -0500] "GET /BLA/resoluciones/RESOLUCIONES%202007/RES%202007%202501%20AL%202600/RESOLUCION%202523%20DE%202007.pdf HTTP/1.1" 200 17359
180.76.5.153 - - [18/Oct/2014:02:41:56 -0500] "GET /BLA/resoluciones/Autos%202008/1754.pdf HTTP/1.1" 200 327067
201.184.143.127 - - [18/Oct/2014:02:42:13 -0500] "POST /forms/lservlet;jsessionid=ac16012b30d56f500381e2064a1e9414f1d64497e77a.e3iSbxaKaheRe34Sa3yKbhiTahb0n6jAmljGr5XDqQLvpAe HTTP/1.1" 200 2
66.249.65.119 - - [18/Oct/2014:02:42:15 -0500] "GET /BLA/resoluciones/AUTOS%202012/1194.pdf HTTP/1.1" 200 153201
180.76.6.41 - - [18/Oct/2014:02:42:31 -0500] "GET /BLA/resoluciones/AUTOS%202009/2693.pdf HTTP/1.1" 200 98779
66.249.65.119 - - [18/Oct/2014:02:42:40 -0500] "GET /BLA/resoluciones/RESOLUCIONES%202008/0030.pdf HTTP/1.1" 200 327321
66.249.65.123 - - [18/Oct/2014:02:42:52 -0500] "GET /BLA/resoluciones/RESOLUCIONES%202003/RES%202003%20601-650/627.tif HTTP/1.1" 200 67672
66.249.65.119 - - [18/Oct/2014:02:43:04 -0500] "GET /BLA/resoluciones/RESOLUCIONES%202007/RES%202007%201726%20AL%201800/RESOLUCION%201765%20DE%202007.pdf HTTP/1.1" 200 641162
66.249.65.115 - - [18/Oct/2014:02:43:28 -0500] "GET /BLA/resoluciones/AUTOS%202011/3343.pdf HTTP/1.1" 200 218643
66.249.65.115 - - [18/Oct/2014:02:43:40 -0500] "GET /BLA/resoluciones/AUTOS%202011/0769.pdf HTTP/1.1" 200 158493
66.249.65.55 - - [18/Oct/2014:02:43:42 -0500] "GET /POT-2013/Cartografia/08_Respuesta_Sismica_V1_2013.pdf HTTP/1.1" 304 -
220.181.108.83 - - [18/Oct/2014:02:43:42 -0500] "GET / HTTP/1.1" 302 -
74.86.158.107 - - [18/Oct/2014:02:43:46 -0500] "HEAD / HTTP/1.1" 302 -
66.249.65.119 - - [18/Oct/2014:02:43:53 -0500] "GET /BLA/resoluciones/RESOLUCIONES%202010/4588.pdf HTTP/1.1" 200 1084486
66.249.65.123 - - [18/Oct/2014:02:43:55 -0500] "GET /BLA/resoluciones/Notificaciones/AUTOS%202013/3647.doc HTTP/1.1" 200 355840
201.184.143.127 - - [18/Oct/2014:02:44:14 -0500] "POST /forms/lservlet;jsessionid=ac16012b30d56f500381e2064a1e9414f1d64497e77a.e3iSbxaKaheRe34Sa3yKbhiTahb0n6jAmljGr5XDqQLvpAe HTTP/1.1" 200 2
66.249.65.123 - - [18/Oct/2014:02:44:17 -0500] "GET /BLA/resoluciones/AUTOS%202008/2977.pdf HTTP/1.1" 200 58781
66.249.65.123 - - [18/Oct/2014:02:44:41 -0500] "GET /BLA/resoluciones/RESOLUCIONES%202007/RES%202007%203701%20AL%203800/RESOLUCION%203745%20DE%202007.pdf HTTP/1.1" 200 229941
190.66.108.60 - - [18/Oct/2014:02:44:50 -0500] "GET /galeria/carrusel/Carrusel/jquery.thumbnailScroller.css HTTP/1.1" 200 2066
190.66.108.60 - - [18/Oct/2014:02:44:50 -0500] "GET /galeria/carrusel/Carrusel/jquery-ui-1.8.13.custom.min.js HTTP/1.1" 200 10800
190.66.108.60 - - [18/Oct/2014:02:44:50 -0500] "GET /galeria/carrusel/Carrusel/jquery.thumbnailScroller.js HTTP/1.1" 200 8157
190.66.108.60 - - [18/Oct/2014:02:44:51 -0500] "GET /galeria/nivo-slider/demo/demo.html HTTP/1.1" 200 3648
190.66.108.60 - - [18/Oct/2014:02:44:52 -0500] "GET /galeria/nivo-slider/themes/default/default.css HTTP/1.1" 200 1569
190.66.108.60 - - [18/Oct/2014:02:44:52 -0500] "GET /galeria/nivo-slider/themes/pascal/pascal.css HTTP/1.1" 200 2258
190.66.108.60 - - [18/Oct/2014:02:44:52 -0500] "GET /galeria/nivo-slider/nivo-slider.css HTTP/1.1" 200 1507
190.66.108.60 - - [18/Oct/2014:02:44:52 -0500] "GET /galeria/nivo-slider/themes/orman/orman.css HTTP/1.1" 200 2152
190.66.108.60 - - [18/Oct/2014:02:44:52 -0500] "GET /galeria/nivo-slider/demo/style.css HTTP/1.1" 200 2222
190.66.108.60 - - [18/Oct/2014:02:44:52 -0500] "GET /galeria/nivo-slider/demo/scripts/jquery-1.7.1.min.js HTTP/1.1" 200 93868
190.66.108.60 - - [18/Oct/2014:02:44:52 -0500] "GET /galeria/nivo-slider/demo/images/banner-aceite3.jpg HTTP/1.1" 200 88347
190.66.108.60 - - [18/Oct/2014:02:44:52 -0500] "GET /galeria/nivo-slider/demo/images/EncuentroAgua1.jpg HTTP/1.1" 200 274179
190.66.108.60 - - [18/Oct/2014:02:44:52 -0500] "GET /galeria/nivo-slider/demo/images/Tingua-azul.jpg HTTP/1.1" 200 307638
190.66.108.60 - - [18/Oct/2014:02:44:52 -0500] "GET /galeria/nivo-slider/jquery.nivo.slider.pack.js HTTP/1.1" 200 11561
190.66.108.60 - - [18/Oct/2014:02:44:52 -0500] "GET /galeria/nivo-slider/demo/images/mesTIC.jpg HTTP/1.1" 200 180719
190.66.108.60 - - [18/Oct/2014:02:44:54 -0500] "GET /galeria/nivo-slider/demo/images/Banner-Caracol-Africano.jpg HTTP/1.1" 200 331986
190.66.108.60 - - [18/Oct/2014:02:44:54 -0500] "GET /galeria/nivo-slider/demo/images/banner-redes.jpg HTTP/1.1" 200 62209
190.66.108.60 - - [18/Oct/2014:02:44:55 -0500] "GET /galeria/nivo-slider/demo/images/9Signos.jpg HTTP/1.1" 200 93040
190.66.108.60 - - [18/Oct/2014:02:44:55 -0500] "GET /galeria/nivo-slider/demo/images/banner-encuesta.jpg HTTP/1.1" 200 42764
190.66.108.60 - - [18/Oct/2014:02:44:55 -0500] "GET /galeria/nivo-slider/demo/images/banner-llantas2.jpg HTTP/1.1" 200 73153
190.66.108.60 - - [18/Oct/2014:02:44:56 -0500] "GET /galeria/nivo-slider/demo/images/banner-caballos.png HTTP/1.1" 200 389106
190.66.108.60 - - [18/Oct/2014:02:44:56 -0500] "GET /galeria/nivo-slider/demo/images/ConstructorasFNL.jpg HTTP/1.1" 200 216551
190.66.108.60 - - [18/Oct/2014:02:44:58 -0500] "GET /galeria/nivo-slider/demo/images/4Simple_Slider.png HTTP/1.1" 200 11722
190.66.108.60 - - [18/Oct/2014:02:44:58 -0500] "GET /galeria/nivo-slider/demo/images/bannerEcolecta3.jpg HTTP/1.1" 200 280034
190.66.108.60 - - [18/Oct/2014:02:44:59 -0500] "GET /galeria/nivo-slider/themes/default/loading.gif HTTP/1.1" 200 1737
190.66.108.60 - - [18/Oct/2014:02:44:59 -0500] "GET /galeria/nivo-slider/demo/images/Hacienda_Molinos.jpg HTTP/1.1" 200 319171
66.249.65.115 - - [18/Oct/2014:02:45:05 -0500] "GET /BLA/resoluciones/AUTOS%202008/0616.pdf HTTP/1.1" 200 145553
190.66.108.60 - - [18/Oct/2014:02:45:12 -0500] "GET /galeria/nivo-slider/jquery.nivo.slider.pack.js HTTP/1.1" 200 11561
66.249.65.59 - - [18/Oct/2014:02:45:12 -0500] "GET /Autoliquidacion/Solicitudes%20relacionadas%20con%20ocupaci%C3%B3n%20de%20cauce/Aplicativo%20SCASP%20Actualizado%202014+.xlsx HTTP/1.1" 304 -
66.249.65.115 - - [18/Oct/2014:02:45:13 -0500] "GET /BLA/resoluciones/RESOLUCIONES%202010/6640.pdf HTTP/1.1" 200 249688
66.249.65.119 - - [18/Oct/2014:02:45:47 -0500] "GET /BLA/resoluciones/RESOLUCIONES%202011/0919.pdf HTTP/1.1" 200 74851
66.249.65.115 - - [18/Oct/2014:02:45:54 -0500] "GET /BLA/resoluciones/RESOLUCIONES%202007/RES%202007%202601%20AL%202700/RESOLUCION%202614%20DE%202007.pdf HTTP/1.1" 200 518488
190.66.108.60 - - [18/Oct/2014:02:46:05 -0500] "GET /galeria/nivo-slider/themes/default/arrows.png HTTP/1.1" 200 824
190.66.108.60 - - [18/Oct/2014:02:46:05 -0500] "GET /galeria/nivo-slider/themes/default/bullets.png HTTP/1.1" 200 1281
66.249.65.119 - - [18/Oct/2014:02:46:06 -0500] "GET /BLA/resoluciones/RESOLUCIONES%202003/RES%202003%20401-450/411.tif HTTP/1.1" 200 118812
190.66.108.60 - - [18/Oct/2014:02:46:09 -0500] "GET /videos/Spot_Tinguas.flv HTTP/1.1" 200 2087054
66.249.65.119 - - [18/Oct/2014:02:46:10 -0500] "GET /BLA/resoluciones/AUTOS%202011/0186.pdf HTTP/1.1" 200 157047
201.184.143.127 - - [18/Oct/2014:02:46:15 -0500] "POST /forms/lservlet;jsessionid=ac16012b30d56f500381e2064a1e9414f1d64497e77a.e3iSbxaKaheRe34Sa3yKbhiTahb0n6jAmljGr5XDqQLvpAe HTTP/1.1" 200 2
66.249.65.123 - - [18/Oct/2014:02:46:18 -0500] "GET /BLA/resoluciones/AUTOS%202008/0319.pdf HTTP/1.1" 200 110557
66.249.65.55 - - [18/Oct/2014:02:46:42 -0500] "GET /Autoliquidacion/Solicitudes%20relacionadas%20con%20ocupaci%C3%B3n%20de%20cauce/Solicitud-permiso-ocupacion-cauce.pdf HTTP/1.1" 304 -
66.249.65.115 - - [18/Oct/2014:02:46:42 -0500] "GET /BLA/resoluciones/AUTOS%202009/0927.pdf HTTP/1.1" 200 121307
66.249.65.123 - - [18/Oct/2014:02:47:07 -0500] "GET /BLA/resoluciones/AUTOS%202011/6787.pdf HTTP/1.1" 200 127698
100.43.85.25 - - [18/Oct/2014:02:47:14 -0500] "GET /occi/?C=D&O=A HTTP/1.1" 404 1019
66.249.65.119 - - [18/Oct/2014:02:47:31 -0500] "GET /robots.txt HTTP/1.1" 404 1018
66.249.65.119 - - [18/Oct/2014:02:47:31 -0500] "GET /BLA/resoluciones/AUTOS%202009/1491.pdf HTTP/1.1" 200 190279
180.76.5.67 - - [18/Oct/2014:02:47:48 -0500] "GET /BLA/resoluciones/RESOLUCIONES%202011/1732.pdf HTTP/1.1" 200 373572
66.249.65.123 - - [18/Oct/2014:02:47:55 -0500] "GET /BLA/resoluciones/AUTOS%202009/2835.pdf HTTP/1.1" 200 125136
201.184.143.127 - - [18/Oct/2014:02:48:15 -0500] "POST /forms/lservlet;jsessionid=ac16012b30d56f500381e2064a1e9414f1d64497e77a.e3iSbxaKaheRe34Sa3yKbhiTahb0n6jAmljGr5XDqQLvpAe HTTP/1.1" 200 2
66.249.65.119 - - [18/Oct/2014:02:48:19 -0500] "GET /Residuos/metalmecanica/files/search/search90.xml HTTP/1.1" 404 1018
66.249.65.119 - - [18/Oct/2014:02:48:44 -0500] "GET /BLA/resoluciones/AUTOS%202008/2633.pdf HTTP/1.1" 200 68332
74.86.158.107 - - [18/Oct/2014:02:48:46 -0500] "HEAD / HTTP/1.1" 302 -
66.249.65.119 - - [18/Oct/2014:02:49:08 -0500] "GET /BLA/resoluciones/RESOLUCIONES%202007/RES%202007%202501%20AL%202600/RESOLUCION%202502%20DE%202007.pdf HTTP/1.1" 200 90069
66.249.65.119 - - [18/Oct/2014:02:49:32 -0500] "GET /BLA/resoluciones/AUTOS%202008/2096.pdf HTTP/1.1" 200 112991
37.228.104.81 - - [18/Oct/2014:02:49:34 -0500] "GET /BLA/boletinlegal/js/jquery.js HTTP/1.1" 200 57254
37.228.104.81 - - [18/Oct/2014:02:49:34 -0500] "GET /BLA/boletinlegal/js/jquery.scrollTo-min.js HTTP/1.1" 200 1150
37.228.104.81 - - [18/Oct/2014:02:49:34 -0500] "GET /BLA/boletinlegal/js/jquery.scrollShow.js HTTP/1.1" 200 4586
66.249.65.59 - - [18/Oct/2014:02:49:42 -0500] "GET /BLA/boletinlegal/jurisprudencia/analisis/CUADRO%20SENTENCIA%20C-222%20DE%202011.doc HTTP/1.1" 304 -
66.249.65.115 - - [18/Oct/2014:02:49:57 -0500] "GET /BLA/resoluciones/AUTOS%202008/1559.pdf HTTP/1.1" 200 96621
201.184.143.127 - - [18/Oct/2014:02:50:15 -0500] "POST /forms/lservlet;jsessionid=ac16012b30d56f500381e2064a1e9414f1d64497e77a.e3iSbxaKaheRe34Sa3yKbhiTahb0n6jAmljGr5XDqQLvpAe HTTP/1.1" 200 2
37.228.104.81 - - [18/Oct/2014:02:50:17 -0500] "GET /BLA/boletinlegal/js/jquery.js HTTP/1.1" 200 57254
37.228.104.81 - - [18/Oct/2014:02:50:17 -0500] "GET /BLA/boletinlegal/js/jquery.scrollTo-min.js HTTP/1.1" 200 1150
37.228.104.81 - - [18/Oct/2014:02:50:17 -0500] "GET /BLA/boletinlegal/js/jquery.scrollShow.js HTTP/1.1" 200 4586
66.249.65.115 - - [18/Oct/2014:02:50:21 -0500] "GET /BLA/resoluciones/AUTOS%202011/2410.pdf HTTP/1.1" 200 162207
66.249.65.119 - - [18/Oct/2014:02:50:36 -0500] "GET /BLA/resoluciones/AUTOS%202011/1102.pdf HTTP/1.1" 200 155271
66.249.65.115 - - [18/Oct/2014:02:50:45 -0500] "GET /BLA/resoluciones/AUTOS%202008/2470.pdf HTTP/1.1" 200 102607
66.249.65.115 - - [18/Oct/2014:02:51:09 -0500] "GET /BLA/resoluciones/AUTOS%202008/2883.pdf HTTP/1.1" 200 207924
66.249.65.55 - - [18/Oct/2014:02:51:13 -0500] "GET /BLA/boletinlegal/jurisprudencia/analisis/Analisis%20jurisprudencial%20Sentencia%20C-366-11.doc HTTP/1.1" 304 -
66.249.65.115 - - [18/Oct/2014:02:51:34 -0500] "GET /BLA/resoluciones/AUTOS%202008/2654.pdf HTTP/1.1" 200 67187
66.249.65.119 - - [18/Oct/2014:02:51:58 -0500] "GET /BLA/resoluciones/RESOLUCIONES%202010/6381.pdf HTTP/1.1" 200 2521049
201.184.143.127 - - [18/Oct/2014:02:52:15 -0500] "POST /forms/lservlet;jsessionid=ac16012b30d56f500381e2064a1e9414f1d64497e77a.e3iSbxaKaheRe34Sa3yKbhiTahb0n6jAmljGr5XDqQLvpAe HTTP/1.1" 200 2
66.249.65.115 - - [18/Oct/2014:02:52:22 -0500] "GET /BLA/resoluciones/AUTOS%202008/2899.pdf HTTP/1.1" 200 81787
66.249.65.55 - - [18/Oct/2014:02:52:44 -0500] "GET /Metadatos_final_2014/Situacion_Amb_Conflict.xml HTTP/1.1" 304 -
66.249.65.119 - - [18/Oct/2014:02:52:46 -0500] "GET /BLA/resoluciones/AUTOS%202012/1852.pdf HTTP/1.1" 200 274664
66.249.65.115 - - [18/Oct/2014:02:53:11 -0500] "GET /BLA/resoluciones/AUTOS%202012/0528.pdf HTTP/1.1" 200 331781
66.249.65.119 - - [18/Oct/2014:02:53:19 -0500] "GET /BLA/resoluciones/RESOLUCIONES%202007/RES%202007%202001%20AL%202100/RESOLUCION%202062%20DE%202007.pdf HTTP/1.1" 200 789858
66.249.65.59 - - [18/Oct/2014:02:53:24 -0500] "GET /phpold/jaimedg/ HTTP/1.1" 404 1019
66.249.65.123 - - [18/Oct/2014:02:53:35 -0500] "GET /BLA/resoluciones/RESOLUCIONES%202010/6103.pdf HTTP/1.1" 200 650172
74.86.158.107 - - [18/Oct/2014:02:53:46 -0500] "HEAD / HTTP/1.1" 302 -
66.249.65.123 - - [18/Oct/2014:02:53:59 -0500] "GET /BLA/resoluciones/AUTOS%202011/2788.pdf HTTP/1.1" 304 -
201.184.143.127 - - [18/Oct/2014:02:54:16 -0500] "POST /forms/lservlet;jsessionid=ac16012b30d56f500381e2064a1e9414f1d64497e77a.e3iSbxaKaheRe34Sa3yKbhiTahb0n6jAmljGr5XDqQLvpAe HTTP/1.1" 200 2
66.249.65.55 - - [18/Oct/2014:02:54:17 -0500] "GET /POT-2013/memoria%20justificativa/ANEXO_5.pdf HTTP/1.1" 304 -
66.249.65.123 - - [18/Oct/2014:02:54:24 -0500] "GET /BLA/resoluciones/RESOLUCIONES%202007/RES%202007%20501%20AL%20600/RESOLUCION%200582%20DE%202007.pdf HTTP/1.1" 200 442518
66.249.65.119 - - [18/Oct/2014:02:54:30 -0500] "GET /BLA/resoluciones/AUTOS%202011/0988.pdf HTTP/1.1" 200 147545
66.249.65.119 - - [18/Oct/2014:02:54:36 -0500] "GET /BLA/resoluciones/Notificaciones/AUTOS%202013/3213.doc HTTP/1.1" 200 232448
66.249.65.119 - - [18/Oct/2014:02:54:48 -0500] "GET /BLA/resoluciones/AUTOS%202010/5526.pdf HTTP/1.1" 304 -
66.249.65.115 - - [18/Oct/2014:02:55:14 -0500] "GET /BLA/resoluciones/AUTOS%202008/2700.pdf HTTP/1.1" 200 136599
66.249.65.119 - - [18/Oct/2014:02:55:36 -0500] "GET /BLA/resoluciones/AUTOS%202008/0372.pdf HTTP/1.1" 304 -
66.249.65.59 - - [18/Oct/2014:02:55:53 -0500] "GET /BLA/boletinlegal/actas/acta%20de%20acuerdo%2002%20adop%20regla%20inter%20mesa%20salud%20ambie.pdf HTTP/1.1" 304 -
180.76.6.213 - - [18/Oct/2014:02:55:54 -0500] "GET /BLA/resoluciones/AUTOS%202009/0963.pdf HTTP/1.1" 200 101230
201.184.143.127 - - [18/Oct/2014:02:56:17 -0500] "POST /forms/lservlet;jsessionid=ac16012b30d56f500381e2064a1e9414f1d64497e77a.e3iSbxaKaheRe34Sa3yKbhiTahb0n6jAmljGr5XDqQLvpAe HTTP/1.1" 200 2
66.249.65.119 - - [18/Oct/2014:02:56:25 -0500] "GET /BLA/resoluciones/AUTOS%202011/2965.pdf HTTP/1.1" 200 155527
66.249.65.115 - - [18/Oct/2014:02:56:49 -0500] "GET /BLA/resoluciones/AUTOS%202011/5761.pdf HTTP/1.1" 200 263651
66.249.65.115 - - [18/Oct/2014:02:57:13 -0500] "GET /BLA/resoluciones/RESOLUCIONES%202010/7609.pdf HTTP/1.1" 304 -
66.249.65.115 - - [18/Oct/2014:02:57:38 -0500] "GET /BLA/resoluciones/RESOLUCIONES%202011/0815.pdf HTTP/1.1" 304 -
66.249.65.55 - - [18/Oct/2014:02:57:42 -0500] "GET /POT-2013/Cartografia/04_Inundacion_V1_2013.pdf HTTP/1.1" 304 -
66.249.65.119 - - [18/Oct/2014:02:58:02 -0500] "GET /BLA/resoluciones/RESOLUCIONES%202007/RES%202007%204301%20AL%204352/RESOLUCION%204316%20DE%202007.pdf HTTP/1.1" 304 -
66.249.65.51 - - [18/Oct/2014:02:58:02 -0500] "GET /Autoliquidacion/ HTTP/1.1" 200 6375
201.184.143.127 - - [18/Oct/2014:02:58:18 -0500] "POST /forms/lservlet;jsessionid=ac16012b30d56f500381e2064a1e9414f1d64497e77a.e3iSbxaKaheRe34Sa3yKbhiTahb0n6jAmljGr5XDqQLvpAe HTTP/1.1" 200 2
66.249.65.115 - - [18/Oct/2014:02:58:26 -0500] "GET /BLA/resoluciones/RESOLUCIONES%202010/1422.pdf HTTP/1.1" 200 409084
74.86.158.107 - - [18/Oct/2014:02:58:46 -0500] "HEAD / HTTP/1.1" 302 -
66.249.65.119 - - [18/Oct/2014:02:58:50 -0500] "GET /BLA/resoluciones/RESOLUCIONES%202007/RES%202007%202201%20AL%202300/RESOLUCION%202206%20DE%202007.pdf HTTP/1.1" 304 -
66.249.65.115 - - [18/Oct/2014:02:59:15 -0500] "GET /BLA/resoluciones/RESOLUCIONES%202007/RES%202007%203901%20AL%204000/RESOLUCION%203996%20DE%202007.pdf HTTP/1.1" 200 667907
66.249.65.59 - - [18/Oct/2014:02:59:36 -0500] "GET /BLA/boletinlegal/Circulares/2012/Circular%20No.%209%20del%2021%20de%20Agosto%20de%202012.pdf HTTP/1.1" 304 -
66.249.65.123 - - [18/Oct/2014:02:59:39 -0500] "GET /BLA/resoluciones/AUTOS%202011/2991.pdf HTTP/1.1" 304 -
66.249.65.115 - - [18/Oct/2014:03:00:03 -0500] "GET /BLA/resoluciones/AUTOS%202013/1118.pdf HTTP/1.1" 200 1011792
201.184.143.127 - - [18/Oct/2014:03:00:18 -0500] "POST /forms/lservlet;jsessionid=ac16012b30d56f500381e2064a1e9414f1d64497e77a.e3iSbxaKaheRe34Sa3yKbhiTahb0n6jAmljGr5XDqQLvpAe HTTP/1.1" 200 2
66.249.65.119 - - [18/Oct/2014:03:00:19 -0500] "GET /BLA/resoluciones/RESOLUCIONES%202011/1592.pdf HTTP/1.1" 200 68581
66.249.65.119 - - [18/Oct/2014:03:00:28 -0500] "GET /BLA/resoluciones/RESOLUCIONES%202007/RES%202007%20601%20AL%20700/RESOLUCION%200610%20DE%202007.pdf HTTP/1.1" 304 -
100.43.85.25 - - [18/Oct/2014:03:00:29 -0500] "GET /pei/?C=S&O=A HTTP/1.1" 404 1019
66.249.65.115 - - [18/Oct/2014:03:00:52 -0500] "GET /BLA/resoluciones/RESOLUCIONES%202008/1470.pdf HTTP/1.1" 304 -
66.249.65.115 - - [18/Oct/2014:03:01:16 -0500] "GET /BLA/resoluciones/AUTOS%202011/5853.pdf HTTP/1.1" 200 190995
66.249.65.115 - - [18/Oct/2014:03:01:40 -0500] "GET /Residuos/impresion/files/search/search16.xml HTTP/1.1" 404 1018
66.249.65.123 - - [18/Oct/2014:03:02:05 -0500] "GET /BLA/resoluciones/AUTOS%202008/0375.pdf HTTP/1.1" 200 130508
201.184.143.127 - - [18/Oct/2014:03:02:19 -0500] "POST /forms/lservlet;jsessionid=ac16012b30d56f500381e2064a1e9414f1d64497e77a.e3iSbxaKaheRe34Sa3yKbhiTahb0n6jAmljGr5XDqQLvpAe HTTP/1.1" 200 2
66.249.65.119 - - [18/Oct/2014:03:02:29 -0500] "GET /BLA/resoluciones/AUTOS%202008/1780.pdf HTTP/1.1" 200 226651
66.249.65.119 - - [18/Oct/2014:03:02:33 -0500] "GET /BLA/resoluciones/RESOLUCIONES%202011/1014.pdf HTTP/1.1" 200 67525
66.249.65.115 - - [18/Oct/2014:03:02:36 -0500] "GET /BLA/resoluciones/AUTOS%202011/0322.pdf HTTP/1.1" 200 190132
66.249.65.119 - - [18/Oct/2014:03:02:53 -0500] "GET /BLA/resoluciones/AUTOS%202008/1745.pdf HTTP/1.1" 200 204130
66.249.65.119 - - [18/Oct/2014:03:03:15 -0500] "GET /BLA/resoluciones/AUTOS%202013/1118.pdf HTTP/1.1" 200 1011792
66.249.65.119 - - [18/Oct/2014:03:03:42 -0500] "GET /BLA/resoluciones/AUTOS%202008/0072.pdf HTTP/1.1" 200 110886
74.86.158.107 - - [18/Oct/2014:03:03:46 -0500] "HEAD / HTTP/1.1" 302 -
66.249.65.119 - - [18/Oct/2014:03:04:06 -0500] "GET /BLA/resoluciones/AUTOS%202008/2556.pdf HTTP/1.1" 200 207149
201.184.143.127 - - [18/Oct/2014:03:04:19 -0500] "POST /forms/lservlet;jsessionid=ac16012b30d56f500381e2064a1e9414f1d64497e77a.e3iSbxaKaheRe34Sa3yKbhiTahb0n6jAmljGr5XDqQLvpAe HTTP/1.1" 200 2
66.249.65.119 - - [18/Oct/2014:03:04:30 -0500] "GET /BLA/resoluciones/AUTOS%202008/1827.pdf HTTP/1.1" 200 191079
66.249.65.119 - - [18/Oct/2014:03:04:55 -0500] "GET /BLA/resoluciones/AUTOS%202008/1301.pdf HTTP/1.1" 200 255621
66.249.65.119 - - [18/Oct/2014:03:05:19 -0500] "GET /BLA/resoluciones/AUTOS%202008/1792.pdf HTTP/1.1" 200 232078
66.249.65.115 - - [18/Oct/2014:03:05:43 -0500] "GET /Residuos/textiles/files/search/search85.xml HTTP/1.1" 404 1018
66.249.65.119 - - [18/Oct/2014:03:06:07 -0500] "GET /smtp/Net/docs/ HTTP/1.1" 404 1018
201.184.143.127 - - [18/Oct/2014:03:06:19 -0500] "POST /forms/lservlet;jsessionid=ac16012b30d56f500381e2064a1e9414f1d64497e77a.e3iSbxaKaheRe34Sa3yKbhiTahb0n6jAmljGr5XDqQLvpAe HTTP/1.1" 200 2
66.249.65.123 - - [18/Oct/2014:03:06:27 -0500] "GET /BLA/resoluciones/AUTOS%202012/3038.pdf HTTP/1.1" 304 -
66.249.65.123 - - [18/Oct/2014:03:06:31 -0500] "GET /BLA/resoluciones/RESOLUCIONES%202010/0242.pdf HTTP/1.1" 200 280819
66.249.65.115 - - [18/Oct/2014:03:07:07 -0500] "GET /BLA/resoluciones/RESOLUCIONES%202007/RES%202007%202801%20AL%202900/RESOLUCION%202857%20DE%202007.pdf HTTP/1.1" 304 -
66.249.65.123 - - [18/Oct/2014:03:07:13 -0500] "GET /BLA/resoluciones/RESOLUCIONES%202009/7489.pdf HTTP/1.1" 304 -
66.249.65.55 - - [18/Oct/2014:03:07:13 -0500] "GET /pread5/pread/Presentaci%C3%B3n%20Subdirector.pdf HTTP/1.1" 404 1019
66.249.65.119 - - [18/Oct/2014:03:07:20 -0500] "GET /re/Cuento/cuadro17/ HTTP/1.1" 404 1018
79.176.43.47 - - [18/Oct/2014:03:07:26 -0500] "GET /BLA/resoluciones/RESOLUCIONES%202007/RES%202007%20801%20AL%20900/RESOLUCION%200810%20DE%202007.pdf HTTP/1.1" 200 135427
66.249.65.123 - - [18/Oct/2014:03:08:09 -0500] "GET /BLA/resoluciones/AUTOS%202012/1687.pdf HTTP/1.1" 304 -
201.184.143.127 - - [18/Oct/2014:03:08:20 -0500] "POST /forms/lservlet;jsessionid=ac16012b30d56f500381e2064a1e9414f1d64497e77a.e3iSbxaKaheRe34Sa3yKbhiTahb0n6jAmljGr5XDqQLvpAe HTTP/1.1" 200 2
66.249.65.115 - - [18/Oct/2014:03:08:33 -0500] "GET /counter/pages/pie.php.txt HTTP/1.1" 404 1018
74.86.158.107 - - [18/Oct/2014:03:08:46 -0500] "HEAD / HTTP/1.1" 302 -
66.249.65.119 - - [18/Oct/2014:03:08:57 -0500] "GET /PORTAL_SIAC/swf/clip1.swf HTTP/1.1" 200 34316
66.249.65.51 - - [18/Oct/2014:03:09:00 -0500] "GET /phpold/redaire/ HTTP/1.1" 404 1019
66.249.65.119 - - [18/Oct/2014:03:09:21 -0500] "GET /re/Cuento/cuadro15/ HTTP/1.1" 404 1018
66.249.65.119 - - [18/Oct/2014:03:09:40 -0500] "GET /BLA/resoluciones/AUTOS%202007/1281.pdf HTTP/1.1" 200 89746
66.249.65.119 - - [18/Oct/2014:03:09:46 -0500] "GET /PORTAL_SIAC/swf/650x80.swf HTTP/1.1" 200 35899
66.249.65.123 - - [18/Oct/2014:03:10:10 -0500] "GET /BLA/resoluciones/RESOLUCIONES%202007/RES%202007%203001%20AL%203100/RESOLUCION%203078%20DE%202007.pdf HTTP/1.1" 304 -
201.184.143.127 - - [18/Oct/2014:03:10:20 -0500] "POST /forms/lservlet;jsessionid=ac16012b30d56f500381e2064a1e9414f1d64497e77a.e3iSbxaKaheRe34Sa3yKbhiTahb0n6jAmljGr5XDqQLvpAe HTTP/1.1" 200 2
66.249.65.59 - - [18/Oct/2014:03:10:32 -0500] "GET /phpold/sia/ HTTP/1.1" 404 1019
123.125.71.26 - - [18/Oct/2014:03:11:21 -0500] "GET / HTTP/1.1" 302 -
66.249.65.123 - - [18/Oct/2014:03:11:23 -0500] "GET /re/Cuento/cuadro4/ HTTP/1.1" 404 1018
66.249.65.119 - - [18/Oct/2014:03:11:40 -0500] "GET /BLA/resoluciones/RESOLUCIONES%202003/RES%202003%20601-650/633.tif HTTP/1.1" 200 133084
220.181.108.91 - - [18/Oct/2014:03:11:49 -0500] "GET / HTTP/1.1" 302 -
180.76.5.172 - - [18/Oct/2014:03:11:50 -0500] "GET /BLA/resoluciones/AUTOS%202009/0133.pdf HTTP/1.1" 200 177252
66.249.65.119 - - [18/Oct/2014:03:12:36 -0500] "GET /counter/digits/sbgs/ HTTP/1.1" 404 1018
66.249.65.119 - - [18/Oct/2014:03:12:50 -0500] "GET /BLA/resoluciones/RESOLUCIONES%202003/RES%202003%20401-450/431.tif HTTP/1.1" 200 137928
66.249.65.123 - - [18/Oct/2014:03:13:00 -0500] "GET /chat/res/img/ HTTP/1.1" 404 1018
66.249.65.51 - - [18/Oct/2014:03:13:10 -0500] "GET /phpold/inf6/ HTTP/1.1" 404 1019
66.249.65.123 - - [18/Oct/2014:03:13:24 -0500] "GET /BLA/resoluciones/RESOLUCIONES%202009/3900.pdf HTTP/1.1" 304 -
74.86.158.107 - - [18/Oct/2014:03:13:46 -0500] "HEAD / HTTP/1.1" 302 -
66.249.65.119 - - [18/Oct/2014:03:13:48 -0500] "GET /chat/src/view/ HTTP/1.1" 404 1018
100.43.85.25 - - [18/Oct/2014:03:13:52 -0500] "GET /htdocs/counter/digits/buftom/?C=D&O=A HTTP/1.1" 404 1019
66.249.65.51 - - [18/Oct/2014:03:14:01 -0500] "GET /phpold/imadam2/ HTTP/1.1" 404 1019
66.249.65.55 - - [18/Oct/2014:03:14:06 -0500] "GET /POT-2013/Cartografia/09_EEP.pdf HTTP/1.1" 304 -
