181.60.251.53 - - [20/Oct/2014:08:56:36 -0500] "GET /forest/img/spacer.gif HTTP/1.1" 200 43
181.60.251.53 - - [20/Oct/2014:08:56:37 -0500] "GET /forest/img/panel/view_icon.gif HTTP/1.1" 200 681
181.60.251.53 - - [20/Oct/2014:08:56:37 -0500] "GET /forest/img/inicio/1.gif HTTP/1.1" 200 23925
181.60.251.53 - - [20/Oct/2014:08:56:37 -0500] "GET /forest/img/inicio/2.gif HTTP/1.1" 200 42562
181.60.251.53 - - [20/Oct/2014:08:56:36 -0500] "GET /forest/js/json3.js HTTP/1.1" 200 39592
181.60.251.53 - - [20/Oct/2014:08:56:37 -0500] "GET /forest/img/inicio/3.gif HTTP/1.1" 200 29737
181.60.251.53 - - [20/Oct/2014:08:56:37 -0500] "GET /forest/img/inicio/4.gif HTTP/1.1" 200 27784
181.60.251.53 - - [20/Oct/2014:08:56:37 -0500] "GET /forest/img/inicio/6.gif HTTP/1.1" 200 12239
181.60.251.53 - - [20/Oct/2014:08:56:36 -0500] "GET /forest/jsoptimized/gz/js/gdocsall-1408.271930.js HTTP/1.1" 200 96552
181.60.251.53 - - [20/Oct/2014:08:56:37 -0500] "GET /forest/img/mplogo.gif HTTP/1.1" 200 806
181.60.251.53 - - [20/Oct/2014:08:56:37 -0500] "GET /forest/img/inicio/5.gif HTTP/1.1" 200 25611
181.60.251.53 - - [20/Oct/2014:08:56:37 -0500] "GET /forest/img/close.gif HTTP/1.1" 200 571
181.60.251.53 - - [20/Oct/2014:08:56:37 -0500] "GET /forest/skins/gdocs-jar/img/okey.gif HTTP/1.1" 200 203
181.60.251.53 - - [20/Oct/2014:08:56:37 -0500] "GET /forest/img/inicio/7.gif HTTP/1.1" 200 18547
181.60.251.53 - - [20/Oct/2014:08:56:37 -0500] "GET /forest/img/base/bsc2_r1_c2.gif HTTP/1.1" 200 269
181.60.251.53 - - [20/Oct/2014:08:56:37 -0500] "GET /forest/img/base/bsc2_r1_c3.gif HTTP/1.1" 200 3704
181.60.251.53 - - [20/Oct/2014:08:56:37 -0500] "GET /forest/img/base/bsc2_r1_c1.gif HTTP/1.1" 200 28640
181.60.251.53 - - [20/Oct/2014:08:56:37 -0500] "GET /forest/1ibre/1ibre.css HTTP/1.1" 200 614
181.60.251.53 - - [20/Oct/2014:08:56:37 -0500] "GET /forest/img/forestIcon.gif?version=1408.271930 HTTP/1.1" 200 573
201.245.192.253 - - [20/Oct/2014:08:56:40 -0500] "GET /forest/skins/gdocs-jar/popup/popup.jsp?width=900&height=600&title=Informaci%F3n%20de%20proceso&uri=/forest/system/process.jsp%3FnumPro%3D2702562&name=undefined&_a=0.06368368185696849&a=0.4547935509202612 HTTP/1.1" 200 1191
201.245.192.253 - - [20/Oct/2014:08:56:40 -0500] "GET /forest/system/process.jsp?numPro=2702562 HTTP/1.1" 200 38626
201.245.192.253 - - [20/Oct/2014:08:56:40 -0500] "GET /forest/css/dialog.css HTTP/1.1" 200 1100
201.245.192.253 - - [20/Oct/2014:08:56:40 -0500] "GET /forest/css/index.css HTTP/1.1" 200 1900
201.245.192.253 - - [20/Oct/2014:08:56:40 -0500] "GET /forest/skins/gdocs-jar/img/activity2.gif HTTP/1.1" 200 374
201.245.192.253 - - [20/Oct/2014:08:56:40 -0500] "GET /forest/skins/gdocs-jar/img/expandido.gif HTTP/1.1" 200 190
201.245.192.253 - - [20/Oct/2014:08:56:40 -0500] "GET /forest/skins/gdocs-jar/img/itemlist.gif HTTP/1.1" 200 134
201.245.192.253 - - [20/Oct/2014:08:56:40 -0500] "GET /forest/skins/gdocs-jar/img/mueveactividad.gif HTTP/1.1" 200 90
201.245.192.253 - - [20/Oct/2014:08:56:40 -0500] "GET /forest/1ibre/protoaculous.js HTTP/1.1" 304 -
201.245.192.253 - - [20/Oct/2014:08:56:40 -0500] "GET /forest/1ibre/1ibre.js HTTP/1.1" 304 -
201.245.192.253 - - [20/Oct/2014:08:56:42 -0500] "GET /forest/skins/gdocs-jar/popup/popup.jsp?width=850&height=380&title=Informaci%F3n%20del%20radicado&uri=/forest/system/document.jsp%3FcodDoc%3D1753118&name=undefined&_a=0.9629485066410806&a=0.47778871301500536 HTTP/1.1" 200 1194
201.245.192.253 - - [20/Oct/2014:08:56:43 -0500] "GET /forest/system/document.jsp?codDoc=1753118 HTTP/1.1" 200 12270
181.60.251.53 - - [20/Oct/2014:08:56:44 -0500] "POST /forest/login.do HTTP/1.1" 302 -
181.60.251.53 - - [20/Oct/2014:08:56:45 -0500] "GET /forest/img/fondo-barra.gif HTTP/1.1" 200 282
181.60.251.53 - - [20/Oct/2014:08:56:45 -0500] "GET /forest/img/users/3.gif HTTP/1.1" 200 1513
181.60.251.53 - - [20/Oct/2014:08:56:45 -0500] "GET /forest/img/inicio.jpg HTTP/1.1" 200 897
181.60.251.53 - - [20/Oct/2014:08:56:45 -0500] "GET /forest/img/users/5.gif HTTP/1.1" 200 1507
181.60.251.53 - - [20/Oct/2014:08:56:45 -0500] "GET /forest/img/users/7.gif HTTP/1.1" 200 1631
181.60.251.53 - - [20/Oct/2014:08:56:45 -0500] "GET /forest/img/download_large.gif HTTP/1.1" 200 203
181.60.251.53 - - [20/Oct/2014:08:56:45 -0500] "GET /forest/skins/gdocs-jar/css/tree.css HTTP/1.1" 200 223
181.60.251.53 - - [20/Oct/2014:08:56:45 -0500] "GET /forest/skins/gdocs-jar/css/autocomplete.css HTTP/1.1" 200 1620
181.60.251.53 - - [20/Oct/2014:08:56:45 -0500] "GET /forest/skins/gdocs-jar/js/xml_utilities.js?version=1408.271930 HTTP/1.1" 200 2433
181.60.251.53 - - [20/Oct/2014:08:56:45 -0500] "GET /forest/js/inicio.js?version=1408.271930 HTTP/1.1" 200 2303
181.60.251.53 - - [20/Oct/2014:08:56:45 -0500] "GET /forest/index2.jsp?a=0.578179718491145 HTTP/1.1" 200 49388
181.60.251.53 - - [20/Oct/2014:08:56:45 -0500] "GET /forest/skins/gdocs-jar/js/misprocesos.js?version=1408.271930 HTTP/1.1" 200 5890
181.60.251.53 - - [20/Oct/2014:08:56:45 -0500] "GET /forest/img/buscar.jpg HTTP/1.1" 200 736
181.60.251.53 - - [20/Oct/2014:08:56:45 -0500] "GET /forest/img/notify.gif HTTP/1.1" 200 746
181.60.251.53 - - [20/Oct/2014:08:56:45 -0500] "GET /forest/img/salir3.gif HTTP/1.1" 200 1271
181.60.251.53 - - [20/Oct/2014:08:56:45 -0500] "GET /forest/img/ayuda.gif HTTP/1.1" 200 716
181.60.251.53 - - [20/Oct/2014:08:56:45 -0500] "GET /forest/img/pantalla.gif HTTP/1.1" 200 1407
181.60.251.53 - - [20/Oct/2014:08:56:45 -0500] "GET /forest/img/buscar_procesos.gif HTTP/1.1" 200 158
181.60.251.53 - - [20/Oct/2014:08:56:45 -0500] "GET /forest/img/buscar_documentos.gif HTTP/1.1" 200 674
181.60.251.53 - - [20/Oct/2014:08:56:45 -0500] "GET /forest/img/panel/menu/folder.png HTTP/1.1" 200 1382
181.60.251.53 - - [20/Oct/2014:08:56:45 -0500] "GET /forest/img/panel/menu/add.png HTTP/1.1" 200 4044
181.60.251.53 - - [20/Oct/2014:08:56:45 -0500] "GET /forest/img/panel/menu/hoy.png HTTP/1.1" 200 1215
181.60.251.53 - - [20/Oct/2014:08:56:45 -0500] "GET /forest/img/panel/menu/danger2.png HTTP/1.1" 200 1358
181.60.251.53 - - [20/Oct/2014:08:56:45 -0500] "GET /forest/img/instanciar.gif HTTP/1.1" 200 1589
181.60.251.53 - - [20/Oct/2014:08:56:45 -0500] "GET /forest/skins/gdocs-jar/img/cancel.gif HTTP/1.1" 200 77
181.60.251.53 - - [20/Oct/2014:08:56:45 -0500] "GET /forest/img/misdocumentos.gif HTTP/1.1" 200 545
181.60.251.53 - - [20/Oct/2014:08:56:45 -0500] "GET /forest/skins/gdocs-jar/js/autocompletar2.js?version=1408.271930 HTTP/1.1" 200 24397
181.60.251.53 - - [20/Oct/2014:08:56:46 -0500] "GET /forest/session.jsp?a=0.6856555447448045 HTTP/1.1" 200 4
66.249.67.83 - - [20/Oct/2014:08:56:46 -0500] "GET /BLA/resoluciones/AUTOS%202013/1424.pdf HTTP/1.1" 304 -
201.245.192.253 - - [20/Oct/2014:08:56:51 -0500] "GET /forest/skins/gdocs-jar/popup/popup.jsp?width=850&height=380&title=Informaci%F3n%20del%20radicado&uri=/forest/system/document.jsp%3FcodDoc%3D1753118&name=undefined&_a=0.44296592338446383&a=0.757295382497245 HTTP/1.1" 200 1194
201.245.192.253 - - [20/Oct/2014:08:56:51 -0500] "GET /forest/system/document.jsp?codDoc=1753118 HTTP/1.1" 200 12270
201.244.192.4 - - [20/Oct/2014:08:56:51 -0500] "GET /forest/index2.jsp?_a=0.9513071947731078 HTTP/1.1" 200 64753
201.244.192.4 - - [20/Oct/2014:08:56:52 -0500] "GET /forest/session.jsp?a=0.1595314983278513 HTTP/1.1" 200 4
181.60.251.53 - - [20/Oct/2014:08:56:52 -0500] "GET /forest/usutareas.do?group_system_actual=3&codTraEsc=16717763&_a=0.43865992886737826 HTTP/1.1" 200 103163
181.60.251.53 - - [20/Oct/2014:08:56:53 -0500] "GET /forest/skins/gdocs-jar/js/number-functions.js?version=1408.271930 HTTP/1.1" 200 9577
181.60.251.53 - - [20/Oct/2014:08:56:53 -0500] "GET /forest/skins/gdocs-jar/css/forms.css HTTP/1.1" 200 7180
181.60.251.53 - - [20/Oct/2014:08:56:53 -0500] "GET /forest/skins/gdocs-jar/js/swfobject.js?version=1408.271930 HTTP/1.1" 200 6887
181.60.251.53 - - [20/Oct/2014:08:56:53 -0500] "GET /forest/skins/gdocs-jar/img/desasociarUser.gif HTTP/1.1" 200 1209
181.60.251.53 - - [20/Oct/2014:08:56:53 -0500] "GET /forest/skins/gdocs-jar/js/graphicForm.js?version=1408.271930 HTTP/1.1" 200 16490
181.60.251.53 - - [20/Oct/2014:08:56:53 -0500] "GET /forest/img/asociarUser.gif HTTP/1.1" 200 1227
181.60.251.53 - - [20/Oct/2014:08:56:53 -0500] "GET /forest/skins/gdocs-jar/img/asociarUserOtraDependencia.gif HTTP/1.1" 200 1217
181.60.251.53 - - [20/Oct/2014:08:56:53 -0500] "GET /forest/skins/gdocs-jar/img/vertodossubprocesos.gif HTTP/1.1" 200 167
181.60.251.53 - - [20/Oct/2014:08:56:53 -0500] "GET /forest/skins/gdocs-jar/img/actividad2.gif HTTP/1.1" 200 1189
181.60.251.53 - - [20/Oct/2014:08:56:53 -0500] "GET /forest/skins/gdocs-jar/img/comments.gif HTTP/1.1" 200 672
181.60.251.53 - - [20/Oct/2014:08:56:53 -0500] "GET /forest/skins/gdocs-jar/img/print.gif HTTP/1.1" 200 1195
181.60.251.53 - - [20/Oct/2014:08:56:53 -0500] "GET /forest/skins/gdocs-jar/img/alert.gif HTTP/1.1" 200 595
181.60.251.53 - - [20/Oct/2014:08:56:53 -0500] "GET /forest/skins/gdocs-jar/img/close.gif HTTP/1.1" 200 571
181.60.251.53 - - [20/Oct/2014:08:56:53 -0500] "GET /forest/skins/gdocs-jar/img/spacer.gif HTTP/1.1" 200 43
181.60.251.53 - - [20/Oct/2014:08:56:53 -0500] "GET /forest/skins/gdocs-jar/img/control-double.png HTTP/1.1" 200 21754
181.60.251.53 - - [20/Oct/2014:08:56:53 -0500] "GET /forest/skins/gdocs-jar/img/disk.png HTTP/1.1" 200 22070
181.60.251.53 - - [20/Oct/2014:08:56:53 -0500] "GET /forest/skins/gdocs-jar/img/prev.gif HTTP/1.1" 200 827
181.60.251.53 - - [20/Oct/2014:08:56:53 -0500] "GET /forest/skins/gdocs-jar/img/icons/docx.gif HTTP/1.1" 200 1039
181.60.251.53 - - [20/Oct/2014:08:56:53 -0500] "GET /forest/skins/gdocs-jar/js/tareas.js?version=1408.271930 HTTP/1.1" 200 41387
181.60.251.53 - - [20/Oct/2014:08:56:53 -0500] "GET /forest/skins/gdocs-jar/js/formsBase.js?version=1408.271930 HTTP/1.1" 200 100847
181.60.251.53 - - [20/Oct/2014:08:56:53 -0500] "GET /forest/img/jquery/ui-bg_glass_75_d0e5f5_1x400.png HTTP/1.1" 200 50253
181.60.251.53 - - [20/Oct/2014:08:56:54 -0500] "GET /forest/skins/gdocs-jar/img/green.gif HTTP/1.1" 200 134
181.60.251.53 - - [20/Oct/2014:08:56:54 -0500] "GET /forest/session.jsp?a=0.5587289347313344 HTTP/1.1" 200 4
181.60.251.53 - - [20/Oct/2014:08:56:54 -0500] "GET /forest/skins/gdocs-jar/img/bgPanel.jpg HTTP/1.1" 200 430
201.245.192.253 - - [20/Oct/2014:08:56:56 -0500] "GET /isolucionsda/GlosarioDefinicion.asp?CodGlosario=1891 HTTP/1.1" 200 6708
201.245.192.253 - - [20/Oct/2014:08:56:56 -0500] "GET /isolucionsda/GlosarioDefinicion.asp?CodGlosario=1891 HTTP/1.1" 200 6708
201.245.192.253 - - [20/Oct/2014:08:56:54 -0500] "GET /forest/documentos/1753118/2013EE164355.doc HTTP/1.1" 200 739328
201.245.195.222 - - [20/Oct/2014:08:56:56 -0500] "GET /BLA/boletinlegal/js/jquery.js HTTP/1.1" 200 57254
201.245.195.222 - - [20/Oct/2014:08:56:56 -0500] "GET /BLA/boletinlegal/js/jquery.scrollTo-min.js HTTP/1.1" 200 1150
201.245.195.222 - - [20/Oct/2014:08:56:56 -0500] "GET /BLA/boletinlegal/js/jquery.scrollShow.js HTTP/1.1" 200 4586
181.60.251.53 - - [20/Oct/2014:08:56:59 -0500] "GET /forest/documentos/1937695/2014ER167314.docx HTTP/1.1" 200 223968
201.245.192.253 - - [20/Oct/2014:08:51:07 -0500] "GET /ForestMSG_SDA/channelAsync/template_word_16530620?X-Atmosphere-tracking-id=9173b18d-365e-6928-823b-395c51c0c801&X-Atmosphere-Framework=1.0.5&X-Atmosphere-Transport=long-polling&tabid=0.11965283692133388&X-Cache-Date=0&Content-Type=application/xml&_=1413813188466 HTTP/1.1" 200 8193
66.249.67.75 - - [20/Oct/2014:08:57:12 -0500] "GET /BLA/resoluciones/RESOLUCIONES%202007/RES%202007%201301%20AL%201400/RESOLUCION%201394%20DE%202007.pdf HTTP/1.1" 200 329002
201.244.192.4 - - [20/Oct/2014:08:57:13 -0500] "GET /forest/misactividades.do?group_system_actual=3&codPro=227&_a=0.8591805588763834 HTTP/1.1" 200 36809
201.244.192.4 - - [20/Oct/2014:08:57:14 -0500] "GET /forest/session.jsp?a=0.42378416866995394 HTTP/1.1" 200 4
201.244.192.4 - - [20/Oct/2014:08:57:14 -0500] "POST /forest/misactividades.do?ajax=true&a=0.16463560005649924 HTTP/1.1" 200 2651
201.245.192.253 - - [20/Oct/2014:08:57:17 -0500] "GET /forest/usutareas.do?_a=0.37912441533990204&group_system_actual=3 HTTP/1.1" 200 124868
201.245.192.253 - - [20/Oct/2014:08:57:17 -0500] "GET /forest/session.jsp?a=0.14152096584439278 HTTP/1.1" 200 4
201.245.192.253 - - [20/Oct/2014:08:57:20 -0500] "GET /forest/session.jsp?a=0.297901998885472 HTTP/1.1" 200 4
190.60.124.26 - - [20/Oct/2014:08:57:21 -0500] "GET /videos/Spot_Tinguas.flv HTTP/1.1" 200 2087054
201.245.192.253 - - [20/Oct/2014:08:57:24 -0500] "GET /forest/session.jsp?a=0.6549315910381781 HTTP/1.1" 200 4
201.245.192.253 - - [20/Oct/2014:08:57:31 -0500] "GET /forest/session.jsp?a=0.6161611112538977 HTTP/1.1" 200 4
201.245.192.253 - - [20/Oct/2014:08:57:32 -0500] "GET /forest/borrador/1477982/REQUERIMIENTO%20TALLER%20EL%20CHAMO.docx HTTP/1.1" 200 171569
66.249.67.83 - - [20/Oct/2014:08:57:36 -0500] "GET /BLA/resoluciones/RESOLUCIONES%202011/0357.pdf HTTP/1.1" 200 83611
66.249.67.67 - - [20/Oct/2014:08:57:36 -0500] "GET /BLA/resoluciones/RESOLUCIONES%202013/0098.pdf HTTP/1.1" 304 -
201.245.192.253 - - [20/Oct/2014:08:57:38 -0500] "GET /isolucionsda/GlosarioDefinicion.asp?CodGlosario=1891 HTTP/1.1" 200 205
190.90.27.30 - - [20/Oct/2014:08:57:40 -0500] "GET /BLA/boletinlegal/js/jquery.scrollShow.js HTTP/1.1" 304 -
190.90.27.30 - - [20/Oct/2014:08:57:40 -0500] "GET /BLA/boletinlegal/js/jquery.scrollTo-min.js HTTP/1.1" 304 -
190.90.27.30 - - [20/Oct/2014:08:57:41 -0500] "GET /BLA/boletinlegal/js/jquery.js HTTP/1.1" 304 -
190.110.77.244 - - [20/Oct/2014:08:57:41 -0500] "GET /BLA/boletinlegal/js/jquery.scrollShow.js HTTP/1.1" 200 4586
190.110.77.244 - - [20/Oct/2014:08:57:42 -0500] "GET /BLA/boletinlegal/js/jquery.js HTTP/1.1" 200 57254
37.228.107.158 - - [20/Oct/2014:08:57:42 -0500] "GET /BLA/boletinlegal/js/jquery.js HTTP/1.1" 200 57254
190.110.77.244 - - [20/Oct/2014:08:57:42 -0500] "GET /BLA/boletinlegal/js/jquery.scrollTo-min.js HTTP/1.1" 200 1150
201.244.192.4 - - [20/Oct/2014:08:57:42 -0500] "POST /forms/lservlet;jsessionid=ac16012b30d5f8f9611739634d68a8609ca74b2edc24.e3iSbxaKaheRe34Sa3yKbhiTahb0n6jAmljGr5XDqQLvpAe HTTP/1.1" 200 2
37.228.107.158 - - [20/Oct/2014:08:57:42 -0500] "GET /BLA/boletinlegal/js/jquery.scrollTo-min.js HTTP/1.1" 200 1150
37.228.107.158 - - [20/Oct/2014:08:57:42 -0500] "GET /BLA/boletinlegal/js/jquery.scrollShow.js HTTP/1.1" 200 4586
201.245.192.253 - - [20/Oct/2014:08:57:27 -0500] "POST /forest/buscar.do? HTTP/1.1" 200 16924
201.245.192.253 - - [20/Oct/2014:08:57:57 -0500] "GET /forest/session.jsp?a=0.09863405351935539 HTTP/1.1" 200 4
201.245.192.253 - - [20/Oct/2014:08:57:57 -0500] "GET /galeria/nivo-slider/themes/default/default.css HTTP/1.1" 304 -
181.50.40.31 - - [20/Oct/2014:08:58:00 -0500] "POST /forms/lservlet;jsessionid=ac16012b30d5c67fb1610ab44434add4bcf93af760b5.e3iSbxaKaheRe34Sa3yKbhiTahb0n6jAmljGr5XDqQLvpAe HTTP/1.1" 200 34769
181.50.40.31 - - [20/Oct/2014:08:58:01 -0500] "GET /imagenes/listval.gif HTTP/1.1" 200 905
181.50.40.31 - - [20/Oct/2014:08:58:01 -0500] "GET /imagenes/tree1.gif HTTP/1.1" 200 1161
181.50.40.31 - - [20/Oct/2014:08:58:01 -0500] "GET /imagenes/listval.gif HTTP/1.1" 200 905
181.50.40.31 - - [20/Oct/2014:08:58:01 -0500] "GET /imagenes/CAMERA3.gif HTTP/1.1" 200 4150
181.50.40.31 - - [20/Oct/2014:08:58:01 -0500] "GET /imagenes/SLIDE1.gif HTTP/1.1" 200 1111
181.50.40.31 - - [20/Oct/2014:08:58:01 -0500] "GET /imagenes/flexcomb.gif HTTP/1.1" 200 1169
181.50.40.31 - - [20/Oct/2014:08:58:01 -0500] "GET /imagenes/GO.gif HTTP/1.1" 200 904
181.50.40.31 - - [20/Oct/2014:08:58:01 -0500] "GET /imagenes/HRTOOLS.gif HTTP/1.1" 200 2238
181.50.40.31 - - [20/Oct/2014:08:58:01 -0500] "GET /imagenes/rt_rec1.gif HTTP/1.1" 200 867
181.50.40.31 - - [20/Oct/2014:08:58:01 -0500] "GET /imagenes/apply.gif HTTP/1.1" 200 903
66.249.67.67 - - [20/Oct/2014:08:58:01 -0500] "GET /BLA/resoluciones/RESOLUCIONES%202008/4877.pdf HTTP/1.1" 304 -
181.50.40.31 - - [20/Oct/2014:08:58:01 -0500] "GET /imagenes/exit.gif HTTP/1.1" 200 916
181.50.40.31 - - [20/Oct/2014:08:58:01 -0500] "GET /imagenes/LISTVAL.gif HTTP/1.1" 200 905
181.50.40.31 - - [20/Oct/2014:08:58:01 -0500] "GET /imagenes/edit.gif HTTP/1.1" 200 919
181.50.40.31 - - [20/Oct/2014:08:58:01 -0500] "GET /imagenes/rt_rec4.gif HTTP/1.1" 200 865
181.50.40.31 - - [20/Oct/2014:08:58:01 -0500] "GET /imagenes/rt_rec3.gif HTTP/1.1" 200 844
181.50.40.31 - - [20/Oct/2014:08:58:01 -0500] "GET /imagenes/rt_rec2.gif HTTP/1.1" 200 847
181.50.40.31 - - [20/Oct/2014:08:58:01 -0500] "GET /imagenes/rt_rdel.gif HTTP/1.1" 200 899
181.50.40.31 - - [20/Oct/2014:08:58:01 -0500] "GET /imagenes/rt_radd.gif HTTP/1.1" 200 907
181.50.40.31 - - [20/Oct/2014:08:58:01 -0500] "GET /imagenes/rt_quer3.gif HTTP/1.1" 200 939
181.50.40.31 - - [20/Oct/2014:08:58:01 -0500] "GET /imagenes/rt_quer2.gif HTTP/1.1" 200 936
181.50.40.31 - - [20/Oct/2014:08:58:01 -0500] "GET /imagenes/rt_quer1.gif HTTP/1.1" 200 930
181.50.40.31 - - [20/Oct/2014:08:58:01 -0500] "GET /imagenes/rt_save.gif HTTP/1.1" 200 903
181.50.40.31 - - [20/Oct/2014:08:58:01 -0500] "GET /imagenes/rt_pset.gif HTTP/1.1" 200 914
181.50.40.31 - - [20/Oct/2014:08:58:01 -0500] "GET /imagenes/QUEJA.gif HTTP/1.1" 200 1091
181.50.40.31 - - [20/Oct/2014:08:58:01 -0500] "GET /imagenes/ARBOL.gif HTTP/1.1" 200 1026
181.50.40.31 - - [20/Oct/2014:08:58:02 -0500] "GET /imagenes/Clipboard.gif HTTP/1.1" 200 1466
181.50.40.31 - - [20/Oct/2014:08:58:02 -0500] "GET /imagenes/DINERO.gif HTTP/1.1" 200 1766
181.50.40.31 - - [20/Oct/2014:08:58:02 -0500] "GET /imagenes/URGENTE.gif HTTP/1.1" 200 964
181.50.40.31 - - [20/Oct/2014:08:58:02 -0500] "GET /imagenes/TREE4.gif HTTP/1.1" 200 4150
181.50.40.31 - - [20/Oct/2014:08:58:02 -0500] "POST /forms/lservlet;jsessionid=ac16012b30d5c67fb1610ab44434add4bcf93af760b5.e3iSbxaKaheRe34Sa3yKbhiTahb0n6jAmljGr5XDqQLvpAe HTTP/1.1" 200 7
181.50.40.31 - - [20/Oct/2014:08:58:02 -0500] "POST /forms/lservlet;jsessionid=ac16012b30d5c67fb1610ab44434add4bcf93af760b5.e3iSbxaKaheRe34Sa3yKbhiTahb0n6jAmljGr5XDqQLvpAe HTTP/1.1" 200 34
181.50.40.31 - - [20/Oct/2014:08:58:02 -0500] "POST /forms/lservlet;jsessionid=ac16012b30d5c67fb1610ab44434add4bcf93af760b5.e3iSbxaKaheRe34Sa3yKbhiTahb0n6jAmljGr5XDqQLvpAe HTTP/1.1" 200 2
181.50.40.31 - - [20/Oct/2014:08:58:03 -0500] "POST /forms/lservlet;jsessionid=ac16012b30d5c67fb1610ab44434add4bcf93af760b5.e3iSbxaKaheRe34Sa3yKbhiTahb0n6jAmljGr5XDqQLvpAe HTTP/1.1" 200 647
181.50.40.31 - - [20/Oct/2014:08:58:04 -0500] "POST /forms/lservlet;jsessionid=ac16012b30d5c67fb1610ab44434add4bcf93af760b5.e3iSbxaKaheRe34Sa3yKbhiTahb0n6jAmljGr5XDqQLvpAe HTTP/1.1" 200 41
201.245.192.253 - - [20/Oct/2014:08:58:05 -0500] "GET /forest/skins/gdocs-jar/popup/popup.jsp?width=850&height=380&title=Informaci%F3n%20del%20radicado&uri=/forest/system/document.jsp%3FcodDoc%3D1448669&name=undefined&_a=0.07598548183643439&a=0.878151551561853 HTTP/1.1" 200 1194
201.245.192.253 - - [20/Oct/2014:08:58:05 -0500] "GET /forest/system/document.jsp?codDoc=1448669 HTTP/1.1" 200 16696
201.245.192.253 - - [20/Oct/2014:08:58:05 -0500] "GET /forest/system/document.jsp?codDoc=1448669 HTTP/1.1" 200 16696
201.245.192.253 - - [20/Oct/2014:08:58:07 -0500] "GET /forest/documentos/1448669/2012EE024908.doc HTTP/1.1" 200 845312
190.242.127.106 - - [20/Oct/2014:08:58:09 -0500] "GET /BLA/boletinlegal/js/jquery.scrollTo-min.js HTTP/1.1" 200 1150
190.242.127.106 - - [20/Oct/2014:08:58:09 -0500] "GET /BLA/boletinlegal/js/jquery.scrollShow.js HTTP/1.1" 200 4586
190.242.127.106 - - [20/Oct/2014:08:58:09 -0500] "GET /BLA/boletinlegal/js/jquery.js HTTP/1.1" 200 57254
181.50.40.31 - - [20/Oct/2014:08:58:12 -0500] "POST /forms/lservlet;jsessionid=ac16012b30d5c67fb1610ab44434add4bcf93af760b5.e3iSbxaKaheRe34Sa3yKbhiTahb0n6jAmljGr5XDqQLvpAe HTTP/1.1" 200 24
181.50.40.31 - - [20/Oct/2014:08:58:12 -0500] "POST /forms/lservlet;jsessionid=ac16012b30d5c67fb1610ab44434add4bcf93af760b5.e3iSbxaKaheRe34Sa3yKbhiTahb0n6jAmljGr5XDqQLvpAe HTTP/1.1" 200 4223
181.50.40.31 - - [20/Oct/2014:08:58:13 -0500] "POST /forms/lservlet;jsessionid=ac16012b30d5c67fb1610ab44434add4bcf93af760b5.e3iSbxaKaheRe34Sa3yKbhiTahb0n6jAmljGr5XDqQLvpAe HTTP/1.1" 200 10
181.50.40.31 - - [20/Oct/2014:08:58:15 -0500] "POST /forms/lservlet;jsessionid=ac16012b30d5c67fb1610ab44434add4bcf93af760b5.e3iSbxaKaheRe34Sa3yKbhiTahb0n6jAmljGr5XDqQLvpAe HTTP/1.1" 200 2
181.50.40.31 - - [20/Oct/2014:08:58:18 -0500] "POST /forms/lservlet;jsessionid=ac16012b30d5c67fb1610ab44434add4bcf93af760b5.e3iSbxaKaheRe34Sa3yKbhiTahb0n6jAmljGr5XDqQLvpAe HTTP/1.1" 200 2
181.50.40.31 - - [20/Oct/2014:08:58:18 -0500] "POST /forms/lservlet;jsessionid=ac16012b30d5c67fb1610ab44434add4bcf93af760b5.e3iSbxaKaheRe34Sa3yKbhiTahb0n6jAmljGr5XDqQLvpAe HTTP/1.1" 200 14
181.50.40.31 - - [20/Oct/2014:08:58:19 -0500] "POST /forms/lservlet;jsessionid=ac16012b30d5c67fb1610ab44434add4bcf93af760b5.e3iSbxaKaheRe34Sa3yKbhiTahb0n6jAmljGr5XDqQLvpAe HTTP/1.1" 200 14
190.24.144.4 - - [20/Oct/2014:08:58:21 -0500] "GET /BLA/boletinlegal/js/jquery.js HTTP/1.1" 200 57254
190.24.144.4 - - [20/Oct/2014:08:58:21 -0500] "GET /BLA/boletinlegal/js/jquery.scrollTo-min.js HTTP/1.1" 200 1150
190.24.144.4 - - [20/Oct/2014:08:58:21 -0500] "GET /BLA/boletinlegal/js/jquery.scrollShow.js HTTP/1.1" 200 4586
181.50.40.31 - - [20/Oct/2014:08:58:20 -0500] "POST /forms/lservlet;jsessionid=ac16012b30d5c67fb1610ab44434add4bcf93af760b5.e3iSbxaKaheRe34Sa3yKbhiTahb0n6jAmljGr5XDqQLvpAe HTTP/1.1" 200 14
181.50.40.31 - - [20/Oct/2014:08:58:22 -0500] "POST /forms/lservlet;jsessionid=ac16012b30d5c67fb1610ab44434add4bcf93af760b5.e3iSbxaKaheRe34Sa3yKbhiTahb0n6jAmljGr5XDqQLvpAe HTTP/1.1" 200 14
181.50.40.31 - - [20/Oct/2014:08:58:23 -0500] "POST /forms/lservlet;jsessionid=ac16012b30d5c67fb1610ab44434add4bcf93af760b5.e3iSbxaKaheRe34Sa3yKbhiTahb0n6jAmljGr5XDqQLvpAe HTTP/1.1" 200 15
66.249.67.75 - - [20/Oct/2014:08:58:26 -0500] "GET /BLA/resoluciones/AUTOS%202012/2184.pdf HTTP/1.1" 304 -
181.50.40.31 - - [20/Oct/2014:08:58:26 -0500] "POST /forms/lservlet;jsessionid=ac16012b30d5c67fb1610ab44434add4bcf93af760b5.e3iSbxaKaheRe34Sa3yKbhiTahb0n6jAmljGr5XDqQLvpAe HTTP/1.1" 200 15
201.245.192.253 - - [20/Oct/2014:08:55:27 -0500] "GET /ForestMSG_SDA/channelAsync/template_word_16603805?X-Atmosphere-tracking-id=53d2f040-2c2d-1165-6bb3-3df824c237e3&X-Atmosphere-Framework=1.0.5&X-Atmosphere-Transport=long-polling&tabid=0.9420462353245521&X-Cache-Date=0&Content-Type=application/xml&_=1413813487581 HTTP/1.1" 200 8193
201.245.192.253 - - [20/Oct/2014:08:52:28 -0500] "GET /ForestMSG_SDA/channelAsync/template_word_16611682?X-Atmosphere-tracking-id=a852124a-a37a-05de-f9bc-75031479fcbf&X-Atmosphere-Framework=1.0.5&X-Atmosphere-Transport=long-polling&tabid=0.8338928262802063&X-Cache-Date=0&Content-Type=application/xml&_=1413813269238 HTTP/1.1" 200 8193
181.50.40.31 - - [20/Oct/2014:08:58:30 -0500] "POST /forms/lservlet;jsessionid=ac16012b30d5c67fb1610ab44434add4bcf93af760b5.e3iSbxaKaheRe34Sa3yKbhiTahb0n6jAmljGr5XDqQLvpAe HTTP/1.1" 200 15
201.245.192.253 - - [20/Oct/2014:08:58:37 -0500] "GET /forest/session.jsp?a=0.02672837325371802 HTTP/1.1" 200 4
181.50.40.31 - - [20/Oct/2014:08:58:38 -0500] "POST /forms/lservlet;jsessionid=ac16012b30d5c67fb1610ab44434add4bcf93af760b5.e3iSbxaKaheRe34Sa3yKbhiTahb0n6jAmljGr5XDqQLvpAe HTTP/1.1" 200 15
66.249.67.67 - - [20/Oct/2014:08:58:44 -0500] "GET /BLA/resoluciones/AUTOS%202009/0975.pdf HTTP/1.1" 200 114014
181.50.40.31 - - [20/Oct/2014:08:58:47 -0500] "POST /forms/lservlet;jsessionid=ac16012b30d5c67fb1610ab44434add4bcf93af760b5.e3iSbxaKaheRe34Sa3yKbhiTahb0n6jAmljGr5XDqQLvpAe HTTP/1.1" 200 15
201.245.192.253 - - [20/Oct/2014:08:55:56 -0500] "GET /ForestMSG_SDA/channelAsync/template_word_16659890?X-Atmosphere-tracking-id=b09ecaef-d6f4-b2ed-f488-15cf0ba3db58&X-Atmosphere-Framework=1.0.5&X-Atmosphere-Transport=long-polling&tabid=0.6326774421108682&X-Cache-Date=0&Content-Type=application/xml&_=1413813477505 HTTP/1.1" 200 8193
181.50.40.31 - - [20/Oct/2014:08:58:56 -0500] "POST /forms/lservlet;jsessionid=ac16012b30d5c67fb1610ab44434add4bcf93af760b5.e3iSbxaKaheRe34Sa3yKbhiTahb0n6jAmljGr5XDqQLvpAe HTTP/1.1" 200 15
201.245.192.253 - - [20/Oct/2014:08:58:57 -0500] "GET /isolucionsda/FrameSetGlosario.asp?Termino=CALIBRACI%D3N+CERO HTTP/1.1" 200 6381
201.245.192.253 - - [20/Oct/2014:08:58:57 -0500] "GET /isolucionsda/GlosarioRelacionado.asp?CodGlosario=1891&Termino=GlosarioDefinicion.asp?CodGlosario=1891 HTTP/1.1" 200 205
201.245.192.253 - - [20/Oct/2014:08:58:58 -0500] "GET /isolucionsda/GlosarioRelacionado.asp?CodGlosario=1891&Termino=GlosarioDefinicion.asp?CodGlosario=1891 HTTP/1.1" 200 6310
201.245.192.253 - - [20/Oct/2014:08:59:00 -0500] "GET /isolucionsda/GlosarioDefinicion.asp?CodGlosario=1891 HTTP/1.1" 200 205
201.245.192.253 - - [20/Oct/2014:08:59:00 -0500] "GET /isolucionsda/GlosarioDefinicion.asp?CodGlosario=1891 HTTP/1.1" 200 6708
181.50.40.31 - - [20/Oct/2014:08:59:05 -0500] "POST /forms/lservlet;jsessionid=ac16012b30d5c67fb1610ab44434add4bcf93af760b5.e3iSbxaKaheRe34Sa3yKbhiTahb0n6jAmljGr5XDqQLvpAe HTTP/1.1" 200 15
201.245.192.253 - - [20/Oct/2014:08:59:07 -0500] "GET /forest/skins/gdocs-jar/popup/popup.jsp?width=1100&height=500&title=Buscar%20documentos&uri=/forest/buscar.do%3Ftype%3Ddocumentos&name=undefined&_a=0.9448739732807957&a=0.4642104756395795 HTTP/1.1" 200 1179
201.245.192.253 - - [20/Oct/2014:08:59:07 -0500] "GET /forest/buscar.do?type=documentos HTTP/1.1" 200 90024
201.245.192.253 - - [20/Oct/2014:08:59:07 -0500] "GET /forest/buscar.do?type=documentos HTTP/1.1" 200 96529
201.245.192.253 - - [20/Oct/2014:08:59:07 -0500] "GET /forest/css/autocomplete.css?version=1408.271930 HTTP/1.1" 304 -
201.245.192.253 - - [20/Oct/2014:08:59:07 -0500] "GET /forest/js/load_func.js?version=1408.271930 HTTP/1.1" 304 -
201.245.192.253 - - [20/Oct/2014:08:59:07 -0500] "GET /forest/js/dialog.js?version=1408.271930 HTTP/1.1" 304 -
201.245.192.253 - - [20/Oct/2014:08:59:07 -0500] "GET /forest/js/sarissa.js?version=1408.271930 HTTP/1.1" 304 -
201.245.192.253 - - [20/Oct/2014:08:59:07 -0500] "GET /forest/js/escritorio/escritorio.js?version=1408.271930 HTTP/1.1" 304 -
201.245.192.253 - - [20/Oct/2014:08:59:07 -0500] "GET /forest/js/autocompletar2.js?version=1408.271930 HTTP/1.1" 304 -
201.245.192.253 - - [20/Oct/2014:08:59:07 -0500] "GET /forest/1ibre/protoaculous.js?version=1408.271930 HTTP/1.1" 304 -
201.245.192.253 - - [20/Oct/2014:08:59:07 -0500] "GET /forest/1ibre/jscalendar/calendar.js?version=1408.271930 HTTP/1.1" 304 -
201.245.192.253 - - [20/Oct/2014:08:59:07 -0500] "GET /forest/1ibre/jscalendar/lang/calendar-es.js?version=1408.271930 HTTP/1.1" 304 -
201.245.192.253 - - [20/Oct/2014:08:59:07 -0500] "GET /forest/1ibre/1ibre.js?version=1408.271930 HTTP/1.1" 304 -
201.245.192.253 - - [20/Oct/2014:08:59:07 -0500] "GET /forest/1ibre/jscalendar/calendar-setup.js?version=1408.271930 HTTP/1.1" 304 -
201.245.192.253 - - [20/Oct/2014:08:59:08 -0500] "GET /forest/json.do?query=usersByDep&coddep=81 HTTP/1.1" 200 3238
201.245.192.253 - - [20/Oct/2014:08:59:08 -0500] "GET /forest/json.do?query=usersByDep&coddep=81 HTTP/1.1" 200 3238
180.76.6.44 - - [20/Oct/2014:08:59:09 -0500] "GET /BLA/resoluciones/AUTOS%202007/1799.pdf HTTP/1.1" 200 32106
190.144.88.98 - - [20/Oct/2014:08:59:11 -0500] "GET /galeria/nivo-slider/demo/demo.html HTTP/1.0" 200 3648
201.245.192.253 - - [20/Oct/2014:08:59:11 -0500] "GET /forest/xmlresponse.do?lista=searchTerceroByName&xmlret=1&todos=false&_a=0.4201563573071623&partNomTer=SI HTTP/1.1" 200 2410
190.144.88.98 - - [20/Oct/2014:08:59:11 -0500] "GET /galeria/nivo-slider/themes/default/default.css HTTP/1.0" 304 -
190.144.88.98 - - [20/Oct/2014:08:59:11 -0500] "GET /galeria/nivo-slider/demo/images/banner-aceite3.jpg HTTP/1.0" 200 88347
201.245.192.253 - - [20/Oct/2014:08:59:12 -0500] "GET /forest/xmlresponse.do?lista=searchTerceroByName&xmlret=1&todos=false&_a=0.4201563573071623&partNomTer=SIG HTTP/1.1" 200 2551
190.144.88.98 - - [20/Oct/2014:08:59:12 -0500] "GET /galeria/nivo-slider/demo/images/mesTIC.jpg HTTP/1.0" 200 180719
190.144.88.98 - - [20/Oct/2014:08:59:12 -0500] "GET /galeria/nivo-slider/demo/images/banner-redes.jpg HTTP/1.0" 200 62209
190.144.88.98 - - [20/Oct/2014:08:59:12 -0500] "GET /galeria/nivo-slider/demo/images/ConstructorasFNL.jpg HTTP/1.0" 304 -
190.144.88.98 - - [20/Oct/2014:08:59:12 -0500] "GET /galeria/nivo-slider/demo/images/Banner-Caracol-Africano.jpg HTTP/1.0" 304 -
190.144.88.98 - - [20/Oct/2014:08:59:12 -0500] "GET /galeria/nivo-slider/demo/images/EncuentroAgua1.jpg HTTP/1.0" 304 -
190.144.88.98 - - [20/Oct/2014:08:59:12 -0500] "GET /galeria/nivo-slider/demo/images/Hacienda_Molinos.jpg HTTP/1.0" 304 -
190.144.88.98 - - [20/Oct/2014:08:59:12 -0500] "GET /galeria/nivo-slider/demo/images/bannerEcolecta3.jpg HTTP/1.0" 304 -
201.245.192.253 - - [20/Oct/2014:08:59:12 -0500] "GET /forest/xmlresponse.do?lista=searchTerceroByName&xmlret=1&todos=false&_a=0.4201563573071623&partNomTer=SIGN HTTP/1.1" 200 2449
190.144.88.98 - - [20/Oct/2014:08:59:13 -0500] "GET /videos/Spot_Tinguas.flv HTTP/1.0" 304 -
201.245.192.253 - - [20/Oct/2014:08:59:13 -0500] "GET /forest/xmlresponse.do?lista=searchTerceroByName&xmlret=1&todos=false&_a=0.4201563573071623&partNomTer=SIGN%20PR HTTP/1.1" 200 449
201.245.192.253 - - [20/Oct/2014:08:59:14 -0500] "GET /forest/documentos/1937447/2014ER167066.pdf HTTP/1.1" 200 97778
190.144.88.98 - - [20/Oct/2014:08:59:15 -0500] "GET /galeria/nivo-slider/demo/images/Tingua-azul.jpg HTTP/1.0" 304 -
181.50.40.31 - - [20/Oct/2014:08:59:14 -0500] "POST /forms/lservlet;jsessionid=ac16012b30d5c67fb1610ab44434add4bcf93af760b5.e3iSbxaKaheRe34Sa3yKbhiTahb0n6jAmljGr5XDqQLvpAe HTTP/1.1" 200 15
66.249.67.83 - - [20/Oct/2014:08:59:16 -0500] "GET /BLA/resoluciones/AUTOS%202013/1122.pdf HTTP/1.1" 304 -
201.245.192.253 - - [20/Oct/2014:08:59:21 -0500] "GET /isolucionsda/FramesetArticulo.asp?Pagina=bancoconocimiento%2FM%2FMonitoreoyrevisionrutinariadelaoperaciondelanalizadordeMonoxidodeCarbonoCO%5Fv2%2FMonitoreoyrevisionrutinariadelaoperaciondelanalizadordeMonoxidodeCarbonoCO%5Fv2%2Easp&IdArticulo=7577 HTTP/1.1" 200 7573
201.245.192.253 - - [20/Oct/2014:08:59:21 -0500] "GET /isolucionsda/bancoconocimiento/M/MonitoreoyrevisionrutinariadelaoperaciondelanalizadordeMonoxidodeCarbonoCO_v2/MonitoreoyrevisionrutinariadelaoperaciondelanalizadordeMonoxidodeCarbonoCO_v2.asp?IdArticulo=7577 HTTP/1.1" 200 205
201.245.192.253 - - [20/Oct/2014:08:59:21 -0500] "GET /isolucionsda/Arriba.asp?Pagina=bancoconocimiento%2FM%2FMonitoreoyrevisionrutinariadelaoperaciondelanalizadordeMonoxidodeCarbonoCO%5Fv2%2FMonitoreoyrevisionrutinariadelaoperaciondelanalizadordeMonoxidodeCarbonoCO%5Fv2%2Easp&IdArticulo=7577 HTTP/1.1" 200 10644
201.245.192.253 - - [20/Oct/2014:08:59:21 -0500] "GET /isolucionsda/bancoconocimiento/M/MonitoreoyrevisionrutinariadelaoperaciondelanalizadordeMonoxidodeCarbonoCO_v2/MonitoreoyrevisionrutinariadelaoperaciondelanalizadordeMonoxidodeCarbonoCO_v2.asp?IdArticulo=7577 HTTP/1.1" 200 49529
201.245.192.253 - - [20/Oct/2014:08:59:22 -0500] "GET /isolucionsda/g/vacio1x1.gif HTTP/1.1" 404 5195
181.50.40.31 - - [20/Oct/2014:08:59:23 -0500] "POST /forms/lservlet;jsessionid=ac16012b30d5c67fb1610ab44434add4bcf93af760b5.e3iSbxaKaheRe34Sa3yKbhiTahb0n6jAmljGr5XDqQLvpAe HTTP/1.1" 200 2995
181.50.40.31 - - [20/Oct/2014:08:59:23 -0500] "POST /forms/lservlet;jsessionid=ac16012b30d5c67fb1610ab44434add4bcf93af760b5.e3iSbxaKaheRe34Sa3yKbhiTahb0n6jAmljGr5XDqQLvpAe HTTP/1.1" 200 2
181.60.251.53 - - [20/Oct/2014:08:59:25 -0500] "GET /forest/session.jsp?a=0.14137041615322232 HTTP/1.1" 200 4
188.165.15.127 - - [20/Oct/2014:08:59:25 -0500] "GET /BLA/resoluciones/RESOLUCIONES%202002/RES%202002%20651-700/00000692.tif HTTP/1.1" 200 89900
181.60.251.53 - - [20/Oct/2014:08:59:27 -0500] "GET /forest/usutareas.do?group_system_actual=3&codTraEsc=16717763&_a=0.43865992886737826 HTTP/1.1" 200 103163
181.60.251.53 - - [20/Oct/2014:08:59:27 -0500] "GET /forest/session.jsp?a=0.4427111141849309 HTTP/1.1" 200 4
201.245.192.253 - - [20/Oct/2014:08:59:27 -0500] "GET /forest/skins/gdocs-jar/popup/escritorio/radicar.jsp?form=CORRESPONDENCIA_RADICACION_RESPUESTA&codTpl=&codBorr=488475&a=0.026101133320480585 HTTP/1.1" 200 26558
201.245.192.253 - - [20/Oct/2014:08:59:28 -0500] "GET /forest/json.do?query=borradoresByTplsRadicar&codInst=2948398&codTare=703&firma=0&a=0.8282506824471056 HTTP/1.1" 200 209
201.245.192.253 - - [20/Oct/2014:08:59:28 -0500] "GET /forest/json.do?query=plantillasByTarea&codTare=703&codInst=2948398&firma=0&a=0.565991198644042 HTTP/1.1" 200 1022
201.245.192.253 - - [20/Oct/2014:08:59:28 -0500] "GET /forest/json.do?query=terceroById&numTer=899999061-9%20SDA&a=0.36527326866053045 HTTP/1.1" 200 662
201.245.192.253 - - [20/Oct/2014:08:59:29 -0500] "GET /forest/json.do?query=datosBorradorByCodTraBorr&codTraBorr=1477982&a=0.6431888807564974 HTTP/1.1" 200 180
201.245.192.253 - - [20/Oct/2014:08:59:29 -0500] "GET /forest/json.do?query=adjuntosByBorrador&codTraBorr=1477982&a=0.08487840322777629 HTTP/1.1" 200 2
201.245.192.253 - - [20/Oct/2014:08:59:29 -0500] "GET /forest/json.do?query=ultimoBorradorByTpl&codTpl=621&codInst=2948398&a=0.9976188431028277 HTTP/1.1" 200 2
201.245.192.253 - - [20/Oct/2014:08:59:29 -0500] "GET /forest/json.do?query=ultimoBorradorByTpl&codTpl=1201&codInst=2948398&a=0.248313729185611 HTTP/1.1" 200 2
201.245.192.253 - - [20/Oct/2014:08:59:29 -0500] "GET /forest/json.do?query=ultimoBorradorByTpl&codTpl=641&codInst=2948398&a=0.5787194583099335 HTTP/1.1" 200 20
201.245.192.253 - - [20/Oct/2014:08:59:29 -0500] "GET /forest/json.do?query=ultimoBorradorByTpl&codTpl=901&codInst=2948398&a=0.7426620051264763 HTTP/1.1" 200 2
201.245.192.253 - - [20/Oct/2014:08:59:29 -0500] "GET /forest/json.do?query=ultimoBorradorByTpl&codTpl=501&codInst=2948398&a=0.7970847059041262 HTTP/1.1" 200 2
201.245.192.253 - - [20/Oct/2014:08:59:29 -0500] "GET /forest/json.do?query=ultimoBorradorByTpl&codTpl=1301&codInst=2948398&a=0.12865600362420082 HTTP/1.1" 200 2
201.245.192.253 - - [20/Oct/2014:08:59:29 -0500] "GET /forest/json.do?query=ultimoBorradorByTpl&codTpl=601&codInst=2948398&a=0.9861511825583875 HTTP/1.1" 200 2
201.245.192.253 - - [20/Oct/2014:08:59:32 -0500] "GET /isolucionsda/FrameSetArticulo.asp?Pagina=/isolucionsda/bancoconocimiento/L/Ley1437del18deEnerode2011/Ley1437del18deEnerode2011.asp?IdArticulo=6483 HTTP/1.1" 200 7205
201.245.192.253 - - [20/Oct/2014:08:59:32 -0500] "GET /isolucionsda/Arriba.asp?Pagina=/isolucionsda/bancoconocimiento/L/Ley1437del18deEnerode2011/Ley1437del18deEnerode2011.asp?IdArticulo=6483 HTTP/1.1" 200 9805
201.245.192.253 - - [20/Oct/2014:08:59:32 -0500] "GET /isolucionsda/bancoconocimiento/L/Ley1437del18deEnerode2011/Ley1437del18deEnerode2011.asp?IdArticulo=6483 HTTP/1.1" 302 172
181.60.251.53 - - [20/Oct/2014:08:59:30 -0500] "GET /forest/documentos/1937695/2014ER167314.docx HTTP/1.1" 200 223968
201.245.192.253 - - [20/Oct/2014:08:53:33 -0500] "GET /ForestMSG_SDA/channelAsync/template_word_16716400?X-Atmosphere-tracking-id=7394fe6c-7b25-32f5-642b-ef805b6d2214&X-Atmosphere-Framework=1.0.5&X-Atmosphere-Transport=long-polling&tabid=0.5512198645155877&X-Cache-Date=0&Content-Type=application/xml&_=1413813371297 HTTP/1.1" 200 8193
66.249.67.67 - - [20/Oct/2014:08:59:34 -0500] "GET /BLA/resoluciones/index.php?dir=RESOLUCIONES+2006%2FRES+2006+901-950%2F HTTP/1.1" 200 12239
201.245.192.253 - - [20/Oct/2014:08:59:35 -0500] "GET /forest/json.do?query=terceroById&numTer=899999061-9%20SDA&a=0.863801924046129 HTTP/1.1" 200 662
201.245.192.253 - - [20/Oct/2014:08:59:35 -0500] "GET /isolucionsda/FrameSetArticulo.asp?Pagina=/isolucionsda/bancoconocimiento/L/Ley1564del12dejuliode2012/Ley1564del12dejuliode2012.asp?IdArticulo=6494 HTTP/1.1" 200 7205
201.245.192.253 - - [20/Oct/2014:08:59:35 -0500] "GET /isolucionsda/Arriba.asp?Pagina=/isolucionsda/bancoconocimiento/L/Ley1564del12dejuliode2012/Ley1564del12dejuliode2012.asp?IdArticulo=6494 HTTP/1.1" 200 9805
201.245.192.253 - - [20/Oct/2014:08:59:35 -0500] "GET /isolucionsda/bancoconocimiento/L/Ley1564del12dejuliode2012/Ley1564del12dejuliode2012.asp?IdArticulo=6494 HTTP/1.1" 302 172
201.245.192.253 - - [20/Oct/2014:08:59:35 -0500] "GET /forest/json.do?query=medEnvsByClaDoc&claDoc=2&a=0.49324808875098825 HTTP/1.1" 200 74
201.245.192.253 - - [20/Oct/2014:08:59:37 -0500] "GET /isolucionsda/FrameSetArticulo.asp?Pagina=/isolucionsda/bancoconocimiento/D/Decreto1600del27deJuliode1994/Decreto1600del27deJuliode1994.asp?IdArticulo=6320 HTTP/1.1" 200 7237
201.245.192.253 - - [20/Oct/2014:08:59:37 -0500] "GET /forest/actions/forms.getList?codForm=Correspondencia_Revisar_Aprobar&id=funcionariofirma&text=man HTTP/1.1" 200 1295
201.245.192.253 - - [20/Oct/2014:08:59:37 -0500] "GET /forest/actions/forms.getList?codForm=Correspondencia_Revisar_Aprobar&id=funcionariofirma&text=ma HTTP/1.1" 200 1226
201.245.192.253 - - [20/Oct/2014:08:59:37 -0500] "GET /isolucionsda/Arriba.asp?Pagina=/isolucionsda/bancoconocimiento/D/Decreto1600del27deJuliode1994/Decreto1600del27deJuliode1994.asp?IdArticulo=6320 HTTP/1.1" 200 9815
201.245.192.253 - - [20/Oct/2014:08:59:37 -0500] "GET /isolucionsda/bancoconocimiento/D/Decreto1600del27deJuliode1994/Decreto1600del27deJuliode1994.asp?IdArticulo=6320 HTTP/1.1" 302 176
201.245.192.253 - - [20/Oct/2014:08:59:38 -0500] "GET /forest/actions/forms.getList?codForm=Correspondencia_Revisar_Aprobar&id=funcionariofirma&text=manr HTTP/1.1" 200 134
201.245.192.253 - - [20/Oct/2014:08:59:38 -0500] "GET /forest/actions/forms.getList?codForm=Correspondencia_Revisar_Aprobar&id=funcionariofirma&text=manri HTTP/1.1" 200 134
201.245.192.253 - - [20/Oct/2014:08:59:38 -0500] "GET /forest/json.do?query=tipoFirmaTipDoc&idtido=5315&a=0.2218918225262314 HTTP/1.1" 200 21
201.245.192.253 - - [20/Oct/2014:08:59:38 -0500] "GET /forest/actions/forms.getList?codForm=Correspondencia_Revisar_Aprobar&id=funcionariofirma&text=manriq HTTP/1.1" 200 134
201.245.192.253 - - [20/Oct/2014:08:59:38 -0500] "GET /forest/actions/forms.getList?codForm=Correspondencia_Revisar_Aprobar&id=funcionariofirma&text=manriqu HTTP/1.1" 200 134
201.245.192.253 - - [20/Oct/2014:08:59:38 -0500] "GET /forest/actions/forms.getList?codForm=Correspondencia_Revisar_Aprobar&id=funcionariofirma&text=manrique HTTP/1.1" 200 134
181.50.40.31 - - [20/Oct/2014:08:59:39 -0500] "POST /forms/lservlet;jsessionid=ac16012b30d5c67fb1610ab44434add4bcf93af760b5.e3iSbxaKaheRe34Sa3yKbhiTahb0n6jAmljGr5XDqQLvpAe HTTP/1.1" 200 2
181.50.40.31 - - [20/Oct/2014:08:59:39 -0500] "POST /forms/lservlet;jsessionid=ac16012b30d5c67fb1610ab44434add4bcf93af760b5.e3iSbxaKaheRe34Sa3yKbhiTahb0n6jAmljGr5XDqQLvpAe HTTP/1.1" 200 3242
181.50.40.31 - - [20/Oct/2014:08:59:39 -0500] "POST /forms/lservlet;jsessionid=ac16012b30d5c67fb1610ab44434add4bcf93af760b5.e3iSbxaKaheRe34Sa3yKbhiTahb0n6jAmljGr5XDqQLvpAe HTTP/1.1" 200 2
201.245.192.253 - - [20/Oct/2014:08:59:40 -0500] "GET /forest/actions/forms.getList?codForm=Correspondencia_Revisar_Aprobar&id=funcionariofirma&text=m HTTP/1.1" 200 1262
201.245.192.253 - - [20/Oct/2014:08:59:40 -0500] "GET /isolucionsda/FrameSetArticulo.asp?Pagina=/isolucionsda/BancoConocimiento/D/Decreto2570deagosto1de2006/Decreto2570deagosto1de2006.asp?IdArticulo=571 HTTP/1.1" 200 7209
201.245.192.253 - - [20/Oct/2014:08:59:40 -0500] "GET /isolucionsda/Arriba.asp?Pagina=/isolucionsda/BancoConocimiento/D/Decreto2570deagosto1de2006/Decreto2570deagosto1de2006.asp?IdArticulo=571 HTTP/1.1" 200 9803
181.50.40.31 - - [20/Oct/2014:08:59:40 -0500] "POST /forms/lservlet;jsessionid=ac16012b30d5c67fb1610ab44434add4bcf93af760b5.e3iSbxaKaheRe34Sa3yKbhiTahb0n6jAmljGr5XDqQLvpAe HTTP/1.1" 200 2
181.50.40.31 - - [20/Oct/2014:08:59:40 -0500] "POST /forms/lservlet;jsessionid=ac16012b30d5c67fb1610ab44434add4bcf93af760b5.e3iSbxaKaheRe34Sa3yKbhiTahb0n6jAmljGr5XDqQLvpAe HTTP/1.1" 200 2933
201.245.192.253 - - [20/Oct/2014:08:59:40 -0500] "GET /isolucionsda/BancoConocimiento/D/Decreto2570deagosto1de2006/Decreto2570deagosto1de2006.asp?IdArticulo=571 HTTP/1.1" 302 152
181.50.40.31 - - [20/Oct/2014:08:59:41 -0500] "POST /forms/lservlet;jsessionid=ac16012b30d5c67fb1610ab44434add4bcf93af760b5.e3iSbxaKaheRe34Sa3yKbhiTahb0n6jAmljGr5XDqQLvpAe HTTP/1.1" 200 2
181.50.40.31 - - [20/Oct/2014:08:59:41 -0500] "POST /forms/lservlet;jsessionid=ac16012b30d5c67fb1610ab44434add4bcf93af760b5.e3iSbxaKaheRe34Sa3yKbhiTahb0n6jAmljGr5XDqQLvpAe HTTP/1.1" 200 2
181.50.40.31 - - [20/Oct/2014:08:59:41 -0500] "POST /forms/lservlet;jsessionid=ac16012b30d5c67fb1610ab44434add4bcf93af760b5.e3iSbxaKaheRe34Sa3yKbhiTahb0n6jAmljGr5XDqQLvpAe HTTP/1.1" 200 2672
181.50.40.31 - - [20/Oct/2014:08:59:42 -0500] "POST /forms/lservlet;jsessionid=ac16012b30d5c67fb1610ab44434add4bcf93af760b5.e3iSbxaKaheRe34Sa3yKbhiTahb0n6jAmljGr5XDqQLvpAe HTTP/1.1" 200 2
201.244.192.4 - - [20/Oct/2014:08:59:42 -0500] "POST /forms/lservlet;jsessionid=ac16012b30d5f8f9611739634d68a8609ca74b2edc24.e3iSbxaKaheRe34Sa3yKbhiTahb0n6jAmljGr5XDqQLvpAe HTTP/1.1" 200 2
181.60.251.53 - - [20/Oct/2014:08:59:42 -0500] "GET /forest/session.jsp?a=0.9973291119094938 HTTP/1.1" 200 4
181.50.40.31 - - [20/Oct/2014:08:59:43 -0500] "POST /forms/lservlet;jsessionid=ac16012b30d5c67fb1610ab44434add4bcf93af760b5.e3iSbxaKaheRe34Sa3yKbhiTahb0n6jAmljGr5XDqQLvpAe HTTP/1.1" 200 2
181.50.40.31 - - [20/Oct/2014:08:59:43 -0500] "POST /forms/lservlet;jsessionid=ac16012b30d5c67fb1610ab44434add4bcf93af760b5.e3iSbxaKaheRe34Sa3yKbhiTahb0n6jAmljGr5XDqQLvpAe HTTP/1.1" 200 2684
181.50.40.31 - - [20/Oct/2014:08:59:43 -0500] "POST /forms/lservlet;jsessionid=ac16012b30d5c67fb1610ab44434add4bcf93af760b5.e3iSbxaKaheRe34Sa3yKbhiTahb0n6jAmljGr5XDqQLvpAe HTTP/1.1" 200 2
181.50.40.31 - - [20/Oct/2014:08:59:44 -0500] "POST /forms/lservlet;jsessionid=ac16012b30d5c67fb1610ab44434add4bcf93af760b5.e3iSbxaKaheRe34Sa3yKbhiTahb0n6jAmljGr5XDqQLvpAe HTTP/1.1" 200 2
181.50.40.31 - - [20/Oct/2014:08:59:44 -0500] "POST /forms/lservlet;jsessionid=ac16012b30d5c67fb1610ab44434add4bcf93af760b5.e3iSbxaKaheRe34Sa3yKbhiTahb0n6jAmljGr5XDqQLvpAe HTTP/1.1" 200 2563
181.50.40.31 - - [20/Oct/2014:08:59:44 -0500] "POST /forms/lservlet;jsessionid=ac16012b30d5c67fb1610ab44434add4bcf93af760b5.e3iSbxaKaheRe34Sa3yKbhiTahb0n6jAmljGr5XDqQLvpAe HTTP/1.1" 200 2
201.245.192.253 - - [20/Oct/2014:08:59:44 -0500] "GET /forest/actions/manager.fechaSumaDias?fecha=2014-10-20&dias=30&habil=false&a=0.5151688973419368 HTTP/1.1" 200 12
201.245.192.253 - - [20/Oct/2014:08:59:45 -0500] "GET /isolucionsda/FrameSetArticulo.asp?Pagina=/isolucionsda/BancoConocimiento/D/Decreto2570deagosto1de2006/Decreto2570deagosto1de2006.asp?IdArticulo=571 HTTP/1.1" 200 7209
181.60.251.53 - - [20/Oct/2014:08:59:44 -0500] "GET /forest/usutareas.do?group_system_actual=3&codTraEsc=16708012&_a=0.7023193188060645 HTTP/1.1" 200 102991
181.50.40.31 - - [20/Oct/2014:08:59:45 -0500] "POST /forms/lservlet;jsessionid=ac16012b30d5c67fb1610ab44434add4bcf93af760b5.e3iSbxaKaheRe34Sa3yKbhiTahb0n6jAmljGr5XDqQLvpAe HTTP/1.1" 200 2
181.60.251.53 - - [20/Oct/2014:08:59:45 -0500] "GET /forest/skins/gdocs-jar/img/icons/pdf.gif HTTP/1.1" 200 230
201.245.192.253 - - [20/Oct/2014:08:59:45 -0500] "GET /isolucionsda/Arriba.asp?Pagina=/isolucionsda/BancoConocimiento/D/Decreto2570deagosto1de2006/Decreto2570deagosto1de2006.asp?IdArticulo=571 HTTP/1.1" 200 9803
181.50.40.31 - - [20/Oct/2014:08:59:45 -0500] "POST /forms/lservlet;jsessionid=ac16012b30d5c67fb1610ab44434add4bcf93af760b5.e3iSbxaKaheRe34Sa3yKbhiTahb0n6jAmljGr5XDqQLvpAe HTTP/1.1" 200 2728
201.245.192.253 - - [20/Oct/2014:08:59:45 -0500] "GET /isolucionsda/BancoConocimiento/D/Decreto2570deagosto1de2006/Decreto2570deagosto1de2006.asp?IdArticulo=571 HTTP/1.1" 302 152
180.76.5.27 - - [20/Oct/2014:08:59:45 -0500] "GET /BLA/resoluciones/RESOLUCIONES%202008/0510.pdf HTTP/1.1" 200 217911
181.60.251.53 - - [20/Oct/2014:08:59:45 -0500] "GET /forest/session.jsp?a=0.9032069684471935 HTTP/1.1" 200 4
181.50.40.31 - - [20/Oct/2014:08:59:45 -0500] "POST /forms/lservlet;jsessionid=ac16012b30d5c67fb1610ab44434add4bcf93af760b5.e3iSbxaKaheRe34Sa3yKbhiTahb0n6jAmljGr5XDqQLvpAe HTTP/1.1" 200 2
181.50.40.31 - - [20/Oct/2014:08:59:45 -0500] "POST /forms/lservlet;jsessionid=ac16012b30d5c67fb1610ab44434add4bcf93af760b5.e3iSbxaKaheRe34Sa3yKbhiTahb0n6jAmljGr5XDqQLvpAe HTTP/1.1" 200 2
181.50.40.31 - - [20/Oct/2014:08:59:46 -0500] "POST /forms/lservlet;jsessionid=ac16012b30d5c67fb1610ab44434add4bcf93af760b5.e3iSbxaKaheRe34Sa3yKbhiTahb0n6jAmljGr5XDqQLvpAe HTTP/1.1" 200 2839
181.50.40.31 - - [20/Oct/2014:08:59:46 -0500] "POST /forms/lservlet;jsessionid=ac16012b30d5c67fb1610ab44434add4bcf93af760b5.e3iSbxaKaheRe34Sa3yKbhiTahb0n6jAmljGr5XDqQLvpAe HTTP/1.1" 200 2
188.165.15.127 - - [20/Oct/2014:08:59:46 -0500] "GET /BLA/resoluciones/RESOLUCIONES%202005/RES%202005%201-50/00000032.tif HTTP/1.1" 200 286704
181.50.40.31 - - [20/Oct/2014:08:59:47 -0500] "POST /forms/lservlet;jsessionid=ac16012b30d5c67fb1610ab44434add4bcf93af760b5.e3iSbxaKaheRe34Sa3yKbhiTahb0n6jAmljGr5XDqQLvpAe HTTP/1.1" 200 2
181.50.40.31 - - [20/Oct/2014:08:59:48 -0500] "POST /forms/lservlet;jsessionid=ac16012b30d5c67fb1610ab44434add4bcf93af760b5.e3iSbxaKaheRe34Sa3yKbhiTahb0n6jAmljGr5XDqQLvpAe HTTP/1.1" 200 2970
181.50.40.31 - - [20/Oct/2014:08:59:48 -0500] "POST /forms/lservlet;jsessionid=ac16012b30d5c67fb1610ab44434add4bcf93af760b5.e3iSbxaKaheRe34Sa3yKbhiTahb0n6jAmljGr5XDqQLvpAe HTTP/1.1" 200 2
181.50.40.31 - - [20/Oct/2014:08:59:49 -0500] "POST /forms/lservlet;jsessionid=ac16012b30d5c67fb1610ab44434add4bcf93af760b5.e3iSbxaKaheRe34Sa3yKbhiTahb0n6jAmljGr5XDqQLvpAe HTTP/1.1" 200 2
181.50.40.31 - - [20/Oct/2014:08:59:49 -0500] "POST /forms/lservlet;jsessionid=ac16012b30d5c67fb1610ab44434add4bcf93af760b5.e3iSbxaKaheRe34Sa3yKbhiTahb0n6jAmljGr5XDqQLvpAe HTTP/1.1" 200 2683
181.50.40.31 - - [20/Oct/2014:08:59:49 -0500] "POST /forms/lservlet;jsessionid=ac16012b30d5c67fb1610ab44434add4bcf93af760b5.e3iSbxaKaheRe34Sa3yKbhiTahb0n6jAmljGr5XDqQLvpAe HTTP/1.1" 200 2
201.245.192.253 - - [20/Oct/2014:08:59:49 -0500] "GET /isolucionsda/FrameSetArticulo.asp?Pagina=/isolucionsda/bancoconocimiento/D/Decreto109del16deMarzode2009/Decreto109del16deMarzode2009.asp?IdArticulo=6274 HTTP/1.1" 200 7229
201.245.192.253 - - [20/Oct/2014:08:59:49 -0500] "GET /isolucionsda/Arriba.asp?Pagina=/isolucionsda/bancoconocimiento/D/Decreto109del16deMarzode2009/Decreto109del16deMarzode2009.asp?IdArticulo=6274 HTTP/1.1" 200 9811
181.50.40.31 - - [20/Oct/2014:08:59:50 -0500] "POST /forms/lservlet;jsessionid=ac16012b30d5c67fb1610ab44434add4bcf93af760b5.e3iSbxaKaheRe34Sa3yKbhiTahb0n6jAmljGr5XDqQLvpAe HTTP/1.1" 200 2
181.50.40.31 - - [20/Oct/2014:08:59:50 -0500] "POST /forms/lservlet;jsessionid=ac16012b30d5c67fb1610ab44434add4bcf93af760b5.e3iSbxaKaheRe34Sa3yKbhiTahb0n6jAmljGr5XDqQLvpAe HTTP/1.1" 200 2658
181.50.40.31 - - [20/Oct/2014:08:59:50 -0500] "POST /forms/lservlet;jsessionid=ac16012b30d5c67fb1610ab44434add4bcf93af760b5.e3iSbxaKaheRe34Sa3yKbhiTahb0n6jAmljGr5XDqQLvpAe HTTP/1.1" 200 2
192.168.172.50 - - [20/Oct/2014:08:59:51 -0500] "GET /BLA/boletinlegal/actos.php HTTP/1.1" 200 7460
181.50.40.31 - - [20/Oct/2014:08:59:51 -0500] "POST /forms/lservlet;jsessionid=ac16012b30d5c67fb1610ab44434add4bcf93af760b5.e3iSbxaKaheRe34Sa3yKbhiTahb0n6jAmljGr5XDqQLvpAe HTTP/1.1" 200 2
181.50.40.31 - - [20/Oct/2014:08:59:51 -0500] "POST /forms/lservlet;jsessionid=ac16012b30d5c67fb1610ab44434add4bcf93af760b5.e3iSbxaKaheRe34Sa3yKbhiTahb0n6jAmljGr5XDqQLvpAe HTTP/1.1" 200 2748
181.50.40.31 - - [20/Oct/2014:08:59:51 -0500] "POST /forms/lservlet;jsessionid=ac16012b30d5c67fb1610ab44434add4bcf93af760b5.e3iSbxaKaheRe34Sa3yKbhiTahb0n6jAmljGr5XDqQLvpAe HTTP/1.1" 200 2
201.245.192.253 - - [20/Oct/2014:08:59:50 -0500] "GET /isolucionsda/bancoconocimiento/D/Decreto109del16deMarzode2009/Decreto109del16deMarzode2009.asp?IdArticulo=6274 HTTP/1.1" 302 175
201.245.192.253 - - [20/Oct/2014:08:59:51 -0500] "GET /forest/actions/forms.getList?codForm=Correspondencia_Revisar_Aprobar&id=funcionariofirma&text=manrique%20 HTTP/1.1" 200 134
66.249.67.75 - - [20/Oct/2014:08:59:52 -0500] "GET /BLA/resoluciones/AUTOS%202009/2398.pdf HTTP/1.1" 200 141858
201.245.192.253 - - [20/Oct/2014:08:59:28 -0500] "POST /forest/buscar.do? HTTP/1.1" 200 16924
181.50.40.31 - - [20/Oct/2014:08:59:52 -0500] "POST /forms/lservlet;jsessionid=ac16012b30d5c67fb1610ab44434add4bcf93af760b5.e3iSbxaKaheRe34Sa3yKbhiTahb0n6jAmljGr5XDqQLvpAe HTTP/1.1" 200 2
181.50.40.31 - - [20/Oct/2014:08:59:52 -0500] "POST /forms/lservlet;jsessionid=ac16012b30d5c67fb1610ab44434add4bcf93af760b5.e3iSbxaKaheRe34Sa3yKbhiTahb0n6jAmljGr5XDqQLvpAe HTTP/1.1" 200 2631
181.60.251.53 - - [20/Oct/2014:08:59:49 -0500] "GET /forest/documentos/1941397/2014ER171014.pdf HTTP/1.1" 200 83427
181.50.40.31 - - [20/Oct/2014:08:59:53 -0500] "POST /forms/lservlet;jsessionid=ac16012b30d5c67fb1610ab44434add4bcf93af760b5.e3iSbxaKaheRe34Sa3yKbhiTahb0n6jAmljGr5XDqQLvpAe HTTP/1.1" 200 2
181.60.251.53 - - [20/Oct/2014:08:59:53 -0500] "GET /favicon.ico HTTP/1.1" 200 7782
201.245.192.253 - - [20/Oct/2014:08:59:53 -0500] "POST /forest/usutareas.do?group_system_actual=3 HTTP/1.1" 200 267
181.50.40.31 - - [20/Oct/2014:08:59:54 -0500] "POST /forms/lservlet;jsessionid=ac16012b30d5c67fb1610ab44434add4bcf93af760b5.e3iSbxaKaheRe34Sa3yKbhiTahb0n6jAmljGr5XDqQLvpAe HTTP/1.1" 200 2
181.50.40.31 - - [20/Oct/2014:08:59:54 -0500] "POST /forms/lservlet;jsessionid=ac16012b30d5c67fb1610ab44434add4bcf93af760b5.e3iSbxaKaheRe34Sa3yKbhiTahb0n6jAmljGr5XDqQLvpAe HTTP/1.1" 200 3105
181.50.40.31 - - [20/Oct/2014:08:59:54 -0500] "POST /forms/lservlet;jsessionid=ac16012b30d5c67fb1610ab44434add4bcf93af760b5.e3iSbxaKaheRe34Sa3yKbhiTahb0n6jAmljGr5XDqQLvpAe HTTP/1.1" 200 2
181.50.40.31 - - [20/Oct/2014:08:59:55 -0500] "POST /forms/lservlet;jsessionid=ac16012b30d5c67fb1610ab44434add4bcf93af760b5.e3iSbxaKaheRe34Sa3yKbhiTahb0n6jAmljGr5XDqQLvpAe HTTP/1.1" 200 2
192.168.172.50 - - [20/Oct/2014:08:59:55 -0500] "GET /BLA/boletinlegal/js/ajax_actos.js HTTP/1.1" 200 1322
192.168.172.50 - - [20/Oct/2014:08:59:55 -0500] "GET /BLA/boletinlegal/niceforms.js HTTP/1.1" 200 22876
192.168.172.50 - - [20/Oct/2014:08:59:55 -0500] "GET /BLA/boletinlegal/niceforms-default.css HTTP/1.1" 200 6694
192.168.172.50 - - [20/Oct/2014:08:59:55 -0500] "GET /BLA/boletinlegal/js/lib.js HTTP/1.1" 200 6474
