188.165.15.177 - - [20/Oct/2014:04:21:46 -0500] "GET /BLA/resoluciones/RESOLUCIONES%202003/RES%202003%201351-1400/20031382.tif HTTP/1.1" 200 76800
188.165.15.129 - - [20/Oct/2014:04:22:08 -0500] "GET /BLA/resoluciones/RESOLUCIONES%202006/RES%202006%20201-250/00000214.tif HTTP/1.1" 200 155296
66.249.65.123 - - [20/Oct/2014:04:22:21 -0500] "GET /galeria/nivo-slider/demo/demo.html HTTP/1.1" 200 3648
66.249.65.123 - - [20/Oct/2014:04:22:23 -0500] "GET /BLA/boletinlegal/js/jquery.scrollShow.js HTTP/1.1" 200 4586
66.249.65.119 - - [20/Oct/2014:04:22:24 -0500] "GET /portalsiaccapacitaciones/Soportes%20Capacitaciones%20A%C3%B1o%202013/0050.%20Presentaci%C3%B3n%20Caso%20Pr%C3%A1ctico%20para%20el%20C%C3%A1lculo%20de%20Huella%20de%20Carbono%20Inventario%20GEI%20-%20EAAB%2017-10-2013.pdf HTTP/1.1" 304 -
66.249.65.115 - - [20/Oct/2014:04:22:26 -0500] "GET /BLA/boletinlegal/js/jquery.scrollTo-min.js HTTP/1.1" 200 1150
66.249.65.123 - - [20/Oct/2014:04:22:27 -0500] "GET /Autoliquidacion/Cobro%20Clasificacion%20Uso%20De%20Vivenda%20En%20Suelo%20Restringido/instructivo.doc HTTP/1.1" 304 -
66.249.65.123 - - [20/Oct/2014:04:22:28 -0500] "GET /autoliquidacion/Solicitud%20de%20Licencia%20Ambiental/Aplicativo%20Eval%202014.xlsx HTTP/1.1" 304 -
66.249.65.123 - - [20/Oct/2014:04:22:30 -0500] "GET /BLA/boletinlegal/js/jquery.js HTTP/1.1" 200 57254
66.249.65.59 - - [20/Oct/2014:04:22:31 -0500] "GET /POT-2013/Cartografia/15_Sistema%20de%20Movilidad%20_Secciones%20Viales_Circuitos_movilida.pdf HTTP/1.1" 304 -
66.249.65.123 - - [20/Oct/2014:04:22:33 -0500] "GET /BLA/directivas/2009/0.pdf HTTP/1.1" 304 -
66.249.65.123 - - [20/Oct/2014:04:22:43 -0500] "GET /Anexos%20estudio%20Organizacional%20SDA/ANEXO%20No.%203-%20CONTRATACI%C3%93N%20%20OPS%C2%B4s%202008-2012/CONTRATOS%20SDA%202010%20POR%20DEPENDENCIA%20(1).xls HTTP/1.1" 304 -
66.249.65.55 - - [20/Oct/2014:04:22:52 -0500] "GET /BLA/boletinlegal/jurisprudencia/analisis/CUADRO%20ANALISIS%20SENTENCIA%20T-411%20DE%201992.doc HTTP/1.1" 304 -
66.249.65.115 - - [20/Oct/2014:04:23:20 -0500] "GET /BLA/boletinlegal/Directivas/2011/Directiva%20No.%201%20del%205%20de%20Abril%20de%202011.pdf HTTP/1.1" 304 -
66.249.65.123 - - [20/Oct/2014:04:24:00 -0500] "GET /BLA/resoluciones/RESOLUCIONES%202007/RES%202007%203801%20AL%203900/RESOLUCION%203888%20DE%202007.pdf HTTP/1.1" 200 381768
66.249.65.119 - - [20/Oct/2014:04:24:02 -0500] "GET /BLA/boletinlegal/directivas/2011/1.pdf HTTP/1.1" 304 -
66.249.65.123 - - [20/Oct/2014:04:24:12 -0500] "GET /BLA/resoluciones/RESOLUCIONES%202007/RES%202007%202201%20AL%202300/RESOLUCION%202289%20DE%202007.pdf HTTP/1.1" 200 879277
180.76.5.146 - - [20/Oct/2014:04:24:19 -0500] "GET /BLA/resoluciones/AUTOS%202010/6732.pdf HTTP/1.1" 200 436111
66.249.65.115 - - [20/Oct/2014:04:24:23 -0500] "GET /BLA/boletinlegal/Circulares/2011/Circular%20No.%202%20del%2031%20de%20Mayo%20de%202011.pdf HTTP/1.1" 304 -
190.25.232.143 - - [20/Oct/2014:04:24:27 -0500] "GET /galeria/nivo-slider/demo/images/siembrasancristobal2.jpg HTTP/1.1" 200 57732
100.43.85.25 - - [20/Oct/2014:04:24:33 -0500] "GET /htdocs/even/Ca0jr6ay/tsld014.htm HTTP/1.1" 404 1019
66.249.65.115 - - [20/Oct/2014:04:24:44 -0500] "GET /BLA/boletinlegal/circulares/2-2011.pdf HTTP/1.1" 304 -
188.165.15.90 - - [20/Oct/2014:04:25:00 -0500] "GET /BLA/resoluciones/RESOLUCIONES%202003/RES%202003%201701-1750/20031729.tif HTTP/1.1" 200 86000
74.86.158.107 - - [20/Oct/2014:04:25:01 -0500] "HEAD / HTTP/1.1" 302 -
66.249.65.119 - - [20/Oct/2014:04:25:05 -0500] "GET /BLA/boletinlegal/directivas/2011/3.pdf HTTP/1.1" 304 -
66.249.65.119 - - [20/Oct/2014:04:25:06 -0500] "GET /BLA/resoluciones/RESOLUCIONES%202003/RES%202003%201001-1050/1043.tif HTTP/1.1" 200 128496
186.154.154.20 - - [20/Oct/2014:04:25:36 -0500] "GET /BLA/boletinlegal/js/jquery.js HTTP/1.1" 200 57254
186.154.154.20 - - [20/Oct/2014:04:25:36 -0500] "GET /BLA/boletinlegal/js/jquery.scrollTo-min.js HTTP/1.1" 200 1150
186.154.154.20 - - [20/Oct/2014:04:25:36 -0500] "GET /BLA/boletinlegal/js/jquery.scrollShow.js HTTP/1.1" 200 4586
66.249.65.119 - - [20/Oct/2014:04:25:47 -0500] "GET /BLA/boletinlegal/Circulares/2010/Circular%2005%20de%208%20de%20septiembre%20de%202010.pdf HTTP/1.1" 304 -
66.249.65.115 - - [20/Oct/2014:04:26:08 -0500] "GET /autoliquidacion/TR%C3%81MITES%20MINER%C3%8DA/Aplicativo%20Eval%202014.xlsx HTTP/1.1" 304 -
66.249.65.115 - - [20/Oct/2014:04:26:16 -0500] "GET /BLA/resoluciones/RESOLUCIONES%202008/0410.pdf HTTP/1.1" 304 -
66.249.65.51 - - [20/Oct/2014:04:26:26 -0500] "GET /BLA/boletinlegal/Circulares/2012/Circular%20No.%209%20del%2021%20de%20Agosto%20de%202012.pdf HTTP/1.1" 304 -
188.165.15.233 - - [20/Oct/2014:04:26:28 -0500] "GET /manual_funciones_Listado/index.php?dir=2.5.2.%20Subdirecci%C3%83%C2%B3n%20Contractual/&sort=size&order=asc HTTP/1.1" 404 1018
66.249.65.123 - - [20/Oct/2014:04:26:29 -0500] "GET /autoliquidacion/TR%C3%81MITES%20AGUAS%20SUPERFICIALES/Aplicativo%20Eval%202014.xlsx HTTP/1.1" 304 -
66.249.65.115 - - [20/Oct/2014:04:26:49 -0500] "GET /BLA/boletinlegal/Directivas/2011/Directiva%20No.%203%20del%2027%20de%20Mayo%20de%202011.pdf HTTP/1.1" 304 -
66.249.65.115 - - [20/Oct/2014:04:27:28 -0500] "GET /BLA/resoluciones/RESOLUCIONES%202008/0051.pdf HTTP/1.1" 200 301963
66.249.65.119 - - [20/Oct/2014:04:27:48 -0500] "GET /BLA/ HTTP/1.1" 200 538
188.165.15.84 - - [20/Oct/2014:04:28:23 -0500] "GET /BLA/resoluciones/RESOLUCIONES%202005/RES%202005%201-50/RES%202005%20101-150/00000111.tif HTTP/1.1" 200 118494
100.43.85.25 - - [20/Oct/2014:04:28:44 -0500] "GET /newsecs/plaenli/cef2.htm HTTP/1.1" 404 1019
180.76.5.81 - - [20/Oct/2014:04:28:45 -0500] "GET /re/ HTTP/1.1" 404 1019
66.249.65.115 - - [20/Oct/2014:04:29:29 -0500] "GET /BLA/resoluciones/RESOLUCIONES%202008/2586.pdf HTTP/1.1" 200 139794
66.249.65.123 - - [20/Oct/2014:04:29:30 -0500] "GET /BLA/resoluciones/index.php?dir=RESOLUCIONES%202004/RES%202004%201301-1350/&sort=name&order=asc HTTP/1.1" 200 12341
66.249.65.123 - - [20/Oct/2014:04:29:31 -0500] "GET /POT-2013/Articulado/MEPOT_CTPD_FEBRERO%2020%20DE%202013.pdf HTTP/1.1" 304 -
66.249.65.123 - - [20/Oct/2014:04:29:35 -0500] "GET /BLA/boletinlegal/circulares/5.pdf HTTP/1.1" 304 -
66.249.65.115 - - [20/Oct/2014:04:29:36 -0500] "GET /BLA/resoluciones/RESOLUCIONES%202007/RES%202007%20401%20AL%20500/RESOLUCION%200492%20DE%202007.pdf HTTP/1.1" 200 182070
66.249.65.115 - - [20/Oct/2014:04:29:38 -0500] "GET /BLA/resoluciones/RESOLUCIONES%202007/RES%202007%202501%20AL%202600/RESOLUCION%202551%20DE%202007.pdf HTTP/1.1" 200 687086
180.76.6.231 - - [20/Oct/2014:04:29:49 -0500] "GET /BLA/resoluciones/RESOLUCIONES%202008/1082.pdf HTTP/1.1" 200 294478
74.86.158.107 - - [20/Oct/2014:04:30:01 -0500] "HEAD / HTTP/1.1" 302 -
66.249.65.123 - - [20/Oct/2014:04:30:23 -0500] "GET /BLA/index.php HTTP/1.1" 200 538
188.165.15.105 - - [20/Oct/2014:04:30:28 -0500] "GET /BLA/resoluciones/RESOLUCIONES%202005/RES%202005%201151-1200/00001182.tif HTTP/1.1" 200 280476
66.249.65.59 - - [20/Oct/2014:04:30:40 -0500] "GET /manual_funciones_Listado/2.2.3.%20Subdirecci%C3%B3n%20de%20Calidad%20del%20Aire,%20Auditiva%20y%20Visual/Tecnico%20314-17.pdf HTTP/1.1" 404 1019
66.249.65.123 - - [20/Oct/2014:04:30:46 -0500] "GET /BLA/circulares/3-2011.pdf HTTP/1.1" 304 -
66.249.65.115 - - [20/Oct/2014:04:30:52 -0500] "GET /BLA/resoluciones/AUTOS%202012/2523.pdf HTTP/1.1" 304 -
66.249.65.115 - - [20/Oct/2014:04:30:56 -0500] "GET /BLA/resoluciones/RESOLUCIONES%202013/0074%20.pdf HTTP/1.1" 304 -
188.165.15.160 - - [20/Oct/2014:04:31:10 -0500] "GET /BLA/resoluciones/RESOLUCIONES%202006/RES%202006%201751-1800/00001760.tif HTTP/1.1" 200 197014
66.249.65.119 - - [20/Oct/2014:04:31:15 -0500] "GET /BLA/resoluciones/RESOLUCIONES%202010/6810.pdf HTTP/1.1" 304 -
66.249.65.123 - - [20/Oct/2014:04:31:35 -0500] "GET /BLA/resoluciones/RESOLUCIONES%202008/0051.pdf HTTP/1.1" 200 301963
66.249.65.123 - - [20/Oct/2014:04:31:36 -0500] "GET /BLA/resoluciones/RESOLUCIONES%202008/5083.pdf HTTP/1.1" 200 213634
181.234.42.49 - - [20/Oct/2014:04:31:56 -0500] "GET /BLA/ HTTP/1.1" 200 538
66.249.65.123 - - [20/Oct/2014:04:31:57 -0500] "GET /BLA/resoluciones/RESOLUCIONES%202009/1536.pdf HTTP/1.1" 200 631744
66.249.65.123 - - [20/Oct/2014:04:32:18 -0500] "GET /BLA/resoluciones/RESOLUCIONES%202008/1693.pdf HTTP/1.1" 200 215688
181.53.27.152 - - [20/Oct/2014:04:32:31 -0500] "GET /BLA/boletinlegal/js/jquery.js HTTP/1.1" 200 57254
181.53.27.152 - - [20/Oct/2014:04:32:31 -0500] "GET /BLA/boletinlegal/js/jquery.scrollShow.js HTTP/1.1" 200 4586
181.53.27.152 - - [20/Oct/2014:04:32:31 -0500] "GET /BLA/boletinlegal/js/jquery.scrollTo-min.js HTTP/1.1" 200 1150
66.249.65.115 - - [20/Oct/2014:04:32:39 -0500] "GET /BLA/resoluciones/RESOLUCIONES%202009/0947.pdf HTTP/1.1" 200 610774
181.234.42.49 - - [20/Oct/2014:04:31:59 -0500] "GET /BLA/boletinlegal/index.php HTTP/1.1" 200 44977
181.234.42.49 - - [20/Oct/2014:04:32:41 -0500] "GET /BLA/boletinlegal/style.css HTTP/1.1" 200 9406
181.234.42.49 - - [20/Oct/2014:04:32:41 -0500] "GET /BLA/boletinlegal/styles2.css HTTP/1.1" 200 1838
181.234.42.49 - - [20/Oct/2014:04:32:41 -0500] "GET /BLA/boletinlegal/js/jquery.js HTTP/1.1" 200 57254
181.234.42.49 - - [20/Oct/2014:04:32:41 -0500] "GET /BLA/boletinlegal/js/jquery.scrollTo-min.js HTTP/1.1" 200 1150
181.234.42.49 - - [20/Oct/2014:04:32:41 -0500] "GET /BLA/boletinlegal/js/jquery.scrollShow.js HTTP/1.1" 200 4586
181.234.42.49 - - [20/Oct/2014:04:32:41 -0500] "GET /BLA/boletinlegal/images/cabezote%20BLEGAL.jpg HTTP/1.1" 200 118164
181.234.42.49 - - [20/Oct/2014:04:32:41 -0500] "GET /BLA/boletinlegal/images/nuevo.gif HTTP/1.1" 200 26475
181.234.42.49 - - [20/Oct/2014:04:32:41 -0500] "GET /BLA/boletinlegal/images/historia.png HTTP/1.1" 200 52775
181.234.42.49 - - [20/Oct/2014:04:32:41 -0500] "GET /BLA/boletinlegal/images/subscribe-icon-big.png HTTP/1.1" 200 47702
181.234.42.49 - - [20/Oct/2014:04:32:42 -0500] "GET /BLA/boletinlegal/images/arr_l.jpg HTTP/1.1" 200 1979
181.234.42.49 - - [20/Oct/2014:04:32:42 -0500] "GET /BLA/boletinlegal/images/screen_1.png HTTP/1.1" 200 202547
181.234.42.49 - - [20/Oct/2014:04:32:42 -0500] "GET /BLA/boletinlegal/images/launch.jpg HTTP/1.1" 200 14577
181.234.42.49 - - [20/Oct/2014:04:32:42 -0500] "GET /BLA/boletinlegal/images/screen_2.png HTTP/1.1" 200 362502
181.234.42.49 - - [20/Oct/2014:04:32:42 -0500] "GET /BLA/boletinlegal/images/body_bg.jpg HTTP/1.1" 200 1601
181.234.42.49 - - [20/Oct/2014:04:32:43 -0500] "GET /BLA/boletinlegal/images/menu_rght.gif HTTP/1.1" 200 1627
181.234.42.49 - - [20/Oct/2014:04:32:43 -0500] "GET /BLA/boletinlegal/images/menu_lft.gif HTTP/1.1" 200 1713
181.234.42.49 - - [20/Oct/2014:04:32:43 -0500] "GET /BLA/boletinlegal/images/bg_top.jpg HTTP/1.1" 200 522
181.234.42.49 - - [20/Oct/2014:04:32:43 -0500] "GET /BLA/boletinlegal/images/screen_3.png HTTP/1.1" 200 211853
181.234.42.49 - - [20/Oct/2014:04:32:43 -0500] "GET /BLA/boletinlegal/images/menu_bg.jpg HTTP/1.1" 200 620
181.234.42.49 - - [20/Oct/2014:04:32:43 -0500] "GET /BLA/boletinlegal/images/text.jpg HTTP/1.1" 200 568
181.234.42.49 - - [20/Oct/2014:04:32:43 -0500] "GET /BLA/boletinlegal/images/screen_5.png HTTP/1.1" 200 368876
181.234.42.49 - - [20/Oct/2014:04:32:43 -0500] "GET /BLA/boletinlegal/images/arr_r.jpg HTTP/1.1" 200 1998
181.234.42.49 - - [20/Oct/2014:04:32:44 -0500] "GET /BLA/boletinlegal/images/hover.jpg HTTP/1.1" 200 640
181.234.42.49 - - [20/Oct/2014:04:32:44 -0500] "GET /BLA/boletinlegal/images/pdf.gif HTTP/1.1" 200 567
181.234.42.49 - - [20/Oct/2014:04:32:44 -0500] "GET /BLA/boletinlegal/images/footer_bg.jpg HTTP/1.1" 200 586
188.165.15.233 - - [20/Oct/2014:04:32:45 -0500] "GET /BLA/resoluciones/RESOLUCIONES%202004/RES%202004%20901-950/00000905.tif HTTP/1.1" 200 302188
100.43.85.25 - - [20/Oct/2014:04:32:56 -0500] "GET /phpold/AjaxPhpCode/Chapter09/?C=D&O=A HTTP/1.1" 404 1019
66.249.65.119 - - [20/Oct/2014:04:33:00 -0500] "GET /BLA/resoluciones/AUTOS%202007/1902.pdf HTTP/1.1" 200 23650
66.249.65.119 - - [20/Oct/2014:04:33:38 -0500] "GET /BLA/resoluciones/RESOLUCIONES%202007/RES%202007%20301%20AL%20400/RESOLUCION%200303%20DE%202007.pdf HTTP/1.1" 200 85302
66.249.65.123 - - [20/Oct/2014:04:33:43 -0500] "GET /BLA/resoluciones/RESOLUCIONES%202011/1528.pdf HTTP/1.1" 200 349872
66.249.65.119 - - [20/Oct/2014:04:34:03 -0500] "GET /BLA/resoluciones/RESOLUCIONES%202009/1593.pdf HTTP/1.1" 200 646076
66.249.65.119 - - [20/Oct/2014:04:34:13 -0500] "GET /BLA/resoluciones/RESOLUCIONES%202007/RES%202007%203901%20AL%204000/RESOLUCION%203951%20DE%202007.pdf HTTP/1.1" 200 57672
188.165.15.129 - - [20/Oct/2014:04:34:16 -0500] "GET /BLA/resoluciones/index.php?dir=RESOLUCIONES+2005%2FRES+2005+1551-1600%2F HTTP/1.1" 200 12364
74.86.158.107 - - [20/Oct/2014:04:35:01 -0500] "HEAD / HTTP/1.1" 302 -
188.165.15.129 - - [20/Oct/2014:04:35:09 -0500] "GET /BLA/resoluciones/RESOLUCIONES%202005/RES%202005%2051-100/00000072.tif HTTP/1.1" 200 125428
181.234.42.49 - - [20/Oct/2014:04:35:11 -0500] "GET /BLA/boletinlegal/actos.php HTTP/1.1" 200 7464
181.234.42.49 - - [20/Oct/2014:04:35:13 -0500] "GET /BLA/boletinlegal/js/ajax_actos.js HTTP/1.1" 200 1322
181.234.42.49 - - [20/Oct/2014:04:35:13 -0500] "GET /BLA/boletinlegal/niceforms.js HTTP/1.1" 200 22876
181.234.42.49 - - [20/Oct/2014:04:35:13 -0500] "GET /BLA/boletinlegal/images/green-yellow-blue-pink-th.png HTTP/1.1" 200 7394
181.234.42.49 - - [20/Oct/2014:04:35:13 -0500] "GET /BLA/boletinlegal/niceforms-default.css HTTP/1.1" 200 6694
181.234.42.49 - - [20/Oct/2014:04:35:13 -0500] "GET /BLA/boletinlegal/js/lib.js HTTP/1.1" 200 6474
181.234.42.49 - - [20/Oct/2014:04:35:13 -0500] "GET /BLA/boletinlegal/js/jquery1.js HTTP/1.1" 200 29846
181.234.42.49 - - [20/Oct/2014:04:35:13 -0500] "GET /BLA/boletinlegal/js/popup.js HTTP/1.1" 200 1270
181.234.42.49 - - [20/Oct/2014:04:35:13 -0500] "GET /BLA/boletinlegal/images/abajo.png HTTP/1.1" 200 96676
181.234.42.49 - - [20/Oct/2014:04:35:13 -0500] "GET /BLA/boletinlegal/images/footer_bg_l.jpg HTTP/1.1" 200 776
181.234.42.49 - - [20/Oct/2014:04:35:15 -0500] "GET /BLA/boletinlegal/img/0.png HTTP/1.1" 200 110
181.234.42.49 - - [20/Oct/2014:04:35:15 -0500] "GET /BLA/boletinlegal/img/button-right.png HTTP/1.1" 200 57878
181.234.42.49 - - [20/Oct/2014:04:35:15 -0500] "GET /BLA/boletinlegal/img/button-left.png HTTP/1.1" 200 57071
181.234.42.49 - - [20/Oct/2014:04:35:15 -0500] "GET /BLA/boletinlegal/img/button.png HTTP/1.1" 200 43241
181.234.42.49 - - [20/Oct/2014:04:35:15 -0500] "GET /BLA/boletinlegal/img/select-left.png HTTP/1.1" 200 263
181.234.42.49 - - [20/Oct/2014:04:35:15 -0500] "GET /BLA/boletinlegal/img/select-right.png HTTP/1.1" 200 44019
181.234.42.49 - - [20/Oct/2014:04:35:34 -0500] "GET /BLA/boletinlegal/consulta_actos.php?tipo=autos&no=5704&usuario=&sector=SILVICULTURA&fecha=2013&resuelve= HTTP/1.1" 200 623
188.165.15.90 - - [20/Oct/2014:04:35:54 -0500] "GET /BLA/resoluciones/index.php?dir=Notificaciones%2FAUTOS+2014%2F HTTP/1.1" 200 18756
188.165.15.177 - - [20/Oct/2014:04:36:05 -0500] "GET /BLA/resoluciones/RESOLUCIONES%202006/RES%202006%20801-850/00000841.tif HTTP/1.1" 200 228014
188.165.15.129 - - [20/Oct/2014:04:36:06 -0500] "GET /manual_funciones_Listado/2.1.1.%20Subdireccion%20de%20Politicas%20y%20Planes%20Ambientales/?C=N;O=A HTTP/1.1" 404 1018
180.76.5.146 - - [20/Oct/2014:04:36:16 -0500] "GET /BLA/resoluciones/AUTOS%202009/3231.pdf HTTP/1.1" 200 193428
66.249.65.123 - - [20/Oct/2014:04:36:28 -0500] "GET /BLA/resoluciones/RESOLUCIONES%202009/9438.pdf HTTP/1.1" 200 443617
66.249.65.115 - - [20/Oct/2014:04:36:31 -0500] "GET /BLA/resoluciones/RESOLUCIONES%202010/3531.pdf HTTP/1.1" 200 500577
66.249.65.115 - - [20/Oct/2014:04:36:33 -0500] "GET /BLA/resoluciones/RESOLUCIONES%202010/1625.pdf HTTP/1.1" 200 439103
66.249.65.119 - - [20/Oct/2014:04:36:36 -0500] "GET /BLA/resoluciones/RESOLUCIONES%202010/4152.pdf HTTP/1.1" 200 756137
188.165.15.160 - - [20/Oct/2014:04:36:45 -0500] "GET /BLA/resoluciones/RESOLUCIONES%202004/RES%202004%20251-300/00000288.tif HTTP/1.1" 200 189652
66.249.65.119 - - [20/Oct/2014:04:36:45 -0500] "GET /BLA/resoluciones/RESOLUCIONES%202010/4997.pdf HTTP/1.1" 200 747463
123.125.71.82 - - [20/Oct/2014:04:36:50 -0500] "GET /robots.txt HTTP/1.1" 404 1018
66.249.65.119 - - [20/Oct/2014:04:36:56 -0500] "GET /BLA/resoluciones/RESOLUCIONES%202010/2074.pdf HTTP/1.1" 200 205713
66.249.65.119 - - [20/Oct/2014:04:37:06 -0500] "GET /BLA/resoluciones/RESOLUCIONES%202010/3717.pdf HTTP/1.1" 200 499415
100.43.85.25 - - [20/Oct/2014:04:37:07 -0500] "GET /newsecs/plaenli/res1/3.htm HTTP/1.1" 404 1019
66.249.65.119 - - [20/Oct/2014:04:37:17 -0500] "GET /BLA/resoluciones/RESOLUCIONES%202010/3539.pdf HTTP/1.1" 200 514035
188.165.15.105 - - [20/Oct/2014:04:37:29 -0500] "GET /BLA/resoluciones/RESOLUCIONES%202000/2000%201550-1599.tif HTTP/1.1" 200 4511112
66.249.65.123 - - [20/Oct/2014:04:37:33 -0500] "GET /BLA/resoluciones/RESOLUCIONES%202010/5013.pdf HTTP/1.1" 200 751643
66.249.65.123 - - [20/Oct/2014:04:37:54 -0500] "GET /BLA/resoluciones/RESOLUCIONES%202010/3002.pdf HTTP/1.1" 200 1016785
66.249.65.123 - - [20/Oct/2014:04:38:15 -0500] "GET /BLA/resoluciones/RESOLUCIONES%202010/4058.pdf HTTP/1.1" 200 496079
66.249.65.119 - - [20/Oct/2014:04:38:36 -0500] "GET /BLA/resoluciones/RESOLUCIONES%202010/4057.pdf HTTP/1.1" 200 490703
66.249.65.115 - - [20/Oct/2014:04:38:57 -0500] "GET /BLA/resoluciones/RESOLUCIONES%202008/3701.pdf HTTP/1.1" 200 413575
66.249.65.119 - - [20/Oct/2014:04:39:18 -0500] "GET /BLA/resoluciones/RESOLUCIONES%202010/5303.pdf HTTP/1.1" 200 753075
66.249.65.119 - - [20/Oct/2014:04:39:24 -0500] "-" 408 -
188.165.15.160 - - [20/Oct/2014:04:39:30 -0500] "GET /BLA/resoluciones/RESOLUCIONES%202002/RES%202002%20301-350/00000328.tif HTTP/1.1" 200 42154
66.249.65.115 - - [20/Oct/2014:04:39:38 -0500] "GET /BLA/resoluciones/RESOLUCIONES%202008/2236.pdf HTTP/1.1" 200 200954
66.249.65.119 - - [20/Oct/2014:04:39:59 -0500] "GET /BLA/resoluciones/RESOLUCIONES%202008/1443.pdf HTTP/1.1" 200 300728
74.86.158.107 - - [20/Oct/2014:04:40:01 -0500] "HEAD / HTTP/1.1" 302 -
66.249.65.115 - - [20/Oct/2014:04:40:20 -0500] "GET /BLA/resoluciones/RESOLUCIONES%202007/RES%202007%203501%20AL%203600/RESOLUCION%203501%20DE%202007.pdf HTTP/1.1" 200 1093656
66.249.65.115 - - [20/Oct/2014:04:40:41 -0500] "GET /autoliquidacion/index.php?dir=TR%C1MITES%20VERTIMIENTOS/&sort=date&order=asc HTTP/1.1" 200 2479
188.165.15.84 - - [20/Oct/2014:04:40:51 -0500] "GET /manual_funciones_Listado/index.php?dir=2.+Subsecretar%EDa+General+y+de+Control+Disciplinario%2F HTTP/1.1" 404 1018
66.249.65.119 - - [20/Oct/2014:04:40:52 -0500] "GET /autoliquidacion/index.php?dir=TR%C1MITES%20ACEITES-RESIDUOS-ESTACIONES/REGISTRO%20COMO%20ACOPIADOR%20PRIMARIO/&sort=date&order=asc HTTP/1.1" 200 3288
66.249.65.115 - - [20/Oct/2014:04:41:03 -0500] "GET /BLA/resoluciones/RESOLUCIONES%202008/4331.pdf HTTP/1.1" 200 422184
180.76.5.196 - - [20/Oct/2014:04:41:12 -0500] "GET /BLA/resoluciones/RESOLUCIONES%202008/0486.pdf HTTP/1.1" 200 360741
100.43.85.25 - - [20/Oct/2014:04:41:19 -0500] "GET /Autoliquidacion/index.php?dir=TR%C1MITES%20ACEITES-RESIDUOS-ESTACIONES/ HTTP/1.1" 200 2857
66.249.65.119 - - [20/Oct/2014:04:41:23 -0500] "GET /BLA/resoluciones/RESOLUCIONES%202009/1700.pdf HTTP/1.1" 200 404913
66.249.65.123 - - [20/Oct/2014:04:41:44 -0500] "GET /BLA/resoluciones/RESOLUCIONES%202010/0251.pdf HTTP/1.1" 200 447329
66.249.65.115 - - [20/Oct/2014:04:42:05 -0500] "GET /BLA/resoluciones/RESOLUCIONES%202008/4812.pdf HTTP/1.1" 200 905220
66.249.65.123 - - [20/Oct/2014:04:42:26 -0500] "GET /BLA/resoluciones/RESOLUCIONES%202008/2340.pdf HTTP/1.1" 200 426257
66.249.65.115 - - [20/Oct/2014:04:42:38 -0500] "GET /BLA/resoluciones/RESOLUCIONES%202005/RES%202005%202051-2100/00002078.tif HTTP/1.1" 200 107902
66.249.65.115 - - [20/Oct/2014:04:42:47 -0500] "GET /BLA/resoluciones/RESOLUCIONES%202010/0158.pdf HTTP/1.1" 200 654478
180.76.5.166 - - [20/Oct/2014:04:43:05 -0500] "GET /BLA/resoluciones/Autos%202008/0440.pdf HTTP/1.1" 200 142933
66.249.65.115 - - [20/Oct/2014:04:43:08 -0500] "GET /BLA/resoluciones/RESOLUCIONES%202010/2707.pdf HTTP/1.1" 200 393593
66.249.65.59 - - [20/Oct/2014:04:43:18 -0500] "GET /Autoliquidacion/Fauna%20Silvestre/APLICATIVO%20DE%20LIQUIDACI%C3%93N%20COSTOS%20(FAUNA%20SILVESTRE%202014%20DEFINITIVO).xls HTTP/1.1" 200 245248
66.249.65.115 - - [20/Oct/2014:04:43:29 -0500] "GET /BLA/resoluciones/RESOLUCIONES%202008/4358.pdf HTTP/1.1" 200 589135
66.249.65.123 - - [20/Oct/2014:04:43:50 -0500] "GET /BLA/resoluciones/RESOLUCIONES%202008/5526.pdf HTTP/1.1" 200 201080
66.249.65.123 - - [20/Oct/2014:04:44:11 -0500] "GET /BLA/resoluciones/RESOLUCIONES%202009/9302.pdf HTTP/1.1" 200 1211709
66.249.65.119 - - [20/Oct/2014:04:44:13 -0500] "GET /BLA/resoluciones/RESOLUCIONES%202007/RES%202007%202201%20AL%202300/RESOLUCION%202251%20DE%202007.pdf HTTP/1.1" 200 463696
66.249.65.119 - - [20/Oct/2014:04:44:28 -0500] "GET /BLA/resoluciones/RESOLUCIONES%202011/1192.pdf HTTP/1.1" 200 258730
66.249.65.115 - - [20/Oct/2014:04:44:32 -0500] "GET /BLA/resoluciones/RESOLUCIONES%202008/1080.pdf HTTP/1.1" 200 304063
186.87.174.194 - - [20/Oct/2014:04:44:36 -0500] "GET /BLA/boletinlegal/js/jquery.scrollTo-min.js HTTP/1.1" 200 1150
186.87.174.194 - - [20/Oct/2014:04:44:36 -0500] "GET /BLA/boletinlegal/js/jquery.js HTTP/1.1" 200 57254
186.87.174.194 - - [20/Oct/2014:04:44:36 -0500] "GET /BLA/boletinlegal/js/jquery.scrollShow.js HTTP/1.1" 200 4586
180.76.5.176 - - [20/Oct/2014:04:44:52 -0500] "GET /BLA/resoluciones/index.php?dir=RESOLUCIONES+2006%2FRES+2006+2451-2500%2F HTTP/1.1" 200 12154
66.249.65.123 - - [20/Oct/2014:04:44:53 -0500] "GET /BLA/resoluciones/RESOLUCIONES%202008/0583.pdf HTTP/1.1" 200 426976
74.86.158.107 - - [20/Oct/2014:04:45:01 -0500] "HEAD / HTTP/1.1" 302 -
188.165.15.127 - - [20/Oct/2014:04:45:09 -0500] "GET /manual_funciones_Listado/index.php?dir=2.5.2.%20Subdirecci%C3%B3n%20Contractual/&sort=name&order=desc HTTP/1.1" 404 1018
66.249.65.123 - - [20/Oct/2014:04:45:14 -0500] "GET /BLA/resoluciones/RESOLUCIONES%202008/4195.pdf HTTP/1.1" 200 229688
188.165.15.27 - - [20/Oct/2014:04:45:15 -0500] "GET /BLA/resoluciones/RESOLUCIONES%202002/RES%202002%201701-1750/20021711.tif HTTP/1.1" 200 108802
100.43.85.25 - - [20/Oct/2014:04:45:31 -0500] "GET /htdocs/even/Cakdu7gt/tsld007.htm HTTP/1.1" 404 1019
66.249.65.123 - - [20/Oct/2014:04:45:35 -0500] "GET /BLA/resoluciones/RESOLUCIONES%202010/2293.pdf HTTP/1.1" 200 375970
66.249.65.123 - - [20/Oct/2014:04:45:56 -0500] "GET /BLA/resoluciones/RESOLUCIONES%202008/2382.pdf HTTP/1.1" 200 327679
188.165.15.177 - - [20/Oct/2014:04:46:13 -0500] "GET /BLA/resoluciones/RESOLUCIONES%202002/RES%202002%2051-100/2002RES98.tif HTTP/1.1" 200 116594
66.249.65.119 - - [20/Oct/2014:04:46:17 -0500] "GET /BLA/resoluciones/RESOLUCIONES%202010/4860.pdf HTTP/1.1" 200 754291
66.249.65.119 - - [20/Oct/2014:04:46:38 -0500] "GET /BLA/resoluciones/RESOLUCIONES%202010/6657.pdf HTTP/1.1" 200 903201
66.249.65.115 - - [20/Oct/2014:04:47:02 -0500] "GET /BLA/resoluciones/AUTOS%202010/1419.pdf HTTP/1.1" 200 181673
188.165.15.177 - - [20/Oct/2014:04:47:05 -0500] "GET /BLA/resoluciones/RESOLUCIONES%202006/RES%202006%20101-150/00000131.tif HTTP/1.1" 200 75496
66.249.65.123 - - [20/Oct/2014:04:47:20 -0500] "GET /BLA/resoluciones/RESOLUCIONES%202010/1665.pdf HTTP/1.1" 200 740476
66.249.65.115 - - [20/Oct/2014:04:47:41 -0500] "GET /BLA/resoluciones/RESOLUCIONES%202010/0403.pdf HTTP/1.1" 200 51974
66.249.65.115 - - [20/Oct/2014:04:48:23 -0500] "GET /BLA/resoluciones/RESOLUCIONES%202007/RES%202007%203701%20AL%203800/RESOLUCION%203799%20DE%202007.pdf HTTP/1.1" 200 301498
66.249.65.123 - - [20/Oct/2014:04:48:44 -0500] "GET /BLA/resoluciones/RESOLUCIONES%202007/RES%202007%201726%20AL%201800/RESOLUCION%201761%20DE%202007.pdf HTTP/1.1" 200 639810
66.249.65.55 - - [20/Oct/2014:04:48:58 -0500] "GET /Autoliquidacion/index.php?dir=Grupo+Forestal+-+Silvicultura%2F HTTP/1.1" 200 5756
66.249.65.119 - - [20/Oct/2014:04:49:05 -0500] "GET /BLA/resoluciones/RESOLUCIONES%202007/RES%202007%201726%20AL%201800/RESOLUCION%201754%20DE%202007.pdf HTTP/1.1" 200 288461
66.249.65.123 - - [20/Oct/2014:04:49:09 -0500] "GET /BLA/resoluciones/index.php?dir=RESOLUCIONES%202006/RES%202006%202351-2400/&sort=name&order=desc HTTP/1.1" 200 12356
218.30.103.61 - - [20/Oct/2014:04:49:14 -0500] "GET /robots.txt HTTP/1.1" 404 1018
66.249.65.119 - - [20/Oct/2014:04:49:26 -0500] "GET /BLA/resoluciones/RESOLUCIONES%202007/RES%202007%201726%20AL%201800/RESOLUCION%201747%20DE%202007.pdf HTTP/1.1" 200 205581
218.30.103.61 - - [20/Oct/2014:04:49:29 -0500] "GET /resoluciones/RESOLUCIONES%202009/0384.pdf HTTP/1.1" 404 1018
100.43.85.25 - - [20/Oct/2014:04:49:43 -0500] "GET /htdocs/even/Cakdu7gt/tsld026.htm HTTP/1.1" 404 1019
66.249.65.119 - - [20/Oct/2014:04:49:47 -0500] "GET /BLA/resoluciones/RESOLUCIONES%202007/RES%202007%202101%20AL%202200/RESOLUCION%202191%20DE%202007.pdf HTTP/1.1" 200 253658
218.30.103.61 - - [20/Oct/2014:04:49:57 -0500] "GET /resoluciones/RESOLUCIONES%202009/0360.pdf HTTP/1.1" 404 1018
74.86.158.107 - - [20/Oct/2014:04:50:01 -0500] "HEAD / HTTP/1.1" 302 -
66.249.65.115 - - [20/Oct/2014:04:50:08 -0500] "GET /Residuos/quimicos/files/search/search7.xml HTTP/1.1" 404 1018
66.249.65.123 - - [20/Oct/2014:04:50:29 -0500] "GET /BLA/resoluciones/AUTOS%202011/4984.pdf HTTP/1.1" 304 -
66.249.65.115 - - [20/Oct/2014:04:50:50 -0500] "GET /BLA/resoluciones/AUTOS%202008/1245.pdf HTTP/1.1" 200 63145
188.165.15.126 - - [20/Oct/2014:04:51:00 -0500] "GET /BLA/resoluciones/RESOLUCIONES%202004/RES%202004%201701-1750/00001742.tif HTTP/1.1" 200 149976
186.155.157.66 - - [20/Oct/2014:04:51:02 -0500] "GET /BLA/boletinlegal/js/jquery.js HTTP/1.1" 200 57254
186.155.157.66 - - [20/Oct/2014:04:51:02 -0500] "GET /BLA/boletinlegal/js/jquery.scrollTo-min.js HTTP/1.1" 200 1150
186.155.157.66 - - [20/Oct/2014:04:51:02 -0500] "GET /BLA/boletinlegal/js/jquery.scrollShow.js HTTP/1.1" 200 4586
66.249.65.119 - - [20/Oct/2014:04:51:11 -0500] "GET /BLA/resoluciones/RESOLUCIONES%202007/RES%202007%202601%20AL%202700/RESOLUCION%202654%20DE%202007.pdf HTTP/1.1" 200 796069
200.118.25.116 - - [20/Oct/2014:04:51:28 -0500] "GET /BLA/boletinlegal/js/jquery.js HTTP/1.1" 200 57254
200.118.25.116 - - [20/Oct/2014:04:51:29 -0500] "GET /BLA/boletinlegal/js/jquery.scrollTo-min.js HTTP/1.1" 200 1150
200.118.25.116 - - [20/Oct/2014:04:51:29 -0500] "GET /BLA/boletinlegal/js/jquery.scrollShow.js HTTP/1.1" 200 4586
66.249.65.119 - - [20/Oct/2014:04:51:32 -0500] "GET /BLA/resoluciones/AUTOS%202008/1657.pdf HTTP/1.1" 200 320589
66.249.65.115 - - [20/Oct/2014:04:51:53 -0500] "GET /BLA/resoluciones/RESOLUCIONES%202010/7102.pdf HTTP/1.1" 200 194185
66.249.65.123 - - [20/Oct/2014:04:52:14 -0500] "GET /BLA/resoluciones/RESOLUCIONES%202010/2311.pdf HTTP/1.1" 200 513231
66.249.65.59 - - [20/Oct/2014:04:52:24 -0500] "GET /htdocs/even/solojefe1/tsld015.htm HTTP/1.1" 404 1019
66.249.65.119 - - [20/Oct/2014:04:52:35 -0500] "GET /BLA/resoluciones/AUTOS%202008/2788.pdf HTTP/1.1" 200 109432
66.249.65.115 - - [20/Oct/2014:04:52:56 -0500] "GET /BLA/resoluciones/AUTOS%202008/3165.pdf HTTP/1.1" 200 117607
188.165.15.27 - - [20/Oct/2014:04:53:00 -0500] "GET /manual_funciones_Listado/index.php?dir=1.3.%20Oficina%20Asesora%20de%20Comunicaciones/&sort=size&order=asc HTTP/1.1" 404 1018
66.249.65.115 - - [20/Oct/2014:04:53:17 -0500] "GET /BLA/resoluciones/AUTOS%202011/7541.pdf HTTP/1.1" 200 556104
66.249.65.119 - - [20/Oct/2014:04:53:38 -0500] "GET /BLA/resoluciones/RESOLUCIONES%202011/1693.pdf HTTP/1.1" 200 70289
66.249.65.123 - - [20/Oct/2014:04:53:54 -0500] "GET /BLA/resoluciones/RESOLUCIONES%202004/RES%202004%20851-900/00000900.tif HTTP/1.1" 200 103642
100.43.85.25 - - [20/Oct/2014:04:53:54 -0500] "GET /htdocs/gestor/g6.htm HTTP/1.1" 404 1019
66.249.65.119 - - [20/Oct/2014:04:53:59 -0500] "GET /BLA/resoluciones/RESOLUCIONES%202009/2512.pdf HTTP/1.1" 200 787694
66.249.93.102 - - [20/Oct/2014:04:54:01 -0500] "GET /BLA/boletinlegal/js/jquery.scrollTo-min.js HTTP/1.1" 200 1150
66.249.93.102 - - [20/Oct/2014:04:54:01 -0500] "GET /BLA/boletinlegal/js/jquery.js HTTP/1.1" 200 57254
66.249.93.102 - - [20/Oct/2014:04:54:01 -0500] "GET /BLA/boletinlegal/js/jquery.scrollShow.js HTTP/1.1" 200 4586
66.249.93.102 - - [20/Oct/2014:04:54:01 -0500] "GET /BLA/boletinlegal/js/jquery.scrollShow.js HTTP/1.1" 200 4586
66.249.93.102 - - [20/Oct/2014:04:54:01 -0500] "GET /BLA/boletinlegal/js/jquery.scrollTo-min.js HTTP/1.1" 200 1150
66.249.93.102 - - [20/Oct/2014:04:54:01 -0500] "GET /BLA/boletinlegal/js/jquery.js HTTP/1.1" 200 57254
66.249.93.102 - - [20/Oct/2014:04:54:01 -0500] "GET /BLA/boletinlegal/js/jquery.scrollShow.js HTTP/1.1" 200 4586
180.76.5.26 - - [20/Oct/2014:04:54:05 -0500] "GET /BLA/resoluciones/RESOLUCIONES%202008/2910.pdf HTTP/1.1" 200 639754
66.249.65.119 - - [20/Oct/2014:04:54:09 -0500] "GET /BLA/resoluciones/RESOLUCIONES%202007/RES%202007%201101%20AL%201200/RESOLUCION%201198%20DE%202007.pdf HTTP/1.1" 200 756669
66.249.65.119 - - [20/Oct/2014:04:54:20 -0500] "GET /BLA/resoluciones/AUTOS%202011/3211.pdf HTTP/1.1" 200 277569
66.249.65.123 - - [20/Oct/2014:04:54:21 -0500] "GET /BLA/resoluciones/AUTOS%202007/1453.pdf HTTP/1.1" 200 42797
180.76.5.77 - - [20/Oct/2014:04:54:41 -0500] "GET /BLA/resoluciones/AUTOS%202009/0886.pdf HTTP/1.1" 200 115824
66.249.65.119 - - [20/Oct/2014:04:54:41 -0500] "GET /BLA/resoluciones/AUTOS%202012/0955.pdf HTTP/1.1" 200 172016
74.86.158.107 - - [20/Oct/2014:04:55:01 -0500] "HEAD / HTTP/1.1" 302 -
66.249.65.119 - - [20/Oct/2014:04:55:02 -0500] "GET /BLA/resoluciones/AUTOS%202012/0307.pdf HTTP/1.1" 200 163669
66.249.65.123 - - [20/Oct/2014:04:55:23 -0500] "GET /BLA/resoluciones/AUTOS%202012/2223.pdf HTTP/1.1" 200 1973906
66.249.65.123 - - [20/Oct/2014:04:55:44 -0500] "GET /BLA/resoluciones/AUTOS%202008/0216.pdf HTTP/1.1" 304 -
66.249.65.119 - - [20/Oct/2014:04:56:05 -0500] "GET /BLA/resoluciones/AUTOS%202013/0148.pdf HTTP/1.1" 304 -
66.249.65.115 - - [20/Oct/2014:04:56:26 -0500] "GET /BLA/resoluciones/RESOLUCIONES%202007/RES%202007%202601%20AL%202700/RESOLUCION%202647%20DE%202007.pdf HTTP/1.1" 304 -
188.165.15.160 - - [20/Oct/2014:04:56:33 -0500] "GET /BLA/resoluciones/RESOLUCIONES%202005/RES%202005%201251-1300/00001294.tif HTTP/1.1" 200 137882
188.165.15.127 - - [20/Oct/2014:04:56:35 -0500] "GET /BLA/resoluciones/RESOLUCIONES%202003/RES%202003%20001-050/2003RES32.tif HTTP/1.1" 200 291336
66.249.65.115 - - [20/Oct/2014:04:56:47 -0500] "GET /BLA/resoluciones/RESOLUCIONES%202010/2792.pdf HTTP/1.1" 200 435883
66.249.65.55 - - [20/Oct/2014:04:56:52 -0500] "GET /even/Ca0jr6ay/tsld028.htm HTTP/1.1" 404 1019
66.249.65.119 - - [20/Oct/2014:04:57:13 -0500] "GET /BLA/resoluciones/RESOLUCIONES%202011/3573.pdf HTTP/1.1" 304 -
66.249.65.115 - - [20/Oct/2014:04:57:29 -0500] "GET /BLA/resoluciones/RESOLUCIONES%202007/RES%202007%202201%20AL%202300/RESOLUCION%202279%20DE%202007.pdf HTTP/1.1" 304 -
188.165.15.90 - - [20/Oct/2014:04:57:34 -0500] "GET /manual_funciones_Listado/index.php?dir=2.3.2.%20Subdirecci%C3%83%C2%83%C3%82%C2%83%C3%83%C2%82%C3%82%C2%83%C3%83%C2%83%C3%82%C2%82%C3%83%C2%82%C3%82%C2%83%C3%83%C2%83%C3%82%C2%83%C3%83%C2%82%C3%82%C2%82%C3%83%C2%83%C3%82%C2%82%C3%83%C2%82%C3%82%C2%83%C3%83%C2%83%C3%82%C2%83%C3%83%C2%82%C3%82%C2%83%C3%83%C2%83%C3%82%C2%82%C3%83%C2%82%C3%82%C2%82%C3%83%C2%83%C3%82%C2%83%C3%83%C2%82%C3%82%C2%82%C3%83%C2%83%C3%82%C2%82%C3%83%C2%82%C3%82%C2%B3n%20de%20Ecosistemas%20y%20Ruralidad/&sort=date&order=desc HTTP/1.1" 404 1018
180.76.6.56 - - [20/Oct/2014:04:57:47 -0500] "GET /BLA/resoluciones/AUTOS%202011/6885.pdf HTTP/1.1" 200 188020
66.249.65.123 - - [20/Oct/2014:04:57:50 -0500] "GET /BLA/resoluciones/RESOLUCIONES%202010/5779.pdf HTTP/1.1" 200 384855
100.43.85.25 - - [20/Oct/2014:04:58:06 -0500] "GET /htdocs/even/Cakdu7gt/tsld009.htm HTTP/1.1" 404 1019
66.249.65.115 - - [20/Oct/2014:04:58:11 -0500] "GET /BLA/resoluciones/RESOLUCIONES%202007/RES%202007%201201%20AL%201300/RESOLUCION%201201%20DE%202007.pdf HTTP/1.1" 200 573672
66.249.65.123 - - [20/Oct/2014:04:58:32 -0500] "GET /BLA/resoluciones/RESOLUCIONES%202010/3031.pdf HTTP/1.1" 304 -
188.165.15.105 - - [20/Oct/2014:04:58:35 -0500] "GET /BLA/resoluciones/RESOLUCIONES%202003/RES%202003%201601-1650/20031650.tif HTTP/1.1" 200 309944
66.249.65.115 - - [20/Oct/2014:04:58:53 -0500] "GET /BLA/resoluciones/RESOLUCIONES%202010/6951.pdf HTTP/1.1" 304 -
66.249.65.123 - - [20/Oct/2014:04:59:12 -0500] "GET /BLA/resoluciones/AUTOS%202011/3973.pdf HTTP/1.1" 200 251775
66.249.65.123 - - [20/Oct/2014:04:59:14 -0500] "GET /BLA/resoluciones/RESOLUCIONES%202009/3902.pdf HTTP/1.1" 304 -
66.249.65.123 - - [20/Oct/2014:04:59:35 -0500] "GET /BLA/resoluciones/RESOLUCIONES%202009/4964.pdf HTTP/1.1" 200 350410
66.249.65.123 - - [20/Oct/2014:04:59:56 -0500] "GET /BLA/resoluciones/RESOLUCIONES%202013/0276.pdf HTTP/1.1" 304 -
74.86.158.107 - - [20/Oct/2014:05:00:01 -0500] "HEAD / HTTP/1.1" 302 -
66.249.65.123 - - [20/Oct/2014:05:00:17 -0500] "GET /BLA/resoluciones/AUTOS%202007/0716.pdf HTTP/1.1" 304 -
66.249.65.119 - - [20/Oct/2014:05:00:38 -0500] "GET /BLA/resoluciones/AUTOS%202013/0173.pdf HTTP/1.1" 304 -
66.249.65.123 - - [20/Oct/2014:05:00:59 -0500] "GET /BLA/resoluciones/AUTOS%202008/1178.pdf HTTP/1.1" 200 87489
201.216.14.104 - - [20/Oct/2014:05:00:59 -0500] "GET /galeria/carrusel/Carrusel/jquery.thumbnailScroller.css HTTP/1.1" 200 2066
201.216.14.104 - - [20/Oct/2014:05:00:59 -0500] "GET /galeria/carrusel/Carrusel/jquery-ui-1.8.13.custom.min.js HTTP/1.1" 200 10800
201.216.14.104 - - [20/Oct/2014:05:00:59 -0500] "GET /galeria/carrusel/Carrusel/jquery.thumbnailScroller.js HTTP/1.1" 200 8157
201.216.14.104 - - [20/Oct/2014:05:00:59 -0500] "GET /galeria/nivo-slider/demo/demo.html HTTP/1.1" 200 3648
201.216.14.104 - - [20/Oct/2014:05:01:00 -0500] "GET /galeria/nivo-slider/themes/default/default.css HTTP/1.1" 200 1569
201.216.14.104 - - [20/Oct/2014:05:01:00 -0500] "GET /galeria/nivo-slider/themes/orman/orman.css HTTP/1.1" 200 2152
201.216.14.104 - - [20/Oct/2014:05:01:00 -0500] "GET /galeria/nivo-slider/themes/pascal/pascal.css HTTP/1.1" 200 2258
201.216.14.104 - - [20/Oct/2014:05:01:00 -0500] "GET /galeria/nivo-slider/nivo-slider.css HTTP/1.1" 200 1507
201.216.14.104 - - [20/Oct/2014:05:01:00 -0500] "GET /galeria/nivo-slider/demo/style.css HTTP/1.1" 200 2222
201.216.14.104 - - [20/Oct/2014:05:01:00 -0500] "GET /galeria/nivo-slider/demo/images/banner-aceite3.jpg HTTP/1.1" 200 88347
201.216.14.104 - - [20/Oct/2014:05:01:00 -0500] "GET /galeria/nivo-slider/demo/images/EncuentroAgua1.jpg HTTP/1.1" 200 274179
201.216.14.104 - - [20/Oct/2014:05:01:00 -0500] "GET /galeria/nivo-slider/demo/images/mesTIC.jpg HTTP/1.1" 200 180719
201.216.14.104 - - [20/Oct/2014:05:01:00 -0500] "GET /galeria/nivo-slider/demo/images/Tingua-azul.jpg HTTP/1.1" 200 307638
201.216.14.104 - - [20/Oct/2014:05:01:00 -0500] "GET /galeria/nivo-slider/demo/images/Banner-Caracol-Africano.jpg HTTP/1.1" 200 331986
201.216.14.104 - - [20/Oct/2014:05:01:00 -0500] "GET /galeria/nivo-slider/demo/images/banner-redes.jpg HTTP/1.1" 200 62209
201.216.14.104 - - [20/Oct/2014:05:01:01 -0500] "GET /galeria/nivo-slider/demo/images/banner-llantas2.jpg HTTP/1.1" 200 73153
201.216.14.104 - - [20/Oct/2014:05:01:01 -0500] "GET /galeria/nivo-slider/demo/images/banner-encuesta.jpg HTTP/1.1" 200 42764
201.216.14.104 - - [20/Oct/2014:05:01:01 -0500] "GET /galeria/nivo-slider/demo/images/9Signos.jpg HTTP/1.1" 200 93040
201.216.14.104 - - [20/Oct/2014:05:01:01 -0500] "GET /galeria/nivo-slider/demo/images/banner-caballos.png HTTP/1.1" 200 389106
201.216.14.104 - - [20/Oct/2014:05:01:01 -0500] "GET /galeria/nivo-slider/demo/images/ConstructorasFNL.jpg HTTP/1.1" 200 216551
201.216.14.104 - - [20/Oct/2014:05:01:01 -0500] "GET /galeria/nivo-slider/demo/images/Hacienda_Molinos.jpg HTTP/1.1" 200 319171
201.216.14.104 - - [20/Oct/2014:05:01:01 -0500] "GET /galeria/nivo-slider/demo/images/bannerEcolecta3.jpg HTTP/1.1" 200 280034
201.216.14.104 - - [20/Oct/2014:05:01:02 -0500] "GET /galeria/nivo-slider/demo/scripts/jquery-1.7.1.min.js HTTP/1.1" 200 93868
201.216.14.104 - - [20/Oct/2014:05:01:03 -0500] "GET /galeria/nivo-slider/jquery.nivo.slider.pack.js HTTP/1.1" 200 11561
201.216.14.104 - - [20/Oct/2014:05:01:03 -0500] "GET /galeria/nivo-slider/demo/images/4Simple_Slider.png HTTP/1.1" 200 11722
201.216.14.104 - - [20/Oct/2014:05:01:04 -0500] "GET /galeria/nivo-slider/themes/default/loading.gif HTTP/1.1" 200 1737
201.216.14.104 - - [20/Oct/2014:05:01:05 -0500] "GET /galeria/nivo-slider/themes/default/arrows.png HTTP/1.1" 200 824
201.216.14.104 - - [20/Oct/2014:05:01:05 -0500] "GET /galeria/nivo-slider/themes/default/bullets.png HTTP/1.1" 200 1281
201.216.14.104 - - [20/Oct/2014:05:01:06 -0500] "GET /videos/Spot_Tinguas.flv HTTP/1.1" 200 2087054
66.249.65.119 - - [20/Oct/2014:05:01:20 -0500] "GET /BLA/resoluciones/AUTOS%202008/3297.pdf HTTP/1.1" 200 56553
66.249.65.115 - - [20/Oct/2014:05:01:41 -0500] "GET /autoliquidacion/index.php?dir=Grupo+Forestal+-+Industria+de+la+Madera%2F HTTP/1.1" 200 7195
66.249.65.115 - - [20/Oct/2014:05:02:02 -0500] "GET /BLA/resoluciones/AUTOS%202008/1615.pdf HTTP/1.1" 200 87283
100.43.85.25 - - [20/Oct/2014:05:02:17 -0500] "GET /dama/libreria/pdf/planesdeaccion2006/ambiental/faunaseguim.pdf HTTP/1.1" 404 1019
66.249.65.119 - - [20/Oct/2014:05:02:29 -0500] "GET /BLA/resoluciones/AUTOS%202009/1302.pdf HTTP/1.1" 200 233830
66.249.65.119 - - [20/Oct/2014:05:02:29 -0500] "GET /BLA/resoluciones/AUTOS%202008/1379.pdf HTTP/1.1" 200 131699
66.249.65.123 - - [20/Oct/2014:05:02:44 -0500] "GET /BLA/resoluciones/AUTOS%202008/0506.pdf HTTP/1.1" 200 68832
66.249.65.119 - - [20/Oct/2014:05:03:05 -0500] "GET /planesacc/pdf/vivienda/ HTTP/1.1" 404 1018
66.249.65.123 - - [20/Oct/2014:05:03:26 -0500] "GET /BLA/resoluciones/RESOLUCIONES%202009/3660.pdf HTTP/1.1" 304 -
66.249.65.123 - - [20/Oct/2014:05:03:43 -0500] "GET /BLA/resoluciones/RESOLUCIONES%202004/RES%202004%201851-1900/00001857.tif HTTP/1.1" 200 149886
66.249.65.119 - - [20/Oct/2014:05:03:47 -0500] "GET /BLA/resoluciones/AUTOS%202009/1787.pdf HTTP/1.1" 200 98240
188.165.15.160 - - [20/Oct/2014:05:03:47 -0500] "GET /BLA/resoluciones/RESOLUCIONES%202006/RES%202006%202301-2350/00002328.tif HTTP/1.1" 200 247110
66.249.65.115 - - [20/Oct/2014:05:04:07 -0500] "GET /BLA/resoluciones/RESOLUCIONES%202007/RES%202007%201101%20AL%201200/RESOLUCION%201119%20DE%202007.pdf HTTP/1.1" 200 317929
66.249.65.115 - - [20/Oct/2014:05:04:09 -0500] "GET /BLA/resoluciones/RESOLUCIONES%202007/RES%202007%20801%20AL%20900/RESOLUCION%200832%20DE%202007.pdf HTTP/1.1" 200 131642
66.249.65.119 - - [20/Oct/2014:05:04:29 -0500] "GET /BLA/resoluciones/RESOLUCIONES%202010/1417.pdf HTTP/1.1" 304 -
148.251.124.173 - - [20/Oct/2014:05:04:34 -0500] "GET /robots.txt HTTP/1.0" 404 1015
148.251.124.173 - - [20/Oct/2014:05:04:38 -0500] "GET /portalsiaccapacitaciones/Soportes%20Capacitaciones%20A%C3%B1o%202013/?C=D;O=A HTTP/1.0" 200 16997
188.165.15.233 - - [20/Oct/2014:05:04:40 -0500] "GET /BLA/resoluciones/RESOLUCIONES%202006/RES%202006%202701-2750/00002711.tif HTTP/1.1" 200 206984
148.251.124.173 - - [20/Oct/2014:05:04:40 -0500] "GET /portalsiaccapacitaciones/Soportes%20Capacitaciones%20A%C3%B1o%202013/?C=M;O=A HTTP/1.0" 200 16997
148.251.124.173 - - [20/Oct/2014:05:04:43 -0500] "GET /portalsiaccapacitaciones/Soportes%20Capacitaciones%20A%C3%B1o%202013/?C=N;O=D HTTP/1.0" 200 16997
148.251.124.173 - - [20/Oct/2014:05:04:45 -0500] "GET /portalsiaccapacitaciones/Soportes%20Capacitaciones%20A%C3%B1o%202013/?C=S;O=A HTTP/1.0" 200 16997
66.249.65.119 - - [20/Oct/2014:05:04:50 -0500] "GET /BLA/resoluciones/RESOLUCIONES%202010/0524.pdf HTTP/1.1" 304 -
148.251.124.173 - - [20/Oct/2014:05:04:55 -0500] "GET /portalsiaccapacitaciones/Soportes%20Capacitaciones%20A%C3%B1o%202014/?C=D;O=A HTTP/1.0" 200 12885
74.86.158.107 - - [20/Oct/2014:05:05:01 -0500] "HEAD / HTTP/1.1" 302 -
66.249.65.123 - - [20/Oct/2014:05:05:11 -0500] "GET /BLA/resoluciones/AUTOS%202011/2748.pdf HTTP/1.1" 304 -
188.165.15.84 - - [20/Oct/2014:05:05:13 -0500] "GET /BLA/resoluciones/RESOLUCIONES%202003/RES%202003%20101-150/2003RES115.tif HTTP/1.1" 200 166276
148.251.124.173 - - [20/Oct/2014:05:05:13 -0500] "GET /portalsiaccapacitaciones/Soportes%20Capacitaciones%20A%C3%B1o%202014/?C=M;O=A HTTP/1.0" 200 12885
148.251.124.173 - - [20/Oct/2014:05:05:31 -0500] "GET /portalsiaccapacitaciones/Soportes%20Capacitaciones%20A%C3%B1o%202014/?C=N;O=D HTTP/1.0" 200 12885
66.249.65.123 - - [20/Oct/2014:05:05:32 -0500] "GET /BLA/resoluciones/RESOLUCIONES%202008/1025.pdf HTTP/1.1" 304 -
148.251.124.173 - - [20/Oct/2014:05:05:40 -0500] "GET /portalsiaccapacitaciones/Soportes%20Capacitaciones%20A%C3%B1o%202014/?C=S;O=A HTTP/1.0" 200 12885
148.251.124.173 - - [20/Oct/2014:05:05:52 -0500] "GET /robots.txt HTTP/1.0" 404 1019
66.249.65.119 - - [20/Oct/2014:05:05:53 -0500] "GET /BLA/resoluciones/RESOLUCIONES%202009/4361.pdf HTTP/1.1" 304 -
148.251.124.173 - - [20/Oct/2014:05:05:56 -0500] "GET /portalsiaccapacitaciones/Soportes%20Capacitaciones%20A%C3%B1o%202013/?C=D;O=A HTTP/1.0" 200 17001
148.251.124.173 - - [20/Oct/2014:05:05:59 -0500] "GET /portalsiaccapacitaciones/Soportes%20Capacitaciones%20A%C3%B1o%202013/?C=M;O=A HTTP/1.0" 200 17001
78.250.188.38 - - [20/Oct/2014:05:06:01 -0500] "GET /BLA/boletinlegal/js/jquery.js HTTP/1.1" 200 57254
78.250.188.38 - - [20/Oct/2014:05:06:01 -0500] "GET /BLA/boletinlegal/js/jquery.scrollTo-min.js HTTP/1.1" 200 1150
78.250.188.38 - - [20/Oct/2014:05:06:01 -0500] "GET /BLA/boletinlegal/js/jquery.scrollShow.js HTTP/1.1" 200 4586
148.251.124.173 - - [20/Oct/2014:05:06:01 -0500] "GET /portalsiaccapacitaciones/Soportes%20Capacitaciones%20A%C3%B1o%202013/?C=N;O=D HTTP/1.0" 200 17001
148.251.124.173 - - [20/Oct/2014:05:06:03 -0500] "GET /portalsiaccapacitaciones/Soportes%20Capacitaciones%20A%C3%B1o%202013/?C=S;O=A HTTP/1.0" 200 17001
148.251.124.173 - - [20/Oct/2014:05:06:09 -0500] "GET /portalsiaccapacitaciones/Soportes%20Capacitaciones%20A%C3%B1o%202014/?C=D;O=A HTTP/1.0" 200 12889
148.251.124.173 - - [20/Oct/2014:05:06:11 -0500] "GET /portalsiaccapacitaciones/Soportes%20Capacitaciones%20A%C3%B1o%202014/?C=M;O=A HTTP/1.0" 200 12889
66.249.65.123 - - [20/Oct/2014:05:06:14 -0500] "GET /BLA/resoluciones/RESOLUCIONES%202013/0553.pdf HTTP/1.1" 304 -
148.251.124.173 - - [20/Oct/2014:05:06:20 -0500] "GET /portalsiaccapacitaciones/Soportes%20Capacitaciones%20A%C3%B1o%202014/?C=N;O=D HTTP/1.0" 200 12889
100.43.85.25 - - [20/Oct/2014:05:06:28 -0500] "GET /vallashop/ins2.doc HTTP/1.1" 404 1019
148.251.124.173 - - [20/Oct/2014:05:06:30 -0500] "GET /portalsiaccapacitaciones/Soportes%20Capacitaciones%20A%C3%B1o%202014/?C=S;O=A HTTP/1.0" 200 12889
66.249.65.119 - - [20/Oct/2014:05:06:35 -0500] "GET /BLA/resoluciones/RESOLUCIONES%202007/RES%202007%204001%20AL%204100/RESOLUCION%204100%20DE%202007.pdf HTTP/1.1" 304 -
66.249.65.119 - - [20/Oct/2014:05:06:56 -0500] "GET /BLA/resoluciones/AUTOS%202009/3124.pdf HTTP/1.1" 304 -
207.46.13.141 - - [20/Oct/2014:05:06:56 -0500] "GET / HTTP/1.1" 302 -
123.125.71.84 - - [20/Oct/2014:05:06:59 -0500] "GET /BLA/resoluciones/RESOLUCIONES%25202010/3853.pdf HTTP/1.1" 404 1018
66.249.65.115 - - [20/Oct/2014:05:07:17 -0500] "GET /BLA/resoluciones/RESOLUCIONES%202007/RES%202007%20601%20AL%20700/RESOLUCION%200653%20DE%202007.pdf HTTP/1.1" 304 -
188.165.15.177 - - [20/Oct/2014:05:07:32 -0500] "GET /BLA/resoluciones/RESOLUCIONES%202002/RES%202002%2001-50/2002RES44.tif HTTP/1.1" 200 2485824
66.249.65.123 - - [20/Oct/2014:05:07:38 -0500] "GET /BLA/resoluciones/RESOLUCIONES%202008/1685.pdf HTTP/1.1" 304 -
66.249.65.115 - - [20/Oct/2014:05:07:51 -0500] "GET /BLA/resoluciones/AUTOS%202011/6249.pdf HTTP/1.1" 200 195460
188.165.15.188 - - [20/Oct/2014:05:07:58 -0500] "GET /manual_funciones_Listado/2.2.3.%20Subdirecci%C3%B3n%20de%20Calidad%20del%20Aire,%20Auditiva%20y%20Visual/?C=S;O=A HTTP/1.1" 404 1018
66.249.65.123 - - [20/Oct/2014:05:07:59 -0500] "GET /BLA/resoluciones/RESOLUCIONES%202007/RES%202007%201401%20AL%201500/RESOLUCION%201404%20DE%202007.pdf HTTP/1.1" 304 -
66.249.65.59 - - [20/Oct/2014:05:08:17 -0500] "GET /Metadatos_final_2014/Punto_Capt_Agua_Subte.xml HTTP/1.1" 200 32896
66.249.65.115 - - [20/Oct/2014:05:08:20 -0500] "GET /BLA/resoluciones/RESOLUCIONES%202010/0417.pdf HTTP/1.1" 304 -
180.76.6.141 - - [20/Oct/2014:05:08:32 -0500] "GET /BLA/resoluciones/AUTOS%202011/5690.pdf HTTP/1.1" 200 134171
66.249.65.115 - - [20/Oct/2014:05:08:41 -0500] "GET /BLA/resoluciones/RESOLUCIONES%202008/0411.pdf HTTP/1.1" 304 -
66.249.65.119 - - [20/Oct/2014:05:09:02 -0500] "GET /BLA/resoluciones/AUTOS%202013/1308.pdf HTTP/1.1" 304 -
188.165.15.233 - - [20/Oct/2014:05:09:16 -0500] "GET /BLA/resoluciones/RESOLUCIONES%202004/RES%202004%201701-1750/00001726.tif HTTP/1.1" 200 147376
66.249.65.115 - - [20/Oct/2014:05:09:23 -0500] "GET /BLA/resoluciones/RESOLUCIONES%202007/RES%202007%202601%20AL%202700/RESOLUCION%202646%20DE%202007.pdf HTTP/1.1" 304 -
181.61.88.112 - - [20/Oct/2014:05:09:27 -0500] "GET /BLA/boletinlegal/js/jquery.js HTTP/1.1" 200 57254
181.61.88.112 - - [20/Oct/2014:05:09:27 -0500] "GET /BLA/boletinlegal/js/jquery.scrollTo-min.js HTTP/1.1" 200 1150
181.61.88.112 - - [20/Oct/2014:05:09:27 -0500] "GET /BLA/boletinlegal/js/jquery.scrollShow.js HTTP/1.1" 200 4586
66.249.65.123 - - [20/Oct/2014:05:09:44 -0500] "GET /BLA/resoluciones/RESOLUCIONES%202009/2046.pdf HTTP/1.1" 304 -
74.86.158.107 - - [20/Oct/2014:05:10:01 -0500] "HEAD / HTTP/1.1" 302 -
66.249.65.123 - - [20/Oct/2014:05:10:05 -0500] "GET /BLA/resoluciones/RESOLUCIONES%202011/5532.pdf HTTP/1.1" 304 -
66.249.65.119 - - [20/Oct/2014:05:10:26 -0500] "GET /BLA/resoluciones/RESOLUCIONES%202010/7772.pdf HTTP/1.1" 304 -
100.43.85.25 - - [20/Oct/2014:05:10:39 -0500] "GET /dama/libreria/pdf/planesdeaccion2006/juridica/atenciud.pdf HTTP/1.1" 404 1019
66.249.65.119 - - [20/Oct/2014:05:10:47 -0500] "GET /BLA/resoluciones/RESOLUCIONES%202010/4788.pdf HTTP/1.1" 304 -
66.249.65.115 - - [20/Oct/2014:05:11:08 -0500] "GET /BLA/resoluciones/RESOLUCIONES%202007/RES%202007%203201%20AL%203300/RESOLUCION%203246%20DE%202007.pdf HTTP/1.1" 200 690500
66.249.65.115 - - [20/Oct/2014:05:11:29 -0500] "GET /BLA/resoluciones/AUTOS%202013/0128.pdf HTTP/1.1" 304 -
186.84.1.8 - - [20/Oct/2014:05:11:29 -0500] "GET /BLA/boletinlegal/js/jquery.scrollTo-min.js HTTP/1.1" 200 1150
186.84.1.8 - - [20/Oct/2014:05:11:29 -0500] "GET /BLA/boletinlegal/js/jquery.js HTTP/1.1" 200 57254
186.84.1.8 - - [20/Oct/2014:05:11:29 -0500] "GET /BLA/boletinlegal/js/jquery.scrollShow.js HTTP/1.1" 200 4586
66.249.65.55 - - [20/Oct/2014:05:11:41 -0500] "GET /BLA/boletinlegal/Circulares/2013/Circular%20No.%207%20del%201%20de%20Agosto%20de%202013.pdf HTTP/1.1" 304 -
66.249.65.123 - - [20/Oct/2014:05:11:50 -0500] "GET /BLA/resoluciones/RESOLUCIONES%202013/0807.pdf HTTP/1.1" 304 -
66.249.65.115 - - [20/Oct/2014:05:11:52 -0500] "GET /even/Ca0jr6ay/tsld028.htm HTTP/1.1" 404 1018
66.249.65.123 - - [20/Oct/2014:05:12:11 -0500] "GET /BLA/resoluciones/RESOLUCIONES%202011/4684.pdf HTTP/1.1" 304 -
66.249.65.123 - - [20/Oct/2014:05:12:32 -0500] "GET /BLA/resoluciones/RESOLUCIONES%202007/RES%202007%202401%20AL%202500/RESOLUCION%202401%20DE%202007.pdf HTTP/1.1" 304 -
66.249.65.123 - - [20/Oct/2014:05:12:53 -0500] "GET /BLA/resoluciones/AUTOS%202010/6936.pdf HTTP/1.1" 304 -
66.249.65.123 - - [20/Oct/2014:05:13:24 -0500] "GET /BLA/resoluciones/AUTOS%202013/0099.pdf HTTP/1.1" 304 -
66.249.65.123 - - [20/Oct/2014:05:13:35 -0500] "GET /BLA/resoluciones/RESOLUCIONES%202009/9527.pdf HTTP/1.1" 200 438004
220.181.108.166 - - [20/Oct/2014:05:13:40 -0500] "GET /BLA/boletinlegal/js/jquery.scrollTo-min.js HTTP/1.1" 200 1150
220.181.108.145 - - [20/Oct/2014:05:13:41 -0500] "GET /galeria/carrusel/Carrusel/jquery.thumbnailScroller.css HTTP/1.1" 200 2066
220.181.108.150 - - [20/Oct/2014:05:13:42 -0500] "GET /galeria/carrusel/Carrusel/jquery-ui-1.8.13.custom.min.js HTTP/1.1" 200 10800
220.181.108.181 - - [20/Oct/2014:05:13:45 -0500] "GET /galeria/carrusel/Carrusel/jquery.thumbnailScroller.js HTTP/1.1" 200 8157
66.249.65.123 - - [20/Oct/2014:05:13:56 -0500] "GET /BLA/resoluciones/RESOLUCIONES%202007/RES%202007%202601%20AL%202700/RESOLUCION%202643%20DE%202007.pdf HTTP/1.1" 304 -
66.249.65.59 - - [20/Oct/2014:05:13:57 -0500] "GET /BLA/boletinlegal/jurisprudencia/analisis/SENTENCIA%20C-703%20DE%202010.xls HTTP/1.1" 304 -
66.249.65.119 - - [20/Oct/2014:05:14:13 -0500] "GET /BLA/resoluciones/RESOLUCIONES%202007/RES%202007%202201%20AL%202300/RESOLUCION%202268%20%20DE%202007.pdf HTTP/1.1" 200 226787
66.249.65.119 - - [20/Oct/2014:05:14:16 -0500] "GET /BLA/resoluciones/RESOLUCIONES%202012/0295.pdf HTTP/1.1" 304 -
66.249.65.119 - - [20/Oct/2014:05:14:38 -0500] "GET /BLA/resoluciones/AUTOS%202013/0133.pdf HTTP/1.1" 304 -
100.43.85.25 - - [20/Oct/2014:05:14:50 -0500] "GET /dama/libreria/pdf/planesdeaccion2006/ecosis/minero.pdf HTTP/1.1" 404 1019
66.249.65.123 - - [20/Oct/2014:05:14:59 -0500] "GET /BLA/resoluciones/RESOLUCIONES%202013/0297.pdf HTTP/1.1" 200 1838544
74.86.158.107 - - [20/Oct/2014:05:15:01 -0500] "HEAD / HTTP/1.1" 302 -
66.249.65.115 - - [20/Oct/2014:05:15:20 -0500] "GET /BLA/resoluciones/Autos%202008/2105.pdf HTTP/1.1" 200 144739
188.165.15.27 - - [20/Oct/2014:05:15:24 -0500] "GET /manual_funciones_Listado/index.php?dir=2.%20Subsecretar%C3%83%C2%83%C3%82%C2%ADa%20General%20y%20de%20Control%20Disciplinario/&sort=name&order=asc HTTP/1.1" 404 1018
66.249.65.123 - - [20/Oct/2014:05:15:41 -0500] "GET /BLA/resoluciones/RESOLUCIONES%202007/RES%202007%203901%20AL%204000/RESOLUCION%203957%20DE%202007.pdf HTTP/1.1" 304 -
66.249.65.123 - - [20/Oct/2014:05:16:01 -0500] "GET /BLA/resoluciones/RESOLUCIONES%202007/RES%202007%202401%20AL%202500/RESOLUCION%202488%20DE%202007.pdf HTTP/1.1" 200 387774
66.249.65.123 - - [20/Oct/2014:05:16:22 -0500] "GET /BLA/resoluciones/AUTOS%202010/2607.pdf HTTP/1.1" 304 -
66.249.65.115 - - [20/Oct/2014:05:16:43 -0500] "GET /BLA/resoluciones/RESOLUCIONES%202007/RES%202007%201901%20AL%202000/RESOLUCION%201918%20DE%202007.pdf HTTP/1.1" 304 -
186.113.10.143 - - [20/Oct/2014:05:16:55 -0500] "GET /galeria/nivo-slider/demo/demo.html HTTP/1.1" 304 -
