!C99Shell v. 1.0 pre-release build #13!

Software: Apache. PHP/5.5.15 

uname -a: Windows NT SVR-DMZ 6.1 build 7600 (Windows Server 2008 R2 Enterprise Edition) i586 

SYSTEM 

Safe-mode: OFF (not secure)

E:\copia nuevo\apache\logs\   drwxrwxrwx
Free 9.42 GB of 239.26 GB (3.94%)
Detected drives: [ a ] [ c ] [ d ] [ e ] [ f ]
Home    Back    Forward    UPDIR    Refresh    Search    Buffer    Encoder    Tools    Proc.    FTP brute    Sec.    SQL    PHP-code    Update    Feedback    Self remove    Logout    


Viewing file:     error.2014.10.06.log (31.95 KB)      -rw-rw-rw-
Select action/file-type:
(+) | (+) | (+) | Code (+) | Session (+) | (+) | SDB (+) | (+) | (+) | (+) | (+) | (+) |
[Mon Oct 06 10:46:17.318591 2014] [core:warn] [pid 4064:tid 296] AH00098: pid file E:/nuevo/apache/logs/httpd.pid overwritten -- Unclean shutdown of previous Apache run?
[Mon Oct 06 10:46:17.318591 2014] [auth_digest:notice] [pid 4064:tid 296] AH01757: generating secret for digest authentication ...
[Mon Oct 06 10:46:17.724192 2014] [mpm_winnt:notice] [pid 4064:tid 296] AH00455: Apache/2.4.10 (Win32) OpenSSL/1.0.1i PHP/5.5.15 configured -- resuming normal operations
[Mon Oct 06 10:46:17.724192 2014] [mpm_winnt:notice] [pid 4064:tid 296] AH00456: Apache Lounge VC11 Server built: Jul 17 2014 11:50:08
[Mon Oct 06 10:46:17.724192 2014] [core:notice] [pid 4064:tid 296] AH00094: Command line: 'e:\\nuevo\\apache\\bin\\httpd.exe -d E:/nuevo/apache'
[Mon Oct 06 10:46:17.724192 2014] [mpm_winnt:notice] [pid 4064:tid 296] AH00418: Parent: Created child process 3304
[Mon Oct 06 10:46:18.410593 2014] [auth_digest:notice] [pid 3304:tid 308] AH01757: generating secret for digest authentication ...
[Mon Oct 06 10:46:18.644594 2014] [mpm_winnt:notice] [pid 3304:tid 308] AH00354: Child: Starting 150 worker threads.
[Mon Oct 06 10:49:13.848501 2014] [authz_core:error] [pid 3304:tid 1668] [client 74.86.158.107:15486] AH01630: client denied by server configuration: E:/nuevo/htdocs/xampp/
[Mon Oct 06 10:50:52.752675 2014] [core:warn] [pid 8012:tid 300] AH00098: pid file E:/nuevo/apache/logs/httpd.pid overwritten -- Unclean shutdown of previous Apache run?
[Mon Oct 06 10:50:52.752675 2014] [auth_digest:notice] [pid 8012:tid 300] AH01757: generating secret for digest authentication ...
[Mon Oct 06 10:50:52.971075 2014] [mpm_winnt:notice] [pid 8012:tid 300] AH00455: Apache/2.4.10 (Win32) OpenSSL/1.0.1i PHP/5.5.15 configured -- resuming normal operations
[Mon Oct 06 10:50:52.971075 2014] [mpm_winnt:notice] [pid 8012:tid 300] AH00456: Apache Lounge VC11 Server built: Jul 17 2014 11:50:08
[Mon Oct 06 10:50:52.971075 2014] [core:notice] [pid 8012:tid 300] AH00094: Command line: 'e:\\nuevo\\apache\\bin\\httpd.exe -d E:/nuevo/apache'
[Mon Oct 06 10:50:52.971075 2014] [mpm_winnt:notice] [pid 8012:tid 300] AH00418: Parent: Created child process 3212
[Mon Oct 06 10:50:53.657477 2014] [auth_digest:notice] [pid 3212:tid 312] AH01757: generating secret for digest authentication ...
[Mon Oct 06 10:50:53.875877 2014] [mpm_winnt:notice] [pid 3212:tid 312] AH00354: Child: Starting 150 worker threads.
[Mon Oct 06 10:51:23.547129 2014] [core:warn] [pid 7452:tid 300] AH00098: pid file E:/nuevo/apache/logs/httpd.pid overwritten -- Unclean shutdown of previous Apache run?
[Mon Oct 06 10:51:23.547129 2014] [auth_digest:notice] [pid 7452:tid 300] AH01757: generating secret for digest authentication ...
[Mon Oct 06 10:51:23.765529 2014] [mpm_winnt:notice] [pid 7452:tid 300] AH00455: Apache/2.4.10 (Win32) OpenSSL/1.0.1i PHP/5.5.15 configured -- resuming normal operations
[Mon Oct 06 10:51:23.765529 2014] [mpm_winnt:notice] [pid 7452:tid 300] AH00456: Apache Lounge VC11 Server built: Jul 17 2014 11:50:08
[Mon Oct 06 10:51:23.765529 2014] [core:notice] [pid 7452:tid 300] AH00094: Command line: 'e:\\nuevo\\apache\\bin\\httpd.exe -d E:/nuevo/apache'
[Mon Oct 06 10:51:23.765529 2014] [mpm_winnt:notice] [pid 7452:tid 300] AH00418: Parent: Created child process 3588
[Mon Oct 06 10:51:24.436331 2014] [auth_digest:notice] [pid 3588:tid 312] AH01757: generating secret for digest authentication ...
[Mon Oct 06 10:51:24.670331 2014] [mpm_winnt:notice] [pid 3588:tid 312] AH00354: Child: Starting 150 worker threads.
[Mon Oct 06 10:54:13.759028 2014] [authz_core:error] [pid 3588:tid 1836] [client 74.86.158.107:17565] AH01630: client denied by server configuration: E:/nuevo/htdocs/xampp/
[Mon Oct 06 10:57:23.611362 2014] [proxy_http:error] [pid 3588:tid 1804] (20014)Internal error: [client 201.245.192.253:55526] AH01102: error reading status line from remote server 172.22.1.47:80, referer: http://190.27.245.106/forest/index2.jsp?_a=0.9325041139923838
[Mon Oct 06 10:57:23.642562 2014] [proxy_http:error] [pid 3588:tid 1804] (20014)Internal error: [client 201.245.192.253:55602] AH01102: error reading status line from remote server 172.22.1.47:80, referer: http://190.27.245.106/forest/index2.jsp?_a=0.9325041139923838
[Mon Oct 06 10:57:23.642562 2014] [proxy:error] [pid 3588:tid 1804] [client 201.245.192.253:55602] AH00898: Error reading from remote server returned by /forest/js/inicio.js, referer: http://190.27.245.106/forest/index2.jsp?_a=0.9325041139923838
[Mon Oct 06 10:57:43.891397 2014] [authz_core:error] [pid 3588:tid 1780] [client 201.245.192.253:55786] AH01630: client denied by server configuration: E:/nuevo/htdocs/xampp/
[Mon Oct 06 10:57:44.749399 2014] [authz_core:error] [pid 3588:tid 1764] [client 201.245.192.253:55785] AH01630: client denied by server configuration: E:/nuevo/htdocs/xampp/
[Mon Oct 06 10:59:13.747555 2014] [authz_core:error] [pid 3588:tid 1828] [client 74.86.158.107:16660] AH01630: client denied by server configuration: E:/nuevo/htdocs/xampp/
[Mon Oct 06 10:59:28.910782 2014] [authz_core:error] [pid 3588:tid 1852] [client 201.245.192.253:56924] AH01630: client denied by server configuration: E:/nuevo/htdocs/xampp/index.php
[Mon Oct 06 11:01:03.025747 2014] [authz_core:error] [pid 3588:tid 1796] [client 187.23.226.234:2610] AH01630: client denied by server configuration: E:/nuevo/htdocs/xampp/
[Mon Oct 06 11:02:42.803522 2014] [authz_core:error] [pid 3588:tid 1812] [client 201.245.192.253:59048] AH01630: client denied by server configuration: E:/nuevo/htdocs/xampp/, referer: http://www.google.com.co/url?sa=t&rct=j&q=&esrc=s&source=web&cd=1&ved=0CB0QFjAA&url=http%3A%2F%2F190.27.245.106%2F&ei=x70yVLSQDKrgsAS_vIHQAg&usg=AFQjCNE58TqgaJPH9gemeCskgT8wlWIvLA&bvm=bv.76802529,d.cWc
[Mon Oct 06 11:03:07.170765 2014] [authz_core:error] [pid 3588:tid 1620] [client 201.245.192.253:59268] AH01630: client denied by server configuration: E:/nuevo/htdocs/xampp/
[Mon Oct 06 11:03:21.803591 2014] [authz_core:error] [pid 3588:tid 1604] [client 201.245.192.253:59377] AH01630: client denied by server configuration: E:/nuevo/htdocs/xampp/
[Mon Oct 06 11:03:30.165205 2014] [proxy_http:error] [pid 3588:tid 1724] (OS 10054)An existing connection was forcibly closed by the remote host.  : [client 201.245.192.253:59492] AH01102: error reading status line from remote server 172.22.1.31:80, referer: http://190.27.245.106/isolucionsda/FrameSetGeneral.asp?Pagina1=FrameSetGeneral.asp&
[Mon Oct 06 11:03:30.165205 2014] [proxy:error] [pid 3588:tid 1724] [client 201.245.192.253:59492] AH00898: Error reading from remote server returned by /isolucionsda/BarraTitulos.asp, referer: http://190.27.245.106/isolucionsda/FrameSetGeneral.asp?Pagina1=FrameSetGeneral.asp&
[Mon Oct 06 11:03:30.227605 2014] [proxy_http:error] [pid 3588:tid 1604] (OS 10054)An existing connection was forcibly closed by the remote host.  : [client 201.245.192.253:59377] AH01102: error reading status line from remote server 172.22.1.31:80, referer: http://190.27.245.106/isolucionsda/Encabezado.asp?Pagina1=FrameSetGeneral.asp&&Pagina=MagazinHome.asp
[Mon Oct 06 11:03:57.714854 2014] [proxy_http:error] [pid 3588:tid 1708] (OS 10054)An existing connection was forcibly closed by the remote host.  : [client 201.245.192.253:59774] AH01102: error reading status line from remote server 172.22.1.31:80, referer: http://190.27.245.106/isolucionsda/FrameSetGeneral.asp?Pagina=BSC/BSC/Jerarquico.aspx&TipoGrupo=Tablero&Visualizacion=1&Grafico=2&FechaInicial=&FechaFinal=&IdElemento=&number=
[Mon Oct 06 11:04:13.736082 2014] [authz_core:error] [pid 3588:tid 1708] [client 74.86.158.107:33678] AH01630: client denied by server configuration: E:/nuevo/htdocs/xampp/
[Mon Oct 06 11:04:28.634108 2014] [core:warn] [pid 5444:tid 300] AH00098: pid file E:/nuevo/apache/logs/httpd.pid overwritten -- Unclean shutdown of previous Apache run?
[Mon Oct 06 11:04:28.634108 2014] [auth_digest:notice] [pid 5444:tid 300] AH01757: generating secret for digest authentication ...
[Mon Oct 06 11:04:28.836908 2014] [mpm_winnt:notice] [pid 5444:tid 300] AH00455: Apache/2.4.10 (Win32) OpenSSL/1.0.1i PHP/5.5.15 configured -- resuming normal operations
[Mon Oct 06 11:04:28.836908 2014] [mpm_winnt:notice] [pid 5444:tid 300] AH00456: Apache Lounge VC11 Server built: Jul 17 2014 11:50:08
[Mon Oct 06 11:04:28.836908 2014] [core:notice] [pid 5444:tid 300] AH00094: Command line: 'e:\\nuevo\\apache\\bin\\httpd.exe -d E:/nuevo/apache'
[Mon Oct 06 11:04:28.852508 2014] [mpm_winnt:notice] [pid 5444:tid 300] AH00418: Parent: Created child process 7256
[Mon Oct 06 11:04:29.523310 2014] [auth_digest:notice] [pid 7256:tid 312] AH01757: generating secret for digest authentication ...
[Mon Oct 06 11:04:29.757310 2014] [mpm_winnt:notice] [pid 7256:tid 312] AH00354: Child: Starting 150 worker threads.
[Mon Oct 06 11:04:44.795736 2014] [authz_core:error] [pid 7256:tid 1848] [client 201.245.192.253:47742] AH01630: client denied by server configuration: E:/nuevo/htdocs/xampp/
[Mon Oct 06 11:09:13.724609 2014] [authz_core:error] [pid 7256:tid 1688] [client 74.86.158.107:32908] AH01630: client denied by server configuration: E:/nuevo/htdocs/xampp/
[Mon Oct 06 11:14:21.793950 2014] [proxy_http:error] [pid 7256:tid 1728] (20014)Internal error: [client 201.245.192.253:52545] AH01102: error reading status line from remote server 172.22.1.47:80, referer: http://190.27.245.106/forest/index2.jsp?a=0.9477401746731722
[Mon Oct 06 11:21:08.751865 2014] [proxy_http:error] [pid 7256:tid 1648] (OS 10054)An existing connection was forcibly closed by the remote host.  : [client 201.245.192.253:58575] AH01102: error reading status line from remote server 172.22.1.31:80, referer: http://190.27.245.106/isolucionsda//FrameSetGeneral.asp?Pagina=BancoConocimiento/m/meci/meci.asp&IdModulo=16
[Mon Oct 06 11:21:08.751865 2014] [proxy:error] [pid 7256:tid 1648] [client 201.245.192.253:58575] AH00898: Error reading from remote server returned by /isolucionsda//BancoConocimiento/m/meci/meci.asp, referer: http://190.27.245.106/isolucionsda//FrameSetGeneral.asp?Pagina=BancoConocimiento/m/meci/meci.asp&IdModulo=16
[Mon Oct 06 11:21:13.509873 2014] [proxy_http:error] [pid 7256:tid 1808] (OS 10054)An existing connection was forcibly closed by the remote host.  : [client 201.245.192.253:58573] AH01102: error reading status line from remote server 172.22.1.31:80, referer: http://190.27.245.106/isolucionsda//FrameSetGeneral.asp?Pagina=BancoConocimiento/s/SistemadeGestionAmbiental_v0/SistemadeGestionAmbiental_v0.asp?&IdModulo=19
[Mon Oct 06 11:31:56.278802 2014] [proxy_http:error] [pid 7256:tid 1840] (20014)Internal error: [client 201.245.192.253:53425] AH01102: error reading status line from remote server 172.22.1.47:80, referer: http://190.27.245.106/forest/terceros.do?_a=0.6033650592060953&group_system_actual=6
[Mon Oct 06 11:38:06.358252 2014] [proxy_http:error] [pid 7256:tid 1596] (20014)Internal error: [client 201.245.192.253:57208] AH01102: error reading status line from remote server 172.22.1.47:80
[Mon Oct 06 11:38:06.436252 2014] [proxy_http:error] [pid 7256:tid 1696] (20014)Internal error: [client 201.245.192.253:57255] AH01102: error reading status line from remote server 172.22.1.47:80, referer: http://190.27.245.106/forest/
[Mon Oct 06 11:42:47.190945 2014] [proxy_http:error] [pid 7256:tid 1596] (20014)Internal error: [client 201.245.192.253:59890] AH01102: error reading status line from remote server 172.22.1.47:80, referer: http://190.27.245.106/forest/usutareas.do?group_system_actual=3&a=0.8160324021031394
[Mon Oct 06 11:43:07.408581 2014] [proxy_http:error] [pid 7256:tid 1648] (20014)Internal error: [client 201.245.192.253:47617] AH01102: error reading status line from remote server 172.22.1.47:80, referer: http://190.27.245.106/forest/usutareas.do?codTraEsc=16628391
[Mon Oct 06 11:46:37.260149 2014] [mpm_winnt:warn] [pid 7256:tid 2600] (OS 64)The specified network name is no longer available.  : AH00341: winnt_accept: Asynchronous AcceptEx failed.
[Mon Oct 06 11:48:54.259590 2014] [proxy_http:error] [pid 7256:tid 1680] (20014)Internal error: [client 201.245.192.253:51540] AH01102: error reading status line from remote server 172.22.1.47:80, referer: http://190.27.245.106/forest/buscar.do
[Mon Oct 06 11:58:36.265412 2014] [negotiation:error] [pid 7256:tid 1720] [client 66.102.7.49:48915] AH00690: no acceptable variant: E:/nuevo/apache/error/HTTP_NOT_FOUND.html.var
[Mon Oct 06 12:06:41.441864 2014] [proxy_http:error] [pid 7256:tid 1704] (20014)Internal error: [client 201.245.192.253:52609] AH01102: error reading status line from remote server 172.22.1.47:80, referer: http://190.27.245.106/forest/terceros.do?_a=0.6033650592060953&group_system_actual=6
[Mon Oct 06 12:07:51.875988 2014] [proxy_http:error] [pid 7256:tid 1832] (20014)Internal error: [client 201.245.192.253:53334] AH01102: error reading status line from remote server 172.22.1.47:80, referer: http://190.27.245.106/forest/usutareas.do?codTraEsc=16623823
[Mon Oct 06 12:09:12.512530 2014] [proxy_http:error] [pid 7256:tid 1728] (20014)Internal error: [client 201.245.192.253:54127] AH01102: error reading status line from remote server 172.22.1.47:80, referer: http://190.27.245.106/forest/usutareas.do?codTraEsc=16600928
[Mon Oct 06 12:10:11.589834 2014] [proxy_http:error] [pid 7256:tid 1672] (OS 10054)An existing connection was forcibly closed by the remote host.  : [client 200.93.168.186:37842] AH01102: error reading status line from remote server 172.22.1.31:80, referer: http://190.27.245.106/isolucionsda/Encabezado.asp?Pagina1=FrameSetGeneral.asp&&Pagina=MagazinHome.asp
[Mon Oct 06 12:10:11.589834 2014] [proxy_http:error] [pid 7256:tid 1792] (OS 10054)An existing connection was forcibly closed by the remote host.  : [client 200.93.168.186:61393] AH01102: error reading status line from remote server 172.22.1.31:80, referer: http://190.27.245.106/isolucionsda/Encabezado.asp?Pagina1=FrameSetGeneral.asp&&Pagina=MagazinHome.asp
[Mon Oct 06 12:10:35.941476 2014] [proxy_http:error] [pid 7256:tid 1848] (20014)Internal error: [client 201.245.192.253:54899] AH01102: error reading status line from remote server 172.22.1.47:80, referer: http://190.27.245.106/forest/index2.jsp?_a=0.5081919552758336
[Mon Oct 06 12:10:47.547897 2014] [proxy_http:error] [pid 7256:tid 1672] (20014)Internal error: [client 201.245.192.253:54933] AH01102: error reading status line from remote server 172.22.1.47:80, referer: http://190.27.245.106/forest/usutareas.do?_a=0.44848379236645997&group_system_actual=3
[Mon Oct 06 12:11:04.754727 2014] [proxy_http:error] [pid 7256:tid 1848] (20014)Internal error: [client 201.245.192.253:55071] AH01102: error reading status line from remote server 172.22.1.47:80, referer: http://190.27.245.106/forest/index2.jsp?_a=0.17493424535602253
[Mon Oct 06 12:11:04.754727 2014] [proxy:error] [pid 7256:tid 1848] [client 201.245.192.253:55071] AH00898: Error reading from remote server returned by /forest/skins/gdocs-jar/js/misprocesos.js, referer: http://190.27.245.106/forest/index2.jsp?_a=0.17493424535602253
[Mon Oct 06 12:11:15.425146 2014] [proxy_http:error] [pid 7256:tid 1704] (20014)Internal error: [client 201.245.192.253:55131] AH01102: error reading status line from remote server 172.22.1.47:80, referer: http://190.27.245.106/forest/misactividades.do?group_system_actual=3&codPro=198&_a=0.1011283893859446
[Mon Oct 06 12:11:15.503146 2014] [proxy_http:error] [pid 7256:tid 1704] (20014)Internal error: [client 201.245.192.253:55133] AH01102: error reading status line from remote server 172.22.1.47:80, referer: http://190.27.245.106/forest/misactividades.do?group_system_actual=3&codPro=198&_a=0.1011283893859446
[Mon Oct 06 12:11:15.503146 2014] [proxy:error] [pid 7256:tid 1704] [client 201.245.192.253:55133] AH00898: Error reading from remote server returned by /forest/misactividades.do, referer: http://190.27.245.106/forest/misactividades.do?group_system_actual=3&codPro=198&_a=0.1011283893859446
[Mon Oct 06 12:56:50.969951 2014] [:error] [pid 7256:tid 1848] [client 176.102.38.45:62293] script 'E:/nuevo/htdocs/wp-login.php' not found or unable to stat
[Mon Oct 06 12:56:51.406751 2014] [:error] [pid 7256:tid 1848] [client 176.102.38.45:62293] script 'E:/nuevo/htdocs/admin.php' not found or unable to stat
[Mon Oct 06 13:04:13.480328 2014] [:error] [pid 7256:tid 1832] [client 74.208.16.23:57221] script 'E:/nuevo/htdocs/wp-login.php' not found or unable to stat, referer: http://www.google.com/
[Mon Oct 06 13:06:26.408161 2014] [proxy_http:error] [pid 7256:tid 1632] (OS 10054)An existing connection was forcibly closed by the remote host.  : [client 201.245.192.253:54207] AH01102: error reading status line from remote server 172.22.1.31:80, referer: http://190.27.245.106/isolucionsda/Encabezado.asp?Pagina1=FrameSetGeneral.asp&&Pagina=MagazinHome.asp
[Mon Oct 06 13:06:30.464168 2014] [proxy_http:error] [pid 7256:tid 1560] (OS 10054)An existing connection was forcibly closed by the remote host.  : [client 201.245.192.253:54226] AH01102: error reading status line from remote server 172.22.1.31:80, referer: http://190.27.245.106/isolucionsda/FrameSetGeneral.asp?Pagina=Menu.asp&IdModulo=4
[Mon Oct 06 13:06:30.464168 2014] [proxy:error] [pid 7256:tid 1560] [client 201.245.192.253:54226] AH00898: Error reading from remote server returned by /isolucionsda/BarraFavoritos.asp, referer: http://190.27.245.106/isolucionsda/FrameSetGeneral.asp?Pagina=Menu.asp&IdModulo=4
[Mon Oct 06 13:14:05.984968 2014] [:error] [pid 7256:tid 1688] [client 74.208.16.23:52905] script 'E:/nuevo/htdocs/wp-login.php' not found or unable to stat, referer: http://www.google.com/
[Mon Oct 06 13:24:40.906084 2014] [:error] [pid 7256:tid 1520] [client 74.208.16.23:64839] script 'E:/nuevo/htdocs/wp-login.php' not found or unable to stat, referer: http://www.google.com/
[Mon Oct 06 13:34:52.179557 2014] [:error] [pid 7256:tid 1704] [client 74.208.16.23:60104] script 'E:/nuevo/htdocs/wp-login.php' not found or unable to stat, referer: http://www.google.com/
[Mon Oct 06 13:46:02.434735 2014] [proxy_http:error] [pid 7256:tid 1560] (OS 10054)An existing connection was forcibly closed by the remote host.  : [client 201.245.192.253:49162] AH01102: error reading status line from remote server 172.22.1.31:80, referer: http://190.27.245.106/isolucionsda/Encabezado.asp?Pagina=Menu.asp&IdModulo=7
[Mon Oct 06 13:46:02.434735 2014] [proxy:error] [pid 7256:tid 1560] [client 201.245.192.253:49162] AH00898: Error reading from remote server returned by /isolucionsda/Session.asp, referer: http://190.27.245.106/isolucionsda/Encabezado.asp?Pagina=Menu.asp&IdModulo=7
[Mon Oct 06 14:01:11.557531 2014] [proxy_http:error] [pid 7256:tid 1848] (OS 10060)A connection attempt failed because the connected party did not properly respond after a period of time, or established connection failed because connected host has failed to respond.  : [client 201.245.192.253:49874] AH01102: error reading status line from remote server 172.22.1.47:80, referer: http://190.27.245.106/forest/frameset?
[Mon Oct 06 14:01:11.557531 2014] [proxy:error] [pid 7256:tid 1848] [client 201.245.192.253:49874] AH00898: Error reading from remote server returned by /forest/frameset, referer: http://190.27.245.106/forest/frameset?
[Mon Oct 06 14:03:33.595781 2014] [proxy_http:error] [pid 7256:tid 1712] (OS 10054)An existing connection was forcibly closed by the remote host.  : [client 201.245.192.253:58605] AH01102: error reading status line from remote server 172.22.1.31:80, referer: http://190.27.245.106/isolucionsda/FrameSetGeneral.asp?Pagina1=FrameSetGeneral.asp&
[Mon Oct 06 14:03:33.595781 2014] [proxy:error] [pid 7256:tid 1712] [client 201.245.192.253:58605] AH00898: Error reading from remote server returned by /isolucionsda/BarraTitulos.asp, referer: http://190.27.245.106/isolucionsda/FrameSetGeneral.asp?Pagina1=FrameSetGeneral.asp&
[Mon Oct 06 14:14:29.218132 2014] [:error] [pid 7256:tid 1768] [client 157.55.39.178:29142] script 'E:/nuevo/htdocs/dos.php' not found or unable to stat
[Mon Oct 06 14:18:32.765760 2014] [:error] [pid 7256:tid 1672] [client 157.55.39.53:52135] script 'E:/nuevo/htdocs/prueba2.php' not found or unable to stat
[Mon Oct 06 14:18:33.171361 2014] [:error] [pid 7256:tid 1672] [client 157.55.39.53:52135] script 'E:/nuevo/htdocs/phpinfo.php' not found or unable to stat
[Mon Oct 06 14:18:33.810962 2014] [:error] [pid 7256:tid 1672] [client 157.55.39.53:52135] script 'E:/nuevo/htdocs/index_xampp.php' not found or unable to stat
[Mon Oct 06 14:18:34.590963 2014] [:error] [pid 7256:tid 1672] [client 157.55.39.53:52135] script 'E:/nuevo/htdocs/index2.php' not found or unable to stat
[Mon Oct 06 14:18:36.525367 2014] [:error] [pid 7256:tid 1672] [client 157.55.39.53:52135] script 'E:/nuevo/htdocs/calendar.php' not found or unable to stat
[Mon Oct 06 14:19:15.806236 2014] [proxy_http:error] [pid 7256:tid 1544] (OS 10054)An existing connection was forcibly closed by the remote host.  : [client 201.245.192.253:55954] AH01102: error reading status line from remote server 172.22.1.31:80, referer: http://190.27.245.106/isolucionsda/FrameSetGeneral.asp?Pagina1=FrameSetGeneral.asp&
[Mon Oct 06 14:19:15.806236 2014] [proxy:error] [pid 7256:tid 1544] [client 201.245.192.253:55954] AH00898: Error reading from remote server returned by /isolucionsda/MagazinHome.asp, referer: http://190.27.245.106/isolucionsda/FrameSetGeneral.asp?Pagina1=FrameSetGeneral.asp&
[Mon Oct 06 14:19:22.046247 2014] [:error] [pid 7256:tid 1672] [client 157.55.39.53:39127] script 'E:/nuevo/htdocs/SQLyogTunnel.php' not found or unable to stat
[Mon Oct 06 14:43:13.943562 2014] [proxy_http:error] [pid 7256:tid 1832] (20014)Internal error: [client 201.245.192.253:56745] AH01102: error reading status line from remote server 172.22.1.47:80, referer: http://190.27.245.106/forest/system/document.jsp?codDoc=1899020
[Mon Oct 06 14:48:33.556923 2014] [proxy_http:error] [pid 7256:tid 1616] (OS 10054)An existing connection was forcibly closed by the remote host.  : [client 201.245.192.253:47515] AH01102: error reading status line from remote server 172.22.1.31:80, referer: http://190.27.245.106/isolucionsda/FrameSetGeneral.asp?Pagina1=FrameSetGeneral.asp&
[Mon Oct 06 14:48:33.556923 2014] [proxy:error] [pid 7256:tid 1616] [client 201.245.192.253:47515] AH00898: Error reading from remote server returned by /isolucionsda/BarraFavoritos.asp, referer: http://190.27.245.106/isolucionsda/FrameSetGeneral.asp?Pagina1=FrameSetGeneral.asp&
[Mon Oct 06 14:48:35.678527 2014] [proxy_http:error] [pid 7256:tid 1656] (OS 10054)An existing connection was forcibly closed by the remote host.  : [client 201.245.192.253:47547] AH01102: error reading status line from remote server 172.22.1.31:80
[Mon Oct 06 14:48:35.678527 2014] [proxy:error] [pid 7256:tid 1656] [client 201.245.192.253:47547] AH00898: Error reading from remote server returned by /isolucionsda/infowndcore.js
[Mon Oct 06 15:04:08.965766 2014] [proxy_http:error] [pid 7256:tid 1664] (20014)Internal error: [client 201.245.192.253:57008] AH01102: error reading status line from remote server 172.22.1.47:80, referer: http://190.27.245.106/forest/
[Mon Oct 06 15:13:02.751904 2014] [proxy_http:error] [pid 7256:tid 1632] (20014)Internal error: [client 201.245.192.253:50750] AH01102: error reading status line from remote server 172.22.1.47:80, referer: http://190.27.245.106/forest/buscar.do?
[Mon Oct 06 15:15:56.832609 2014] [negotiation:error] [pid 7256:tid 1672] [client 201.245.192.253:52724] AH00690: no acceptable variant: E:/nuevo/apache/error/HTTP_NOT_FOUND.html.var, referer: http://190.27.245.106/BLA/boletinlegal/admin/documentos/ingresar.php
[Mon Oct 06 15:22:31.497703 2014] [:error] [pid 7256:tid 1792] [client 80.246.51.214:54394] script 'E:/nuevo/htdocs/wp-login.php' not found or unable to stat, referer: http://www.google.com/
[Mon Oct 06 15:23:25.582998 2014] [:error] [pid 7256:tid 1752] [client 157.55.39.253:11377] script 'E:/nuevo/htdocs/up_options.php' not found or unable to stat
[Mon Oct 06 15:24:43.052734 2014] [:error] [pid 7256:tid 1760] [client 157.55.39.254:22794] script 'E:/nuevo/htdocs/autentica.php' not found or unable to stat
[Mon Oct 06 15:26:27.620717 2014] [proxy_http:error] [pid 7256:tid 1776] (20014)Internal error: [client 201.245.192.253:59587] AH01102: error reading status line from remote server 172.22.1.47:80, referer: http://190.27.245.106/forest/index2.jsp?a=0.5658243699283242
[Mon Oct 06 15:26:27.667518 2014] [proxy_http:error] [pid 7256:tid 1584] (20014)Internal error: [client 201.245.192.253:59589] AH01102: error reading status line from remote server 172.22.1.47:80, referer: http://190.27.245.106/forest/index2.jsp?a=0.5658243699283242
[Mon Oct 06 15:32:11.992322 2014] [:error] [pid 7256:tid 1752] [client 65.75.160.133:34119] script 'E:/nuevo/htdocs/wp-login.php' not found or unable to stat, referer: http://www.google.com/
[Mon Oct 06 15:34:40.488983 2014] [:error] [pid 7256:tid 1568] [client 157.55.39.58:62089] script 'E:/nuevo/htdocs/enviamail.php' not found or unable to stat
[Mon Oct 06 15:34:40.800984 2014] [:error] [pid 7256:tid 1568] [client 157.55.39.58:62089] script 'E:/nuevo/htdocs/emsproxy.php' not found or unable to stat
[Mon Oct 06 15:41:55.542547 2014] [:error] [pid 7256:tid 1568] [client 92.114.82.10:59633] script 'E:/nuevo/htdocs/wp-login.php' not found or unable to stat, referer: http://www.google.com/
[Mon Oct 06 15:46:06.078987 2014] [:error] [pid 7256:tid 1528] [client 201.245.192.253:58586] script 'E:/nuevo/htdocs/BLA/boletinlegal/dex3.php' not found or unable to stat
[Mon Oct 06 15:46:07.280189 2014] [negotiation:error] [pid 7256:tid 1528] [client 201.245.192.253:58586] AH00690: no acceptable variant: E:/nuevo/apache/error/HTTP_NOT_FOUND.html.var, referer: http://190.27.245.106/BLA/boletinlegal/admin/documentos/ingresar.php
[Mon Oct 06 15:49:09.769310 2014] [proxy_http:error] [pid 7256:tid 1552] (20014)Internal error: [client 201.245.192.253:47992] AH01102: error reading status line from remote server 172.22.1.47:80, referer: http://190.27.245.106/forest/usutareas.do?_a=0.4042634544557018&group_system_actual=3
[Mon Oct 06 15:51:24.818747 2014] [:error] [pid 7256:tid 1848] [client 62.173.147.193:35101] script 'E:/nuevo/htdocs/wp-login.php' not found or unable to stat, referer: http://www.google.com/
[Mon Oct 06 15:54:44.967099 2014] [negotiation:error] [pid 7256:tid 1768] [client 201.245.192.253:51437] AH00690: no acceptable variant: E:/nuevo/apache/error/HTTP_NOT_FOUND.html.var, referer: http://190.27.245.106/BLA/boletinlegal/admin/actos/ingresar.php
[Mon Oct 06 15:58:13.367865 2014] [negotiation:error] [pid 7256:tid 1736] [client 201.245.192.253:53444] AH00690: no acceptable variant: E:/nuevo/apache/error/HTTP_NOT_FOUND.html.var, referer: http://190.27.245.106/BLA/boletinlegal/admin/actos/ingresar.php
[Mon Oct 06 16:10:36.709170 2014] [proxy_http:error] [pid 7256:tid 1640] (20014)Internal error: [client 201.245.192.253:50827] AH01102: error reading status line from remote server 172.22.1.47:80, referer: http://190.27.245.106/forest/buscar.do?type=documentos
[Mon Oct 06 16:13:11.367842 2014] [proxy_http:error] [pid 7256:tid 1656] (OS 10054)An existing connection was forcibly closed by the remote host.  : [client 186.84.20.27:51529] AH01102: error reading status line from remote server 172.22.1.31:80, referer: http://www.ambientebogota.gov.co/web/intranet/aplicaciones-para-acceder-fuera-de-la-sda
[Mon Oct 06 16:13:18.590655 2014] [proxy_http:error] [pid 7256:tid 1816] (OS 10054)An existing connection was forcibly closed by the remote host.  : [client 186.84.20.27:51545] AH01102: error reading status line from remote server 172.22.1.31:80, referer: http://190.27.245.106/isolucionsda/FrameSetGeneral.asp?Pagina1=FrameSetGeneral.asp&
[Mon Oct 06 16:13:18.606255 2014] [proxy:error] [pid 7256:tid 1816] [client 186.84.20.27:51545] AH00898: Error reading from remote server returned by /isolucionsda/MagazinHome.asp, referer: http://190.27.245.106/isolucionsda/FrameSetGeneral.asp?Pagina1=FrameSetGeneral.asp&
[Mon Oct 06 16:13:18.606255 2014] [proxy_http:error] [pid 7256:tid 1840] (OS 10054)An existing connection was forcibly closed by the remote host.  : [client 186.84.20.27:51546] AH01102: error reading status line from remote server 172.22.1.31:80, referer: http://190.27.245.106/isolucionsda/FrameSetGeneral.asp?Pagina1=FrameSetGeneral.asp&
[Mon Oct 06 16:13:18.606255 2014] [proxy:error] [pid 7256:tid 1840] [client 186.84.20.27:51546] AH00898: Error reading from remote server returned by /isolucionsda/BarraTitulos.asp, referer: http://190.27.245.106/isolucionsda/FrameSetGeneral.asp?Pagina1=FrameSetGeneral.asp&
[Mon Oct 06 16:13:40.415093 2014] [proxy_http:error] [pid 7256:tid 1640] (20014)Internal error: [client 201.245.192.253:53573] AH01102: error reading status line from remote server 172.22.1.47:80, referer: http://190.27.245.106/forest/index2.jsp?_a=0.3723332730587572
[Mon Oct 06 16:25:37.393352 2014] [proxy_http:error] [pid 7256:tid 1568] (20014)Internal error: [client 172.22.2.1:22855] AH01102: error reading status line from remote server 172.22.1.47:80, referer: http://190.27.245.106/forest/radicacion.do?codMod=11&_a=0.9412905271819062&group_system_actual=4
[Mon Oct 06 16:35:56.138239 2014] [proxy_http:error] [pid 7256:tid 1656] (OS 10054)An existing connection was forcibly closed by the remote host.  : [client 201.245.192.253:58093] AH01102: error reading status line from remote server 172.22.1.31:80, referer: http://190.27.245.106/isolucionsda/Administracion/SalaEdicion/Articulo.asp?Id_Articulo=6867
[Mon Oct 06 16:35:56.138239 2014] [proxy:error] [pid 7256:tid 1656] [client 201.245.192.253:58093] AH00898: Error reading from remote server returned by /isolucionsda/g/Ico_Borrar.gif, referer: http://190.27.245.106/isolucionsda/Administracion/SalaEdicion/Articulo.asp?Id_Articulo=6867
[Mon Oct 06 16:47:01.604208 2014] [negotiation:error] [pid 7256:tid 1504] [client 201.245.192.253:51644] AH00690: no acceptable variant: E:/nuevo/apache/error/HTTP_NOT_FOUND.html.var, referer: http://190.27.245.106/BLA/boletinlegal/admin/conceptos/ingresar.php
[Mon Oct 06 16:50:26.089367 2014] [proxy_http:error] [pid 7256:tid 1512] (OS 10054)An existing connection was forcibly closed by the remote host.  : [client 201.245.192.253:53395] AH01102: error reading status line from remote server 172.22.1.31:80, referer: http://190.27.245.106/isolucionsda/Menu.asp?Pagina=Menu.asp&IdModulo=4
[Mon Oct 06 16:50:26.089367 2014] [proxy:error] [pid 7256:tid 1512] [client 201.245.192.253:53395] AH00898: Error reading from remote server returned by /isolucionsda/FrameSetGeneral.asp, referer: http://190.27.245.106/isolucionsda/Menu.asp?Pagina=Menu.asp&IdModulo=4
[Mon Oct 06 18:15:18.565312 2014] [core:error] [pid 7256:tid 1792] (20024)The given path is misformatted or contained invalid characters: [client 186.144.52.36:52344] AH00127: Cannot map GET /galeria/carrusel/Carrusel/jquery-ui-%0A%0A1.8.13.custom.min.js HTTP/1.1 to file, referer: http://www.ambientebogota.gov.co/
[Mon Oct 06 22:41:22.300751 2014] [:error] [pid 7256:tid 1744] [client 74.208.16.21:58167] script 'E:/nuevo/htdocs/wp-login.php' not found or unable to stat, referer: http://www.google.com/
[Mon Oct 06 22:50:31.187715 2014] [:error] [pid 7256:tid 1824] [client 74.208.16.21:62907] script 'E:/nuevo/htdocs/wp-login.php' not found or unable to stat, referer: http://www.google.com/
[Mon Oct 06 23:00:02.071718 2014] [:error] [pid 7256:tid 1596] [client 74.208.16.21:52211] script 'E:/nuevo/htdocs/wp-login.php' not found or unable to stat, referer: http://www.google.com/
[Mon Oct 06 23:08:33.815017 2014] [:error] [pid 7256:tid 1616] [client 74.208.16.21:56758] script 'E:/nuevo/htdocs/wp-login.php' not found or unable to stat, referer: http://www.google.com/
[Mon Oct 06 23:23:35.169000 2014] [:error] [pid 7256:tid 1616] [client 208.109.181.217:38619] script 'E:/nuevo/htdocs/wp-login.php' not found or unable to stat, referer: http://www.google.com/
[Mon Oct 06 23:32:40.531358 2014] [:error] [pid 7256:tid 1616] [client 208.109.181.217:53362] script 'E:/nuevo/htdocs/wp-login.php' not found or unable to stat, referer: http://www.google.com/
[Mon Oct 06 23:41:11.291855 2014] [:error] [pid 7256:tid 1664] [client 208.109.181.217:51835] script 'E:/nuevo/htdocs/wp-login.php' not found or unable to stat, referer: http://www.google.com/
[Mon Oct 06 23:49:46.857161 2014] [:error] [pid 7256:tid 1792] [client 208.109.181.217:44036] script 'E:/nuevo/htdocs/wp-login.php' not found or unable to stat, referer: http://www.google.com/

:: Command execute ::

Enter:
 
Select:
 

:: Search ::
regexp 

:: Upload ::
 
[ ok ]

:: Make Dir ::
 
[ ok ]
:: Make File ::
 
[ ok ]

:: Go Dir ::
 
:: Go File ::
 

--[ c99shell v. 1.0 pre-release build #13 powered by Captain Crunch Security Team | http://ccteam.ru | Generation time: 0.0156 ]--